195.154.172.53 - - [28/Jan/2021:03:35:01 -0500] "GET /galeria/galeria/jquery.fancybox.css?v=2.1.5 HTTP/1.1" 200 4895
195.154.172.143 - - [28/Jan/2021:03:36:30 -0500] "GET /galeria/galeria/jquery.fancybox.css?v=2.1.5 HTTP/1.1" 200 4895
195.154.172.143 - - [28/Jan/2021:03:37:13 -0500] "GET /galeria/galeria/jquery.fancybox.css?v=2.1.5 HTTP/1.1" 200 4895
192.168.175.225 - - [28/Jan/2021:03:37:55 -0500] "GET / HTTP/1.1" 200 9990
209.141.60.195 - - [28/Jan/2021:03:38:58 -0500] "GET /config/getuser?index=0 HTTP/1.1" 404 1018
69.162.124.227 - - [28/Jan/2021:03:39:03 -0500] "HEAD / HTTP/1.1" 200 -
66.249.75.173 - - [28/Jan/2021:03:41:35 -0500] "-" 408 -
181.51.32.10 - - [28/Jan/2021:03:42:26 -0500] "GET /BLA/boletinlegal/js/jquery.scrollShow.js HTTP/1.1" 200 4586
181.51.32.10 - - [28/Jan/2021:03:42:26 -0500] "GET /galeria/galeria/jquery.fancybox.css?v=2.1.5 HTTP/1.1" 200 4895
181.51.32.10 - - [28/Jan/2021:03:42:26 -0500] "GET /galeria/galeria/jquery.fancybox.js?v=2.1.5 HTTP/1.1" 200 48706
192.168.175.225 - - [28/Jan/2021:03:42:55 -0500] "GET / HTTP/1.1" 200 9990
201.245.192.253 - - [28/Jan/2021:03:42:42 -0500] "POST /kwsrmcab/Wsrmcab HTTP/1.1" 200 117215
69.162.124.227 - - [28/Jan/2021:03:44:03 -0500] "HEAD / HTTP/1.1" 200 -
208.80.194.31 - - [28/Jan/2021:03:44:49 -0500] "GET /galeria/nivo-slider/demo/inicio80.html HTTP/1.0" 200 4703
186.112.111.98 - - [28/Jan/2021:03:45:27 -0500] "GET /galeria/galeria/jquery.fancybox.css?v=2.1.5 HTTP/1.1" 200 4895
186.112.111.98 - - [28/Jan/2021:03:45:27 -0500] "GET /galeria/galeria/jquery.fancybox.js?v=2.1.5 HTTP/1.1" 200 48706
186.112.111.98 - - [28/Jan/2021:03:45:27 -0500] "GET /BLA/boletinlegal/js/jquery.scrollShow.js HTTP/1.1" 200 4586
192.168.175.225 - - [28/Jan/2021:03:47:55 -0500] "GET / HTTP/1.1" 200 9990
66.249.75.173 - - [28/Jan/2021:03:48:20 -0500] "-" 408 -
69.162.124.227 - - [28/Jan/2021:03:49:03 -0500] "HEAD / HTTP/1.1" 200 -
114.119.152.143 - - [28/Jan/2021:03:50:09 -0500] "-" 408 -
201.245.192.253 - - [28/Jan/2021:03:50:16 -0500] "GET /favicon.ico HTTP/1.1" 200 7782
190.85.158.190 - - [28/Jan/2021:03:52:12 -0500] "GET /galeria/galeria/jquery.fancybox.css?v=2.1.5 HTTP/1.1" 200 4895
190.85.158.190 - - [28/Jan/2021:03:52:12 -0500] "GET /galeria/galeria/jquery.fancybox.js?v=2.1.5 HTTP/1.1" 200 48706
190.85.158.190 - - [28/Jan/2021:03:52:12 -0500] "GET /BLA/boletinlegal/js/jquery.scrollShow.js HTTP/1.1" 200 4586
190.85.158.190 - - [28/Jan/2021:03:52:15 -0500] "GET /galeria/galeria/jquery.fancybox.css?v=2.1.5 HTTP/1.1" 304 -
190.85.158.190 - - [28/Jan/2021:03:52:15 -0500] "GET /galeria/galeria/jquery.fancybox.js?v=2.1.5 HTTP/1.1" 304 -
190.85.158.190 - - [28/Jan/2021:03:52:15 -0500] "GET /BLA/boletinlegal/js/jquery.scrollShow.js HTTP/1.1" 304 -
192.168.175.225 - - [28/Jan/2021:03:52:55 -0500] "GET / HTTP/1.1" 200 9990
201.245.192.253 - - [28/Jan/2021:03:52:45 -0500] "POST /kwsrmcab/Wsrmcab HTTP/1.1" 200 117215
69.162.124.227 - - [28/Jan/2021:03:54:03 -0500] "HEAD / HTTP/1.1" 200 -
66.249.75.173 - - [28/Jan/2021:03:54:49 -0500] "-" 408 -
192.168.175.225 - - [28/Jan/2021:03:57:55 -0500] "GET / HTTP/1.1" 200 9990
69.162.124.227 - - [28/Jan/2021:03:59:03 -0500] "HEAD / HTTP/1.1" 200 -
157.55.39.231 - - [28/Jan/2021:03:59:44 -0500] "-" 408 -
40.121.167.205 - - [28/Jan/2021:04:00:50 -0500] "GET /BLA/resoluciones/RESOLUCIONES%202009/4361.pdf HTTP/1.1" 200 1117641
66.249.75.173 - - [28/Jan/2021:04:02:25 -0500] "-" 408 -
192.168.175.225 - - [28/Jan/2021:04:02:55 -0500] "GET / HTTP/1.1" 200 9990
114.119.136.138 - - [28/Jan/2021:04:03:17 -0500] "GET /BLA/resoluciones/AUTOS%202016/1281.pdf HTTP/1.1" 200 316374
186.113.10.143 - - [28/Jan/2021:04:03:23 -0500] "GET /galeria/nivo-slider/demo/images/febrero.jpg HTTP/1.1" 304 -
201.245.192.253 - - [28/Jan/2021:04:02:43 -0500] "POST /kwsrmcab/Wsrmcab HTTP/1.1" 200 213
69.162.124.227 - - [28/Jan/2021:04:04:03 -0500] "HEAD / HTTP/1.1" 200 -
181.61.87.171 - - [28/Jan/2021:04:06:40 -0500] "GET /galeria/galeria/jquery.fancybox.css?v=2.1.5 HTTP/1.1" 200 4895
181.61.87.171 - - [28/Jan/2021:04:06:40 -0500] "GET /BLA/boletinlegal/js/jquery.scrollShow.js HTTP/1.1" 200 4586
181.61.87.171 - - [28/Jan/2021:04:06:40 -0500] "GET /galeria/galeria/jquery.fancybox.js?v=2.1.5 HTTP/1.1" 200 48706
95.236.227.42 - - [28/Jan/2021:04:07:14 -0500] "GET /galeria/galeria/jquery.fancybox.css?v=2.1.5 HTTP/1.1" 200 4895
95.236.227.42 - - [28/Jan/2021:04:07:14 -0500] "GET /BLA/boletinlegal/js/jquery.scrollShow.js HTTP/1.1" 200 4586
95.236.227.42 - - [28/Jan/2021:04:07:14 -0500] "GET /galeria/galeria/jquery.fancybox.js?v=2.1.5 HTTP/1.1" 200 48706
45.83.66.5 - - [28/Jan/2021:04:07:30 -0500] "GET / HTTP/1.1" 200 9990
192.168.175.225 - - [28/Jan/2021:04:07:55 -0500] "GET / HTTP/1.1" 200 9990
23.100.232.233 - - [28/Jan/2021:04:08:10 -0500] "GET /galeria/galeria/jquery.fancybox.js?v=2.1.5 HTTP/1.1" 200 48706
23.100.232.233 - - [28/Jan/2021:04:08:10 -0500] "GET /BLA/boletinlegal/js/jquery.scrollShow.js HTTP/1.1" 200 4586
23.100.232.233 - - [28/Jan/2021:04:08:10 -0500] "GET /galeria/galeria/jquery.fancybox.css?v=2.1.5 HTTP/1.1" 200 4895
114.119.153.118 - - [28/Jan/2021:04:08:21 -0500] "GET /BLA/resoluciones/RESOLUCIONES%202014/1088.pdf HTTP/1.1" 200 4794599
23.100.232.233 - - [28/Jan/2021:04:08:22 -0500] "GET /galeria/galeria/jquery.fancybox.js?v=2.1.5 HTTP/1.1" 200 48706
23.100.232.233 - - [28/Jan/2021:04:08:22 -0500] "GET /BLA/boletinlegal/js/jquery.scrollShow.js HTTP/1.1" 200 4586
23.100.232.233 - - [28/Jan/2021:04:08:22 -0500] "GET /galeria/galeria/jquery.fancybox.css?v=2.1.5 HTTP/1.1" 200 4895
66.249.75.173 - - [28/Jan/2021:04:08:33 -0500] "-" 408 -
69.162.124.227 - - [28/Jan/2021:04:09:03 -0500] "HEAD / HTTP/1.1" 200 -
201.245.192.253 - - [28/Jan/2021:04:09:31 -0500] "POST /kwsrmcab/Wsrmcab HTTP/1.1" 200 45070
201.245.192.253 - - [28/Jan/2021:04:09:31 -0500] "POST /kwsrmcab/Wsrmcab HTTP/1.1" 200 47183
201.245.192.253 - - [28/Jan/2021:04:10:18 -0500] "POST /kwsrmcab/Wsrmcab HTTP/1.1" 200 45070
173.231.59.202 - - [28/Jan/2021:04:12:42 -0500] "GET /BLA/resoluciones/index.php?dir=RESOLUCIONES%202005%2FRES%202005%20251-300%2F&sort=date&order=asc HTTP/1.1" 200 12254
192.168.175.225 - - [28/Jan/2021:04:12:54 -0500] "GET / HTTP/1.1" 200 9990
173.231.59.202 - - [28/Jan/2021:04:13:07 -0500] "GET /BLA/resoluciones/index.php?dir=RESOLUCIONES%202005%2FRES%202005%20251-300%2F&sort=size&order=asc HTTP/1.1" 200 12254
120.88.138.160 - - [28/Jan/2021:04:13:13 -0500] "GET /galeria/galeria/jquery.fancybox.css?v=2.1.5 HTTP/1.1" 200 4895
120.88.138.160 - - [28/Jan/2021:04:13:13 -0500] "GET /galeria/galeria/jquery.fancybox.js?v=2.1.5 HTTP/1.1" 200 48706
173.231.59.202 - - [28/Jan/2021:04:13:32 -0500] "GET /BLA/resoluciones/index.php?dir=RESOLUCIONES%202005%2FRES%202005%20301-351%2F&sort=date&order=asc HTTP/1.1" 200 12252
173.231.59.202 - - [28/Jan/2021:04:13:50 -0500] "GET /BLA/resoluciones/index.php?dir=RESOLUCIONES%202005%2FRES%202005%20301-351%2F&sort=size&order=asc HTTP/1.1" 200 12252
69.162.124.227 - - [28/Jan/2021:04:14:03 -0500] "HEAD / HTTP/1.1" 200 -
173.231.59.202 - - [28/Jan/2021:04:14:23 -0500] "GET /BLA/resoluciones/index.php?dir=RESOLUCIONES%202005%2FRES%202005%20351-400%2F&sort=date&order=asc HTTP/1.1" 200 12243
173.231.59.202 - - [28/Jan/2021:04:14:42 -0500] "GET /BLA/resoluciones/index.php?dir=RESOLUCIONES%202005%2FRES%202005%20351-400%2F&sort=size&order=asc HTTP/1.1" 200 12243
173.231.59.202 - - [28/Jan/2021:04:14:57 -0500] "GET /BLA/resoluciones/index.php?dir=RESOLUCIONES%202005%2FRES%202005%20401-450%2F&sort=date&order=asc HTTP/1.1" 200 12254
173.231.59.202 - - [28/Jan/2021:04:15:10 -0500] "GET /BLA/resoluciones/index.php?dir=RESOLUCIONES%202005%2FRES%202005%20401-450%2F&sort=size&order=asc HTTP/1.1" 200 12254
66.249.75.173 - - [28/Jan/2021:04:15:15 -0500] "-" 408 -
173.231.59.202 - - [28/Jan/2021:04:15:47 -0500] "GET /BLA/resoluciones/index.php?dir=RESOLUCIONES%202005%2FRES%202005%20451-500%2F&sort=date&order=asc HTTP/1.1" 200 12244
173.231.59.202 - - [28/Jan/2021:04:15:58 -0500] "GET /BLA/resoluciones/index.php?dir=RESOLUCIONES%202005%2FRES%202005%20451-500%2F&sort=size&order=asc HTTP/1.1" 200 12244
173.231.59.202 - - [28/Jan/2021:04:16:22 -0500] "GET /BLA/resoluciones/index.php?dir=RESOLUCIONES%202005%2FRES%202005%20501-550%2F&sort=date&order=asc HTTP/1.1" 200 12244
201.245.192.253 - - [28/Jan/2021:04:16:54 -0500] "GET /BLA/resoluciones/RESOLUCIONES%202011/3981.pdf HTTP/1.1" 200 786694
201.245.192.253 - - [28/Jan/2021:04:16:55 -0500] "GET /favicon.ico HTTP/1.1" 200 7782
201.245.192.253 - - [28/Jan/2021:04:16:55 -0500] "GET /BLA/resoluciones/RESOLUCIONES%202011/3981.pdf HTTP/1.1" 206 262
173.231.59.202 - - [28/Jan/2021:04:16:58 -0500] "GET /BLA/resoluciones/index.php?dir=RESOLUCIONES%202005%2FRES%202005%20501-550%2F&sort=size&order=asc HTTP/1.1" 200 12244
173.231.59.202 - - [28/Jan/2021:04:17:10 -0500] "GET /BLA/resoluciones/index.php?dir=RESOLUCIONES%202005%2FRES%202005%20551-600%2F&sort=date&order=asc HTTP/1.1" 200 12249
173.231.59.202 - - [28/Jan/2021:04:17:35 -0500] "GET /BLA/resoluciones/index.php?dir=RESOLUCIONES%202005%2FRES%202005%20551-600%2F&sort=size&order=asc HTTP/1.1" 200 12249
173.231.59.202 - - [28/Jan/2021:04:17:52 -0500] "GET /BLA/resoluciones/index.php?dir=RESOLUCIONES%202005%2FRES%202005%20601-650%2F&sort=date&order=asc HTTP/1.1" 200 12246
192.168.175.225 - - [28/Jan/2021:04:17:54 -0500] "GET / HTTP/1.1" 200 9990
207.46.13.220 - - [28/Jan/2021:04:18:09 -0500] "-" 408 -
173.231.59.202 - - [28/Jan/2021:04:18:23 -0500] "GET /BLA/resoluciones/index.php?dir=RESOLUCIONES%202005%2FRES%202005%20601-650%2F&sort=size&order=asc HTTP/1.1" 200 12246
173.231.59.202 - - [28/Jan/2021:04:18:54 -0500] "GET /BLA/resoluciones/index.php?dir=RESOLUCIONES%202005%2FRES%202005%20651-700%2F&sort=date&order=asc HTTP/1.1" 200 12232
69.162.124.227 - - [28/Jan/2021:04:19:03 -0500] "HEAD / HTTP/1.1" 200 -
173.231.59.202 - - [28/Jan/2021:04:19:12 -0500] "GET /BLA/resoluciones/index.php?dir=RESOLUCIONES%202005%2FRES%202005%20651-700%2F&sort=size&order=asc HTTP/1.1" 200 12232
173.231.59.202 - - [28/Jan/2021:04:19:33 -0500] "GET /BLA/resoluciones/index.php?dir=RESOLUCIONES%202005%2FRES%202005%20701-750%2F&sort=date&order=asc HTTP/1.1" 200 12247
173.231.59.202 - - [28/Jan/2021:04:19:54 -0500] "GET /BLA/resoluciones/index.php?dir=RESOLUCIONES%202005%2FRES%202005%20701-750%2F&sort=size&order=asc HTTP/1.1" 200 12247
201.245.192.253 - - [28/Jan/2021:04:19:32 -0500] "POST /kwsrmcab/Wsrmcab HTTP/1.1" 200 47183
173.231.59.202 - - [28/Jan/2021:04:20:26 -0500] "GET /BLA/resoluciones/index.php?dir=RESOLUCIONES%202005%2FRES%202005%20751-800%2F&sort=date&order=asc HTTP/1.1" 200 12254
173.231.59.202 - - [28/Jan/2021:04:20:38 -0500] "GET /BLA/resoluciones/index.php?dir=RESOLUCIONES%202005%2FRES%202005%20751-800%2F&sort=size&order=asc HTTP/1.1" 200 12254
201.245.192.253 - - [28/Jan/2021:04:20:14 -0500] "POST /kwsrmcab/Wsrmcab HTTP/1.1" 200 45070
173.231.59.202 - - [28/Jan/2021:04:21:05 -0500] "GET /BLA/resoluciones/index.php?dir=RESOLUCIONES%202005%2FRES%202005%20801-850%2F&sort=date&order=asc HTTP/1.1" 200 12246
173.231.59.202 - - [28/Jan/2021:04:21:35 -0500] "GET /BLA/resoluciones/index.php?dir=RESOLUCIONES%202005%2FRES%202005%20801-850%2F&sort=size&order=asc HTTP/1.1" 200 12246
173.231.59.202 - - [28/Jan/2021:04:21:50 -0500] "GET /BLA/resoluciones/index.php?dir=RESOLUCIONES%202005%2FRES%202005%20851-900%2F&sort=date&order=asc HTTP/1.1" 200 12242
173.231.59.202 - - [28/Jan/2021:04:22:13 -0500] "GET /BLA/resoluciones/index.php?dir=RESOLUCIONES%202005%2FRES%202005%20851-900%2F&sort=size&order=asc HTTP/1.1" 200 12242
66.249.88.43 - - [28/Jan/2021:04:22:23 -0500] "GET /galeria/galeria/jquery.fancybox.js?v=2.1.5 HTTP/1.1" 200 48706
66.249.88.43 - - [28/Jan/2021:04:22:23 -0500] "GET /galeria/galeria/jquery.fancybox.css?v=2.1.5 HTTP/1.1" 200 4895
173.231.59.202 - - [28/Jan/2021:04:22:31 -0500] "GET /BLA/resoluciones/index.php?dir=RESOLUCIONES%202005%2FRES%202005%20901-950%2F&sort=date&order=asc HTTP/1.1" 200 12245
192.168.175.225 - - [28/Jan/2021:04:22:54 -0500] "GET / HTTP/1.1" 200 9990
173.231.59.202 - - [28/Jan/2021:04:23:28 -0500] "GET /BLA/resoluciones/index.php?dir=RESOLUCIONES%202005%2FRES%202005%20901-950%2F&sort=size&order=asc HTTP/1.1" 200 12245
201.245.192.253 - - [28/Jan/2021:04:22:44 -0500] "POST /kwsrmcab/Wsrmcab HTTP/1.1" 200 116027
114.119.136.44 - - [28/Jan/2021:04:23:39 -0500] "-" 408 -
173.231.59.202 - - [28/Jan/2021:04:24:02 -0500] "GET /BLA/resoluciones/index.php?dir=RESOLUCIONES%202006%2FRES%202006%20101-150%2F&sort=date&order=asc HTTP/1.1" 200 12241
69.162.124.227 - - [28/Jan/2021:04:24:03 -0500] "HEAD / HTTP/1.1" 200 -
66.249.75.173 - - [28/Jan/2021:04:24:15 -0500] "-" 408 -
114.119.146.206 - - [28/Jan/2021:04:24:25 -0500] "GET /BLA/resoluciones/AUTOS%202013/0379.pdf HTTP/1.1" 200 755562
173.231.59.202 - - [28/Jan/2021:04:24:26 -0500] "GET /BLA/resoluciones/index.php?dir=RESOLUCIONES%202006%2FRES%202006%20101-150%2F&sort=size&order=asc HTTP/1.1" 200 12241
173.231.59.202 - - [28/Jan/2021:04:24:49 -0500] "GET /BLA/resoluciones/index.php?dir=RESOLUCIONES%202006%2FRES%202006%20151-200%2F&sort=date&order=asc HTTP/1.1" 200 12238
173.231.59.202 - - [28/Jan/2021:04:25:04 -0500] "GET /BLA/resoluciones/index.php?dir=RESOLUCIONES%202006%2FRES%202006%20151-200%2F&sort=size&order=asc HTTP/1.1" 200 12238
173.231.59.202 - - [28/Jan/2021:04:25:36 -0500] "GET /BLA/resoluciones/index.php?dir=RESOLUCIONES%202006%2FRES%202006%20201-250%2F&sort=date&order=asc HTTP/1.1" 200 12238
173.231.59.202 - - [28/Jan/2021:04:26:00 -0500] "GET /BLA/resoluciones/index.php?dir=RESOLUCIONES%202006%2FRES%202006%20201-250%2F&sort=size&order=asc HTTP/1.1" 200 12238
173.231.59.202 - - [28/Jan/2021:04:26:27 -0500] "GET /BLA/resoluciones/index.php?dir=RESOLUCIONES%202006%2FRES%202006%20251-300%2F&sort=date&order=asc HTTP/1.1" 200 12236
173.231.59.202 - - [28/Jan/2021:04:26:40 -0500] "GET /BLA/resoluciones/index.php?dir=RESOLUCIONES%202006%2FRES%202006%20251-300%2F&sort=size&order=asc HTTP/1.1" 200 12236
173.231.59.202 - - [28/Jan/2021:04:27:17 -0500] "GET /BLA/resoluciones/index.php?dir=RESOLUCIONES%202006%2FRES%202006%20301-350%2F&sort=date&order=asc HTTP/1.1" 200 12249
173.231.59.202 - - [28/Jan/2021:04:27:38 -0500] "GET /BLA/resoluciones/index.php?dir=RESOLUCIONES%202006%2FRES%202006%20301-350%2F&sort=size&order=asc HTTP/1.1" 200 12249
192.168.175.225 - - [28/Jan/2021:04:27:54 -0500] "GET / HTTP/1.1" 200 9990
173.231.59.202 - - [28/Jan/2021:04:27:54 -0500] "GET /BLA/resoluciones/index.php?dir=RESOLUCIONES%202006%2FRES%202006%20351-400%2F&sort=date&order=asc HTTP/1.1" 200 12234
173.231.59.202 - - [28/Jan/2021:04:28:34 -0500] "GET /BLA/resoluciones/index.php?dir=RESOLUCIONES%202006%2FRES%202006%20351-400%2F&sort=size&order=asc HTTP/1.1" 200 12234
69.162.124.227 - - [28/Jan/2021:04:29:03 -0500] "HEAD / HTTP/1.1" 200 -
173.231.59.202 - - [28/Jan/2021:04:29:07 -0500] "GET /BLA/resoluciones/index.php?dir=RESOLUCIONES%202006%2FRES%202006%20401-450%2F&sort=date&order=asc HTTP/1.1" 200 12245
173.231.59.202 - - [28/Jan/2021:04:29:23 -0500] "GET /BLA/resoluciones/index.php?dir=RESOLUCIONES%202006%2FRES%202006%20401-450%2F&sort=size&order=asc HTTP/1.1" 200 12245
173.231.59.202 - - [28/Jan/2021:04:29:44 -0500] "GET /BLA/resoluciones/index.php?dir=RESOLUCIONES%202006%2FRES%202006%20451-500%2F&sort=date&order=asc HTTP/1.1" 200 12244
200.118.60.232 - - [28/Jan/2021:04:29:56 -0500] "GET /reportes_sipse/sdg/ServletReporte?reporte=solicitud_cdp&Solicitud=12934&pfdrid_c=false HTTP/1.1" 200 122246
173.231.59.202 - - [28/Jan/2021:04:30:05 -0500] "GET /BLA/resoluciones/index.php?dir=RESOLUCIONES%202006%2FRES%202006%20451-500%2F&sort=size&order=asc HTTP/1.1" 200 12244
201.245.192.253 - - [28/Jan/2021:04:29:32 -0500] "POST /kwsrmcab/Wsrmcab HTTP/1.1" 200 47183
173.231.59.202 - - [28/Jan/2021:04:30:31 -0500] "GET /BLA/resoluciones/index.php?dir=RESOLUCIONES%202006%2FRES%202006%20501-550%2F&sort=date&order=asc HTTP/1.1" 200 12241
173.231.59.202 - - [28/Jan/2021:04:30:57 -0500] "GET /BLA/resoluciones/index.php?dir=RESOLUCIONES%202006%2FRES%202006%20501-550%2F&sort=size&order=asc HTTP/1.1" 200 12241
201.245.192.253 - - [28/Jan/2021:04:30:18 -0500] "POST /kwsrmcab/Wsrmcab HTTP/1.1" 200 45070
173.231.59.202 - - [28/Jan/2021:04:31:39 -0500] "GET /BLA/resoluciones/index.php?dir=RESOLUCIONES%202006%2FRES%202006%20551-600%2F&sort=date&order=asc HTTP/1.1" 200 12250
173.231.59.202 - - [28/Jan/2021:04:32:10 -0500] "GET /BLA/resoluciones/index.php?dir=RESOLUCIONES%202006%2FRES%202006%20551-600%2F&sort=size&order=asc HTTP/1.1" 200 12250
66.249.75.173 - - [28/Jan/2021:04:32:19 -0500] "-" 408 -
173.231.59.202 - - [28/Jan/2021:04:32:51 -0500] "GET /BLA/resoluciones/index.php?dir=RESOLUCIONES%202006%2FRES%202006%20601-650%2F&sort=date&order=asc HTTP/1.1" 200 12250
192.168.175.225 - - [28/Jan/2021:04:32:54 -0500] "GET / HTTP/1.1" 200 9990
173.231.59.202 - - [28/Jan/2021:04:33:11 -0500] "GET /BLA/resoluciones/index.php?dir=RESOLUCIONES%202006%2FRES%202006%20601-650%2F&sort=size&order=asc HTTP/1.1" 200 12250
201.245.192.253 - - [28/Jan/2021:04:32:43 -0500] "POST /kwsrmcab/Wsrmcab HTTP/1.1" 200 116027
173.231.59.202 - - [28/Jan/2021:04:33:31 -0500] "GET /BLA/resoluciones/index.php?dir=RESOLUCIONES%202006%2FRES%202006%20651-700%2F&sort=date&order=asc HTTP/1.1" 200 12252
69.162.124.227 - - [28/Jan/2021:04:34:03 -0500] "HEAD / HTTP/1.1" 200 -
173.231.59.202 - - [28/Jan/2021:04:34:04 -0500] "GET /BLA/resoluciones/index.php?dir=RESOLUCIONES%202006%2FRES%202006%20651-700%2F&sort=size&order=asc HTTP/1.1" 200 12252
173.231.59.202 - - [28/Jan/2021:04:34:38 -0500] "GET /BLA/resoluciones/index.php?dir=RESOLUCIONES%202006%2FRES%202006%20701-750%2F&sort=date&order=asc HTTP/1.1" 200 12251
40.77.167.43 - - [28/Jan/2021:04:34:46 -0500] "GET /BLA/boletinlegal/Circulares/2012/Circular%20No.%2016%20del%2022%20de%20octubre%20de%202012.pdf HTTP/1.1" 200 381186
181.53.16.150 - - [28/Jan/2021:04:35:12 -0500] "GET /galeria/galeria/jquery.fancybox.css?v=2.1.5 HTTP/1.1" 200 4895
181.53.16.150 - - [28/Jan/2021:04:35:12 -0500] "GET /BLA/boletinlegal/js/jquery.scrollShow.js HTTP/1.1" 200 4586
181.53.16.150 - - [28/Jan/2021:04:35:12 -0500] "GET /galeria/galeria/jquery.fancybox.js?v=2.1.5 HTTP/1.1" 200 48706
173.231.59.202 - - [28/Jan/2021:04:35:14 -0500] "GET /BLA/resoluciones/index.php?dir=RESOLUCIONES%202006%2FRES%202006%20701-750%2F&sort=size&order=asc HTTP/1.1" 200 12251
173.231.59.202 - - [28/Jan/2021:04:35:35 -0500] "GET /BLA/resoluciones/index.php?dir=RESOLUCIONES%202006%2FRES%202006%20751-800%2F&sort=date&order=asc HTTP/1.1" 200 12235
186.145.116.154 - - [28/Jan/2021:04:35:45 -0500] "GET /galeria/carrusel/Carrusel/jquery.thumbnailScroller.css HTTP/1.1" 200 2066
186.145.116.154 - - [28/Jan/2021:04:35:45 -0500] "GET /galeria/carrusel/Carrusel/jquery-ui-1.8.13.custom.min.js HTTP/1.1" 200 10800
186.145.116.154 - - [28/Jan/2021:04:35:45 -0500] "GET /galeria/carrusel/Carrusel/jquery.thumbnailScroller.js HTTP/1.1" 200 8157
186.145.116.154 - - [28/Jan/2021:04:35:45 -0500] "GET /BLA/boletinlegal/js/jquery.scrollShow.js HTTP/1.1" 200 4586
186.145.116.154 - - [28/Jan/2021:04:35:45 -0500] "GET /galeria/galeria/jquery.fancybox.css?v=2.1.5 HTTP/1.1" 200 4895
186.145.116.154 - - [28/Jan/2021:04:35:45 -0500] "GET /galeria/galeria/jquery.fancybox.js?v=2.1.5 HTTP/1.1" 200 48706
13.66.139.91 - - [28/Jan/2021:04:35:48 -0500] "GET /galeria/galeria/fotos/Soratama3G.jpg HTTP/1.1" 200 159434
186.145.116.154 - - [28/Jan/2021:04:35:54 -0500] "GET /galeria/nivo-slider/demo/inicio80.html HTTP/1.1" 200 4703
186.145.116.154 - - [28/Jan/2021:04:35:55 -0500] "GET /galeria/nivo-slider/themes/default/default.css HTTP/1.1" 200 1569
186.145.116.154 - - [28/Jan/2021:04:35:55 -0500] "GET /galeria/nivo-slider/themes/pascal/pascal.css HTTP/1.1" 200 2258
186.145.116.154 - - [28/Jan/2021:04:35:55 -0500] "GET /galeria/nivo-slider/nivo-slider.css HTTP/1.1" 200 1507
186.145.116.154 - - [28/Jan/2021:04:35:55 -0500] "GET /galeria/nivo-slider/themes/orman/orman.css HTTP/1.1" 200 2152
186.145.116.154 - - [28/Jan/2021:04:35:55 -0500] "GET /galeria/nivo-slider/demo/scripts/jquery-1.7.1.min.js HTTP/1.1" 200 93868
186.145.116.154 - - [28/Jan/2021:04:35:55 -0500] "GET /galeria/nivo-slider/demo/style.css HTTP/1.1" 200 2222
186.145.116.154 - - [28/Jan/2021:04:35:55 -0500] "GET /galeria/nivo-slider/jquery.nivo.slider.pack.js HTTP/1.1" 200 11561
186.145.116.154 - - [28/Jan/2021:04:35:55 -0500] "GET /galeria/nivo-slider/demo/images/bannertingua2021.jpg HTTP/1.1" 200 187605
186.145.116.154 - - [28/Jan/2021:04:35:55 -0500] "GET /galeria/nivo-slider/demo/images/banneribocaenero.jpg HTTP/1.1" 200 238117
186.145.116.154 - - [28/Jan/2021:04:35:55 -0500] "GET /galeria/nivo-slider/demo/images/bannerpuntoshabilitados.jpg HTTP/1.1" 200 227023
186.145.116.154 - - [28/Jan/2021:04:35:55 -0500] "GET /galeria/nivo-slider/demo/images/bannerbasuras.jpg HTTP/1.1" 200 274160
186.145.116.154 - - [28/Jan/2021:04:35:55 -0500] "GET /galeria/nivo-slider/demo/images/4Simple_Slider.png HTTP/1.1" 200 11722
186.145.116.154 - - [28/Jan/2021:04:35:56 -0500] "GET /galeria/nivo-slider/themes/default/loading.gif HTTP/1.1" 200 1737
186.145.116.154 - - [28/Jan/2021:04:35:56 -0500] "GET /galeria/nivo-slider/demo/images/bannersituacionesambientales.jpg HTTP/1.1" 200 254700
186.145.116.154 - - [28/Jan/2021:04:35:56 -0500] "GET /galeria/nivo-slider/demo/images/baneranimalessilvestres.jpg HTTP/1.1" 200 309808
186.145.116.154 - - [28/Jan/2021:04:35:56 -0500] "GET /galeria/nivo-slider/demo/images/bannerclases2021.jpg HTTP/1.1" 200 68230
186.145.116.154 - - [28/Jan/2021:04:35:56 -0500] "GET /galeria/nivo-slider/demo/images/banner2020acercar.jpg HTTP/1.1" 200 180505
186.145.116.154 - - [28/Jan/2021:04:35:57 -0500] "GET /galeria/nivo-slider/demo/images/bannerincendiosforestales.jpg HTTP/1.1" 200 237511
186.145.116.154 - - [28/Jan/2021:04:35:57 -0500] "GET /galeria/nivo-slider/demo/images/Bannervirtualescanales.jpg HTTP/1.1" 200 174544
186.145.116.154 - - [28/Jan/2021:04:35:58 -0500] "GET /galeria/nivo-slider/demo/images/Bannercuidate.jpg HTTP/1.1" 200 75508
186.145.116.154 - - [28/Jan/2021:04:35:58 -0500] "GET /galeria/nivo-slider/demo/images/bannerresiduos.jpg HTTP/1.1" 200 155409
186.145.116.154 - - [28/Jan/2021:04:35:58 -0500] "GET /galeria/nivo-slider/demo/images/bannerbioseguridad.jpg HTTP/1.1" 200 228661
186.145.116.154 - - [28/Jan/2021:04:35:58 -0500] "GET /galeria/nivo-slider/demo/images/bannerbolsas.jpg HTTP/1.1" 200 283727
186.145.116.154 - - [28/Jan/2021:04:36:02 -0500] "GET /galeria/nivo-slider/themes/default/arrows.png HTTP/1.1" 200 824
186.145.116.154 - - [28/Jan/2021:04:36:02 -0500] "GET /galeria/nivo-slider/themes/default/bullets.png HTTP/1.1" 200 1281
173.231.59.202 - - [28/Jan/2021:04:36:04 -0500] "GET /BLA/resoluciones/index.php?dir=RESOLUCIONES%202006%2FRES%202006%20751-800%2F&sort=size&order=asc HTTP/1.1" 200 12235
173.231.59.202 - - [28/Jan/2021:04:36:26 -0500] "GET /BLA/resoluciones/index.php?dir=RESOLUCIONES%202006%2FRES%202006%20801-850%2F&sort=date&order=asc HTTP/1.1" 200 12230
173.231.59.202 - - [28/Jan/2021:04:36:54 -0500] "GET /BLA/resoluciones/index.php?dir=RESOLUCIONES%202006%2FRES%202006%20801-850%2F&sort=size&order=asc HTTP/1.1" 200 12230
173.231.59.202 - - [28/Jan/2021:04:37:22 -0500] "GET /BLA/resoluciones/index.php?dir=RESOLUCIONES%202006%2FRES%202006%20851-900%2F&sort=date&order=asc HTTP/1.1" 200 12234
192.168.175.225 - - [28/Jan/2021:04:37:54 -0500] "GET / HTTP/1.1" 200 9990
173.231.59.202 - - [28/Jan/2021:04:37:55 -0500] "GET /BLA/resoluciones/index.php?dir=RESOLUCIONES%202006%2FRES%202006%20851-900%2F&sort=size&order=asc HTTP/1.1" 200 12234
173.231.59.202 - - [28/Jan/2021:04:38:13 -0500] "GET /BLA/resoluciones/index.php?dir=RESOLUCIONES%202006%2FRES%202006%20901-950%2F&sort=date&order=asc HTTP/1.1" 200 12239
186.154.156.32 - - [28/Jan/2021:04:38:36 -0500] "GET /galeria/galeria/jquery.fancybox.css?v=2.1.5 HTTP/1.1" 200 4895
186.154.156.32 - - [28/Jan/2021:04:38:36 -0500] "GET /BLA/boletinlegal/js/jquery.scrollShow.js HTTP/1.1" 200 4586
186.154.156.32 - - [28/Jan/2021:04:38:36 -0500] "GET /galeria/galeria/jquery.fancybox.js?v=2.1.5 HTTP/1.1" 200 48706
173.231.59.202 - - [28/Jan/2021:04:38:44 -0500] "GET /BLA/resoluciones/index.php?dir=RESOLUCIONES%202006%2FRES%202006%20901-950%2F&sort=size&order=asc HTTP/1.1" 200 12239
69.162.124.227 - - [28/Jan/2021:04:39:03 -0500] "HEAD / HTTP/1.1" 200 -
173.231.59.202 - - [28/Jan/2021:04:39:04 -0500] "GET /BLA/resoluciones/index.php?dir=RESOLUCIONES%202002%2FRES%202002%20951-1000%2F&sort=date&order=asc HTTP/1.1" 200 12521
173.231.59.202 - - [28/Jan/2021:04:39:36 -0500] "GET /BLA/resoluciones/index.php?dir=RESOLUCIONES%202002%2FRES%202002%20951-1000%2F&sort=size&order=asc HTTP/1.1" 200 12521
173.231.59.202 - - [28/Jan/2021:04:40:11 -0500] "GET /BLA/resoluciones/index.php?dir=RESOLUCIONES%202003%2FRES%202003%20951-1000%2F&sort=date&order=asc HTTP/1.1" 200 11179
173.231.59.202 - - [28/Jan/2021:04:40:27 -0500] "GET /BLA/resoluciones/index.php?dir=RESOLUCIONES%202003%2FRES%202003%20951-1000%2F&sort=size&order=asc HTTP/1.1" 200 11179
173.231.59.202 - - [28/Jan/2021:04:40:57 -0500] "GET /BLA/resoluciones/index.php?dir=RESOLUCIONES%202004%2FRES%202004%20901-950%2F&sort=name&order=desc HTTP/1.1" 200 12048
173.231.59.202 - - [28/Jan/2021:04:41:23 -0500] "GET /BLA/resoluciones/index.php?dir=RESOLUCIONES%202004%2FRES%202004%20951-1000%2F&sort=date&order=asc HTTP/1.1" 200 12101
173.231.59.202 - - [28/Jan/2021:04:41:39 -0500] "GET /BLA/resoluciones/index.php?dir=RESOLUCIONES%202004%2FRES%202004%20951-1000%2F&sort=size&order=asc HTTP/1.1" 200 12101
186.31.180.102 - - [28/Jan/2021:04:41:50 -0500] "GET /galeria/galeria/jquery.fancybox.js?v=2.1.5 HTTP/1.1" 200 48706
186.31.180.102 - - [28/Jan/2021:04:41:50 -0500] "GET /BLA/boletinlegal/js/jquery.scrollShow.js HTTP/1.1" 200 4586
186.31.180.102 - - [28/Jan/2021:04:41:50 -0500] "GET /galeria/galeria/jquery.fancybox.css?v=2.1.5 HTTP/1.1" 200 4895
173.231.59.202 - - [28/Jan/2021:04:42:00 -0500] "GET /BLA/resoluciones/index.php?dir=RESOLUCIONES%202005%2FRES%202005%20151-200%2F&sort=name&order=desc HTTP/1.1" 200 12229
190.84.173.119 - - [28/Jan/2021:04:42:12 -0500] "GET /galeria/galeria/jquery.fancybox.css?v=2.1.5 HTTP/1.1" 200 4895
190.84.173.119 - - [28/Jan/2021:04:42:13 -0500] "GET /BLA/boletinlegal/js/jquery.scrollShow.js HTTP/1.1" 200 4586
190.84.173.119 - - [28/Jan/2021:04:42:13 -0500] "GET /galeria/galeria/jquery.fancybox.js?v=2.1.5 HTTP/1.1" 200 48706
173.231.59.202 - - [28/Jan/2021:04:42:25 -0500] "GET /BLA/resoluciones/index.php?dir=RESOLUCIONES%202005%2FRES%202005%20201-250%2F&sort=name&order=desc HTTP/1.1" 200 12247
173.231.59.202 - - [28/Jan/2021:04:42:51 -0500] "GET /BLA/resoluciones/index.php?dir=RESOLUCIONES%202005%2FRES%202005%20251-300%2F&sort=name&order=desc HTTP/1.1" 200 12253
192.168.175.225 - - [28/Jan/2021:04:42:54 -0500] "GET / HTTP/1.1" 200 9990
173.231.59.202 - - [28/Jan/2021:04:43:22 -0500] "GET /BLA/resoluciones/index.php?dir=RESOLUCIONES%202005%2FRES%202005%20301-351%2F&sort=name&order=desc HTTP/1.1" 200 12251
201.245.192.253 - - [28/Jan/2021:04:42:42 -0500] "POST /kwsrmcab/Wsrmcab HTTP/1.1" 200 116027
173.231.59.202 - - [28/Jan/2021:04:43:46 -0500] "GET /BLA/resoluciones/index.php?dir=RESOLUCIONES%202005%2FRES%202005%20351-400%2F&sort=name&order=desc HTTP/1.1" 200 12242
69.162.124.227 - - [28/Jan/2021:04:44:02 -0500] "HEAD / HTTP/1.1" 200 -
173.231.59.202 - - [28/Jan/2021:04:44:04 -0500] "GET /BLA/resoluciones/index.php?dir=RESOLUCIONES%202005%2FRES%202005%20401-450%2F&sort=name&order=desc HTTP/1.1" 200 12253
173.231.59.202 - - [28/Jan/2021:04:44:16 -0500] "GET /BLA/resoluciones/index.php?dir=RESOLUCIONES%202005%2FRES%202005%20451-500%2F&sort=name&order=desc HTTP/1.1" 200 12243
173.231.59.202 - - [28/Jan/2021:04:44:35 -0500] "GET /BLA/resoluciones/index.php?dir=RESOLUCIONES%202005%2FRES%202005%20501-550%2F&sort=name&order=desc HTTP/1.1" 200 12243
173.231.59.202 - - [28/Jan/2021:04:44:59 -0500] "GET /BLA/resoluciones/index.php?dir=RESOLUCIONES%202005%2FRES%202005%20551-600%2F&sort=name&order=desc HTTP/1.1" 200 12248
173.231.59.202 - - [28/Jan/2021:04:45:42 -0500] "GET /BLA/resoluciones/index.php?dir=RESOLUCIONES%202005%2FRES%202005%20601-650%2F&sort=name&order=desc HTTP/1.1" 200 12245
66.249.75.173 - - [28/Jan/2021:04:45:56 -0500] "-" 408 -
173.231.59.202 - - [28/Jan/2021:04:46:03 -0500] "GET /BLA/resoluciones/index.php?dir=RESOLUCIONES%202005%2FRES%202005%20651-700%2F&sort=name&order=desc HTTP/1.1" 200 12231
173.231.59.202 - - [28/Jan/2021:04:46:32 -0500] "GET /BLA/resoluciones/index.php?dir=RESOLUCIONES%202005%2FRES%202005%20701-750%2F&sort=name&order=desc HTTP/1.1" 200 12246
114.119.151.133 - - [28/Jan/2021:04:46:40 -0500] "GET /Autoliquidacion/index.php?dir=Grupo%2BForestal%2B-%2BIndustria%2Bde%2Bla%2BMadera%2F&sort=size&order=asc HTTP/1.1" 200 6901
173.231.59.202 - - [28/Jan/2021:04:46:45 -0500] "GET /BLA/resoluciones/index.php?dir=RESOLUCIONES%202005%2FRES%202005%20751-800%2F&sort=name&order=desc HTTP/1.1" 200 12253
190.131.192.209 - - [28/Jan/2021:04:46:46 -0500] "GET /galeria/nivo-slider/demo/images/marzo.jpg HTTP/1.1" 304 -
173.231.59.202 - - [28/Jan/2021:04:47:13 -0500] "GET /BLA/resoluciones/index.php?dir=RESOLUCIONES%202005%2FRES%202005%20801-850%2F&sort=name&order=desc HTTP/1.1" 200 12245
192.99.7.182 - - [28/Jan/2021:04:47:22 -0500] "GET /robots.txt HTTP/1.1" 404 1019
173.231.59.202 - - [28/Jan/2021:04:47:42 -0500] "GET /BLA/resoluciones/index.php?dir=RESOLUCIONES%202005%2FRES%202005%20851-900%2F&sort=name&order=desc HTTP/1.1" 200 12241
192.168.175.225 - - [28/Jan/2021:04:47:54 -0500] "GET / HTTP/1.1" 200 9990
173.231.59.202 - - [28/Jan/2021:04:48:17 -0500] "GET /BLA/resoluciones/index.php?dir=RESOLUCIONES%202005%2FRES%202005%20901-950%2F&sort=name&order=desc HTTP/1.1" 200 12244
192.99.7.182 - - [28/Jan/2021:04:48:17 -0500] "GET /robots.txt HTTP/1.0" 404 1019
181.124.181.187 - - [28/Jan/2021:04:48:44 -0500] "GET /BLA/boletinlegal/js/jquery.scrollShow.js HTTP/1.1" 200 4586
181.124.181.187 - - [28/Jan/2021:04:48:44 -0500] "GET /galeria/galeria/jquery.fancybox.js?v=2.1.5 HTTP/1.1" 200 48706
181.124.181.187 - - [28/Jan/2021:04:48:44 -0500] "GET /galeria/galeria/jquery.fancybox.css?v=2.1.5 HTTP/1.1" 200 4895
190.27.159.61 - - [28/Jan/2021:04:48:48 -0500] "GET /galeria/galeria/jquery.fancybox.css?v=2.1.5 HTTP/1.1" 200 4895
190.27.159.61 - - [28/Jan/2021:04:48:48 -0500] "GET /BLA/boletinlegal/js/jquery.scrollShow.js HTTP/1.1" 200 4586
190.27.159.61 - - [28/Jan/2021:04:48:48 -0500] "GET /galeria/galeria/jquery.fancybox.js?v=2.1.5 HTTP/1.1" 200 48706
181.124.181.187 - - [28/Jan/2021:04:48:51 -0500] "GET /BLA/boletinlegal/js/jquery.scrollShow.js HTTP/1.1" 304 -
181.124.181.187 - - [28/Jan/2021:04:48:51 -0500] "GET /galeria/galeria/jquery.fancybox.js?v=2.1.5 HTTP/1.1" 304 -
181.124.181.187 - - [28/Jan/2021:04:48:51 -0500] "GET /galeria/galeria/jquery.fancybox.css?v=2.1.5 HTTP/1.1" 304 -
173.231.59.202 - - [28/Jan/2021:04:48:57 -0500] "GET /BLA/resoluciones/index.php?dir=RESOLUCIONES%202005%2FRES%202005%20951-1000%2F&sort=date&order=asc HTTP/1.1" 200 12304
69.162.124.227 - - [28/Jan/2021:04:49:02 -0500] "HEAD / HTTP/1.1" 200 -
173.231.59.202 - - [28/Jan/2021:04:49:31 -0500] "GET /BLA/resoluciones/index.php?dir=RESOLUCIONES%202005%2FRES%202005%20951-1000%2F&sort=size&order=asc HTTP/1.1" 200 12304
173.231.59.202 - - [28/Jan/2021:04:49:57 -0500] "GET /BLA/resoluciones/index.php?dir=RESOLUCIONES%202006%2FRES%202006%20101-150%2F&sort=name&order=desc HTTP/1.1" 200 12240
173.231.59.202 - - [28/Jan/2021:04:50:12 -0500] "GET /BLA/resoluciones/index.php?dir=RESOLUCIONES%202006%2FRES%202006%20151-200%2F&sort=name&order=desc HTTP/1.1" 200 12237
173.231.59.202 - - [28/Jan/2021:04:50:49 -0500] "GET /BLA/resoluciones/index.php?dir=RESOLUCIONES%202006%2FRES%202006%20201-250%2F&sort=name&order=desc HTTP/1.1" 200 12237
173.231.59.202 - - [28/Jan/2021:04:51:22 -0500] "GET /BLA/resoluciones/index.php?dir=RESOLUCIONES%202006%2FRES%202006%20251-300%2F&sort=name&order=desc HTTP/1.1" 200 12235
173.231.59.202 - - [28/Jan/2021:04:51:39 -0500] "GET /BLA/resoluciones/index.php?dir=RESOLUCIONES%202006%2FRES%202006%20301-350%2F&sort=name&order=desc HTTP/1.1" 200 12248
114.119.137.43 - - [28/Jan/2021:04:51:53 -0500] "-" 408 -
173.231.59.202 - - [28/Jan/2021:04:52:11 -0500] "GET /BLA/resoluciones/index.php?dir=RESOLUCIONES%202006%2FRES%202006%20351-400%2F&sort=name&order=desc HTTP/1.1" 200 12233
173.231.59.202 - - [28/Jan/2021:04:52:27 -0500] "GET /BLA/resoluciones/index.php?dir=RESOLUCIONES%202006%2FRES%202006%20401-450%2F&sort=name&order=desc HTTP/1.1" 200 12244
200.118.60.232 - - [28/Jan/2021:04:52:29 -0500] "GET /reportes_sipse/sdg/ServletReporte?reporte=solicitud_cdp&Solicitud=12934&pfdrid_c=false HTTP/1.1" 200 122246
123.183.224.166 - - [28/Jan/2021:04:52:37 -0500] "GET / HTTP/1.1" 200 9990
192.168.175.225 - - [28/Jan/2021:04:52:54 -0500] "GET / HTTP/1.1" 200 9990
173.231.59.202 - - [28/Jan/2021:04:52:54 -0500] "GET /BLA/resoluciones/index.php?dir=RESOLUCIONES%202006%2FRES%202006%20451-500%2F&sort=name&order=desc HTTP/1.1" 200 12243
66.249.75.173 - - [28/Jan/2021:04:53:01 -0500] "-" 408 -
173.231.59.202 - - [28/Jan/2021:04:53:16 -0500] "GET /BLA/resoluciones/index.php?dir=RESOLUCIONES%202006%2FRES%202006%20501-550%2F&sort=name&order=desc HTTP/1.1" 200 12240
201.245.192.253 - - [28/Jan/2021:04:52:42 -0500] "POST /kwsrmcab/Wsrmcab HTTP/1.1" 200 116027
189.186.218.226 - - [28/Jan/2021:04:53:43 -0500] "GET /galeria/galeria/jquery.fancybox.css?v=2.1.5 HTTP/1.1" 200 4895
189.186.218.226 - - [28/Jan/2021:04:53:43 -0500] "GET /BLA/boletinlegal/js/jquery.scrollShow.js HTTP/1.1" 200 4586
189.186.218.226 - - [28/Jan/2021:04:53:44 -0500] "GET /galeria/galeria/jquery.fancybox.js?v=2.1.5 HTTP/1.1" 200 48706
173.231.59.202 - - [28/Jan/2021:04:53:46 -0500] "GET /BLA/resoluciones/index.php?dir=RESOLUCIONES%202006%2FRES%202006%20551-600%2F&sort=name&order=desc HTTP/1.1" 200 12249
69.162.124.227 - - [28/Jan/2021:04:54:03 -0500] "HEAD / HTTP/1.1" 200 -
173.231.59.202 - - [28/Jan/2021:04:54:20 -0500] "GET /BLA/resoluciones/index.php?dir=RESOLUCIONES%202006%2FRES%202006%20601-650%2F&sort=name&order=desc HTTP/1.1" 200 12249
173.231.59.202 - - [28/Jan/2021:04:54:43 -0500] "GET /BLA/resoluciones/index.php?dir=RESOLUCIONES%202006%2FRES%202006%20651-700%2F&sort=name&order=desc HTTP/1.1" 200 12251
173.231.59.202 - - [28/Jan/2021:04:55:05 -0500] "GET /BLA/resoluciones/index.php?dir=RESOLUCIONES%202006%2FRES%202006%20701-750%2F&sort=name&order=desc HTTP/1.1" 200 12250
192.168.175.225 - - [28/Jan/2021:04:57:54 -0500] "GET / HTTP/1.1" 200 9990
69.162.124.227 - - [28/Jan/2021:04:59:02 -0500] "HEAD / HTTP/1.1" 200 -
66.249.75.173 - - [28/Jan/2021:04:59:19 -0500] "-" 408 -
52.146.39.175 - - [28/Jan/2021:05:01:38 -0500] "GET /BLA/resoluciones/RESOLUCIONES%202009/4361.pdf HTTP/1.1" 200 1117641
13.66.139.15 - - [28/Jan/2021:05:02:44 -0500] "GET /galeria/galeria/fotos/tortuga2P.jpg HTTP/1.1" 200 33472
192.168.175.225 - - [28/Jan/2021:05:02:54 -0500] "GET / HTTP/1.1" 200 9990
201.245.192.253 - - [28/Jan/2021:05:02:45 -0500] "POST /kwsrmcab/Wsrmcab HTTP/1.1" 200 213
69.162.124.227 - - [28/Jan/2021:05:04:03 -0500] "HEAD / HTTP/1.1" 200 -
66.249.75.173 - - [28/Jan/2021:05:05:03 -0500] "-" 408 -
200.118.60.232 - - [28/Jan/2021:05:06:41 -0500] "GET /reportes_sipse/sdg/ServletReporte?reporte=solicitud_cdp&Solicitud=12934&pfdrid_c=false HTTP/1.1" 200 122246
192.168.175.225 - - [28/Jan/2021:05:07:54 -0500] "GET / HTTP/1.1" 200 9990
191.156.134.143 - - [28/Jan/2021:05:08:32 -0500] "GET /galeria/galeria/jquery.fancybox.css?v=2.1.5 HTTP/1.1" 200 4895
191.156.134.143 - - [28/Jan/2021:05:08:32 -0500] "GET /BLA/boletinlegal/js/jquery.scrollShow.js HTTP/1.1" 200 4586
191.156.134.143 - - [28/Jan/2021:05:08:32 -0500] "GET /galeria/galeria/jquery.fancybox.js?v=2.1.5 HTTP/1.1" 200 48706
207.46.13.64 - - [28/Jan/2021:05:08:34 -0500] "GET /Anexos%20estudio%20Organizacional%20SDA/index.php?dir=ANEXO%20No.12-PROYECTO%20ACTUALIZACION%20MANUAL%20DE%20FUNCIONES%20SDA/&sort=name&order=asc HTTP/1.1" 200 2515
69.162.124.227 - - [28/Jan/2021:05:09:02 -0500] "HEAD / HTTP/1.1" 200 -
114.119.151.133 - - [28/Jan/2021:05:09:52 -0500] "GET /Autoliquidacion/index.php?dir=Solicitud%2Bde%2Bexpedici%C3%AF%C2%BF%C2%BDn%2Bde%2Bcertificados%2Bde%2Bestado%2Bde%2Bconservaci%C3%AF%C2%BF%C2%BDn%2Bambiental%2B%28CECA%29%2F&sort=name&order=desc HTTP/1.1" 200 7059
131.221.65.27 - - [28/Jan/2021:05:10:05 -0500] "GET /galeria/galeria/jquery.fancybox.css?v=2.1.5 HTTP/1.1" 200 4895
131.221.65.27 - - [28/Jan/2021:05:10:05 -0500] "GET /BLA/boletinlegal/js/jquery.scrollShow.js HTTP/1.1" 200 4586
131.221.65.27 - - [28/Jan/2021:05:10:05 -0500] "GET /galeria/galeria/jquery.fancybox.js?v=2.1.5 HTTP/1.1" 200 48706
201.245.192.253 - - [28/Jan/2021:05:09:31 -0500] "POST /kwsrmcab/Wsrmcab HTTP/1.1" 200 45367
201.245.192.253 - - [28/Jan/2021:05:09:31 -0500] "POST /kwsrmcab/Wsrmcab HTTP/1.1" 200 47194
190.252.187.131 - - [28/Jan/2021:05:10:13 -0500] "GET /BLA/boletinlegal/js/jquery.scrollShow.js HTTP/1.1" 200 4586
190.252.187.131 - - [28/Jan/2021:05:10:13 -0500] "GET /galeria/galeria/jquery.fancybox.css?v=2.1.5 HTTP/1.1" 200 4895
190.252.187.131 - - [28/Jan/2021:05:10:13 -0500] "GET /galeria/galeria/jquery.fancybox.js?v=2.1.5 HTTP/1.1" 200 48706
190.252.187.131 - - [28/Jan/2021:05:10:16 -0500] "GET /BLA/boletinlegal/js/jquery.scrollShow.js HTTP/1.1" 200 4586
190.252.187.131 - - [28/Jan/2021:05:10:16 -0500] "GET /galeria/galeria/jquery.fancybox.js?v=2.1.5 HTTP/1.1" 200 48706
190.252.187.131 - - [28/Jan/2021:05:10:16 -0500] "GET /galeria/galeria/jquery.fancybox.css?v=2.1.5 HTTP/1.1" 200 4895
131.221.65.27 - - [28/Jan/2021:05:10:18 -0500] "GET /galeria/galeria/jquery.fancybox.js?v=2.1.5 HTTP/1.1" 304 -
131.221.65.27 - - [28/Jan/2021:05:10:18 -0500] "GET /BLA/boletinlegal/js/jquery.scrollShow.js HTTP/1.1" 304 -
131.221.65.27 - - [28/Jan/2021:05:10:18 -0500] "GET /galeria/galeria/jquery.fancybox.css?v=2.1.5 HTTP/1.1" 304 -
181.37.13.148 - - [28/Jan/2021:05:10:42 -0500] "GET /BLA/boletinlegal/js/jquery.scrollShow.js HTTP/1.1" 200 4586
181.37.13.148 - - [28/Jan/2021:05:10:42 -0500] "GET /galeria/galeria/jquery.fancybox.css?v=2.1.5 HTTP/1.1" 200 4895
181.37.13.148 - - [28/Jan/2021:05:10:42 -0500] "GET /galeria/galeria/jquery.fancybox.js?v=2.1.5 HTTP/1.1" 200 48706
201.245.192.253 - - [28/Jan/2021:05:10:14 -0500] "POST /kwsrmcab/Wsrmcab HTTP/1.1" 200 45367
84.122.105.121 - - [28/Jan/2021:05:11:32 -0500] "GET /BLA/boletinlegal/js/jquery.scrollShow.js HTTP/1.1" 200 4586
84.122.105.121 - - [28/Jan/2021:05:11:32 -0500] "GET /galeria/galeria/jquery.fancybox.css?v=2.1.5 HTTP/1.1" 200 4895
84.122.105.121 - - [28/Jan/2021:05:11:32 -0500] "GET /galeria/galeria/jquery.fancybox.js?v=2.1.5 HTTP/1.1" 200 48706
66.249.75.173 - - [28/Jan/2021:05:12:36 -0500] "-" 408 -
192.168.175.225 - - [28/Jan/2021:05:12:54 -0500] "GET / HTTP/1.1" 200 9990
201.245.192.253 - - [28/Jan/2021:05:12:44 -0500] "POST /kwsrmcab/Wsrmcab HTTP/1.1" 200 116810
69.162.124.227 - - [28/Jan/2021:05:14:02 -0500] "HEAD / HTTP/1.1" 200 -
114.119.135.169 - - [28/Jan/2021:05:15:29 -0500] "GET /BLA/resoluciones/RESOLUCIONES%202009/0082.pdf HTTP/1.1" 200 415408
186.113.10.19 - - [28/Jan/2021:05:16:57 -0500] "GET /galeria/nivo-slider/demo/images/marzo.jpg HTTP/1.1" 304 -
192.168.175.225 - - [28/Jan/2021:05:17:54 -0500] "GET / HTTP/1.1" 200 9990
66.249.75.173 - - [28/Jan/2021:05:18:54 -0500] "-" 408 -
69.162.124.227 - - [28/Jan/2021:05:19:02 -0500] "HEAD / HTTP/1.1" 200 -
186.113.10.143 - - [28/Jan/2021:05:19:54 -0500] "GET /siipev/Diseno%20de%20Elementos%20de%20Mobiliario%20Urbano/Otros%20Elementos/Infografia/Parte2/M-142.png HTTP/1.1" 304 -
201.245.192.253 - - [28/Jan/2021:05:19:31 -0500] "POST /kwsrmcab/Wsrmcab HTTP/1.1" 200 47194
201.245.192.253 - - [28/Jan/2021:05:20:17 -0500] "POST /kwsrmcab/Wsrmcab HTTP/1.1" 200 45367
193.111.223.154 - - [28/Jan/2021:05:22:17 -0500] "GET /galeria/galeria/jquery.fancybox.js?v=2.1.5 HTTP/1.1" 200 48706
193.111.223.154 - - [28/Jan/2021:05:22:17 -0500] "GET /galeria/galeria/jquery.fancybox.css?v=2.1.5 HTTP/1.1" 200 4895
193.111.223.154 - - [28/Jan/2021:05:22:17 -0500] "GET /BLA/boletinlegal/js/jquery.scrollShow.js HTTP/1.1" 200 4586
192.168.175.225 - - [28/Jan/2021:05:22:54 -0500] "GET / HTTP/1.1" 200 9990
201.245.192.253 - - [28/Jan/2021:05:22:43 -0500] "POST /kwsrmcab/Wsrmcab HTTP/1.1" 200 116810
69.162.124.227 - - [28/Jan/2021:05:24:02 -0500] "HEAD / HTTP/1.1" 200 -
191.95.41.76 - - [28/Jan/2021:05:24:32 -0500] "GET /galeria/galeria/jquery.fancybox.css?v=2.1.5 HTTP/1.1" 200 4895
191.95.41.76 - - [28/Jan/2021:05:24:32 -0500] "GET /BLA/boletinlegal/js/jquery.scrollShow.js HTTP/1.1" 200 4586
191.95.41.76 - - [28/Jan/2021:05:24:32 -0500] "GET /galeria/galeria/jquery.fancybox.js?v=2.1.5 HTTP/1.1" 200 48706
66.249.75.173 - - [28/Jan/2021:05:24:47 -0500] "-" 408 -
190.5.146.129 - - [28/Jan/2021:05:26:42 -0500] "GET /galeria/galeria/jquery.fancybox.js?v=2.1.5 HTTP/1.1" 200 48706
190.5.146.129 - - [28/Jan/2021:05:26:42 -0500] "GET /BLA/boletinlegal/js/jquery.scrollShow.js HTTP/1.1" 200 4586
190.5.146.129 - - [28/Jan/2021:05:26:42 -0500] "GET /galeria/galeria/jquery.fancybox.css?v=2.1.5 HTTP/1.1" 200 4895
157.55.39.45 - - [28/Jan/2021:05:26:58 -0500] "-" 408 -
192.168.175.225 - - [28/Jan/2021:05:27:54 -0500] "GET / HTTP/1.1" 200 9990
69.162.124.227 - - [28/Jan/2021:05:29:02 -0500] "HEAD / HTTP/1.1" 200 -
83.59.221.43 - - [28/Jan/2021:05:29:23 -0500] "GET /galeria/galeria/jquery.fancybox.js?v=2.1.5 HTTP/1.1" 200 48706
83.59.221.43 - - [28/Jan/2021:05:29:23 -0500] "GET /galeria/galeria/jquery.fancybox.css?v=2.1.5 HTTP/1.1" 200 4895
83.59.221.43 - - [28/Jan/2021:05:29:23 -0500] "GET /BLA/boletinlegal/js/jquery.scrollShow.js HTTP/1.1" 200 4586
186.113.161.73 - - [28/Jan/2021:05:29:39 -0500] "GET /galeria/galeria/jquery.fancybox.css?v=2.1.5 HTTP/1.1" 200 4895
186.113.161.73 - - [28/Jan/2021:05:29:39 -0500] "GET /BLA/boletinlegal/js/jquery.scrollShow.js HTTP/1.1" 200 4586
186.113.161.73 - - [28/Jan/2021:05:29:39 -0500] "GET /galeria/galeria/jquery.fancybox.js?v=2.1.5 HTTP/1.1" 200 48706
201.245.192.253 - - [28/Jan/2021:05:29:32 -0500] "POST /kwsrmcab/Wsrmcab HTTP/1.1" 200 47194
66.249.75.173 - - [28/Jan/2021:05:30:45 -0500] "-" 408 -
201.245.192.253 - - [28/Jan/2021:05:30:18 -0500] "POST /kwsrmcab/Wsrmcab HTTP/1.1" 200 45367
195.154.172.59 - - [28/Jan/2021:05:31:30 -0500] "GET /galeria/galeria/jquery.fancybox.css?v=2.1.5 HTTP/1.1" 200 4895
114.119.138.5 - - [28/Jan/2021:05:31:37 -0500] "-" 408 -
192.168.175.225 - - [28/Jan/2021:05:32:54 -0500] "GET / HTTP/1.1" 200 9990
201.245.192.253 - - [28/Jan/2021:05:32:44 -0500] "POST /kwsrmcab/Wsrmcab HTTP/1.1" 200 116810
69.162.124.227 - - [28/Jan/2021:05:34:02 -0500] "HEAD / HTTP/1.1" 200 -
186.145.113.45 - - [28/Jan/2021:05:36:16 -0500] "GET /galeria/carrusel/Carrusel/jquery.thumbnailScroller.css HTTP/1.1" 200 2066
186.145.113.45 - - [28/Jan/2021:05:36:16 -0500] "GET /galeria/galeria/jquery.fancybox.css?v=2.1.5 HTTP/1.1" 200 4895
186.145.113.45 - - [28/Jan/2021:05:36:16 -0500] "GET /BLA/boletinlegal/js/jquery.scrollShow.js HTTP/1.1" 200 4586
186.145.113.45 - - [28/Jan/2021:05:36:16 -0500] "GET /galeria/galeria/jquery.fancybox.js?v=2.1.5 HTTP/1.1" 200 48706
186.145.113.45 - - [28/Jan/2021:05:36:16 -0500] "GET /galeria/carrusel/Carrusel/jquery-ui-1.8.13.custom.min.js HTTP/1.1" 200 10800
186.145.113.45 - - [28/Jan/2021:05:36:16 -0500] "GET /galeria/carrusel/Carrusel/jquery.thumbnailScroller.js HTTP/1.1" 200 8157
186.145.113.45 - - [28/Jan/2021:05:36:17 -0500] "GET /galeria/nivo-slider/demo/inicio80.html HTTP/1.1" 200 4703
186.145.113.45 - - [28/Jan/2021:05:36:17 -0500] "GET /galeria/nivo-slider/themes/default/default.css HTTP/1.1" 200 1569
186.145.113.45 - - [28/Jan/2021:05:36:17 -0500] "GET /galeria/nivo-slider/nivo-slider.css HTTP/1.1" 200 1507
186.145.113.45 - - [28/Jan/2021:05:36:17 -0500] "GET /galeria/nivo-slider/themes/pascal/pascal.css HTTP/1.1" 200 2258
186.145.113.45 - - [28/Jan/2021:05:36:17 -0500] "GET /galeria/nivo-slider/themes/orman/orman.css HTTP/1.1" 200 2152
186.145.113.45 - - [28/Jan/2021:05:36:17 -0500] "GET /galeria/nivo-slider/demo/scripts/jquery-1.7.1.min.js HTTP/1.1" 200 93868
186.145.113.45 - - [28/Jan/2021:05:36:17 -0500] "GET /galeria/nivo-slider/demo/style.css HTTP/1.1" 200 2222
186.145.113.45 - - [28/Jan/2021:05:36:17 -0500] "GET /galeria/nivo-slider/demo/images/bannerpuntoshabilitados.jpg HTTP/1.1" 200 227023
186.145.113.45 - - [28/Jan/2021:05:36:17 -0500] "GET /galeria/nivo-slider/jquery.nivo.slider.pack.js HTTP/1.1" 200 11561
186.145.113.45 - - [28/Jan/2021:05:36:17 -0500] "GET /galeria/nivo-slider/demo/images/banneribocaenero.jpg HTTP/1.1" 200 238117
186.145.113.45 - - [28/Jan/2021:05:36:17 -0500] "GET /galeria/nivo-slider/demo/images/bannerbasuras.jpg HTTP/1.1" 200 274160
186.145.113.45 - - [28/Jan/2021:05:36:17 -0500] "GET /galeria/nivo-slider/demo/images/bannertingua2021.jpg HTTP/1.1" 200 187605
186.145.113.45 - - [28/Jan/2021:05:37:19 -0500] "GET /galeria/nivo-slider/demo/scripts/jquery-1.7.1.min.js HTTP/1.1" 206 1
186.145.113.45 - - [28/Jan/2021:05:37:19 -0500] "GET /galeria/nivo-slider/demo/images/bannerbasuras.jpg HTTP/1.1" 206 1
186.145.113.45 - - [28/Jan/2021:05:37:19 -0500] "GET /galeria/nivo-slider/demo/images/4Simple_Slider.png HTTP/1.1" 200 11722
186.145.113.45 - - [28/Jan/2021:05:37:19 -0500] "GET /galeria/nivo-slider/demo/images/bannerpuntoshabilitados.jpg HTTP/1.1" 206 1
186.145.113.45 - - [28/Jan/2021:05:37:19 -0500] "GET /galeria/nivo-slider/themes/default/loading.gif HTTP/1.1" 200 1737
186.145.113.45 - - [28/Jan/2021:05:37:19 -0500] "GET /galeria/nivo-slider/jquery.nivo.slider.pack.js HTTP/1.1" 206 1
186.145.113.45 - - [28/Jan/2021:05:37:19 -0500] "GET /galeria/nivo-slider/demo/images/banneribocaenero.jpg HTTP/1.1" 206 1
186.145.113.45 - - [28/Jan/2021:05:37:19 -0500] "GET /galeria/nivo-slider/demo/scripts/jquery-1.7.1.min.js HTTP/1.1" 206 72426
186.145.113.45 - - [28/Jan/2021:05:37:19 -0500] "GET /galeria/nivo-slider/demo/images/bannertingua2021.jpg HTTP/1.1" 206 1
186.145.113.45 - - [28/Jan/2021:05:37:19 -0500] "GET /galeria/nivo-slider/demo/images/bannerpuntoshabilitados.jpg HTTP/1.1" 206 218602
186.145.113.45 - - [28/Jan/2021:05:37:19 -0500] "GET /galeria/nivo-slider/demo/images/bannerbasuras.jpg HTTP/1.1" 206 258499
186.145.113.45 - - [28/Jan/2021:05:37:19 -0500] "GET /galeria/nivo-slider/jquery.nivo.slider.pack.js HTTP/1.1" 206 1702
186.145.113.45 - - [28/Jan/2021:05:37:19 -0500] "GET /galeria/nivo-slider/demo/images/banneribocaenero.jpg HTTP/1.1" 206 225352
186.145.113.45 - - [28/Jan/2021:05:37:19 -0500] "GET /galeria/nivo-slider/demo/images/bannertingua2021.jpg HTTP/1.1" 206 171944
186.145.113.45 - - [28/Jan/2021:05:37:20 -0500] "GET /galeria/nivo-slider/demo/images/bannersituacionesambientales.jpg HTTP/1.1" 200 254700
186.145.113.45 - - [28/Jan/2021:05:37:20 -0500] "GET /galeria/nivo-slider/demo/images/baneranimalessilvestres.jpg HTTP/1.1" 200 309808
186.145.113.45 - - [28/Jan/2021:05:37:20 -0500] "GET /galeria/nivo-slider/demo/images/bannerclases2021.jpg HTTP/1.1" 200 68230
186.145.113.45 - - [28/Jan/2021:05:37:20 -0500] "GET /galeria/nivo-slider/demo/images/banner2020acercar.jpg HTTP/1.1" 200 180505
186.145.113.45 - - [28/Jan/2021:05:37:20 -0500] "GET /galeria/nivo-slider/demo/images/bannerincendiosforestales.jpg HTTP/1.1" 200 237511
186.145.113.45 - - [28/Jan/2021:05:37:20 -0500] "GET /galeria/nivo-slider/demo/images/Bannervirtualescanales.jpg HTTP/1.1" 200 174544
186.145.113.45 - - [28/Jan/2021:05:37:20 -0500] "GET /galeria/nivo-slider/demo/images/Bannercuidate.jpg HTTP/1.1" 200 75508
186.145.113.45 - - [28/Jan/2021:05:37:20 -0500] "GET /galeria/nivo-slider/demo/images/bannerresiduos.jpg HTTP/1.1" 200 155409
186.145.113.45 - - [28/Jan/2021:05:37:20 -0500] "GET /galeria/nivo-slider/demo/images/bannerbioseguridad.jpg HTTP/1.1" 200 228661
186.145.113.45 - - [28/Jan/2021:05:37:20 -0500] "GET /galeria/nivo-slider/demo/images/bannerbolsas.jpg HTTP/1.1" 200 283727
186.145.113.45 - - [28/Jan/2021:05:37:31 -0500] "GET /galeria/nivo-slider/themes/default/arrows.png HTTP/1.1" 200 824
186.145.113.45 - - [28/Jan/2021:05:37:31 -0500] "GET /galeria/nivo-slider/themes/default/bullets.png HTTP/1.1" 200 1281
186.113.10.143 - - [28/Jan/2021:05:37:36 -0500] "GET /siipev/Diseno%20de%20Elementos%20de%20Mobiliario%20Urbano/Otros%20Elementos/Infografia/Parte2/M-143.png HTTP/1.1" 304 -
192.168.175.225 - - [28/Jan/2021:05:37:54 -0500] "GET / HTTP/1.1" 200 9990
200.118.60.232 - - [28/Jan/2021:05:38:46 -0500] "GET /reportes_sipse/sdg/ServletReporte?reporte=solicitud_cdp&Solicitud=12934&pfdrid_c=false HTTP/1.1" 200 122246
119.74.138.183 - - [28/Jan/2021:05:38:54 -0500] "GET /galeria/galeria/jquery.fancybox.css?v=2.1.5 HTTP/1.1" 200 4895
119.74.138.183 - - [28/Jan/2021:05:38:54 -0500] "GET /BLA/boletinlegal/js/jquery.scrollShow.js HTTP/1.1" 200 4586
119.74.138.183 - - [28/Jan/2021:05:38:57 -0500] "GET /galeria/galeria/jquery.fancybox.js?v=2.1.5 HTTP/1.1" 200 48706
69.162.124.227 - - [28/Jan/2021:05:39:02 -0500] "HEAD / HTTP/1.1" 200 -
186.84.90.230 - - [28/Jan/2021:05:39:50 -0500] "GET /galeria/galeria/jquery.fancybox.js?v=2.1.5 HTTP/1.1" 200 48706
186.84.90.230 - - [28/Jan/2021:05:39:50 -0500] "GET /BLA/boletinlegal/js/jquery.scrollShow.js HTTP/1.1" 200 4586
186.84.90.230 - - [28/Jan/2021:05:39:50 -0500] "GET /galeria/galeria/jquery.fancybox.css?v=2.1.5 HTTP/1.1" 200 4895
37.12.86.75 - - [28/Jan/2021:05:42:04 -0500] "GET /galeria/galeria/jquery.fancybox.css?v=2.1.5 HTTP/1.1" 200 4895
37.12.86.75 - - [28/Jan/2021:05:42:04 -0500] "GET /BLA/boletinlegal/js/jquery.scrollShow.js HTTP/1.1" 200 4586
37.12.86.75 - - [28/Jan/2021:05:42:04 -0500] "GET /galeria/galeria/jquery.fancybox.js?v=2.1.5 HTTP/1.1" 200 48706
192.168.175.225 - - [28/Jan/2021:05:42:54 -0500] "GET / HTTP/1.1" 200 9990
201.245.192.253 - - [28/Jan/2021:05:42:43 -0500] "POST /kwsrmcab/Wsrmcab HTTP/1.1" 200 116810
66.249.75.173 - - [28/Jan/2021:05:43:39 -0500] "-" 408 -
201.245.192.253 - - [28/Jan/2021:05:43:47 -0500] "GET /sipse/faces/index.xhtml HTTP/1.1" 200 677
