186.154.129.12 - - [11/Oct/2021:08:16:19 -0500] "GET /sipse/faces/javax.faces.resource/primefaces.js?ln=primefaces&v=4.0 HTTP/1.1" 304 -
186.154.129.12 - - [11/Oct/2021:08:16:20 -0500] "GET /sipse/faces/javax.faces.resource/layout/layout.js?ln=primefaces&v=4.0 HTTP/1.1" 304 -
186.154.129.12 - - [11/Oct/2021:08:16:23 -0500] "POST /sipse/faces/bienvenido.xhtml HTTP/1.1" 200 3255
188.40.73.215 - - [11/Oct/2021:08:16:25 -0500] "GET /BLA/resoluciones/RESOLUCIONES%202008/4973.pdf HTTP/1.1" 200 215277
186.154.129.12 - - [11/Oct/2021:08:16:26 -0500] "POST /sipse/faces/bienvenido.xhtml HTTP/1.1" 200 39912
186.154.129.12 - - [11/Oct/2021:08:16:27 -0500] "GET /sipse/faces/javax.faces.resource/primefaces.css?ln=primefaces&v=4.0 HTTP/1.1" 304 -
186.154.129.12 - - [11/Oct/2021:08:16:27 -0500] "GET /sipse/faces/javax.faces.resource/theme.css?ln=primefaces-sipse HTTP/1.1" 304 -
186.154.129.12 - - [11/Oct/2021:08:16:27 -0500] "GET /sipse/faces/javax.faces.resource/layout/layout.css?ln=primefaces&v=4.0 HTTP/1.1" 304 -
186.154.129.12 - - [11/Oct/2021:08:16:27 -0500] "GET /sipse/faces/javax.faces.resource/jquery/jquery.js?ln=primefaces&v=4.0 HTTP/1.1" 304 -
186.154.129.12 - - [11/Oct/2021:08:16:27 -0500] "GET /sipse/faces/javax.faces.resource/jquery/jquery-plugins.js?ln=primefaces&v=4.0 HTTP/1.1" 304 -
186.154.129.12 - - [11/Oct/2021:08:16:27 -0500] "GET /sipse/faces/javax.faces.resource/primefaces.js?ln=primefaces&v=4.0 HTTP/1.1" 304 -
186.154.129.12 - - [11/Oct/2021:08:16:27 -0500] "GET /sipse/faces/javax.faces.resource/layout/layout.js?ln=primefaces&v=4.0 HTTP/1.1" 304 -
186.154.129.12 - - [11/Oct/2021:08:16:27 -0500] "POST /sipse/faces/presentacion/financiero/solicitudProceso/listarSolicitudProceso.xhtml HTTP/1.1" 200 1376
181.50.158.160 - - [11/Oct/2021:08:16:28 -0500] "GET /galeria/galeria/jquery.fancybox.css?v=2.1.5 HTTP/1.1" 200 4895
181.50.158.160 - - [11/Oct/2021:08:16:29 -0500] "GET /BLA/boletinlegal/js/jquery.scrollShow.js HTTP/1.1" 200 4586
181.50.158.160 - - [11/Oct/2021:08:16:29 -0500] "GET /galeria/galeria/jquery.fancybox.js?v=2.1.5 HTTP/1.1" 200 48706
186.154.129.12 - - [11/Oct/2021:08:16:31 -0500] "POST /sipse/faces/presentacion/financiero/solicitudProceso/listarSolicitudProceso.xhtml HTTP/1.1" 200 108946
186.154.129.12 - - [11/Oct/2021:08:16:32 -0500] "GET /sipse/faces/javax.faces.resource/theme.css?ln=primefaces-sipse HTTP/1.1" 304 -
186.154.129.12 - - [11/Oct/2021:08:16:32 -0500] "GET /sipse/faces/javax.faces.resource/primefaces.css?ln=primefaces&v=4.0 HTTP/1.1" 304 -
186.154.129.12 - - [11/Oct/2021:08:16:32 -0500] "GET /sipse/faces/javax.faces.resource/layout/layout.css?ln=primefaces&v=4.0 HTTP/1.1" 304 -
186.154.129.12 - - [11/Oct/2021:08:16:32 -0500] "GET /sipse/faces/javax.faces.resource/jquery/jquery.js?ln=primefaces&v=4.0 HTTP/1.1" 304 -
186.154.129.12 - - [11/Oct/2021:08:16:32 -0500] "GET /sipse/faces/javax.faces.resource/jquery/jquery-plugins.js?ln=primefaces&v=4.0 HTTP/1.1" 304 -
186.154.129.12 - - [11/Oct/2021:08:16:32 -0500] "GET /sipse/faces/javax.faces.resource/primefaces.js?ln=primefaces&v=4.0 HTTP/1.1" 304 -
186.154.129.12 - - [11/Oct/2021:08:16:32 -0500] "GET /sipse/faces/javax.faces.resource/layout/layout.js?ln=primefaces&v=4.0 HTTP/1.1" 304 -
186.154.129.12 - - [11/Oct/2021:08:16:32 -0500] "GET /reportes_sipse/sdg/ServletReporte?reporte=experienia_idoneidad&solicitud=15191&pfdrid_c=false HTTP/1.1" 200 138577
188.40.73.215 - - [11/Oct/2021:08:16:34 -0500] "GET /BLA/resoluciones/RESOLUCIONES%202008/2816.pdf HTTP/1.1" 200 246271
186.154.129.12 - - [11/Oct/2021:08:16:39 -0500] "POST /sipse/faces/presentacion/financiero/solicitudProceso/consultarSolicitudProceso.xhtml HTTP/1.1" 200 37541
186.154.129.12 - - [11/Oct/2021:08:16:41 -0500] "GET /sipse/faces/javax.faces.resource/theme.css?ln=primefaces-sipse HTTP/1.1" 304 -
186.154.129.12 - - [11/Oct/2021:08:16:41 -0500] "GET /sipse/faces/javax.faces.resource/primefaces.css?ln=primefaces&v=4.0 HTTP/1.1" 304 -
186.154.129.12 - - [11/Oct/2021:08:16:41 -0500] "GET /sipse/faces/javax.faces.resource/layout/layout.css?ln=primefaces&v=4.0 HTTP/1.1" 304 -
186.154.129.12 - - [11/Oct/2021:08:16:41 -0500] "GET /sipse/faces/javax.faces.resource/jquery/jquery.js?ln=primefaces&v=4.0 HTTP/1.1" 304 -
186.154.129.12 - - [11/Oct/2021:08:16:41 -0500] "GET /sipse/faces/javax.faces.resource/jquery/jquery-plugins.js?ln=primefaces&v=4.0 HTTP/1.1" 304 -
186.154.129.12 - - [11/Oct/2021:08:16:41 -0500] "GET /sipse/faces/javax.faces.resource/primefaces.js?ln=primefaces&v=4.0 HTTP/1.1" 304 -
186.154.129.12 - - [11/Oct/2021:08:16:41 -0500] "GET /sipse/faces/javax.faces.resource/layout/layout.js?ln=primefaces&v=4.0 HTTP/1.1" 304 -
186.154.129.12 - - [11/Oct/2021:08:16:41 -0500] "POST /sipse/faces/presentacion/financiero/solicitudProceso/listarSolicitudProceso.xhtml HTTP/1.1" 200 1360
188.40.73.215 - - [11/Oct/2021:08:16:43 -0500] "GET /BLA/resoluciones/RESOLUCIONES%202008/4020.pdf HTTP/1.1" 200 242911
186.155.25.226 - - [11/Oct/2021:08:16:44 -0500] "GET /galeria/galeria/jquery.fancybox.css?v=2.1.5 HTTP/1.1" 200 4895
186.155.25.226 - - [11/Oct/2021:08:16:44 -0500] "GET /BLA/boletinlegal/js/jquery.scrollShow.js HTTP/1.1" 200 4586
186.155.25.226 - - [11/Oct/2021:08:16:44 -0500] "GET /galeria/galeria/jquery.fancybox.js?v=2.1.5 HTTP/1.1" 200 48706
188.40.73.215 - - [11/Oct/2021:08:16:52 -0500] "GET /BLA/resoluciones/RESOLUCIONES%202008/3952.pdf HTTP/1.1" 200 449426
188.40.73.215 - - [11/Oct/2021:08:17:01 -0500] "GET /BLA/resoluciones/RESOLUCIONES%202008/4038.pdf HTTP/1.1" 200 361104
188.40.73.215 - - [11/Oct/2021:08:17:10 -0500] "GET /BLA/resoluciones/RESOLUCIONES%202008/0400.pdf HTTP/1.1" 200 238360
191.95.59.238 - - [11/Oct/2021:08:17:13 -0500] "GET /sipse/faces/javax.faces.resource/theme.css?ln=primefaces-sipse HTTP/1.1" 304 -
201.245.192.253 - - [11/Oct/2021:08:17:13 -0500] "GET /catalogoisis/ HTTP/1.1" 200 8575
191.95.59.238 - - [11/Oct/2021:08:17:12 -0500] "POST /sipse/faces/presentacion/financiero/solicitudProceso/consultarSolicitudProceso.xhtml HTTP/1.1" 200 21997
191.95.59.238 - - [11/Oct/2021:08:17:13 -0500] "GET /sipse/faces/javax.faces.resource/primefaces.css?ln=primefaces&v=4.0 HTTP/1.1" 304 -
191.95.59.238 - - [11/Oct/2021:08:17:13 -0500] "GET /sipse/faces/javax.faces.resource/layout/layout.css?ln=primefaces&v=4.0 HTTP/1.1" 304 -
191.95.59.238 - - [11/Oct/2021:08:17:13 -0500] "GET /sipse/faces/javax.faces.resource/jquery/jquery.js?ln=primefaces&v=4.0 HTTP/1.1" 304 -
191.95.59.238 - - [11/Oct/2021:08:17:13 -0500] "GET /sipse/faces/javax.faces.resource/jquery/jquery-plugins.js?ln=primefaces&v=4.0 HTTP/1.1" 304 -
191.95.59.238 - - [11/Oct/2021:08:17:13 -0500] "GET /sipse/faces/javax.faces.resource/layout/layout.js?ln=primefaces&v=4.0 HTTP/1.1" 304 -
191.95.59.238 - - [11/Oct/2021:08:17:13 -0500] "GET /sipse/faces/javax.faces.resource/primefaces.js?ln=primefaces&v=4.0 HTTP/1.1" 304 -
191.95.59.238 - - [11/Oct/2021:08:17:13 -0500] "GET /sipse/faces/javax.faces.resource/fileupload/fileupload.css?ln=primefaces&v=4.0 HTTP/1.1" 304 -
191.95.59.238 - - [11/Oct/2021:08:17:13 -0500] "GET /sipse/faces/javax.faces.resource/fileupload/fileupload.js?ln=primefaces&v=4.0 HTTP/1.1" 304 -
191.95.59.238 - - [11/Oct/2021:08:17:13 -0500] "GET /sipse/faces/javax.faces.resource/images/ui-icons_898989_256x240.png?ln=primefaces-aristo HTTP/1.1" 304 -
188.40.73.215 - - [11/Oct/2021:08:17:17 -0500] "GET /BLA/resoluciones/RESOLUCIONES%202008/4011.pdf HTTP/1.1" 200 439323
201.245.192.253 - - [11/Oct/2021:08:17:19 -0500] "POST /sipse/faces/presentacion/financiero/solicitudProceso/consultarSolicitudProceso.xhtml HTTP/1.1" 200 99687
186.87.76.51 - - [11/Oct/2021:08:17:22 -0500] "POST /sipse/faces/presentacion/financiero/solicitudProceso/listarSolicitudProceso.xhtml HTTP/1.1" 200 33974
191.95.59.238 - - [11/Oct/2021:08:17:22 -0500] "GET /sipse/faces/javax.faces.resource/primefaces.css?ln=primefaces&v=4.0 HTTP/1.1" 304 -
191.95.59.238 - - [11/Oct/2021:08:17:22 -0500] "GET /sipse/faces/javax.faces.resource/layout/layout.css?ln=primefaces&v=4.0 HTTP/1.1" 304 -
191.95.59.238 - - [11/Oct/2021:08:17:22 -0500] "GET /sipse/faces/javax.faces.resource/theme.css?ln=primefaces-sipse HTTP/1.1" 304 -
191.95.59.238 - - [11/Oct/2021:08:17:22 -0500] "GET /sipse/faces/javax.faces.resource/jquery/jquery.js?ln=primefaces&v=4.0 HTTP/1.1" 304 -
191.95.59.238 - - [11/Oct/2021:08:17:22 -0500] "GET /sipse/faces/javax.faces.resource/jquery/jquery-plugins.js?ln=primefaces&v=4.0 HTTP/1.1" 304 -
191.95.59.238 - - [11/Oct/2021:08:17:22 -0500] "GET /sipse/faces/javax.faces.resource/primefaces.js?ln=primefaces&v=4.0 HTTP/1.1" 304 -
191.95.59.238 - - [11/Oct/2021:08:17:22 -0500] "GET /sipse/faces/javax.faces.resource/layout/layout.js?ln=primefaces&v=4.0 HTTP/1.1" 304 -
191.95.59.238 - - [11/Oct/2021:08:17:21 -0500] "POST /sipse/faces/presentacion/sistema/anexos/cargarAnexoSolicitudProceso.xhtml HTTP/1.1" 200 153926
191.95.59.238 - - [11/Oct/2021:08:17:23 -0500] "GET /sipse/faces/javax.faces.resource/images/ui-icons_898989_256x240.png?ln=primefaces-aristo HTTP/1.1" 304 -
191.95.59.238 - - [11/Oct/2021:08:17:23 -0500] "GET /reportes_sipse/sdg/ServletReporte?reporte=experienia_idoneidad&solicitud=15191&pfdrid_c=false HTTP/1.1" 200 138577
186.86.33.16 - - [11/Oct/2021:08:17:25 -0500] "GET /galeria/galeria/jquery.fancybox.js?v=2.1.5 HTTP/1.1" 200 48706
186.86.33.16 - - [11/Oct/2021:08:17:25 -0500] "GET /galeria/galeria/jquery.fancybox.css?v=2.1.5 HTTP/1.1" 200 4895
186.86.33.16 - - [11/Oct/2021:08:17:25 -0500] "GET /BLA/boletinlegal/js/jquery.scrollShow.js HTTP/1.1" 200 4586
188.40.73.215 - - [11/Oct/2021:08:17:26 -0500] "GET /BLA/resoluciones/RESOLUCIONES%202008/2810.pdf HTTP/1.1" 200 271966
186.154.129.12 - - [11/Oct/2021:08:17:26 -0500] "POST /sipse/faces/presentacion/financiero/solicitudProceso/listarSolicitudProceso.xhtml HTTP/1.1" 200 911
191.95.59.238 - - [11/Oct/2021:08:17:28 -0500] "GET /sipse/faces/javax.faces.resource/images/ui-bg_flat_0_2d5972_40x100.png?ln=primefaces-aristo HTTP/1.1" 304 -
186.102.20.193 - - [11/Oct/2021:08:17:28 -0500] "GET /galeria/galeria/jquery.fancybox.css?v=2.1.5 HTTP/1.1" 200 4895
186.102.20.193 - - [11/Oct/2021:08:17:28 -0500] "GET /BLA/boletinlegal/js/jquery.scrollShow.js HTTP/1.1" 200 4586
186.102.20.193 - - [11/Oct/2021:08:17:28 -0500] "GET /galeria/galeria/jquery.fancybox.js?v=2.1.5 HTTP/1.1" 200 48706
186.154.129.12 - - [11/Oct/2021:08:17:28 -0500] "GET /sipse/faces/faces/autenticacion HTTP/1.1" 302 -
186.154.129.12 - - [11/Oct/2021:08:17:28 -0500] "GET /sipse/faces/autenticacion.xhtml HTTP/1.1" 200 12179
186.154.129.12 - - [11/Oct/2021:08:17:28 -0500] "GET /sipse/faces/javax.faces.resource/theme.css?ln=primefaces-sipse HTTP/1.1" 304 -
186.154.129.12 - - [11/Oct/2021:08:17:28 -0500] "GET /sipse/faces/javax.faces.resource/layout/layout.css?ln=primefaces&v=4.0 HTTP/1.1" 304 -
186.154.129.12 - - [11/Oct/2021:08:17:28 -0500] "GET /sipse/faces/javax.faces.resource/jquery/jquery.js?ln=primefaces&v=4.0 HTTP/1.1" 304 -
186.154.129.12 - - [11/Oct/2021:08:17:28 -0500] "GET /sipse/faces/javax.faces.resource/primefaces.css?ln=primefaces&v=4.0 HTTP/1.1" 304 -
186.154.129.12 - - [11/Oct/2021:08:17:28 -0500] "GET /sipse/faces/javax.faces.resource/layout/layout.js?ln=primefaces&v=4.0 HTTP/1.1" 304 -
186.154.129.12 - - [11/Oct/2021:08:17:28 -0500] "GET /sipse/faces/javax.faces.resource/primefaces.js?ln=primefaces&v=4.0 HTTP/1.1" 304 -
186.154.129.12 - - [11/Oct/2021:08:17:28 -0500] "GET /sipse/faces/javax.faces.resource/jquery/jquery-plugins.js?ln=primefaces&v=4.0 HTTP/1.1" 304 -
191.95.59.238 - - [11/Oct/2021:08:17:28 -0500] "POST /sipse/faces/presentacion/financiero/solicitudProceso/consultarSolicitudProceso.xhtml HTTP/1.1" 200 35083
191.95.59.238 - - [11/Oct/2021:08:17:31 -0500] "GET /sipse/faces/javax.faces.resource/jquery/jquery.js?ln=primefaces&v=4.0 HTTP/1.1" 304 -
191.95.59.238 - - [11/Oct/2021:08:17:31 -0500] "GET /sipse/faces/javax.faces.resource/jquery/jquery-plugins.js?ln=primefaces&v=4.0 HTTP/1.1" 304 -
191.95.59.238 - - [11/Oct/2021:08:17:31 -0500] "GET /sipse/faces/javax.faces.resource/primefaces.js?ln=primefaces&v=4.0 HTTP/1.1" 304 -
191.95.59.238 - - [11/Oct/2021:08:17:32 -0500] "GET /sipse/faces/javax.faces.resource/layout/layout.js?ln=primefaces&v=4.0 HTTP/1.1" 304 -
191.95.59.238 - - [11/Oct/2021:08:17:32 -0500] "GET /sipse/faces/javax.faces.resource/messages/messages.png?ln=primefaces&v=4.0 HTTP/1.1" 304 -
191.95.59.238 - - [11/Oct/2021:08:17:32 -0500] "POST /sipse/faces/presentacion/financiero/solicitudProceso/listarSolicitudProceso.xhtml HTTP/1.1" 200 1348
188.40.73.215 - - [11/Oct/2021:08:17:33 -0500] "GET /BLA/resoluciones/RESOLUCIONES%202008/4792.pdf HTTP/1.1" 200 379686
191.95.59.238 - - [11/Oct/2021:08:17:35 -0500] "POST /sipse/faces/presentacion/financiero/solicitudProceso/listarSolicitudProceso.xhtml HTTP/1.1" 200 911
191.95.59.238 - - [11/Oct/2021:08:17:36 -0500] "GET /sipse/faces/presentacion/sistema/anexos/faces/autenticacion HTTP/1.1" 302 -
191.95.59.238 - - [11/Oct/2021:08:17:36 -0500] "GET /sipse/faces/autenticacion.xhtml HTTP/1.1" 200 12179
191.95.59.238 - - [11/Oct/2021:08:17:36 -0500] "GET /sipse/faces/javax.faces.resource/theme.css?ln=primefaces-sipse HTTP/1.1" 304 -
191.95.59.238 - - [11/Oct/2021:08:17:36 -0500] "GET /sipse/faces/javax.faces.resource/layout/layout.css?ln=primefaces&v=4.0 HTTP/1.1" 304 -
191.95.59.238 - - [11/Oct/2021:08:17:36 -0500] "GET /sipse/faces/javax.faces.resource/jquery/jquery.js?ln=primefaces&v=4.0 HTTP/1.1" 304 -
191.95.59.238 - - [11/Oct/2021:08:17:36 -0500] "GET /sipse/faces/javax.faces.resource/primefaces.css?ln=primefaces&v=4.0 HTTP/1.1" 304 -
191.95.59.238 - - [11/Oct/2021:08:17:36 -0500] "GET /sipse/faces/javax.faces.resource/jquery/jquery-plugins.js?ln=primefaces&v=4.0 HTTP/1.1" 304 -
191.95.59.238 - - [11/Oct/2021:08:17:36 -0500] "GET /sipse/faces/javax.faces.resource/primefaces.js?ln=primefaces&v=4.0 HTTP/1.1" 304 -
191.95.59.238 - - [11/Oct/2021:08:17:36 -0500] "GET /sipse/faces/javax.faces.resource/layout/layout.js?ln=primefaces&v=4.0 HTTP/1.1" 304 -
191.95.59.238 - - [11/Oct/2021:08:17:37 -0500] "GET /sipse/faces/javax.faces.resource/images/ui-icons_898989_256x240.png?ln=primefaces-aristo HTTP/1.1" 304 -
191.95.59.238 - - [11/Oct/2021:08:17:39 -0500] "POST /sipse/faces/autenticacion.xhtml HTTP/1.1" 200 16471
191.95.59.238 - - [11/Oct/2021:08:17:39 -0500] "GET /sipse/faces/javax.faces.resource/jquery/jquery.js?ln=primefaces&v=4.0 HTTP/1.1" 304 -
191.95.59.238 - - [11/Oct/2021:08:17:39 -0500] "GET /sipse/faces/javax.faces.resource/jquery/jquery-plugins.js?ln=primefaces&v=4.0 HTTP/1.1" 304 -
191.95.59.238 - - [11/Oct/2021:08:17:39 -0500] "GET /sipse/faces/javax.faces.resource/primefaces.js?ln=primefaces&v=4.0 HTTP/1.1" 304 -
191.95.59.238 - - [11/Oct/2021:08:17:39 -0500] "GET /sipse/faces/javax.faces.resource/layout/layout.js?ln=primefaces&v=4.0 HTTP/1.1" 304 -
191.95.59.238 - - [11/Oct/2021:08:17:40 -0500] "GET /sipse/faces/javax.faces.resource/messages/messages.png?ln=primefaces&v=4.0 HTTP/1.1" 304 -
191.95.59.238 - - [11/Oct/2021:08:17:42 -0500] "GET /sipse/faces/javax.faces.resource/images/ui-bg_flat_0_2d5972_40x100.png?ln=primefaces-aristo HTTP/1.1" 304 -
191.95.59.238 - - [11/Oct/2021:08:17:42 -0500] "POST /sipse/faces/bienvenido.xhtml HTTP/1.1" 200 3255
191.95.59.238 - - [11/Oct/2021:08:17:43 -0500] "POST /sipse/faces/bienvenido.xhtml HTTP/1.1" 200 34410
191.95.59.238 - - [11/Oct/2021:08:17:43 -0500] "GET /sipse/faces/javax.faces.resource/jquery/jquery.js?ln=primefaces&v=4.0 HTTP/1.1" 304 -
188.40.73.215 - - [11/Oct/2021:08:17:43 -0500] "GET /BLA/resoluciones/RESOLUCIONES%202008/1491.pdf HTTP/1.1" 200 363752
191.95.59.238 - - [11/Oct/2021:08:17:43 -0500] "GET /sipse/faces/javax.faces.resource/jquery/jquery-plugins.js?ln=primefaces&v=4.0 HTTP/1.1" 304 -
191.95.59.238 - - [11/Oct/2021:08:17:43 -0500] "GET /sipse/faces/javax.faces.resource/primefaces.js?ln=primefaces&v=4.0 HTTP/1.1" 304 -
191.95.59.238 - - [11/Oct/2021:08:17:43 -0500] "GET /sipse/faces/javax.faces.resource/layout/layout.js?ln=primefaces&v=4.0 HTTP/1.1" 304 -
191.95.59.238 - - [11/Oct/2021:08:17:43 -0500] "POST /sipse/faces/presentacion/financiero/solicitudProceso/listarSolicitudProceso.xhtml HTTP/1.1" 200 1348
191.95.59.238 - - [11/Oct/2021:08:17:46 -0500] "POST /sipse/faces/presentacion/financiero/solicitudProceso/listarSolicitudProceso.xhtml HTTP/1.1" 200 105951
191.95.59.238 - - [11/Oct/2021:08:17:47 -0500] "GET /sipse/faces/javax.faces.resource/jquery/jquery.js?ln=primefaces&v=4.0 HTTP/1.1" 304 -
191.95.59.238 - - [11/Oct/2021:08:17:47 -0500] "GET /sipse/faces/javax.faces.resource/jquery/jquery-plugins.js?ln=primefaces&v=4.0 HTTP/1.1" 304 -
191.95.59.238 - - [11/Oct/2021:08:17:47 -0500] "GET /sipse/faces/javax.faces.resource/primefaces.js?ln=primefaces&v=4.0 HTTP/1.1" 304 -
191.95.59.238 - - [11/Oct/2021:08:17:47 -0500] "GET /sipse/faces/javax.faces.resource/layout/layout.js?ln=primefaces&v=4.0 HTTP/1.1" 304 -
191.95.59.238 - - [11/Oct/2021:08:17:47 -0500] "GET /reportes_sipse/sdg/ServletReporte?reporte=experienia_idoneidad&solicitud=15191&pfdrid_c=false HTTP/1.1" 200 138577
188.40.73.215 - - [11/Oct/2021:08:17:51 -0500] "GET /BLA/resoluciones/RESOLUCIONES%202008/4573.pdf HTTP/1.1" 200 30037
191.95.59.238 - - [11/Oct/2021:08:17:51 -0500] "POST /sipse/faces/presentacion/financiero/solicitudProceso/consultarSolicitudProceso.xhtml HTTP/1.1" 200 31831
191.95.59.238 - - [11/Oct/2021:08:17:54 -0500] "GET /sipse/faces/javax.faces.resource/jquery/jquery.js?ln=primefaces&v=4.0 HTTP/1.1" 304 -
191.95.59.238 - - [11/Oct/2021:08:17:54 -0500] "GET /sipse/faces/javax.faces.resource/jquery/jquery-plugins.js?ln=primefaces&v=4.0 HTTP/1.1" 304 -
191.95.59.238 - - [11/Oct/2021:08:17:54 -0500] "GET /sipse/faces/javax.faces.resource/primefaces.js?ln=primefaces&v=4.0 HTTP/1.1" 304 -
191.95.59.238 - - [11/Oct/2021:08:17:54 -0500] "GET /sipse/faces/javax.faces.resource/layout/layout.js?ln=primefaces&v=4.0 HTTP/1.1" 304 -
191.95.59.238 - - [11/Oct/2021:08:17:54 -0500] "POST /sipse/faces/presentacion/financiero/solicitudProceso/listarSolicitudProceso.xhtml HTTP/1.1" 200 1328
191.95.59.238 - - [11/Oct/2021:08:17:57 -0500] "POST /sipse/faces/presentacion/financiero/solicitudProceso/listarSolicitudProceso.xhtml HTTP/1.1" 200 911
191.95.59.238 - - [11/Oct/2021:08:17:58 -0500] "GET /sipse/faces/faces/autenticacion HTTP/1.1" 302 -
191.95.59.238 - - [11/Oct/2021:08:17:58 -0500] "GET /sipse/faces/autenticacion.xhtml HTTP/1.1" 200 12179
191.95.59.238 - - [11/Oct/2021:08:17:58 -0500] "GET /sipse/faces/javax.faces.resource/theme.css?ln=primefaces-sipse HTTP/1.1" 304 -
191.95.59.238 - - [11/Oct/2021:08:17:58 -0500] "GET /sipse/faces/javax.faces.resource/jquery/jquery.js?ln=primefaces&v=4.0 HTTP/1.1" 304 -
191.95.59.238 - - [11/Oct/2021:08:17:58 -0500] "GET /sipse/faces/javax.faces.resource/jquery/jquery-plugins.js?ln=primefaces&v=4.0 HTTP/1.1" 304 -
191.95.59.238 - - [11/Oct/2021:08:17:58 -0500] "GET /sipse/faces/javax.faces.resource/layout/layout.js?ln=primefaces&v=4.0 HTTP/1.1" 304 -
191.95.59.238 - - [11/Oct/2021:08:17:58 -0500] "GET /sipse/faces/javax.faces.resource/primefaces.js?ln=primefaces&v=4.0 HTTP/1.1" 304 -
191.95.59.238 - - [11/Oct/2021:08:17:58 -0500] "GET /sipse/faces/javax.faces.resource/primefaces.css?ln=primefaces&v=4.0 HTTP/1.1" 304 -
191.95.59.238 - - [11/Oct/2021:08:17:58 -0500] "GET /sipse/faces/javax.faces.resource/layout/layout.css?ln=primefaces&v=4.0 HTTP/1.1" 304 -
191.95.59.238 - - [11/Oct/2021:08:17:58 -0500] "GET /sipse/faces/javax.faces.resource/images/ui-icons_898989_256x240.png?ln=primefaces-aristo HTTP/1.1" 304 -
188.40.73.215 - - [11/Oct/2021:08:18:00 -0500] "GET /BLA/resoluciones/RESOLUCIONES%202008/1735.pdf HTTP/1.1" 200 373034
191.95.59.238 - - [11/Oct/2021:08:18:00 -0500] "POST /sipse/faces/autenticacion.xhtml HTTP/1.1" 200 2224
191.95.59.238 - - [11/Oct/2021:08:18:00 -0500] "GET /sipse/faces/javax.faces.resource/messages/messages.png?ln=primefaces&v=4.0 HTTP/1.1" 304 -
186.83.184.136 - - [11/Oct/2021:08:18:01 -0500] "GET /galeria/galeria/jquery.fancybox.css?v=2.1.5 HTTP/1.1" 200 4895
186.83.184.136 - - [11/Oct/2021:08:18:01 -0500] "GET /BLA/boletinlegal/js/jquery.scrollShow.js HTTP/1.1" 200 4586
186.83.184.136 - - [11/Oct/2021:08:18:01 -0500] "GET /galeria/galeria/jquery.fancybox.js?v=2.1.5 HTTP/1.1" 200 48706
191.95.59.238 - - [11/Oct/2021:08:18:01 -0500] "POST /sipse/faces/autenticacion.xhtml HTTP/1.1" 200 16046
191.95.59.238 - - [11/Oct/2021:08:18:02 -0500] "GET /sipse/faces/javax.faces.resource/jquery/jquery.js?ln=primefaces&v=4.0 HTTP/1.1" 304 -
191.95.59.238 - - [11/Oct/2021:08:18:02 -0500] "GET /sipse/faces/javax.faces.resource/jquery/jquery-plugins.js?ln=primefaces&v=4.0 HTTP/1.1" 304 -
191.95.59.238 - - [11/Oct/2021:08:18:02 -0500] "GET /sipse/faces/javax.faces.resource/primefaces.js?ln=primefaces&v=4.0 HTTP/1.1" 304 -
191.95.59.238 - - [11/Oct/2021:08:18:02 -0500] "GET /sipse/faces/javax.faces.resource/layout/layout.js?ln=primefaces&v=4.0 HTTP/1.1" 304 -
191.95.59.238 - - [11/Oct/2021:08:18:04 -0500] "GET /sipse/faces/javax.faces.resource/images/ui-bg_flat_0_2d5972_40x100.png?ln=primefaces-aristo HTTP/1.1" 304 -
191.95.59.238 - - [11/Oct/2021:08:18:04 -0500] "POST /sipse/faces/bienvenido.xhtml HTTP/1.1" 200 2658
191.95.59.238 - - [11/Oct/2021:08:18:06 -0500] "POST /sipse/faces/bienvenido.xhtml HTTP/1.1" 200 60923
191.95.59.238 - - [11/Oct/2021:08:18:08 -0500] "GET /sipse/faces/javax.faces.resource/jquery/jquery.js?ln=primefaces&v=4.0 HTTP/1.1" 304 -
191.95.59.238 - - [11/Oct/2021:08:18:08 -0500] "GET /sipse/faces/javax.faces.resource/jquery/jquery-plugins.js?ln=primefaces&v=4.0 HTTP/1.1" 304 -
191.95.59.238 - - [11/Oct/2021:08:18:08 -0500] "GET /sipse/faces/javax.faces.resource/primefaces.js?ln=primefaces&v=4.0 HTTP/1.1" 304 -
191.95.59.238 - - [11/Oct/2021:08:18:08 -0500] "GET /sipse/faces/javax.faces.resource/layout/layout.js?ln=primefaces&v=4.0 HTTP/1.1" 304 -
188.40.73.215 - - [11/Oct/2021:08:18:09 -0500] "GET /BLA/resoluciones/RESOLUCIONES%202008/3266.pdf HTTP/1.1" 200 251494
191.95.59.238 - - [11/Oct/2021:08:18:08 -0500] "POST /sipse/faces/presentacion/financiero/solicitudProceso/listarSolicitudProceso.xhtml HTTP/1.1" 200 1448
201.245.192.253 - - [11/Oct/2021:08:18:13 -0500] "GET /catalogoisis/ HTTP/1.1" 200 8575
188.40.73.215 - - [11/Oct/2021:08:18:17 -0500] "GET /BLA/resoluciones/RESOLUCIONES%202008/5001.pdf HTTP/1.1" 200 222877
190.27.245.107 - - [11/Oct/2021:08:18:18 -0500] "GET /sipse/ HTTP/1.1" 302 -
181.53.13.169 - - [11/Oct/2021:08:18:18 -0500] "GET /sipse/faces/autenticacion.xhtml HTTP/1.1" 200 12188
181.53.13.169 - - [11/Oct/2021:08:18:18 -0500] "GET /sipse/faces/javax.faces.resource/theme.css?ln=primefaces-sipse HTTP/1.1" 304 -
181.53.13.169 - - [11/Oct/2021:08:18:18 -0500] "GET /sipse/faces/javax.faces.resource/primefaces.css?ln=primefaces&v=4.0 HTTP/1.1" 304 -
181.53.13.169 - - [11/Oct/2021:08:18:18 -0500] "GET /sipse/faces/javax.faces.resource/layout/layout.css?ln=primefaces&v=4.0 HTTP/1.1" 304 -
181.53.13.169 - - [11/Oct/2021:08:18:18 -0500] "GET /sipse/faces/javax.faces.resource/jquery/jquery.js?ln=primefaces&v=4.0 HTTP/1.1" 304 -
181.53.13.169 - - [11/Oct/2021:08:18:18 -0500] "GET /sipse/faces/javax.faces.resource/jquery/jquery-plugins.js?ln=primefaces&v=4.0 HTTP/1.1" 304 -
181.53.13.169 - - [11/Oct/2021:08:18:18 -0500] "GET /sipse/faces/javax.faces.resource/primefaces.js?ln=primefaces&v=4.0 HTTP/1.1" 304 -
181.53.13.169 - - [11/Oct/2021:08:18:18 -0500] "GET /sipse/faces/javax.faces.resource/layout/layout.js?ln=primefaces&v=4.0 HTTP/1.1" 304 -
181.53.13.169 - - [11/Oct/2021:08:18:18 -0500] "GET /sipse/faces/javax.faces.resource/images/ui-icons_898989_256x240.png?ln=primefaces-aristo HTTP/1.1" 304 -
181.53.13.169 - - [11/Oct/2021:08:18:18 -0500] "GET /sipse/faces/index.xhtml HTTP/1.1" 200 677
181.53.13.169 - - [11/Oct/2021:08:18:19 -0500] "GET /sipse/faces/javax.faces.resource/theme.css?ln=primefaces-sipse HTTP/1.1" 304 -
181.53.13.169 - - [11/Oct/2021:08:18:19 -0500] "GET /sipse/faces/faces/autenticacion.xhtml HTTP/1.1" 200 12188
181.53.13.169 - - [11/Oct/2021:08:18:19 -0500] "GET /sipse/faces/javax.faces.resource/layout/layout.css?ln=primefaces&v=4.0 HTTP/1.1" 304 -
181.53.13.169 - - [11/Oct/2021:08:18:19 -0500] "GET /sipse/faces/javax.faces.resource/primefaces.css?ln=primefaces&v=4.0 HTTP/1.1" 304 -
181.53.13.169 - - [11/Oct/2021:08:18:19 -0500] "GET /sipse/faces/javax.faces.resource/theme.css?ln=primefaces-sipse HTTP/1.1" 304 -
181.53.13.169 - - [11/Oct/2021:08:18:19 -0500] "GET /sipse/faces/javax.faces.resource/jquery/jquery.js?ln=primefaces&v=4.0 HTTP/1.1" 304 -
181.53.13.169 - - [11/Oct/2021:08:18:19 -0500] "GET /sipse/faces/javax.faces.resource/primefaces.js?ln=primefaces&v=4.0 HTTP/1.1" 304 -
181.53.13.169 - - [11/Oct/2021:08:18:19 -0500] "GET /sipse/faces/javax.faces.resource/jquery/jquery-plugins.js?ln=primefaces&v=4.0 HTTP/1.1" 304 -
181.53.13.169 - - [11/Oct/2021:08:18:19 -0500] "GET /sipse/faces/javax.faces.resource/layout/layout.js?ln=primefaces&v=4.0 HTTP/1.1" 304 -
181.53.13.169 - - [11/Oct/2021:08:18:22 -0500] "POST /sipse/faces/autenticacion.xhtml HTTP/1.1" 200 2228
181.53.13.169 - - [11/Oct/2021:08:18:23 -0500] "GET /sipse/faces/javax.faces.resource/messages/messages.png?ln=primefaces&v=4.0 HTTP/1.1" 304 -
181.53.13.169 - - [11/Oct/2021:08:18:24 -0500] "GET /sipse/faces/javax.faces.resource/images/ui-icons_898989_256x240.png?ln=primefaces-aristo HTTP/1.1" 304 -
181.53.13.169 - - [11/Oct/2021:08:18:24 -0500] "POST /sipse/faces/autenticacion.xhtml HTTP/1.1" 200 16039
181.53.13.169 - - [11/Oct/2021:08:18:24 -0500] "GET /sipse/faces/javax.faces.resource/theme.css?ln=primefaces-sipse HTTP/1.1" 304 -
181.53.13.169 - - [11/Oct/2021:08:18:24 -0500] "GET /sipse/faces/javax.faces.resource/primefaces.css?ln=primefaces&v=4.0 HTTP/1.1" 304 -
181.53.13.169 - - [11/Oct/2021:08:18:24 -0500] "GET /sipse/faces/javax.faces.resource/layout/layout.css?ln=primefaces&v=4.0 HTTP/1.1" 304 -
181.53.13.169 - - [11/Oct/2021:08:18:24 -0500] "GET /sipse/faces/javax.faces.resource/jquery/jquery.js?ln=primefaces&v=4.0 HTTP/1.1" 304 -
181.53.13.169 - - [11/Oct/2021:08:18:24 -0500] "GET /sipse/faces/javax.faces.resource/jquery/jquery-plugins.js?ln=primefaces&v=4.0 HTTP/1.1" 304 -
181.53.13.169 - - [11/Oct/2021:08:18:24 -0500] "GET /sipse/faces/javax.faces.resource/primefaces.js?ln=primefaces&v=4.0 HTTP/1.1" 304 -
181.53.13.169 - - [11/Oct/2021:08:18:24 -0500] "GET /sipse/faces/javax.faces.resource/layout/layout.js?ln=primefaces&v=4.0 HTTP/1.1" 304 -
181.53.13.169 - - [11/Oct/2021:08:18:25 -0500] "GET /sipse/css/imagen/contrasena.png HTTP/1.1" 404 383
188.40.73.215 - - [11/Oct/2021:08:18:25 -0500] "GET /BLA/resoluciones/RESOLUCIONES%202008/1012.pdf HTTP/1.1" 200 548953
181.53.12.10 - - [11/Oct/2021:08:18:25 -0500] "GET /galeria/galeria/jquery.fancybox.css?v=2.1.5 HTTP/1.1" 200 4895
181.53.12.10 - - [11/Oct/2021:08:18:26 -0500] "GET /BLA/boletinlegal/js/jquery.scrollShow.js HTTP/1.1" 200 4586
181.53.12.10 - - [11/Oct/2021:08:18:27 -0500] "GET /galeria/galeria/jquery.fancybox.js?v=2.1.5 HTTP/1.1" 200 48706
181.53.12.10 - - [11/Oct/2021:08:18:28 -0500] "GET /galeria/carrusel/Carrusel/jquery.thumbnailScroller.css HTTP/1.1" 200 2066
181.53.12.10 - - [11/Oct/2021:08:18:29 -0500] "GET /galeria/carrusel/Carrusel/jquery-ui-1.8.13.custom.min.js HTTP/1.1" 200 10800
181.53.12.10 - - [11/Oct/2021:08:18:29 -0500] "GET /galeria/carrusel/Carrusel/jquery.thumbnailScroller.js HTTP/1.1" 200 8157
181.53.12.10 - - [11/Oct/2021:08:18:29 -0500] "GET /galeria/nivo-slider/demo/banner.html HTTP/1.1" 200 5446
181.53.12.10 - - [11/Oct/2021:08:18:29 -0500] "GET /galeria/nivo-slider/themes/default/default.css HTTP/1.1" 200 1569
181.53.12.10 - - [11/Oct/2021:08:18:29 -0500] "GET /galeria/nivo-slider/themes/pascal/pascal.css HTTP/1.1" 200 2258
181.53.12.10 - - [11/Oct/2021:08:18:30 -0500] "GET /galeria/nivo-slider/themes/orman/orman.css HTTP/1.1" 200 2152
181.53.12.10 - - [11/Oct/2021:08:18:30 -0500] "GET /galeria/nivo-slider/nivo-slider.css HTTP/1.1" 200 1507
181.53.12.10 - - [11/Oct/2021:08:18:30 -0500] "GET /galeria/nivo-slider/demo/style.css HTTP/1.1" 200 2222
181.53.12.10 - - [11/Oct/2021:08:18:30 -0500] "GET /galeria/nivo-slider/demo/scripts/jquery-1.7.1.min.js HTTP/1.1" 200 93868
181.53.12.10 - - [11/Oct/2021:08:18:30 -0500] "GET /galeria/nivo-slider/jquery.nivo.slider.pack.js HTTP/1.1" 200 11561
181.53.12.10 - - [11/Oct/2021:08:18:30 -0500] "GET /galeria/nivo-slider/demo/images/bannertortuga_optimized.jpg HTTP/1.1" 200 39066
181.53.13.169 - - [11/Oct/2021:08:18:30 -0500] "GET /sipse/faces/javax.faces.resource/images/ui-bg_flat_0_2d5972_40x100.png?ln=primefaces-aristo HTTP/1.1" 304 -
181.53.13.169 - - [11/Oct/2021:08:18:30 -0500] "POST /sipse/faces/bienvenido.xhtml HTTP/1.1" 200 2073
181.53.12.10 - - [11/Oct/2021:08:18:30 -0500] "GET /galeria/nivo-slider/demo/images/Bannermujeresquereverdecen.jpg HTTP/1.1" 200 46558
181.53.12.10 - - [11/Oct/2021:08:18:31 -0500] "GET /galeria/nivo-slider/demo/images/bannertrafico_optimized.jpg HTTP/1.1" 200 42578
181.53.12.10 - - [11/Oct/2021:08:18:31 -0500] "GET /galeria/nivo-slider/demo/images/4Simple_Slider.png HTTP/1.1" 200 11722
181.53.12.10 - - [11/Oct/2021:08:18:31 -0500] "GET /galeria/nivo-slider/themes/default/loading.gif HTTP/1.1" 200 1737
181.53.12.10 - - [11/Oct/2021:08:18:31 -0500] "GET /galeria/nivo-slider/demo/images/Bannersedeelectronica.jpg HTTP/1.1" 200 40383
181.53.12.10 - - [11/Oct/2021:08:18:31 -0500] "GET /galeria/nivo-slider/demo/images/bannerrutaesperanza.jpg HTTP/1.1" 200 55560
181.53.12.10 - - [11/Oct/2021:08:18:32 -0500] "GET /galeria/nivo-slider/demo/images/banneraire2021.jpg HTTP/1.1" 200 265101
181.53.12.10 - - [11/Oct/2021:08:18:32 -0500] "GET /galeria/nivo-slider/demo/images/Bannerplasticosseptiembre.jpg HTTP/1.1" 200 45633
181.53.13.169 - - [11/Oct/2021:08:18:32 -0500] "POST /sipse/faces/bienvenido.xhtml HTTP/1.1" 200 38769
181.53.13.169 - - [11/Oct/2021:08:18:32 -0500] "GET /sipse/faces/javax.faces.resource/primefaces.css?ln=primefaces&v=4.0 HTTP/1.1" 304 -
181.53.13.169 - - [11/Oct/2021:08:18:32 -0500] "GET /sipse/faces/javax.faces.resource/layout/layout.css?ln=primefaces&v=4.0 HTTP/1.1" 304 -
181.53.13.169 - - [11/Oct/2021:08:18:32 -0500] "GET /sipse/faces/javax.faces.resource/theme.css?ln=primefaces-sipse HTTP/1.1" 304 -
181.53.13.169 - - [11/Oct/2021:08:18:33 -0500] "GET /sipse/faces/javax.faces.resource/jquery/jquery.js?ln=primefaces&v=4.0 HTTP/1.1" 304 -
181.53.13.169 - - [11/Oct/2021:08:18:33 -0500] "GET /sipse/faces/javax.faces.resource/jquery/jquery-plugins.js?ln=primefaces&v=4.0 HTTP/1.1" 304 -
181.53.13.169 - - [11/Oct/2021:08:18:33 -0500] "GET /sipse/faces/javax.faces.resource/primefaces.js?ln=primefaces&v=4.0 HTTP/1.1" 304 -
181.53.13.169 - - [11/Oct/2021:08:18:33 -0500] "GET /sipse/faces/javax.faces.resource/layout/layout.js?ln=primefaces&v=4.0 HTTP/1.1" 304 -
181.53.12.10 - - [11/Oct/2021:08:18:33 -0500] "GET /galeria/nivo-slider/demo/images/bannerresiduoshospitalariosagosto.jpg HTTP/1.1" 200 36499
181.53.12.10 - - [11/Oct/2021:08:18:33 -0500] "GET /galeria/nivo-slider/demo/images/banneraccionpopularcrr68.jpg HTTP/1.1" 200 51887
188.40.73.215 - - [11/Oct/2021:08:18:34 -0500] "GET /BLA/resoluciones/RESOLUCIONES%202008/2677.pdf HTTP/1.1" 200 75899
181.53.12.10 - - [11/Oct/2021:08:18:34 -0500] "GET /galeria/nivo-slider/demo/images/banneraccionpopular.jpeg HTTP/1.1" 200 41707
181.53.12.10 - - [11/Oct/2021:08:18:35 -0500] "GET /galeria/nivo-slider/demo/images/bannerclases2021.jpg HTTP/1.1" 200 68230
181.53.12.10 - - [11/Oct/2021:08:18:36 -0500] "GET /galeria/nivo-slider/demo/images/bannercapacitacionesbogota.jpg HTTP/1.1" 200 42416
181.53.12.10 - - [11/Oct/2021:08:18:36 -0500] "GET /galeria/nivo-slider/demo/images/Bannerenvases.jpg HTTP/1.1" 200 37316
181.53.12.10 - - [11/Oct/2021:08:18:36 -0500] "GET /galeria/nivo-slider/demo/images/Bannervirtualescanales.jpg HTTP/1.1" 200 174544
181.53.12.10 - - [11/Oct/2021:08:18:38 -0500] "GET /galeria/nivo-slider/themes/default/arrows.png HTTP/1.1" 200 824
181.53.12.10 - - [11/Oct/2021:08:18:38 -0500] "GET /galeria/nivo-slider/themes/default/bullets.png HTTP/1.1" 200 1281
188.40.73.215 - - [11/Oct/2021:08:18:42 -0500] "GET /BLA/resoluciones/RESOLUCIONES%202008/1903.pdf HTTP/1.1" 200 193318
201.245.192.253 - - [11/Oct/2021:08:18:46 -0500] "GET /BLA/boletinlegal/js/jquery.scrollShow.js HTTP/1.1" 200 4586
201.245.192.253 - - [11/Oct/2021:08:18:46 -0500] "GET /galeria/galeria/jquery.fancybox.js?v=2.1.5 HTTP/1.1" 200 48706
201.245.192.253 - - [11/Oct/2021:08:18:46 -0500] "GET /galeria/carrusel/Carrusel/jquery-ui-1.8.13.custom.min.js HTTP/1.1" 200 10800
201.245.192.253 - - [11/Oct/2021:08:18:46 -0500] "GET /galeria/carrusel/Carrusel/jquery.thumbnailScroller.css HTTP/1.1" 200 2066
201.245.192.253 - - [11/Oct/2021:08:18:46 -0500] "GET /galeria/carrusel/Carrusel/jquery.thumbnailScroller.js HTTP/1.1" 200 8157
201.245.192.253 - - [11/Oct/2021:08:18:46 -0500] "GET /galeria/galeria/jquery.fancybox.css?v=2.1.5 HTTP/1.1" 200 4895
201.245.192.253 - - [11/Oct/2021:08:18:47 -0500] "GET /galeria/nivo-slider/demo/banner.html HTTP/1.1" 200 5446
201.245.192.253 - - [11/Oct/2021:08:18:47 -0500] "GET /galeria/nivo-slider/themes/default/default.css HTTP/1.1" 200 1569
201.245.192.253 - - [11/Oct/2021:08:18:47 -0500] "GET /galeria/nivo-slider/themes/pascal/pascal.css HTTP/1.1" 200 2258
201.245.192.253 - - [11/Oct/2021:08:18:47 -0500] "GET /galeria/nivo-slider/themes/orman/orman.css HTTP/1.1" 200 2152
201.245.192.253 - - [11/Oct/2021:08:18:47 -0500] "GET /galeria/nivo-slider/nivo-slider.css HTTP/1.1" 200 1507
201.245.192.253 - - [11/Oct/2021:08:18:47 -0500] "GET /galeria/nivo-slider/demo/style.css HTTP/1.1" 200 2222
201.245.192.253 - - [11/Oct/2021:08:18:47 -0500] "GET /galeria/nivo-slider/demo/scripts/jquery-1.7.1.min.js HTTP/1.1" 200 93868
201.245.192.253 - - [11/Oct/2021:08:18:47 -0500] "GET /galeria/nivo-slider/jquery.nivo.slider.pack.js HTTP/1.1" 200 11561
201.245.192.253 - - [11/Oct/2021:08:18:47 -0500] "GET /galeria/nivo-slider/demo/images/bannertortuga_optimized.jpg HTTP/1.1" 200 39066
201.245.192.253 - - [11/Oct/2021:08:18:47 -0500] "GET /galeria/nivo-slider/demo/images/Bannermujeresquereverdecen.jpg HTTP/1.1" 200 46558
201.245.192.253 - - [11/Oct/2021:08:18:47 -0500] "GET /galeria/nivo-slider/demo/images/bannertrafico_optimized.jpg HTTP/1.1" 200 42578
201.245.192.253 - - [11/Oct/2021:08:18:48 -0500] "GET /galeria/nivo-slider/demo/images/Bannersedeelectronica.jpg HTTP/1.1" 200 40383
201.245.192.253 - - [11/Oct/2021:08:18:48 -0500] "GET /galeria/nivo-slider/demo/images/bannerrutaesperanza.jpg HTTP/1.1" 200 55560
201.245.192.253 - - [11/Oct/2021:08:18:48 -0500] "GET /galeria/nivo-slider/demo/images/banneraire2021.jpg HTTP/1.1" 200 265101
201.245.192.253 - - [11/Oct/2021:08:18:48 -0500] "GET /galeria/nivo-slider/demo/images/Bannerplasticosseptiembre.jpg HTTP/1.1" 200 45633
201.245.192.253 - - [11/Oct/2021:08:18:48 -0500] "GET /galeria/nivo-slider/demo/images/bannerresiduoshospitalariosagosto.jpg HTTP/1.1" 200 36499
201.245.192.253 - - [11/Oct/2021:08:18:48 -0500] "GET /galeria/nivo-slider/demo/images/banneraccionpopularcrr68.jpg HTTP/1.1" 200 51887
201.245.192.253 - - [11/Oct/2021:08:18:48 -0500] "GET /galeria/nivo-slider/demo/images/banneraccionpopular.jpeg HTTP/1.1" 200 41707
201.245.192.253 - - [11/Oct/2021:08:18:48 -0500] "GET /galeria/nivo-slider/demo/images/bannerclases2021.jpg HTTP/1.1" 200 68230
201.245.192.253 - - [11/Oct/2021:08:18:48 -0500] "GET /galeria/nivo-slider/demo/images/bannercapacitacionesbogota.jpg HTTP/1.1" 200 42416
201.245.192.253 - - [11/Oct/2021:08:18:48 -0500] "GET /galeria/nivo-slider/demo/images/Bannerenvases.jpg HTTP/1.1" 200 37316
201.245.192.253 - - [11/Oct/2021:08:18:48 -0500] "GET /galeria/nivo-slider/demo/images/Bannervirtualescanales.jpg HTTP/1.1" 200 174544
201.245.192.253 - - [11/Oct/2021:08:18:48 -0500] "GET /galeria/nivo-slider/demo/images/4Simple_Slider.png HTTP/1.1" 200 11722
201.245.192.253 - - [11/Oct/2021:08:18:48 -0500] "GET /galeria/nivo-slider/themes/default/loading.gif HTTP/1.1" 200 1737
201.245.192.253 - - [11/Oct/2021:08:18:48 -0500] "GET /galeria/nivo-slider/themes/default/arrows.png HTTP/1.1" 200 824
201.245.192.253 - - [11/Oct/2021:08:18:48 -0500] "GET /galeria/nivo-slider/themes/default/bullets.png HTTP/1.1" 200 1281
188.40.73.215 - - [11/Oct/2021:08:18:51 -0500] "GET /BLA/resoluciones/RESOLUCIONES%202008/1704.pdf HTTP/1.1" 200 242329
181.53.13.169 - - [11/Oct/2021:08:18:37 -0500] "POST /sipse/faces/presentacion/financiero/solicitudProceso/consultar.xhtml HTTP/1.1" 200 44403
188.40.73.215 - - [11/Oct/2021:08:19:00 -0500] "GET /BLA/resoluciones/RESOLUCIONES%202008/4732.pdf HTTP/1.1" 200 337280
181.53.13.169 - - [11/Oct/2021:08:19:02 -0500] "POST /sipse/faces/presentacion/financiero/solicitudProceso/consultar.xhtml HTTP/1.1" 200 12746
188.40.73.215 - - [11/Oct/2021:08:19:09 -0500] "GET /BLA/resoluciones/RESOLUCIONES%202008/4434.pdf HTTP/1.1" 200 300923
201.245.192.253 - - [11/Oct/2021:08:19:14 -0500] "GET /catalogoisis/ HTTP/1.1" 200 8575
188.40.73.215 - - [11/Oct/2021:08:19:17 -0500] "GET /BLA/resoluciones/RESOLUCIONES%202008/1608.pdf HTTP/1.1" 200 280017
188.40.73.215 - - [11/Oct/2021:08:19:26 -0500] "GET /BLA/resoluciones/RESOLUCIONES%202008/4802.pdf HTTP/1.1" 200 393284
181.53.13.169 - - [11/Oct/2021:08:19:29 -0500] "POST /sipse/faces/presentacion/financiero/solicitudProceso/consultar.xhtml HTTP/1.1" 200 108805
181.53.13.169 - - [11/Oct/2021:08:19:30 -0500] "GET /sipse/faces/javax.faces.resource/theme.css?ln=primefaces-sipse HTTP/1.1" 304 -
181.53.13.169 - - [11/Oct/2021:08:19:30 -0500] "GET /sipse/faces/javax.faces.resource/jquery/jquery.js?ln=primefaces&v=4.0 HTTP/1.1" 304 -
181.53.13.169 - - [11/Oct/2021:08:19:30 -0500] "GET /sipse/faces/javax.faces.resource/primefaces.css?ln=primefaces&v=4.0 HTTP/1.1" 304 -
181.53.13.169 - - [11/Oct/2021:08:19:30 -0500] "GET /sipse/faces/javax.faces.resource/layout/layout.css?ln=primefaces&v=4.0 HTTP/1.1" 304 -
181.53.13.169 - - [11/Oct/2021:08:19:30 -0500] "GET /sipse/faces/javax.faces.resource/jquery/jquery-plugins.js?ln=primefaces&v=4.0 HTTP/1.1" 304 -
181.53.13.169 - - [11/Oct/2021:08:19:30 -0500] "GET /sipse/faces/javax.faces.resource/primefaces.js?ln=primefaces&v=4.0 HTTP/1.1" 304 -
181.53.13.169 - - [11/Oct/2021:08:19:30 -0500] "GET /sipse/faces/javax.faces.resource/layout/layout.js?ln=primefaces&v=4.0 HTTP/1.1" 304 -
181.53.13.169 - - [11/Oct/2021:08:19:30 -0500] "GET /reportes_sipse/sdg/ServletReporte?reporte=experienia_idoneidad&solicitud=15191&pfdrid_c=false HTTP/1.1" 200 138577
188.40.73.215 - - [11/Oct/2021:08:19:34 -0500] "GET /BLA/resoluciones/RESOLUCIONES%202008/5519.pdf HTTP/1.1" 200 322443
216.245.221.92 - - [11/Oct/2021:08:19:39 -0500] "HEAD / HTTP/1.1" 200 -
188.40.73.215 - - [11/Oct/2021:08:19:43 -0500] "GET /BLA/resoluciones/RESOLUCIONES%202008/4189.pdf HTTP/1.1" 200 859689
188.40.73.215 - - [11/Oct/2021:08:19:52 -0500] "GET /BLA/resoluciones/RESOLUCIONES%202008/3811.pdf HTTP/1.1" 200 224716
188.40.73.215 - - [11/Oct/2021:08:20:01 -0500] "GET /BLA/resoluciones/RESOLUCIONES%202008/0964.pdf HTTP/1.1" 200 198044
188.40.73.215 - - [11/Oct/2021:08:20:08 -0500] "GET /BLA/resoluciones/RESOLUCIONES%202008/1783.pdf HTTP/1.1" 200 283888
45.179.160.242 - - [11/Oct/2021:08:20:12 -0500] "GET /galeria/galeria/jquery.fancybox.css?v=2.1.5 HTTP/1.1" 200 4895
45.179.160.242 - - [11/Oct/2021:08:20:14 -0500] "GET /BLA/boletinlegal/js/jquery.scrollShow.js HTTP/1.1" 200 4586
45.179.160.242 - - [11/Oct/2021:08:20:15 -0500] "GET /galeria/galeria/jquery.fancybox.js?v=2.1.5 HTTP/1.1" 200 48706
201.245.192.253 - - [11/Oct/2021:08:20:15 -0500] "GET /catalogoisis/ HTTP/1.1" 200 8575
188.40.73.215 - - [11/Oct/2021:08:20:17 -0500] "GET /BLA/resoluciones/RESOLUCIONES%202008/3542.pdf HTTP/1.1" 200 208538
45.95.147.26 - - [11/Oct/2021:08:20:23 -0500] "-" 408 -
188.40.73.215 - - [11/Oct/2021:08:20:25 -0500] "GET /BLA/resoluciones/RESOLUCIONES%202008/3965.pdf HTTP/1.1" 200 458081
186.154.90.146 - - [11/Oct/2021:08:20:32 -0500] "GET /BLA/boletinlegal/js/jquery.scrollShow.js HTTP/1.1" 200 4586
186.154.90.146 - - [11/Oct/2021:08:20:32 -0500] "GET /galeria/galeria/jquery.fancybox.js?v=2.1.5 HTTP/1.1" 200 48706
186.154.90.146 - - [11/Oct/2021:08:20:32 -0500] "GET /galeria/galeria/jquery.fancybox.css?v=2.1.5 HTTP/1.1" 200 4895
186.154.90.146 - - [11/Oct/2021:08:20:32 -0500] "GET /galeria/carrusel/Carrusel/jquery.thumbnailScroller.css HTTP/1.1" 200 2066
186.154.90.146 - - [11/Oct/2021:08:20:32 -0500] "GET /galeria/carrusel/Carrusel/jquery-ui-1.8.13.custom.min.js HTTP/1.1" 200 10800
186.154.90.146 - - [11/Oct/2021:08:20:33 -0500] "GET /galeria/carrusel/Carrusel/jquery.thumbnailScroller.js HTTP/1.1" 200 8157
188.40.73.215 - - [11/Oct/2021:08:20:33 -0500] "GET /BLA/resoluciones/RESOLUCIONES%202008/0154.pdf HTTP/1.1" 200 59559
201.232.221.82 - - [11/Oct/2021:08:20:39 -0500] "GET /galeria/galeria/jquery.fancybox.css?v=2.1.5 HTTP/1.1" 200 4895
201.232.221.82 - - [11/Oct/2021:08:20:39 -0500] "GET /BLA/boletinlegal/js/jquery.scrollShow.js HTTP/1.1" 200 4586
201.232.221.82 - - [11/Oct/2021:08:20:39 -0500] "GET /galeria/galeria/jquery.fancybox.js?v=2.1.5 HTTP/1.1" 200 48706
186.154.90.146 - - [11/Oct/2021:08:20:41 -0500] "GET /galeria/nivo-slider/demo/banner.html HTTP/1.1" 200 5446
188.40.73.215 - - [11/Oct/2021:08:20:41 -0500] "GET /BLA/resoluciones/RESOLUCIONES%202008/4167.pdf HTTP/1.1" 200 292357
186.154.90.146 - - [11/Oct/2021:08:20:42 -0500] "GET /galeria/nivo-slider/themes/pascal/pascal.css HTTP/1.1" 200 2258
186.154.90.146 - - [11/Oct/2021:08:20:42 -0500] "GET /galeria/nivo-slider/themes/orman/orman.css HTTP/1.1" 200 2152
186.154.90.146 - - [11/Oct/2021:08:20:42 -0500] "GET /galeria/nivo-slider/nivo-slider.css HTTP/1.1" 200 1507
186.154.90.146 - - [11/Oct/2021:08:20:42 -0500] "GET /galeria/nivo-slider/themes/default/default.css HTTP/1.1" 200 1569
186.154.90.146 - - [11/Oct/2021:08:20:42 -0500] "GET /galeria/nivo-slider/demo/scripts/jquery-1.7.1.min.js HTTP/1.1" 200 93868
186.154.90.146 - - [11/Oct/2021:08:20:42 -0500] "GET /galeria/nivo-slider/demo/style.css HTTP/1.1" 200 2222
186.154.90.146 - - [11/Oct/2021:08:20:42 -0500] "GET /galeria/nivo-slider/demo/images/bannerrutaesperanza.jpg HTTP/1.1" 200 55560
186.154.90.146 - - [11/Oct/2021:08:20:42 -0500] "GET /galeria/nivo-slider/demo/images/Bannerplasticosseptiembre.jpg HTTP/1.1" 200 45633
186.154.90.146 - - [11/Oct/2021:08:20:42 -0500] "GET /galeria/nivo-slider/demo/images/Bannerenvases.jpg HTTP/1.1" 200 37316
186.154.90.146 - - [11/Oct/2021:08:20:42 -0500] "GET /galeria/nivo-slider/demo/images/bannertortuga_optimized.jpg HTTP/1.1" 200 39066
186.154.90.146 - - [11/Oct/2021:08:20:42 -0500] "GET /galeria/nivo-slider/demo/images/banneraccionpopular.jpeg HTTP/1.1" 200 41707
186.154.90.146 - - [11/Oct/2021:08:20:42 -0500] "GET /galeria/nivo-slider/demo/images/Bannervirtualescanales.jpg HTTP/1.1" 200 174544
186.154.90.146 - - [11/Oct/2021:08:20:42 -0500] "GET /galeria/nivo-slider/demo/images/bannerclases2021.jpg HTTP/1.1" 200 68230
186.154.90.146 - - [11/Oct/2021:08:20:42 -0500] "GET /galeria/nivo-slider/demo/images/bannertrafico_optimized.jpg HTTP/1.1" 200 42578
186.154.90.146 - - [11/Oct/2021:08:20:42 -0500] "GET /galeria/nivo-slider/demo/images/banneraire2021.jpg HTTP/1.1" 200 265101
186.154.90.146 - - [11/Oct/2021:08:20:42 -0500] "GET /galeria/nivo-slider/demo/images/banneraccionpopularcrr68.jpg HTTP/1.1" 200 51887
186.154.90.146 - - [11/Oct/2021:08:20:42 -0500] "GET /galeria/nivo-slider/demo/images/Bannermujeresquereverdecen.jpg HTTP/1.1" 200 46558
186.154.90.146 - - [11/Oct/2021:08:20:42 -0500] "GET /galeria/nivo-slider/demo/images/Bannersedeelectronica.jpg HTTP/1.1" 200 40383
186.154.90.146 - - [11/Oct/2021:08:20:42 -0500] "GET /galeria/nivo-slider/demo/images/bannerresiduoshospitalariosagosto.jpg HTTP/1.1" 200 36499
186.154.90.146 - - [11/Oct/2021:08:20:42 -0500] "GET /galeria/nivo-slider/demo/images/bannercapacitacionesbogota.jpg HTTP/1.1" 200 42416
186.154.90.146 - - [11/Oct/2021:08:20:42 -0500] "GET /galeria/nivo-slider/demo/images/4Simple_Slider.png HTTP/1.1" 200 11722
186.154.90.146 - - [11/Oct/2021:08:20:42 -0500] "GET /galeria/nivo-slider/themes/default/loading.gif HTTP/1.1" 200 1737
186.154.90.146 - - [11/Oct/2021:08:20:42 -0500] "GET /galeria/nivo-slider/jquery.nivo.slider.pack.js HTTP/1.1" 200 11561
186.154.90.146 - - [11/Oct/2021:08:20:43 -0500] "GET /galeria/nivo-slider/themes/default/arrows.png HTTP/1.1" 200 824
186.154.90.146 - - [11/Oct/2021:08:20:43 -0500] "GET /galeria/nivo-slider/themes/default/bullets.png HTTP/1.1" 200 1281
66.249.66.139 - - [11/Oct/2021:08:20:45 -0500] "-" 408 -
188.40.73.215 - - [11/Oct/2021:08:20:50 -0500] "GET /BLA/resoluciones/RESOLUCIONES%202008/5719.pdf HTTP/1.1" 200 264333
186.102.19.253 - - [11/Oct/2021:08:20:50 -0500] "GET /BLA/boletinlegal/js/jquery.scrollShow.js HTTP/1.1" 200 4586
186.102.19.253 - - [11/Oct/2021:08:20:50 -0500] "GET /galeria/galeria/jquery.fancybox.js?v=2.1.5 HTTP/1.1" 200 48706
186.102.19.253 - - [11/Oct/2021:08:20:51 -0500] "GET /galeria/galeria/jquery.fancybox.css?v=2.1.5 HTTP/1.1" 200 4895
201.245.192.253 - - [11/Oct/2021:08:20:09 -0500] "POST /kwsrmcab/Wsrmcab HTTP/1.1" 200 47923
188.40.73.215 - - [11/Oct/2021:08:20:58 -0500] "GET /BLA/resoluciones/RESOLUCIONES%202008/2012.pdf HTTP/1.1" 200 112795
201.245.214.124 - - [11/Oct/2021:08:21:02 -0500] "GET /BLA/boletinlegal/js/jquery.scrollShow.js HTTP/1.1" 200 4586
201.245.214.124 - - [11/Oct/2021:08:21:02 -0500] "GET /galeria/galeria/jquery.fancybox.css?v=2.1.5 HTTP/1.1" 200 4895
201.245.214.124 - - [11/Oct/2021:08:21:02 -0500] "GET /galeria/galeria/jquery.fancybox.js?v=2.1.5 HTTP/1.1" 200 48706
188.40.73.215 - - [11/Oct/2021:08:21:07 -0500] "GET /BLA/resoluciones/RESOLUCIONES%202008/3660.pdf HTTP/1.1" 200 1185391
188.40.73.215 - - [11/Oct/2021:08:21:13 -0500] "GET /BLA/resoluciones/RESOLUCIONES%202008/3346.pdf HTTP/1.1" 200 149933
201.245.192.253 - - [11/Oct/2021:08:21:16 -0500] "GET /catalogoisis/ HTTP/1.1" 200 8575
200.93.167.43 - - [11/Oct/2021:08:21:21 -0500] "GET /galeria/galeria/jquery.fancybox.css?v=2.1.5 HTTP/1.1" 200 4895
200.93.167.43 - - [11/Oct/2021:08:21:21 -0500] "GET /BLA/boletinlegal/js/jquery.scrollShow.js HTTP/1.1" 200 4586
200.93.167.43 - - [11/Oct/2021:08:21:21 -0500] "GET /galeria/galeria/jquery.fancybox.js?v=2.1.5 HTTP/1.1" 200 48706
188.40.73.215 - - [11/Oct/2021:08:21:22 -0500] "GET /BLA/resoluciones/RESOLUCIONES%202008/3641.pdf HTTP/1.1" 200 584584
186.154.129.12 - - [11/Oct/2021:08:21:30 -0500] "POST /sipse/faces/autenticacion.xhtml HTTP/1.1" 200 2228
188.40.73.215 - - [11/Oct/2021:08:21:30 -0500] "GET /BLA/resoluciones/RESOLUCIONES%202008/1409.pdf HTTP/1.1" 200 202954
186.154.129.12 - - [11/Oct/2021:08:21:32 -0500] "POST /sipse/faces/autenticacion.xhtml HTTP/1.1" 200 2224
201.245.192.253 - - [11/Oct/2021:08:20:54 -0500] "POST /kwsrmcab/Wsrmcab HTTP/1.1" 200 48531
188.40.73.215 - - [11/Oct/2021:08:21:38 -0500] "GET /BLA/resoluciones/RESOLUCIONES%202008/4311.pdf HTTP/1.1" 200 344380
188.40.73.215 - - [11/Oct/2021:08:21:47 -0500] "GET /BLA/resoluciones/RESOLUCIONES%202008/3600.pdf HTTP/1.1" 200 552621
186.154.129.12 - - [11/Oct/2021:08:21:51 -0500] "POST /sipse/faces/autenticacion.xhtml HTTP/1.1" 200 16053
186.154.129.12 - - [11/Oct/2021:08:21:52 -0500] "GET /sipse/faces/javax.faces.resource/theme.css?ln=primefaces-sipse HTTP/1.1" 304 -
186.154.129.12 - - [11/Oct/2021:08:21:52 -0500] "GET /sipse/faces/javax.faces.resource/primefaces.css?ln=primefaces&v=4.0 HTTP/1.1" 304 -
186.154.129.12 - - [11/Oct/2021:08:21:52 -0500] "GET /sipse/faces/javax.faces.resource/layout/layout.css?ln=primefaces&v=4.0 HTTP/1.1" 304 -
186.154.129.12 - - [11/Oct/2021:08:21:52 -0500] "GET /sipse/faces/javax.faces.resource/jquery/jquery.js?ln=primefaces&v=4.0 HTTP/1.1" 304 -
186.154.129.12 - - [11/Oct/2021:08:21:52 -0500] "GET /sipse/faces/javax.faces.resource/jquery/jquery-plugins.js?ln=primefaces&v=4.0 HTTP/1.1" 304 -
186.154.129.12 - - [11/Oct/2021:08:21:52 -0500] "GET /sipse/faces/javax.faces.resource/primefaces.js?ln=primefaces&v=4.0 HTTP/1.1" 304 -
186.154.129.12 - - [11/Oct/2021:08:21:52 -0500] "GET /sipse/faces/javax.faces.resource/layout/layout.js?ln=primefaces&v=4.0 HTTP/1.1" 304 -
186.154.129.12 - - [11/Oct/2021:08:21:52 -0500] "GET /sipse/css/imagen/contrasena.png HTTP/1.1" 404 383
186.154.129.12 - - [11/Oct/2021:08:21:52 -0500] "GET /sipse/faces/javax.faces.resource/images/ui-icons_898989_256x240.png?ln=primefaces-aristo HTTP/1.1" 304 -
188.40.73.215 - - [11/Oct/2021:08:21:56 -0500] "GET /BLA/resoluciones/RESOLUCIONES%202008/5669.pdf HTTP/1.1" 200 227323
190.85.24.118 - - [11/Oct/2021:08:22:02 -0500] "GET /galeria/galeria/jquery.fancybox.css?v=2.1.5 HTTP/1.1" 200 4895
190.85.24.118 - - [11/Oct/2021:08:22:02 -0500] "GET /galeria/galeria/jquery.fancybox.js?v=2.1.5 HTTP/1.1" 200 48706
190.85.24.118 - - [11/Oct/2021:08:22:02 -0500] "GET /BLA/boletinlegal/js/jquery.scrollShow.js HTTP/1.1" 200 4586
188.40.73.215 - - [11/Oct/2021:08:22:05 -0500] "GET /BLA/resoluciones/RESOLUCIONES%202008/3615.pdf HTTP/1.1" 200 445506
181.61.12.194 - - [11/Oct/2021:08:22:05 -0500] "GET /galeria/galeria/jquery.fancybox.css?v=2.1.5 HTTP/1.1" 200 4895
181.61.12.194 - - [11/Oct/2021:08:22:05 -0500] "GET /BLA/boletinlegal/js/jquery.scrollShow.js HTTP/1.1" 200 4586
181.61.12.194 - - [11/Oct/2021:08:22:05 -0500] "GET /galeria/galeria/jquery.fancybox.js?v=2.1.5 HTTP/1.1" 200 48706
181.58.38.166 - - [11/Oct/2021:08:22:13 -0500] "GET /galeria/galeria/jquery.fancybox.css?v=2.1.5 HTTP/1.1" 200 4895
181.58.38.166 - - [11/Oct/2021:08:22:13 -0500] "GET /BLA/boletinlegal/js/jquery.scrollShow.js HTTP/1.1" 200 4586
181.58.38.166 - - [11/Oct/2021:08:22:13 -0500] "GET /galeria/galeria/jquery.fancybox.js?v=2.1.5 HTTP/1.1" 200 48706
188.40.73.215 - - [11/Oct/2021:08:22:14 -0500] "GET /BLA/resoluciones/RESOLUCIONES%202008/3785.pdf HTTP/1.1" 200 273136
201.245.192.253 - - [11/Oct/2021:08:22:17 -0500] "GET /catalogoisis/ HTTP/1.1" 200 8575
186.154.129.12 - - [11/Oct/2021:08:22:18 -0500] "GET /sipse/faces/javax.faces.resource/images/ui-bg_flat_0_2d5972_40x100.png?ln=primefaces-aristo HTTP/1.1" 304 -
