191.102.196.193 - - [11/Oct/2021:09:09:50 -0500] "GET /galeria/galeria/jquery.fancybox.css?v=2.1.5 HTTP/1.1" 200 4895
191.102.196.193 - - [11/Oct/2021:09:09:50 -0500] "GET /BLA/boletinlegal/js/jquery.scrollShow.js HTTP/1.1" 200 4586
191.102.196.193 - - [11/Oct/2021:09:09:50 -0500] "GET /galeria/galeria/jquery.fancybox.js?v=2.1.5 HTTP/1.1" 200 48706
181.53.13.169 - - [11/Oct/2021:09:09:51 -0500] "POST /sipse/faces/presentacion/financiero/solicitudProceso/listarSolicitudProceso.xhtml HTTP/1.1" 200 19369
188.40.73.215 - - [11/Oct/2021:09:09:55 -0500] "GET /BLA/resoluciones/RESOLUCIONES%202008/0334.pdf HTTP/1.1" 200 258997
181.53.13.27 - - [11/Oct/2021:09:09:56 -0500] "POST /sipse/faces/presentacion/financiero/solicitudProceso/listarSolicitudProceso.xhtml HTTP/1.1" 200 33612
181.53.13.27 - - [11/Oct/2021:09:09:58 -0500] "POST /sipse/faces/presentacion/financiero/solicitudProceso/listarSolicitudProceso.xhtml HTTP/1.1" 200 33612
181.53.13.27 - - [11/Oct/2021:09:09:58 -0500] "POST /sipse/faces/presentacion/financiero/solicitudProceso/listarSolicitudProceso.xhtml HTTP/1.1" 200 33612
201.245.192.253 - - [11/Oct/2021:09:09:59 -0500] "POST /sipse/faces/presentacion/financiero/solicitudProceso/listarSolicitudProceso.xhtml HTTP/1.1" 200 2745
201.245.192.253 - - [11/Oct/2021:09:10:00 -0500] "POST /sipse/faces/presentacion/financiero/solicitudProceso/listarSolicitudProceso.xhtml HTTP/1.1" 200 40479
201.245.192.253 - - [11/Oct/2021:09:10:00 -0500] "GET /sipse/faces/javax.faces.resource/theme.css?ln=primefaces-sipse HTTP/1.1" 304 -
201.245.192.253 - - [11/Oct/2021:09:10:00 -0500] "GET /sipse/faces/javax.faces.resource/primefaces.css?ln=primefaces&v=4.0 HTTP/1.1" 304 -
201.245.192.253 - - [11/Oct/2021:09:10:00 -0500] "GET /sipse/faces/javax.faces.resource/layout/layout.css?ln=primefaces&v=4.0 HTTP/1.1" 304 -
201.245.192.253 - - [11/Oct/2021:09:10:00 -0500] "GET /sipse/faces/javax.faces.resource/jquery/jquery.js?ln=primefaces&v=4.0 HTTP/1.1" 304 -
201.245.192.253 - - [11/Oct/2021:09:10:00 -0500] "GET /sipse/faces/javax.faces.resource/jquery/jquery-plugins.js?ln=primefaces&v=4.0 HTTP/1.1" 304 -
201.245.192.253 - - [11/Oct/2021:09:10:00 -0500] "GET /sipse/faces/javax.faces.resource/primefaces.js?ln=primefaces&v=4.0 HTTP/1.1" 304 -
201.245.192.253 - - [11/Oct/2021:09:10:00 -0500] "GET /sipse/faces/javax.faces.resource/layout/layout.js?ln=primefaces&v=4.0 HTTP/1.1" 304 -
181.53.13.27 - - [11/Oct/2021:09:10:00 -0500] "POST /sipse/faces/presentacion/financiero/solicitudProceso/listarSolicitudProceso.xhtml HTTP/1.1" 200 7900
201.245.192.253 - - [11/Oct/2021:09:10:00 -0500] "POST /sipse/faces/presentacion/financiero/solicitudProceso/consultar.xhtml HTTP/1.1" 200 33758
201.245.192.253 - - [11/Oct/2021:09:10:00 -0500] "POST /sipse/faces/presentacion/financiero/solicitudProceso/consultar.xhtml HTTP/1.1" 200 33758
188.40.73.215 - - [11/Oct/2021:09:10:05 -0500] "GET /BLA/resoluciones/RESOLUCIONES%202008/2136.pdf HTTP/1.1" 200 362812
167.0.10.234 - - [11/Oct/2021:09:10:06 -0500] "GET /galeria/galeria/jquery.fancybox.css?v=2.1.5 HTTP/1.1" 200 4895
167.0.10.234 - - [11/Oct/2021:09:10:06 -0500] "GET /BLA/boletinlegal/js/jquery.scrollShow.js HTTP/1.1" 200 4586
167.0.10.234 - - [11/Oct/2021:09:10:06 -0500] "GET /galeria/galeria/jquery.fancybox.js?v=2.1.5 HTTP/1.1" 200 48706
181.53.13.169 - - [11/Oct/2021:09:10:07 -0500] "POST /sipse/faces/presentacion/financiero/solicitudProceso/listarSolicitudProceso.xhtml HTTP/1.1" 200 34024
181.53.13.169 - - [11/Oct/2021:09:10:08 -0500] "POST /sipse/faces/presentacion/financiero/solicitudProceso/listarSolicitudProceso.xhtml HTTP/1.1" 200 13945
201.245.192.253 - - [11/Oct/2021:09:10:09 -0500] "POST /sipse/faces/presentacion/financiero/solicitudProceso/consultar.xhtml HTTP/1.1" 200 12814
181.61.52.176 - - [11/Oct/2021:09:10:11 -0500] "GET /documents/10184/2325415/pieza-concurso-buenas-practicas-20-septiembre.jpg HTTP/1.1" 404 1030
186.87.76.51 - - [11/Oct/2021:09:10:11 -0500] "POST /sipse/faces/presentacion/financiero/solicitudProceso/listarSolicitudProceso.xhtml HTTP/1.1" 200 33978
188.40.73.215 - - [11/Oct/2021:09:10:13 -0500] "GET /BLA/resoluciones/RESOLUCIONES%202008/4042.pdf HTTP/1.1" 200 499207
188.40.73.215 - - [11/Oct/2021:09:10:22 -0500] "GET /BLA/resoluciones/RESOLUCIONES%202008/3395.pdf HTTP/1.1" 200 244287
181.53.13.27 - - [11/Oct/2021:09:10:28 -0500] "POST /sipse/faces/presentacion/financiero/solicitudProceso/listarSolicitudProceso.xhtml HTTP/1.1" 200 33612
181.53.13.27 - - [11/Oct/2021:09:10:29 -0500] "POST /sipse/faces/presentacion/financiero/solicitudProceso/listarSolicitudProceso.xhtml HTTP/1.1" 200 33608
181.53.13.27 - - [11/Oct/2021:09:10:29 -0500] "POST /sipse/faces/presentacion/financiero/solicitudProceso/listarSolicitudProceso.xhtml HTTP/1.1" 200 33612
188.40.73.215 - - [11/Oct/2021:09:10:30 -0500] "GET /BLA/resoluciones/RESOLUCIONES%202008/5683.pdf HTTP/1.1" 200 216341
181.53.13.27 - - [11/Oct/2021:09:10:30 -0500] "POST /sipse/faces/presentacion/financiero/solicitudProceso/listarSolicitudProceso.xhtml HTTP/1.1" 200 33612
181.53.13.27 - - [11/Oct/2021:09:10:31 -0500] "POST /sipse/faces/presentacion/financiero/solicitudProceso/listarSolicitudProceso.xhtml HTTP/1.1" 200 33612
186.1.139.171 - - [11/Oct/2021:09:10:32 -0500] "GET /BLA/boletinlegal/js/jquery.scrollShow.js HTTP/1.1" 200 4586
186.1.139.171 - - [11/Oct/2021:09:10:32 -0500] "GET /galeria/galeria/jquery.fancybox.css?v=2.1.5 HTTP/1.1" 200 4895
186.1.139.171 - - [11/Oct/2021:09:10:32 -0500] "GET /galeria/galeria/jquery.fancybox.js?v=2.1.5 HTTP/1.1" 200 48706
181.53.13.27 - - [11/Oct/2021:09:10:32 -0500] "POST /sipse/faces/presentacion/financiero/solicitudProceso/listarSolicitudProceso.xhtml HTTP/1.1" 200 33608
181.53.13.27 - - [11/Oct/2021:09:10:33 -0500] "POST /sipse/faces/presentacion/financiero/solicitudProceso/listarSolicitudProceso.xhtml HTTP/1.1" 200 33612
181.53.13.27 - - [11/Oct/2021:09:10:36 -0500] "POST /sipse/faces/presentacion/financiero/solicitudProceso/listarSolicitudProceso.xhtml HTTP/1.1" 200 7982
190.144.102.101 - - [11/Oct/2021:09:10:37 -0500] "GET /galeria/carrusel/Carrusel/jquery.thumbnailScroller.css HTTP/1.1" 200 2066
190.144.102.101 - - [11/Oct/2021:09:10:37 -0500] "GET /galeria/carrusel/Carrusel/jquery-ui-1.8.13.custom.min.js HTTP/1.1" 200 10800
190.144.102.101 - - [11/Oct/2021:09:10:38 -0500] "GET /galeria/carrusel/Carrusel/jquery.thumbnailScroller.js HTTP/1.1" 200 8157
188.40.73.215 - - [11/Oct/2021:09:10:38 -0500] "GET /BLA/resoluciones/RESOLUCIONES%202008/4001.pdf HTTP/1.1" 200 433457
181.225.103.151 - - [11/Oct/2021:09:10:42 -0500] "GET /galeria/galeria/jquery.fancybox.css?v=2.1.5 HTTP/1.1" 200 4895
181.225.103.151 - - [11/Oct/2021:09:10:42 -0500] "GET /BLA/boletinlegal/js/jquery.scrollShow.js HTTP/1.1" 200 4586
181.225.103.151 - - [11/Oct/2021:09:10:42 -0500] "GET /galeria/galeria/jquery.fancybox.js?v=2.1.5 HTTP/1.1" 200 48706
188.40.73.215 - - [11/Oct/2021:09:10:47 -0500] "GET /BLA/resoluciones/RESOLUCIONES%202008/4779.pdf HTTP/1.1" 200 170529
201.245.192.253 - - [11/Oct/2021:09:10:49 -0500] "GET /catalogoisis/ HTTP/1.1" 200 8575
188.40.73.215 - - [11/Oct/2021:09:10:56 -0500] "GET /BLA/resoluciones/RESOLUCIONES%202008/4030.pdf HTTP/1.1" 200 454284
186.154.99.237 - - [11/Oct/2021:09:11:01 -0500] "POST /sipse/faces/presentacion/financiero/solicitudProceso/consultarSolicitudProceso.xhtml HTTP/1.1" 200 5441
186.154.99.237 - - [11/Oct/2021:09:11:02 -0500] "GET /sipse/faces/javax.faces.resource/dynamiccontent.properties?ln=primefaces&pfdrid=XjOR5%2F%2FfPAZAuY9TpWQeCiM0BhlXxYRBGKi%2FQcXXfeA%3D&pfdrid_c=false HTTP/1.1" 200 126458
188.40.73.215 - - [11/Oct/2021:09:11:04 -0500] "GET /BLA/resoluciones/RESOLUCIONES%202008/2689.pdf HTTP/1.1" 200 391192
190.144.102.101 - - [11/Oct/2021:09:11:05 -0500] "GET /galeria/nivo-slider/demo/banner.html HTTP/1.1" 200 5446
190.144.102.101 - - [11/Oct/2021:09:11:06 -0500] "GET /galeria/nivo-slider/themes/default/default.css HTTP/1.1" 200 1569
190.144.102.101 - - [11/Oct/2021:09:11:06 -0500] "GET /galeria/nivo-slider/themes/pascal/pascal.css HTTP/1.1" 200 2258
190.144.102.101 - - [11/Oct/2021:09:11:06 -0500] "GET /galeria/nivo-slider/themes/orman/orman.css HTTP/1.1" 200 2152
190.144.102.101 - - [11/Oct/2021:09:11:06 -0500] "GET /galeria/nivo-slider/nivo-slider.css HTTP/1.1" 200 1507
190.144.102.101 - - [11/Oct/2021:09:11:06 -0500] "GET /galeria/nivo-slider/demo/style.css HTTP/1.1" 200 2222
190.144.102.101 - - [11/Oct/2021:09:11:06 -0500] "GET /galeria/nivo-slider/demo/scripts/jquery-1.7.1.min.js HTTP/1.1" 200 93868
190.144.102.101 - - [11/Oct/2021:09:11:06 -0500] "GET /galeria/nivo-slider/jquery.nivo.slider.pack.js HTTP/1.1" 200 11561
190.144.102.101 - - [11/Oct/2021:09:11:06 -0500] "GET /galeria/nivo-slider/demo/images/bannertortuga_optimized.jpg HTTP/1.1" 200 39066
190.144.102.101 - - [11/Oct/2021:09:11:06 -0500] "GET /galeria/nivo-slider/demo/images/Bannermujeresquereverdecen.jpg HTTP/1.1" 200 46558
190.144.102.101 - - [11/Oct/2021:09:11:07 -0500] "GET /galeria/nivo-slider/demo/images/4Simple_Slider.png HTTP/1.1" 200 11722
190.144.102.101 - - [11/Oct/2021:09:11:07 -0500] "GET /galeria/nivo-slider/themes/default/loading.gif HTTP/1.1" 200 1737
190.144.102.101 - - [11/Oct/2021:09:11:07 -0500] "GET /galeria/nivo-slider/demo/images/bannertrafico_optimized.jpg HTTP/1.1" 200 42578
190.144.102.101 - - [11/Oct/2021:09:11:07 -0500] "GET /galeria/nivo-slider/demo/images/Bannersedeelectronica.jpg HTTP/1.1" 200 40383
190.144.102.101 - - [11/Oct/2021:09:11:07 -0500] "GET /galeria/nivo-slider/demo/images/bannerrutaesperanza.jpg HTTP/1.1" 200 55560
190.144.102.101 - - [11/Oct/2021:09:11:07 -0500] "GET /galeria/nivo-slider/demo/images/banneraire2021.jpg HTTP/1.1" 200 265101
190.144.102.101 - - [11/Oct/2021:09:11:09 -0500] "GET /galeria/nivo-slider/demo/images/Bannerplasticosseptiembre.jpg HTTP/1.1" 200 45633
190.144.102.101 - - [11/Oct/2021:09:11:10 -0500] "GET /galeria/nivo-slider/demo/images/bannerresiduoshospitalariosagosto.jpg HTTP/1.1" 200 36499
190.144.102.101 - - [11/Oct/2021:09:11:11 -0500] "GET /galeria/nivo-slider/demo/images/banneraccionpopularcrr68.jpg HTTP/1.1" 200 51887
190.144.102.101 - - [11/Oct/2021:09:11:12 -0500] "GET /galeria/nivo-slider/demo/images/banneraccionpopular.jpeg HTTP/1.1" 200 41707
190.144.102.101 - - [11/Oct/2021:09:11:13 -0500] "GET /galeria/nivo-slider/demo/images/bannercapacitacionesbogota.jpg HTTP/1.1" 200 42416
190.144.102.101 - - [11/Oct/2021:09:11:13 -0500] "GET /galeria/nivo-slider/demo/images/bannerclases2021.jpg HTTP/1.1" 200 68230
188.40.73.215 - - [11/Oct/2021:09:11:14 -0500] "GET /BLA/resoluciones/RESOLUCIONES%202008/0099.pdf HTTP/1.1" 200 1048276
190.144.102.101 - - [11/Oct/2021:09:11:15 -0500] "GET /galeria/nivo-slider/demo/images/Bannerenvases.jpg HTTP/1.1" 200 37316
190.144.102.101 - - [11/Oct/2021:09:11:15 -0500] "GET /galeria/nivo-slider/demo/images/Bannervirtualescanales.jpg HTTP/1.1" 200 174544
188.40.73.215 - - [11/Oct/2021:09:11:22 -0500] "GET /BLA/resoluciones/RESOLUCIONES%202008/4257.pdf HTTP/1.1" 200 274720
190.144.102.101 - - [11/Oct/2021:09:11:23 -0500] "GET /galeria/nivo-slider/themes/default/bullets.png HTTP/1.1" 200 1281
190.144.102.101 - - [11/Oct/2021:09:11:23 -0500] "GET /galeria/nivo-slider/themes/default/arrows.png HTTP/1.1" 200 824
190.248.9.22 - - [11/Oct/2021:09:11:30 -0500] "GET /galeria/galeria/jquery.fancybox.css?v=2.1.5 HTTP/1.1" 200 4895
190.248.9.22 - - [11/Oct/2021:09:11:30 -0500] "GET /BLA/boletinlegal/js/jquery.scrollShow.js HTTP/1.1" 200 4586
190.248.9.22 - - [11/Oct/2021:09:11:30 -0500] "GET /galeria/galeria/jquery.fancybox.js?v=2.1.5 HTTP/1.1" 200 48706
188.40.73.215 - - [11/Oct/2021:09:11:30 -0500] "GET /BLA/resoluciones/RESOLUCIONES%202008/5443.pdf HTTP/1.1" 200 267490
188.40.73.215 - - [11/Oct/2021:09:11:38 -0500] "GET /BLA/resoluciones/RESOLUCIONES%202008/2552.pdf HTTP/1.1" 200 353607
165.225.223.62 - - [11/Oct/2021:09:11:39 -0500] "GET /autoliquidacion2020 HTTP/1.1" 301 250
165.225.223.62 - - [11/Oct/2021:09:11:39 -0500] "GET /autoliquidacion2020/ HTTP/1.1" 200 6146
165.225.223.62 - - [11/Oct/2021:09:11:39 -0500] "GET /autoliquidacion2020/dlf/styles.css HTTP/1.1" 200 3045
165.225.223.62 - - [11/Oct/2021:09:11:39 -0500] "GET /autoliquidacion2020/dlf/bg.gif HTTP/1.1" 200 54
165.225.223.62 - - [11/Oct/2021:09:11:39 -0500] "GET /autoliquidacion2020/dlf/folder.png HTTP/1.1" 200 410
181.61.37.26 - - [11/Oct/2021:09:11:40 -0500] "GET /galeria/galeria/jquery.fancybox.css?v=2.1.5 HTTP/1.1" 200 4895
181.61.37.26 - - [11/Oct/2021:09:11:40 -0500] "GET /BLA/boletinlegal/js/jquery.scrollShow.js HTTP/1.1" 200 4586
181.61.37.26 - - [11/Oct/2021:09:11:40 -0500] "GET /galeria/galeria/jquery.fancybox.js?v=2.1.5 HTTP/1.1" 200 48706
188.40.73.215 - - [11/Oct/2021:09:11:48 -0500] "GET /BLA/resoluciones/RESOLUCIONES%202008/4301.pdf HTTP/1.1" 200 398099
201.245.192.253 - - [11/Oct/2021:09:11:49 -0500] "GET /catalogoisis/ HTTP/1.1" 200 8575
188.40.73.215 - - [11/Oct/2021:09:11:57 -0500] "GET /BLA/resoluciones/RESOLUCIONES%202008/4344.pdf HTTP/1.1" 200 284948
188.40.73.215 - - [11/Oct/2021:09:12:06 -0500] "GET /BLA/resoluciones/RESOLUCIONES%202008/4236.pdf HTTP/1.1" 200 308908
201.245.192.253 - - [11/Oct/2021:09:12:07 -0500] "POST /sipse/faces/presentacion/financiero/solicitudProceso/consultar.xhtml HTTP/1.1" 200 36793
201.245.192.253 - - [11/Oct/2021:09:12:07 -0500] "POST /sipse/faces/presentacion/financiero/solicitudProceso/consultar.xhtml HTTP/1.1" 200 36793
201.245.192.253 - - [11/Oct/2021:09:12:07 -0500] "POST /sipse/faces/presentacion/financiero/solicitudProceso/consultar.xhtml HTTP/1.1" 200 36793
201.245.192.253 - - [11/Oct/2021:09:12:07 -0500] "POST /sipse/faces/presentacion/financiero/solicitudProceso/consultar.xhtml HTTP/1.1" 200 36793
190.146.248.131 - - [11/Oct/2021:09:12:08 -0500] "GET /galeria/galeria/jquery.fancybox.css?v=2.1.5 HTTP/1.1" 200 4895
190.146.248.131 - - [11/Oct/2021:09:12:08 -0500] "GET /BLA/boletinlegal/js/jquery.scrollShow.js HTTP/1.1" 200 4586
190.146.248.131 - - [11/Oct/2021:09:12:09 -0500] "GET /galeria/galeria/jquery.fancybox.js?v=2.1.5 HTTP/1.1" 200 48706
188.40.73.215 - - [11/Oct/2021:09:12:14 -0500] "GET /BLA/resoluciones/RESOLUCIONES%202008/0857.pdf HTTP/1.1" 200 266992
201.245.192.253 - - [11/Oct/2021:09:12:17 -0500] "POST /sipse/faces/presentacion/financiero/solicitudProceso/consultar.xhtml HTTP/1.1" 200 12891
201.245.192.253 - - [11/Oct/2021:09:12:21 -0500] "POST /sipse/faces/presentacion/financiero/solicitudProceso/consultar.xhtml HTTP/1.1" 200 106821
201.245.192.253 - - [11/Oct/2021:09:12:21 -0500] "GET /sipse/faces/javax.faces.resource/theme.css?ln=primefaces-sipse HTTP/1.1" 304 -
201.245.192.253 - - [11/Oct/2021:09:12:21 -0500] "GET /sipse/faces/javax.faces.resource/primefaces.css?ln=primefaces&v=4.0 HTTP/1.1" 304 -
201.245.192.253 - - [11/Oct/2021:09:12:21 -0500] "GET /sipse/faces/javax.faces.resource/layout/layout.css?ln=primefaces&v=4.0 HTTP/1.1" 304 -
201.245.192.253 - - [11/Oct/2021:09:12:21 -0500] "GET /sipse/faces/javax.faces.resource/jquery/jquery.js?ln=primefaces&v=4.0 HTTP/1.1" 304 -
201.245.192.253 - - [11/Oct/2021:09:12:21 -0500] "GET /sipse/faces/javax.faces.resource/jquery/jquery-plugins.js?ln=primefaces&v=4.0 HTTP/1.1" 304 -
201.245.192.253 - - [11/Oct/2021:09:12:21 -0500] "GET /sipse/faces/javax.faces.resource/primefaces.js?ln=primefaces&v=4.0 HTTP/1.1" 304 -
201.245.192.253 - - [11/Oct/2021:09:12:21 -0500] "GET /sipse/faces/javax.faces.resource/layout/layout.js?ln=primefaces&v=4.0 HTTP/1.1" 304 -
201.245.192.253 - - [11/Oct/2021:09:12:22 -0500] "GET /sipse/faces/javax.faces.resource/dynamiccontent.properties?ln=primefaces&pfdrid=XjOR5%2F%2FfPAZAuY9TpWQeCiM0BhlXxYRBGKi%2FQcXXfeA%3D&pfdrid_c=false HTTP/1.1" 500 383
188.40.73.215 - - [11/Oct/2021:09:12:23 -0500] "GET /BLA/resoluciones/RESOLUCIONES%202008/5299.pdf HTTP/1.1" 200 259764
188.40.73.215 - - [11/Oct/2021:09:12:31 -0500] "GET /BLA/resoluciones/RESOLUCIONES%202008/0123.pdf HTTP/1.1" 200 252050
188.40.73.215 - - [11/Oct/2021:09:12:40 -0500] "GET /BLA/resoluciones/RESOLUCIONES%202008/0272.pdf HTTP/1.1" 200 923588
186.81.98.40 - - [11/Oct/2021:09:12:47 -0500] "GET /BLA/boletinlegal/js/jquery.scrollShow.js HTTP/1.1" 200 4586
186.81.98.40 - - [11/Oct/2021:09:12:47 -0500] "GET /galeria/galeria/jquery.fancybox.css?v=2.1.5 HTTP/1.1" 200 4895
186.81.98.40 - - [11/Oct/2021:09:12:47 -0500] "GET /galeria/galeria/jquery.fancybox.js?v=2.1.5 HTTP/1.1" 200 48706
201.245.192.253 - - [11/Oct/2021:09:12:49 -0500] "GET /catalogoisis/ HTTP/1.1" 200 8575
188.40.73.215 - - [11/Oct/2021:09:12:49 -0500] "GET /BLA/resoluciones/RESOLUCIONES%202008/2536.pdf HTTP/1.1" 200 294747
188.40.73.215 - - [11/Oct/2021:09:12:58 -0500] "GET /BLA/resoluciones/RESOLUCIONES%202008/0339.pdf HTTP/1.1" 200 333276
200.116.209.194 - - [11/Oct/2021:09:12:59 -0500] "GET /BLA/boletinlegal/js/jquery.scrollShow.js HTTP/1.1" 200 4586
200.116.209.194 - - [11/Oct/2021:09:12:59 -0500] "GET /galeria/galeria/jquery.fancybox.css?v=2.1.5 HTTP/1.1" 200 4895
200.116.209.194 - - [11/Oct/2021:09:12:59 -0500] "GET /galeria/galeria/jquery.fancybox.js?v=2.1.5 HTTP/1.1" 200 48706
190.27.245.107 - - [11/Oct/2021:09:13:03 -0500] "GET /sipse/ HTTP/1.1" 302 -
190.69.234.100 - - [11/Oct/2021:09:13:03 -0500] "GET /sipse/faces/autenticacion.xhtml HTTP/1.1" 200 12501
190.69.234.100 - - [11/Oct/2021:09:13:03 -0500] "GET /sipse/faces/javax.faces.resource/theme.css?ln=primefaces-sipse HTTP/1.1" 304 -
190.69.234.100 - - [11/Oct/2021:09:13:03 -0500] "GET /sipse/faces/javax.faces.resource/layout/layout.css;jsessionid=3F-UP1KNMQzW5BDHzVeHyiEk.undefined?ln=primefaces&v=4.0 HTTP/1.1" 200 542
190.69.234.100 - - [11/Oct/2021:09:13:03 -0500] "GET /sipse/faces/javax.faces.resource/jquery/jquery.js;jsessionid=3F-UP1KNMQzW5BDHzVeHyiEk.undefined?ln=primefaces&v=4.0 HTTP/1.1" 200 105384
190.69.234.100 - - [11/Oct/2021:09:13:03 -0500] "GET /sipse/faces/javax.faces.resource/primefaces.css;jsessionid=3F-UP1KNMQzW5BDHzVeHyiEk.undefined?ln=primefaces&v=4.0 HTTP/1.1" 200 53295
190.69.234.100 - - [11/Oct/2021:09:13:03 -0500] "GET /sipse/faces/javax.faces.resource/primefaces.js;jsessionid=3F-UP1KNMQzW5BDHzVeHyiEk.undefined?ln=primefaces&v=4.0 HTTP/1.1" 200 276924
190.69.234.100 - - [11/Oct/2021:09:13:03 -0500] "GET /sipse/faces/javax.faces.resource/layout/layout.js;jsessionid=3F-UP1KNMQzW5BDHzVeHyiEk.undefined?ln=primefaces&v=4.0 HTTP/1.1" 200 87560
190.69.234.100 - - [11/Oct/2021:09:13:03 -0500] "GET /sipse/faces/javax.faces.resource/jquery/jquery-plugins.js;jsessionid=3F-UP1KNMQzW5BDHzVeHyiEk.undefined?ln=primefaces&v=4.0 HTTP/1.1" 200 220526
190.69.234.100 - - [11/Oct/2021:09:13:03 -0500] "GET /sipse/faces/javax.faces.resource/images/ui-icons_898989_256x240.png?ln=primefaces-aristo HTTP/1.1" 304 -
190.69.234.100 - - [11/Oct/2021:09:13:03 -0500] "GET /sipse/faces/index.xhtml HTTP/1.1" 200 677
190.69.234.100 - - [11/Oct/2021:09:13:03 -0500] "GET /sipse/faces/javax.faces.resource/theme.css?ln=primefaces-sipse HTTP/1.1" 304 -
190.69.234.100 - - [11/Oct/2021:09:13:04 -0500] "GET /sipse/faces/faces/autenticacion.xhtml HTTP/1.1" 200 12179
152.200.161.154 - - [11/Oct/2021:09:13:04 -0500] "GET /galeria/galeria/jquery.fancybox.js?v=2.1.5 HTTP/1.1" 200 48706
152.200.161.154 - - [11/Oct/2021:09:13:04 -0500] "GET /BLA/boletinlegal/js/jquery.scrollShow.js HTTP/1.1" 200 4586
152.200.161.154 - - [11/Oct/2021:09:13:04 -0500] "GET /galeria/galeria/jquery.fancybox.css?v=2.1.5 HTTP/1.1" 200 4895
190.69.234.100 - - [11/Oct/2021:09:13:04 -0500] "GET /sipse/faces/javax.faces.resource/jquery/jquery.js?ln=primefaces&v=4.0 HTTP/1.1" 304 -
190.69.234.100 - - [11/Oct/2021:09:13:04 -0500] "GET /sipse/faces/javax.faces.resource/layout/layout.css?ln=primefaces&v=4.0 HTTP/1.1" 304 -
190.69.234.100 - - [11/Oct/2021:09:13:04 -0500] "GET /sipse/faces/javax.faces.resource/primefaces.js?ln=primefaces&v=4.0 HTTP/1.1" 304 -
190.69.234.100 - - [11/Oct/2021:09:13:04 -0500] "GET /sipse/faces/javax.faces.resource/primefaces.css?ln=primefaces&v=4.0 HTTP/1.1" 304 -
190.69.234.100 - - [11/Oct/2021:09:13:04 -0500] "GET /sipse/faces/javax.faces.resource/theme.css?ln=primefaces-sipse HTTP/1.1" 304 -
190.69.234.100 - - [11/Oct/2021:09:13:04 -0500] "GET /sipse/faces/javax.faces.resource/jquery/jquery-plugins.js?ln=primefaces&v=4.0 HTTP/1.1" 304 -
190.69.234.100 - - [11/Oct/2021:09:13:04 -0500] "GET /sipse/faces/javax.faces.resource/layout/layout.js?ln=primefaces&v=4.0 HTTP/1.1" 304 -
188.40.73.215 - - [11/Oct/2021:09:13:07 -0500] "GET /BLA/resoluciones/RESOLUCIONES%202008/3696.pdf HTTP/1.1" 200 346703
190.69.234.100 - - [11/Oct/2021:09:13:07 -0500] "POST /sipse/faces/autenticacion.xhtml HTTP/1.1" 200 15844
190.69.234.100 - - [11/Oct/2021:09:13:07 -0500] "GET /sipse/faces/javax.faces.resource/theme.css?ln=primefaces-sipse HTTP/1.1" 304 -
190.69.234.100 - - [11/Oct/2021:09:13:07 -0500] "GET /sipse/faces/javax.faces.resource/layout/layout.css?ln=primefaces&v=4.0 HTTP/1.1" 304 -
190.69.234.100 - - [11/Oct/2021:09:13:07 -0500] "GET /sipse/faces/javax.faces.resource/primefaces.css?ln=primefaces&v=4.0 HTTP/1.1" 304 -
190.69.234.100 - - [11/Oct/2021:09:13:07 -0500] "GET /sipse/faces/javax.faces.resource/jquery/jquery.js?ln=primefaces&v=4.0 HTTP/1.1" 304 -
190.69.234.100 - - [11/Oct/2021:09:13:07 -0500] "GET /sipse/faces/javax.faces.resource/jquery/jquery-plugins.js?ln=primefaces&v=4.0 HTTP/1.1" 304 -
190.69.234.100 - - [11/Oct/2021:09:13:07 -0500] "GET /sipse/faces/javax.faces.resource/primefaces.js?ln=primefaces&v=4.0 HTTP/1.1" 304 -
190.69.234.100 - - [11/Oct/2021:09:13:07 -0500] "GET /sipse/faces/javax.faces.resource/layout/layout.js?ln=primefaces&v=4.0 HTTP/1.1" 304 -
190.69.234.100 - - [11/Oct/2021:09:13:07 -0500] "GET /sipse/css/imagen/contrasena.png HTTP/1.1" 404 383
190.69.234.100 - - [11/Oct/2021:09:13:07 -0500] "GET /sipse/faces/javax.faces.resource/messages/messages.png?ln=primefaces&v=4.0 HTTP/1.1" 304 -
190.69.234.100 - - [11/Oct/2021:09:13:09 -0500] "GET /sipse/faces/javax.faces.resource/images/ui-bg_flat_0_2d5972_40x100.png?ln=primefaces-aristo HTTP/1.1" 304 -
190.69.234.100 - - [11/Oct/2021:09:13:09 -0500] "POST /sipse/faces/bienvenido.xhtml HTTP/1.1" 200 8798
190.69.234.100 - - [11/Oct/2021:09:13:10 -0500] "POST /sipse/faces/bienvenido.xhtml HTTP/1.1" 200 1471
191.156.155.133 - - [11/Oct/2021:09:13:11 -0500] "GET /galeria/galeria/jquery.fancybox.css?v=2.1.5 HTTP/1.1" 200 4895
191.156.151.120 - - [11/Oct/2021:09:13:11 -0500] "GET /galeria/galeria/jquery.fancybox.js?v=2.1.5 HTTP/1.1" 200 48706
190.69.234.100 - - [11/Oct/2021:09:13:11 -0500] "POST /sipse/faces/bienvenido.xhtml HTTP/1.1" 200 58467
190.69.234.100 - - [11/Oct/2021:09:13:11 -0500] "GET /sipse/faces/javax.faces.resource/primefaces.css?ln=primefaces&v=4.0 HTTP/1.1" 304 -
190.69.234.100 - - [11/Oct/2021:09:13:11 -0500] "GET /sipse/faces/javax.faces.resource/theme.css?ln=primefaces-sipse HTTP/1.1" 304 -
190.69.234.100 - - [11/Oct/2021:09:13:11 -0500] "GET /sipse/faces/javax.faces.resource/layout/layout.css?ln=primefaces&v=4.0 HTTP/1.1" 304 -
190.69.234.100 - - [11/Oct/2021:09:13:11 -0500] "GET /sipse/faces/javax.faces.resource/jquery/jquery.js?ln=primefaces&v=4.0 HTTP/1.1" 304 -
190.69.234.100 - - [11/Oct/2021:09:13:11 -0500] "GET /sipse/faces/javax.faces.resource/jquery/jquery-plugins.js?ln=primefaces&v=4.0 HTTP/1.1" 304 -
190.69.234.100 - - [11/Oct/2021:09:13:11 -0500] "GET /sipse/faces/javax.faces.resource/primefaces.js?ln=primefaces&v=4.0 HTTP/1.1" 304 -
190.69.234.100 - - [11/Oct/2021:09:13:11 -0500] "GET /sipse/faces/javax.faces.resource/layout/layout.js?ln=primefaces&v=4.0 HTTP/1.1" 304 -
190.69.234.100 - - [11/Oct/2021:09:13:12 -0500] "POST /sipse/faces/presentacion/financiero/solicitudProceso/listarSolicitudProceso.xhtml HTTP/1.1" 200 1448
191.156.151.120 - - [11/Oct/2021:09:13:15 -0500] "GET /galeria/galeria/fotos/1GuaymaralTorcaP1.jpg HTTP/1.1" 200 9512
191.156.155.133 - - [11/Oct/2021:09:13:15 -0500] "GET /galeria/galeria/fotos/2GuaymaralTorcaP2.jpg HTTP/1.1" 200 7622
191.156.151.120 - - [11/Oct/2021:09:13:15 -0500] "GET /galeria/galeria/fotos/3GuaymaralTorcaP3.jpg HTTP/1.1" 200 8521
191.156.153.50 - - [11/Oct/2021:09:13:15 -0500] "GET /galeria/galeria/fotos/GuaymaralTorca4P.jpg HTTP/1.1" 200 33981
188.40.73.215 - - [11/Oct/2021:09:13:15 -0500] "GET /BLA/resoluciones/RESOLUCIONES%202008/2980.pdf HTTP/1.1" 200 203911
190.69.234.100 - - [11/Oct/2021:09:13:19 -0500] "POST /sipse/faces/presentacion/financiero/solicitudProceso/listarSolicitudProceso.xhtml HTTP/1.1" 200 30230
201.245.192.253 - - [11/Oct/2021:09:13:24 -0500] "GET /sipse/faces/javax.faces.resource/images/ui-bg_flat_0_2d5972_40x100.png?ln=primefaces-aristo HTTP/1.1" 304 -
201.245.192.253 - - [11/Oct/2021:09:13:24 -0500] "POST /sipse/faces/presentacion/sistema/reporte/ventanaVerReporteParametros.xhtml HTTP/1.1" 200 2073
188.40.73.215 - - [11/Oct/2021:09:13:24 -0500] "GET /BLA/resoluciones/RESOLUCIONES%202008/4551.pdf HTTP/1.1" 200 366073
190.69.234.100 - - [11/Oct/2021:09:13:24 -0500] "GET /sipse/faces/javax.faces.resource/images/ui-icons_898989_256x240.png?ln=primefaces-aristo HTTP/1.1" 304 -
201.245.192.253 - - [11/Oct/2021:09:13:24 -0500] "POST /sipse/faces/presentacion/sistema/reporte/ventanaVerReporteParametros.xhtml HTTP/1.1" 200 42824
201.245.192.253 - - [11/Oct/2021:09:13:24 -0500] "GET /sipse/faces/javax.faces.resource/primefaces.css?ln=primefaces&v=4.0 HTTP/1.1" 304 -
201.245.192.253 - - [11/Oct/2021:09:13:24 -0500] "GET /sipse/faces/javax.faces.resource/theme.css?ln=primefaces-sipse HTTP/1.1" 304 -
201.245.192.253 - - [11/Oct/2021:09:13:24 -0500] "GET /sipse/faces/javax.faces.resource/layout/layout.css?ln=primefaces&v=4.0 HTTP/1.1" 304 -
201.245.192.253 - - [11/Oct/2021:09:13:24 -0500] "GET /sipse/css/imagen/contrasena.png HTTP/1.1" 404 383
201.245.192.253 - - [11/Oct/2021:09:13:24 -0500] "GET /sipse/faces/javax.faces.resource/jquery/jquery.js?ln=primefaces&v=4.0 HTTP/1.1" 304 -
201.245.192.253 - - [11/Oct/2021:09:13:24 -0500] "GET /sipse/faces/javax.faces.resource/jquery/jquery-plugins.js?ln=primefaces&v=4.0 HTTP/1.1" 304 -
201.245.192.253 - - [11/Oct/2021:09:13:24 -0500] "GET /sipse/faces/javax.faces.resource/primefaces.js?ln=primefaces&v=4.0 HTTP/1.1" 304 -
201.245.192.253 - - [11/Oct/2021:09:13:24 -0500] "GET /sipse/faces/javax.faces.resource/layout/layout.js?ln=primefaces&v=4.0 HTTP/1.1" 304 -
201.245.192.253 - - [11/Oct/2021:09:13:24 -0500] "GET /sipse/faces/javax.faces.resource/images/ui-icons_898989_256x240.png?ln=primefaces-aristo HTTP/1.1" 304 -
190.69.234.100 - - [11/Oct/2021:09:13:25 -0500] "POST /sipse/faces/presentacion/financiero/solicitudProceso/listarSolicitudProceso.xhtml HTTP/1.1" 200 148520
190.69.234.100 - - [11/Oct/2021:09:13:26 -0500] "GET /sipse/faces/javax.faces.resource/theme.css?ln=primefaces-sipse HTTP/1.1" 304 -
190.69.234.100 - - [11/Oct/2021:09:13:26 -0500] "GET /sipse/faces/javax.faces.resource/layout/layout.css?ln=primefaces&v=4.0 HTTP/1.1" 304 -
190.69.234.100 - - [11/Oct/2021:09:13:26 -0500] "GET /sipse/faces/javax.faces.resource/primefaces.css?ln=primefaces&v=4.0 HTTP/1.1" 304 -
190.69.234.100 - - [11/Oct/2021:09:13:26 -0500] "GET /sipse/faces/javax.faces.resource/jquery/jquery.js?ln=primefaces&v=4.0 HTTP/1.1" 304 -
190.69.234.100 - - [11/Oct/2021:09:13:26 -0500] "GET /sipse/faces/javax.faces.resource/jquery/jquery-plugins.js?ln=primefaces&v=4.0 HTTP/1.1" 304 -
190.69.234.100 - - [11/Oct/2021:09:13:26 -0500] "GET /sipse/faces/javax.faces.resource/primefaces.js?ln=primefaces&v=4.0 HTTP/1.1" 304 -
190.69.234.100 - - [11/Oct/2021:09:13:26 -0500] "GET /sipse/faces/javax.faces.resource/layout/layout.js?ln=primefaces&v=4.0 HTTP/1.1" 304 -
190.69.234.100 - - [11/Oct/2021:09:13:26 -0500] "GET /sipse/faces/javax.faces.resource/dynamiccontent.properties?ln=primefaces&pfdrid=XjOR5%2F%2FfPAZAuY9TpWQeCiM0BhlXxYRBGKi%2FQcXXfeA%3D&pfdrid_c=false HTTP/1.1" 500 383
186.102.14.71 - - [11/Oct/2021:09:13:27 -0500] "GET /sipse/faces/faces/index.xhtml HTTP/1.1" 200 677
201.245.192.253 - - [11/Oct/2021:09:13:28 -0500] "POST /sipse/faces/presentacion/financiero/solicitudProceso/consultar.xhtml HTTP/1.1" 200 12891
181.53.13.27 - - [11/Oct/2021:09:13:28 -0500] "POST /sipse/faces/presentacion/financiero/solicitudProceso/listarSolicitudProceso.xhtml HTTP/1.1" 200 33612
181.53.13.27 - - [11/Oct/2021:09:13:29 -0500] "POST /sipse/faces/presentacion/financiero/solicitudProceso/listarSolicitudProceso.xhtml HTTP/1.1" 200 33612
181.53.13.27 - - [11/Oct/2021:09:13:30 -0500] "POST /sipse/faces/presentacion/financiero/solicitudProceso/listarSolicitudProceso.xhtml HTTP/1.1" 200 33612
181.53.13.27 - - [11/Oct/2021:09:13:31 -0500] "POST /sipse/faces/presentacion/financiero/solicitudProceso/listarSolicitudProceso.xhtml HTTP/1.1" 200 7944
186.102.14.71 - - [11/Oct/2021:09:13:33 -0500] "GET /sipse/faces/javax.faces.resource/theme.css?ln=primefaces-sipse HTTP/1.1" 304 -
186.102.14.71 - - [11/Oct/2021:09:13:33 -0500] "GET /sipse/faces/faces/faces/autenticacion.xhtml HTTP/1.1" 200 12185
186.102.14.71 - - [11/Oct/2021:09:13:34 -0500] "GET /sipse/faces/javax.faces.resource/primefaces.css?ln=primefaces&v=4.0 HTTP/1.1" 304 -
186.102.14.71 - - [11/Oct/2021:09:13:34 -0500] "GET /sipse/faces/javax.faces.resource/theme.css?ln=primefaces-sipse HTTP/1.1" 304 -
186.102.14.71 - - [11/Oct/2021:09:13:34 -0500] "GET /sipse/faces/javax.faces.resource/layout/layout.css?ln=primefaces&v=4.0 HTTP/1.1" 304 -
186.102.14.71 - - [11/Oct/2021:09:13:34 -0500] "GET /sipse/faces/javax.faces.resource/jquery/jquery.js?ln=primefaces&v=4.0 HTTP/1.1" 304 -
186.102.14.71 - - [11/Oct/2021:09:13:34 -0500] "GET /sipse/faces/javax.faces.resource/jquery/jquery-plugins.js?ln=primefaces&v=4.0 HTTP/1.1" 304 -
186.102.14.71 - - [11/Oct/2021:09:13:34 -0500] "GET /sipse/faces/javax.faces.resource/primefaces.js?ln=primefaces&v=4.0 HTTP/1.1" 304 -
186.102.14.71 - - [11/Oct/2021:09:13:34 -0500] "GET /sipse/faces/javax.faces.resource/layout/layout.js?ln=primefaces&v=4.0 HTTP/1.1" 304 -
186.102.14.71 - - [11/Oct/2021:09:13:34 -0500] "GET /sipse/faces/javax.faces.resource/images/ui-icons_898989_256x240.png?ln=primefaces-aristo HTTP/1.1" 304 -
181.53.13.27 - - [11/Oct/2021:09:13:35 -0500] "POST /sipse/faces/presentacion/financiero/solicitudProceso/listarSolicitudProceso.xhtml HTTP/1.1" 200 118984
181.53.13.27 - - [11/Oct/2021:09:13:36 -0500] "GET /sipse/faces/javax.faces.resource/theme.css?ln=primefaces-sipse HTTP/1.1" 304 -
181.53.13.27 - - [11/Oct/2021:09:13:36 -0500] "GET /sipse/faces/javax.faces.resource/primefaces.css?ln=primefaces&v=4.0 HTTP/1.1" 304 -
181.53.13.27 - - [11/Oct/2021:09:13:36 -0500] "GET /sipse/css/imagen/contrasena.png HTTP/1.1" 404 383
181.53.13.27 - - [11/Oct/2021:09:13:36 -0500] "GET /sipse/faces/javax.faces.resource/layout/layout.css?ln=primefaces&v=4.0 HTTP/1.1" 304 -
181.55.45.2 - - [11/Oct/2021:09:13:36 -0500] "GET /galeria/galeria/jquery.fancybox.js?v=2.1.5 HTTP/1.1" 200 48706
181.55.45.2 - - [11/Oct/2021:09:13:36 -0500] "GET /BLA/boletinlegal/js/jquery.scrollShow.js HTTP/1.1" 200 4586
181.55.45.2 - - [11/Oct/2021:09:13:36 -0500] "GET /galeria/galeria/jquery.fancybox.css?v=2.1.5 HTTP/1.1" 200 4895
181.53.13.27 - - [11/Oct/2021:09:13:36 -0500] "GET /sipse/faces/javax.faces.resource/jquery/jquery.js?ln=primefaces&v=4.0 HTTP/1.1" 304 -
181.53.13.27 - - [11/Oct/2021:09:13:36 -0500] "GET /sipse/faces/javax.faces.resource/jquery/jquery-plugins.js?ln=primefaces&v=4.0 HTTP/1.1" 304 -
181.53.13.27 - - [11/Oct/2021:09:13:36 -0500] "GET /sipse/faces/javax.faces.resource/primefaces.js?ln=primefaces&v=4.0 HTTP/1.1" 304 -
181.53.13.27 - - [11/Oct/2021:09:13:36 -0500] "GET /sipse/faces/javax.faces.resource/layout/layout.js?ln=primefaces&v=4.0 HTTP/1.1" 304 -
181.53.13.27 - - [11/Oct/2021:09:13:37 -0500] "GET /sipse/faces/javax.faces.resource/dynamiccontent.properties?ln=primefaces&pfdrid=XjOR5%2F%2FfPAZAuY9TpWQeCiM0BhlXxYRBGKi%2FQcXXfeA%3D&pfdrid_c=false HTTP/1.1" 500 383
188.40.73.215 - - [11/Oct/2021:09:13:37 -0500] "GET /BLA/resoluciones/RESOLUCIONES%202008/1679.pdf HTTP/1.1" 200 69481
188.40.73.215 - - [11/Oct/2021:09:13:45 -0500] "GET /BLA/resoluciones/RESOLUCIONES%202008/0114.pdf HTTP/1.1" 200 16749
186.102.14.71 - - [11/Oct/2021:09:13:47 -0500] "POST /sipse/faces/autenticacion.xhtml HTTP/1.1" 200 2225
186.102.14.71 - - [11/Oct/2021:09:13:48 -0500] "GET /sipse/faces/javax.faces.resource/messages/messages.png?ln=primefaces&v=4.0 HTTP/1.1" 304 -
186.102.14.71 - - [11/Oct/2021:09:13:49 -0500] "POST /sipse/faces/autenticacion.xhtml HTTP/1.1" 200 16021
186.102.14.71 - - [11/Oct/2021:09:13:49 -0500] "GET /sipse/faces/javax.faces.resource/theme.css?ln=primefaces-sipse HTTP/1.1" 304 -
186.102.14.71 - - [11/Oct/2021:09:13:49 -0500] "GET /sipse/faces/javax.faces.resource/jquery/jquery.js?ln=primefaces&v=4.0 HTTP/1.1" 304 -
186.102.14.71 - - [11/Oct/2021:09:13:49 -0500] "GET /sipse/faces/javax.faces.resource/layout/layout.css?ln=primefaces&v=4.0 HTTP/1.1" 304 -
186.102.14.71 - - [11/Oct/2021:09:13:49 -0500] "GET /sipse/faces/javax.faces.resource/primefaces.css?ln=primefaces&v=4.0 HTTP/1.1" 304 -
186.102.14.71 - - [11/Oct/2021:09:13:49 -0500] "GET /sipse/faces/javax.faces.resource/jquery/jquery-plugins.js?ln=primefaces&v=4.0 HTTP/1.1" 304 -
190.69.234.100 - - [11/Oct/2021:09:13:49 -0500] "POST /sipse/faces/presentacion/financiero/solicitudProceso/consultarSolicitudProceso.xhtml HTTP/1.1" 200 101817
186.102.14.71 - - [11/Oct/2021:09:13:49 -0500] "GET /sipse/faces/javax.faces.resource/primefaces.js?ln=primefaces&v=4.0 HTTP/1.1" 304 -
186.102.14.71 - - [11/Oct/2021:09:13:50 -0500] "GET /sipse/faces/javax.faces.resource/layout/layout.js?ln=primefaces&v=4.0 HTTP/1.1" 304 -
201.245.192.253 - - [11/Oct/2021:09:13:50 -0500] "GET /catalogoisis/ HTTP/1.1" 200 8575
186.102.14.71 - - [11/Oct/2021:09:13:50 -0500] "GET /sipse/css/imagen/contrasena.png HTTP/1.1" 404 383
186.102.18.212 - - [11/Oct/2021:09:13:52 -0500] "GET /BLA/boletinlegal/js/jquery.scrollShow.js HTTP/1.1" 200 4586
186.102.18.212 - - [11/Oct/2021:09:13:52 -0500] "GET /galeria/galeria/jquery.fancybox.css?v=2.1.5 HTTP/1.1" 200 4895
186.102.18.212 - - [11/Oct/2021:09:13:52 -0500] "GET /galeria/galeria/jquery.fancybox.js?v=2.1.5 HTTP/1.1" 200 48706
188.40.73.215 - - [11/Oct/2021:09:13:53 -0500] "GET /BLA/resoluciones/RESOLUCIONES%202008/5599.pdf HTTP/1.1" 200 250166
186.102.14.71 - - [11/Oct/2021:09:13:54 -0500] "GET /sipse/faces/javax.faces.resource/images/ui-bg_flat_0_2d5972_40x100.png?ln=primefaces-aristo HTTP/1.1" 304 -
186.102.14.71 - - [11/Oct/2021:09:13:54 -0500] "POST /sipse/faces/bienvenido.xhtml HTTP/1.1" 200 2658
186.102.14.71 - - [11/Oct/2021:09:13:55 -0500] "POST /sipse/faces/bienvenido.xhtml HTTP/1.1" 200 59066
186.102.14.71 - - [11/Oct/2021:09:13:56 -0500] "GET /sipse/faces/javax.faces.resource/theme.css?ln=primefaces-sipse HTTP/1.1" 304 -
186.102.14.71 - - [11/Oct/2021:09:13:56 -0500] "GET /sipse/faces/javax.faces.resource/primefaces.css?ln=primefaces&v=4.0 HTTP/1.1" 304 -
186.102.14.71 - - [11/Oct/2021:09:13:56 -0500] "GET /sipse/faces/javax.faces.resource/jquery/jquery.js?ln=primefaces&v=4.0 HTTP/1.1" 304 -
186.102.14.71 - - [11/Oct/2021:09:13:56 -0500] "GET /sipse/faces/javax.faces.resource/layout/layout.css?ln=primefaces&v=4.0 HTTP/1.1" 304 -
186.102.14.71 - - [11/Oct/2021:09:13:57 -0500] "GET /sipse/faces/javax.faces.resource/jquery/jquery-plugins.js?ln=primefaces&v=4.0 HTTP/1.1" 304 -
186.102.14.71 - - [11/Oct/2021:09:13:57 -0500] "GET /sipse/faces/javax.faces.resource/primefaces.js?ln=primefaces&v=4.0 HTTP/1.1" 304 -
186.102.14.71 - - [11/Oct/2021:09:13:57 -0500] "GET /sipse/faces/javax.faces.resource/layout/layout.js?ln=primefaces&v=4.0 HTTP/1.1" 304 -
190.145.16.70 - - [11/Oct/2021:09:13:57 -0500] "GET /galeria/galeria/jquery.fancybox.css?v=2.1.5 HTTP/1.1" 200 4895
190.145.16.70 - - [11/Oct/2021:09:13:57 -0500] "GET /galeria/galeria/jquery.fancybox.js?v=2.1.5 HTTP/1.1" 200 48706
190.145.16.70 - - [11/Oct/2021:09:13:57 -0500] "GET /BLA/boletinlegal/js/jquery.scrollShow.js HTTP/1.1" 200 4586
186.102.14.71 - - [11/Oct/2021:09:13:57 -0500] "POST /sipse/faces/presentacion/financiero/solicitudProceso/listarSolicitudProceso.xhtml HTTP/1.1" 200 1448
186.84.21.137 - - [11/Oct/2021:09:13:59 -0500] "POST /sipse/faces/presentacion/financiero/solicitudProceso/consultar.xhtml HTTP/1.1" 200 12830
188.40.73.215 - - [11/Oct/2021:09:14:02 -0500] "GET /BLA/resoluciones/RESOLUCIONES%202008/5103.pdf HTTP/1.1" 200 340491
186.102.14.71 - - [11/Oct/2021:09:14:03 -0500] "POST /sipse/faces/presentacion/financiero/solicitudProceso/listarSolicitudProceso.xhtml HTTP/1.1" 200 144317
186.102.14.71 - - [11/Oct/2021:09:14:05 -0500] "GET /sipse/faces/javax.faces.resource/theme.css?ln=primefaces-sipse HTTP/1.1" 304 -
186.102.14.71 - - [11/Oct/2021:09:14:05 -0500] "GET /sipse/faces/javax.faces.resource/layout/layout.css?ln=primefaces&v=4.0 HTTP/1.1" 304 -
186.102.14.71 - - [11/Oct/2021:09:14:05 -0500] "GET /sipse/faces/javax.faces.resource/primefaces.css?ln=primefaces&v=4.0 HTTP/1.1" 304 -
186.102.14.71 - - [11/Oct/2021:09:14:05 -0500] "GET /sipse/faces/javax.faces.resource/jquery/jquery.js?ln=primefaces&v=4.0 HTTP/1.1" 304 -
186.102.14.71 - - [11/Oct/2021:09:14:05 -0500] "GET /sipse/faces/javax.faces.resource/jquery/jquery-plugins.js?ln=primefaces&v=4.0 HTTP/1.1" 304 -
186.102.14.71 - - [11/Oct/2021:09:14:05 -0500] "GET /sipse/faces/javax.faces.resource/primefaces.js?ln=primefaces&v=4.0 HTTP/1.1" 304 -
186.102.14.71 - - [11/Oct/2021:09:14:05 -0500] "GET /sipse/faces/javax.faces.resource/layout/layout.js?ln=primefaces&v=4.0 HTTP/1.1" 304 -
186.102.14.71 - - [11/Oct/2021:09:14:06 -0500] "GET /sipse/faces/javax.faces.resource/dynamiccontent.properties?ln=primefaces&pfdrid=XjOR5%2F%2FfPAZAuY9TpWQeCiM0BhlXxYRBGKi%2FQcXXfeA%3D&pfdrid_c=false HTTP/1.1" 500 383
165.225.223.31 - - [11/Oct/2021:09:14:08 -0500] "GET /autoliquidacion2020/index.php?dir=Calidad+del+aire+auditiva+y+visual-%2F HTTP/1.1" 200 5234
165.225.223.31 - - [11/Oct/2021:09:14:08 -0500] "GET /autoliquidacion2020/dlf/html.gif HTTP/1.1" 200 632
165.225.223.31 - - [11/Oct/2021:09:14:08 -0500] "GET /autoliquidacion2020/dlf/dirup.png HTTP/1.1" 200 644
190.130.76.61 - - [11/Oct/2021:09:14:10 -0500] "GET /BLA/boletinlegal/js/jquery.scrollShow.js HTTP/1.1" 200 4586
190.130.76.61 - - [11/Oct/2021:09:14:10 -0500] "GET /galeria/galeria/jquery.fancybox.css?v=2.1.5 HTTP/1.1" 200 4895
190.130.76.61 - - [11/Oct/2021:09:14:10 -0500] "GET /galeria/galeria/jquery.fancybox.js?v=2.1.5 HTTP/1.1" 200 48706
188.40.73.215 - - [11/Oct/2021:09:14:11 -0500] "GET /BLA/resoluciones/RESOLUCIONES%202008/2741.pdf HTTP/1.1" 200 308100
190.69.234.100 - - [11/Oct/2021:09:14:11 -0500] "POST /sipse/faces/presentacion/financiero/solicitudProceso/consultarSolicitudProceso.xhtml HTTP/1.1" 200 101817
201.245.192.253 - - [11/Oct/2021:09:14:15 -0500] "POST /sipse/faces/presentacion/financiero/solicitudProceso/consultarHistorialSolProceso.xhtml HTTP/1.1" 200 63328
201.245.192.253 - - [11/Oct/2021:09:14:15 -0500] "GET /sipse/faces/javax.faces.resource/theme.css?ln=primefaces-sipse HTTP/1.1" 304 -
201.245.192.253 - - [11/Oct/2021:09:14:15 -0500] "GET /sipse/faces/javax.faces.resource/primefaces.css?ln=primefaces&v=4.0 HTTP/1.1" 304 -
201.245.192.253 - - [11/Oct/2021:09:14:15 -0500] "GET /sipse/faces/javax.faces.resource/layout/layout.css?ln=primefaces&v=4.0 HTTP/1.1" 304 -
201.245.192.253 - - [11/Oct/2021:09:14:15 -0500] "GET /sipse/faces/javax.faces.resource/jquery/jquery.js?ln=primefaces&v=4.0 HTTP/1.1" 304 -
201.245.192.253 - - [11/Oct/2021:09:14:15 -0500] "GET /sipse/faces/javax.faces.resource/jquery/jquery-plugins.js?ln=primefaces&v=4.0 HTTP/1.1" 304 -
201.245.192.253 - - [11/Oct/2021:09:14:15 -0500] "GET /sipse/css/imagen/contrasena.png HTTP/1.1" 404 383
201.245.192.253 - - [11/Oct/2021:09:14:15 -0500] "GET /sipse/faces/javax.faces.resource/primefaces.js?ln=primefaces&v=4.0 HTTP/1.1" 304 -
201.245.192.253 - - [11/Oct/2021:09:14:15 -0500] "GET /sipse/faces/javax.faces.resource/layout/layout.js?ln=primefaces&v=4.0 HTTP/1.1" 304 -
186.102.14.71 - - [11/Oct/2021:09:14:15 -0500] "POST /sipse/faces/presentacion/financiero/solicitudProceso/consultarSolicitudProceso.xhtml HTTP/1.1" 200 21972
201.245.192.253 - - [11/Oct/2021:09:14:15 -0500] "GET /sipse/faces/javax.faces.resource/images/ui-icons_898989_256x240.png?ln=primefaces-aristo HTTP/1.1" 304 -
201.245.192.253 - - [11/Oct/2021:09:14:15 -0500] "GET /sipse/faces/javax.faces.resource/images/ui-bg_flat_0_2d5972_40x100.png?ln=primefaces-aristo HTTP/1.1" 304 -
186.102.14.71 - - [11/Oct/2021:09:14:15 -0500] "GET /sipse/faces/javax.faces.resource/theme.css?ln=primefaces-sipse HTTP/1.1" 304 -
186.102.14.71 - - [11/Oct/2021:09:14:15 -0500] "GET /sipse/faces/javax.faces.resource/primefaces.css?ln=primefaces&v=4.0 HTTP/1.1" 304 -
201.245.192.253 - - [11/Oct/2021:09:14:15 -0500] "POST /sipse/faces/presentacion/financiero/solicitudProceso/listarSolicitudProceso.xhtml HTTP/1.1" 200 1448
186.102.14.71 - - [11/Oct/2021:09:14:15 -0500] "GET /sipse/faces/javax.faces.resource/jquery/jquery-plugins.js?ln=primefaces&v=4.0 HTTP/1.1" 304 -
186.102.14.71 - - [11/Oct/2021:09:14:15 -0500] "GET /sipse/faces/javax.faces.resource/layout/layout.css?ln=primefaces&v=4.0 HTTP/1.1" 304 -
186.102.14.71 - - [11/Oct/2021:09:14:15 -0500] "GET /sipse/faces/javax.faces.resource/fileupload/fileupload.css?ln=primefaces&v=4.0 HTTP/1.1" 304 -
186.102.14.71 - - [11/Oct/2021:09:14:15 -0500] "GET /sipse/faces/javax.faces.resource/jquery/jquery.js?ln=primefaces&v=4.0 HTTP/1.1" 304 -
186.102.14.71 - - [11/Oct/2021:09:14:16 -0500] "GET /sipse/faces/javax.faces.resource/primefaces.js?ln=primefaces&v=4.0 HTTP/1.1" 304 -
186.102.14.71 - - [11/Oct/2021:09:14:16 -0500] "GET /sipse/faces/javax.faces.resource/layout/layout.js?ln=primefaces&v=4.0 HTTP/1.1" 304 -
186.102.14.71 - - [11/Oct/2021:09:14:16 -0500] "GET /sipse/faces/javax.faces.resource/fileupload/fileupload.js?ln=primefaces&v=4.0 HTTP/1.1" 304 -
181.53.12.55 - - [11/Oct/2021:09:14:18 -0500] "GET /BLA/boletinlegal/js/jquery.scrollShow.js HTTP/1.1" 200 4586
181.53.12.55 - - [11/Oct/2021:09:14:18 -0500] "GET /galeria/galeria/jquery.fancybox.css?v=2.1.5 HTTP/1.1" 200 4895
181.53.12.55 - - [11/Oct/2021:09:14:18 -0500] "GET /galeria/galeria/jquery.fancybox.js?v=2.1.5 HTTP/1.1" 200 48706
31.43.223.218 - - [11/Oct/2021:09:14:19 -0500] "GET / HTTP/1.1" 200 319
188.40.73.215 - - [11/Oct/2021:09:14:20 -0500] "GET /BLA/resoluciones/RESOLUCIONES%202008/4801.pdf HTTP/1.1" 200 486138
165.225.223.31 - - [11/Oct/2021:09:14:23 -0500] "GET /autoliquidacion2020/index.php?dir=Calidad+del+aire+auditiva+y+visual-%2FEvaluaci%F3n+de+estudios+de+Emisiones+con+miras+a+verificar+el+cumplimiento+de+las+normas+de+emisiones%2F HTTP/1.1" 200 3007
165.225.223.31 - - [11/Oct/2021:09:14:25 -0500] "GET /autoliquidacion2020/Calidad%20del%20aire%20auditiva%20y%20visual-/Evaluaci%C3%B3n%20de%20estudios%20de%20Emisiones%20con%20miras%20a%20verificar%20el%20cumplimiento%20de%20las%20normas%20de%20emisiones/Aplicativo.html HTTP/1.1" 200 359
188.40.73.215 - - [11/Oct/2021:09:14:28 -0500] "GET /BLA/resoluciones/RESOLUCIONES%202008/0933.pdf HTTP/1.1" 200 203381
201.244.219.69 - - [11/Oct/2021:09:14:35 -0500] "GET /galeria/galeria/jquery.fancybox.css?v=2.1.5 HTTP/1.1" 200 4895
201.244.219.69 - - [11/Oct/2021:09:14:35 -0500] "GET /galeria/galeria/jquery.fancybox.js?v=2.1.5 HTTP/1.1" 200 48706
201.244.219.69 - - [11/Oct/2021:09:14:35 -0500] "GET /BLA/boletinlegal/js/jquery.scrollShow.js HTTP/1.1" 200 4586
188.40.73.215 - - [11/Oct/2021:09:14:36 -0500] "GET /BLA/resoluciones/RESOLUCIONES%202008/2258.pdf HTTP/1.1" 200 200360
216.245.221.92 - - [11/Oct/2021:09:14:39 -0500] "HEAD / HTTP/1.1" 200 -
186.80.52.13 - - [11/Oct/2021:09:14:44 -0500] "GET /galeria/galeria/jquery.fancybox.css?v=2.1.5 HTTP/1.1" 200 4895
186.80.52.13 - - [11/Oct/2021:09:14:45 -0500] "GET /BLA/boletinlegal/js/jquery.scrollShow.js HTTP/1.1" 200 4586
188.40.73.215 - - [11/Oct/2021:09:14:45 -0500] "GET /BLA/resoluciones/RESOLUCIONES%202008/4913.pdf HTTP/1.1" 200 214200
186.80.52.13 - - [11/Oct/2021:09:14:45 -0500] "GET /galeria/galeria/jquery.fancybox.js?v=2.1.5 HTTP/1.1" 200 48706
186.102.14.71 - - [11/Oct/2021:09:14:46 -0500] "GET /sipse/faces/javax.faces.resource/theme.css?ln=primefaces-sipse HTTP/1.1" 304 -
186.102.14.71 - - [11/Oct/2021:09:14:46 -0500] "GET /sipse/faces/javax.faces.resource/primefaces.css?ln=primefaces&v=4.0 HTTP/1.1" 304 -
186.102.14.71 - - [11/Oct/2021:09:14:46 -0500] "GET /sipse/faces/javax.faces.resource/jquery/jquery.js?ln=primefaces&v=4.0 HTTP/1.1" 304 -
186.102.14.71 - - [11/Oct/2021:09:14:46 -0500] "GET /sipse/faces/javax.faces.resource/layout/layout.css?ln=primefaces&v=4.0 HTTP/1.1" 304 -
186.102.14.71 - - [11/Oct/2021:09:14:46 -0500] "GET /sipse/faces/javax.faces.resource/jquery/jquery-plugins.js?ln=primefaces&v=4.0 HTTP/1.1" 304 -
186.102.14.71 - - [11/Oct/2021:09:14:46 -0500] "GET /sipse/faces/javax.faces.resource/primefaces.js?ln=primefaces&v=4.0 HTTP/1.1" 304 -
186.102.14.71 - - [11/Oct/2021:09:14:46 -0500] "GET /sipse/faces/javax.faces.resource/layout/layout.js?ln=primefaces&v=4.0 HTTP/1.1" 304 -
186.102.14.71 - - [11/Oct/2021:09:14:44 -0500] "POST /sipse/faces/presentacion/sistema/anexos/cargarAnexoSolicitudProceso.xhtml HTTP/1.1" 200 193194
186.102.14.71 - - [11/Oct/2021:09:14:47 -0500] "GET /sipse/faces/javax.faces.resource/dynamiccontent.properties?ln=primefaces&pfdrid=XjOR5%2F%2FfPAZAuY9TpWQeCiM0BhlXxYRBGKi%2FQcXXfeA%3D&pfdrid_c=false HTTP/1.1" 500 383
186.154.99.237 - - [11/Oct/2021:09:14:49 -0500] "POST /sipse/faces/presentacion/financiero/solicitudProceso/consultarSolicitudProceso.xhtml HTTP/1.1" 200 5401
186.154.99.237 - - [11/Oct/2021:09:14:50 -0500] "GET /reportes_sipse/sdg/ServletReporte?reporte=solicitud_cdp&Solicitud=14850&pfdrid_c=false HTTP/1.1" 200 95371
201.245.192.253 - - [11/Oct/2021:09:14:50 -0500] "GET /catalogoisis/ HTTP/1.1" 200 8575
201.245.192.253 - - [11/Oct/2021:09:14:05 -0500] "POST /kwsrmcab/Wsrmcab HTTP/1.1" 200 120005
186.102.14.71 - - [11/Oct/2021:09:14:53 -0500] "GET /sipse/faces/javax.faces.resource/theme.css?ln=primefaces-sipse HTTP/1.1" 304 -
186.102.14.71 - - [11/Oct/2021:09:14:53 -0500] "GET /sipse/faces/javax.faces.resource/primefaces.css?ln=primefaces&v=4.0 HTTP/1.1" 304 -
186.102.14.71 - - [11/Oct/2021:09:14:53 -0500] "GET /sipse/faces/javax.faces.resource/layout/layout.css?ln=primefaces&v=4.0 HTTP/1.1" 304 -
186.102.14.71 - - [11/Oct/2021:09:14:54 -0500] "GET /sipse/faces/javax.faces.resource/jquery/jquery.js?ln=primefaces&v=4.0 HTTP/1.1" 304 -
186.102.14.71 - - [11/Oct/2021:09:14:54 -0500] "GET /sipse/faces/javax.faces.resource/jquery/jquery-plugins.js?ln=primefaces&v=4.0 HTTP/1.1" 304 -
186.102.14.71 - - [11/Oct/2021:09:14:54 -0500] "GET /sipse/faces/javax.faces.resource/primefaces.js?ln=primefaces&v=4.0 HTTP/1.1" 304 -
186.102.14.71 - - [11/Oct/2021:09:14:54 -0500] "GET /sipse/faces/javax.faces.resource/layout/layout.js?ln=primefaces&v=4.0 HTTP/1.1" 304 -
186.102.14.71 - - [11/Oct/2021:09:14:54 -0500] "GET /sipse/faces/javax.faces.resource/fileupload/fileupload.css?ln=primefaces&v=4.0 HTTP/1.1" 304 -
186.102.14.71 - - [11/Oct/2021:09:14:54 -0500] "GET /sipse/faces/javax.faces.resource/fileupload/fileupload.js?ln=primefaces&v=4.0 HTTP/1.1" 304 -
188.40.73.215 - - [11/Oct/2021:09:14:54 -0500] "GET /BLA/resoluciones/RESOLUCIONES%202008/3370.pdf HTTP/1.1" 200 309214
186.102.14.71 - - [11/Oct/2021:09:14:53 -0500] "POST /sipse/faces/presentacion/financiero/solicitudProceso/consultarSolicitudProceso.xhtml HTTP/1.1" 200 21972
201.245.192.253 - - [11/Oct/2021:09:14:55 -0500] "POST /sipse/faces/presentacion/financiero/solicitudProceso/listarSolicitudProceso.xhtml HTTP/1.1" 200 193
201.245.192.253 - - [11/Oct/2021:09:14:55 -0500] "POST /sipse/faces/presentacion/financiero/solicitudProceso/listarSolicitudProceso.xhtml HTTP/1.1" 200 193
201.245.192.253 - - [11/Oct/2021:09:14:55 -0500] "GET /sipse/faces/presentacion/financiero/solicitudAnulacion/consultarSolicitudAnulacion.xhtml HTTP/1.1" 200 15757
201.245.192.253 - - [11/Oct/2021:09:14:55 -0500] "GET /sipse/faces/presentacion/financiero/solicitudAnulacion/consultarSolicitudAnulacion.xhtml HTTP/1.1" 200 40214
201.245.192.253 - - [11/Oct/2021:09:14:55 -0500] "GET /sipse/faces/javax.faces.resource/theme.css?ln=primefaces-sipse HTTP/1.1" 304 -
201.245.192.253 - - [11/Oct/2021:09:14:55 -0500] "GET /sipse/faces/javax.faces.resource/jquery/jquery-plugins.js?ln=primefaces&v=4.0 HTTP/1.1" 304 -
201.245.192.253 - - [11/Oct/2021:09:14:55 -0500] "GET /sipse/faces/javax.faces.resource/primefaces.css?ln=primefaces&v=4.0 HTTP/1.1" 304 -
201.245.192.253 - - [11/Oct/2021:09:14:55 -0500] "GET /sipse/faces/javax.faces.resource/layout/layout.js?ln=primefaces&v=4.0 HTTP/1.1" 304 -
201.245.192.253 - - [11/Oct/2021:09:14:55 -0500] "GET /sipse/faces/javax.faces.resource/primefaces.js?ln=primefaces&v=4.0 HTTP/1.1" 304 -
201.245.192.253 - - [11/Oct/2021:09:14:55 -0500] "GET /sipse/faces/javax.faces.resource/layout/layout.css?ln=primefaces&v=4.0 HTTP/1.1" 304 -
201.245.192.253 - - [11/Oct/2021:09:14:55 -0500] "GET /sipse/faces/javax.faces.resource/jquery/jquery.js?ln=primefaces&v=4.0 HTTP/1.1" 304 -
201.245.192.253 - - [11/Oct/2021:09:14:55 -0500] "POST /sipse/faces/presentacion/financiero/solicitudAnulacion/consultarSolicitudAnulacion.xhtml HTTP/1.1" 200 10620
201.245.192.253 - - [11/Oct/2021:09:14:57 -0500] "POST /sipse/faces/presentacion/financiero/solicitudAnulacion/consultarSolicitudAnulacion.xhtml HTTP/1.1" 200 14805
201.245.192.253 - - [11/Oct/2021:09:14:57 -0500] "GET /sipse/faces/javax.faces.resource/messages/messages.png?ln=primefaces&v=4.0 HTTP/1.1" 304 -
201.245.192.253 - - [11/Oct/2021:09:15:01 -0500] "POST /sipse/faces/presentacion/financiero/solicitudAnulacion/consultarSolicitudAnulacion.xhtml HTTP/1.1" 200 46001
201.245.192.253 - - [11/Oct/2021:09:15:01 -0500] "GET /sipse/faces/javax.faces.resource/theme.css?ln=primefaces-sipse HTTP/1.1" 304 -
201.245.192.253 - - [11/Oct/2021:09:15:01 -0500] "GET /sipse/faces/javax.faces.resource/layout/layout.css?ln=primefaces&v=4.0 HTTP/1.1" 304 -
201.245.192.253 - - [11/Oct/2021:09:15:01 -0500] "GET /sipse/faces/javax.faces.resource/primefaces.css?ln=primefaces&v=4.0 HTTP/1.1" 304 -
