190.157.162.202 - - [11/Oct/2021:09:07:16 -0500] "GET /reportes_sipse/sdg/ServletReporte?reporte=experienia_idoneidad&solicitud=15191&pfdrid_c=false HTTP/1.1" 200 138577
190.157.162.202 - - [11/Oct/2021:09:07:19 -0500] "GET /sipse/faces/javax.faces.resource/images/ui-bg_flat_0_2d5972_40x100.png?ln=primefaces-aristo HTTP/1.1" 304 -
190.157.162.202 - - [11/Oct/2021:09:07:19 -0500] "POST /sipse/faces/presentacion/financiero/solicitudProceso/consultarSolicitudProceso.xhtml HTTP/1.1" 200 59810
190.157.162.202 - - [11/Oct/2021:09:07:19 -0500] "GET /sipse/faces/javax.faces.resource/theme.css?ln=primefaces-sipse HTTP/1.1" 304 -
190.157.162.202 - - [11/Oct/2021:09:07:19 -0500] "GET /sipse/faces/javax.faces.resource/primefaces.css?ln=primefaces&v=4.0 HTTP/1.1" 304 -
190.157.162.202 - - [11/Oct/2021:09:07:19 -0500] "GET /sipse/faces/javax.faces.resource/layout/layout.css?ln=primefaces&v=4.0 HTTP/1.1" 304 -
190.157.162.202 - - [11/Oct/2021:09:07:19 -0500] "GET /sipse/faces/javax.faces.resource/jquery/jquery.js?ln=primefaces&v=4.0 HTTP/1.1" 304 -
190.157.162.202 - - [11/Oct/2021:09:07:19 -0500] "GET /sipse/faces/javax.faces.resource/jquery/jquery-plugins.js?ln=primefaces&v=4.0 HTTP/1.1" 304 -
190.157.162.202 - - [11/Oct/2021:09:07:19 -0500] "GET /sipse/faces/javax.faces.resource/primefaces.js?ln=primefaces&v=4.0 HTTP/1.1" 304 -
190.157.162.202 - - [11/Oct/2021:09:07:19 -0500] "GET /sipse/faces/javax.faces.resource/layout/layout.js?ln=primefaces&v=4.0 HTTP/1.1" 304 -
190.157.162.202 - - [11/Oct/2021:09:07:20 -0500] "GET /sipse/css/imagen/contrasena.png HTTP/1.1" 404 383
190.157.162.202 - - [11/Oct/2021:09:07:19 -0500] "POST /sipse/faces/presentacion/financiero/solicitudProceso/listarSolicitudProceso.xhtml HTTP/1.1" 200 53050
190.157.162.202 - - [11/Oct/2021:09:07:20 -0500] "POST /sipse/faces/presentacion/financiero/solicitudProceso/listarSolicitudProceso.xhtml HTTP/1.1" 200 1448
190.249.17.101 - - [11/Oct/2021:09:07:20 -0500] "POST /sipse/faces/presentacion/financiero/solicitudProceso/listarSolicitudProceso.xhtml HTTP/1.1" 200 17333
190.157.162.202 - - [11/Oct/2021:09:07:20 -0500] "POST /sipse/faces/presentacion/financiero/solicitudProceso/listarSolicitudProceso.xhtml HTTP/1.1" 200 1448
181.53.13.27 - - [11/Oct/2021:09:07:20 -0500] "POST /sipse/faces/presentacion/financiero/solicitudProceso/listarSolicitudProceso.xhtml HTTP/1.1" 200 33608
190.249.17.101 - - [11/Oct/2021:09:07:21 -0500] "POST /sipse/faces/presentacion/financiero/solicitudProceso/listarSolicitudProceso.xhtml HTTP/1.1" 200 17333
201.245.192.253 - - [11/Oct/2021:09:07:16 -0500] "POST /sipse/faces/presentacion/financiero/solicitudProceso/consultarSolicitudProceso.xhtml HTTP/1.1" 200 81557
181.53.13.27 - - [11/Oct/2021:09:07:21 -0500] "POST /sipse/faces/presentacion/financiero/solicitudProceso/listarSolicitudProceso.xhtml HTTP/1.1" 200 33612
201.245.192.253 - - [11/Oct/2021:09:07:22 -0500] "GET /sipse/faces/javax.faces.resource/primefaces.css?ln=primefaces&v=4.0 HTTP/1.1" 304 -
201.245.192.253 - - [11/Oct/2021:09:07:22 -0500] "GET /sipse/faces/javax.faces.resource/primefaces.js?ln=primefaces&v=4.0 HTTP/1.1" 304 -
201.245.192.253 - - [11/Oct/2021:09:07:22 -0500] "GET /sipse/faces/javax.faces.resource/layout/layout.css?ln=primefaces&v=4.0 HTTP/1.1" 304 -
201.245.192.253 - - [11/Oct/2021:09:07:22 -0500] "GET /sipse/faces/javax.faces.resource/theme.css?ln=primefaces-sipse HTTP/1.1" 304 -
201.245.192.253 - - [11/Oct/2021:09:07:22 -0500] "GET /sipse/faces/javax.faces.resource/jquery/jquery.js?ln=primefaces&v=4.0 HTTP/1.1" 304 -
201.245.192.253 - - [11/Oct/2021:09:07:22 -0500] "GET /sipse/faces/javax.faces.resource/layout/layout.js?ln=primefaces&v=4.0 HTTP/1.1" 304 -
201.245.192.253 - - [11/Oct/2021:09:07:22 -0500] "GET /sipse/faces/javax.faces.resource/jquery/jquery-plugins.js?ln=primefaces&v=4.0 HTTP/1.1" 304 -
190.249.17.101 - - [11/Oct/2021:09:07:22 -0500] "POST /sipse/faces/presentacion/financiero/solicitudProceso/listarSolicitudProceso.xhtml HTTP/1.1" 200 8145
190.157.162.202 - - [11/Oct/2021:09:07:22 -0500] "POST /sipse/faces/presentacion/financiero/solicitudProceso/listarSolicitudProceso.xhtml HTTP/1.1" 200 30400
201.245.192.253 - - [11/Oct/2021:09:07:22 -0500] "POST /sipse/faces/presentacion/contratacion/contrato/registroPresupuestal/expedirRP.xhtml HTTP/1.1" 200 20548
201.245.192.253 - - [11/Oct/2021:09:07:23 -0500] "GET /sipse/faces/javax.faces.resource/primefaces.css?ln=primefaces&v=4.0 HTTP/1.1" 304 -
201.245.192.253 - - [11/Oct/2021:09:07:23 -0500] "GET /sipse/faces/javax.faces.resource/layout/layout.css?ln=primefaces&v=4.0 HTTP/1.1" 304 -
201.245.192.253 - - [11/Oct/2021:09:07:23 -0500] "GET /sipse/faces/javax.faces.resource/primefaces.js?ln=primefaces&v=4.0 HTTP/1.1" 304 -
201.245.192.253 - - [11/Oct/2021:09:07:23 -0500] "GET /sipse/faces/javax.faces.resource/jquery/jquery.js?ln=primefaces&v=4.0 HTTP/1.1" 304 -
201.245.192.253 - - [11/Oct/2021:09:07:23 -0500] "GET /sipse/faces/javax.faces.resource/theme.css?ln=primefaces-sipse HTTP/1.1" 304 -
201.245.192.253 - - [11/Oct/2021:09:07:23 -0500] "GET /sipse/faces/javax.faces.resource/jquery/jquery-plugins.js?ln=primefaces&v=4.0 HTTP/1.1" 304 -
201.245.192.253 - - [11/Oct/2021:09:07:23 -0500] "GET /sipse/faces/javax.faces.resource/layout/layout.js?ln=primefaces&v=4.0 HTTP/1.1" 304 -
190.157.162.202 - - [11/Oct/2021:09:07:23 -0500] "POST /sipse/faces/presentacion/financiero/solicitudProceso/listarSolicitudProceso.xhtml HTTP/1.1" 200 10516
181.53.13.27 - - [11/Oct/2021:09:07:23 -0500] "POST /sipse/faces/presentacion/financiero/solicitudProceso/listarSolicitudProceso.xhtml HTTP/1.1" 200 8057
186.102.14.71 - - [11/Oct/2021:09:07:24 -0500] "GET /sipse/faces/faces/index.xhtml HTTP/1.1" 200 677
188.40.73.215 - - [11/Oct/2021:09:07:24 -0500] "GET /BLA/resoluciones/RESOLUCIONES%202008/4762.pdf HTTP/1.1" 200 244427
201.245.192.253 - - [11/Oct/2021:09:07:24 -0500] "GET /sipse/faces/javax.faces.resource/images/ui-icons_898989_256x240.png?ln=primefaces-aristo HTTP/1.1" 304 -
186.102.14.71 - - [11/Oct/2021:09:07:25 -0500] "GET /sipse/faces/javax.faces.resource/theme.css?ln=primefaces-sipse HTTP/1.1" 304 -
201.245.192.253 - - [11/Oct/2021:09:07:25 -0500] "POST /sipse/faces/presentacion/contratacion/contrato/registroPresupuestal/consultarActividadesRP.xhtml HTTP/1.1" 200 22807
201.245.192.253 - - [11/Oct/2021:09:07:25 -0500] "GET /sipse/faces/javax.faces.resource/theme.css?ln=primefaces-sipse HTTP/1.1" 304 -
201.245.192.253 - - [11/Oct/2021:09:07:25 -0500] "GET /sipse/faces/javax.faces.resource/layout/layout.css?ln=primefaces&v=4.0 HTTP/1.1" 304 -
201.245.192.253 - - [11/Oct/2021:09:07:25 -0500] "GET /sipse/faces/javax.faces.resource/primefaces.js?ln=primefaces&v=4.0 HTTP/1.1" 304 -
201.245.192.253 - - [11/Oct/2021:09:07:25 -0500] "GET /sipse/faces/javax.faces.resource/jquery/jquery-plugins.js?ln=primefaces&v=4.0 HTTP/1.1" 304 -
201.245.192.253 - - [11/Oct/2021:09:07:25 -0500] "GET /sipse/faces/javax.faces.resource/primefaces.css?ln=primefaces&v=4.0 HTTP/1.1" 304 -
201.245.192.253 - - [11/Oct/2021:09:07:25 -0500] "GET /sipse/faces/javax.faces.resource/jquery/jquery.js?ln=primefaces&v=4.0 HTTP/1.1" 304 -
201.245.192.253 - - [11/Oct/2021:09:07:25 -0500] "GET /sipse/faces/javax.faces.resource/layout/layout.js?ln=primefaces&v=4.0 HTTP/1.1" 304 -
186.102.14.71 - - [11/Oct/2021:09:07:25 -0500] "GET /sipse/faces/faces/faces/autenticacion.xhtml HTTP/1.1" 200 12188
186.102.14.71 - - [11/Oct/2021:09:07:25 -0500] "GET /sipse/faces/javax.faces.resource/theme.css?ln=primefaces-sipse HTTP/1.1" 304 -
186.102.14.71 - - [11/Oct/2021:09:07:25 -0500] "GET /sipse/faces/javax.faces.resource/primefaces.css?ln=primefaces&v=4.0 HTTP/1.1" 304 -
186.102.14.71 - - [11/Oct/2021:09:07:25 -0500] "GET /sipse/faces/javax.faces.resource/layout/layout.css?ln=primefaces&v=4.0 HTTP/1.1" 304 -
186.102.14.71 - - [11/Oct/2021:09:07:25 -0500] "GET /sipse/faces/javax.faces.resource/jquery/jquery.js?ln=primefaces&v=4.0 HTTP/1.1" 304 -
186.102.14.71 - - [11/Oct/2021:09:07:25 -0500] "GET /sipse/faces/javax.faces.resource/jquery/jquery-plugins.js?ln=primefaces&v=4.0 HTTP/1.1" 304 -
186.102.14.71 - - [11/Oct/2021:09:07:25 -0500] "GET /sipse/faces/javax.faces.resource/primefaces.js?ln=primefaces&v=4.0 HTTP/1.1" 304 -
186.102.14.71 - - [11/Oct/2021:09:07:25 -0500] "GET /sipse/faces/javax.faces.resource/layout/layout.js?ln=primefaces&v=4.0 HTTP/1.1" 304 -
190.157.162.202 - - [11/Oct/2021:09:07:24 -0500] "POST /sipse/faces/presentacion/financiero/solicitudProceso/listarSolicitudProceso.xhtml HTTP/1.1" 200 111416
190.157.162.202 - - [11/Oct/2021:09:07:25 -0500] "GET /sipse/faces/javax.faces.resource/theme.css?ln=primefaces-sipse HTTP/1.1" 304 -
190.157.162.202 - - [11/Oct/2021:09:07:25 -0500] "GET /sipse/faces/javax.faces.resource/layout/layout.css?ln=primefaces&v=4.0 HTTP/1.1" 304 -
190.157.162.202 - - [11/Oct/2021:09:07:25 -0500] "GET /sipse/faces/javax.faces.resource/primefaces.css?ln=primefaces&v=4.0 HTTP/1.1" 304 -
190.157.162.202 - - [11/Oct/2021:09:07:25 -0500] "GET /sipse/faces/javax.faces.resource/jquery/jquery.js?ln=primefaces&v=4.0 HTTP/1.1" 304 -
190.157.162.202 - - [11/Oct/2021:09:07:25 -0500] "GET /sipse/faces/javax.faces.resource/jquery/jquery-plugins.js?ln=primefaces&v=4.0 HTTP/1.1" 304 -
190.157.162.202 - - [11/Oct/2021:09:07:25 -0500] "GET /sipse/faces/javax.faces.resource/primefaces.js?ln=primefaces&v=4.0 HTTP/1.1" 304 -
186.102.14.71 - - [11/Oct/2021:09:07:26 -0500] "GET /sipse/faces/javax.faces.resource/images/ui-icons_898989_256x240.png?ln=primefaces-aristo HTTP/1.1" 304 -
190.157.162.202 - - [11/Oct/2021:09:07:26 -0500] "GET /sipse/faces/javax.faces.resource/layout/layout.js?ln=primefaces&v=4.0 HTTP/1.1" 304 -
190.157.162.202 - - [11/Oct/2021:09:07:26 -0500] "GET /sipse/css/imagen/contrasena.png HTTP/1.1" 404 383
190.157.162.202 - - [11/Oct/2021:09:07:26 -0500] "GET /reportes_sipse/sdg/ServletReporte?reporte=experienia_idoneidad&solicitud=15191&pfdrid_c=false HTTP/1.1" 200 138577
172.22.2.1 - - [11/Oct/2021:09:07:28 -0500] "GET /reportes_sipse/sdg/ServletViabilidad?reporte=memo_viabilidad&solicitud=15157 HTTP/1.1" 200 1538
186.102.14.71 - - [11/Oct/2021:09:07:31 -0500] "POST /sipse/faces/autenticacion.xhtml HTTP/1.1" 200 2187
186.102.14.71 - - [11/Oct/2021:09:07:31 -0500] "GET /sipse/faces/javax.faces.resource/messages/messages.png?ln=primefaces&v=4.0 HTTP/1.1" 304 -
191.106.137.58 - - [11/Oct/2021:09:07:31 -0500] "GET /galeria/galeria/jquery.fancybox.css?v=2.1.5 HTTP/1.1" 200 4895
201.245.192.253 - - [11/Oct/2021:09:07:31 -0500] "POST /sipse/faces/presentacion/contratacion/contrato/registroPresupuestal/asociarPresupuestoActividadesRP.xhtml HTTP/1.1" 200 37178
201.245.192.253 - - [11/Oct/2021:09:07:31 -0500] "GET /sipse/faces/javax.faces.resource/theme.css?ln=primefaces-sipse HTTP/1.1" 304 -
201.245.192.253 - - [11/Oct/2021:09:07:31 -0500] "GET /sipse/faces/javax.faces.resource/layout/layout.css?ln=primefaces&v=4.0 HTTP/1.1" 304 -
201.245.192.253 - - [11/Oct/2021:09:07:31 -0500] "GET /sipse/faces/javax.faces.resource/primefaces.css?ln=primefaces&v=4.0 HTTP/1.1" 304 -
201.245.192.253 - - [11/Oct/2021:09:07:31 -0500] "GET /sipse/faces/javax.faces.resource/jquery/jquery.js?ln=primefaces&v=4.0 HTTP/1.1" 304 -
201.245.192.253 - - [11/Oct/2021:09:07:31 -0500] "GET /sipse/faces/javax.faces.resource/jquery/jquery-plugins.js?ln=primefaces&v=4.0 HTTP/1.1" 304 -
201.245.192.253 - - [11/Oct/2021:09:07:31 -0500] "GET /sipse/faces/javax.faces.resource/primefaces.js?ln=primefaces&v=4.0 HTTP/1.1" 304 -
201.245.192.253 - - [11/Oct/2021:09:07:31 -0500] "GET /sipse/faces/javax.faces.resource/layout/layout.js?ln=primefaces&v=4.0 HTTP/1.1" 304 -
191.106.137.58 - - [11/Oct/2021:09:07:32 -0500] "GET /BLA/boletinlegal/js/jquery.scrollShow.js HTTP/1.1" 200 4586
190.249.17.101 - - [11/Oct/2021:09:07:31 -0500] "POST /sipse/faces/presentacion/financiero/solicitudProceso/listarSolicitudProceso.xhtml HTTP/1.1" 200 8233
191.106.137.58 - - [11/Oct/2021:09:07:32 -0500] "GET /galeria/galeria/jquery.fancybox.js?v=2.1.5 HTTP/1.1" 200 48706
190.249.17.101 - - [11/Oct/2021:09:07:32 -0500] "POST /sipse/faces/presentacion/financiero/solicitudProceso/listarSolicitudProceso.xhtml HTTP/1.1" 200 8233
188.40.73.215 - - [11/Oct/2021:09:07:33 -0500] "GET /BLA/resoluciones/RESOLUCIONES%202008/res2613_Modif%20Res%202114-08%20PLAN%20INSTITUCION%20DE%20ESTIMULOS%20E%20INCENTIVOS.pdf HTTP/1.1" 200 195141
201.245.192.253 - - [11/Oct/2021:09:07:34 -0500] "POST /sipse/faces/presentacion/contratacion/contrato/registroPresupuestal/expedirRP.xhtml HTTP/1.1" 200 124939
201.245.192.253 - - [11/Oct/2021:09:07:34 -0500] "GET /sipse/faces/javax.faces.resource/theme.css?ln=primefaces-sipse HTTP/1.1" 304 -
201.245.192.253 - - [11/Oct/2021:09:07:34 -0500] "GET /sipse/faces/javax.faces.resource/primefaces.css?ln=primefaces&v=4.0 HTTP/1.1" 304 -
201.245.192.253 - - [11/Oct/2021:09:07:34 -0500] "GET /sipse/faces/javax.faces.resource/layout/layout.css?ln=primefaces&v=4.0 HTTP/1.1" 304 -
181.48.35.165 - - [11/Oct/2021:09:07:34 -0500] "GET /galeria/galeria/jquery.fancybox.css?v=2.1.5 HTTP/1.1" 200 4895
181.48.35.165 - - [11/Oct/2021:09:07:34 -0500] "GET /BLA/boletinlegal/js/jquery.scrollShow.js HTTP/1.1" 200 4586
201.245.192.253 - - [11/Oct/2021:09:07:34 -0500] "GET /sipse/faces/javax.faces.resource/jquery/jquery.js?ln=primefaces&v=4.0 HTTP/1.1" 304 -
181.48.35.165 - - [11/Oct/2021:09:07:34 -0500] "GET /galeria/galeria/jquery.fancybox.js?v=2.1.5 HTTP/1.1" 200 48706
201.245.192.253 - - [11/Oct/2021:09:07:34 -0500] "GET /sipse/faces/javax.faces.resource/jquery/jquery-plugins.js?ln=primefaces&v=4.0 HTTP/1.1" 304 -
201.245.192.253 - - [11/Oct/2021:09:07:34 -0500] "GET /sipse/faces/javax.faces.resource/primefaces.js?ln=primefaces&v=4.0 HTTP/1.1" 304 -
201.245.192.253 - - [11/Oct/2021:09:07:34 -0500] "GET /sipse/faces/javax.faces.resource/layout/layout.js?ln=primefaces&v=4.0 HTTP/1.1" 304 -
201.245.192.253 - - [11/Oct/2021:09:07:34 -0500] "GET /sipse/faces/javax.faces.resource/messages/messages.png?ln=primefaces&v=4.0 HTTP/1.1" 304 -
201.245.192.253 - - [11/Oct/2021:09:07:34 -0500] "GET /reportes_sipse/sdg/ServletReporte?reporte=experienia_idoneidad&solicitud=15191&pfdrid_c=false HTTP/1.1" 200 138577
188.40.73.215 - - [11/Oct/2021:09:07:42 -0500] "GET /BLA/resoluciones/RESOLUCIONES%202008/5119.pdf HTTP/1.1" 200 502149
190.157.162.202 - - [11/Oct/2021:09:07:28 -0500] "POST /sipse/faces/presentacion/financiero/solicitudProceso/consultarSolicitudProceso.xhtml HTTP/1.1" 200 65064
190.157.162.202 - - [11/Oct/2021:09:07:43 -0500] "GET /sipse/faces/javax.faces.resource/theme.css?ln=primefaces-sipse HTTP/1.1" 304 -
190.157.162.202 - - [11/Oct/2021:09:07:43 -0500] "GET /sipse/faces/javax.faces.resource/primefaces.css?ln=primefaces&v=4.0 HTTP/1.1" 304 -
190.157.162.202 - - [11/Oct/2021:09:07:43 -0500] "GET /sipse/faces/javax.faces.resource/layout/layout.css?ln=primefaces&v=4.0 HTTP/1.1" 304 -
190.157.162.202 - - [11/Oct/2021:09:07:43 -0500] "GET /sipse/faces/javax.faces.resource/jquery/jquery-plugins.js?ln=primefaces&v=4.0 HTTP/1.1" 304 -
190.157.162.202 - - [11/Oct/2021:09:07:43 -0500] "GET /sipse/faces/javax.faces.resource/layout/layout.js?ln=primefaces&v=4.0 HTTP/1.1" 304 -
190.157.162.202 - - [11/Oct/2021:09:07:43 -0500] "GET /sipse/faces/javax.faces.resource/primefaces.js?ln=primefaces&v=4.0 HTTP/1.1" 304 -
190.157.162.202 - - [11/Oct/2021:09:07:43 -0500] "GET /sipse/faces/javax.faces.resource/jquery/jquery.js?ln=primefaces&v=4.0 HTTP/1.1" 304 -
190.157.162.202 - - [11/Oct/2021:09:07:43 -0500] "GET /sipse/css/imagen/contrasena.png HTTP/1.1" 404 383
190.157.162.202 - - [11/Oct/2021:09:07:43 -0500] "GET /sipse/faces/javax.faces.resource/messages/messages.png?ln=primefaces&v=4.0 HTTP/1.1" 304 -
190.157.162.202 - - [11/Oct/2021:09:07:43 -0500] "POST /sipse/faces/presentacion/financiero/solicitudProceso/listarSolicitudProceso.xhtml HTTP/1.1" 200 1448
190.157.162.202 - - [11/Oct/2021:09:07:43 -0500] "POST /sipse/faces/presentacion/financiero/solicitudProceso/listarSolicitudProceso.xhtml HTTP/1.1" 200 1448
190.157.162.202 - - [11/Oct/2021:09:07:44 -0500] "POST /sipse/faces/presentacion/financiero/solicitudProceso/listarSolicitudProceso.xhtml HTTP/1.1" 200 10376
201.245.192.253 - - [11/Oct/2021:09:07:46 -0500] "GET /catalogoisis/ HTTP/1.1" 200 8575
190.157.162.202 - - [11/Oct/2021:09:07:46 -0500] "POST /sipse/faces/presentacion/financiero/solicitudProceso/listarSolicitudProceso.xhtml HTTP/1.1" 200 110388
190.157.162.202 - - [11/Oct/2021:09:07:47 -0500] "GET /sipse/faces/javax.faces.resource/primefaces.css?ln=primefaces&v=4.0 HTTP/1.1" 304 -
190.157.162.202 - - [11/Oct/2021:09:07:47 -0500] "GET /sipse/faces/javax.faces.resource/layout/layout.css?ln=primefaces&v=4.0 HTTP/1.1" 304 -
190.157.162.202 - - [11/Oct/2021:09:07:47 -0500] "GET /sipse/faces/javax.faces.resource/theme.css?ln=primefaces-sipse HTTP/1.1" 304 -
190.157.162.202 - - [11/Oct/2021:09:07:47 -0500] "GET /sipse/faces/javax.faces.resource/jquery/jquery.js?ln=primefaces&v=4.0 HTTP/1.1" 304 -
190.157.162.202 - - [11/Oct/2021:09:07:47 -0500] "GET /sipse/faces/javax.faces.resource/jquery/jquery-plugins.js?ln=primefaces&v=4.0 HTTP/1.1" 304 -
190.157.162.202 - - [11/Oct/2021:09:07:47 -0500] "GET /sipse/faces/javax.faces.resource/primefaces.js?ln=primefaces&v=4.0 HTTP/1.1" 304 -
190.157.162.202 - - [11/Oct/2021:09:07:47 -0500] "GET /sipse/faces/javax.faces.resource/layout/layout.js?ln=primefaces&v=4.0 HTTP/1.1" 304 -
190.157.162.202 - - [11/Oct/2021:09:07:47 -0500] "GET /reportes_sipse/sdg/ServletReporte?reporte=experienia_idoneidad&solicitud=15191&pfdrid_c=false HTTP/1.1" 200 138577
190.249.17.101 - - [11/Oct/2021:09:07:48 -0500] "POST /sipse/faces/presentacion/financiero/solicitudProceso/listarSolicitudProceso.xhtml HTTP/1.1" 200 33861
172.22.2.1 - - [11/Oct/2021:09:07:49 -0500] "GET /reportes_sipse/sdg/ServletViabilidad?reporte=memo_viabilidad&solicitud=15167 HTTP/1.1" 200 1538
190.249.17.101 - - [11/Oct/2021:09:07:50 -0500] "POST /sipse/faces/presentacion/financiero/solicitudProceso/listarSolicitudProceso.xhtml HTTP/1.1" 200 13673
181.53.11.228 - - [11/Oct/2021:09:07:50 -0500] "GET /galeria/galeria/jquery.fancybox.js?v=2.1.5 HTTP/1.1" 200 48706
190.249.17.101 - - [11/Oct/2021:09:07:51 -0500] "POST /sipse/faces/presentacion/financiero/solicitudProceso/listarSolicitudProceso.xhtml HTTP/1.1" 200 8043
188.40.73.215 - - [11/Oct/2021:09:07:51 -0500] "GET /BLA/resoluciones/RESOLUCIONES%202008/1842.pdf HTTP/1.1" 200 251158
201.245.192.253 - - [11/Oct/2021:09:07:37 -0500] "POST /sipse/faces/presentacion/financiero/solicitudProceso/consultarSolicitudProceso.xhtml HTTP/1.1" 200 56922
201.245.192.253 - - [11/Oct/2021:09:07:53 -0500] "GET /sipse/faces/javax.faces.resource/theme.css?ln=primefaces-sipse HTTP/1.1" 304 -
201.245.192.253 - - [11/Oct/2021:09:07:53 -0500] "GET /sipse/faces/javax.faces.resource/primefaces.css?ln=primefaces&v=4.0 HTTP/1.1" 304 -
201.245.192.253 - - [11/Oct/2021:09:07:53 -0500] "GET /sipse/faces/javax.faces.resource/layout/layout.css?ln=primefaces&v=4.0 HTTP/1.1" 304 -
201.245.192.253 - - [11/Oct/2021:09:07:53 -0500] "GET /sipse/faces/javax.faces.resource/jquery/jquery.js?ln=primefaces&v=4.0 HTTP/1.1" 304 -
201.245.192.253 - - [11/Oct/2021:09:07:53 -0500] "GET /sipse/faces/javax.faces.resource/jquery/jquery-plugins.js?ln=primefaces&v=4.0 HTTP/1.1" 304 -
201.245.192.253 - - [11/Oct/2021:09:07:53 -0500] "GET /sipse/faces/javax.faces.resource/primefaces.js?ln=primefaces&v=4.0 HTTP/1.1" 304 -
201.245.192.253 - - [11/Oct/2021:09:07:53 -0500] "GET /sipse/faces/javax.faces.resource/layout/layout.js?ln=primefaces&v=4.0 HTTP/1.1" 304 -
201.245.192.253 - - [11/Oct/2021:09:07:53 -0500] "POST /sipse/faces/presentacion/financiero/solicitudProceso/listarSolicitudProceso.xhtml HTTP/1.1" 200 1448
190.249.17.101 - - [11/Oct/2021:09:07:55 -0500] "POST /sipse/faces/presentacion/financiero/solicitudProceso/listarSolicitudProceso.xhtml HTTP/1.1" 200 33861
190.249.17.101 - - [11/Oct/2021:09:07:56 -0500] "POST /sipse/faces/presentacion/financiero/solicitudProceso/listarSolicitudProceso.xhtml HTTP/1.1" 200 33861
190.157.162.202 - - [11/Oct/2021:09:07:49 -0500] "POST /sipse/faces/presentacion/financiero/solicitudProceso/consultarSolicitudProceso.xhtml HTTP/1.1" 200 65064
190.249.17.101 - - [11/Oct/2021:09:07:57 -0500] "POST /sipse/faces/presentacion/financiero/solicitudProceso/listarSolicitudProceso.xhtml HTTP/1.1" 200 17333
190.157.162.202 - - [11/Oct/2021:09:07:57 -0500] "GET /sipse/faces/javax.faces.resource/jquery/jquery-plugins.js?ln=primefaces&v=4.0 HTTP/1.1" 304 -
190.157.162.202 - - [11/Oct/2021:09:07:57 -0500] "GET /sipse/faces/javax.faces.resource/primefaces.js?ln=primefaces&v=4.0 HTTP/1.1" 304 -
190.157.162.202 - - [11/Oct/2021:09:07:57 -0500] "GET /sipse/faces/javax.faces.resource/layout/layout.css?ln=primefaces&v=4.0 HTTP/1.1" 304 -
190.157.162.202 - - [11/Oct/2021:09:07:57 -0500] "GET /sipse/faces/javax.faces.resource/jquery/jquery.js?ln=primefaces&v=4.0 HTTP/1.1" 304 -
190.157.162.202 - - [11/Oct/2021:09:07:57 -0500] "GET /sipse/faces/javax.faces.resource/theme.css?ln=primefaces-sipse HTTP/1.1" 304 -
190.157.162.202 - - [11/Oct/2021:09:07:57 -0500] "GET /sipse/faces/javax.faces.resource/primefaces.css?ln=primefaces&v=4.0 HTTP/1.1" 304 -
190.157.162.202 - - [11/Oct/2021:09:07:57 -0500] "GET /sipse/faces/javax.faces.resource/layout/layout.js?ln=primefaces&v=4.0 HTTP/1.1" 304 -
181.53.13.27 - - [11/Oct/2021:09:07:57 -0500] "POST /sipse/faces/presentacion/financiero/solicitudProceso/listarSolicitudProceso.xhtml HTTP/1.1" 200 33612
190.157.162.202 - - [11/Oct/2021:09:07:57 -0500] "POST /sipse/faces/presentacion/financiero/solicitudProceso/listarSolicitudProceso.xhtml HTTP/1.1" 200 1448
190.157.162.202 - - [11/Oct/2021:09:07:57 -0500] "POST /sipse/faces/presentacion/financiero/solicitudProceso/listarSolicitudProceso.xhtml HTTP/1.1" 200 1448
190.249.17.101 - - [11/Oct/2021:09:07:58 -0500] "POST /sipse/faces/presentacion/financiero/solicitudProceso/listarSolicitudProceso.xhtml HTTP/1.1" 200 8233
186.147.56.5 - - [11/Oct/2021:09:07:58 -0500] "GET /galeria/galeria/jquery.fancybox.css?v=2.1.5 HTTP/1.1" 200 4895
186.147.56.5 - - [11/Oct/2021:09:07:58 -0500] "GET /BLA/boletinlegal/js/jquery.scrollShow.js HTTP/1.1" 200 4586
186.147.56.5 - - [11/Oct/2021:09:07:58 -0500] "GET /galeria/galeria/jquery.fancybox.js?v=2.1.5 HTTP/1.1" 200 48706
181.53.13.27 - - [11/Oct/2021:09:07:58 -0500] "POST /sipse/faces/presentacion/financiero/solicitudProceso/listarSolicitudProceso.xhtml HTTP/1.1" 200 7937
188.40.73.215 - - [11/Oct/2021:09:07:59 -0500] "GET /BLA/resoluciones/RESOLUCIONES%202008/0356.pdf HTTP/1.1" 200 283649
190.249.17.101 - - [11/Oct/2021:09:08:00 -0500] "POST /sipse/faces/presentacion/financiero/solicitudProceso/listarSolicitudProceso.xhtml HTTP/1.1" 200 17333
190.249.17.101 - - [11/Oct/2021:09:08:01 -0500] "POST /sipse/faces/presentacion/financiero/solicitudProceso/listarSolicitudProceso.xhtml HTTP/1.1" 200 8145
190.249.17.101 - - [11/Oct/2021:09:08:03 -0500] "POST /sipse/faces/presentacion/financiero/solicitudProceso/listarSolicitudProceso.xhtml HTTP/1.1" 200 17333
190.249.17.101 - - [11/Oct/2021:09:08:04 -0500] "POST /sipse/faces/presentacion/financiero/solicitudProceso/listarSolicitudProceso.xhtml HTTP/1.1" 200 8307
188.40.73.215 - - [11/Oct/2021:09:08:08 -0500] "GET /BLA/resoluciones/RESOLUCIONES%202008/5642.pdf HTTP/1.1" 200 236056
201.245.192.253 - - [11/Oct/2021:09:08:12 -0500] "GET /BLA/resoluciones/RESOLUCIONES%202017/0010.pdf HTTP/1.1" 200 1066692
201.245.192.253 - - [11/Oct/2021:09:08:12 -0500] "GET /favicon.ico HTTP/1.1" 200 7782
190.158.95.107 - - [11/Oct/2021:09:08:12 -0500] "GET /BLA/boletinlegal/js/jquery.scrollShow.js HTTP/1.1" 200 4586
190.158.95.107 - - [11/Oct/2021:09:08:12 -0500] "GET /galeria/galeria/jquery.fancybox.css?v=2.1.5 HTTP/1.1" 200 4895
190.158.95.107 - - [11/Oct/2021:09:08:12 -0500] "GET /galeria/galeria/jquery.fancybox.js?v=2.1.5 HTTP/1.1" 200 48706
188.40.73.215 - - [11/Oct/2021:09:08:16 -0500] "GET /BLA/resoluciones/RESOLUCIONES%202008/5303.pdf HTTP/1.1" 200 256226
201.184.70.90 - - [11/Oct/2021:09:08:19 -0500] "GET /BLA/boletinlegal/js/jquery.scrollShow.js HTTP/1.1" 200 4586
201.184.70.90 - - [11/Oct/2021:09:08:19 -0500] "GET /galeria/galeria/jquery.fancybox.js?v=2.1.5 HTTP/1.1" 200 48706
201.184.70.90 - - [11/Oct/2021:09:08:19 -0500] "GET /galeria/galeria/jquery.fancybox.css?v=2.1.5 HTTP/1.1" 200 4895
201.184.70.90 - - [11/Oct/2021:09:08:19 -0500] "GET /galeria/carrusel/Carrusel/jquery.thumbnailScroller.css HTTP/1.1" 200 2066
201.184.70.90 - - [11/Oct/2021:09:08:19 -0500] "GET /galeria/carrusel/Carrusel/jquery-ui-1.8.13.custom.min.js HTTP/1.1" 200 10800
201.184.70.90 - - [11/Oct/2021:09:08:19 -0500] "GET /galeria/carrusel/Carrusel/jquery.thumbnailScroller.js HTTP/1.1" 200 8157
201.184.70.90 - - [11/Oct/2021:09:08:20 -0500] "GET /galeria/nivo-slider/demo/banner.html HTTP/1.1" 200 5446
201.184.70.90 - - [11/Oct/2021:09:08:21 -0500] "GET /galeria/nivo-slider/themes/default/default.css HTTP/1.1" 200 1569
201.184.70.90 - - [11/Oct/2021:09:08:21 -0500] "GET /galeria/nivo-slider/themes/pascal/pascal.css HTTP/1.1" 200 2258
201.184.70.90 - - [11/Oct/2021:09:08:21 -0500] "GET /galeria/nivo-slider/themes/orman/orman.css HTTP/1.1" 200 2152
201.184.70.90 - - [11/Oct/2021:09:08:21 -0500] "GET /galeria/nivo-slider/nivo-slider.css HTTP/1.1" 200 1507
201.184.70.90 - - [11/Oct/2021:09:08:21 -0500] "GET /galeria/nivo-slider/demo/style.css HTTP/1.1" 200 2222
201.184.70.90 - - [11/Oct/2021:09:08:21 -0500] "GET /galeria/nivo-slider/demo/scripts/jquery-1.7.1.min.js HTTP/1.1" 200 93868
201.184.70.90 - - [11/Oct/2021:09:08:21 -0500] "GET /galeria/nivo-slider/demo/images/banneraccionpopularcrr68.jpg HTTP/1.1" 200 51887
201.184.70.90 - - [11/Oct/2021:09:08:21 -0500] "GET /galeria/nivo-slider/demo/images/banneraccionpopular.jpeg HTTP/1.1" 200 41707
201.184.70.90 - - [11/Oct/2021:09:08:21 -0500] "GET /galeria/nivo-slider/demo/images/bannertortuga_optimized.jpg HTTP/1.1" 200 39066
201.184.70.90 - - [11/Oct/2021:09:08:21 -0500] "GET /galeria/nivo-slider/demo/images/banneraire2021.jpg HTTP/1.1" 200 265101
201.184.70.90 - - [11/Oct/2021:09:08:21 -0500] "GET /galeria/nivo-slider/demo/images/Bannervirtualescanales.jpg HTTP/1.1" 200 174544
201.184.70.90 - - [11/Oct/2021:09:08:21 -0500] "GET /galeria/nivo-slider/demo/images/Bannerenvases.jpg HTTP/1.1" 200 37316
201.184.70.90 - - [11/Oct/2021:09:08:21 -0500] "GET /galeria/nivo-slider/demo/images/bannerresiduoshospitalariosagosto.jpg HTTP/1.1" 200 36499
201.184.70.90 - - [11/Oct/2021:09:08:21 -0500] "GET /galeria/nivo-slider/demo/images/bannerrutaesperanza.jpg HTTP/1.1" 200 55560
201.184.70.90 - - [11/Oct/2021:09:08:21 -0500] "GET /galeria/nivo-slider/demo/images/Bannersedeelectronica.jpg HTTP/1.1" 200 40383
201.184.70.90 - - [11/Oct/2021:09:08:21 -0500] "GET /galeria/nivo-slider/demo/images/Bannermujeresquereverdecen.jpg HTTP/1.1" 200 46558
201.184.70.90 - - [11/Oct/2021:09:08:21 -0500] "GET /galeria/nivo-slider/demo/images/Bannerplasticosseptiembre.jpg HTTP/1.1" 200 45633
201.184.70.90 - - [11/Oct/2021:09:08:21 -0500] "GET /galeria/nivo-slider/demo/images/bannertrafico_optimized.jpg HTTP/1.1" 200 42578
201.184.70.90 - - [11/Oct/2021:09:08:21 -0500] "GET /galeria/nivo-slider/demo/images/bannercapacitacionesbogota.jpg HTTP/1.1" 200 42416
201.184.70.90 - - [11/Oct/2021:09:08:21 -0500] "GET /galeria/nivo-slider/demo/images/bannerclases2021.jpg HTTP/1.1" 200 68230
201.184.70.90 - - [11/Oct/2021:09:08:21 -0500] "GET /galeria/nivo-slider/themes/default/loading.gif HTTP/1.1" 200 1737
201.184.70.90 - - [11/Oct/2021:09:08:22 -0500] "GET /galeria/nivo-slider/demo/images/4Simple_Slider.png HTTP/1.1" 200 11722
201.184.70.90 - - [11/Oct/2021:09:08:22 -0500] "GET /galeria/nivo-slider/jquery.nivo.slider.pack.js HTTP/1.1" 200 11561
190.157.162.202 - - [11/Oct/2021:09:08:22 -0500] "POST /sipse/faces/presentacion/financiero/solicitudProceso/listarSolicitudProceso.xhtml HTTP/1.1" 200 30372
201.184.70.90 - - [11/Oct/2021:09:08:23 -0500] "GET /galeria/nivo-slider/themes/default/arrows.png HTTP/1.1" 200 824
201.184.70.90 - - [11/Oct/2021:09:08:23 -0500] "GET /galeria/nivo-slider/themes/default/bullets.png HTTP/1.1" 200 1281
190.157.162.202 - - [11/Oct/2021:09:08:23 -0500] "POST /sipse/faces/presentacion/financiero/solicitudProceso/listarSolicitudProceso.xhtml HTTP/1.1" 200 4672
188.40.73.215 - - [11/Oct/2021:09:08:24 -0500] "GET /BLA/resoluciones/RESOLUCIONES%202008/1333.pdf HTTP/1.1" 200 452607
190.157.162.202 - - [11/Oct/2021:09:08:24 -0500] "POST /sipse/faces/presentacion/financiero/solicitudProceso/listarSolicitudProceso.xhtml HTTP/1.1" 200 109812
190.157.162.202 - - [11/Oct/2021:09:08:25 -0500] "GET /sipse/faces/javax.faces.resource/theme.css?ln=primefaces-sipse HTTP/1.1" 304 -
190.157.162.202 - - [11/Oct/2021:09:08:25 -0500] "GET /sipse/faces/javax.faces.resource/layout/layout.css?ln=primefaces&v=4.0 HTTP/1.1" 304 -
190.157.162.202 - - [11/Oct/2021:09:08:25 -0500] "GET /sipse/faces/javax.faces.resource/primefaces.css?ln=primefaces&v=4.0 HTTP/1.1" 304 -
190.157.162.202 - - [11/Oct/2021:09:08:25 -0500] "GET /sipse/faces/javax.faces.resource/jquery/jquery.js?ln=primefaces&v=4.0 HTTP/1.1" 304 -
190.157.162.202 - - [11/Oct/2021:09:08:25 -0500] "GET /sipse/faces/javax.faces.resource/jquery/jquery-plugins.js?ln=primefaces&v=4.0 HTTP/1.1" 304 -
190.157.162.202 - - [11/Oct/2021:09:08:25 -0500] "GET /sipse/faces/javax.faces.resource/primefaces.js?ln=primefaces&v=4.0 HTTP/1.1" 304 -
190.157.162.202 - - [11/Oct/2021:09:08:25 -0500] "GET /sipse/faces/javax.faces.resource/layout/layout.js?ln=primefaces&v=4.0 HTTP/1.1" 304 -
190.157.162.202 - - [11/Oct/2021:09:08:25 -0500] "GET /reportes_sipse/sdg/ServletReporte?reporte=experienia_idoneidad&solicitud=15191&pfdrid_c=false HTTP/1.1" 200 138577
172.22.2.1 - - [11/Oct/2021:09:08:27 -0500] "GET /reportes_sipse/sdg/ServletViabilidad?reporte=memo_viabilidad&solicitud=15172 HTTP/1.1" 200 1538
186.154.99.237 - - [11/Oct/2021:09:08:30 -0500] "POST /sipse/faces/presentacion/financiero/solicitudProceso/listarSolicitudProceso.xhtml HTTP/1.1" 200 30363
186.154.99.237 - - [11/Oct/2021:09:08:30 -0500] "GET /sipse/faces/javax.faces.resource/theme.css?ln=primefaces-sipse HTTP/1.1" 304 -
186.154.99.237 - - [11/Oct/2021:09:08:30 -0500] "GET /sipse/faces/javax.faces.resource/primefaces.css?ln=primefaces&v=4.0 HTTP/1.1" 304 -
186.154.99.237 - - [11/Oct/2021:09:08:30 -0500] "GET /sipse/faces/javax.faces.resource/layout/layout.css?ln=primefaces&v=4.0 HTTP/1.1" 304 -
186.154.99.237 - - [11/Oct/2021:09:08:30 -0500] "GET /sipse/css/imagen/contrasena.png HTTP/1.1" 404 383
186.154.99.237 - - [11/Oct/2021:09:08:30 -0500] "GET /sipse/faces/javax.faces.resource/jquery/jquery.js?ln=primefaces&v=4.0 HTTP/1.1" 304 -
186.154.99.237 - - [11/Oct/2021:09:08:30 -0500] "GET /sipse/faces/javax.faces.resource/jquery/jquery-plugins.js?ln=primefaces&v=4.0 HTTP/1.1" 304 -
186.154.99.237 - - [11/Oct/2021:09:08:30 -0500] "GET /sipse/faces/javax.faces.resource/primefaces.js?ln=primefaces&v=4.0 HTTP/1.1" 304 -
186.154.99.237 - - [11/Oct/2021:09:08:30 -0500] "GET /sipse/faces/javax.faces.resource/layout/layout.js?ln=primefaces&v=4.0 HTTP/1.1" 304 -
186.154.99.237 - - [11/Oct/2021:09:08:30 -0500] "POST /sipse/faces/presentacion/financiero/solicitudProceso/solicitudProcesoOtrosPagos.xhtml HTTP/1.1" 200 23612
186.154.99.237 - - [11/Oct/2021:09:08:33 -0500] "POST /sipse/faces/presentacion/financiero/solicitudProceso/solicitudProcesoOtrosPagos.xhtml HTTP/1.1" 200 184
186.154.99.237 - - [11/Oct/2021:09:08:33 -0500] "POST /sipse/faces/presentacion/financiero/solicitudProceso/solicitudProcesoOtrosPagos.xhtml HTTP/1.1" 200 184
186.154.99.237 - - [11/Oct/2021:09:08:33 -0500] "GET /sipse/faces/presentacion/financiero/solicitudAnulacion/solicitudAnulacion.xhtml HTTP/1.1" 200 15757
186.154.99.237 - - [11/Oct/2021:09:08:33 -0500] "POST /sipse/faces/presentacion/financiero/solicitudProceso/solicitudProcesoOtrosPagos.xhtml HTTP/1.1" 200 184
186.154.99.237 - - [11/Oct/2021:09:08:33 -0500] "GET /sipse/faces/presentacion/financiero/solicitudAnulacion/solicitudAnulacion.xhtml HTTP/1.1" 200 15757
186.154.99.237 - - [11/Oct/2021:09:08:33 -0500] "GET /sipse/faces/presentacion/financiero/solicitudAnulacion/solicitudAnulacion.xhtml HTTP/1.1" 200 32474
186.154.99.237 - - [11/Oct/2021:09:08:33 -0500] "GET /sipse/faces/javax.faces.resource/theme.css?ln=primefaces-sipse HTTP/1.1" 304 -
186.154.99.237 - - [11/Oct/2021:09:08:33 -0500] "GET /sipse/faces/javax.faces.resource/primefaces.css?ln=primefaces&v=4.0 HTTP/1.1" 304 -
186.154.99.237 - - [11/Oct/2021:09:08:33 -0500] "GET /sipse/faces/javax.faces.resource/layout/layout.css?ln=primefaces&v=4.0 HTTP/1.1" 304 -
186.154.99.237 - - [11/Oct/2021:09:08:33 -0500] "GET /sipse/faces/javax.faces.resource/jquery/jquery.js?ln=primefaces&v=4.0 HTTP/1.1" 304 -
186.154.99.237 - - [11/Oct/2021:09:08:33 -0500] "GET /sipse/faces/javax.faces.resource/jquery/jquery-plugins.js?ln=primefaces&v=4.0 HTTP/1.1" 304 -
186.154.99.237 - - [11/Oct/2021:09:08:33 -0500] "GET /sipse/faces/javax.faces.resource/primefaces.js?ln=primefaces&v=4.0 HTTP/1.1" 304 -
186.154.99.237 - - [11/Oct/2021:09:08:33 -0500] "GET /sipse/faces/javax.faces.resource/layout/layout.js?ln=primefaces&v=4.0 HTTP/1.1" 304 -
188.40.73.215 - - [11/Oct/2021:09:08:33 -0500] "GET /BLA/resoluciones/RESOLUCIONES%202008/0478.pdf HTTP/1.1" 200 288466
190.157.162.202 - - [11/Oct/2021:09:08:26 -0500] "POST /sipse/faces/presentacion/financiero/solicitudProceso/consultarSolicitudProceso.xhtml HTTP/1.1" 200 65064
186.154.99.237 - - [11/Oct/2021:09:08:33 -0500] "POST /sipse/faces/presentacion/financiero/solicitudAnulacion/solicitudAnulacion.xhtml HTTP/1.1" 200 10468
190.157.162.202 - - [11/Oct/2021:09:08:33 -0500] "GET /sipse/faces/javax.faces.resource/primefaces.css?ln=primefaces&v=4.0 HTTP/1.1" 304 -
190.157.162.202 - - [11/Oct/2021:09:08:33 -0500] "GET /sipse/faces/javax.faces.resource/layout/layout.css?ln=primefaces&v=4.0 HTTP/1.1" 304 -
190.157.162.202 - - [11/Oct/2021:09:08:33 -0500] "GET /sipse/faces/javax.faces.resource/theme.css?ln=primefaces-sipse HTTP/1.1" 304 -
186.154.99.237 - - [11/Oct/2021:09:08:33 -0500] "GET /sipse/faces/javax.faces.resource/messages/messages.png?ln=primefaces&v=4.0 HTTP/1.1" 304 -
190.157.162.202 - - [11/Oct/2021:09:08:33 -0500] "GET /sipse/faces/javax.faces.resource/jquery/jquery.js?ln=primefaces&v=4.0 HTTP/1.1" 304 -
190.157.162.202 - - [11/Oct/2021:09:08:33 -0500] "GET /sipse/faces/javax.faces.resource/primefaces.js?ln=primefaces&v=4.0 HTTP/1.1" 304 -
190.157.162.202 - - [11/Oct/2021:09:08:33 -0500] "GET /sipse/faces/javax.faces.resource/jquery/jquery-plugins.js?ln=primefaces&v=4.0 HTTP/1.1" 304 -
190.157.162.202 - - [11/Oct/2021:09:08:33 -0500] "GET /sipse/faces/javax.faces.resource/layout/layout.js?ln=primefaces&v=4.0 HTTP/1.1" 304 -
190.157.162.202 - - [11/Oct/2021:09:08:34 -0500] "POST /sipse/faces/presentacion/financiero/solicitudProceso/listarSolicitudProceso.xhtml HTTP/1.1" 200 1448
190.157.162.202 - - [11/Oct/2021:09:08:34 -0500] "POST /sipse/faces/presentacion/financiero/solicitudProceso/listarSolicitudProceso.xhtml HTTP/1.1" 200 1448
186.154.99.237 - - [11/Oct/2021:09:08:35 -0500] "POST /sipse/faces/presentacion/financiero/solicitudAnulacion/solicitudAnulacion.xhtml HTTP/1.1" 200 59519
186.154.99.237 - - [11/Oct/2021:09:08:35 -0500] "GET /sipse/faces/javax.faces.resource/layout/layout.css?ln=primefaces&v=4.0 HTTP/1.1" 304 -
186.154.99.237 - - [11/Oct/2021:09:08:35 -0500] "GET /sipse/faces/javax.faces.resource/primefaces.css?ln=primefaces&v=4.0 HTTP/1.1" 304 -
186.154.99.237 - - [11/Oct/2021:09:08:35 -0500] "GET /sipse/faces/javax.faces.resource/theme.css?ln=primefaces-sipse HTTP/1.1" 304 -
186.154.99.237 - - [11/Oct/2021:09:08:35 -0500] "GET /sipse/faces/javax.faces.resource/jquery/jquery.js?ln=primefaces&v=4.0 HTTP/1.1" 304 -
186.154.99.237 - - [11/Oct/2021:09:08:35 -0500] "GET /sipse/faces/javax.faces.resource/jquery/jquery-plugins.js?ln=primefaces&v=4.0 HTTP/1.1" 304 -
186.154.99.237 - - [11/Oct/2021:09:08:36 -0500] "GET /sipse/faces/javax.faces.resource/primefaces.js?ln=primefaces&v=4.0 HTTP/1.1" 304 -
186.154.99.237 - - [11/Oct/2021:09:08:36 -0500] "GET /sipse/faces/javax.faces.resource/layout/layout.js?ln=primefaces&v=4.0 HTTP/1.1" 304 -
186.154.99.237 - - [11/Oct/2021:09:08:36 -0500] "GET /sipse/faces/javax.faces.resource/images/ui-icons_898989_256x240.png?ln=primefaces-aristo HTTP/1.1" 304 -
186.154.99.237 - - [11/Oct/2021:09:08:36 -0500] "POST /sipse/faces/presentacion/financiero/solicitudProceso/listarSolicitudProceso.xhtml HTTP/1.1" 200 1448
186.154.99.237 - - [11/Oct/2021:09:08:40 -0500] "POST /sipse/faces/presentacion/financiero/solicitudProceso/listarSolicitudProceso.xhtml HTTP/1.1" 200 30634
190.157.162.202 - - [11/Oct/2021:09:08:42 -0500] "POST /sipse/faces/presentacion/financiero/solicitudProceso/listarSolicitudProceso.xhtml HTTP/1.1" 200 30356
188.40.73.215 - - [11/Oct/2021:09:08:42 -0500] "GET /BLA/resoluciones/RESOLUCIONES%202008/3883.pdf HTTP/1.1" 200 411591
201.245.192.253 - - [11/Oct/2021:09:08:47 -0500] "GET /catalogoisis/ HTTP/1.1" 200 8575
188.40.73.215 - - [11/Oct/2021:09:08:50 -0500] "GET /BLA/resoluciones/RESOLUCIONES%202008/2285.pdf HTTP/1.1" 200 359848
190.249.17.101 - - [11/Oct/2021:09:08:50 -0500] "POST /sipse/faces/presentacion/financiero/solicitudProceso/listarSolicitudProceso.xhtml HTTP/1.1" 200 8301
181.53.13.27 - - [11/Oct/2021:09:08:51 -0500] "POST /sipse/faces/presentacion/financiero/solicitudProceso/listarSolicitudProceso.xhtml HTTP/1.1" 200 33612
190.249.17.101 - - [11/Oct/2021:09:08:52 -0500] "POST /sipse/faces/presentacion/financiero/solicitudProceso/listarSolicitudProceso.xhtml HTTP/1.1" 200 17333
190.249.17.101 - - [11/Oct/2021:09:08:52 -0500] "POST /sipse/faces/presentacion/financiero/solicitudProceso/listarSolicitudProceso.xhtml HTTP/1.1" 200 17333
181.53.13.27 - - [11/Oct/2021:09:08:53 -0500] "POST /sipse/faces/presentacion/financiero/solicitudProceso/listarSolicitudProceso.xhtml HTTP/1.1" 200 7934
190.249.17.101 - - [11/Oct/2021:09:08:54 -0500] "POST /sipse/faces/presentacion/financiero/solicitudProceso/listarSolicitudProceso.xhtml HTTP/1.1" 200 8145
190.249.17.101 - - [11/Oct/2021:09:08:56 -0500] "POST /sipse/faces/presentacion/financiero/solicitudProceso/listarSolicitudProceso.xhtml HTTP/1.1" 200 8233
190.249.17.101 - - [11/Oct/2021:09:08:58 -0500] "POST /sipse/faces/presentacion/financiero/solicitudProceso/listarSolicitudProceso.xhtml HTTP/1.1" 200 33861
192.168.171.74 - - [11/Oct/2021:09:08:59 -0500] "GET /cambio-de-habitos-y-vigilancia-y-control-claves-para-mantener-una-buena-calidad-del-aire-en-bogota-y-la-region.html HTTP/1.1" 200 1090
188.40.73.215 - - [11/Oct/2021:09:08:59 -0500] "GET /BLA/resoluciones/RESOLUCIONES%202008/0020.pdf HTTP/1.1" 200 2037219
190.249.17.101 - - [11/Oct/2021:09:09:00 -0500] "POST /sipse/faces/presentacion/financiero/solicitudProceso/listarSolicitudProceso.xhtml HTTP/1.1" 200 13673
190.249.17.101 - - [11/Oct/2021:09:09:01 -0500] "POST /sipse/faces/presentacion/financiero/solicitudProceso/listarSolicitudProceso.xhtml HTTP/1.1" 200 8043
188.40.73.215 - - [11/Oct/2021:09:09:04 -0500] "GET /BLA/resoluciones/RESOLUCIONES%202008/2356.pdf HTTP/1.1" 200 342367
190.27.245.107 - - [11/Oct/2021:09:09:09 -0500] "GET /sipse/ HTTP/1.1" 302 -
181.53.13.169 - - [11/Oct/2021:09:09:09 -0500] "GET /sipse/faces/autenticacion.xhtml HTTP/1.1" 200 12188
181.53.13.169 - - [11/Oct/2021:09:09:09 -0500] "GET /sipse/faces/javax.faces.resource/theme.css?ln=primefaces-sipse HTTP/1.1" 304 -
181.53.13.169 - - [11/Oct/2021:09:09:09 -0500] "GET /sipse/faces/javax.faces.resource/primefaces.css?ln=primefaces&v=4.0 HTTP/1.1" 304 -
181.53.13.169 - - [11/Oct/2021:09:09:09 -0500] "GET /sipse/faces/javax.faces.resource/primefaces.js?ln=primefaces&v=4.0 HTTP/1.1" 304 -
181.53.13.169 - - [11/Oct/2021:09:09:09 -0500] "GET /sipse/faces/javax.faces.resource/jquery/jquery.js?ln=primefaces&v=4.0 HTTP/1.1" 304 -
181.53.13.169 - - [11/Oct/2021:09:09:09 -0500] "GET /sipse/faces/javax.faces.resource/layout/layout.css?ln=primefaces&v=4.0 HTTP/1.1" 304 -
181.53.13.169 - - [11/Oct/2021:09:09:09 -0500] "GET /sipse/faces/javax.faces.resource/jquery/jquery-plugins.js?ln=primefaces&v=4.0 HTTP/1.1" 304 -
181.53.13.169 - - [11/Oct/2021:09:09:09 -0500] "GET /sipse/faces/javax.faces.resource/layout/layout.js?ln=primefaces&v=4.0 HTTP/1.1" 304 -
181.53.13.169 - - [11/Oct/2021:09:09:09 -0500] "GET /sipse/faces/javax.faces.resource/images/ui-icons_898989_256x240.png?ln=primefaces-aristo HTTP/1.1" 304 -
181.53.13.169 - - [11/Oct/2021:09:09:09 -0500] "GET /sipse/faces/index.xhtml HTTP/1.1" 200 677
181.53.13.169 - - [11/Oct/2021:09:09:09 -0500] "GET /sipse/faces/javax.faces.resource/theme.css?ln=primefaces-sipse HTTP/1.1" 304 -
181.53.13.169 - - [11/Oct/2021:09:09:10 -0500] "GET /sipse/faces/faces/autenticacion.xhtml HTTP/1.1" 200 12188
181.53.13.169 - - [11/Oct/2021:09:09:10 -0500] "GET /sipse/faces/javax.faces.resource/theme.css?ln=primefaces-sipse HTTP/1.1" 304 -
181.53.13.169 - - [11/Oct/2021:09:09:10 -0500] "GET /sipse/faces/javax.faces.resource/layout/layout.css?ln=primefaces&v=4.0 HTTP/1.1" 304 -
181.53.13.169 - - [11/Oct/2021:09:09:10 -0500] "GET /sipse/faces/javax.faces.resource/jquery/jquery.js?ln=primefaces&v=4.0 HTTP/1.1" 304 -
181.53.13.169 - - [11/Oct/2021:09:09:10 -0500] "GET /sipse/faces/javax.faces.resource/jquery/jquery-plugins.js?ln=primefaces&v=4.0 HTTP/1.1" 304 -
181.53.13.169 - - [11/Oct/2021:09:09:10 -0500] "GET /sipse/faces/javax.faces.resource/primefaces.css?ln=primefaces&v=4.0 HTTP/1.1" 304 -
181.53.13.169 - - [11/Oct/2021:09:09:10 -0500] "GET /sipse/faces/javax.faces.resource/primefaces.js?ln=primefaces&v=4.0 HTTP/1.1" 304 -
181.53.13.169 - - [11/Oct/2021:09:09:10 -0500] "GET /sipse/faces/javax.faces.resource/layout/layout.js?ln=primefaces&v=4.0 HTTP/1.1" 304 -
188.40.73.215 - - [11/Oct/2021:09:09:12 -0500] "GET /BLA/resoluciones/RESOLUCIONES%202008/1413.pdf HTTP/1.1" 200 208549
186.29.178.73 - - [11/Oct/2021:09:09:14 -0500] "GET /galeria/galeria/jquery.fancybox.js?v=2.1.5 HTTP/1.1" 200 48706
186.29.178.73 - - [11/Oct/2021:09:09:14 -0500] "GET /BLA/boletinlegal/js/jquery.scrollShow.js HTTP/1.1" 200 4586
186.29.178.73 - - [11/Oct/2021:09:09:14 -0500] "GET /galeria/galeria/jquery.fancybox.css?v=2.1.5 HTTP/1.1" 200 4895
181.53.13.169 - - [11/Oct/2021:09:09:14 -0500] "POST /sipse/faces/autenticacion.xhtml HTTP/1.1" 200 2228
181.53.13.169 - - [11/Oct/2021:09:09:15 -0500] "GET /sipse/faces/javax.faces.resource/messages/messages.png?ln=primefaces&v=4.0 HTTP/1.1" 304 -
181.53.13.169 - - [11/Oct/2021:09:09:16 -0500] "GET /sipse/faces/javax.faces.resource/images/ui-icons_898989_256x240.png?ln=primefaces-aristo HTTP/1.1" 304 -
181.53.13.169 - - [11/Oct/2021:09:09:17 -0500] "POST /sipse/faces/autenticacion.xhtml HTTP/1.1" 200 16073
181.53.13.169 - - [11/Oct/2021:09:09:17 -0500] "GET /sipse/faces/javax.faces.resource/layout/layout.css?ln=primefaces&v=4.0 HTTP/1.1" 304 -
181.53.13.169 - - [11/Oct/2021:09:09:17 -0500] "GET /sipse/faces/javax.faces.resource/theme.css?ln=primefaces-sipse HTTP/1.1" 304 -
181.53.13.169 - - [11/Oct/2021:09:09:17 -0500] "GET /sipse/faces/javax.faces.resource/primefaces.css?ln=primefaces&v=4.0 HTTP/1.1" 304 -
181.53.13.169 - - [11/Oct/2021:09:09:17 -0500] "GET /sipse/faces/javax.faces.resource/jquery/jquery.js?ln=primefaces&v=4.0 HTTP/1.1" 304 -
181.53.13.169 - - [11/Oct/2021:09:09:18 -0500] "GET /sipse/faces/javax.faces.resource/jquery/jquery-plugins.js?ln=primefaces&v=4.0 HTTP/1.1" 304 -
181.53.13.169 - - [11/Oct/2021:09:09:18 -0500] "GET /sipse/faces/javax.faces.resource/primefaces.js?ln=primefaces&v=4.0 HTTP/1.1" 304 -
181.53.13.169 - - [11/Oct/2021:09:09:18 -0500] "GET /sipse/faces/javax.faces.resource/layout/layout.js?ln=primefaces&v=4.0 HTTP/1.1" 304 -
186.154.99.237 - - [11/Oct/2021:09:09:17 -0500] "POST /sipse/faces/presentacion/financiero/solicitudProceso/listarSolicitudProceso.xhtml HTTP/1.1" 200 116267
186.154.99.237 - - [11/Oct/2021:09:09:18 -0500] "GET /sipse/faces/javax.faces.resource/theme.css?ln=primefaces-sipse HTTP/1.1" 304 -
181.53.13.169 - - [11/Oct/2021:09:09:18 -0500] "GET /sipse/css/imagen/contrasena.png HTTP/1.1" 404 383
186.154.99.237 - - [11/Oct/2021:09:09:18 -0500] "GET /sipse/faces/javax.faces.resource/primefaces.css?ln=primefaces&v=4.0 HTTP/1.1" 304 -
186.154.99.237 - - [11/Oct/2021:09:09:18 -0500] "GET /sipse/faces/javax.faces.resource/layout/layout.css?ln=primefaces&v=4.0 HTTP/1.1" 304 -
186.154.99.237 - - [11/Oct/2021:09:09:18 -0500] "GET /sipse/faces/javax.faces.resource/jquery/jquery.js?ln=primefaces&v=4.0 HTTP/1.1" 304 -
186.154.99.237 - - [11/Oct/2021:09:09:18 -0500] "GET /sipse/faces/javax.faces.resource/jquery/jquery-plugins.js?ln=primefaces&v=4.0 HTTP/1.1" 304 -
186.154.99.237 - - [11/Oct/2021:09:09:18 -0500] "GET /sipse/faces/javax.faces.resource/primefaces.js?ln=primefaces&v=4.0 HTTP/1.1" 304 -
186.154.99.237 - - [11/Oct/2021:09:09:18 -0500] "GET /sipse/faces/javax.faces.resource/layout/layout.js?ln=primefaces&v=4.0 HTTP/1.1" 304 -
186.154.99.237 - - [11/Oct/2021:09:09:18 -0500] "GET /reportes_sipse/sdg/ServletReporte?reporte=experienia_idoneidad&solicitud=15191&pfdrid_c=false HTTP/1.1" 200 138577
188.40.73.215 - - [11/Oct/2021:09:09:21 -0500] "GET /BLA/resoluciones/RESOLUCIONES%202008/1487.pdf HTTP/1.1" 200 407233
181.53.13.169 - - [11/Oct/2021:09:09:21 -0500] "GET /sipse/faces/javax.faces.resource/images/ui-bg_flat_0_2d5972_40x100.png?ln=primefaces-aristo HTTP/1.1" 304 -
181.53.13.169 - - [11/Oct/2021:09:09:21 -0500] "POST /sipse/faces/bienvenido.xhtml HTTP/1.1" 200 2658
190.249.17.101 - - [11/Oct/2021:09:09:22 -0500] "POST /sipse/faces/presentacion/financiero/solicitudProceso/listarSolicitudProceso.xhtml HTTP/1.1" 200 13673
190.249.17.101 - - [11/Oct/2021:09:09:22 -0500] "POST /sipse/faces/presentacion/financiero/solicitudProceso/listarSolicitudProceso.xhtml HTTP/1.1" 200 13673
190.249.17.101 - - [11/Oct/2021:09:09:24 -0500] "POST /sipse/faces/presentacion/financiero/solicitudProceso/listarSolicitudProceso.xhtml HTTP/1.1" 200 8027
190.249.17.101 - - [11/Oct/2021:09:09:25 -0500] "POST /sipse/faces/presentacion/financiero/solicitudProceso/listarSolicitudProceso.xhtml HTTP/1.1" 200 8038
190.249.17.101 - - [11/Oct/2021:09:09:25 -0500] "POST /sipse/faces/presentacion/financiero/solicitudProceso/listarSolicitudProceso.xhtml HTTP/1.1" 200 8038
181.53.13.169 - - [11/Oct/2021:09:09:26 -0500] "POST /sipse/faces/bienvenido.xhtml HTTP/1.1" 200 61774
181.53.13.169 - - [11/Oct/2021:09:09:29 -0500] "GET /sipse/faces/javax.faces.resource/theme.css?ln=primefaces-sipse HTTP/1.1" 304 -
181.53.13.169 - - [11/Oct/2021:09:09:29 -0500] "GET /sipse/faces/javax.faces.resource/primefaces.css?ln=primefaces&v=4.0 HTTP/1.1" 304 -
181.53.13.169 - - [11/Oct/2021:09:09:29 -0500] "GET /sipse/faces/javax.faces.resource/layout/layout.css?ln=primefaces&v=4.0 HTTP/1.1" 304 -
181.53.13.169 - - [11/Oct/2021:09:09:29 -0500] "GET /sipse/faces/javax.faces.resource/jquery/jquery.js?ln=primefaces&v=4.0 HTTP/1.1" 304 -
181.53.13.169 - - [11/Oct/2021:09:09:29 -0500] "GET /sipse/faces/javax.faces.resource/jquery/jquery-plugins.js?ln=primefaces&v=4.0 HTTP/1.1" 304 -
181.53.13.169 - - [11/Oct/2021:09:09:29 -0500] "GET /sipse/faces/javax.faces.resource/primefaces.js?ln=primefaces&v=4.0 HTTP/1.1" 304 -
181.53.13.169 - - [11/Oct/2021:09:09:29 -0500] "GET /sipse/faces/javax.faces.resource/layout/layout.js?ln=primefaces&v=4.0 HTTP/1.1" 304 -
188.40.73.215 - - [11/Oct/2021:09:09:29 -0500] "GET /BLA/resoluciones/RESOLUCIONES%202008/3898.pdf HTTP/1.1" 200 299283
181.53.13.169 - - [11/Oct/2021:09:09:30 -0500] "POST /sipse/faces/presentacion/financiero/solicitudProceso/listarSolicitudProceso.xhtml HTTP/1.1" 200 1448
181.53.13.27 - - [11/Oct/2021:09:09:31 -0500] "POST /sipse/faces/presentacion/financiero/solicitudProceso/listarSolicitudProceso.xhtml HTTP/1.1" 200 33612
181.53.13.27 - - [11/Oct/2021:09:09:33 -0500] "POST /sipse/faces/presentacion/financiero/solicitudProceso/listarSolicitudProceso.xhtml HTTP/1.1" 200 7945
188.40.73.215 - - [11/Oct/2021:09:09:38 -0500] "GET /BLA/resoluciones/RESOLUCIONES%202008/5134.pdf HTTP/1.1" 200 344885
216.245.221.92 - - [11/Oct/2021:09:09:39 -0500] "HEAD / HTTP/1.1" 200 -
181.53.13.169 - - [11/Oct/2021:09:09:39 -0500] "POST /sipse/faces/presentacion/financiero/solicitudProceso/listarSolicitudProceso.xhtml HTTP/1.1" 200 34024
181.53.13.169 - - [11/Oct/2021:09:09:40 -0500] "POST /sipse/faces/presentacion/financiero/solicitudProceso/listarSolicitudProceso.xhtml HTTP/1.1" 200 34024
181.53.13.169 - - [11/Oct/2021:09:09:41 -0500] "POST /sipse/faces/presentacion/financiero/solicitudProceso/listarSolicitudProceso.xhtml HTTP/1.1" 200 31085
181.53.13.169 - - [11/Oct/2021:09:09:41 -0500] "POST /sipse/faces/presentacion/financiero/solicitudProceso/listarSolicitudProceso.xhtml HTTP/1.1" 200 31085
181.53.13.169 - - [11/Oct/2021:09:09:45 -0500] "POST /sipse/faces/presentacion/financiero/solicitudProceso/listarSolicitudProceso.xhtml HTTP/1.1" 200 5330
181.53.13.169 - - [11/Oct/2021:09:09:46 -0500] "POST /sipse/faces/presentacion/financiero/solicitudProceso/listarSolicitudProceso.xhtml HTTP/1.1" 200 5330
188.40.73.215 - - [11/Oct/2021:09:09:47 -0500] "GET /BLA/resoluciones/RESOLUCIONES%202008/4088.pdf HTTP/1.1" 200 238020
192.168.171.74 - - [11/Oct/2021:09:09:48 -0500] "GET /cerca-de-40-personas-fueron-certificadas-en-proceso-de-formacion-dinamizadores-ambientales-para-el-turismo-en-bogota.html HTTP/1.1" 200 1071
201.245.192.253 - - [11/Oct/2021:09:09:48 -0500] "GET /catalogoisis/ HTTP/1.1" 200 8575
181.53.13.169 - - [11/Oct/2021:09:09:47 -0500] "POST /sipse/faces/presentacion/financiero/solicitudProceso/listarSolicitudProceso.xhtml HTTP/1.1" 200 31085
181.53.13.169 - - [11/Oct/2021:09:09:48 -0500] "POST /sipse/faces/presentacion/financiero/solicitudProceso/listarSolicitudProceso.xhtml HTTP/1.1" 200 31085
181.53.13.169 - - [11/Oct/2021:09:09:49 -0500] "POST /sipse/faces/presentacion/financiero/solicitudProceso/listarSolicitudProceso.xhtml HTTP/1.1" 200 34024
