190.158.167.130 - - [11/Oct/2021:09:27:39 -0500] "GET /sipse/faces/javax.faces.resource/theme.css?ln=primefaces-sipse HTTP/1.1" 304 -
190.158.167.130 - - [11/Oct/2021:09:27:39 -0500] "GET /sipse/faces/javax.faces.resource/layout/layout.css?ln=primefaces&v=4.0 HTTP/1.1" 304 -
190.158.167.130 - - [11/Oct/2021:09:27:39 -0500] "GET /sipse/faces/javax.faces.resource/primefaces.css?ln=primefaces&v=4.0 HTTP/1.1" 304 -
190.158.167.130 - - [11/Oct/2021:09:27:39 -0500] "GET /sipse/faces/javax.faces.resource/jquery/jquery.js?ln=primefaces&v=4.0 HTTP/1.1" 304 -
190.158.167.130 - - [11/Oct/2021:09:27:39 -0500] "GET /sipse/faces/javax.faces.resource/jquery/jquery-plugins.js?ln=primefaces&v=4.0 HTTP/1.1" 304 -
190.158.167.130 - - [11/Oct/2021:09:27:39 -0500] "GET /sipse/faces/javax.faces.resource/primefaces.js?ln=primefaces&v=4.0 HTTP/1.1" 304 -
190.158.167.130 - - [11/Oct/2021:09:27:39 -0500] "GET /sipse/faces/javax.faces.resource/layout/layout.js?ln=primefaces&v=4.0 HTTP/1.1" 304 -
190.158.167.130 - - [11/Oct/2021:09:27:39 -0500] "GET /sipse/css/imagen/contrasena.png HTTP/1.1" 404 383
190.158.167.130 - - [11/Oct/2021:09:27:40 -0500] "GET /reportes_sipse/sdg/ServletReporte?reporte=solicitud_cdp&Solicitud=14927&pfdrid_c=false HTTP/1.1" 200 95303
181.57.142.90 - - [11/Oct/2021:09:27:43 -0500] "GET /galeria/galeria/jquery.fancybox.css?v=2.1.5 HTTP/1.1" 200 4895
181.57.142.90 - - [11/Oct/2021:09:27:43 -0500] "GET /BLA/boletinlegal/js/jquery.scrollShow.js HTTP/1.1" 200 4586
181.57.142.90 - - [11/Oct/2021:09:27:43 -0500] "GET /galeria/galeria/jquery.fancybox.js?v=2.1.5 HTTP/1.1" 200 48706
186.84.21.137 - - [11/Oct/2021:09:27:43 -0500] "POST /sipse/faces/presentacion/financiero/solicitudAnulacion/solicitudAnulacion.xhtml HTTP/1.1" 200 62878
186.84.21.137 - - [11/Oct/2021:09:27:44 -0500] "GET /sipse/faces/javax.faces.resource/theme.css?ln=primefaces-sipse HTTP/1.1" 304 -
186.84.21.137 - - [11/Oct/2021:09:27:44 -0500] "GET /sipse/faces/javax.faces.resource/primefaces.css?ln=primefaces&v=4.0 HTTP/1.1" 304 -
186.84.21.137 - - [11/Oct/2021:09:27:44 -0500] "GET /sipse/faces/javax.faces.resource/layout/layout.css?ln=primefaces&v=4.0 HTTP/1.1" 304 -
186.84.21.137 - - [11/Oct/2021:09:27:44 -0500] "GET /sipse/faces/javax.faces.resource/jquery/jquery.js?ln=primefaces&v=4.0 HTTP/1.1" 304 -
186.84.21.137 - - [11/Oct/2021:09:27:44 -0500] "GET /sipse/faces/javax.faces.resource/jquery/jquery-plugins.js?ln=primefaces&v=4.0 HTTP/1.1" 304 -
188.40.73.215 - - [11/Oct/2021:09:27:44 -0500] "GET /BLA/resoluciones/RESOLUCIONES%202008/3745.pdf HTTP/1.1" 200 225974
186.84.21.137 - - [11/Oct/2021:09:27:44 -0500] "GET /sipse/faces/javax.faces.resource/primefaces.js?ln=primefaces&v=4.0 HTTP/1.1" 304 -
186.84.21.137 - - [11/Oct/2021:09:27:44 -0500] "GET /sipse/faces/javax.faces.resource/layout/layout.js?ln=primefaces&v=4.0 HTTP/1.1" 304 -
186.84.21.137 - - [11/Oct/2021:09:27:44 -0500] "GET /sipse/faces/javax.faces.resource/images/ui-icons_898989_256x240.png?ln=primefaces-aristo HTTP/1.1" 304 -
190.158.167.130 - - [11/Oct/2021:09:27:44 -0500] "POST /sipse/faces/presentacion/financiero/solicitudProceso/consultarSolicitudProceso.xhtml HTTP/1.1" 200 41800
190.158.167.130 - - [11/Oct/2021:09:27:45 -0500] "GET /sipse/faces/javax.faces.resource/layout/layout.css?ln=primefaces&v=4.0 HTTP/1.1" 304 -
190.158.167.130 - - [11/Oct/2021:09:27:45 -0500] "GET /sipse/faces/javax.faces.resource/theme.css?ln=primefaces-sipse HTTP/1.1" 304 -
190.158.167.130 - - [11/Oct/2021:09:27:45 -0500] "GET /sipse/faces/javax.faces.resource/primefaces.css?ln=primefaces&v=4.0 HTTP/1.1" 304 -
190.158.167.130 - - [11/Oct/2021:09:27:45 -0500] "GET /sipse/faces/javax.faces.resource/jquery/jquery-plugins.js?ln=primefaces&v=4.0 HTTP/1.1" 304 -
190.158.167.130 - - [11/Oct/2021:09:27:45 -0500] "GET /sipse/faces/javax.faces.resource/primefaces.js?ln=primefaces&v=4.0 HTTP/1.1" 304 -
190.158.167.130 - - [11/Oct/2021:09:27:45 -0500] "GET /sipse/faces/javax.faces.resource/jquery/jquery.js?ln=primefaces&v=4.0 HTTP/1.1" 304 -
190.158.167.130 - - [11/Oct/2021:09:27:45 -0500] "GET /sipse/faces/javax.faces.resource/layout/layout.js?ln=primefaces&v=4.0 HTTP/1.1" 304 -
186.84.21.137 - - [11/Oct/2021:09:27:44 -0500] "POST /sipse/faces/presentacion/financiero/solicitudProceso/listarSolicitudProceso.xhtml HTTP/1.1" 200 1448
190.158.167.130 - - [11/Oct/2021:09:27:47 -0500] "GET /sipse/css/imagen/contrasena.png HTTP/1.1" 404 383
190.158.167.130 - - [11/Oct/2021:09:27:47 -0500] "GET /sipse/faces/javax.faces.resource/images/ui-icons_898989_256x240.png?ln=primefaces-aristo HTTP/1.1" 304 -
186.84.21.137 - - [11/Oct/2021:09:27:48 -0500] "POST /sipse/faces/presentacion/financiero/solicitudProceso/listarSolicitudProceso.xhtml HTTP/1.1" 200 37614
186.84.21.137 - - [11/Oct/2021:09:27:48 -0500] "GET /sipse/faces/javax.faces.resource/primefaces.css?ln=primefaces&v=4.0 HTTP/1.1" 304 -
186.84.21.137 - - [11/Oct/2021:09:27:48 -0500] "GET /sipse/faces/javax.faces.resource/theme.css?ln=primefaces-sipse HTTP/1.1" 304 -
186.84.21.137 - - [11/Oct/2021:09:27:48 -0500] "GET /sipse/faces/javax.faces.resource/layout/layout.css?ln=primefaces&v=4.0 HTTP/1.1" 304 -
186.84.21.137 - - [11/Oct/2021:09:27:48 -0500] "GET /sipse/faces/javax.faces.resource/jquery/jquery.js?ln=primefaces&v=4.0 HTTP/1.1" 304 -
186.84.21.137 - - [11/Oct/2021:09:27:48 -0500] "GET /sipse/faces/javax.faces.resource/jquery/jquery-plugins.js?ln=primefaces&v=4.0 HTTP/1.1" 304 -
186.84.21.137 - - [11/Oct/2021:09:27:48 -0500] "GET /sipse/faces/javax.faces.resource/primefaces.js?ln=primefaces&v=4.0 HTTP/1.1" 304 -
186.84.21.137 - - [11/Oct/2021:09:27:48 -0500] "GET /sipse/faces/javax.faces.resource/layout/layout.js?ln=primefaces&v=4.0 HTTP/1.1" 304 -
186.84.21.137 - - [11/Oct/2021:09:27:49 -0500] "POST /sipse/faces/presentacion/financiero/solicitudProceso/solicitudProcesoOtrosPagos.xhtml HTTP/1.1" 200 30855
188.40.73.215 - - [11/Oct/2021:09:27:52 -0500] "GET /BLA/resoluciones/RESOLUCIONES%202008/4025.pdf HTTP/1.1" 200 253563
186.87.76.51 - - [11/Oct/2021:09:27:54 -0500] "GET /sipse/faces/javax.faces.resource/theme.css?ln=primefaces-sipse HTTP/1.1" 304 -
186.87.76.51 - - [11/Oct/2021:09:27:54 -0500] "GET /sipse/faces/javax.faces.resource/layout/layout.css?ln=primefaces&v=4.0 HTTP/1.1" 304 -
186.87.76.51 - - [11/Oct/2021:09:27:54 -0500] "GET /sipse/faces/javax.faces.resource/primefaces.css?ln=primefaces&v=4.0 HTTP/1.1" 304 -
186.87.76.51 - - [11/Oct/2021:09:27:54 -0500] "GET /sipse/faces/javax.faces.resource/jquery/jquery-plugins.js?ln=primefaces&v=4.0 HTTP/1.1" 304 -
186.87.76.51 - - [11/Oct/2021:09:27:54 -0500] "GET /sipse/faces/javax.faces.resource/jquery/jquery.js?ln=primefaces&v=4.0 HTTP/1.1" 304 -
186.87.76.51 - - [11/Oct/2021:09:27:54 -0500] "GET /sipse/faces/javax.faces.resource/primefaces.js?ln=primefaces&v=4.0 HTTP/1.1" 304 -
186.87.76.51 - - [11/Oct/2021:09:27:54 -0500] "GET /sipse/faces/javax.faces.resource/layout/layout.js?ln=primefaces&v=4.0 HTTP/1.1" 304 -
186.87.76.51 - - [11/Oct/2021:09:27:54 -0500] "POST /sipse/faces/presentacion/sistema/anexos/cargarAnexoSolicitudProceso.xhtml HTTP/1.1" 200 163635
186.87.76.51 - - [11/Oct/2021:09:27:54 -0500] "GET /reportes_sipse/sdg/ServletReporte?reporte=solicitud_cdp&Solicitud=14927&pfdrid_c=false HTTP/1.1" 200 95303
186.87.76.51 - - [11/Oct/2021:09:27:56 -0500] "POST /sipse/faces/presentacion/financiero/solicitudProceso/consultarSolicitudProceso.xhtml HTTP/1.1" 200 21979
186.87.76.51 - - [11/Oct/2021:09:27:56 -0500] "GET /sipse/faces/javax.faces.resource/layout/layout.css?ln=primefaces&v=4.0 HTTP/1.1" 304 -
186.87.76.51 - - [11/Oct/2021:09:27:56 -0500] "GET /sipse/faces/javax.faces.resource/primefaces.css?ln=primefaces&v=4.0 HTTP/1.1" 304 -
186.87.76.51 - - [11/Oct/2021:09:27:56 -0500] "GET /sipse/faces/javax.faces.resource/primefaces.js?ln=primefaces&v=4.0 HTTP/1.1" 304 -
186.87.76.51 - - [11/Oct/2021:09:27:56 -0500] "GET /sipse/faces/javax.faces.resource/jquery/jquery.js?ln=primefaces&v=4.0 HTTP/1.1" 304 -
186.87.76.51 - - [11/Oct/2021:09:27:56 -0500] "GET /sipse/faces/javax.faces.resource/theme.css?ln=primefaces-sipse HTTP/1.1" 304 -
186.87.76.51 - - [11/Oct/2021:09:27:56 -0500] "GET /sipse/faces/javax.faces.resource/jquery/jquery-plugins.js?ln=primefaces&v=4.0 HTTP/1.1" 304 -
186.87.76.51 - - [11/Oct/2021:09:27:56 -0500] "GET /sipse/faces/javax.faces.resource/fileupload/fileupload.css?ln=primefaces&v=4.0 HTTP/1.1" 304 -
186.87.76.51 - - [11/Oct/2021:09:27:56 -0500] "GET /sipse/faces/javax.faces.resource/fileupload/fileupload.js?ln=primefaces&v=4.0 HTTP/1.1" 304 -
186.87.76.51 - - [11/Oct/2021:09:27:56 -0500] "GET /sipse/faces/javax.faces.resource/layout/layout.js?ln=primefaces&v=4.0 HTTP/1.1" 304 -
201.245.192.253 - - [11/Oct/2021:09:28:01 -0500] "GET /catalogoisis/ HTTP/1.1" 200 8575
188.40.73.215 - - [11/Oct/2021:09:28:01 -0500] "GET /BLA/resoluciones/RESOLUCIONES%202008/1641.pdf HTTP/1.1" 200 230102
186.87.76.51 - - [11/Oct/2021:09:28:05 -0500] "GET /sipse/faces/javax.faces.resource/theme.css?ln=primefaces-sipse HTTP/1.1" 304 -
186.87.76.51 - - [11/Oct/2021:09:28:05 -0500] "GET /sipse/faces/javax.faces.resource/primefaces.css?ln=primefaces&v=4.0 HTTP/1.1" 304 -
186.87.76.51 - - [11/Oct/2021:09:28:05 -0500] "GET /sipse/faces/javax.faces.resource/jquery/jquery.js?ln=primefaces&v=4.0 HTTP/1.1" 304 -
186.87.76.51 - - [11/Oct/2021:09:28:05 -0500] "GET /sipse/faces/javax.faces.resource/layout/layout.css?ln=primefaces&v=4.0 HTTP/1.1" 304 -
186.87.76.51 - - [11/Oct/2021:09:28:05 -0500] "GET /sipse/faces/javax.faces.resource/primefaces.js?ln=primefaces&v=4.0 HTTP/1.1" 304 -
186.87.76.51 - - [11/Oct/2021:09:28:05 -0500] "GET /sipse/faces/javax.faces.resource/jquery/jquery-plugins.js?ln=primefaces&v=4.0 HTTP/1.1" 304 -
186.87.76.51 - - [11/Oct/2021:09:28:05 -0500] "GET /sipse/faces/javax.faces.resource/layout/layout.js?ln=primefaces&v=4.0 HTTP/1.1" 304 -
186.87.76.51 - - [11/Oct/2021:09:28:04 -0500] "POST /sipse/faces/presentacion/sistema/anexos/cargarAnexoSolicitudProceso.xhtml HTTP/1.1" 200 165433
186.87.76.51 - - [11/Oct/2021:09:28:05 -0500] "GET /reportes_sipse/sdg/ServletReporte?reporte=solicitud_cdp&Solicitud=14927&pfdrid_c=false HTTP/1.1" 200 95303
186.87.76.51 - - [11/Oct/2021:09:28:07 -0500] "GET /sipse/faces/javax.faces.resource/images/ui-icons_898989_256x240.png?ln=primefaces-aristo HTTP/1.1" 304 -
188.40.73.215 - - [11/Oct/2021:09:28:09 -0500] "GET /BLA/resoluciones/RESOLUCIONES%202008/2343.pdf HTTP/1.1" 200 285679
186.87.76.51 - - [11/Oct/2021:09:28:11 -0500] "POST /sipse/faces/presentacion/financiero/solicitudProceso/consultarSolicitudProceso.xhtml HTTP/1.1" 200 6756
186.87.76.51 - - [11/Oct/2021:09:28:12 -0500] "GET /sipse/faces/javax.faces.resource/messages/messages.png?ln=primefaces&v=4.0 HTTP/1.1" 304 -
186.84.2.215 - - [11/Oct/2021:09:28:14 -0500] "GET /BLA/resoluciones/ HTTP/1.1" 200 12684
186.84.2.215 - - [11/Oct/2021:09:28:14 -0500] "GET /BLA/resoluciones/dlf/folder.png HTTP/1.1" 200 410
186.84.2.215 - - [11/Oct/2021:09:28:14 -0500] "GET /BLA/resoluciones/dlf/styles.css HTTP/1.1" 200 3049
186.84.2.215 - - [11/Oct/2021:09:28:14 -0500] "GET /BLA/resoluciones/dlf/bg.gif HTTP/1.1" 200 54
186.84.2.215 - - [11/Oct/2021:09:28:14 -0500] "GET /favicon.ico HTTP/1.1" 200 7782
186.87.76.51 - - [11/Oct/2021:09:28:13 -0500] "POST /sipse/faces/presentacion/financiero/solicitudProceso/consultarSolicitudProceso.xhtml HTTP/1.1" 200 35199
186.87.76.51 - - [11/Oct/2021:09:28:18 -0500] "GET /sipse/faces/javax.faces.resource/theme.css?ln=primefaces-sipse HTTP/1.1" 304 -
186.87.76.51 - - [11/Oct/2021:09:28:18 -0500] "GET /sipse/faces/javax.faces.resource/primefaces.css?ln=primefaces&v=4.0 HTTP/1.1" 304 -
186.87.76.51 - - [11/Oct/2021:09:28:18 -0500] "GET /sipse/faces/javax.faces.resource/jquery/jquery.js?ln=primefaces&v=4.0 HTTP/1.1" 304 -
186.87.76.51 - - [11/Oct/2021:09:28:18 -0500] "GET /sipse/faces/javax.faces.resource/jquery/jquery-plugins.js?ln=primefaces&v=4.0 HTTP/1.1" 304 -
186.87.76.51 - - [11/Oct/2021:09:28:18 -0500] "GET /sipse/faces/javax.faces.resource/primefaces.js?ln=primefaces&v=4.0 HTTP/1.1" 304 -
186.87.76.51 - - [11/Oct/2021:09:28:18 -0500] "GET /sipse/faces/javax.faces.resource/layout/layout.js?ln=primefaces&v=4.0 HTTP/1.1" 304 -
186.87.76.51 - - [11/Oct/2021:09:28:18 -0500] "GET /sipse/faces/javax.faces.resource/layout/layout.css?ln=primefaces&v=4.0 HTTP/1.1" 304 -
186.87.76.51 - - [11/Oct/2021:09:28:18 -0500] "POST /sipse/faces/presentacion/financiero/solicitudProceso/listarSolicitudProceso.xhtml HTTP/1.1" 200 1348
188.40.73.215 - - [11/Oct/2021:09:28:20 -0500] "GET /BLA/resoluciones/RESOLUCIONES%202008/4562.pdf HTTP/1.1" 200 214089
186.84.2.215 - - [11/Oct/2021:09:28:23 -0500] "GET /BLA/resoluciones/index.php?dir=AUTOS+2021%2F HTTP/1.1" 200 146442
186.84.2.215 - - [11/Oct/2021:09:28:23 -0500] "GET /BLA/resoluciones/dlf/dirup.png HTTP/1.1" 200 644
186.84.2.215 - - [11/Oct/2021:09:28:23 -0500] "GET /BLA/resoluciones/dlf/pdf.gif HTTP/1.1" 200 272
186.84.2.215 - - [11/Oct/2021:09:28:23 -0500] "GET /BLA/resoluciones/dlf/unknown.png HTTP/1.1" 200 266
186.87.76.51 - - [11/Oct/2021:09:28:25 -0500] "POST /sipse/faces/presentacion/financiero/solicitudProceso/listarSolicitudProceso.xhtml HTTP/1.1" 200 9093
186.87.76.51 - - [11/Oct/2021:09:28:28 -0500] "POST /sipse/faces/presentacion/financiero/solicitudProceso/listarSolicitudProceso.xhtml HTTP/1.1" 200 9097
188.40.73.215 - - [11/Oct/2021:09:28:29 -0500] "GET /BLA/resoluciones/RESOLUCIONES%202008/4046.pdf HTTP/1.1" 200 1042877
186.87.76.51 - - [11/Oct/2021:09:28:30 -0500] "POST /sipse/faces/presentacion/financiero/solicitudProceso/listarSolicitudProceso.xhtml HTTP/1.1" 200 9139
186.87.76.51 - - [11/Oct/2021:09:28:31 -0500] "POST /sipse/faces/presentacion/financiero/solicitudProceso/listarSolicitudProceso.xhtml HTTP/1.1" 200 116083
186.87.76.51 - - [11/Oct/2021:09:28:32 -0500] "GET /sipse/faces/javax.faces.resource/theme.css?ln=primefaces-sipse HTTP/1.1" 304 -
186.87.76.51 - - [11/Oct/2021:09:28:32 -0500] "GET /sipse/faces/javax.faces.resource/primefaces.css?ln=primefaces&v=4.0 HTTP/1.1" 304 -
186.87.76.51 - - [11/Oct/2021:09:28:32 -0500] "GET /sipse/faces/javax.faces.resource/layout/layout.css?ln=primefaces&v=4.0 HTTP/1.1" 304 -
186.87.76.51 - - [11/Oct/2021:09:28:32 -0500] "GET /sipse/faces/javax.faces.resource/jquery/jquery.js?ln=primefaces&v=4.0 HTTP/1.1" 304 -
186.87.76.51 - - [11/Oct/2021:09:28:32 -0500] "GET /sipse/faces/javax.faces.resource/jquery/jquery-plugins.js?ln=primefaces&v=4.0 HTTP/1.1" 304 -
186.87.76.51 - - [11/Oct/2021:09:28:32 -0500] "GET /sipse/faces/javax.faces.resource/primefaces.js?ln=primefaces&v=4.0 HTTP/1.1" 304 -
186.87.76.51 - - [11/Oct/2021:09:28:32 -0500] "GET /sipse/faces/javax.faces.resource/layout/layout.js?ln=primefaces&v=4.0 HTTP/1.1" 304 -
186.87.76.51 - - [11/Oct/2021:09:28:33 -0500] "GET /reportes_sipse/sdg/ServletReporte?reporte=solicitud_cdp&Solicitud=14927&pfdrid_c=false HTTP/1.1" 200 95303
190.158.167.130 - - [11/Oct/2021:09:28:35 -0500] "GET /sipse/faces/javax.faces.resource/images/ui-bg_flat_0_2d5972_40x100.png?ln=primefaces-aristo HTTP/1.1" 304 -
190.158.167.130 - - [11/Oct/2021:09:28:35 -0500] "POST /sipse/faces/presentacion/financiero/solicitudProceso/consultarHistorialSolProceso.xhtml HTTP/1.1" 200 41945
190.158.167.130 - - [11/Oct/2021:09:28:35 -0500] "GET /sipse/faces/javax.faces.resource/theme.css?ln=primefaces-sipse HTTP/1.1" 304 -
190.158.167.130 - - [11/Oct/2021:09:28:35 -0500] "GET /sipse/faces/javax.faces.resource/primefaces.css?ln=primefaces&v=4.0 HTTP/1.1" 304 -
190.158.167.130 - - [11/Oct/2021:09:28:35 -0500] "GET /sipse/faces/javax.faces.resource/layout/layout.css?ln=primefaces&v=4.0 HTTP/1.1" 304 -
190.158.167.130 - - [11/Oct/2021:09:28:35 -0500] "GET /sipse/faces/javax.faces.resource/jquery/jquery.js?ln=primefaces&v=4.0 HTTP/1.1" 304 -
190.158.167.130 - - [11/Oct/2021:09:28:35 -0500] "GET /sipse/faces/javax.faces.resource/jquery/jquery-plugins.js?ln=primefaces&v=4.0 HTTP/1.1" 304 -
181.51.46.116 - - [11/Oct/2021:09:28:35 -0500] "GET /galeria/galeria/jquery.fancybox.js?v=2.1.5 HTTP/1.1" 200 48706
181.51.46.116 - - [11/Oct/2021:09:28:35 -0500] "GET /galeria/galeria/jquery.fancybox.css?v=2.1.5 HTTP/1.1" 200 4895
181.51.46.116 - - [11/Oct/2021:09:28:35 -0500] "GET /BLA/boletinlegal/js/jquery.scrollShow.js HTTP/1.1" 200 4586
190.158.167.130 - - [11/Oct/2021:09:28:36 -0500] "GET /sipse/faces/javax.faces.resource/primefaces.js?ln=primefaces&v=4.0 HTTP/1.1" 304 -
190.158.167.130 - - [11/Oct/2021:09:28:36 -0500] "GET /sipse/faces/javax.faces.resource/layout/layout.js?ln=primefaces&v=4.0 HTTP/1.1" 304 -
190.158.167.130 - - [11/Oct/2021:09:28:36 -0500] "GET /sipse/css/imagen/contrasena.png HTTP/1.1" 404 383
190.158.167.130 - - [11/Oct/2021:09:28:38 -0500] "POST /sipse/faces/presentacion/financiero/solicitudProceso/consultar.xhtml HTTP/1.1" 200 12914
188.40.73.215 - - [11/Oct/2021:09:28:44 -0500] "GET /BLA/resoluciones/RESOLUCIONES%202008/3895.pdf HTTP/1.1" 200 501680
201.245.192.253 - - [11/Oct/2021:09:28:43 -0500] "POST /sipse/faces/presentacion/financiero/solicitudProceso/listarSolicitudProceso.xhtml HTTP/1.1" 200 111270
201.245.192.253 - - [11/Oct/2021:09:28:44 -0500] "GET /sipse/faces/javax.faces.resource/theme.css?ln=primefaces-sipse HTTP/1.1" 304 -
201.245.192.253 - - [11/Oct/2021:09:28:44 -0500] "GET /sipse/faces/javax.faces.resource/primefaces.css?ln=primefaces&v=4.0 HTTP/1.1" 304 -
201.245.192.253 - - [11/Oct/2021:09:28:44 -0500] "GET /sipse/faces/javax.faces.resource/layout/layout.css?ln=primefaces&v=4.0 HTTP/1.1" 304 -
201.245.192.253 - - [11/Oct/2021:09:28:44 -0500] "GET /sipse/css/imagen/contrasena.png HTTP/1.1" 404 383
201.245.192.253 - - [11/Oct/2021:09:28:44 -0500] "GET /sipse/faces/javax.faces.resource/jquery/jquery.js?ln=primefaces&v=4.0 HTTP/1.1" 304 -
201.245.192.253 - - [11/Oct/2021:09:28:44 -0500] "GET /sipse/faces/javax.faces.resource/jquery/jquery-plugins.js?ln=primefaces&v=4.0 HTTP/1.1" 304 -
201.245.192.253 - - [11/Oct/2021:09:28:44 -0500] "GET /sipse/faces/javax.faces.resource/primefaces.js?ln=primefaces&v=4.0 HTTP/1.1" 304 -
201.245.192.253 - - [11/Oct/2021:09:28:44 -0500] "GET /sipse/faces/javax.faces.resource/layout/layout.js?ln=primefaces&v=4.0 HTTP/1.1" 304 -
201.245.192.253 - - [11/Oct/2021:09:28:44 -0500] "GET /sipse/faces/javax.faces.resource/images/ui-icons_898989_256x240.png?ln=primefaces-aristo HTTP/1.1" 304 -
201.245.192.253 - - [11/Oct/2021:09:28:44 -0500] "GET /reportes_sipse/sdg/ServletReporte?reporte=solicitud_cdp&Solicitud=14927&pfdrid_c=false HTTP/1.1" 200 95303
186.87.76.51 - - [11/Oct/2021:09:28:46 -0500] "POST /sipse/faces/presentacion/financiero/solicitudProceso/consultarSolicitudProceso.xhtml HTTP/1.1" 200 21979
186.87.76.51 - - [11/Oct/2021:09:28:47 -0500] "GET /sipse/faces/javax.faces.resource/primefaces.css?ln=primefaces&v=4.0 HTTP/1.1" 304 -
186.87.76.51 - - [11/Oct/2021:09:28:47 -0500] "GET /sipse/faces/javax.faces.resource/theme.css?ln=primefaces-sipse HTTP/1.1" 304 -
186.87.76.51 - - [11/Oct/2021:09:28:47 -0500] "GET /sipse/faces/javax.faces.resource/layout/layout.css?ln=primefaces&v=4.0 HTTP/1.1" 304 -
186.87.76.51 - - [11/Oct/2021:09:28:47 -0500] "GET /sipse/faces/javax.faces.resource/fileupload/fileupload.css?ln=primefaces&v=4.0 HTTP/1.1" 304 -
186.87.76.51 - - [11/Oct/2021:09:28:47 -0500] "GET /sipse/faces/javax.faces.resource/jquery/jquery-plugins.js?ln=primefaces&v=4.0 HTTP/1.1" 304 -
186.87.76.51 - - [11/Oct/2021:09:28:47 -0500] "GET /sipse/faces/javax.faces.resource/jquery/jquery.js?ln=primefaces&v=4.0 HTTP/1.1" 304 -
186.87.76.51 - - [11/Oct/2021:09:28:47 -0500] "GET /sipse/faces/javax.faces.resource/primefaces.js?ln=primefaces&v=4.0 HTTP/1.1" 304 -
186.87.76.51 - - [11/Oct/2021:09:28:47 -0500] "GET /sipse/faces/javax.faces.resource/layout/layout.js?ln=primefaces&v=4.0 HTTP/1.1" 304 -
186.87.76.51 - - [11/Oct/2021:09:28:47 -0500] "GET /sipse/faces/javax.faces.resource/fileupload/fileupload.js?ln=primefaces&v=4.0 HTTP/1.1" 304 -
190.25.96.197 - - [11/Oct/2021:09:28:51 -0500] "GET /galeria/galeria/jquery.fancybox.css?v=2.1.5 HTTP/1.1" 200 4895
190.25.96.197 - - [11/Oct/2021:09:28:51 -0500] "GET /galeria/galeria/jquery.fancybox.js?v=2.1.5 HTTP/1.1" 200 48706
190.25.96.197 - - [11/Oct/2021:09:28:51 -0500] "GET /BLA/boletinlegal/js/jquery.scrollShow.js HTTP/1.1" 200 4586
188.40.73.215 - - [11/Oct/2021:09:28:52 -0500] "GET /BLA/resoluciones/RESOLUCIONES%202008/4407.pdf HTTP/1.1" 200 113614
190.158.167.130 - - [11/Oct/2021:09:28:54 -0500] "POST /sipse/faces/presentacion/financiero/solicitudProceso/consultar.xhtml HTTP/1.1" 200 12934
186.87.76.51 - - [11/Oct/2021:09:28:57 -0500] "POST /sipse/faces/presentacion/sistema/anexos/cargarAnexoSolicitudProceso.xhtml HTTP/1.1" 200 116083
186.87.76.51 - - [11/Oct/2021:09:28:58 -0500] "GET /sipse/faces/javax.faces.resource/theme.css?ln=primefaces-sipse HTTP/1.1" 304 -
186.87.76.51 - - [11/Oct/2021:09:28:58 -0500] "GET /sipse/faces/javax.faces.resource/layout/layout.css?ln=primefaces&v=4.0 HTTP/1.1" 304 -
186.87.76.51 - - [11/Oct/2021:09:28:58 -0500] "GET /sipse/faces/javax.faces.resource/primefaces.css?ln=primefaces&v=4.0 HTTP/1.1" 304 -
186.87.76.51 - - [11/Oct/2021:09:28:58 -0500] "GET /sipse/faces/javax.faces.resource/jquery/jquery.js?ln=primefaces&v=4.0 HTTP/1.1" 304 -
186.87.76.51 - - [11/Oct/2021:09:28:58 -0500] "GET /sipse/faces/javax.faces.resource/jquery/jquery-plugins.js?ln=primefaces&v=4.0 HTTP/1.1" 304 -
186.87.76.51 - - [11/Oct/2021:09:28:58 -0500] "GET /sipse/faces/javax.faces.resource/primefaces.js?ln=primefaces&v=4.0 HTTP/1.1" 304 -
186.87.76.51 - - [11/Oct/2021:09:28:58 -0500] "GET /sipse/faces/javax.faces.resource/layout/layout.js?ln=primefaces&v=4.0 HTTP/1.1" 304 -
186.87.76.51 - - [11/Oct/2021:09:28:58 -0500] "GET /reportes_sipse/sdg/ServletReporte?reporte=solicitud_cdp&Solicitud=14927&pfdrid_c=false HTTP/1.1" 200 95303
188.40.73.215 - - [11/Oct/2021:09:29:01 -0500] "GET /BLA/resoluciones/RESOLUCIONES%202008/2534.pdf HTTP/1.1" 200 330988
201.245.192.253 - - [11/Oct/2021:09:29:04 -0500] "GET /catalogoisis/ HTTP/1.1" 200 8575
186.84.21.137 - - [11/Oct/2021:09:29:04 -0500] "POST /sipse/faces/presentacion/financiero/solicitudProceso/solicitudProcesoOtrosPagos.xhtml HTTP/1.1" 200 184
186.84.21.137 - - [11/Oct/2021:09:29:04 -0500] "POST /sipse/faces/presentacion/financiero/solicitudProceso/solicitudProcesoOtrosPagos.xhtml HTTP/1.1" 200 184
186.84.21.137 - - [11/Oct/2021:09:29:04 -0500] "GET /sipse/faces/presentacion/financiero/solicitudAnulacion/solicitudAnulacion.xhtml HTTP/1.1" 200 29629
186.84.21.137 - - [11/Oct/2021:09:29:04 -0500] "POST /sipse/faces/presentacion/financiero/solicitudProceso/solicitudProcesoOtrosPagos.xhtml HTTP/1.1" 200 184
190.158.167.130 - - [11/Oct/2021:09:29:04 -0500] "POST /sipse/faces/presentacion/financiero/solicitudProceso/consultar.xhtml HTTP/1.1" 200 12920
186.84.21.137 - - [11/Oct/2021:09:29:04 -0500] "GET /sipse/faces/presentacion/financiero/solicitudAnulacion/solicitudAnulacion.xhtml HTTP/1.1" 200 16113
186.84.21.137 - - [11/Oct/2021:09:29:04 -0500] "GET /sipse/faces/presentacion/financiero/solicitudAnulacion/solicitudAnulacion.xhtml HTTP/1.1" 200 36136
186.84.21.137 - - [11/Oct/2021:09:29:05 -0500] "GET /sipse/faces/javax.faces.resource/theme.css?ln=primefaces-sipse HTTP/1.1" 304 -
186.84.21.137 - - [11/Oct/2021:09:29:05 -0500] "GET /sipse/faces/javax.faces.resource/primefaces.css?ln=primefaces&v=4.0 HTTP/1.1" 304 -
186.84.21.137 - - [11/Oct/2021:09:29:05 -0500] "GET /sipse/faces/javax.faces.resource/layout/layout.css?ln=primefaces&v=4.0 HTTP/1.1" 304 -
186.84.21.137 - - [11/Oct/2021:09:29:05 -0500] "GET /sipse/faces/javax.faces.resource/jquery/jquery-plugins.js?ln=primefaces&v=4.0 HTTP/1.1" 304 -
186.84.21.137 - - [11/Oct/2021:09:29:05 -0500] "GET /sipse/faces/javax.faces.resource/jquery/jquery.js?ln=primefaces&v=4.0 HTTP/1.1" 304 -
186.84.21.137 - - [11/Oct/2021:09:29:05 -0500] "GET /sipse/faces/javax.faces.resource/layout/layout.js?ln=primefaces&v=4.0 HTTP/1.1" 304 -
186.84.21.137 - - [11/Oct/2021:09:29:05 -0500] "GET /sipse/faces/javax.faces.resource/primefaces.js?ln=primefaces&v=4.0 HTTP/1.1" 304 -
186.84.21.137 - - [11/Oct/2021:09:29:05 -0500] "POST /sipse/faces/presentacion/financiero/solicitudAnulacion/solicitudAnulacion.xhtml HTTP/1.1" 200 12488
188.40.73.215 - - [11/Oct/2021:09:29:10 -0500] "GET /BLA/resoluciones/RESOLUCIONES%202008/3133.pdf HTTP/1.1" 200 245650
190.158.167.130 - - [11/Oct/2021:09:29:15 -0500] "POST /sipse/faces/presentacion/financiero/solicitudProceso/consultar.xhtml HTTP/1.1" 200 12914
188.40.73.215 - - [11/Oct/2021:09:29:18 -0500] "GET /BLA/resoluciones/RESOLUCIONES%202008/0471.pdf HTTP/1.1" 200 259363
191.156.79.226 - - [11/Oct/2021:09:29:24 -0500] "GET /galeria/galeria/jquery.fancybox.css?v=2.1.5 HTTP/1.1" 200 4895
191.156.79.226 - - [11/Oct/2021:09:29:24 -0500] "GET /BLA/boletinlegal/js/jquery.scrollShow.js HTTP/1.1" 200 4586
191.156.79.226 - - [11/Oct/2021:09:29:24 -0500] "GET /galeria/galeria/jquery.fancybox.js?v=2.1.5 HTTP/1.1" 200 48706
191.156.189.182 - - [11/Oct/2021:09:29:26 -0500] "GET /galeria/galeria/jquery.fancybox.css?v=2.1.5 HTTP/1.1" 200 4895
191.156.190.221 - - [11/Oct/2021:09:29:26 -0500] "GET /BLA/boletinlegal/js/jquery.scrollShow.js HTTP/1.1" 200 4586
191.156.190.221 - - [11/Oct/2021:09:29:26 -0500] "GET /galeria/galeria/jquery.fancybox.js?v=2.1.5 HTTP/1.1" 200 48706
188.40.73.215 - - [11/Oct/2021:09:29:27 -0500] "GET /BLA/resoluciones/RESOLUCIONES%202008/4104.pdf HTTP/1.1" 200 362008
181.129.32.162 - - [11/Oct/2021:09:29:27 -0500] "GET /galeria/galeria/jquery.fancybox.css?v=2.1.5 HTTP/1.1" 200 4895
181.129.32.162 - - [11/Oct/2021:09:29:28 -0500] "GET /BLA/boletinlegal/js/jquery.scrollShow.js HTTP/1.1" 200 4586
181.129.32.162 - - [11/Oct/2021:09:29:28 -0500] "GET /galeria/galeria/jquery.fancybox.js?v=2.1.5 HTTP/1.1" 200 48706
190.158.167.130 - - [11/Oct/2021:09:29:32 -0500] "POST /sipse/faces/presentacion/financiero/solicitudProceso/consultar.xhtml HTTP/1.1" 200 12915
62.15.142.132 - - [11/Oct/2021:09:29:33 -0500] "GET /BLA/boletinlegal/js/jquery.scrollShow.js HTTP/1.1" 200 4586
62.15.142.132 - - [11/Oct/2021:09:29:33 -0500] "GET /galeria/galeria/jquery.fancybox.css?v=2.1.5 HTTP/1.1" 200 4895
62.15.142.132 - - [11/Oct/2021:09:29:33 -0500] "GET /galeria/galeria/jquery.fancybox.js?v=2.1.5 HTTP/1.1" 200 48706
188.40.73.215 - - [11/Oct/2021:09:29:35 -0500] "GET /BLA/resoluciones/RESOLUCIONES%202008/0703.pdf HTTP/1.1" 200 237019
201.245.192.253 - - [11/Oct/2021:09:29:36 -0500] "GET /sipse/faces/javax.faces.resource/images/ui-bg_flat_0_2d5972_40x100.png?ln=primefaces-aristo HTTP/1.1" 304 -
201.245.192.253 - - [11/Oct/2021:09:29:36 -0500] "POST /sipse/faces/presentacion/financiero/solicitudProceso/consultarSolicitudProceso.xhtml HTTP/1.1" 200 25871
201.245.192.253 - - [11/Oct/2021:09:29:36 -0500] "GET /sipse/faces/javax.faces.resource/theme.css?ln=primefaces-sipse HTTP/1.1" 304 -
201.245.192.253 - - [11/Oct/2021:09:29:36 -0500] "GET /sipse/faces/javax.faces.resource/primefaces.css?ln=primefaces&v=4.0 HTTP/1.1" 304 -
201.245.192.253 - - [11/Oct/2021:09:29:36 -0500] "GET /sipse/faces/javax.faces.resource/layout/layout.css?ln=primefaces&v=4.0 HTTP/1.1" 304 -
201.245.192.253 - - [11/Oct/2021:09:29:36 -0500] "GET /sipse/faces/javax.faces.resource/jquery/jquery.js?ln=primefaces&v=4.0 HTTP/1.1" 304 -
201.245.192.253 - - [11/Oct/2021:09:29:36 -0500] "GET /sipse/faces/javax.faces.resource/jquery/jquery-plugins.js?ln=primefaces&v=4.0 HTTP/1.1" 304 -
201.245.192.253 - - [11/Oct/2021:09:29:36 -0500] "GET /sipse/faces/javax.faces.resource/primefaces.js?ln=primefaces&v=4.0 HTTP/1.1" 304 -
201.245.192.253 - - [11/Oct/2021:09:29:36 -0500] "GET /sipse/faces/javax.faces.resource/layout/layout.js?ln=primefaces&v=4.0 HTTP/1.1" 304 -
216.245.221.92 - - [11/Oct/2021:09:29:39 -0500] "HEAD / HTTP/1.1" 200 -
188.40.73.215 - - [11/Oct/2021:09:29:44 -0500] "GET /BLA/resoluciones/RESOLUCIONES%202008/0784.pdf HTTP/1.1" 200 62819
186.87.76.51 - - [11/Oct/2021:09:29:46 -0500] "POST /sipse/faces/presentacion/financiero/solicitudProceso/consultarSolicitudProceso.xhtml HTTP/1.1" 200 34733
186.87.76.51 - - [11/Oct/2021:09:29:47 -0500] "GET /sipse/faces/javax.faces.resource/theme.css?ln=primefaces-sipse HTTP/1.1" 304 -
186.87.76.51 - - [11/Oct/2021:09:29:47 -0500] "GET /sipse/faces/javax.faces.resource/layout/layout.css?ln=primefaces&v=4.0 HTTP/1.1" 304 -
186.87.76.51 - - [11/Oct/2021:09:29:47 -0500] "GET /sipse/faces/javax.faces.resource/primefaces.css?ln=primefaces&v=4.0 HTTP/1.1" 304 -
186.87.76.51 - - [11/Oct/2021:09:29:47 -0500] "GET /sipse/faces/javax.faces.resource/jquery/jquery.js?ln=primefaces&v=4.0 HTTP/1.1" 304 -
186.87.76.51 - - [11/Oct/2021:09:29:47 -0500] "GET /sipse/faces/javax.faces.resource/jquery/jquery-plugins.js?ln=primefaces&v=4.0 HTTP/1.1" 304 -
186.87.76.51 - - [11/Oct/2021:09:29:47 -0500] "GET /sipse/faces/javax.faces.resource/primefaces.js?ln=primefaces&v=4.0 HTTP/1.1" 304 -
186.87.76.51 - - [11/Oct/2021:09:29:47 -0500] "GET /sipse/faces/javax.faces.resource/layout/layout.js?ln=primefaces&v=4.0 HTTP/1.1" 304 -
186.87.76.51 - - [11/Oct/2021:09:29:47 -0500] "GET /sipse/faces/javax.faces.resource/images/ui-icons_898989_256x240.png?ln=primefaces-aristo HTTP/1.1" 304 -
186.87.76.51 - - [11/Oct/2021:09:29:47 -0500] "POST /sipse/faces/presentacion/financiero/solicitudProceso/listarSolicitudProceso.xhtml HTTP/1.1" 200 27986
186.87.76.51 - - [11/Oct/2021:09:29:48 -0500] "GET /sipse/faces/javax.faces.resource/images/ui-bg_flat_0_2d5972_40x100.png?ln=primefaces-aristo HTTP/1.1" 304 -
190.25.237.99 - - [11/Oct/2021:09:29:48 -0500] "GET /galeria/galeria/jquery.fancybox.css?v=2.1.5 HTTP/1.1" 200 4895
190.25.237.99 - - [11/Oct/2021:09:29:48 -0500] "GET /galeria/galeria/jquery.fancybox.js?v=2.1.5 HTTP/1.1" 200 48706
190.25.237.99 - - [11/Oct/2021:09:29:48 -0500] "GET /BLA/boletinlegal/js/jquery.scrollShow.js HTTP/1.1" 200 4586
186.87.76.51 - - [11/Oct/2021:09:29:48 -0500] "POST /sipse/faces/presentacion/financiero/solicitudProceso/listarSolicitudProceso.xhtml HTTP/1.1" 200 1348
190.158.167.130 - - [11/Oct/2021:09:29:49 -0500] "POST /sipse/faces/presentacion/financiero/solicitudProceso/consultar.xhtml HTTP/1.1" 200 12920
201.245.192.253 - - [11/Oct/2021:09:29:50 -0500] "POST /sipse/faces/presentacion/financiero/cdp/expedirCdp.xhtml HTTP/1.1" 200 2146
190.25.237.99 - - [11/Oct/2021:09:29:51 -0500] "GET /galeria/carrusel/Carrusel/jquery.thumbnailScroller.css HTTP/1.1" 200 2066
188.40.73.215 - - [11/Oct/2021:09:29:51 -0500] "GET /BLA/resoluciones/RESOLUCIONES%202008/1434.pdf HTTP/1.1" 200 28067
186.87.76.51 - - [11/Oct/2021:09:29:49 -0500] "POST /sipse/faces/presentacion/financiero/solicitudProceso/listarSolicitudProceso.xhtml HTTP/1.1" 200 1344
190.25.237.99 - - [11/Oct/2021:09:29:51 -0500] "GET /galeria/carrusel/Carrusel/jquery-ui-1.8.13.custom.min.js HTTP/1.1" 200 10800
190.25.237.99 - - [11/Oct/2021:09:29:51 -0500] "GET /galeria/carrusel/Carrusel/jquery.thumbnailScroller.js HTTP/1.1" 200 8157
190.25.237.99 - - [11/Oct/2021:09:29:52 -0500] "GET /galeria/nivo-slider/demo/banner.html HTTP/1.1" 200 5446
190.25.237.99 - - [11/Oct/2021:09:29:53 -0500] "GET /galeria/nivo-slider/themes/default/default.css HTTP/1.1" 200 1569
190.25.237.99 - - [11/Oct/2021:09:29:54 -0500] "GET /galeria/nivo-slider/themes/pascal/pascal.css HTTP/1.1" 200 2258
190.25.237.99 - - [11/Oct/2021:09:29:54 -0500] "GET /galeria/nivo-slider/themes/orman/orman.css HTTP/1.1" 200 2152
190.25.237.99 - - [11/Oct/2021:09:29:54 -0500] "GET /galeria/nivo-slider/nivo-slider.css HTTP/1.1" 200 1507
190.25.237.99 - - [11/Oct/2021:09:29:54 -0500] "GET /galeria/nivo-slider/demo/style.css HTTP/1.1" 200 2222
190.25.237.99 - - [11/Oct/2021:09:29:54 -0500] "GET /galeria/nivo-slider/demo/scripts/jquery-1.7.1.min.js HTTP/1.1" 200 93868
190.25.237.99 - - [11/Oct/2021:09:29:54 -0500] "GET /galeria/nivo-slider/jquery.nivo.slider.pack.js HTTP/1.1" 200 11561
190.25.237.99 - - [11/Oct/2021:09:29:54 -0500] "GET /galeria/nivo-slider/demo/images/bannertortuga_optimized.jpg HTTP/1.1" 200 39066
190.25.237.99 - - [11/Oct/2021:09:29:54 -0500] "GET /galeria/nivo-slider/demo/images/Bannermujeresquereverdecen.jpg HTTP/1.1" 200 46558
190.25.237.99 - - [11/Oct/2021:09:29:54 -0500] "GET /galeria/nivo-slider/demo/images/bannertrafico_optimized.jpg HTTP/1.1" 200 42578
190.25.237.99 - - [11/Oct/2021:09:29:54 -0500] "GET /galeria/nivo-slider/demo/images/Bannersedeelectronica.jpg HTTP/1.1" 200 40383
190.25.237.99 - - [11/Oct/2021:09:29:54 -0500] "GET /galeria/nivo-slider/demo/images/bannerrutaesperanza.jpg HTTP/1.1" 200 55560
190.25.237.99 - - [11/Oct/2021:09:29:55 -0500] "GET /galeria/nivo-slider/demo/images/banneraire2021.jpg HTTP/1.1" 200 265101
190.25.237.99 - - [11/Oct/2021:09:29:55 -0500] "GET /galeria/nivo-slider/demo/images/Bannerplasticosseptiembre.jpg HTTP/1.1" 200 45633
190.25.237.99 - - [11/Oct/2021:09:29:55 -0500] "GET /galeria/nivo-slider/demo/images/bannerresiduoshospitalariosagosto.jpg HTTP/1.1" 200 36499
190.25.237.99 - - [11/Oct/2021:09:29:55 -0500] "GET /galeria/nivo-slider/demo/images/banneraccionpopularcrr68.jpg HTTP/1.1" 200 51887
190.25.237.99 - - [11/Oct/2021:09:29:55 -0500] "GET /galeria/nivo-slider/demo/images/banneraccionpopular.jpeg HTTP/1.1" 200 41707
190.25.237.99 - - [11/Oct/2021:09:29:55 -0500] "GET /galeria/nivo-slider/demo/images/bannerclases2021.jpg HTTP/1.1" 200 68230
190.25.237.99 - - [11/Oct/2021:09:29:55 -0500] "GET /galeria/nivo-slider/demo/images/bannercapacitacionesbogota.jpg HTTP/1.1" 200 42416
190.25.237.99 - - [11/Oct/2021:09:29:55 -0500] "GET /galeria/nivo-slider/demo/images/Bannerenvases.jpg HTTP/1.1" 200 37316
190.25.237.99 - - [11/Oct/2021:09:29:55 -0500] "GET /galeria/nivo-slider/demo/images/Bannervirtualescanales.jpg HTTP/1.1" 200 174544
190.25.237.99 - - [11/Oct/2021:09:29:56 -0500] "GET /galeria/nivo-slider/demo/images/4Simple_Slider.png HTTP/1.1" 200 11722
190.25.237.99 - - [11/Oct/2021:09:29:56 -0500] "GET /galeria/nivo-slider/themes/default/loading.gif HTTP/1.1" 200 1737
201.245.192.253 - - [11/Oct/2021:09:29:56 -0500] "POST /sipse/faces/presentacion/financiero/cdp/expedirCdp.xhtml HTTP/1.1" 200 19682
201.245.192.253 - - [11/Oct/2021:09:29:57 -0500] "GET /sipse/faces/javax.faces.resource/theme.css?ln=primefaces-sipse HTTP/1.1" 304 -
201.245.192.253 - - [11/Oct/2021:09:29:57 -0500] "GET /sipse/faces/javax.faces.resource/primefaces.css?ln=primefaces&v=4.0 HTTP/1.1" 304 -
201.245.192.253 - - [11/Oct/2021:09:29:57 -0500] "GET /sipse/faces/javax.faces.resource/layout/layout.css?ln=primefaces&v=4.0 HTTP/1.1" 304 -
201.245.192.253 - - [11/Oct/2021:09:29:57 -0500] "GET /sipse/faces/javax.faces.resource/jquery/jquery.js?ln=primefaces&v=4.0 HTTP/1.1" 304 -
201.245.192.253 - - [11/Oct/2021:09:29:57 -0500] "GET /sipse/faces/javax.faces.resource/primefaces.js?ln=primefaces&v=4.0 HTTP/1.1" 304 -
201.245.192.253 - - [11/Oct/2021:09:29:57 -0500] "GET /sipse/faces/javax.faces.resource/layout/layout.js?ln=primefaces&v=4.0 HTTP/1.1" 304 -
201.245.192.253 - - [11/Oct/2021:09:29:57 -0500] "GET /sipse/faces/javax.faces.resource/jquery/jquery-plugins.js?ln=primefaces&v=4.0 HTTP/1.1" 304 -
190.25.237.99 - - [11/Oct/2021:09:29:57 -0500] "GET /galeria/nivo-slider/themes/default/bullets.png HTTP/1.1" 200 1281
190.25.237.99 - - [11/Oct/2021:09:29:57 -0500] "GET /galeria/nivo-slider/themes/default/arrows.png HTTP/1.1" 200 824
190.158.167.130 - - [11/Oct/2021:09:29:57 -0500] "POST /sipse/faces/presentacion/financiero/solicitudProceso/consultar.xhtml HTTP/1.1" 200 12811
201.245.192.253 - - [11/Oct/2021:09:29:58 -0500] "GET /sipse/faces/javax.faces.resource/images/ui-icons_898989_256x240.png?ln=primefaces-aristo HTTP/1.1" 304 -
201.245.192.253 - - [11/Oct/2021:09:29:58 -0500] "POST /sipse/faces/presentacion/financiero/cdp/consultarActividadesCDP.xhtml HTTP/1.1" 200 22556
201.245.192.253 - - [11/Oct/2021:09:29:59 -0500] "GET /sipse/faces/javax.faces.resource/jquery/jquery-plugins.js?ln=primefaces&v=4.0 HTTP/1.1" 304 -
201.245.192.253 - - [11/Oct/2021:09:29:59 -0500] "GET /sipse/faces/javax.faces.resource/primefaces.js?ln=primefaces&v=4.0 HTTP/1.1" 304 -
201.245.192.253 - - [11/Oct/2021:09:29:59 -0500] "GET /sipse/faces/javax.faces.resource/primefaces.css?ln=primefaces&v=4.0 HTTP/1.1" 304 -
201.245.192.253 - - [11/Oct/2021:09:29:59 -0500] "GET /sipse/faces/javax.faces.resource/layout/layout.css?ln=primefaces&v=4.0 HTTP/1.1" 304 -
201.245.192.253 - - [11/Oct/2021:09:29:59 -0500] "GET /sipse/faces/javax.faces.resource/theme.css?ln=primefaces-sipse HTTP/1.1" 304 -
201.245.192.253 - - [11/Oct/2021:09:29:59 -0500] "GET /sipse/faces/javax.faces.resource/jquery/jquery.js?ln=primefaces&v=4.0 HTTP/1.1" 304 -
201.245.192.253 - - [11/Oct/2021:09:29:59 -0500] "GET /sipse/faces/javax.faces.resource/layout/layout.js?ln=primefaces&v=4.0 HTTP/1.1" 304 -
188.40.73.215 - - [11/Oct/2021:09:29:59 -0500] "GET /BLA/resoluciones/RESOLUCIONES%202008/3251.pdf HTTP/1.1" 200 497559
201.245.192.253 - - [11/Oct/2021:09:30:00 -0500] "GET /sipse/faces/javax.faces.resource/jquery/jquery-plugins.js?ln=primefaces&v=4.0 HTTP/1.1" 304 -
201.245.192.253 - - [11/Oct/2021:09:30:00 -0500] "GET /sipse/faces/javax.faces.resource/theme.css?ln=primefaces-sipse HTTP/1.1" 304 -
201.245.192.253 - - [11/Oct/2021:09:30:00 -0500] "GET /sipse/faces/javax.faces.resource/primefaces.css?ln=primefaces&v=4.0 HTTP/1.1" 304 -
201.245.192.253 - - [11/Oct/2021:09:30:00 -0500] "GET /sipse/faces/javax.faces.resource/jquery/jquery.js?ln=primefaces&v=4.0 HTTP/1.1" 304 -
201.245.192.253 - - [11/Oct/2021:09:30:00 -0500] "GET /sipse/faces/javax.faces.resource/layout/layout.css?ln=primefaces&v=4.0 HTTP/1.1" 304 -
201.245.192.253 - - [11/Oct/2021:09:30:00 -0500] "GET /sipse/faces/javax.faces.resource/primefaces.js?ln=primefaces&v=4.0 HTTP/1.1" 304 -
201.245.192.253 - - [11/Oct/2021:09:30:00 -0500] "GET /sipse/faces/javax.faces.resource/layout/layout.js?ln=primefaces&v=4.0 HTTP/1.1" 304 -
201.245.192.253 - - [11/Oct/2021:09:30:00 -0500] "POST /sipse/faces/presentacion/financiero/cdp/asociarPresupuestoActividadesCDP.xhtml HTTP/1.1" 200 29852
186.84.21.137 - - [11/Oct/2021:09:30:01 -0500] "GET /sipse/faces/javax.faces.resource/theme.css?ln=primefaces-sipse HTTP/1.1" 304 -
186.84.21.137 - - [11/Oct/2021:09:30:02 -0500] "GET /sipse/faces/faces/autenticacion.xhtml HTTP/1.1" 200 12187
186.84.21.137 - - [11/Oct/2021:09:30:02 -0500] "GET /sipse/faces/javax.faces.resource/theme.css?ln=primefaces-sipse HTTP/1.1" 304 -
186.84.21.137 - - [11/Oct/2021:09:30:02 -0500] "GET /sipse/faces/javax.faces.resource/primefaces.css?ln=primefaces&v=4.0 HTTP/1.1" 304 -
186.84.21.137 - - [11/Oct/2021:09:30:02 -0500] "GET /sipse/faces/javax.faces.resource/jquery/jquery.js?ln=primefaces&v=4.0 HTTP/1.1" 304 -
186.84.21.137 - - [11/Oct/2021:09:30:02 -0500] "GET /sipse/faces/javax.faces.resource/layout/layout.css?ln=primefaces&v=4.0 HTTP/1.1" 304 -
186.84.21.137 - - [11/Oct/2021:09:30:02 -0500] "GET /sipse/faces/javax.faces.resource/primefaces.js?ln=primefaces&v=4.0 HTTP/1.1" 304 -
186.84.21.137 - - [11/Oct/2021:09:30:02 -0500] "GET /sipse/faces/javax.faces.resource/jquery/jquery-plugins.js?ln=primefaces&v=4.0 HTTP/1.1" 304 -
186.84.21.137 - - [11/Oct/2021:09:30:02 -0500] "GET /sipse/faces/javax.faces.resource/layout/layout.js?ln=primefaces&v=4.0 HTTP/1.1" 304 -
186.84.21.137 - - [11/Oct/2021:09:30:02 -0500] "GET /sipse/faces/javax.faces.resource/images/ui-icons_898989_256x240.png?ln=primefaces-aristo HTTP/1.1" 304 -
201.245.192.253 - - [11/Oct/2021:09:30:02 -0500] "POST /sipse/faces/presentacion/financiero/cdp/expedirCdp.xhtml HTTP/1.1" 200 112361
201.245.192.253 - - [11/Oct/2021:09:30:02 -0500] "GET /sipse/faces/javax.faces.resource/theme.css?ln=primefaces-sipse HTTP/1.1" 304 -
201.245.192.253 - - [11/Oct/2021:09:30:02 -0500] "GET /sipse/faces/javax.faces.resource/primefaces.css?ln=primefaces&v=4.0 HTTP/1.1" 304 -
201.245.192.253 - - [11/Oct/2021:09:30:02 -0500] "GET /sipse/faces/javax.faces.resource/layout/layout.css?ln=primefaces&v=4.0 HTTP/1.1" 304 -
201.245.192.253 - - [11/Oct/2021:09:30:02 -0500] "GET /sipse/faces/javax.faces.resource/jquery/jquery.js?ln=primefaces&v=4.0 HTTP/1.1" 304 -
201.245.192.253 - - [11/Oct/2021:09:30:02 -0500] "GET /sipse/faces/javax.faces.resource/jquery/jquery-plugins.js?ln=primefaces&v=4.0 HTTP/1.1" 304 -
201.245.192.253 - - [11/Oct/2021:09:30:03 -0500] "GET /sipse/faces/javax.faces.resource/primefaces.js?ln=primefaces&v=4.0 HTTP/1.1" 304 -
201.245.192.253 - - [11/Oct/2021:09:30:03 -0500] "GET /sipse/faces/javax.faces.resource/layout/layout.js?ln=primefaces&v=4.0 HTTP/1.1" 304 -
201.245.192.253 - - [11/Oct/2021:09:30:03 -0500] "GET /sipse/faces/javax.faces.resource/messages/messages.png?ln=primefaces&v=4.0 HTTP/1.1" 304 -
201.245.192.253 - - [11/Oct/2021:09:30:03 -0500] "GET /catalogoisis/ HTTP/1.1" 200 8575
201.245.192.253 - - [11/Oct/2021:09:30:03 -0500] "GET /reportes_sipse/sdg/ServletReporte?reporte=solicitud_cdp&Solicitud=14927&pfdrid_c=false HTTP/1.1" 200 95303
188.40.73.215 - - [11/Oct/2021:09:30:08 -0500] "GET /BLA/resoluciones/RESOLUCIONES%202008/2562.pdf HTTP/1.1" 200 480861
190.158.167.130 - - [11/Oct/2021:09:30:09 -0500] "POST /sipse/faces/presentacion/financiero/solicitudProceso/consultar.xhtml HTTP/1.1" 200 12926
201.245.192.253 - - [11/Oct/2021:09:30:11 -0500] "POST /sipse/faces/presentacion/financiero/solicitudProceso/consultarSolicitudProceso.xhtml HTTP/1.1" 200 59380
201.245.192.253 - - [11/Oct/2021:09:30:14 -0500] "GET /sipse/faces/javax.faces.resource/theme.css?ln=primefaces-sipse HTTP/1.1" 304 -
201.245.192.253 - - [11/Oct/2021:09:30:14 -0500] "GET /sipse/faces/javax.faces.resource/layout/layout.css?ln=primefaces&v=4.0 HTTP/1.1" 304 -
201.245.192.253 - - [11/Oct/2021:09:30:14 -0500] "GET /sipse/faces/javax.faces.resource/primefaces.css?ln=primefaces&v=4.0 HTTP/1.1" 304 -
201.245.192.253 - - [11/Oct/2021:09:30:14 -0500] "GET /sipse/faces/javax.faces.resource/jquery/jquery.js?ln=primefaces&v=4.0 HTTP/1.1" 304 -
201.245.192.253 - - [11/Oct/2021:09:30:14 -0500] "GET /sipse/faces/javax.faces.resource/jquery/jquery-plugins.js?ln=primefaces&v=4.0 HTTP/1.1" 304 -
201.245.192.253 - - [11/Oct/2021:09:30:14 -0500] "GET /sipse/faces/javax.faces.resource/primefaces.js?ln=primefaces&v=4.0 HTTP/1.1" 304 -
201.245.192.253 - - [11/Oct/2021:09:30:14 -0500] "GET /sipse/faces/javax.faces.resource/layout/layout.js?ln=primefaces&v=4.0 HTTP/1.1" 304 -
201.245.192.253 - - [11/Oct/2021:09:30:14 -0500] "POST /sipse/faces/presentacion/financiero/solicitudProceso/listarSolicitudProceso.xhtml HTTP/1.1" 200 1448
181.53.13.169 - - [11/Oct/2021:09:30:15 -0500] "POST /sipse/faces/presentacion/financiero/solicitudProceso/listarSolicitudProceso.xhtml HTTP/1.1" 200 33772
188.40.73.215 - - [11/Oct/2021:09:30:17 -0500] "GET /BLA/resoluciones/RESOLUCIONES%202008/4552.pdf HTTP/1.1" 200 554204
190.158.167.130 - - [11/Oct/2021:09:30:18 -0500] "POST /sipse/faces/presentacion/financiero/solicitudProceso/consultar.xhtml HTTP/1.1" 200 12892
190.158.167.130 - - [11/Oct/2021:09:30:26 -0500] "POST /sipse/faces/presentacion/financiero/solicitudProceso/consultar.xhtml HTTP/1.1" 200 12962
188.40.73.215 - - [11/Oct/2021:09:30:26 -0500] "GET /BLA/resoluciones/RESOLUCIONES%202008/3839.pdf HTTP/1.1" 200 964096
181.48.160.126 - - [11/Oct/2021:09:30:31 -0500] "GET /galeria/galeria/jquery.fancybox.css?v=2.1.5 HTTP/1.1" 200 4895
181.48.160.126 - - [11/Oct/2021:09:30:31 -0500] "GET /BLA/boletinlegal/js/jquery.scrollShow.js HTTP/1.1" 200 4586
181.48.160.126 - - [11/Oct/2021:09:30:31 -0500] "GET /galeria/galeria/jquery.fancybox.js?v=2.1.5 HTTP/1.1" 200 48706
190.158.167.130 - - [11/Oct/2021:09:30:30 -0500] "POST /sipse/faces/presentacion/financiero/solicitudProceso/consultar.xhtml HTTP/1.1" 200 123625
190.158.167.130 - - [11/Oct/2021:09:30:31 -0500] "GET /sipse/faces/javax.faces.resource/theme.css?ln=primefaces-sipse HTTP/1.1" 304 -
190.158.167.130 - - [11/Oct/2021:09:30:31 -0500] "GET /sipse/faces/javax.faces.resource/primefaces.css?ln=primefaces&v=4.0 HTTP/1.1" 304 -
190.158.167.130 - - [11/Oct/2021:09:30:31 -0500] "GET /sipse/faces/javax.faces.resource/layout/layout.css?ln=primefaces&v=4.0 HTTP/1.1" 304 -
190.158.167.130 - - [11/Oct/2021:09:30:31 -0500] "GET /sipse/faces/javax.faces.resource/jquery/jquery.js?ln=primefaces&v=4.0 HTTP/1.1" 304 -
190.158.167.130 - - [11/Oct/2021:09:30:31 -0500] "GET /sipse/faces/javax.faces.resource/jquery/jquery-plugins.js?ln=primefaces&v=4.0 HTTP/1.1" 304 -
190.158.167.130 - - [11/Oct/2021:09:30:31 -0500] "GET /sipse/faces/javax.faces.resource/primefaces.js?ln=primefaces&v=4.0 HTTP/1.1" 304 -
190.158.167.130 - - [11/Oct/2021:09:30:31 -0500] "GET /sipse/faces/javax.faces.resource/layout/layout.js?ln=primefaces&v=4.0 HTTP/1.1" 304 -
190.158.167.130 - - [11/Oct/2021:09:30:31 -0500] "GET /sipse/css/imagen/contrasena.png HTTP/1.1" 404 383
181.53.13.169 - - [11/Oct/2021:09:30:28 -0500] "POST /sipse/faces/presentacion/financiero/solicitudProceso/listarSolicitudProceso.xhtml HTTP/1.1" 200 197040
181.53.13.169 - - [11/Oct/2021:09:30:32 -0500] "GET /sipse/faces/javax.faces.resource/theme.css?ln=primefaces-sipse HTTP/1.1" 304 -
181.53.13.169 - - [11/Oct/2021:09:30:32 -0500] "GET /sipse/faces/javax.faces.resource/primefaces.css?ln=primefaces&v=4.0 HTTP/1.1" 304 -
181.53.13.169 - - [11/Oct/2021:09:30:32 -0500] "GET /sipse/faces/javax.faces.resource/layout/layout.css?ln=primefaces&v=4.0 HTTP/1.1" 304 -
181.53.13.169 - - [11/Oct/2021:09:30:32 -0500] "GET /sipse/css/imagen/contrasena.png HTTP/1.1" 404 383
181.53.13.169 - - [11/Oct/2021:09:30:32 -0500] "GET /sipse/faces/javax.faces.resource/jquery/jquery.js?ln=primefaces&v=4.0 HTTP/1.1" 304 -
181.53.13.169 - - [11/Oct/2021:09:30:32 -0500] "GET /sipse/faces/javax.faces.resource/jquery/jquery-plugins.js?ln=primefaces&v=4.0 HTTP/1.1" 304 -
190.158.167.130 - - [11/Oct/2021:09:30:32 -0500] "GET /reportes_sipse/sdg/ServletReporte?reporte=solicitud_cdp&Solicitud=14927&pfdrid_c=false HTTP/1.1" 200 95303
181.53.13.169 - - [11/Oct/2021:09:30:32 -0500] "GET /sipse/faces/javax.faces.resource/primefaces.js?ln=primefaces&v=4.0 HTTP/1.1" 304 -
181.53.13.169 - - [11/Oct/2021:09:30:32 -0500] "GET /sipse/faces/javax.faces.resource/layout/layout.js?ln=primefaces&v=4.0 HTTP/1.1" 304 -
181.53.13.169 - - [11/Oct/2021:09:30:33 -0500] "GET /reportes_sipse/sdg/ServletReporte?reporte=solicitud_cdp&Solicitud=14927&pfdrid_c=false HTTP/1.1" 200 95303
66.249.66.139 - - [11/Oct/2021:09:30:35 -0500] "-" 408 -
188.40.73.215 - - [11/Oct/2021:09:30:35 -0500] "GET /BLA/resoluciones/RESOLUCIONES%202008/1759.pdf HTTP/1.1" 200 259009
186.87.76.51 - - [11/Oct/2021:09:30:37 -0500] "POST /sipse/faces/presentacion/financiero/solicitudProceso/listarSolicitudProceso.xhtml HTTP/1.1" 200 33949
190.158.167.130 - - [11/Oct/2021:09:30:36 -0500] "POST /sipse/faces/presentacion/financiero/solicitudProceso/consultarSolicitudProceso.xhtml HTTP/1.1" 200 26157
186.87.76.51 - - [11/Oct/2021:09:30:38 -0500] "POST /sipse/faces/presentacion/financiero/solicitudProceso/listarSolicitudProceso.xhtml HTTP/1.1" 200 33953
186.87.76.51 - - [11/Oct/2021:09:30:39 -0500] "POST /sipse/faces/presentacion/financiero/solicitudProceso/listarSolicitudProceso.xhtml HTTP/1.1" 200 33945
190.158.167.130 - - [11/Oct/2021:09:30:37 -0500] "POST /sipse/faces/presentacion/financiero/solicitudProceso/consultarSolicitudProceso.xhtml HTTP/1.1" 200 50918
190.158.167.130 - - [11/Oct/2021:09:30:39 -0500] "GET /sipse/faces/javax.faces.resource/theme.css?ln=primefaces-sipse HTTP/1.1" 304 -
190.158.167.130 - - [11/Oct/2021:09:30:39 -0500] "GET /sipse/faces/javax.faces.resource/primefaces.css?ln=primefaces&v=4.0 HTTP/1.1" 304 -
190.158.167.130 - - [11/Oct/2021:09:30:39 -0500] "GET /sipse/faces/javax.faces.resource/layout/layout.css?ln=primefaces&v=4.0 HTTP/1.1" 304 -
190.158.167.130 - - [11/Oct/2021:09:30:39 -0500] "GET /sipse/faces/javax.faces.resource/primefaces.js?ln=primefaces&v=4.0 HTTP/1.1" 304 -
190.158.167.130 - - [11/Oct/2021:09:30:39 -0500] "GET /sipse/faces/javax.faces.resource/jquery/jquery.js?ln=primefaces&v=4.0 HTTP/1.1" 304 -
190.158.167.130 - - [11/Oct/2021:09:30:39 -0500] "GET /sipse/faces/javax.faces.resource/jquery/jquery-plugins.js?ln=primefaces&v=4.0 HTTP/1.1" 304 -
190.158.167.130 - - [11/Oct/2021:09:30:39 -0500] "GET /sipse/faces/javax.faces.resource/layout/layout.js?ln=primefaces&v=4.0 HTTP/1.1" 304 -
190.158.167.130 - - [11/Oct/2021:09:30:40 -0500] "GET /sipse/css/imagen/contrasena.png HTTP/1.1" 404 383
190.158.167.130 - - [11/Oct/2021:09:30:40 -0500] "GET /sipse/faces/javax.faces.resource/images/ui-icons_898989_256x240.png?ln=primefaces-aristo HTTP/1.1" 304 -
186.87.76.51 - - [11/Oct/2021:09:30:41 -0500] "POST /sipse/faces/presentacion/financiero/solicitudProceso/listarSolicitudProceso.xhtml HTTP/1.1" 200 9144
186.29.101.34 - - [11/Oct/2021:09:30:42 -0500] "GET /BLA/boletinlegal/js/jquery.scrollShow.js HTTP/1.1" 200 4586
186.29.101.34 - - [11/Oct/2021:09:30:42 -0500] "GET /galeria/galeria/jquery.fancybox.css?v=2.1.5 HTTP/1.1" 200 4895
186.29.101.34 - - [11/Oct/2021:09:30:42 -0500] "GET /galeria/galeria/jquery.fancybox.js?v=2.1.5 HTTP/1.1" 200 48706
188.40.73.215 - - [11/Oct/2021:09:30:43 -0500] "GET /BLA/resoluciones/RESOLUCIONES%202008/1699.pdf HTTP/1.1" 200 300531
186.87.76.51 - - [11/Oct/2021:09:30:44 -0500] "POST /sipse/faces/presentacion/financiero/solicitudProceso/listarSolicitudProceso.xhtml HTTP/1.1" 200 9136
186.87.76.51 - - [11/Oct/2021:09:30:45 -0500] "POST /sipse/faces/presentacion/financiero/solicitudProceso/listarSolicitudProceso.xhtml HTTP/1.1" 200 9162
186.87.76.51 - - [11/Oct/2021:09:30:46 -0500] "POST /sipse/faces/presentacion/financiero/solicitudProceso/listarSolicitudProceso.xhtml HTTP/1.1" 200 9154
186.87.76.51 - - [11/Oct/2021:09:30:47 -0500] "POST /sipse/faces/presentacion/financiero/solicitudProceso/listarSolicitudProceso.xhtml HTTP/1.1" 200 116193
186.87.76.51 - - [11/Oct/2021:09:30:48 -0500] "GET /sipse/faces/javax.faces.resource/theme.css?ln=primefaces-sipse HTTP/1.1" 304 -
186.87.76.51 - - [11/Oct/2021:09:30:48 -0500] "GET /sipse/faces/javax.faces.resource/primefaces.css?ln=primefaces&v=4.0 HTTP/1.1" 304 -
