188.40.73.215 - - [11/Oct/2021:08:34:47 -0500] "GET /BLA/resoluciones/RESOLUCIONES%202008/1715.pdf HTTP/1.1" 200 249204
190.249.17.101 - - [11/Oct/2021:08:34:49 -0500] "POST /sipse/faces/presentacion/financiero/solicitudProceso/listarSolicitudProceso.xhtml HTTP/1.1" 200 33622
190.249.17.101 - - [11/Oct/2021:08:34:50 -0500] "POST /sipse/faces/presentacion/financiero/solicitudProceso/listarSolicitudProceso.xhtml HTTP/1.1" 200 7983
188.40.73.215 - - [11/Oct/2021:08:34:55 -0500] "GET /BLA/resoluciones/RESOLUCIONES%202008/5594.pdf HTTP/1.1" 200 265799
191.102.224.197 - - [11/Oct/2021:08:34:57 -0500] "GET /sipse/faces/faces/faces/index.xhtml HTTP/1.1" 200 677
191.102.224.197 - - [11/Oct/2021:08:35:02 -0500] "GET /sipse/faces/javax.faces.resource/theme.css?ln=primefaces-sipse HTTP/1.1" 304 -
191.102.224.197 - - [11/Oct/2021:08:35:03 -0500] "GET /sipse/faces/faces/faces/faces/autenticacion.xhtml HTTP/1.1" 200 12179
191.102.224.197 - - [11/Oct/2021:08:35:04 -0500] "GET /sipse/faces/javax.faces.resource/theme.css?ln=primefaces-sipse HTTP/1.1" 304 -
188.40.73.215 - - [11/Oct/2021:08:35:04 -0500] "GET /BLA/resoluciones/RESOLUCIONES%202008/1281.pdf HTTP/1.1" 200 229370
200.108.57.62 - - [11/Oct/2021:08:35:12 -0500] "GET /galeria/galeria/jquery.fancybox.css?v=2.1.5 HTTP/1.1" 200 4895
200.108.57.62 - - [11/Oct/2021:08:35:12 -0500] "GET /BLA/boletinlegal/js/jquery.scrollShow.js HTTP/1.1" 200 4586
200.108.57.62 - - [11/Oct/2021:08:35:12 -0500] "GET /galeria/galeria/jquery.fancybox.js?v=2.1.5 HTTP/1.1" 200 48706
188.40.73.215 - - [11/Oct/2021:08:35:13 -0500] "GET /BLA/resoluciones/RESOLUCIONES%202008/0757.pdf HTTP/1.1" 200 1111691
191.102.224.197 - - [11/Oct/2021:08:35:13 -0500] "GET /sipse/faces/javax.faces.resource/layout/layout.css?ln=primefaces&v=4.0 HTTP/1.1" 304 -
191.102.224.197 - - [11/Oct/2021:08:35:13 -0500] "GET /sipse/faces/javax.faces.resource/layout/layout.js?ln=primefaces&v=4.0 HTTP/1.1" 304 -
188.40.73.215 - - [11/Oct/2021:08:35:17 -0500] "GET /BLA/resoluciones/RESOLUCIONES%202008/0066.pdf HTTP/1.1" 200 1147196
190.147.180.29 - - [11/Oct/2021:08:35:17 -0500] "GET /galeria/galeria/jquery.fancybox.css?v=2.1.5 HTTP/1.1" 200 4895
190.147.180.29 - - [11/Oct/2021:08:35:17 -0500] "GET /galeria/galeria/jquery.fancybox.js?v=2.1.5 HTTP/1.1" 200 48706
190.147.180.29 - - [11/Oct/2021:08:35:17 -0500] "GET /BLA/boletinlegal/js/jquery.scrollShow.js HTTP/1.1" 200 4586
188.40.73.215 - - [11/Oct/2021:08:35:20 -0500] "GET /BLA/resoluciones/RESOLUCIONES%202008/1830.pdf HTTP/1.1" 200 229057
201.245.192.253 - - [11/Oct/2021:08:35:24 -0500] "GET /catalogoisis/ HTTP/1.1" 200 8575
181.53.13.118 - - [11/Oct/2021:08:35:27 -0500] "GET /alcaldesa-claudia-lopez-sembro-el-arbol-numero-100-mil-de-su-administracion.html HTTP/1.1" 200 1031
188.40.73.215 - - [11/Oct/2021:08:35:28 -0500] "GET /BLA/resoluciones/RESOLUCIONES%202008/5584.pdf HTTP/1.1" 200 274421
190.27.245.107 - - [11/Oct/2021:08:35:29 -0500] "GET /sipse/ HTTP/1.1" 302 -
186.84.21.137 - - [11/Oct/2021:08:35:29 -0500] "GET /sipse/faces/autenticacion.xhtml HTTP/1.1" 200 12501
186.84.21.137 - - [11/Oct/2021:08:35:29 -0500] "GET /sipse/faces/javax.faces.resource/layout/layout.css;jsessionid=kd1QFJOVd0A91UAYIDHgTWck.undefined?ln=primefaces&v=4.0 HTTP/1.1" 200 542
186.84.21.137 - - [11/Oct/2021:08:35:29 -0500] "GET /sipse/faces/javax.faces.resource/theme.css?ln=primefaces-sipse HTTP/1.1" 304 -
186.84.21.137 - - [11/Oct/2021:08:35:29 -0500] "GET /sipse/faces/javax.faces.resource/primefaces.css;jsessionid=kd1QFJOVd0A91UAYIDHgTWck.undefined?ln=primefaces&v=4.0 HTTP/1.1" 200 53295
186.84.21.137 - - [11/Oct/2021:08:35:29 -0500] "GET /sipse/faces/javax.faces.resource/layout/layout.js;jsessionid=kd1QFJOVd0A91UAYIDHgTWck.undefined?ln=primefaces&v=4.0 HTTP/1.1" 200 87560
186.84.21.137 - - [11/Oct/2021:08:35:29 -0500] "GET /sipse/faces/javax.faces.resource/jquery/jquery.js;jsessionid=kd1QFJOVd0A91UAYIDHgTWck.undefined?ln=primefaces&v=4.0 HTTP/1.1" 200 105384
186.84.21.137 - - [11/Oct/2021:08:35:29 -0500] "GET /sipse/faces/javax.faces.resource/primefaces.js;jsessionid=kd1QFJOVd0A91UAYIDHgTWck.undefined?ln=primefaces&v=4.0 HTTP/1.1" 200 276924
186.84.21.137 - - [11/Oct/2021:08:35:29 -0500] "GET /sipse/faces/javax.faces.resource/jquery/jquery-plugins.js;jsessionid=kd1QFJOVd0A91UAYIDHgTWck.undefined?ln=primefaces&v=4.0 HTTP/1.1" 200 220526
186.84.21.137 - - [11/Oct/2021:08:35:30 -0500] "GET /sipse/faces/javax.faces.resource/images/ui-icons_898989_256x240.png?ln=primefaces-aristo HTTP/1.1" 304 -
186.84.21.137 - - [11/Oct/2021:08:35:30 -0500] "GET /sipse/faces/index.xhtml HTTP/1.1" 200 677
191.102.224.197 - - [11/Oct/2021:08:35:30 -0500] "GET /sipse/faces/faces/faces/faces/index.xhtml HTTP/1.1" 200 677
186.84.21.137 - - [11/Oct/2021:08:35:30 -0500] "GET /sipse/faces/javax.faces.resource/theme.css?ln=primefaces-sipse HTTP/1.1" 304 -
186.84.21.137 - - [11/Oct/2021:08:35:30 -0500] "GET /favicon.ico HTTP/1.1" 200 7782
186.84.21.137 - - [11/Oct/2021:08:35:30 -0500] "GET /sipse/faces/faces/autenticacion.xhtml HTTP/1.1" 200 12179
186.84.21.137 - - [11/Oct/2021:08:35:30 -0500] "GET /sipse/faces/javax.faces.resource/theme.css?ln=primefaces-sipse HTTP/1.1" 304 -
186.84.21.137 - - [11/Oct/2021:08:35:30 -0500] "GET /sipse/faces/javax.faces.resource/jquery/jquery.js?ln=primefaces&v=4.0 HTTP/1.1" 304 -
186.84.21.137 - - [11/Oct/2021:08:35:30 -0500] "GET /sipse/faces/javax.faces.resource/primefaces.js?ln=primefaces&v=4.0 HTTP/1.1" 304 -
186.84.21.137 - - [11/Oct/2021:08:35:30 -0500] "GET /sipse/faces/javax.faces.resource/primefaces.css?ln=primefaces&v=4.0 HTTP/1.1" 304 -
186.84.21.137 - - [11/Oct/2021:08:35:30 -0500] "GET /sipse/faces/javax.faces.resource/jquery/jquery-plugins.js?ln=primefaces&v=4.0 HTTP/1.1" 304 -
186.84.21.137 - - [11/Oct/2021:08:35:30 -0500] "GET /sipse/faces/javax.faces.resource/layout/layout.css?ln=primefaces&v=4.0 HTTP/1.1" 304 -
186.84.21.137 - - [11/Oct/2021:08:35:30 -0500] "GET /sipse/faces/javax.faces.resource/layout/layout.js?ln=primefaces&v=4.0 HTTP/1.1" 304 -
191.102.224.197 - - [11/Oct/2021:08:35:36 -0500] "GET /sipse/faces/javax.faces.resource/theme.css?ln=primefaces-sipse HTTP/1.1" 304 -
191.102.224.197 - - [11/Oct/2021:08:35:36 -0500] "GET /sipse/faces/faces/faces/faces/faces/autenticacion.xhtml HTTP/1.1" 200 12179
188.40.73.215 - - [11/Oct/2021:08:35:36 -0500] "GET /BLA/resoluciones/RESOLUCIONES%202008/0465.pdf HTTP/1.1" 200 237422
191.102.224.197 - - [11/Oct/2021:08:35:37 -0500] "GET /sipse/faces/javax.faces.resource/theme.css?ln=primefaces-sipse HTTP/1.1" 304 -
191.102.224.197 - - [11/Oct/2021:08:35:37 -0500] "GET /sipse/faces/javax.faces.resource/layout/layout.js?ln=primefaces&v=4.0 HTTP/1.1" 304 -
191.102.224.197 - - [11/Oct/2021:08:35:42 -0500] "GET /sipse/faces/javax.faces.resource/layout/layout.css?ln=primefaces&v=4.0 HTTP/1.1" 304 -
186.84.21.137 - - [11/Oct/2021:08:35:43 -0500] "POST /sipse/faces/autenticacion.xhtml HTTP/1.1" 200 2227
186.84.21.137 - - [11/Oct/2021:08:35:43 -0500] "GET /sipse/faces/javax.faces.resource/messages/messages.png?ln=primefaces&v=4.0 HTTP/1.1" 304 -
186.84.21.137 - - [11/Oct/2021:08:35:44 -0500] "GET /sipse/faces/javax.faces.resource/images/ui-icons_898989_256x240.png?ln=primefaces-aristo HTTP/1.1" 304 -
186.84.21.137 - - [11/Oct/2021:08:35:45 -0500] "POST /sipse/faces/autenticacion.xhtml HTTP/1.1" 200 16032
186.84.21.137 - - [11/Oct/2021:08:35:45 -0500] "GET /sipse/faces/javax.faces.resource/theme.css?ln=primefaces-sipse HTTP/1.1" 304 -
186.84.21.137 - - [11/Oct/2021:08:35:45 -0500] "GET /sipse/faces/javax.faces.resource/primefaces.css?ln=primefaces&v=4.0 HTTP/1.1" 304 -
186.84.21.137 - - [11/Oct/2021:08:35:45 -0500] "GET /sipse/faces/javax.faces.resource/layout/layout.css?ln=primefaces&v=4.0 HTTP/1.1" 304 -
186.84.21.137 - - [11/Oct/2021:08:35:45 -0500] "GET /sipse/faces/javax.faces.resource/jquery/jquery.js?ln=primefaces&v=4.0 HTTP/1.1" 304 -
186.84.21.137 - - [11/Oct/2021:08:35:45 -0500] "GET /sipse/faces/javax.faces.resource/jquery/jquery-plugins.js?ln=primefaces&v=4.0 HTTP/1.1" 304 -
186.84.21.137 - - [11/Oct/2021:08:35:45 -0500] "GET /sipse/faces/javax.faces.resource/primefaces.js?ln=primefaces&v=4.0 HTTP/1.1" 304 -
186.84.21.137 - - [11/Oct/2021:08:35:45 -0500] "GET /sipse/faces/javax.faces.resource/layout/layout.js?ln=primefaces&v=4.0 HTTP/1.1" 304 -
188.40.73.215 - - [11/Oct/2021:08:35:45 -0500] "GET /BLA/resoluciones/RESOLUCIONES%202008/1470.pdf HTTP/1.1" 200 302787
186.84.21.137 - - [11/Oct/2021:08:35:45 -0500] "GET /sipse/css/imagen/contrasena.png HTTP/1.1" 404 383
186.84.21.137 - - [11/Oct/2021:08:35:50 -0500] "GET /sipse/faces/javax.faces.resource/images/ui-bg_flat_0_2d5972_40x100.png?ln=primefaces-aristo HTTP/1.1" 304 -
186.84.21.137 - - [11/Oct/2021:08:35:50 -0500] "POST /sipse/faces/bienvenido.xhtml HTTP/1.1" 200 2658
186.84.21.137 - - [11/Oct/2021:08:35:52 -0500] "POST /sipse/faces/bienvenido.xhtml HTTP/1.1" 200 184
186.84.21.137 - - [11/Oct/2021:08:35:52 -0500] "GET /sipse/faces/presentacion/financiero/solicitudAnulacion/solicitudAnulacion.xhtml HTTP/1.1" 200 34963
186.84.21.137 - - [11/Oct/2021:08:35:52 -0500] "GET /sipse/faces/javax.faces.resource/primefaces.css?ln=primefaces&v=4.0 HTTP/1.1" 304 -
186.84.21.137 - - [11/Oct/2021:08:35:52 -0500] "GET /sipse/faces/javax.faces.resource/theme.css?ln=primefaces-sipse HTTP/1.1" 304 -
186.84.21.137 - - [11/Oct/2021:08:35:52 -0500] "GET /sipse/faces/javax.faces.resource/jquery/jquery.js?ln=primefaces&v=4.0 HTTP/1.1" 304 -
186.84.21.137 - - [11/Oct/2021:08:35:52 -0500] "GET /sipse/faces/javax.faces.resource/layout/layout.js?ln=primefaces&v=4.0 HTTP/1.1" 304 -
186.84.21.137 - - [11/Oct/2021:08:35:52 -0500] "GET /sipse/faces/javax.faces.resource/layout/layout.css?ln=primefaces&v=4.0 HTTP/1.1" 304 -
186.84.21.137 - - [11/Oct/2021:08:35:52 -0500] "GET /sipse/faces/javax.faces.resource/primefaces.js?ln=primefaces&v=4.0 HTTP/1.1" 304 -
186.84.21.137 - - [11/Oct/2021:08:35:52 -0500] "GET /sipse/faces/javax.faces.resource/jquery/jquery-plugins.js?ln=primefaces&v=4.0 HTTP/1.1" 304 -
186.84.21.137 - - [11/Oct/2021:08:35:52 -0500] "POST /sipse/faces/presentacion/financiero/solicitudAnulacion/solicitudAnulacion.xhtml HTTP/1.1" 200 12488
188.40.73.215 - - [11/Oct/2021:08:35:53 -0500] "GET /BLA/resoluciones/RESOLUCIONES%202008/2930.pdf HTTP/1.1" 200 450455
186.84.21.137 - - [11/Oct/2021:08:35:55 -0500] "POST /sipse/faces/presentacion/financiero/solicitudAnulacion/solicitudAnulacion.xhtml HTTP/1.1" 200 35884
186.84.21.137 - - [11/Oct/2021:08:35:55 -0500] "GET /sipse/faces/javax.faces.resource/theme.css?ln=primefaces-sipse HTTP/1.1" 304 -
186.84.21.137 - - [11/Oct/2021:08:35:55 -0500] "GET /sipse/faces/javax.faces.resource/layout/layout.css?ln=primefaces&v=4.0 HTTP/1.1" 304 -
186.84.21.137 - - [11/Oct/2021:08:35:55 -0500] "GET /sipse/faces/javax.faces.resource/primefaces.css?ln=primefaces&v=4.0 HTTP/1.1" 304 -
186.84.21.137 - - [11/Oct/2021:08:35:55 -0500] "GET /sipse/faces/javax.faces.resource/fileupload/fileupload.css?ln=primefaces&v=4.0 HTTP/1.1" 200 1330
186.84.21.137 - - [11/Oct/2021:08:35:55 -0500] "GET /sipse/faces/javax.faces.resource/jquery/jquery.js?ln=primefaces&v=4.0 HTTP/1.1" 304 -
186.84.21.137 - - [11/Oct/2021:08:35:55 -0500] "GET /sipse/faces/javax.faces.resource/jquery/jquery-plugins.js?ln=primefaces&v=4.0 HTTP/1.1" 304 -
186.84.21.137 - - [11/Oct/2021:08:35:55 -0500] "GET /sipse/faces/javax.faces.resource/primefaces.js?ln=primefaces&v=4.0 HTTP/1.1" 304 -
186.84.21.137 - - [11/Oct/2021:08:35:55 -0500] "GET /sipse/faces/javax.faces.resource/layout/layout.js?ln=primefaces&v=4.0 HTTP/1.1" 304 -
186.84.21.137 - - [11/Oct/2021:08:35:55 -0500] "GET /sipse/faces/javax.faces.resource/fileupload/fileupload.js?ln=primefaces&v=4.0 HTTP/1.1" 200 28091
191.102.224.197 - - [11/Oct/2021:08:35:58 -0500] "GET /sipse/faces/faces/faces/faces/faces/index.xhtml HTTP/1.1" 200 677
188.40.73.215 - - [11/Oct/2021:08:36:01 -0500] "GET /BLA/resoluciones/RESOLUCIONES%202008/1245.pdf HTTP/1.1" 200 284096
191.102.224.197 - - [11/Oct/2021:08:36:03 -0500] "GET /sipse/faces/javax.faces.resource/theme.css?ln=primefaces-sipse HTTP/1.1" 304 -
186.84.21.137 - - [11/Oct/2021:08:36:03 -0500] "POST /sipse/faces/presentacion/financiero/solicitudAnulacion/registrarSolicitudAnulacion.xhtml HTTP/1.1" 200 19497
190.27.154.17 - - [11/Oct/2021:08:36:09 -0500] "GET /BLA/boletinlegal/js/jquery.scrollShow.js HTTP/1.1" 200 4586
190.27.154.17 - - [11/Oct/2021:08:36:09 -0500] "GET /galeria/galeria/jquery.fancybox.js?v=2.1.5 HTTP/1.1" 200 48706
190.27.154.17 - - [11/Oct/2021:08:36:09 -0500] "GET /galeria/galeria/jquery.fancybox.css?v=2.1.5 HTTP/1.1" 200 4895
188.40.73.215 - - [11/Oct/2021:08:36:09 -0500] "GET /BLA/resoluciones/RESOLUCIONES%202008/5671.pdf HTTP/1.1" 200 236563
191.102.224.197 - - [11/Oct/2021:08:36:14 -0500] "GET /sipse/faces/faces/faces/faces/faces/faces/autenticacion.xhtml HTTP/1.1" 200 12179
188.40.73.215 - - [11/Oct/2021:08:36:17 -0500] "GET /BLA/resoluciones/RESOLUCIONES%202008/2172.pdf HTTP/1.1" 200 366961
191.102.224.197 - - [11/Oct/2021:08:36:20 -0500] "GET /sipse/faces/javax.faces.resource/layout/layout.css?ln=primefaces&v=4.0 HTTP/1.1" 304 -
201.245.192.253 - - [11/Oct/2021:08:36:25 -0500] "GET /catalogoisis/ HTTP/1.1" 200 8575
188.40.73.215 - - [11/Oct/2021:08:36:26 -0500] "GET /BLA/resoluciones/RESOLUCIONES%202008/4173.pdf HTTP/1.1" 200 379591
191.102.224.197 - - [11/Oct/2021:08:36:31 -0500] "GET /sipse/faces/javax.faces.resource/theme.css?ln=primefaces-sipse HTTP/1.1" 304 -
188.40.73.215 - - [11/Oct/2021:08:36:35 -0500] "GET /BLA/resoluciones/RESOLUCIONES%202008/5111.pdf HTTP/1.1" 200 451787
186.154.152.130 - - [11/Oct/2021:08:36:37 -0500] "GET /galeria/galeria/jquery.fancybox.css?v=2.1.5 HTTP/1.1" 200 4895
186.154.152.130 - - [11/Oct/2021:08:36:37 -0500] "GET /galeria/galeria/jquery.fancybox.js?v=2.1.5 HTTP/1.1" 200 48706
186.154.152.130 - - [11/Oct/2021:08:36:37 -0500] "GET /BLA/boletinlegal/js/jquery.scrollShow.js HTTP/1.1" 200 4586
188.40.73.215 - - [11/Oct/2021:08:36:44 -0500] "GET /BLA/resoluciones/RESOLUCIONES%202008/4518.pdf HTTP/1.1" 200 483597
188.40.73.215 - - [11/Oct/2021:08:36:52 -0500] "GET /BLA/resoluciones/RESOLUCIONES%202008/4869.pdf HTTP/1.1" 200 254794
181.143.239.13 - - [11/Oct/2021:08:36:57 -0500] "GET /galeria/galeria/jquery.fancybox.css?v=2.1.5 HTTP/1.1" 200 4895
181.143.239.13 - - [11/Oct/2021:08:36:57 -0500] "GET /BLA/boletinlegal/js/jquery.scrollShow.js HTTP/1.1" 200 4586
181.143.239.13 - - [11/Oct/2021:08:36:57 -0500] "GET /galeria/galeria/jquery.fancybox.js?v=2.1.5 HTTP/1.1" 200 48706
191.95.61.60 - - [11/Oct/2021:08:37:01 -0500] "GET /galeria/galeria/jquery.fancybox.css?v=2.1.5 HTTP/1.1" 200 4895
191.95.61.60 - - [11/Oct/2021:08:37:01 -0500] "GET /BLA/boletinlegal/js/jquery.scrollShow.js HTTP/1.1" 200 4586
191.95.61.60 - - [11/Oct/2021:08:37:01 -0500] "GET /galeria/galeria/jquery.fancybox.js?v=2.1.5 HTTP/1.1" 200 48706
188.40.73.215 - - [11/Oct/2021:08:37:01 -0500] "GET /BLA/resoluciones/RESOLUCIONES%202008/4782.pdf HTTP/1.1" 200 293426
186.80.52.112 - - [11/Oct/2021:08:37:02 -0500] "GET /galeria/galeria/jquery.fancybox.css?v=2.1.5 HTTP/1.1" 200 4895
186.80.52.112 - - [11/Oct/2021:08:37:02 -0500] "GET /BLA/boletinlegal/js/jquery.scrollShow.js HTTP/1.1" 200 4586
186.80.52.112 - - [11/Oct/2021:08:37:02 -0500] "GET /galeria/galeria/jquery.fancybox.js?v=2.1.5 HTTP/1.1" 200 48706
191.102.224.196 - - [11/Oct/2021:08:37:07 -0500] "GET /sipse/faces/faces/autenticacion.xhtml HTTP/1.1" 200 12501
191.102.224.196 - - [11/Oct/2021:08:37:08 -0500] "GET /sipse/js/disable_browser_buttons.js HTTP/1.1" 200 3230
191.102.224.196 - - [11/Oct/2021:08:37:08 -0500] "GET /sipse/css/custom_css_sg.css HTTP/1.1" 200 9694
191.102.224.196 - - [11/Oct/2021:08:37:08 -0500] "GET /sipse/css/custom_css_sg_prime_login.css HTTP/1.1" 200 443
191.102.224.196 - - [11/Oct/2021:08:37:08 -0500] "GET /sipse/js/funciones.js HTTP/1.1" 200 12592
191.102.224.196 - - [11/Oct/2021:08:37:08 -0500] "GET /sipse/faces/javax.faces.resource/primefaces.css;jsessionid=RlMTFFUruNySCUjjhtK79eHK.undefined?ln=primefaces&v=4.0 HTTP/1.1" 200 53295
191.102.224.196 - - [11/Oct/2021:08:37:08 -0500] "GET /sipse/faces/javax.faces.resource/theme.css?ln=primefaces-sipse HTTP/1.1" 200 50058
191.102.224.196 - - [11/Oct/2021:08:37:08 -0500] "GET /sipse/faces/javax.faces.resource/layout/layout.css;jsessionid=RlMTFFUruNySCUjjhtK79eHK.undefined?ln=primefaces&v=4.0 HTTP/1.1" 200 542
191.102.224.196 - - [11/Oct/2021:08:37:08 -0500] "GET /sipse/faces/javax.faces.resource/jquery/jquery.js;jsessionid=RlMTFFUruNySCUjjhtK79eHK.undefined?ln=primefaces&v=4.0 HTTP/1.1" 200 105384
191.102.224.196 - - [11/Oct/2021:08:37:08 -0500] "GET /sipse/faces/javax.faces.resource/layout/layout.js;jsessionid=RlMTFFUruNySCUjjhtK79eHK.undefined?ln=primefaces&v=4.0 HTTP/1.1" 200 87560
191.102.224.196 - - [11/Oct/2021:08:37:08 -0500] "GET /sipse/faces/javax.faces.resource/jquery/jquery-plugins.js;jsessionid=RlMTFFUruNySCUjjhtK79eHK.undefined?ln=primefaces&v=4.0 HTTP/1.1" 200 220526
188.40.73.215 - - [11/Oct/2021:08:37:09 -0500] "GET /BLA/resoluciones/RESOLUCIONES%202008/0950.pdf HTTP/1.1" 200 218276
201.245.192.253 - - [11/Oct/2021:08:37:10 -0500] "POST /sipse/faces/presentacion/proyectos/proyecto/listarProyecto.xhtml HTTP/1.1" 200 193
201.245.192.253 - - [11/Oct/2021:08:37:10 -0500] "POST /sipse/faces/presentacion/proyectos/proyecto/listarProyecto.xhtml HTTP/1.1" 200 193
201.245.192.253 - - [11/Oct/2021:08:37:10 -0500] "GET /sipse/faces/presentacion/financiero/solicitudAnulacion/consultarSolicitudAnulacion.xhtml HTTP/1.1" 200 15757
201.245.192.253 - - [11/Oct/2021:08:37:10 -0500] "POST /sipse/faces/presentacion/proyectos/proyecto/listarProyecto.xhtml HTTP/1.1" 200 193
201.245.192.253 - - [11/Oct/2021:08:37:10 -0500] "GET /sipse/faces/presentacion/financiero/solicitudAnulacion/consultarSolicitudAnulacion.xhtml HTTP/1.1" 200 15757
201.245.192.253 - - [11/Oct/2021:08:37:10 -0500] "GET /sipse/faces/javax.faces.resource/jquery/jquery-plugins.js?ln=primefaces&v=4.0 HTTP/1.1" 304 -
201.245.192.253 - - [11/Oct/2021:08:37:10 -0500] "GET /sipse/faces/javax.faces.resource/layout/layout.css?ln=primefaces&v=4.0 HTTP/1.1" 304 -
201.245.192.253 - - [11/Oct/2021:08:37:10 -0500] "GET /sipse/faces/javax.faces.resource/theme.css?ln=primefaces-sipse HTTP/1.1" 304 -
201.245.192.253 - - [11/Oct/2021:08:37:10 -0500] "GET /sipse/faces/javax.faces.resource/jquery/jquery.js?ln=primefaces&v=4.0 HTTP/1.1" 304 -
201.245.192.253 - - [11/Oct/2021:08:37:10 -0500] "GET /sipse/faces/javax.faces.resource/primefaces.css?ln=primefaces&v=4.0 HTTP/1.1" 304 -
201.245.192.253 - - [11/Oct/2021:08:37:10 -0500] "GET /sipse/faces/javax.faces.resource/primefaces.js?ln=primefaces&v=4.0 HTTP/1.1" 304 -
201.245.192.253 - - [11/Oct/2021:08:37:10 -0500] "GET /sipse/faces/javax.faces.resource/layout/layout.js?ln=primefaces&v=4.0 HTTP/1.1" 304 -
201.245.192.253 - - [11/Oct/2021:08:37:10 -0500] "GET /sipse/faces/presentacion/financiero/solicitudAnulacion/consultarSolicitudAnulacion.xhtml HTTP/1.1" 200 43536
201.245.192.253 - - [11/Oct/2021:08:37:10 -0500] "GET /sipse/faces/javax.faces.resource/images/ui-icons_898989_256x240.png?ln=primefaces-aristo HTTP/1.1" 304 -
201.245.192.253 - - [11/Oct/2021:08:37:10 -0500] "GET /sipse/faces/javax.faces.resource/images/ui-bg_flat_0_2d5972_40x100.png?ln=primefaces-aristo HTTP/1.1" 304 -
201.245.192.253 - - [11/Oct/2021:08:37:10 -0500] "POST /sipse/faces/presentacion/financiero/solicitudAnulacion/consultarSolicitudAnulacion.xhtml HTTP/1.1" 200 10636
191.102.224.196 - - [11/Oct/2021:08:37:12 -0500] "GET /sipse/faces/javax.faces.resource/primefaces.js;jsessionid=RlMTFFUruNySCUjjhtK79eHK.undefined?ln=primefaces&v=4.0 HTTP/1.1" 200 276924
191.102.224.196 - - [11/Oct/2021:08:37:17 -0500] "GET /sipse/faces/javax.faces.resource/images/ui-icons_898989_256x240.png?ln=primefaces-aristo HTTP/1.1" 200 5355
191.102.224.196 - - [11/Oct/2021:08:37:17 -0500] "GET /sipse/css/imagen/logoSDG.png HTTP/1.1" 200 53064
191.102.224.196 - - [11/Oct/2021:08:37:17 -0500] "GET /sipse/css/imagen/loginimg.png HTTP/1.1" 200 71635
190.143.1.51 - - [11/Oct/2021:08:37:17 -0500] "GET /galeria/galeria/jquery.fancybox.css?v=2.1.5 HTTP/1.1" 200 4895
190.143.1.51 - - [11/Oct/2021:08:37:17 -0500] "GET /BLA/boletinlegal/js/jquery.scrollShow.js HTTP/1.1" 200 4586
190.143.1.51 - - [11/Oct/2021:08:37:17 -0500] "GET /galeria/galeria/jquery.fancybox.js?v=2.1.5 HTTP/1.1" 200 48706
188.40.73.215 - - [11/Oct/2021:08:37:18 -0500] "GET /BLA/resoluciones/RESOLUCIONES%202008/4376.pdf HTTP/1.1" 200 427598
191.102.224.196 - - [11/Oct/2021:08:37:18 -0500] "GET /sipse/faces/faces/index.xhtml HTTP/1.1" 200 677
191.102.224.196 - - [11/Oct/2021:08:37:18 -0500] "GET /sipse/faces/javax.faces.resource/theme.css?ln=primefaces-sipse HTTP/1.1" 304 -
190.6.49.94 - - [11/Oct/2021:08:37:19 -0500] "GET /BLA/boletinlegal/js/jquery.scrollShow.js HTTP/1.1" 200 4586
190.6.49.94 - - [11/Oct/2021:08:37:19 -0500] "GET /galeria/galeria/jquery.fancybox.js?v=2.1.5 HTTP/1.1" 200 48706
190.6.49.94 - - [11/Oct/2021:08:37:19 -0500] "GET /galeria/galeria/jquery.fancybox.css?v=2.1.5 HTTP/1.1" 200 4895
191.102.224.196 - - [11/Oct/2021:08:37:19 -0500] "GET /sipse/faces/faces/faces/autenticacion.xhtml HTTP/1.1" 200 12179
191.102.224.196 - - [11/Oct/2021:08:37:20 -0500] "GET /sipse/faces/javax.faces.resource/theme.css?ln=primefaces-sipse HTTP/1.1" 304 -
191.102.224.196 - - [11/Oct/2021:08:37:20 -0500] "GET /sipse/faces/javax.faces.resource/layout/layout.css?ln=primefaces&v=4.0 HTTP/1.1" 200 542
191.102.224.196 - - [11/Oct/2021:08:37:20 -0500] "GET /sipse/faces/javax.faces.resource/jquery/jquery.js?ln=primefaces&v=4.0 HTTP/1.1" 200 105384
191.102.224.196 - - [11/Oct/2021:08:37:20 -0500] "GET /sipse/faces/javax.faces.resource/jquery/jquery-plugins.js?ln=primefaces&v=4.0 HTTP/1.1" 200 220526
191.102.224.196 - - [11/Oct/2021:08:37:20 -0500] "GET /sipse/faces/javax.faces.resource/layout/layout.js?ln=primefaces&v=4.0 HTTP/1.1" 200 87560
201.245.192.253 - - [11/Oct/2021:08:37:26 -0500] "GET /catalogoisis/ HTTP/1.1" 200 8575
188.40.73.215 - - [11/Oct/2021:08:37:26 -0500] "GET /BLA/resoluciones/RESOLUCIONES%202008/1753.pdf HTTP/1.1" 200 185996
191.102.224.196 - - [11/Oct/2021:08:37:27 -0500] "GET /sipse/faces/javax.faces.resource/primefaces.css?ln=primefaces&v=4.0 HTTP/1.1" 200 53295
191.102.224.196 - - [11/Oct/2021:08:37:27 -0500] "GET /sipse/faces/javax.faces.resource/primefaces.js?ln=primefaces&v=4.0 HTTP/1.1" 200 276924
186.83.225.222 - - [11/Oct/2021:08:37:29 -0500] "GET /galeria/galeria/jquery.fancybox.css?v=2.1.5 HTTP/1.1" 200 4895
186.83.225.222 - - [11/Oct/2021:08:37:29 -0500] "GET /BLA/boletinlegal/js/jquery.scrollShow.js HTTP/1.1" 200 4586
186.83.225.222 - - [11/Oct/2021:08:37:29 -0500] "GET /galeria/galeria/jquery.fancybox.js?v=2.1.5 HTTP/1.1" 200 48706
191.102.224.196 - - [11/Oct/2021:08:37:33 -0500] "GET /sipse/faces/faces/faces/index.xhtml HTTP/1.1" 200 677
191.102.224.196 - - [11/Oct/2021:08:37:33 -0500] "GET /sipse/faces/javax.faces.resource/theme.css?ln=primefaces-sipse HTTP/1.1" 304 -
201.245.192.253 - - [11/Oct/2021:08:37:33 -0500] "POST /sipse/faces/presentacion/financiero/solicitudAnulacion/consultarSolicitudAnulacion.xhtml HTTP/1.1" 200 19464
191.102.224.196 - - [11/Oct/2021:08:37:34 -0500] "GET /sipse/faces/faces/faces/faces/autenticacion.xhtml HTTP/1.1" 200 12179
191.102.224.196 - - [11/Oct/2021:08:37:34 -0500] "GET /sipse/faces/javax.faces.resource/primefaces.css?ln=primefaces&v=4.0 HTTP/1.1" 304 -
191.102.224.196 - - [11/Oct/2021:08:37:34 -0500] "GET /sipse/faces/javax.faces.resource/layout/layout.js?ln=primefaces&v=4.0 HTTP/1.1" 304 -
191.102.224.196 - - [11/Oct/2021:08:37:34 -0500] "GET /sipse/faces/javax.faces.resource/theme.css?ln=primefaces-sipse HTTP/1.1" 304 -
188.40.73.215 - - [11/Oct/2021:08:37:34 -0500] "GET /BLA/resoluciones/RESOLUCIONES%202008/0277.pdf HTTP/1.1" 200 1116535
190.8.199.228 - - [11/Oct/2021:08:37:35 -0500] "GET /galeria/galeria/jquery.fancybox.css?v=2.1.5 HTTP/1.1" 200 4895
190.8.199.228 - - [11/Oct/2021:08:37:35 -0500] "GET /BLA/boletinlegal/js/jquery.scrollShow.js HTTP/1.1" 200 4586
190.8.199.228 - - [11/Oct/2021:08:37:35 -0500] "GET /galeria/galeria/jquery.fancybox.js?v=2.1.5 HTTP/1.1" 200 48706
188.40.73.215 - - [11/Oct/2021:08:37:39 -0500] "GET /BLA/resoluciones/RESOLUCIONES%202008/2040.pdf HTTP/1.1" 200 319356
191.102.224.196 - - [11/Oct/2021:08:37:42 -0500] "GET /sipse/faces/javax.faces.resource/primefaces.js?ln=primefaces&v=4.0 HTTP/1.1" 304 -
191.102.224.196 - - [11/Oct/2021:08:37:43 -0500] "GET /sipse/faces/faces/faces/faces/index.xhtml HTTP/1.1" 200 677
191.102.224.196 - - [11/Oct/2021:08:37:44 -0500] "GET /sipse/faces/javax.faces.resource/theme.css?ln=primefaces-sipse HTTP/1.1" 304 -
191.102.224.196 - - [11/Oct/2021:08:37:44 -0500] "GET /sipse/faces/faces/faces/faces/faces/autenticacion.xhtml HTTP/1.1" 200 12179
191.102.224.196 - - [11/Oct/2021:08:37:45 -0500] "GET /sipse/faces/javax.faces.resource/primefaces.css?ln=primefaces&v=4.0 HTTP/1.1" 304 -
191.102.224.196 - - [11/Oct/2021:08:37:45 -0500] "GET /sipse/faces/javax.faces.resource/layout/layout.js?ln=primefaces&v=4.0 HTTP/1.1" 304 -
160.20.225.18 - - [11/Oct/2021:08:37:45 -0500] "GET /galeria/galeria/jquery.fancybox.css?v=2.1.5 HTTP/1.1" 200 4895
160.20.225.18 - - [11/Oct/2021:08:37:45 -0500] "GET /BLA/boletinlegal/js/jquery.scrollShow.js HTTP/1.1" 200 4586
160.20.225.18 - - [11/Oct/2021:08:37:45 -0500] "GET /galeria/galeria/jquery.fancybox.js?v=2.1.5 HTTP/1.1" 200 48706
186.84.21.137 - - [11/Oct/2021:08:37:47 -0500] "POST /sipse/faces/presentacion/financiero/solicitudAnulacion/registrarSolicitudAnulacion.xhtml HTTP/1.1" 200 19511
188.40.73.215 - - [11/Oct/2021:08:37:47 -0500] "GET /BLA/resoluciones/RESOLUCIONES%202008/1190.pdf HTTP/1.1" 200 1412642
186.84.21.137 - - [11/Oct/2021:08:37:48 -0500] "POST /sipse/faces/presentacion/financiero/solicitudAnulacion/registrarSolicitudAnulacion.xhtml HTTP/1.1" 200 19515
186.84.21.137 - - [11/Oct/2021:08:37:49 -0500] "POST /sipse/faces/presentacion/financiero/solicitudAnulacion/registrarSolicitudAnulacion.xhtml HTTP/1.1" 200 19511
188.40.73.215 - - [11/Oct/2021:08:37:52 -0500] "GET /BLA/resoluciones/RESOLUCIONES%202008/2524.pdf HTTP/1.1" 200 302125
191.102.224.196 - - [11/Oct/2021:08:37:52 -0500] "GET /sipse/faces/javax.faces.resource/primefaces.js?ln=primefaces&v=4.0 HTTP/1.1" 304 -
191.102.224.196 - - [11/Oct/2021:08:37:52 -0500] "GET /sipse/faces/javax.faces.resource/theme.css?ln=primefaces-sipse HTTP/1.1" 304 -
191.102.224.196 - - [11/Oct/2021:08:37:54 -0500] "GET /sipse/faces/faces/faces/faces/faces/index.xhtml HTTP/1.1" 200 677
186.84.21.137 - - [11/Oct/2021:08:37:55 -0500] "POST /sipse/faces/presentacion/financiero/solicitudAnulacion/registrarSolicitudAnulacion.xhtml HTTP/1.1" 200 19511
188.40.73.215 - - [11/Oct/2021:08:38:01 -0500] "GET /BLA/resoluciones/RESOLUCIONES%202008/2735.pdf HTTP/1.1" 200 169002
201.245.192.253 - - [11/Oct/2021:08:38:01 -0500] "POST /sipse/faces/presentacion/financiero/solicitudAnulacion/consultarSolicitudAnulacion.xhtml HTTP/1.1" 200 52500
201.245.192.253 - - [11/Oct/2021:08:38:01 -0500] "GET /sipse/faces/javax.faces.resource/theme.css?ln=primefaces-sipse HTTP/1.1" 304 -
201.245.192.253 - - [11/Oct/2021:08:38:01 -0500] "GET /sipse/faces/javax.faces.resource/layout/layout.css?ln=primefaces&v=4.0 HTTP/1.1" 304 -
201.245.192.253 - - [11/Oct/2021:08:38:01 -0500] "GET /sipse/faces/javax.faces.resource/fileupload/fileupload.css?ln=primefaces&v=4.0 HTTP/1.1" 304 -
201.245.192.253 - - [11/Oct/2021:08:38:01 -0500] "GET /sipse/faces/javax.faces.resource/primefaces.css?ln=primefaces&v=4.0 HTTP/1.1" 304 -
201.245.192.253 - - [11/Oct/2021:08:38:01 -0500] "GET /sipse/faces/javax.faces.resource/jquery/jquery.js?ln=primefaces&v=4.0 HTTP/1.1" 304 -
201.245.192.253 - - [11/Oct/2021:08:38:01 -0500] "GET /sipse/faces/javax.faces.resource/jquery/jquery-plugins.js?ln=primefaces&v=4.0 HTTP/1.1" 304 -
201.245.192.253 - - [11/Oct/2021:08:38:01 -0500] "GET /sipse/faces/javax.faces.resource/primefaces.js?ln=primefaces&v=4.0 HTTP/1.1" 304 -
201.245.192.253 - - [11/Oct/2021:08:38:01 -0500] "GET /sipse/faces/javax.faces.resource/layout/layout.js?ln=primefaces&v=4.0 HTTP/1.1" 304 -
201.245.192.253 - - [11/Oct/2021:08:38:01 -0500] "GET /sipse/faces/javax.faces.resource/fileupload/fileupload.js?ln=primefaces&v=4.0 HTTP/1.1" 304 -
191.102.224.196 - - [11/Oct/2021:08:38:03 -0500] "GET /sipse/faces/javax.faces.resource/theme.css?ln=primefaces-sipse HTTP/1.1" 304 -
191.102.224.196 - - [11/Oct/2021:08:38:08 -0500] "GET /sipse/faces/faces/faces/faces/faces/faces/autenticacion.xhtml HTTP/1.1" 200 12179
191.102.224.196 - - [11/Oct/2021:08:38:09 -0500] "GET /sipse/faces/javax.faces.resource/primefaces.js?ln=primefaces&v=4.0 HTTP/1.1" 304 -
191.102.224.196 - - [11/Oct/2021:08:38:09 -0500] "GET /sipse/faces/javax.faces.resource/theme.css?ln=primefaces-sipse HTTP/1.1" 304 -
191.102.224.196 - - [11/Oct/2021:08:38:09 -0500] "GET /sipse/faces/javax.faces.resource/layout/layout.js?ln=primefaces&v=4.0 HTTP/1.1" 304 -
191.102.224.196 - - [11/Oct/2021:08:38:09 -0500] "GET /sipse/faces/javax.faces.resource/primefaces.css?ln=primefaces&v=4.0 HTTP/1.1" 304 -
191.102.224.196 - - [11/Oct/2021:08:38:10 -0500] "GET /sipse/faces/faces/faces/faces/faces/faces/index.xhtml HTTP/1.1" 200 677
188.40.73.215 - - [11/Oct/2021:08:38:10 -0500] "GET /BLA/resoluciones/RESOLUCIONES%202008/4596.pdf HTTP/1.1" 200 166837
191.102.224.196 - - [11/Oct/2021:08:38:10 -0500] "GET /sipse/faces/javax.faces.resource/theme.css?ln=primefaces-sipse HTTP/1.1" 304 -
191.102.224.196 - - [11/Oct/2021:08:38:11 -0500] "GET /sipse/faces/faces/faces/faces/faces/faces/faces/autenticacion.xhtml HTTP/1.1" 200 12179
191.102.224.196 - - [11/Oct/2021:08:38:11 -0500] "GET /sipse/faces/javax.faces.resource/layout/layout.js?ln=primefaces&v=4.0 HTTP/1.1" 304 -
186.102.59.97 - - [11/Oct/2021:08:38:16 -0500] "GET /galeria/galeria/jquery.fancybox.css?v=2.1.5 HTTP/1.1" 200 4895
186.102.59.97 - - [11/Oct/2021:08:38:16 -0500] "GET /galeria/galeria/jquery.fancybox.js?v=2.1.5 HTTP/1.1" 200 48706
186.102.59.97 - - [11/Oct/2021:08:38:16 -0500] "GET /BLA/boletinlegal/js/jquery.scrollShow.js HTTP/1.1" 200 4586
191.102.224.196 - - [11/Oct/2021:08:38:18 -0500] "GET /sipse/faces/javax.faces.resource/theme.css?ln=primefaces-sipse HTTP/1.1" 304 -
191.102.224.196 - - [11/Oct/2021:08:38:18 -0500] "GET /sipse/faces/javax.faces.resource/primefaces.js?ln=primefaces&v=4.0 HTTP/1.1" 304 -
191.102.224.196 - - [11/Oct/2021:08:38:18 -0500] "GET /sipse/faces/javax.faces.resource/primefaces.css?ln=primefaces&v=4.0 HTTP/1.1" 304 -
188.40.73.215 - - [11/Oct/2021:08:38:19 -0500] "GET /BLA/resoluciones/RESOLUCIONES%202008/1770.pdf HTTP/1.1" 200 51301
191.102.224.196 - - [11/Oct/2021:08:38:19 -0500] "GET /sipse/faces/faces/faces/faces/faces/faces/faces/index.xhtml HTTP/1.1" 200 677
191.102.224.196 - - [11/Oct/2021:08:38:24 -0500] "GET /sipse/faces/javax.faces.resource/theme.css?ln=primefaces-sipse HTTP/1.1" 304 -
188.40.73.215 - - [11/Oct/2021:08:38:27 -0500] "GET /BLA/resoluciones/RESOLUCIONES%202008/4778.pdf HTTP/1.1" 200 173894
201.245.192.253 - - [11/Oct/2021:08:38:27 -0500] "GET /catalogoisis/ HTTP/1.1" 200 8575
188.40.73.215 - - [11/Oct/2021:08:38:36 -0500] "GET /BLA/resoluciones/RESOLUCIONES%202008/4096.pdf HTTP/1.1" 200 236890
191.102.224.196 - - [11/Oct/2021:08:38:39 -0500] "GET /sipse/faces/faces/faces/faces/faces/faces/faces/faces/autenticacion.xhtml HTTP/1.1" 200 12179
191.102.224.196 - - [11/Oct/2021:08:38:40 -0500] "GET /sipse/faces/javax.faces.resource/primefaces.js?ln=primefaces&v=4.0 HTTP/1.1" 304 -
191.102.224.196 - - [11/Oct/2021:08:38:40 -0500] "GET /sipse/faces/javax.faces.resource/primefaces.css?ln=primefaces&v=4.0 HTTP/1.1" 304 -
191.102.224.196 - - [11/Oct/2021:08:38:40 -0500] "GET /sipse/faces/javax.faces.resource/theme.css?ln=primefaces-sipse HTTP/1.1" 304 -
191.102.224.196 - - [11/Oct/2021:08:38:40 -0500] "GET /sipse/faces/javax.faces.resource/layout/layout.js?ln=primefaces&v=4.0 HTTP/1.1" 304 -
191.95.22.155 - - [11/Oct/2021:08:38:42 -0500] "GET /BLA/boletinlegal/js/jquery.scrollShow.js HTTP/1.1" 200 4586
191.95.22.155 - - [11/Oct/2021:08:38:42 -0500] "GET /galeria/galeria/jquery.fancybox.css?v=2.1.5 HTTP/1.1" 200 4895
191.95.22.155 - - [11/Oct/2021:08:38:42 -0500] "GET /galeria/galeria/jquery.fancybox.js?v=2.1.5 HTTP/1.1" 200 48706
186.84.21.137 - - [11/Oct/2021:08:38:42 -0500] "POST /sipse/faces/presentacion/financiero/solicitudAnulacion/registrarSolicitudAnulacion.xhtml HTTP/1.1" 200 3892
188.40.73.215 - - [11/Oct/2021:08:38:44 -0500] "GET /BLA/resoluciones/RESOLUCIONES%202008/2494.pdf HTTP/1.1" 200 172943
191.102.224.196 - - [11/Oct/2021:08:38:49 -0500] "GET /sipse/faces/faces/faces/faces/faces/faces/faces/faces/index.xhtml HTTP/1.1" 200 677
188.40.73.215 - - [11/Oct/2021:08:38:53 -0500] "GET /BLA/resoluciones/RESOLUCIONES%202008/2073.pdf HTTP/1.1" 200 216665
186.87.76.51 - - [11/Oct/2021:08:38:53 -0500] "POST /sipse/faces/presentacion/financiero/solicitudProceso/listarSolicitudProceso.xhtml HTTP/1.1" 200 33970
186.84.21.137 - - [11/Oct/2021:08:38:54 -0500] "POST /sipse/faces/presentacion/financiero/solicitudAnulacion/registrarSolicitudAnulacion.xhtml HTTP/1.1" 200 40537
186.84.21.137 - - [11/Oct/2021:08:38:55 -0500] "GET /sipse/faces/javax.faces.resource/theme.css?ln=primefaces-sipse HTTP/1.1" 304 -
186.84.21.137 - - [11/Oct/2021:08:38:55 -0500] "GET /sipse/faces/javax.faces.resource/primefaces.css?ln=primefaces&v=4.0 HTTP/1.1" 304 -
186.84.21.137 - - [11/Oct/2021:08:38:55 -0500] "GET /sipse/faces/javax.faces.resource/layout/layout.css?ln=primefaces&v=4.0 HTTP/1.1" 304 -
186.84.21.137 - - [11/Oct/2021:08:38:55 -0500] "GET /sipse/faces/javax.faces.resource/jquery/jquery.js?ln=primefaces&v=4.0 HTTP/1.1" 304 -
186.84.21.137 - - [11/Oct/2021:08:38:55 -0500] "GET /sipse/faces/javax.faces.resource/jquery/jquery-plugins.js?ln=primefaces&v=4.0 HTTP/1.1" 304 -
186.84.21.137 - - [11/Oct/2021:08:38:55 -0500] "GET /sipse/faces/javax.faces.resource/primefaces.js?ln=primefaces&v=4.0 HTTP/1.1" 304 -
186.84.21.137 - - [11/Oct/2021:08:38:55 -0500] "GET /sipse/faces/javax.faces.resource/layout/layout.js?ln=primefaces&v=4.0 HTTP/1.1" 304 -
188.40.73.215 - - [11/Oct/2021:08:39:01 -0500] "GET /BLA/resoluciones/RESOLUCIONES%202008/3534.pdf HTTP/1.1" 200 184402
191.102.224.196 - - [11/Oct/2021:08:39:05 -0500] "GET /sipse/faces/javax.faces.resource/theme.css?ln=primefaces-sipse HTTP/1.1" 304 -
201.228.236.241 - - [11/Oct/2021:08:39:06 -0500] "GET /galeria/galeria/jquery.fancybox.css?v=2.1.5 HTTP/1.1" 200 4895
201.228.236.241 - - [11/Oct/2021:08:39:06 -0500] "GET /BLA/boletinlegal/js/jquery.scrollShow.js HTTP/1.1" 200 4586
201.228.236.241 - - [11/Oct/2021:08:39:06 -0500] "GET /galeria/galeria/jquery.fancybox.js?v=2.1.5 HTTP/1.1" 200 48706
186.84.21.137 - - [11/Oct/2021:08:39:07 -0500] "POST /sipse/faces/presentacion/financiero/solicitudProceso/consultar.xhtml HTTP/1.1" 200 12853
188.40.73.215 - - [11/Oct/2021:08:39:10 -0500] "GET /BLA/resoluciones/RESOLUCIONES%202008/0835.pdf HTTP/1.1" 200 192102
191.102.224.196 - - [11/Oct/2021:08:39:10 -0500] "GET /sipse/faces/faces/faces/faces/faces/faces/faces/faces/faces/autenticacion.xhtml HTTP/1.1" 200 12179
191.102.224.196 - - [11/Oct/2021:08:39:11 -0500] "GET /sipse/faces/javax.faces.resource/primefaces.js?ln=primefaces&v=4.0 HTTP/1.1" 304 -
191.102.224.196 - - [11/Oct/2021:08:39:11 -0500] "GET /sipse/faces/javax.faces.resource/primefaces.css?ln=primefaces&v=4.0 HTTP/1.1" 304 -
191.102.224.196 - - [11/Oct/2021:08:39:11 -0500] "GET /sipse/faces/javax.faces.resource/theme.css?ln=primefaces-sipse HTTP/1.1" 304 -
191.102.224.196 - - [11/Oct/2021:08:39:11 -0500] "GET /sipse/faces/javax.faces.resource/layout/layout.js?ln=primefaces&v=4.0 HTTP/1.1" 304 -
186.84.21.137 - - [11/Oct/2021:08:39:11 -0500] "POST /sipse/faces/presentacion/financiero/solicitudProceso/consultar.xhtml HTTP/1.1" 200 2338
186.84.21.137 - - [11/Oct/2021:08:39:11 -0500] "GET /sipse/faces/javax.faces.resource/messages/messages.png?ln=primefaces&v=4.0 HTTP/1.1" 304 -
188.40.73.215 - - [11/Oct/2021:08:39:18 -0500] "GET /BLA/resoluciones/RESOLUCIONES%202008/5032.pdf HTTP/1.1" 200 277683
191.102.224.196 - - [11/Oct/2021:08:39:20 -0500] "GET /sipse/faces/faces/faces/faces/faces/faces/faces/faces/faces/index.xhtml HTTP/1.1" 200 677
191.102.224.196 - - [11/Oct/2021:08:39:21 -0500] "GET /sipse/faces/javax.faces.resource/theme.css?ln=primefaces-sipse HTTP/1.1" 304 -
201.245.192.253 - - [11/Oct/2021:08:39:27 -0500] "POST /sipse/faces/presentacion/financiero/solicitudAnulacion/registrarSolicitudAnulacion.xhtml HTTP/1.1" 200 5018
201.245.192.253 - - [11/Oct/2021:08:39:28 -0500] "GET /catalogoisis/ HTTP/1.1" 200 8575
186.84.21.137 - - [11/Oct/2021:08:39:28 -0500] "POST /sipse/faces/presentacion/financiero/solicitudProceso/consultar.xhtml HTTP/1.1" 200 35796
186.84.21.137 - - [11/Oct/2021:08:39:28 -0500] "GET /sipse/faces/javax.faces.resource/theme.css?ln=primefaces-sipse HTTP/1.1" 304 -
186.84.21.137 - - [11/Oct/2021:08:39:28 -0500] "GET /sipse/faces/javax.faces.resource/primefaces.css?ln=primefaces&v=4.0 HTTP/1.1" 304 -
186.84.21.137 - - [11/Oct/2021:08:39:28 -0500] "GET /sipse/faces/javax.faces.resource/layout/layout.css?ln=primefaces&v=4.0 HTTP/1.1" 304 -
186.84.21.137 - - [11/Oct/2021:08:39:28 -0500] "GET /sipse/faces/javax.faces.resource/fileupload/fileupload.css?ln=primefaces&v=4.0 HTTP/1.1" 304 -
186.84.21.137 - - [11/Oct/2021:08:39:28 -0500] "GET /sipse/faces/javax.faces.resource/jquery/jquery.js?ln=primefaces&v=4.0 HTTP/1.1" 304 -
186.84.21.137 - - [11/Oct/2021:08:39:28 -0500] "GET /sipse/faces/javax.faces.resource/jquery/jquery-plugins.js?ln=primefaces&v=4.0 HTTP/1.1" 304 -
186.84.21.137 - - [11/Oct/2021:08:39:28 -0500] "GET /sipse/faces/javax.faces.resource/primefaces.js?ln=primefaces&v=4.0 HTTP/1.1" 304 -
186.84.21.137 - - [11/Oct/2021:08:39:28 -0500] "GET /sipse/faces/javax.faces.resource/layout/layout.js?ln=primefaces&v=4.0 HTTP/1.1" 304 -
186.84.21.137 - - [11/Oct/2021:08:39:28 -0500] "GET /sipse/faces/javax.faces.resource/fileupload/fileupload.js?ln=primefaces&v=4.0 HTTP/1.1" 304 -
201.245.192.253 - - [11/Oct/2021:08:39:28 -0500] "POST /sipse/faces/presentacion/financiero/solicitudAnulacion/registrarSolicitudAnulacion.xhtml HTTP/1.1" 200 34198
201.245.192.253 - - [11/Oct/2021:08:39:28 -0500] "GET /sipse/faces/javax.faces.resource/theme.css?ln=primefaces-sipse HTTP/1.1" 304 -
201.245.192.253 - - [11/Oct/2021:08:39:29 -0500] "GET /sipse/faces/javax.faces.resource/primefaces.css?ln=primefaces&v=4.0 HTTP/1.1" 304 -
201.245.192.253 - - [11/Oct/2021:08:39:29 -0500] "GET /sipse/faces/javax.faces.resource/layout/layout.css?ln=primefaces&v=4.0 HTTP/1.1" 304 -
201.245.192.253 - - [11/Oct/2021:08:39:29 -0500] "GET /sipse/faces/javax.faces.resource/jquery/jquery.js?ln=primefaces&v=4.0 HTTP/1.1" 304 -
201.245.192.253 - - [11/Oct/2021:08:39:29 -0500] "GET /sipse/faces/javax.faces.resource/jquery/jquery-plugins.js?ln=primefaces&v=4.0 HTTP/1.1" 304 -
201.245.192.253 - - [11/Oct/2021:08:39:29 -0500] "GET /sipse/faces/javax.faces.resource/primefaces.js?ln=primefaces&v=4.0 HTTP/1.1" 304 -
201.245.192.253 - - [11/Oct/2021:08:39:29 -0500] "GET /sipse/faces/javax.faces.resource/layout/layout.js?ln=primefaces&v=4.0 HTTP/1.1" 304 -
186.87.76.51 - - [11/Oct/2021:08:39:29 -0500] "POST /sipse/faces/presentacion/financiero/solicitudProceso/listarSolicitudProceso.xhtml HTTP/1.1" 200 9160
201.245.192.253 - - [11/Oct/2021:08:39:29 -0500] "POST /sipse/faces/presentacion/financiero/solicitudProceso/listarSolicitudProceso.xhtml HTTP/1.1" 200 27457
188.40.73.215 - - [11/Oct/2021:08:39:29 -0500] "GET /BLA/resoluciones/RESOLUCIONES%202008/0623.pdf HTTP/1.1" 200 462168
201.245.192.253 - - [11/Oct/2021:08:39:29 -0500] "POST /sipse/faces/presentacion/financiero/solicitudProceso/listarSolicitudProceso.xhtml HTTP/1.1" 200 1328
201.245.192.253 - - [11/Oct/2021:08:39:29 -0500] "POST /sipse/faces/presentacion/financiero/solicitudProceso/listarSolicitudProceso.xhtml HTTP/1.1" 200 1324
191.102.224.196 - - [11/Oct/2021:08:39:30 -0500] "GET /sipse/faces/faces/faces/faces/faces/faces/faces/faces/faces/faces/autenticacion.xhtml HTTP/1.1" 200 12179
186.84.21.137 - - [11/Oct/2021:08:39:32 -0500] "POST /sipse/faces/presentacion/financiero/solicitudAnulacion/registrarSolicitudAnulacion.xhtml HTTP/1.1" 200 30914
186.84.21.137 - - [11/Oct/2021:08:39:32 -0500] "GET /sipse/faces/javax.faces.resource/theme.css?ln=primefaces-sipse HTTP/1.1" 304 -
186.84.21.137 - - [11/Oct/2021:08:39:32 -0500] "GET /sipse/faces/javax.faces.resource/layout/layout.css?ln=primefaces&v=4.0 HTTP/1.1" 304 -
186.84.21.137 - - [11/Oct/2021:08:39:32 -0500] "GET /sipse/faces/javax.faces.resource/primefaces.css?ln=primefaces&v=4.0 HTTP/1.1" 304 -
186.84.21.137 - - [11/Oct/2021:08:39:32 -0500] "GET /sipse/faces/javax.faces.resource/jquery/jquery.js?ln=primefaces&v=4.0 HTTP/1.1" 304 -
186.84.21.137 - - [11/Oct/2021:08:39:32 -0500] "GET /sipse/faces/javax.faces.resource/jquery/jquery-plugins.js?ln=primefaces&v=4.0 HTTP/1.1" 304 -
186.84.21.137 - - [11/Oct/2021:08:39:32 -0500] "GET /sipse/faces/javax.faces.resource/primefaces.js?ln=primefaces&v=4.0 HTTP/1.1" 304 -
186.84.21.137 - - [11/Oct/2021:08:39:32 -0500] "GET /sipse/faces/javax.faces.resource/layout/layout.js?ln=primefaces&v=4.0 HTTP/1.1" 304 -
186.87.76.51 - - [11/Oct/2021:08:39:32 -0500] "POST /sipse/faces/presentacion/financiero/solicitudProceso/listarSolicitudProceso.xhtml HTTP/1.1" 200 9156
186.84.21.137 - - [11/Oct/2021:08:39:32 -0500] "POST /sipse/faces/presentacion/financiero/solicitudAnulacion/solicitudAnulacion.xhtml HTTP/1.1" 200 12488
201.245.192.253 - - [11/Oct/2021:08:39:33 -0500] "POST /sipse/faces/presentacion/financiero/solicitudProceso/listarSolicitudProceso.xhtml HTTP/1.1" 200 27410
201.245.192.253 - - [11/Oct/2021:08:39:33 -0500] "GET /sipse/faces/javax.faces.resource/primefaces.css?ln=primefaces&v=4.0 HTTP/1.1" 304 -
201.245.192.253 - - [11/Oct/2021:08:39:33 -0500] "GET /sipse/faces/javax.faces.resource/layout/layout.css?ln=primefaces&v=4.0 HTTP/1.1" 304 -
201.245.192.253 - - [11/Oct/2021:08:39:33 -0500] "GET /sipse/faces/javax.faces.resource/theme.css?ln=primefaces-sipse HTTP/1.1" 304 -
201.245.192.253 - - [11/Oct/2021:08:39:33 -0500] "GET /sipse/faces/javax.faces.resource/jquery/jquery.js?ln=primefaces&v=4.0 HTTP/1.1" 304 -
201.245.192.253 - - [11/Oct/2021:08:39:33 -0500] "GET /sipse/faces/javax.faces.resource/jquery/jquery-plugins.js?ln=primefaces&v=4.0 HTTP/1.1" 304 -
201.245.192.253 - - [11/Oct/2021:08:39:33 -0500] "GET /sipse/faces/javax.faces.resource/primefaces.js?ln=primefaces&v=4.0 HTTP/1.1" 304 -
201.245.192.253 - - [11/Oct/2021:08:39:33 -0500] "GET /sipse/faces/javax.faces.resource/layout/layout.js?ln=primefaces&v=4.0 HTTP/1.1" 304 -
201.245.192.253 - - [11/Oct/2021:08:39:33 -0500] "POST /sipse/faces/presentacion/proyectos/proyecto/listarProyecto.xhtml HTTP/1.1" 200 20703
201.245.192.253 - - [11/Oct/2021:08:39:33 -0500] "POST /sipse/faces/presentacion/proyectos/proyecto/listarProyecto.xhtml HTTP/1.1" 200 20703
186.87.76.51 - - [11/Oct/2021:08:39:34 -0500] "POST /sipse/faces/presentacion/financiero/solicitudProceso/listarSolicitudProceso.xhtml HTTP/1.1" 200 9160
186.87.76.51 - - [11/Oct/2021:08:39:35 -0500] "POST /sipse/faces/presentacion/financiero/solicitudProceso/listarSolicitudProceso.xhtml HTTP/1.1" 200 9156
191.102.224.196 - - [11/Oct/2021:08:39:36 -0500] "GET /sipse/faces/javax.faces.resource/theme.css?ln=primefaces-sipse HTTP/1.1" 304 -
186.84.21.137 - - [11/Oct/2021:08:39:34 -0500] "POST /sipse/faces/presentacion/financiero/solicitudAnulacion/solicitudAnulacion.xhtml HTTP/1.1" 200 61712
186.84.21.137 - - [11/Oct/2021:08:39:37 -0500] "GET /sipse/faces/javax.faces.resource/theme.css?ln=primefaces-sipse HTTP/1.1" 304 -
186.84.21.137 - - [11/Oct/2021:08:39:37 -0500] "GET /sipse/faces/javax.faces.resource/primefaces.css?ln=primefaces&v=4.0 HTTP/1.1" 304 -
186.84.21.137 - - [11/Oct/2021:08:39:37 -0500] "GET /sipse/faces/javax.faces.resource/layout/layout.css?ln=primefaces&v=4.0 HTTP/1.1" 304 -
186.84.21.137 - - [11/Oct/2021:08:39:37 -0500] "GET /sipse/faces/javax.faces.resource/jquery/jquery.js?ln=primefaces&v=4.0 HTTP/1.1" 304 -
186.84.21.137 - - [11/Oct/2021:08:39:37 -0500] "GET /sipse/faces/javax.faces.resource/jquery/jquery-plugins.js?ln=primefaces&v=4.0 HTTP/1.1" 304 -
186.84.21.137 - - [11/Oct/2021:08:39:37 -0500] "GET /sipse/faces/javax.faces.resource/primefaces.js?ln=primefaces&v=4.0 HTTP/1.1" 304 -
186.84.21.137 - - [11/Oct/2021:08:39:37 -0500] "GET /sipse/faces/javax.faces.resource/layout/layout.js?ln=primefaces&v=4.0 HTTP/1.1" 304 -
186.84.21.137 - - [11/Oct/2021:08:39:37 -0500] "POST /sipse/faces/presentacion/financiero/solicitudProceso/listarSolicitudProceso.xhtml HTTP/1.1" 200 54961
186.84.21.137 - - [11/Oct/2021:08:39:37 -0500] "POST /sipse/faces/presentacion/financiero/solicitudProceso/listarSolicitudProceso.xhtml HTTP/1.1" 200 54961
188.40.73.215 - - [11/Oct/2021:08:39:38 -0500] "GET /BLA/resoluciones/RESOLUCIONES%202008/1316.pdf HTTP/1.1" 200 47746
186.84.21.137 - - [11/Oct/2021:08:39:38 -0500] "POST /sipse/faces/presentacion/financiero/solicitudProceso/listarSolicitudProceso.xhtml HTTP/1.1" 200 54961
186.84.21.137 - - [11/Oct/2021:08:39:38 -0500] "POST /sipse/faces/presentacion/financiero/solicitudProceso/listarSolicitudProceso.xhtml HTTP/1.1" 200 54961
216.245.221.92 - - [11/Oct/2021:08:39:39 -0500] "HEAD / HTTP/1.1" 200 -
186.84.21.137 - - [11/Oct/2021:08:39:39 -0500] "POST /sipse/faces/presentacion/financiero/solicitudProceso/listarSolicitudProceso.xhtml HTTP/1.1" 200 1448
191.102.224.196 - - [11/Oct/2021:08:39:41 -0500] "GET /sipse/faces/javax.faces.resource/primefaces.css?ln=primefaces&v=4.0 HTTP/1.1" 304 -
186.84.21.137 - - [11/Oct/2021:08:39:41 -0500] "POST /sipse/faces/presentacion/financiero/solicitudProceso/listarSolicitudProceso.xhtml HTTP/1.1" 200 1448
186.84.21.137 - - [11/Oct/2021:08:39:42 -0500] "POST /sipse/faces/presentacion/financiero/solicitudProceso/listarSolicitudProceso.xhtml HTTP/1.1" 200 1452
188.40.73.215 - - [11/Oct/2021:08:39:46 -0500] "GET /BLA/resoluciones/RESOLUCIONES%202008/5607.pdf HTTP/1.1" 200 262951
186.84.21.137 - - [11/Oct/2021:08:39:44 -0500] "POST /sipse/faces/presentacion/financiero/solicitudProceso/listarSolicitudProceso.xhtml HTTP/1.1" 200 1444
186.84.21.137 - - [11/Oct/2021:08:39:46 -0500] "POST /sipse/faces/presentacion/financiero/solicitudProceso/listarSolicitudProceso.xhtml HTTP/1.1" 200 1448
201.245.192.253 - - [11/Oct/2021:08:39:48 -0500] "POST /sipse/faces/presentacion/proyectos/proyecto/listarProyecto.xhtml HTTP/1.1" 200 70261
201.245.192.253 - - [11/Oct/2021:08:39:48 -0500] "GET /sipse/faces/javax.faces.resource/layout/layout.css?ln=primefaces&v=4.0 HTTP/1.1" 304 -
201.245.192.253 - - [11/Oct/2021:08:39:48 -0500] "GET /sipse/faces/javax.faces.resource/theme.css?ln=primefaces-sipse HTTP/1.1" 304 -
201.245.192.253 - - [11/Oct/2021:08:39:48 -0500] "GET /sipse/faces/javax.faces.resource/primefaces.css?ln=primefaces&v=4.0 HTTP/1.1" 304 -
201.245.192.253 - - [11/Oct/2021:08:39:48 -0500] "GET /sipse/faces/javax.faces.resource/jquery/jquery.js?ln=primefaces&v=4.0 HTTP/1.1" 304 -
201.245.192.253 - - [11/Oct/2021:08:39:48 -0500] "GET /sipse/faces/javax.faces.resource/jquery/jquery-plugins.js?ln=primefaces&v=4.0 HTTP/1.1" 304 -
201.245.192.253 - - [11/Oct/2021:08:39:48 -0500] "GET /sipse/faces/javax.faces.resource/primefaces.js?ln=primefaces&v=4.0 HTTP/1.1" 304 -
201.245.192.253 - - [11/Oct/2021:08:39:48 -0500] "GET /sipse/faces/javax.faces.resource/layout/layout.js?ln=primefaces&v=4.0 HTTP/1.1" 304 -
201.245.192.253 - - [11/Oct/2021:08:39:48 -0500] "POST /sipse/faces/presentacion/proyectos/proyecto/listarConsultarProyectos.xhtml HTTP/1.1" 200 63534
186.154.99.237 - - [11/Oct/2021:08:39:48 -0500] "GET /sipse/faces/index.xhtml HTTP/1.1" 200 677
201.245.192.253 - - [11/Oct/2021:08:39:48 -0500] "POST /sipse/faces/presentacion/proyectos/proyecto/listarConsultarProyectos.xhtml HTTP/1.1" 200 63534
186.154.99.237 - - [11/Oct/2021:08:39:49 -0500] "GET /sipse/faces/javax.faces.resource/theme.css?ln=primefaces-sipse HTTP/1.1" 304 -
201.245.192.253 - - [11/Oct/2021:08:39:48 -0500] "POST /sipse/faces/presentacion/proyectos/proyecto/listarConsultarProyectos.xhtml HTTP/1.1" 200 63534
186.154.99.237 - - [11/Oct/2021:08:39:49 -0500] "GET /sipse/faces/faces/autenticacion.xhtml HTTP/1.1" 200 12179
186.154.99.237 - - [11/Oct/2021:08:39:49 -0500] "GET /sipse/faces/javax.faces.resource/theme.css?ln=primefaces-sipse HTTP/1.1" 304 -
186.154.99.237 - - [11/Oct/2021:08:39:49 -0500] "GET /sipse/faces/javax.faces.resource/primefaces.css?ln=primefaces&v=4.0 HTTP/1.1" 304 -
186.154.99.237 - - [11/Oct/2021:08:39:49 -0500] "GET /sipse/faces/javax.faces.resource/layout/layout.css?ln=primefaces&v=4.0 HTTP/1.1" 304 -
186.154.99.237 - - [11/Oct/2021:08:39:49 -0500] "GET /sipse/faces/javax.faces.resource/jquery/jquery-plugins.js?ln=primefaces&v=4.0 HTTP/1.1" 304 -
186.154.99.237 - - [11/Oct/2021:08:39:49 -0500] "GET /sipse/faces/javax.faces.resource/jquery/jquery.js?ln=primefaces&v=4.0 HTTP/1.1" 304 -
186.154.99.237 - - [11/Oct/2021:08:39:49 -0500] "GET /sipse/faces/javax.faces.resource/primefaces.js?ln=primefaces&v=4.0 HTTP/1.1" 304 -
186.154.99.237 - - [11/Oct/2021:08:39:49 -0500] "GET /sipse/faces/javax.faces.resource/layout/layout.js?ln=primefaces&v=4.0 HTTP/1.1" 304 -
186.154.99.237 - - [11/Oct/2021:08:39:49 -0500] "GET /sipse/faces/javax.faces.resource/images/ui-icons_898989_256x240.png?ln=primefaces-aristo HTTP/1.1" 304 -
201.245.192.253 - - [11/Oct/2021:08:39:50 -0500] "POST /sipse/faces/presentacion/proyectos/proyecto/listarConsultarProyectos.xhtml HTTP/1.1" 200 911
186.84.21.137 - - [11/Oct/2021:08:39:50 -0500] "POST /sipse/faces/presentacion/financiero/solicitudProceso/listarSolicitudProceso.xhtml HTTP/1.1" 200 34553
201.245.192.253 - - [11/Oct/2021:08:39:51 -0500] "GET /sipse/faces/presentacion/financiero/solicitudAnulacion/faces/autenticacion HTTP/1.1" 302 -
201.245.192.253 - - [11/Oct/2021:08:39:51 -0500] "GET /sipse/faces/autenticacion.xhtml HTTP/1.1" 200 12179
