66.249.66.139 - - [11/Oct/2021:03:07:37 -0500] "-" 408 -
144.76.36.47 - - [11/Oct/2021:03:07:39 -0500] "GET /BLA/resoluciones/AUTOS%202009/1206.pdf HTTP/1.1" 200 123277
144.76.36.47 - - [11/Oct/2021:03:07:48 -0500] "GET /BLA/resoluciones/AUTOS%202009/1097.pdf HTTP/1.1" 200 85049
144.76.36.47 - - [11/Oct/2021:03:07:55 -0500] "GET /BLA/resoluciones/AUTOS%202009/3143.pdf HTTP/1.1" 200 133098
144.76.36.47 - - [11/Oct/2021:03:08:03 -0500] "GET /BLA/resoluciones/AUTOS%202009/0807.pdf HTTP/1.1" 200 64219
144.76.36.47 - - [11/Oct/2021:03:08:21 -0500] "GET /BLA/resoluciones/AUTOS%202009/0362.pdf HTTP/1.1" 200 267005
144.76.36.43 - - [11/Oct/2021:03:08:22 -0500] "GET /portaldeninos/ HTTP/1.1" 200 154495
144.76.36.43 - - [11/Oct/2021:03:08:29 -0500] "GET /BLA/resoluciones/AUTOS%202009/3118.pdf HTTP/1.1" 200 162281
201.245.192.253 - - [11/Oct/2021:03:08:37 -0500] "GET /catalogoisis/ HTTP/1.1" 200 8575
144.76.36.47 - - [11/Oct/2021:03:08:37 -0500] "GET /BLA/resoluciones/AUTOS%202009/3146.pdf HTTP/1.1" 200 133133
144.76.36.47 - - [11/Oct/2021:03:08:45 -0500] "GET /BLA/resoluciones/AUTOS%202009/0022.pdf HTTP/1.1" 200 192805
45.172.222.42 - - [11/Oct/2021:03:08:47 -0500] "GET /galeria/galeria/jquery.fancybox.css?v=2.1.5 HTTP/1.1" 200 4895
45.172.222.42 - - [11/Oct/2021:03:08:47 -0500] "GET /BLA/boletinlegal/js/jquery.scrollShow.js HTTP/1.1" 200 4586
45.172.222.42 - - [11/Oct/2021:03:08:47 -0500] "GET /galeria/galeria/jquery.fancybox.js?v=2.1.5 HTTP/1.1" 200 48706
144.76.36.43 - - [11/Oct/2021:03:08:53 -0500] "GET /BLA/resoluciones/AUTOS%202009/1804.pdf HTTP/1.1" 200 240292
144.76.36.47 - - [11/Oct/2021:03:09:01 -0500] "GET /BLA/resoluciones/AUTOS%202009/0891.pdf HTTP/1.1" 200 121499
201.245.192.253 - - [11/Oct/2021:03:09:38 -0500] "GET /catalogoisis/ HTTP/1.1" 200 8575
216.245.221.92 - - [11/Oct/2021:03:09:40 -0500] "HEAD / HTTP/1.1" 200 -
144.76.36.43 - - [11/Oct/2021:03:10:24 -0500] "GET /BLA/resoluciones/AUTOS%202009/0712.pdf HTTP/1.1" 200 115537
144.76.36.43 - - [11/Oct/2021:03:10:32 -0500] "GET /BLA/resoluciones/AUTOS%202009/1704.pdf HTTP/1.1" 200 122731
201.245.192.253 - - [11/Oct/2021:03:10:39 -0500] "GET /catalogoisis/ HTTP/1.1" 200 8575
144.76.36.43 - - [11/Oct/2021:03:10:41 -0500] "GET /BLA/resoluciones/AUTOS%202009/1187.pdf HTTP/1.1" 200 125117
144.76.36.43 - - [11/Oct/2021:03:10:49 -0500] "GET /BLA/resoluciones/AUTOS%202009/1507.pdf HTTP/1.1" 200 100487
144.76.36.43 - - [11/Oct/2021:03:10:58 -0500] "GET /BLA/resoluciones/AUTOS%202009/2034.pdf HTTP/1.1" 200 100279
144.76.36.43 - - [11/Oct/2021:03:11:06 -0500] "GET /BLA/resoluciones/AUTOS%202009/3601.pdf HTTP/1.1" 200 208367
144.76.36.43 - - [11/Oct/2021:03:11:14 -0500] "GET /BLA/resoluciones/AUTOS%202009/1642.pdf HTTP/1.1" 200 94554
144.76.36.43 - - [11/Oct/2021:03:11:22 -0500] "GET /BLA/resoluciones/AUTOS%202009/2953.pdf HTTP/1.1" 200 186071
144.76.36.43 - - [11/Oct/2021:03:11:30 -0500] "GET /BLA/resoluciones/AUTOS%202009/0637.pdf HTTP/1.1" 200 76793
144.76.36.43 - - [11/Oct/2021:03:11:38 -0500] "GET /BLA/resoluciones/AUTOS%202009/3554.pdf HTTP/1.1" 200 166599
201.245.192.253 - - [11/Oct/2021:03:11:39 -0500] "GET /catalogoisis/ HTTP/1.1" 200 8575
144.76.36.43 - - [11/Oct/2021:03:11:46 -0500] "GET /BLA/resoluciones/RESOLUCIONES%202004/RESOLUCION%20461%20DE%202004.PDF HTTP/1.1" 200 978047
144.76.36.43 - - [11/Oct/2021:03:11:55 -0500] "GET /BLA/resoluciones/index.php?dir=RESOLUCIONES+2004/RES+2004+1301-1350/ HTTP/1.1" 200 12341
144.76.36.43 - - [11/Oct/2021:03:12:00 -0500] "GET /BLA/resoluciones/RESOLUCIONES%202004/0995.pdf HTTP/1.1" 200 88144
144.76.36.43 - - [11/Oct/2021:03:12:08 -0500] "GET /BLA/resoluciones/RESOLUCIONES%202004/0386.pdf HTTP/1.1" 200 203263
144.76.36.43 - - [11/Oct/2021:03:12:16 -0500] "GET /BLA/resoluciones/AUTOS%202009/3187.pdf HTTP/1.1" 200 106657
144.76.36.43 - - [11/Oct/2021:03:12:24 -0500] "GET /BLA/resoluciones/RESOLUCIONES%202004/RESOLUCION%201792%20DE%202004.PDF HTTP/1.1" 200 381779
144.76.36.43 - - [11/Oct/2021:03:12:32 -0500] "GET /BLA/resoluciones/RESOLUCIONES%202004/0449.pdf HTTP/1.1" 200 52234
201.245.192.253 - - [11/Oct/2021:03:12:40 -0500] "GET /catalogoisis/ HTTP/1.1" 200 8575
144.76.36.47 - - [11/Oct/2021:03:12:40 -0500] "GET /BLA/resoluciones/RESOLUCIONES%202004/0450.pdf HTTP/1.1" 200 50740
144.76.36.43 - - [11/Oct/2021:03:12:48 -0500] "GET /BLA/resoluciones/index.php?dir=RESOLUCIONES+2004/RES+2004+401-450/ HTTP/1.1" 200 12039
144.76.36.47 - - [11/Oct/2021:03:12:52 -0500] "GET /BLA/resoluciones/AUTOS%202009/0048.pdf HTTP/1.1" 200 52991
144.76.36.43 - - [11/Oct/2021:03:13:00 -0500] "GET /BLA/resoluciones/index.php?dir=RESOLUCIONES+2004/RES+2004+601-650/ HTTP/1.1" 200 12060
144.76.36.47 - - [11/Oct/2021:03:13:01 -0500] "GET /BLA/resoluciones/RESOLUCIONES%202004/2130.pdf HTTP/1.1" 200 117301
144.76.36.47 - - [11/Oct/2021:03:13:10 -0500] "GET /BLA/resoluciones/index.php?dir=RESOLUCIONES+2004/RES+2004+1401-1450/ HTTP/1.1" 200 12371
144.76.36.47 - - [11/Oct/2021:03:13:14 -0500] "GET /BLA/resoluciones/AUTOS%202009/0963.pdf HTTP/1.1" 200 101230
144.76.36.43 - - [11/Oct/2021:03:13:22 -0500] "GET /BLA/resoluciones/index.php?dir=RESOLUCIONES+2004/RES+2004+501-550/ HTTP/1.1" 200 12048
144.76.36.47 - - [11/Oct/2021:03:13:23 -0500] "GET /BLA/resoluciones/index.php?dir=RESOLUCIONES+2004/RES+2004+1351-1400/ HTTP/1.1" 200 12359
144.76.36.43 - - [11/Oct/2021:03:13:26 -0500] "GET /BLA/resoluciones/RESOLUCIONES%202004/0685.pdf HTTP/1.1" 200 91658
144.76.36.43 - - [11/Oct/2021:03:13:34 -0500] "GET /BLA/resoluciones/RESOLUCIONES%202004/RESOLUCION%20004%20DE%202004.PDF HTTP/1.1" 200 974697
201.245.192.253 - - [11/Oct/2021:03:13:41 -0500] "GET /catalogoisis/ HTTP/1.1" 200 8575
144.76.36.43 - - [11/Oct/2021:03:13:43 -0500] "GET /BLA/resoluciones/RESOLUCIONES%202004/RESOLUCION%20506%20DE%202004.PDF HTTP/1.1" 200 196881
144.76.36.47 - - [11/Oct/2021:03:13:50 -0500] "GET /BLA/resoluciones/AUTOS%202009/3013.pdf HTTP/1.1" 200 184976
144.76.36.47 - - [11/Oct/2021:03:13:59 -0500] "GET /BLA/resoluciones/RESOLUCIONES%202004/RESOLUCION%202163%20DE%202004.PDF HTTP/1.1" 200 359976
144.76.36.43 - - [11/Oct/2021:03:14:08 -0500] "GET /BLA/resoluciones/AUTOS%202009/2750.pdf HTTP/1.1" 200 94782
144.76.36.43 - - [11/Oct/2021:03:14:16 -0500] "GET /BLA/resoluciones/AUTOS%202009/1826.pdf HTTP/1.1" 200 129082
144.76.36.43 - - [11/Oct/2021:03:14:24 -0500] "GET /BLA/resoluciones/AUTOS%202009/1577.pdf HTTP/1.1" 200 119960
144.76.36.43 - - [11/Oct/2021:03:14:32 -0500] "GET /BLA/resoluciones/AUTOS%202009/0390.pdf HTTP/1.1" 200 76619
216.245.221.92 - - [11/Oct/2021:03:14:40 -0500] "HEAD / HTTP/1.1" 200 -
144.76.36.43 - - [11/Oct/2021:03:14:40 -0500] "GET /BLA/resoluciones/AUTOS%202009/2992.pdf HTTP/1.1" 200 144782
201.245.192.253 - - [11/Oct/2021:03:14:42 -0500] "GET /catalogoisis/ HTTP/1.1" 200 8575
201.245.192.253 - - [11/Oct/2021:03:14:01 -0500] "POST /kwsrmcab/Wsrmcab HTTP/1.1" 200 123102
144.76.36.43 - - [11/Oct/2021:03:14:50 -0500] "GET /BLA/resoluciones/AUTOS%202009/0615.pdf HTTP/1.1" 200 120338
144.76.36.43 - - [11/Oct/2021:03:14:58 -0500] "GET /BLA/resoluciones/AUTOS%202009/0568.pdf HTTP/1.1" 200 126947
144.76.36.47 - - [11/Oct/2021:03:15:07 -0500] "GET /BLA/resoluciones/RESOLUCIONES%202004/RESOLUCION%201580%20DE%202004.PDF HTTP/1.1" 200 542316
144.76.36.43 - - [11/Oct/2021:03:15:16 -0500] "GET /BLA/resoluciones/AUTOS%202009/2234.pdf HTTP/1.1" 200 121784
144.76.36.43 - - [11/Oct/2021:03:15:23 -0500] "GET /BLA/resoluciones/RESOLUCIONES%202004/0156.pdf HTTP/1.1" 200 356196
144.76.36.43 - - [11/Oct/2021:03:15:31 -0500] "GET /BLA/resoluciones/index.php?dir=RESOLUCIONES+2004/RES+2004+2101-2150/ HTTP/1.1" 200 12359
144.76.36.47 - - [11/Oct/2021:03:15:34 -0500] "GET /BLA/resoluciones/RESOLUCIONES%202004/RESOLUCION%20346%20DE%202004.PDF HTTP/1.1" 200 129454
201.245.192.253 - - [11/Oct/2021:03:15:41 -0500] "GET /catalogoisis/ HTTP/1.1" 200 8575
144.76.36.47 - - [11/Oct/2021:03:15:43 -0500] "GET /BLA/resoluciones/index.php?dir=RESOLUCIONES+2004/RES+2004+1601-1650/ HTTP/1.1" 200 12359
144.76.36.43 - - [11/Oct/2021:03:15:45 -0500] "GET /BLA/resoluciones/AUTOS%202009/3355.pdf HTTP/1.1" 200 207632
144.76.36.43 - - [11/Oct/2021:03:15:54 -0500] "GET /BLA/resoluciones/RESOLUCIONES%202004/0683.pdf HTTP/1.1" 200 74389
144.76.36.47 - - [11/Oct/2021:03:16:01 -0500] "GET /BLA/resoluciones/RESOLUCIONES%202004/RESOLUCION%201557%20DE%202004.PDF HTTP/1.1" 200 1131904
144.76.36.43 - - [11/Oct/2021:03:16:04 -0500] "GET /BLA/resoluciones/AUTOS%202009/6411.pdf HTTP/1.1" 200 1672962
144.76.36.47 - - [11/Oct/2021:03:16:06 -0500] "GET /BLA/resoluciones/RESOLUCIONES%202004/2227.pdf HTTP/1.1" 200 191801
144.76.36.47 - - [11/Oct/2021:03:16:14 -0500] "GET /BLA/resoluciones/RESOLUCIONES%202004/0195.pdf HTTP/1.1" 200 53458
144.76.36.43 - - [11/Oct/2021:03:16:22 -0500] "GET /BLA/resoluciones/index.php?dir=RESOLUCIONES%202004/&sort=date&order=asc HTTP/1.1" 200 31825
144.76.36.47 - - [11/Oct/2021:03:16:25 -0500] "GET /BLA/resoluciones/RESOLUCIONES%202004/RESOLUCION%20448%20DE%202004.PDF HTTP/1.1" 200 322338
144.76.36.47 - - [11/Oct/2021:03:16:33 -0500] "GET /BLA/resoluciones/index.php?dir=RESOLUCIONES%202004/&sort=size&order=asc HTTP/1.1" 200 31825
144.76.36.43 - - [11/Oct/2021:03:16:35 -0500] "GET /BLA/resoluciones/AUTOS%202009/2855.pdf HTTP/1.1" 200 91040
201.245.192.253 - - [11/Oct/2021:03:16:42 -0500] "GET /catalogoisis/ HTTP/1.1" 200 8575
144.76.36.43 - - [11/Oct/2021:03:16:44 -0500] "GET /BLA/resoluciones/AUTOS%202009/1095.pdf HTTP/1.1" 200 98942
144.76.36.47 - - [11/Oct/2021:03:16:52 -0500] "GET /BLA/resoluciones/RESOLUCIONES%202004/RESOLUCION%20380%20DE%202004.PDF HTTP/1.1" 200 199336
144.76.36.47 - - [11/Oct/2021:03:17:01 -0500] "GET /BLA/resoluciones/RESOLUCIONES%202004/RESOLUCION%20197%20DE%202004.PDF HTTP/1.1" 200 878463
144.76.36.47 - - [11/Oct/2021:03:17:09 -0500] "GET /BLA/resoluciones/RESOLUCIONES%202004/1575.pdf HTTP/1.1" 200 58999
144.76.36.43 - - [11/Oct/2021:03:17:17 -0500] "GET /BLA/resoluciones/RESOLUCIONES%202004/RESOLUCION%201561%20DE%202004.PDF HTTP/1.1" 200 716287
144.76.36.47 - - [11/Oct/2021:03:17:25 -0500] "GET /BLA/resoluciones/index.php?dir=RESOLUCIONES+2004/RES+2004+551-600/ HTTP/1.1" 200 12047
144.76.36.43 - - [11/Oct/2021:03:17:26 -0500] "GET /BLA/resoluciones/AUTOS%202009/2925.pdf HTTP/1.1" 200 170599
144.76.36.43 - - [11/Oct/2021:03:17:34 -0500] "GET /BLA/resoluciones/RESOLUCIONES%202004/RESOLUCION%20316%20DE%202004.PDF HTTP/1.1" 200 744937
201.245.192.253 - - [11/Oct/2021:03:17:43 -0500] "GET /catalogoisis/ HTTP/1.1" 200 8575
144.76.36.43 - - [11/Oct/2021:03:17:43 -0500] "GET /BLA/resoluciones/AUTOS%202009/3190.pdf HTTP/1.1" 200 121076
144.76.36.43 - - [11/Oct/2021:03:17:51 -0500] "GET /BLA/resoluciones/AUTOS%202009/1590.pdf HTTP/1.1" 200 124513
144.76.36.47 - - [11/Oct/2021:03:17:59 -0500] "GET /BLA/resoluciones/index.php?dir=RESOLUCIONES+2004/RES+2004+1551-1600/ HTTP/1.1" 200 12345
144.76.36.43 - - [11/Oct/2021:03:18:03 -0500] "GET /BLA/resoluciones/RESOLUCIONES%202004/1360.pdf HTTP/1.1" 200 44687
144.76.36.47 - - [11/Oct/2021:03:18:11 -0500] "GET /BLA/resoluciones/RESOLUCIONES%202004/RESOLUCION%20449%20DE%202004.PDF HTTP/1.1" 200 214892
144.76.36.43 - - [11/Oct/2021:03:18:20 -0500] "GET /BLA/resoluciones/AUTOS%202009/2261.pdf HTTP/1.1" 200 123054
144.76.36.47 - - [11/Oct/2021:03:18:28 -0500] "GET /BLA/resoluciones/index.php?dir=RESOLUCIONES+2004/RES+2004+1501-1550/ HTTP/1.1" 200 12358
144.76.36.47 - - [11/Oct/2021:03:18:31 -0500] "GET /BLA/resoluciones/index.php?dir=RESOLUCIONES+2004/RES+2004+1851-1900/ HTTP/1.1" 200 12369
144.76.36.47 - - [11/Oct/2021:03:18:35 -0500] "GET /BLA/resoluciones/RESOLUCIONES%202004/0506.pdf HTTP/1.1" 200 53276
66.249.66.139 - - [11/Oct/2021:03:18:39 -0500] "-" 408 -
144.76.36.47 - - [11/Oct/2021:03:18:44 -0500] "GET /BLA/resoluciones/RESOLUCIONES%202004/RESOLUCION%20834%20DE%202004.PDF HTTP/1.1" 200 705171
201.245.192.253 - - [11/Oct/2021:03:18:44 -0500] "GET /catalogoisis/ HTTP/1.1" 200 8575
144.76.36.47 - - [11/Oct/2021:03:18:52 -0500] "GET /BLA/resoluciones/RESOLUCIONES%202004/RESOLUCION%20450%20DE%202004.PDF HTTP/1.1" 200 237360
144.76.36.47 - - [11/Oct/2021:03:19:00 -0500] "GET /BLA/resoluciones/RESOLUCIONES%202004/RESOLUCION%201728%20DE%202004.PDF HTTP/1.1" 200 525919
40.77.167.90 - - [11/Oct/2021:03:19:03 -0500] "GET /galeria/galeria/fotos/Humedal-la-conejera1G.jpg HTTP/1.1" 200 340987
144.76.36.47 - - [11/Oct/2021:03:19:08 -0500] "GET /BLA/resoluciones/RESOLUCIONES%202004/RESOLUCION%20683%20DE%202004.PDF HTTP/1.1" 200 358726
144.76.36.47 - - [11/Oct/2021:03:19:16 -0500] "GET /BLA/resoluciones/RESOLUCIONES%202004/1557.pdf HTTP/1.1" 200 209156
144.76.36.47 - - [11/Oct/2021:03:19:25 -0500] "GET /BLA/resoluciones/RESOLUCIONES%202004/RESOLUCION%201075%20DE%202004.PDF HTTP/1.1" 200 370085
144.76.36.47 - - [11/Oct/2021:03:19:33 -0500] "GET /BLA/resoluciones/index.php?dir=RESOLUCIONES+2004/RES+2004+2201-2250/ HTTP/1.1" 200 12358
144.76.36.47 - - [11/Oct/2021:03:19:38 -0500] "GET /BLA/resoluciones/index.php?dir=RESOLUCIONES+2004/RES+2004+1051-1100/ HTTP/1.1" 200 12164
216.245.221.92 - - [11/Oct/2021:03:19:40 -0500] "HEAD / HTTP/1.1" 200 -
144.76.36.47 - - [11/Oct/2021:03:19:41 -0500] "GET /BLA/resoluciones/RESOLUCIONES%202004/RESOLUCION%20676%20DE%202004.PDF HTTP/1.1" 200 861625
201.245.192.253 - - [11/Oct/2021:03:19:45 -0500] "GET /catalogoisis/ HTTP/1.1" 200 8575
144.76.36.47 - - [11/Oct/2021:03:19:49 -0500] "GET /BLA/resoluciones/RESOLUCIONES%202004/0316.pdf HTTP/1.1" 200 205770
144.76.36.47 - - [11/Oct/2021:03:19:58 -0500] "GET /BLA/resoluciones/RESOLUCIONES%202004/RESOLUCION%202227%20DE%202004.PDF HTTP/1.1" 200 1036954
144.76.36.47 - - [11/Oct/2021:03:20:06 -0500] "GET /BLA/resoluciones/index.php?dir=RESOLUCIONES+2004/RES+2004+1951-2000/ HTTP/1.1" 200 12355
144.76.36.47 - - [11/Oct/2021:03:20:11 -0500] "GET /BLA/resoluciones/index.php?dir=RESOLUCIONES+2004/RES+2004+651-700/ HTTP/1.1" 200 12049
144.76.36.47 - - [11/Oct/2021:03:20:14 -0500] "GET /BLA/resoluciones/index.php?dir=RESOLUCIONES%202004/&sort=name&order=desc HTTP/1.1" 200 31824
144.76.36.47 - - [11/Oct/2021:03:20:19 -0500] "GET /BLA/resoluciones/RESOLUCIONES%202004/1580.pdf HTTP/1.1" 200 108241
144.76.36.47 - - [11/Oct/2021:03:20:27 -0500] "GET /BLA/resoluciones/RESOLUCIONES%202004/0747.pdf HTTP/1.1" 200 290287
144.76.36.47 - - [11/Oct/2021:03:20:37 -0500] "GET /BLA/resoluciones/index.php?dir=RESOLUCIONES+2004/RES+2004+151-200/ HTTP/1.1" 200 12047
144.76.36.47 - - [11/Oct/2021:03:20:41 -0500] "GET /BLA/resoluciones/index.php?dir=RESOLUCIONES+2004/RES+2004+851-900/ HTTP/1.1" 200 12040
201.245.192.253 - - [11/Oct/2021:03:20:45 -0500] "GET /catalogoisis/ HTTP/1.1" 200 8575
144.76.36.47 - - [11/Oct/2021:03:20:46 -0500] "GET /BLA/resoluciones/RESOLUCIONES%202004/RESOLUCION%20156%20DE%202004.PDF HTTP/1.1" 200 947266
144.76.36.47 - - [11/Oct/2021:03:20:55 -0500] "GET /BLA/resoluciones/RESOLUCIONES%202004/0088.pdf HTTP/1.1" 200 77547
201.245.192.253 - - [11/Oct/2021:03:20:10 -0500] "POST /kwsrmcab/Wsrmcab HTTP/1.1" 200 48031
144.76.36.47 - - [11/Oct/2021:03:21:02 -0500] "GET /BLA/resoluciones/RESOLUCIONES%202004/RESOLUCION%201378%20DE%202004.PDF HTTP/1.1" 200 741322
201.245.192.253 - - [11/Oct/2021:03:20:57 -0500] "POST /kwsrmcab/Wsrmcab HTTP/1.1" 200 48500
201.245.192.253 - - [11/Oct/2021:03:21:46 -0500] "GET /catalogoisis/ HTTP/1.1" 200 8575
144.76.36.47 - - [11/Oct/2021:03:21:47 -0500] "GET /BLA/resoluciones/RESOLUCIONES%202004/RESOLUCION%201001%20DE%202004.PDF HTTP/1.1" 200 401977
144.76.36.47 - - [11/Oct/2021:03:21:56 -0500] "GET /BLA/resoluciones/RESOLUCIONES%202004/RESOLUCION%20747%20DE%202004.PDF HTTP/1.1" 200 1204491
144.76.36.47 - - [11/Oct/2021:03:21:59 -0500] "GET /BLA/resoluciones/index.php?dir=RESOLUCIONES+2004/RES+2004+1001-1050/ HTTP/1.1" 200 12169
144.76.36.47 - - [11/Oct/2021:03:22:03 -0500] "GET /BLA/resoluciones/RESOLUCIONES%202004/0113.pdf HTTP/1.1" 200 175623
144.76.36.47 - - [11/Oct/2021:03:22:12 -0500] "GET /BLA/resoluciones/index.php?dir=RESOLUCIONES+2004/RES+2004+1701-1750/ HTTP/1.1" 200 12358
144.76.36.47 - - [11/Oct/2021:03:22:15 -0500] "GET /BLA/resoluciones/index.php?dir=RESOLUCIONES+2004/RES+2004+2251-2300/ HTTP/1.1" 200 12363
144.76.36.47 - - [11/Oct/2021:03:22:19 -0500] "GET /BLA/resoluciones/RESOLUCIONES%202008/4276.pdf HTTP/1.1" 200 625474
144.76.36.47 - - [11/Oct/2021:03:22:28 -0500] "GET /BLA/resoluciones/RESOLUCIONES%202008/4490.pdf HTTP/1.1" 200 431096
144.76.36.47 - - [11/Oct/2021:03:22:37 -0500] "GET /BLA/resoluciones/RESOLUCIONES%202008/4569.pdf HTTP/1.1" 200 234914
66.249.83.203 - - [11/Oct/2021:03:22:38 -0500] "GET /BLA/boletinlegal/js/jquery.scrollShow.js HTTP/1.1" 200 4586
66.249.83.207 - - [11/Oct/2021:03:22:38 -0500] "GET /galeria/galeria/jquery.fancybox.js?v=2.1.5 HTTP/1.1" 200 48706
66.249.83.205 - - [11/Oct/2021:03:22:38 -0500] "GET /galeria/galeria/jquery.fancybox.css?v=2.1.5 HTTP/1.1" 200 4895
66.249.83.203 - - [11/Oct/2021:03:22:38 -0500] "GET /BLA/boletinlegal/js/jquery.scrollShow.js HTTP/1.1" 200 4586
66.249.83.203 - - [11/Oct/2021:03:22:38 -0500] "GET /galeria/galeria/jquery.fancybox.js?v=2.1.5 HTTP/1.1" 200 48706
66.249.83.205 - - [11/Oct/2021:03:22:38 -0500] "GET /galeria/galeria/jquery.fancybox.css?v=2.1.5 HTTP/1.1" 200 4895
66.249.83.203 - - [11/Oct/2021:03:22:38 -0500] "GET /BLA/boletinlegal/js/jquery.scrollShow.js HTTP/1.1" 200 4586
66.249.83.205 - - [11/Oct/2021:03:22:38 -0500] "GET /galeria/galeria/jquery.fancybox.js?v=2.1.5 HTTP/1.1" 200 48706
66.249.83.203 - - [11/Oct/2021:03:22:39 -0500] "GET /galeria/galeria/jquery.fancybox.css?v=2.1.5 HTTP/1.1" 200 4895
66.249.83.205 - - [11/Oct/2021:03:22:39 -0500] "GET /BLA/boletinlegal/js/jquery.scrollShow.js HTTP/1.1" 200 4586
66.249.83.205 - - [11/Oct/2021:03:22:39 -0500] "GET /galeria/galeria/jquery.fancybox.js?v=2.1.5 HTTP/1.1" 200 48706
66.249.83.203 - - [11/Oct/2021:03:22:39 -0500] "GET /galeria/galeria/jquery.fancybox.css?v=2.1.5 HTTP/1.1" 200 4895
66.249.83.203 - - [11/Oct/2021:03:22:39 -0500] "GET /BLA/boletinlegal/js/jquery.scrollShow.js HTTP/1.1" 200 4586
66.249.83.203 - - [11/Oct/2021:03:22:39 -0500] "GET /galeria/galeria/jquery.fancybox.js?v=2.1.5 HTTP/1.1" 200 48706
66.249.83.207 - - [11/Oct/2021:03:22:39 -0500] "GET /galeria/galeria/jquery.fancybox.css?v=2.1.5 HTTP/1.1" 200 4895
66.249.83.207 - - [11/Oct/2021:03:22:39 -0500] "GET /BLA/boletinlegal/js/jquery.scrollShow.js HTTP/1.1" 200 4586
66.249.83.205 - - [11/Oct/2021:03:22:39 -0500] "GET /galeria/galeria/jquery.fancybox.js?v=2.1.5 HTTP/1.1" 200 48706
66.249.83.205 - - [11/Oct/2021:03:22:39 -0500] "GET /galeria/galeria/jquery.fancybox.css?v=2.1.5 HTTP/1.1" 200 4895
64.233.172.35 - - [11/Oct/2021:03:22:39 -0500] "GET /BLA/boletinlegal/js/jquery.scrollShow.js HTTP/1.1" 200 4586
64.233.172.63 - - [11/Oct/2021:03:22:39 -0500] "GET /galeria/galeria/jquery.fancybox.js?v=2.1.5 HTTP/1.1" 200 48706
64.233.172.63 - - [11/Oct/2021:03:22:39 -0500] "GET /galeria/galeria/jquery.fancybox.css?v=2.1.5 HTTP/1.1" 200 4895
66.249.83.203 - - [11/Oct/2021:03:22:39 -0500] "GET /BLA/boletinlegal/js/jquery.scrollShow.js HTTP/1.1" 200 4586
66.249.83.207 - - [11/Oct/2021:03:22:40 -0500] "GET /galeria/galeria/jquery.fancybox.js?v=2.1.5 HTTP/1.1" 200 48706
66.249.83.205 - - [11/Oct/2021:03:22:40 -0500] "GET /galeria/galeria/jquery.fancybox.css?v=2.1.5 HTTP/1.1" 200 4895
64.233.172.35 - - [11/Oct/2021:03:22:40 -0500] "GET /BLA/boletinlegal/js/jquery.scrollShow.js HTTP/1.1" 200 4586
64.233.172.63 - - [11/Oct/2021:03:22:40 -0500] "GET /galeria/galeria/jquery.fancybox.css?v=2.1.5 HTTP/1.1" 200 4895
64.233.172.32 - - [11/Oct/2021:03:22:40 -0500] "GET /galeria/galeria/jquery.fancybox.js?v=2.1.5 HTTP/1.1" 200 48706
66.249.84.175 - - [11/Oct/2021:03:22:40 -0500] "GET /BLA/boletinlegal/js/jquery.scrollShow.js HTTP/1.1" 200 4586
66.249.84.175 - - [11/Oct/2021:03:22:40 -0500] "GET /galeria/galeria/jquery.fancybox.js?v=2.1.5 HTTP/1.1" 200 48706
66.249.83.205 - - [11/Oct/2021:03:22:40 -0500] "GET /BLA/boletinlegal/js/jquery.scrollShow.js HTTP/1.1" 200 4586
66.249.84.173 - - [11/Oct/2021:03:22:40 -0500] "GET /BLA/boletinlegal/js/jquery.scrollShow.js HTTP/1.1" 200 4586
66.249.83.203 - - [11/Oct/2021:03:22:40 -0500] "GET /galeria/galeria/jquery.fancybox.js?v=2.1.5 HTTP/1.1" 200 48706
66.249.84.175 - - [11/Oct/2021:03:22:40 -0500] "GET /galeria/galeria/jquery.fancybox.js?v=2.1.5 HTTP/1.1" 200 48706
66.249.83.205 - - [11/Oct/2021:03:22:40 -0500] "GET /galeria/galeria/jquery.fancybox.css?v=2.1.5 HTTP/1.1" 200 4895
64.233.172.32 - - [11/Oct/2021:03:22:40 -0500] "GET /BLA/boletinlegal/js/jquery.scrollShow.js HTTP/1.1" 200 4586
66.249.84.175 - - [11/Oct/2021:03:22:40 -0500] "GET /galeria/galeria/jquery.fancybox.css?v=2.1.5 HTTP/1.1" 200 4895
66.249.84.173 - - [11/Oct/2021:03:22:40 -0500] "GET /galeria/galeria/jquery.fancybox.css?v=2.1.5 HTTP/1.1" 200 4895
66.102.8.175 - - [11/Oct/2021:03:22:40 -0500] "GET /BLA/boletinlegal/js/jquery.scrollShow.js HTTP/1.1" 200 4586
64.233.172.35 - - [11/Oct/2021:03:22:40 -0500] "GET /galeria/galeria/jquery.fancybox.js?v=2.1.5 HTTP/1.1" 200 48706
64.233.172.63 - - [11/Oct/2021:03:22:40 -0500] "GET /galeria/galeria/jquery.fancybox.js?v=2.1.5 HTTP/1.1" 200 48706
66.102.8.177 - - [11/Oct/2021:03:22:40 -0500] "GET /galeria/galeria/jquery.fancybox.js?v=2.1.5 HTTP/1.1" 200 48706
66.249.83.203 - - [11/Oct/2021:03:22:41 -0500] "GET /BLA/boletinlegal/js/jquery.scrollShow.js HTTP/1.1" 200 4586
66.249.84.175 - - [11/Oct/2021:03:22:41 -0500] "GET /BLA/boletinlegal/js/jquery.scrollShow.js HTTP/1.1" 200 4586
64.233.172.32 - - [11/Oct/2021:03:22:41 -0500] "GET /BLA/boletinlegal/js/jquery.scrollShow.js HTTP/1.1" 200 4586
66.102.8.173 - - [11/Oct/2021:03:22:41 -0500] "GET /galeria/galeria/jquery.fancybox.css?v=2.1.5 HTTP/1.1" 200 4895
66.249.83.203 - - [11/Oct/2021:03:22:41 -0500] "GET /galeria/galeria/jquery.fancybox.js?v=2.1.5 HTTP/1.1" 200 48706
66.249.84.173 - - [11/Oct/2021:03:22:41 -0500] "GET /galeria/galeria/jquery.fancybox.js?v=2.1.5 HTTP/1.1" 200 48706
66.249.83.205 - - [11/Oct/2021:03:22:41 -0500] "GET /galeria/galeria/jquery.fancybox.css?v=2.1.5 HTTP/1.1" 200 4895
64.233.172.35 - - [11/Oct/2021:03:22:41 -0500] "GET /galeria/galeria/jquery.fancybox.css?v=2.1.5 HTTP/1.1" 200 4895
64.233.172.35 - - [11/Oct/2021:03:22:41 -0500] "GET /galeria/galeria/jquery.fancybox.css?v=2.1.5 HTTP/1.1" 200 4895
66.249.84.175 - - [11/Oct/2021:03:22:41 -0500] "GET /galeria/galeria/jquery.fancybox.css?v=2.1.5 HTTP/1.1" 200 4895
64.233.172.63 - - [11/Oct/2021:03:22:41 -0500] "GET /BLA/boletinlegal/js/jquery.scrollShow.js HTTP/1.1" 200 4586
64.233.172.32 - - [11/Oct/2021:03:22:41 -0500] "GET /BLA/boletinlegal/js/jquery.scrollShow.js HTTP/1.1" 200 4586
64.233.172.63 - - [11/Oct/2021:03:22:41 -0500] "GET /galeria/galeria/jquery.fancybox.css?v=2.1.5 HTTP/1.1" 200 4895
64.233.172.32 - - [11/Oct/2021:03:22:41 -0500] "GET /galeria/galeria/jquery.fancybox.js?v=2.1.5 HTTP/1.1" 200 48706
66.102.8.173 - - [11/Oct/2021:03:22:41 -0500] "GET /BLA/boletinlegal/js/jquery.scrollShow.js HTTP/1.1" 200 4586
64.233.172.32 - - [11/Oct/2021:03:22:41 -0500] "GET /galeria/galeria/jquery.fancybox.js?v=2.1.5 HTTP/1.1" 200 48706
66.249.84.173 - - [11/Oct/2021:03:22:41 -0500] "GET /BLA/boletinlegal/js/jquery.scrollShow.js HTTP/1.1" 200 4586
64.233.172.32 - - [11/Oct/2021:03:22:41 -0500] "GET /galeria/galeria/jquery.fancybox.css?v=2.1.5 HTTP/1.1" 200 4895
66.102.8.175 - - [11/Oct/2021:03:22:41 -0500] "GET /galeria/galeria/jquery.fancybox.css?v=2.1.5 HTTP/1.1" 200 4895
66.102.8.177 - - [11/Oct/2021:03:22:41 -0500] "GET /galeria/galeria/jquery.fancybox.js?v=2.1.5 HTTP/1.1" 200 48706
64.233.172.32 - - [11/Oct/2021:03:22:41 -0500] "GET /BLA/boletinlegal/js/jquery.scrollShow.js HTTP/1.1" 200 4586
66.249.83.207 - - [11/Oct/2021:03:22:41 -0500] "GET /BLA/boletinlegal/js/jquery.scrollShow.js HTTP/1.1" 200 4586
66.249.83.203 - - [11/Oct/2021:03:22:41 -0500] "GET /BLA/boletinlegal/js/jquery.scrollShow.js HTTP/1.1" 200 4586
66.249.83.205 - - [11/Oct/2021:03:22:41 -0500] "GET /galeria/galeria/jquery.fancybox.js?v=2.1.5 HTTP/1.1" 200 48706
66.249.83.203 - - [11/Oct/2021:03:22:41 -0500] "GET /galeria/galeria/jquery.fancybox.css?v=2.1.5 HTTP/1.1" 200 4895
64.233.172.35 - - [11/Oct/2021:03:22:41 -0500] "GET /BLA/boletinlegal/js/jquery.scrollShow.js HTTP/1.1" 200 4586
66.249.83.205 - - [11/Oct/2021:03:22:41 -0500] "GET /galeria/galeria/jquery.fancybox.css?v=2.1.5 HTTP/1.1" 200 4895
66.102.8.173 - - [11/Oct/2021:03:22:41 -0500] "GET /BLA/boletinlegal/js/jquery.scrollShow.js HTTP/1.1" 200 4586
64.233.172.35 - - [11/Oct/2021:03:22:41 -0500] "GET /BLA/boletinlegal/js/jquery.scrollShow.js HTTP/1.1" 200 4586
66.249.83.203 - - [11/Oct/2021:03:22:41 -0500] "GET /BLA/boletinlegal/js/jquery.scrollShow.js HTTP/1.1" 200 4586
66.249.83.205 - - [11/Oct/2021:03:22:41 -0500] "GET /galeria/galeria/jquery.fancybox.js?v=2.1.5 HTTP/1.1" 200 48706
64.233.172.32 - - [11/Oct/2021:03:22:41 -0500] "GET /galeria/galeria/jquery.fancybox.js?v=2.1.5 HTTP/1.1" 200 48706
64.233.172.32 - - [11/Oct/2021:03:22:41 -0500] "GET /BLA/boletinlegal/js/jquery.scrollShow.js HTTP/1.1" 200 4586
66.249.84.173 - - [11/Oct/2021:03:22:41 -0500] "GET /galeria/galeria/jquery.fancybox.js?v=2.1.5 HTTP/1.1" 200 48706
64.233.172.32 - - [11/Oct/2021:03:22:41 -0500] "GET /galeria/galeria/jquery.fancybox.js?v=2.1.5 HTTP/1.1" 200 48706
66.249.84.173 - - [11/Oct/2021:03:22:41 -0500] "GET /galeria/galeria/jquery.fancybox.css?v=2.1.5 HTTP/1.1" 200 4895
64.233.172.32 - - [11/Oct/2021:03:22:41 -0500] "GET /BLA/boletinlegal/js/jquery.scrollShow.js HTTP/1.1" 200 4586
64.233.172.35 - - [11/Oct/2021:03:22:41 -0500] "GET /galeria/galeria/jquery.fancybox.css?v=2.1.5 HTTP/1.1" 200 4895
66.249.83.207 - - [11/Oct/2021:03:22:41 -0500] "GET /galeria/galeria/jquery.fancybox.js?v=2.1.5 HTTP/1.1" 200 48706
64.233.172.63 - - [11/Oct/2021:03:22:41 -0500] "GET /galeria/galeria/jquery.fancybox.js?v=2.1.5 HTTP/1.1" 200 48706
66.249.83.203 - - [11/Oct/2021:03:22:41 -0500] "GET /BLA/boletinlegal/js/jquery.scrollShow.js HTTP/1.1" 200 4586
64.233.172.32 - - [11/Oct/2021:03:22:41 -0500] "GET /galeria/galeria/jquery.fancybox.js?v=2.1.5 HTTP/1.1" 200 48706
66.249.83.207 - - [11/Oct/2021:03:22:41 -0500] "GET /galeria/galeria/jquery.fancybox.css?v=2.1.5 HTTP/1.1" 200 4895
64.233.172.35 - - [11/Oct/2021:03:22:41 -0500] "GET /galeria/galeria/jquery.fancybox.css?v=2.1.5 HTTP/1.1" 200 4895
66.102.8.175 - - [11/Oct/2021:03:22:41 -0500] "GET /BLA/boletinlegal/js/jquery.scrollShow.js HTTP/1.1" 200 4586
66.102.8.177 - - [11/Oct/2021:03:22:41 -0500] "GET /BLA/boletinlegal/js/jquery.scrollShow.js HTTP/1.1" 200 4586
64.233.172.35 - - [11/Oct/2021:03:22:41 -0500] "GET /BLA/boletinlegal/js/jquery.scrollShow.js HTTP/1.1" 200 4586
64.233.172.32 - - [11/Oct/2021:03:22:41 -0500] "GET /galeria/galeria/jquery.fancybox.css?v=2.1.5 HTTP/1.1" 200 4895
66.249.83.205 - - [11/Oct/2021:03:22:41 -0500] "GET /galeria/galeria/jquery.fancybox.js?v=2.1.5 HTTP/1.1" 200 48706
66.249.83.205 - - [11/Oct/2021:03:22:41 -0500] "GET /galeria/galeria/jquery.fancybox.css?v=2.1.5 HTTP/1.1" 200 4895
66.249.83.203 - - [11/Oct/2021:03:22:41 -0500] "GET /BLA/boletinlegal/js/jquery.scrollShow.js HTTP/1.1" 200 4586
66.102.8.173 - - [11/Oct/2021:03:22:41 -0500] "GET /galeria/galeria/jquery.fancybox.css?v=2.1.5 HTTP/1.1" 200 4895
66.102.8.175 - - [11/Oct/2021:03:22:41 -0500] "GET /galeria/galeria/jquery.fancybox.js?v=2.1.5 HTTP/1.1" 200 48706
66.249.83.207 - - [11/Oct/2021:03:22:41 -0500] "GET /galeria/galeria/jquery.fancybox.css?v=2.1.5 HTTP/1.1" 200 4895
64.233.172.35 - - [11/Oct/2021:03:22:41 -0500] "GET /galeria/galeria/jquery.fancybox.css?v=2.1.5 HTTP/1.1" 200 4895
64.233.172.35 - - [11/Oct/2021:03:22:41 -0500] "GET /galeria/galeria/jquery.fancybox.js?v=2.1.5 HTTP/1.1" 200 48706
64.233.172.32 - - [11/Oct/2021:03:22:41 -0500] "GET /galeria/galeria/jquery.fancybox.js?v=2.1.5 HTTP/1.1" 200 48706
64.233.172.32 - - [11/Oct/2021:03:22:41 -0500] "GET /galeria/galeria/jquery.fancybox.css?v=2.1.5 HTTP/1.1" 200 4895
66.249.83.205 - - [11/Oct/2021:03:22:41 -0500] "GET /galeria/galeria/jquery.fancybox.js?v=2.1.5 HTTP/1.1" 200 48706
66.102.8.173 - - [11/Oct/2021:03:22:41 -0500] "GET /BLA/boletinlegal/js/jquery.scrollShow.js HTTP/1.1" 200 4586
66.102.8.173 - - [11/Oct/2021:03:22:41 -0500] "GET /BLA/boletinlegal/js/jquery.scrollShow.js HTTP/1.1" 200 4586
66.102.8.173 - - [11/Oct/2021:03:22:41 -0500] "GET /galeria/galeria/jquery.fancybox.js?v=2.1.5 HTTP/1.1" 200 48706
64.233.172.32 - - [11/Oct/2021:03:22:41 -0500] "GET /galeria/galeria/jquery.fancybox.css?v=2.1.5 HTTP/1.1" 200 4895
64.233.172.32 - - [11/Oct/2021:03:22:41 -0500] "GET /BLA/boletinlegal/js/jquery.scrollShow.js HTTP/1.1" 200 4586
66.102.8.175 - - [11/Oct/2021:03:22:41 -0500] "GET /galeria/galeria/jquery.fancybox.js?v=2.1.5 HTTP/1.1" 200 48706
64.233.172.35 - - [11/Oct/2021:03:22:41 -0500] "GET /BLA/boletinlegal/js/jquery.scrollShow.js HTTP/1.1" 200 4586
64.233.172.35 - - [11/Oct/2021:03:22:41 -0500] "GET /BLA/boletinlegal/js/jquery.scrollShow.js HTTP/1.1" 200 4586
66.102.8.173 - - [11/Oct/2021:03:22:41 -0500] "GET /galeria/galeria/jquery.fancybox.css?v=2.1.5 HTTP/1.1" 200 4895
66.102.8.173 - - [11/Oct/2021:03:22:41 -0500] "GET /BLA/boletinlegal/js/jquery.scrollShow.js HTTP/1.1" 200 4586
66.102.8.173 - - [11/Oct/2021:03:22:42 -0500] "GET /galeria/galeria/jquery.fancybox.css?v=2.1.5 HTTP/1.1" 200 4895
64.233.172.32 - - [11/Oct/2021:03:22:42 -0500] "GET /galeria/galeria/jquery.fancybox.css?v=2.1.5 HTTP/1.1" 200 4895
64.233.172.35 - - [11/Oct/2021:03:22:42 -0500] "GET /galeria/galeria/jquery.fancybox.js?v=2.1.5 HTTP/1.1" 200 48706
64.233.172.32 - - [11/Oct/2021:03:22:42 -0500] "GET /galeria/galeria/jquery.fancybox.js?v=2.1.5 HTTP/1.1" 200 48706
64.233.172.32 - - [11/Oct/2021:03:22:42 -0500] "GET /galeria/galeria/jquery.fancybox.js?v=2.1.5 HTTP/1.1" 200 48706
66.102.8.173 - - [11/Oct/2021:03:22:42 -0500] "GET /galeria/galeria/jquery.fancybox.css?v=2.1.5 HTTP/1.1" 200 4895
66.102.8.173 - - [11/Oct/2021:03:22:42 -0500] "GET /galeria/galeria/jquery.fancybox.js?v=2.1.5 HTTP/1.1" 200 48706
66.102.8.177 - - [11/Oct/2021:03:22:42 -0500] "GET /galeria/galeria/jquery.fancybox.js?v=2.1.5 HTTP/1.1" 200 48706
64.233.172.35 - - [11/Oct/2021:03:22:42 -0500] "GET /galeria/galeria/jquery.fancybox.css?v=2.1.5 HTTP/1.1" 200 4895
64.233.172.35 - - [11/Oct/2021:03:22:42 -0500] "GET /galeria/galeria/jquery.fancybox.css?v=2.1.5 HTTP/1.1" 200 4895
66.102.8.175 - - [11/Oct/2021:03:22:42 -0500] "GET /galeria/galeria/jquery.fancybox.js?v=2.1.5 HTTP/1.1" 200 48706
66.102.8.173 - - [11/Oct/2021:03:22:42 -0500] "GET /galeria/galeria/jquery.fancybox.js?v=2.1.5 HTTP/1.1" 200 48706
66.102.8.177 - - [11/Oct/2021:03:22:42 -0500] "GET /BLA/boletinlegal/js/jquery.scrollShow.js HTTP/1.1" 200 4586
66.102.8.173 - - [11/Oct/2021:03:22:42 -0500] "GET /galeria/galeria/jquery.fancybox.css?v=2.1.5 HTTP/1.1" 200 4895
66.102.8.177 - - [11/Oct/2021:03:22:42 -0500] "GET /galeria/galeria/jquery.fancybox.css?v=2.1.5 HTTP/1.1" 200 4895
66.102.8.173 - - [11/Oct/2021:03:22:42 -0500] "GET /galeria/galeria/jquery.fancybox.js?v=2.1.5 HTTP/1.1" 200 48706
66.102.8.175 - - [11/Oct/2021:03:22:42 -0500] "GET /BLA/boletinlegal/js/jquery.scrollShow.js HTTP/1.1" 200 4586
66.102.8.177 - - [11/Oct/2021:03:22:42 -0500] "GET /BLA/boletinlegal/js/jquery.scrollShow.js HTTP/1.1" 200 4586
66.102.8.175 - - [11/Oct/2021:03:22:42 -0500] "GET /galeria/galeria/jquery.fancybox.css?v=2.1.5 HTTP/1.1" 200 4895
66.102.8.175 - - [11/Oct/2021:03:22:42 -0500] "GET /galeria/galeria/jquery.fancybox.css?v=2.1.5 HTTP/1.1" 200 4895
66.102.8.177 - - [11/Oct/2021:03:22:42 -0500] "GET /galeria/galeria/jquery.fancybox.css?v=2.1.5 HTTP/1.1" 200 4895
64.233.172.35 - - [11/Oct/2021:03:22:42 -0500] "GET /BLA/boletinlegal/js/jquery.scrollShow.js HTTP/1.1" 200 4586
66.102.8.177 - - [11/Oct/2021:03:22:42 -0500] "GET /galeria/galeria/jquery.fancybox.js?v=2.1.5 HTTP/1.1" 200 48706
64.233.172.63 - - [11/Oct/2021:03:22:42 -0500] "GET /galeria/galeria/jquery.fancybox.js?v=2.1.5 HTTP/1.1" 200 48706
64.233.172.32 - - [11/Oct/2021:03:22:42 -0500] "GET /galeria/galeria/jquery.fancybox.css?v=2.1.5 HTTP/1.1" 200 4895
64.233.172.63 - - [11/Oct/2021:03:22:42 -0500] "GET /BLA/boletinlegal/js/jquery.scrollShow.js HTTP/1.1" 200 4586
66.102.8.177 - - [11/Oct/2021:03:22:42 -0500] "GET /BLA/boletinlegal/js/jquery.scrollShow.js HTTP/1.1" 200 4586
64.233.172.63 - - [11/Oct/2021:03:22:42 -0500] "GET /galeria/galeria/jquery.fancybox.js?v=2.1.5 HTTP/1.1" 200 48706
66.102.8.175 - - [11/Oct/2021:03:22:42 -0500] "GET /galeria/galeria/jquery.fancybox.js?v=2.1.5 HTTP/1.1" 200 48706
66.102.8.173 - - [11/Oct/2021:03:22:42 -0500] "GET /galeria/galeria/jquery.fancybox.css?v=2.1.5 HTTP/1.1" 200 4895
64.233.172.32 - - [11/Oct/2021:03:22:42 -0500] "GET /galeria/galeria/jquery.fancybox.css?v=2.1.5 HTTP/1.1" 200 4895
64.233.172.35 - - [11/Oct/2021:03:22:42 -0500] "GET /BLA/boletinlegal/js/jquery.scrollShow.js HTTP/1.1" 200 4586
64.233.172.32 - - [11/Oct/2021:03:22:42 -0500] "GET /galeria/galeria/jquery.fancybox.js?v=2.1.5 HTTP/1.1" 200 48706
64.233.172.63 - - [11/Oct/2021:03:22:42 -0500] "GET /galeria/galeria/jquery.fancybox.css?v=2.1.5 HTTP/1.1" 200 4895
64.233.172.35 - - [11/Oct/2021:03:22:43 -0500] "GET /galeria/carrusel/Carrusel/jquery.thumbnailScroller.css HTTP/1.1" 200 2066
64.233.172.63 - - [11/Oct/2021:03:22:43 -0500] "GET /galeria/carrusel/Carrusel/jquery-ui-1.8.13.custom.min.js HTTP/1.1" 200 10800
64.233.172.63 - - [11/Oct/2021:03:22:43 -0500] "GET /galeria/carrusel/Carrusel/jquery.thumbnailScroller.js HTTP/1.1" 200 8157
66.102.8.175 - - [11/Oct/2021:03:22:45 -0500] "GET /galeria/carrusel/Carrusel/jquery.thumbnailScroller.css HTTP/1.1" 200 2066
66.102.8.177 - - [11/Oct/2021:03:22:45 -0500] "GET /galeria/carrusel/Carrusel/jquery-ui-1.8.13.custom.min.js HTTP/1.1" 200 10800
66.102.8.177 - - [11/Oct/2021:03:22:45 -0500] "GET /galeria/carrusel/Carrusel/jquery.thumbnailScroller.js HTTP/1.1" 200 8157
144.76.36.47 - - [11/Oct/2021:03:22:45 -0500] "GET /BLA/resoluciones/RESOLUCIONES%202008/4833.pdf HTTP/1.1" 200 29003
66.102.8.175 - - [11/Oct/2021:03:22:46 -0500] "GET /galeria/nivo-slider/demo/banner.html HTTP/1.1" 200 5446
64.233.172.35 - - [11/Oct/2021:03:22:46 -0500] "GET /galeria/nivo-slider/demo/banner.html HTTP/1.1" 200 5446
64.233.172.32 - - [11/Oct/2021:03:22:46 -0500] "GET /galeria/nivo-slider/themes/pascal/pascal.css HTTP/1.1" 200 2258
64.233.172.35 - - [11/Oct/2021:03:22:46 -0500] "GET /galeria/nivo-slider/themes/default/default.css HTTP/1.1" 200 1569
66.102.8.173 - - [11/Oct/2021:03:22:46 -0500] "GET /galeria/nivo-slider/themes/default/default.css HTTP/1.1" 200 1569
64.233.172.35 - - [11/Oct/2021:03:22:46 -0500] "GET /galeria/nivo-slider/themes/orman/orman.css HTTP/1.1" 200 2152
64.233.172.63 - - [11/Oct/2021:03:22:46 -0500] "GET /galeria/nivo-slider/demo/style.css HTTP/1.1" 200 2222
66.102.8.177 - - [11/Oct/2021:03:22:46 -0500] "GET /galeria/nivo-slider/themes/pascal/pascal.css HTTP/1.1" 200 2258
64.233.172.32 - - [11/Oct/2021:03:22:46 -0500] "GET /galeria/nivo-slider/demo/images/bannertortuga_optimized.jpg HTTP/1.1" 200 39066
66.102.8.173 - - [11/Oct/2021:03:22:46 -0500] "GET /galeria/nivo-slider/themes/orman/orman.css HTTP/1.1" 200 2152
64.233.172.63 - - [11/Oct/2021:03:22:46 -0500] "GET /galeria/nivo-slider/nivo-slider.css HTTP/1.1" 200 1507
64.233.172.63 - - [11/Oct/2021:03:22:46 -0500] "GET /galeria/nivo-slider/demo/images/bannertrafico_optimized.jpg HTTP/1.1" 200 42578
64.233.172.63 - - [11/Oct/2021:03:22:46 -0500] "GET /galeria/nivo-slider/demo/images/Bannermujeresquereverdecen.jpg HTTP/1.1" 200 46558
64.233.172.35 - - [11/Oct/2021:03:22:47 -0500] "GET /galeria/nivo-slider/demo/images/Bannersedeelectronica.jpg HTTP/1.1" 200 40383
64.233.172.35 - - [11/Oct/2021:03:22:47 -0500] "GET /galeria/nivo-slider/demo/scripts/jquery-1.7.1.min.js HTTP/1.1" 200 93868
64.233.172.35 - - [11/Oct/2021:03:22:47 -0500] "GET /galeria/nivo-slider/demo/images/4Simple_Slider.png HTTP/1.1" 200 11722
66.102.8.175 - - [11/Oct/2021:03:22:47 -0500] "GET /galeria/nivo-slider/nivo-slider.css HTTP/1.1" 200 1507
66.102.8.175 - - [11/Oct/2021:03:22:47 -0500] "GET /galeria/nivo-slider/demo/style.css HTTP/1.1" 200 2222
64.233.172.35 - - [11/Oct/2021:03:22:47 -0500] "GET /galeria/nivo-slider/demo/images/banneraire2021.jpg HTTP/1.1" 200 265101
64.233.172.63 - - [11/Oct/2021:03:22:47 -0500] "GET /galeria/nivo-slider/jquery.nivo.slider.pack.js HTTP/1.1" 200 11561
66.102.8.177 - - [11/Oct/2021:03:22:47 -0500] "GET /galeria/nivo-slider/jquery.nivo.slider.pack.js HTTP/1.1" 200 11561
64.233.172.35 - - [11/Oct/2021:03:22:47 -0500] "GET /galeria/nivo-slider/demo/images/bannerrutaesperanza.jpg HTTP/1.1" 200 55560
64.233.172.32 - - [11/Oct/2021:03:22:47 -0500] "GET /galeria/nivo-slider/demo/images/banneraccionpopularcrr68.jpg HTTP/1.1" 200 51887
66.102.8.173 - - [11/Oct/2021:03:22:47 -0500] "GET /galeria/nivo-slider/demo/images/bannerrutaesperanza.jpg HTTP/1.1" 200 55560
201.245.192.253 - - [11/Oct/2021:03:22:47 -0500] "GET /catalogoisis/ HTTP/1.1" 200 8575
64.233.172.63 - - [11/Oct/2021:03:22:47 -0500] "GET /galeria/nivo-slider/demo/images/banneraccionpopular.jpeg HTTP/1.1" 200 41707
64.233.172.32 - - [11/Oct/2021:03:22:47 -0500] "GET /galeria/nivo-slider/demo/images/Bannerplasticosseptiembre.jpg HTTP/1.1" 200 45633
64.233.172.32 - - [11/Oct/2021:03:22:47 -0500] "GET /galeria/nivo-slider/demo/images/bannerclases2021.jpg HTTP/1.1" 200 68230
66.102.8.175 - - [11/Oct/2021:03:22:47 -0500] "GET /galeria/nivo-slider/demo/images/banneraire2021.jpg HTTP/1.1" 200 265101
64.233.172.32 - - [11/Oct/2021:03:22:47 -0500] "GET /galeria/nivo-slider/demo/images/bannerresiduoshospitalariosagosto.jpg HTTP/1.1" 200 36499
64.233.172.32 - - [11/Oct/2021:03:22:47 -0500] "GET /galeria/nivo-slider/demo/images/Bannerenvases.jpg HTTP/1.1" 200 37316
64.233.172.35 - - [11/Oct/2021:03:22:47 -0500] "GET /galeria/nivo-slider/demo/images/bannercapacitacionesbogota.jpg HTTP/1.1" 200 42416
64.233.172.63 - - [11/Oct/2021:03:22:47 -0500] "GET /galeria/nivo-slider/demo/images/Bannervirtualescanales.jpg HTTP/1.1" 200 174544
64.233.172.32 - - [11/Oct/2021:03:22:47 -0500] "GET /galeria/nivo-slider/themes/default/loading.gif HTTP/1.1" 200 1737
66.102.8.175 - - [11/Oct/2021:03:22:47 -0500] "GET /galeria/nivo-slider/demo/images/Bannermujeresquereverdecen.jpg HTTP/1.1" 200 46558
66.102.8.177 - - [11/Oct/2021:03:22:47 -0500] "GET /galeria/nivo-slider/demo/images/bannertrafico_optimized.jpg HTTP/1.1" 200 42578
66.102.8.173 - - [11/Oct/2021:03:22:47 -0500] "GET /galeria/nivo-slider/demo/images/Bannersedeelectronica.jpg HTTP/1.1" 200 40383
66.102.8.175 - - [11/Oct/2021:03:22:47 -0500] "GET /galeria/nivo-slider/demo/images/bannertortuga_optimized.jpg HTTP/1.1" 200 39066
66.102.8.173 - - [11/Oct/2021:03:22:47 -0500] "GET /galeria/nivo-slider/demo/scripts/jquery-1.7.1.min.js HTTP/1.1" 200 93868
66.102.8.177 - - [11/Oct/2021:03:22:47 -0500] "GET /galeria/nivo-slider/demo/images/bannerresiduoshospitalariosagosto.jpg HTTP/1.1" 200 36499
66.102.8.175 - - [11/Oct/2021:03:22:47 -0500] "GET /galeria/nivo-slider/demo/images/banneraccionpopularcrr68.jpg HTTP/1.1" 200 51887
66.102.8.175 - - [11/Oct/2021:03:22:47 -0500] "GET /galeria/nivo-slider/demo/images/banneraccionpopular.jpeg HTTP/1.1" 200 41707
66.102.8.177 - - [11/Oct/2021:03:22:48 -0500] "GET /galeria/nivo-slider/demo/images/Bannerplasticosseptiembre.jpg HTTP/1.1" 200 45633
66.102.8.175 - - [11/Oct/2021:03:22:48 -0500] "GET /galeria/nivo-slider/demo/images/bannerclases2021.jpg HTTP/1.1" 200 68230
66.102.8.177 - - [11/Oct/2021:03:22:48 -0500] "GET /galeria/nivo-slider/demo/images/bannercapacitacionesbogota.jpg HTTP/1.1" 200 42416
66.102.8.175 - - [11/Oct/2021:03:22:48 -0500] "GET /galeria/nivo-slider/demo/images/Bannervirtualescanales.jpg HTTP/1.1" 200 174544
66.102.8.175 - - [11/Oct/2021:03:22:48 -0500] "GET /galeria/nivo-slider/demo/images/4Simple_Slider.png HTTP/1.1" 200 11722
66.102.8.173 - - [11/Oct/2021:03:22:48 -0500] "GET /galeria/nivo-slider/demo/images/Bannerenvases.jpg HTTP/1.1" 200 37316
66.102.8.177 - - [11/Oct/2021:03:22:48 -0500] "GET /galeria/nivo-slider/themes/default/loading.gif HTTP/1.1" 200 1737
66.102.8.177 - - [11/Oct/2021:03:22:48 -0500] "GET /galeria/nivo-slider/themes/default/arrows.png HTTP/1.1" 200 824
66.102.8.173 - - [11/Oct/2021:03:22:48 -0500] "GET /galeria/nivo-slider/themes/default/bullets.png HTTP/1.1" 200 1281
64.233.172.32 - - [11/Oct/2021:03:22:49 -0500] "GET /galeria/nivo-slider/themes/default/arrows.png HTTP/1.1" 200 824
64.233.172.63 - - [11/Oct/2021:03:22:49 -0500] "GET /galeria/nivo-slider/themes/default/bullets.png HTTP/1.1" 200 1281
144.76.36.47 - - [11/Oct/2021:03:22:53 -0500] "GET /BLA/resoluciones/RESOLUCIONES%202008/1896.pdf HTTP/1.1" 200 196190
144.76.36.47 - - [11/Oct/2021:03:23:01 -0500] "GET /BLA/resoluciones/RESOLUCIONES%202008/3801.pdf HTTP/1.1" 200 359854
144.76.36.47 - - [11/Oct/2021:03:23:10 -0500] "GET /BLA/resoluciones/RESOLUCIONES%202008/2471.pdf HTTP/1.1" 200 493307
144.76.36.47 - - [11/Oct/2021:03:23:19 -0500] "GET /BLA/resoluciones/RESOLUCIONES%202008/0773.pdf HTTP/1.1" 200 237632
144.76.36.47 - - [11/Oct/2021:03:23:27 -0500] "GET /BLA/resoluciones/RESOLUCIONES%202008/0953.pdf HTTP/1.1" 200 293944
144.76.36.47 - - [11/Oct/2021:03:23:35 -0500] "GET /BLA/resoluciones/RESOLUCIONES%202008/5389.pdf HTTP/1.1" 200 216759
201.206.191.170 - - [11/Oct/2021:03:23:42 -0500] "GET /galeria/galeria/jquery.fancybox.css?v=2.1.5 HTTP/1.1" 200 4895
201.206.191.170 - - [11/Oct/2021:03:23:42 -0500] "GET /galeria/galeria/jquery.fancybox.js?v=2.1.5 HTTP/1.1" 200 48706
201.206.191.170 - - [11/Oct/2021:03:23:42 -0500] "GET /BLA/boletinlegal/js/jquery.scrollShow.js HTTP/1.1" 200 4586
144.76.36.47 - - [11/Oct/2021:03:23:43 -0500] "GET /BLA/resoluciones/RESOLUCIONES%202008/3989.pdf HTTP/1.1" 200 814078
201.245.192.253 - - [11/Oct/2021:03:23:48 -0500] "GET /catalogoisis/ HTTP/1.1" 200 8575
144.76.36.47 - - [11/Oct/2021:03:23:53 -0500] "GET /BLA/resoluciones/RESOLUCIONES%202008/5194.pdf HTTP/1.1" 200 327293
144.76.36.47 - - [11/Oct/2021:03:24:01 -0500] "GET /BLA/resoluciones/RESOLUCIONES%202008/1665.pdf HTTP/1.1" 200 204850
144.76.36.47 - - [11/Oct/2021:03:24:10 -0500] "GET /BLA/resoluciones/RESOLUCIONES%202008/4931.pdf HTTP/1.1" 200 319682
144.76.36.47 - - [11/Oct/2021:03:24:18 -0500] "GET /BLA/resoluciones/RESOLUCIONES%202008/4852.pdf HTTP/1.1" 200 45214
144.76.36.47 - - [11/Oct/2021:03:24:26 -0500] "GET /BLA/resoluciones/RESOLUCIONES%202008/0741.pdf HTTP/1.1" 200 138241
144.76.36.47 - - [11/Oct/2021:03:24:34 -0500] "GET /BLA/resoluciones/RESOLUCIONES%202008/1645.pdf HTTP/1.1" 200 230752
216.245.221.92 - - [11/Oct/2021:03:24:40 -0500] "HEAD / HTTP/1.1" 200 -
144.76.36.47 - - [11/Oct/2021:03:24:42 -0500] "GET /BLA/resoluciones/RESOLUCIONES%202008/5334.pdf HTTP/1.1" 200 49064
201.245.192.253 - - [11/Oct/2021:03:24:01 -0500] "POST /kwsrmcab/Wsrmcab HTTP/1.1" 200 123102
201.245.192.253 - - [11/Oct/2021:03:24:49 -0500] "GET /catalogoisis/ HTTP/1.1" 200 8575
144.76.36.47 - - [11/Oct/2021:03:24:50 -0500] "GET /BLA/resoluciones/RESOLUCIONES%202008/2035.pdf HTTP/1.1" 200 270524
144.76.36.47 - - [11/Oct/2021:03:24:59 -0500] "GET /BLA/resoluciones/RESOLUCIONES%202008/2298.pdf HTTP/1.1" 200 366799
144.76.36.47 - - [11/Oct/2021:03:25:07 -0500] "GET /BLA/resoluciones/RESOLUCIONES%202004/RESOLUCION%202130%20DE%202004.PDF HTTP/1.1" 200 603358
144.76.36.47 - - [11/Oct/2021:03:25:15 -0500] "GET /BLA/resoluciones/RESOLUCIONES%202008/1089.pdf HTTP/1.1" 200 297000
144.76.36.47 - - [11/Oct/2021:03:25:23 -0500] "GET /BLA/resoluciones/RESOLUCIONES%202008/1175.pdf HTTP/1.1" 200 252987
144.76.36.47 - - [11/Oct/2021:03:25:32 -0500] "GET /BLA/resoluciones/RESOLUCIONES%202008/4197.pdf HTTP/1.1" 200 647548
144.76.36.47 - - [11/Oct/2021:03:25:40 -0500] "GET /BLA/resoluciones/RESOLUCIONES%202008/4217.pdf HTTP/1.1" 200 451392
201.245.192.253 - - [11/Oct/2021:03:25:48 -0500] "GET /catalogoisis/ HTTP/1.1" 200 8575
144.76.36.47 - - [11/Oct/2021:03:25:49 -0500] "GET /BLA/resoluciones/RESOLUCIONES%202008/0388.pdf HTTP/1.1" 200 793423
144.76.36.47 - - [11/Oct/2021:03:25:58 -0500] "GET /BLA/resoluciones/RESOLUCIONES%202008/5474.pdf HTTP/1.1" 200 287594
144.76.36.47 - - [11/Oct/2021:03:26:06 -0500] "GET /BLA/resoluciones/RESOLUCIONES%202008/0350.pdf HTTP/1.1" 200 299343
144.76.36.47 - - [11/Oct/2021:03:26:15 -0500] "GET /BLA/resoluciones/RESOLUCIONES%202008/1789.pdf HTTP/1.1" 200 262917
144.76.36.47 - - [11/Oct/2021:03:26:23 -0500] "GET /BLA/resoluciones/RESOLUCIONES%202008/4131.pdf HTTP/1.1" 200 447417
144.76.36.47 - - [11/Oct/2021:03:26:32 -0500] "GET /BLA/resoluciones/RESOLUCIONES%202008/2963.pdf HTTP/1.1" 200 331704
144.76.36.47 - - [11/Oct/2021:03:26:41 -0500] "GET /BLA/resoluciones/RESOLUCIONES%202008/0381.pdf HTTP/1.1" 200 324305
144.76.36.47 - - [11/Oct/2021:03:26:49 -0500] "GET /BLA/resoluciones/RESOLUCIONES%202008/1172.pdf HTTP/1.1" 200 247801
201.245.192.253 - - [11/Oct/2021:03:26:49 -0500] "GET /catalogoisis/ HTTP/1.1" 200 8575
144.76.36.47 - - [11/Oct/2021:03:26:57 -0500] "GET /BLA/resoluciones/RESOLUCIONES%202008/0588.pdf HTTP/1.1" 200 308807
144.76.36.47 - - [11/Oct/2021:03:27:05 -0500] "GET /BLA/resoluciones/RESOLUCIONES%202008/0554.pdf HTTP/1.1" 200 96151
144.76.36.47 - - [11/Oct/2021:03:27:13 -0500] "GET /BLA/resoluciones/RESOLUCIONES%202008/1728.pdf HTTP/1.1" 200 343215
144.76.36.47 - - [11/Oct/2021:03:27:22 -0500] "GET /BLA/resoluciones/RESOLUCIONES%202008/4687.pdf HTTP/1.1" 200 209749
144.76.36.47 - - [11/Oct/2021:03:27:31 -0500] "GET /BLA/resoluciones/RESOLUCIONES%202008/2057.pdf HTTP/1.1" 200 211572
144.76.36.47 - - [11/Oct/2021:03:27:39 -0500] "GET /BLA/resoluciones/RESOLUCIONES%202008/4560.pdf HTTP/1.1" 200 332703
144.76.36.47 - - [11/Oct/2021:03:27:47 -0500] "GET /BLA/resoluciones/RESOLUCIONES%202008/2043.pdf HTTP/1.1" 200 580928
201.245.192.253 - - [11/Oct/2021:03:27:50 -0500] "GET /catalogoisis/ HTTP/1.1" 200 8575
144.76.36.47 - - [11/Oct/2021:03:27:56 -0500] "GET /BLA/resoluciones/RESOLUCIONES%202008/0686.pdf HTTP/1.1" 200 48694
144.76.36.47 - - [11/Oct/2021:03:28:05 -0500] "GET /BLA/resoluciones/RESOLUCIONES%202008/5546.pdf HTTP/1.1" 200 183012
144.76.36.47 - - [11/Oct/2021:03:28:13 -0500] "GET /BLA/resoluciones/RESOLUCIONES%202008/0546.pdf HTTP/1.1" 200 266403
144.76.36.47 - - [11/Oct/2021:03:28:21 -0500] "GET /BLA/resoluciones/RESOLUCIONES%202008/3119.pdf HTTP/1.1" 200 138472
144.76.36.47 - - [11/Oct/2021:03:28:29 -0500] "GET /BLA/resoluciones/RESOLUCIONES%202008/3443.pdf HTTP/1.1" 200 232406
144.76.36.47 - - [11/Oct/2021:03:28:37 -0500] "GET /BLA/resoluciones/RESOLUCIONES%202008/3678.pdf HTTP/1.1" 200 846155
144.76.36.47 - - [11/Oct/2021:03:28:46 -0500] "GET /BLA/resoluciones/RESOLUCIONES%202008/5435.pdf HTTP/1.1" 200 268319
201.245.192.253 - - [11/Oct/2021:03:28:51 -0500] "GET /catalogoisis/ HTTP/1.1" 200 8575
144.76.36.47 - - [11/Oct/2021:03:28:54 -0500] "GET /BLA/resoluciones/RESOLUCIONES%202008/1812.pdf HTTP/1.1" 200 237946
144.76.36.47 - - [11/Oct/2021:03:29:02 -0500] "GET /BLA/resoluciones/RESOLUCIONES%202008/3034.pdf HTTP/1.1" 200 167238
144.76.36.47 - - [11/Oct/2021:03:29:10 -0500] "GET /BLA/resoluciones/RESOLUCIONES%202008/3036.pdf HTTP/1.1" 200 406639
144.76.36.47 - - [11/Oct/2021:03:29:19 -0500] "GET /BLA/resoluciones/RESOLUCIONES%202008/0110.pdf HTTP/1.1" 200 14877
144.76.36.47 - - [11/Oct/2021:03:29:26 -0500] "GET /BLA/resoluciones/RESOLUCIONES%202008/2078.pdf HTTP/1.1" 200 215402
144.76.36.47 - - [11/Oct/2021:03:29:35 -0500] "GET /BLA/resoluciones/RESOLUCIONES%202008/3909.pdf HTTP/1.1" 200 147736
216.245.221.92 - - [11/Oct/2021:03:29:40 -0500] "HEAD / HTTP/1.1" 200 -
144.76.36.47 - - [11/Oct/2021:03:29:43 -0500] "GET /BLA/resoluciones/RESOLUCIONES%202008/2958.pdf HTTP/1.1" 200 238241
144.76.36.47 - - [11/Oct/2021:03:29:51 -0500] "GET /BLA/resoluciones/RESOLUCIONES%202008/4243.pdf HTTP/1.1" 200 346443
201.245.192.253 - - [11/Oct/2021:03:29:52 -0500] "GET /catalogoisis/ HTTP/1.1" 200 8575
144.76.36.47 - - [11/Oct/2021:03:30:00 -0500] "GET /BLA/resoluciones/RESOLUCIONES%202008/5190.pdf HTTP/1.1" 200 1073357
144.76.36.47 - - [11/Oct/2021:03:30:04 -0500] "GET /BLA/resoluciones/RESOLUCIONES%202008/5084.pdf HTTP/1.1" 200 195957
144.76.36.47 - - [11/Oct/2021:03:30:12 -0500] "GET /BLA/resoluciones/RESOLUCIONES%202008/4987.pdf HTTP/1.1" 200 383031
144.76.36.47 - - [11/Oct/2021:03:30:21 -0500] "GET /BLA/resoluciones/RESOLUCIONES%202008/0421.pdf HTTP/1.1" 200 299856
144.76.36.47 - - [11/Oct/2021:03:30:30 -0500] "GET /BLA/resoluciones/RESOLUCIONES%202008/2064.pdf HTTP/1.1" 200 382489
144.76.36.47 - - [11/Oct/2021:03:30:38 -0500] "GET /BLA/resoluciones/RESOLUCIONES%202008/3208.pdf HTTP/1.1" 200 213753
144.76.36.47 - - [11/Oct/2021:03:30:46 -0500] "GET /BLA/resoluciones/RESOLUCIONES%202008/4655.pdf HTTP/1.1" 200 529571
66.249.66.139 - - [11/Oct/2021:03:30:49 -0500] "-" 408 -
201.245.192.253 - - [11/Oct/2021:03:30:52 -0500] "GET /catalogoisis/ HTTP/1.1" 200 8575
144.76.36.47 - - [11/Oct/2021:03:30:55 -0500] "GET /BLA/resoluciones/RESOLUCIONES%202008/4107.pdf HTTP/1.1" 200 955385
201.245.192.253 - - [11/Oct/2021:03:30:10 -0500] "POST /kwsrmcab/Wsrmcab HTTP/1.1" 200 48031
144.76.36.47 - - [11/Oct/2021:03:31:03 -0500] "GET /BLA/resoluciones/RESOLUCIONES%202008/0085.pdf HTTP/1.1" 200 1168463
144.76.36.47 - - [11/Oct/2021:03:31:07 -0500] "GET /BLA/resoluciones/RESOLUCIONES%202008/0840.pdf HTTP/1.1" 200 422596
144.76.36.47 - - [11/Oct/2021:03:31:15 -0500] "GET /BLA/resoluciones/RESOLUCIONES%202008/3795.pdf HTTP/1.1" 200 228061
144.76.36.47 - - [11/Oct/2021:03:31:23 -0500] "GET /BLA/resoluciones/RESOLUCIONES%202008/2496.pdf HTTP/1.1" 200 170505
144.76.36.47 - - [11/Oct/2021:03:31:32 -0500] "GET /BLA/resoluciones/RESOLUCIONES%202008/2461.pdf HTTP/1.1" 200 244913
144.76.36.47 - - [11/Oct/2021:03:31:40 -0500] "GET /BLA/resoluciones/RESOLUCIONES%202008/5247.pdf HTTP/1.1" 200 331275
201.245.192.253 - - [11/Oct/2021:03:30:57 -0500] "POST /kwsrmcab/Wsrmcab HTTP/1.1" 200 48500
144.76.36.47 - - [11/Oct/2021:03:31:48 -0500] "GET /BLA/resoluciones/RESOLUCIONES%202008/3937.pdf HTTP/1.1" 200 498550
201.245.192.253 - - [11/Oct/2021:03:31:52 -0500] "GET /catalogoisis/ HTTP/1.1" 200 8575
