161.18.221.23 - - [01/Nov/2021:18:48:16 -0500] "GET /sipse/faces/javax.faces.resource/layout/layout.js?ln=primefaces&v=4.0 HTTP/1.1" 304 -
161.18.221.23 - - [01/Nov/2021:18:48:16 -0500] "GET /reportes_sipse/sdg/ServletReporte?reporte=solicitud_cdp&Solicitud=15545&pfdrid_c=false HTTP/1.1" 200 114339
188.40.73.202 - - [01/Nov/2021:18:48:24 -0500] "GET /BLA/resoluciones/RESOLUCIONES%202018/1708.pdf HTTP/1.1" 200 286920
161.18.221.23 - - [01/Nov/2021:18:48:23 -0500] "POST /sipse/faces/presentacion/financiero/solicitudProceso/consultarSolicitudProceso.xhtml HTTP/1.1" 200 9554488
201.245.192.253 - - [01/Nov/2021:18:48:34 -0500] "GET /catalogoisis/ HTTP/1.1" 200 8575
188.40.73.202 - - [01/Nov/2021:18:48:57 -0500] "GET /BLA/resoluciones/RESOLUCIONES%202018/4193.pdf HTTP/1.1" 200 600586
188.40.73.202 - - [01/Nov/2021:18:49:31 -0500] "GET /BLA/resoluciones/RESOLUCIONES%202018/0832.pdf HTTP/1.1" 200 3020489
201.245.192.253 - - [01/Nov/2021:18:49:35 -0500] "GET /catalogoisis/ HTTP/1.1" 200 8575
188.40.73.202 - - [01/Nov/2021:18:49:57 -0500] "GET /BLA/resoluciones/RESOLUCIONES%202018/0063.pdf HTTP/1.1" 200 475794
161.18.221.23 - - [01/Nov/2021:18:49:57 -0500] "POST /sipse/faces/presentacion/financiero/solicitudProceso/consultarSolicitudProceso.xhtml HTTP/1.1" 200 3440382
186.84.22.203 - - [01/Nov/2021:18:50:09 -0500] "GET /galeria/galeria/jquery.fancybox.css?v=2.1.5 HTTP/1.1" 200 4895
186.84.22.203 - - [01/Nov/2021:18:50:09 -0500] "GET /BLA/boletinlegal/js/jquery.scrollShow.js HTTP/1.1" 200 4586
186.84.22.203 - - [01/Nov/2021:18:50:09 -0500] "GET /galeria/galeria/jquery.fancybox.js?v=2.1.5 HTTP/1.1" 200 48706
186.84.22.203 - - [01/Nov/2021:18:50:25 -0500] "GET /galeria/carrusel/Carrusel/jquery.thumbnailScroller.css HTTP/1.1" 200 2066
186.84.22.203 - - [01/Nov/2021:18:50:26 -0500] "GET /galeria/carrusel/Carrusel/jquery-ui-1.8.13.custom.min.js HTTP/1.1" 200 10800
186.84.22.203 - - [01/Nov/2021:18:50:26 -0500] "GET /galeria/carrusel/Carrusel/jquery.thumbnailScroller.js HTTP/1.1" 200 8157
188.40.73.202 - - [01/Nov/2021:18:50:26 -0500] "GET /BLA/resoluciones/RESOLUCIONES%202018/3572.pdf HTTP/1.1" 200 247895
201.245.192.253 - - [01/Nov/2021:18:50:35 -0500] "GET /catalogoisis/ HTTP/1.1" 200 8575
161.18.221.23 - - [01/Nov/2021:18:50:35 -0500] "POST /sipse/faces/presentacion/financiero/solicitudProceso/consultarSolicitudProceso.xhtml HTTP/1.1" 200 59075
161.18.221.23 - - [01/Nov/2021:18:50:36 -0500] "GET /sipse/faces/javax.faces.resource/theme.css?ln=primefaces-sipse HTTP/1.1" 304 -
161.18.221.23 - - [01/Nov/2021:18:50:36 -0500] "GET /sipse/faces/javax.faces.resource/primefaces.css?ln=primefaces&v=4.0 HTTP/1.1" 304 -
161.18.221.23 - - [01/Nov/2021:18:50:36 -0500] "GET /sipse/faces/javax.faces.resource/jquery/jquery.js?ln=primefaces&v=4.0 HTTP/1.1" 304 -
161.18.221.23 - - [01/Nov/2021:18:50:36 -0500] "GET /sipse/faces/javax.faces.resource/layout/layout.css?ln=primefaces&v=4.0 HTTP/1.1" 304 -
161.18.221.23 - - [01/Nov/2021:18:50:36 -0500] "GET /sipse/faces/javax.faces.resource/jquery/jquery-plugins.js?ln=primefaces&v=4.0 HTTP/1.1" 304 -
161.18.221.23 - - [01/Nov/2021:18:50:36 -0500] "GET /sipse/faces/javax.faces.resource/primefaces.js?ln=primefaces&v=4.0 HTTP/1.1" 304 -
161.18.221.23 - - [01/Nov/2021:18:50:36 -0500] "GET /sipse/faces/javax.faces.resource/layout/layout.js?ln=primefaces&v=4.0 HTTP/1.1" 304 -
161.18.221.23 - - [01/Nov/2021:18:50:36 -0500] "POST /sipse/faces/presentacion/financiero/solicitudProceso/listarSolicitudProceso.xhtml HTTP/1.1" 200 52461
161.18.221.23 - - [01/Nov/2021:18:50:36 -0500] "POST /sipse/faces/presentacion/financiero/solicitudProceso/listarSolicitudProceso.xhtml HTTP/1.1" 200 52461
161.18.221.23 - - [01/Nov/2021:18:50:36 -0500] "POST /sipse/faces/presentacion/financiero/solicitudProceso/listarSolicitudProceso.xhtml HTTP/1.1" 200 1448
161.18.221.23 - - [01/Nov/2021:18:50:37 -0500] "POST /sipse/faces/presentacion/financiero/solicitudProceso/listarSolicitudProceso.xhtml HTTP/1.1" 200 1448
161.18.221.23 - - [01/Nov/2021:18:50:37 -0500] "POST /sipse/faces/presentacion/financiero/solicitudProceso/listarSolicitudProceso.xhtml HTTP/1.1" 200 1452
100.38.252.123 - - [01/Nov/2021:18:50:38 -0500] "GET /secretaria-de-ambiente-abre-convocatoria-para-que-empresas-de-bogota-sean-mas-sostenibles.html?fbclid=IwAR1oWr8bIBUJD5C8Cuhk7-Z9NDqFcw79Ph_QUfJngiEvXkKKM_aYvJJW5r0 HTTP/1.1" 200 907
161.18.221.23 - - [01/Nov/2021:18:50:41 -0500] "POST /sipse/faces/presentacion/financiero/solicitudProceso/listarSolicitudProceso.xhtml HTTP/1.1" 200 30307
186.84.22.203 - - [01/Nov/2021:18:50:42 -0500] "GET /galeria/nivo-slider/demo/banner.html HTTP/1.1" 200 5446
186.84.22.203 - - [01/Nov/2021:18:50:42 -0500] "GET /galeria/nivo-slider/themes/default/default.css HTTP/1.1" 200 1569
186.84.22.203 - - [01/Nov/2021:18:50:42 -0500] "GET /galeria/nivo-slider/themes/pascal/pascal.css HTTP/1.1" 200 2258
186.84.22.203 - - [01/Nov/2021:18:50:42 -0500] "GET /galeria/nivo-slider/themes/orman/orman.css HTTP/1.1" 200 2152
186.84.22.203 - - [01/Nov/2021:18:50:42 -0500] "GET /galeria/nivo-slider/nivo-slider.css HTTP/1.1" 200 1507
186.84.22.203 - - [01/Nov/2021:18:50:42 -0500] "GET /galeria/nivo-slider/demo/style.css HTTP/1.1" 200 2222
186.84.22.203 - - [01/Nov/2021:18:50:42 -0500] "GET /galeria/nivo-slider/demo/scripts/jquery-1.7.1.min.js HTTP/1.1" 200 93868
186.84.22.203 - - [01/Nov/2021:18:50:42 -0500] "GET /galeria/nivo-slider/jquery.nivo.slider.pack.js HTTP/1.1" 200 11561
186.84.22.203 - - [01/Nov/2021:18:50:42 -0500] "GET /galeria/nivo-slider/demo/images/bannertortuga_optimized.jpg HTTP/1.1" 200 39066
186.84.22.203 - - [01/Nov/2021:18:50:42 -0500] "GET /galeria/nivo-slider/demo/images/Bannermujeresquereverdecen.jpg HTTP/1.1" 200 46558
186.84.22.203 - - [01/Nov/2021:18:50:42 -0500] "GET /galeria/nivo-slider/demo/images/bannertrafico_optimized.jpg HTTP/1.1" 200 42578
186.84.22.203 - - [01/Nov/2021:18:50:42 -0500] "GET /galeria/nivo-slider/demo/images/Bannersedeelectronica.jpg HTTP/1.1" 200 40383
186.84.22.203 - - [01/Nov/2021:18:50:42 -0500] "GET /galeria/nivo-slider/demo/images/bannerrutaesperanza.jpg HTTP/1.1" 200 55560
186.84.22.203 - - [01/Nov/2021:18:50:42 -0500] "GET /galeria/nivo-slider/demo/images/banneraire2021.jpg HTTP/1.1" 200 265101
186.84.22.203 - - [01/Nov/2021:18:50:42 -0500] "GET /galeria/nivo-slider/themes/default/loading.gif HTTP/1.1" 200 1737
186.84.22.203 - - [01/Nov/2021:18:50:42 -0500] "GET /galeria/nivo-slider/demo/images/4Simple_Slider.png HTTP/1.1" 200 11722
186.84.22.203 - - [01/Nov/2021:18:50:42 -0500] "GET /galeria/nivo-slider/demo/images/Bannerplasticosseptiembre.jpg HTTP/1.1" 200 45633
186.84.22.203 - - [01/Nov/2021:18:50:42 -0500] "GET /galeria/nivo-slider/demo/images/bannerresiduoshospitalariosagosto.jpg HTTP/1.1" 200 36499
186.84.22.203 - - [01/Nov/2021:18:50:42 -0500] "GET /galeria/nivo-slider/demo/images/banneraccionpopularcrr68.jpg HTTP/1.1" 200 51887
186.84.22.203 - - [01/Nov/2021:18:50:42 -0500] "GET /galeria/nivo-slider/demo/images/banneraccionpopular.jpeg HTTP/1.1" 200 41707
186.84.22.203 - - [01/Nov/2021:18:50:43 -0500] "GET /galeria/nivo-slider/demo/images/bannerclases2021.jpg HTTP/1.1" 200 68230
186.84.22.203 - - [01/Nov/2021:18:50:43 -0500] "GET /galeria/nivo-slider/demo/images/bannercapacitacionesbogota.jpg HTTP/1.1" 200 42416
186.84.22.203 - - [01/Nov/2021:18:50:43 -0500] "GET /galeria/nivo-slider/demo/images/Bannerenvases.jpg HTTP/1.1" 200 37316
186.84.22.203 - - [01/Nov/2021:18:50:43 -0500] "GET /galeria/nivo-slider/demo/images/Bannervirtualescanales.jpg HTTP/1.1" 200 174544
216.245.221.92 - - [01/Nov/2021:18:50:44 -0500] "HEAD / HTTP/1.1" 200 -
186.84.22.203 - - [01/Nov/2021:18:50:44 -0500] "GET /galeria/nivo-slider/themes/default/arrows.png HTTP/1.1" 200 824
186.84.22.203 - - [01/Nov/2021:18:50:44 -0500] "GET /galeria/nivo-slider/themes/default/bullets.png HTTP/1.1" 200 1281
188.40.73.202 - - [01/Nov/2021:18:50:56 -0500] "GET /BLA/resoluciones/RESOLUCIONES%202018/0716.pdf HTTP/1.1" 200 406676
188.40.73.202 - - [01/Nov/2021:18:51:22 -0500] "GET /BLA/resoluciones/RESOLUCIONES%202018/1840.pdf HTTP/1.1" 200 278647
201.245.192.253 - - [01/Nov/2021:18:51:35 -0500] "GET /catalogoisis/ HTTP/1.1" 200 8575
188.40.73.202 - - [01/Nov/2021:18:51:44 -0500] "GET /BLA/resoluciones/RESOLUCIONES%202018/2015.pdf HTTP/1.1" 200 281261
161.18.221.23 - - [01/Nov/2021:18:51:59 -0500] "POST /sipse/faces/presentacion/financiero/solicitudProceso/listarSolicitudProceso.xhtml HTTP/1.1" 200 30740
188.40.73.202 - - [01/Nov/2021:18:52:02 -0500] "GET /BLA/resoluciones/RESOLUCIONES%202018/1341.pdf HTTP/1.1" 200 510235
161.18.221.23 - - [01/Nov/2021:18:52:06 -0500] "POST /sipse/faces/presentacion/financiero/solicitudProceso/listarSolicitudProceso.xhtml HTTP/1.1" 200 30319
161.18.221.23 - - [01/Nov/2021:18:52:08 -0500] "POST /sipse/faces/presentacion/financiero/solicitudProceso/listarSolicitudProceso.xhtml HTTP/1.1" 200 30777
161.18.221.23 - - [01/Nov/2021:18:52:11 -0500] "POST /sipse/faces/presentacion/financiero/solicitudProceso/listarSolicitudProceso.xhtml HTTP/1.1" 200 30962
161.18.221.23 - - [01/Nov/2021:18:52:14 -0500] "POST /sipse/faces/presentacion/financiero/solicitudProceso/listarSolicitudProceso.xhtml HTTP/1.1" 200 147050
161.18.221.23 - - [01/Nov/2021:18:52:15 -0500] "GET /sipse/faces/javax.faces.resource/theme.css?ln=primefaces-sipse HTTP/1.1" 304 -
161.18.221.23 - - [01/Nov/2021:18:52:15 -0500] "GET /sipse/faces/javax.faces.resource/primefaces.css?ln=primefaces&v=4.0 HTTP/1.1" 304 -
161.18.221.23 - - [01/Nov/2021:18:52:15 -0500] "GET /sipse/faces/javax.faces.resource/layout/layout.css?ln=primefaces&v=4.0 HTTP/1.1" 304 -
161.18.221.23 - - [01/Nov/2021:18:52:15 -0500] "GET /sipse/faces/javax.faces.resource/jquery/jquery.js?ln=primefaces&v=4.0 HTTP/1.1" 304 -
161.18.221.23 - - [01/Nov/2021:18:52:15 -0500] "GET /sipse/faces/javax.faces.resource/jquery/jquery-plugins.js?ln=primefaces&v=4.0 HTTP/1.1" 304 -
161.18.221.23 - - [01/Nov/2021:18:52:15 -0500] "GET /sipse/faces/javax.faces.resource/primefaces.js?ln=primefaces&v=4.0 HTTP/1.1" 304 -
161.18.221.23 - - [01/Nov/2021:18:52:15 -0500] "GET /sipse/faces/javax.faces.resource/layout/layout.js?ln=primefaces&v=4.0 HTTP/1.1" 304 -
161.18.221.23 - - [01/Nov/2021:18:52:16 -0500] "GET /reportes_sipse/sdg/ServletReporte?reporte=solicitud_cdp&Solicitud=15545&pfdrid_c=false HTTP/1.1" 200 114339
188.40.73.202 - - [01/Nov/2021:18:52:19 -0500] "GET /BLA/resoluciones/RESOLUCIONES%202018/1044.pdf HTTP/1.1" 200 376790
201.245.192.253 - - [01/Nov/2021:18:52:36 -0500] "GET /catalogoisis/ HTTP/1.1" 200 8575
188.40.73.202 - - [01/Nov/2021:18:52:37 -0500] "GET /BLA/resoluciones/RESOLUCIONES%202018/3206.pdf HTTP/1.1" 200 425020
188.40.73.202 - - [01/Nov/2021:18:52:49 -0500] "GET /BLA/resoluciones/RESOLUCIONES%202018/0650.pdf HTTP/1.1" 200 221630
188.40.73.202 - - [01/Nov/2021:18:52:58 -0500] "GET /BLA/resoluciones/RESOLUCIONES%202018/0880.pdf HTTP/1.1" 200 301946
188.40.73.202 - - [01/Nov/2021:18:53:07 -0500] "GET /BLA/resoluciones/RESOLUCIONES%202018/3183.pdf HTTP/1.1" 200 428851
188.40.73.202 - - [01/Nov/2021:18:53:16 -0500] "GET /BLA/resoluciones/RESOLUCIONES%202018/2818.pdf HTTP/1.1" 200 279713
188.40.73.202 - - [01/Nov/2021:18:53:23 -0500] "GET /BLA/resoluciones/RESOLUCIONES%202018/2213.pdf HTTP/1.1" 200 364838
188.40.73.202 - - [01/Nov/2021:18:53:33 -0500] "GET /BLA/resoluciones/RESOLUCIONES%202018/1398.pdf HTTP/1.1" 200 329189
201.245.192.253 - - [01/Nov/2021:18:53:37 -0500] "GET /catalogoisis/ HTTP/1.1" 200 8575
188.40.73.202 - - [01/Nov/2021:18:53:41 -0500] "GET /BLA/resoluciones/RESOLUCIONES%202018/2693.pdf HTTP/1.1" 200 350512
188.40.73.202 - - [01/Nov/2021:18:53:49 -0500] "GET /BLA/resoluciones/RESOLUCIONES%202018/2081.pdf HTTP/1.1" 200 286238
188.40.73.202 - - [01/Nov/2021:18:53:57 -0500] "GET /BLA/resoluciones/RESOLUCIONES%202018/3098.pdf HTTP/1.1" 200 244584
209.141.51.171 - - [01/Nov/2021:18:53:53 -0500] "POST /boaform/admin/formLogin HTTP/1.1" 404 1186
201.245.192.253 - - [01/Nov/2021:18:54:38 -0500] "GET /catalogoisis/ HTTP/1.1" 200 8575
201.245.192.253 - - [01/Nov/2021:18:54:49 -0500] "POST /kwsrmcab/Wsrmcab HTTP/1.1" 200 119853
201.245.192.253 - - [01/Nov/2021:18:55:38 -0500] "GET /catalogoisis/ HTTP/1.1" 200 8575
216.245.221.92 - - [01/Nov/2021:18:55:44 -0500] "HEAD / HTTP/1.1" 200 -
201.245.192.253 - - [01/Nov/2021:18:56:38 -0500] "GET /catalogoisis/ HTTP/1.1" 200 8575
161.18.221.23 - - [01/Nov/2021:18:56:50 -0500] "POST /sipse/faces/presentacion/financiero/solicitudProceso/consultarSolicitudProceso.xhtml HTTP/1.1" 200 6657
201.245.192.253 - - [01/Nov/2021:18:57:39 -0500] "GET /catalogoisis/ HTTP/1.1" 200 8575
188.40.73.202 - - [01/Nov/2021:18:58:39 -0500] "GET /BLA/resoluciones/RESOLUCIONES%202018/4329.pdf HTTP/1.1" 200 434588
201.245.192.253 - - [01/Nov/2021:18:58:40 -0500] "GET /catalogoisis/ HTTP/1.1" 200 8575
186.29.110.193 - - [01/Nov/2021:18:59:20 -0500] "GET /se-abre-convocatoria-a-organizaciones-ambientales-para-generar-1-070-empleos-verdes-dirigidos-a-mujeres.html HTTP/1.1" 200 1128
188.40.73.202 - - [01/Nov/2021:18:59:29 -0500] "GET /BLA/resoluciones/RESOLUCIONES%202018/2642.pdf HTTP/1.1" 200 289786
201.245.192.253 - - [01/Nov/2021:18:59:41 -0500] "GET /catalogoisis/ HTTP/1.1" 200 8575
188.40.73.202 - - [01/Nov/2021:19:00:18 -0500] "GET /BLA/resoluciones/RESOLUCIONES%202018/2326.pdf HTTP/1.1" 200 385626
201.245.192.253 - - [01/Nov/2021:19:00:41 -0500] "GET /catalogoisis/ HTTP/1.1" 200 8575
216.245.221.92 - - [01/Nov/2021:19:00:44 -0500] "HEAD / HTTP/1.1" 200 -
188.40.73.202 - - [01/Nov/2021:19:01:05 -0500] "GET /BLA/resoluciones/RESOLUCIONES%202018/4298.pdf HTTP/1.1" 200 265049
161.18.221.23 - - [01/Nov/2021:19:01:14 -0500] "POST /sipse/faces/presentacion/financiero/solicitudProceso/consultarSolicitudProceso.xhtml HTTP/1.1" 200 6976
201.245.192.253 - - [01/Nov/2021:19:01:41 -0500] "GET /catalogoisis/ HTTP/1.1" 200 8575
188.40.73.202 - - [01/Nov/2021:19:01:53 -0500] "GET /BLA/resoluciones/RESOLUCIONES%202018/4340.pdf HTTP/1.1" 200 293012
161.18.221.23 - - [01/Nov/2021:19:01:57 -0500] "POST /sipse/faces/presentacion/financiero/solicitudProceso/consultarSolicitudProceso.xhtml HTTP/1.1" 200 6976
161.18.221.23 - - [01/Nov/2021:19:02:06 -0500] "POST /sipse/faces/presentacion/financiero/solicitudProceso/consultarSolicitudProceso.xhtml HTTP/1.1" 200 59075
161.18.221.23 - - [01/Nov/2021:19:02:06 -0500] "GET /sipse/faces/javax.faces.resource/theme.css?ln=primefaces-sipse HTTP/1.1" 304 -
161.18.221.23 - - [01/Nov/2021:19:02:06 -0500] "GET /sipse/faces/javax.faces.resource/primefaces.css?ln=primefaces&v=4.0 HTTP/1.1" 304 -
161.18.221.23 - - [01/Nov/2021:19:02:06 -0500] "GET /sipse/faces/javax.faces.resource/layout/layout.css?ln=primefaces&v=4.0 HTTP/1.1" 304 -
161.18.221.23 - - [01/Nov/2021:19:02:06 -0500] "GET /sipse/faces/javax.faces.resource/jquery/jquery.js?ln=primefaces&v=4.0 HTTP/1.1" 304 -
161.18.221.23 - - [01/Nov/2021:19:02:06 -0500] "GET /sipse/faces/javax.faces.resource/jquery/jquery-plugins.js?ln=primefaces&v=4.0 HTTP/1.1" 304 -
161.18.221.23 - - [01/Nov/2021:19:02:06 -0500] "GET /sipse/faces/javax.faces.resource/primefaces.js?ln=primefaces&v=4.0 HTTP/1.1" 304 -
161.18.221.23 - - [01/Nov/2021:19:02:06 -0500] "GET /sipse/faces/javax.faces.resource/layout/layout.js?ln=primefaces&v=4.0 HTTP/1.1" 304 -
161.18.221.23 - - [01/Nov/2021:19:02:06 -0500] "POST /sipse/faces/presentacion/financiero/solicitudProceso/listarSolicitudProceso.xhtml HTTP/1.1" 200 52461
161.18.221.23 - - [01/Nov/2021:19:02:06 -0500] "POST /sipse/faces/presentacion/financiero/solicitudProceso/listarSolicitudProceso.xhtml HTTP/1.1" 200 52461
161.18.221.23 - - [01/Nov/2021:19:02:07 -0500] "POST /sipse/faces/presentacion/financiero/solicitudProceso/listarSolicitudProceso.xhtml HTTP/1.1" 200 52461
161.18.221.23 - - [01/Nov/2021:19:02:07 -0500] "POST /sipse/faces/presentacion/financiero/solicitudProceso/listarSolicitudProceso.xhtml HTTP/1.1" 200 52461
161.18.221.23 - - [01/Nov/2021:19:02:07 -0500] "POST /sipse/faces/presentacion/financiero/solicitudProceso/listarSolicitudProceso.xhtml HTTP/1.1" 200 1448
161.18.221.23 - - [01/Nov/2021:19:02:07 -0500] "POST /sipse/faces/presentacion/financiero/solicitudProceso/listarSolicitudProceso.xhtml HTTP/1.1" 200 1448
161.18.221.23 - - [01/Nov/2021:19:02:08 -0500] "POST /sipse/faces/presentacion/financiero/solicitudProceso/listarSolicitudProceso.xhtml HTTP/1.1" 200 1452
161.18.221.23 - - [01/Nov/2021:19:02:08 -0500] "POST /sipse/faces/presentacion/financiero/solicitudProceso/listarSolicitudProceso.xhtml HTTP/1.1" 200 1448
161.18.221.23 - - [01/Nov/2021:19:02:08 -0500] "POST /sipse/faces/presentacion/financiero/solicitudProceso/listarSolicitudProceso.xhtml HTTP/1.1" 200 1448
188.40.73.202 - - [01/Nov/2021:19:02:41 -0500] "GET /BLA/resoluciones/RESOLUCIONES%202018/2867.pdf HTTP/1.1" 200 1850191
201.245.192.253 - - [01/Nov/2021:19:02:42 -0500] "GET /catalogoisis/ HTTP/1.1" 200 8575
191.156.136.227 - - [01/Nov/2021:19:03:20 -0500] "GET /secretaria-de-ambiente-abre-convocatoria-para-que-empresas-de-bogota-sean-mas-sostenibles.html?fbclid=IwAR0uZWJRsJqN8cTJU357E0MR-KhZvikKPzu4_58Ma-jzTo-_KaB1hjcHEfE HTTP/1.1" 200 907
188.40.73.202 - - [01/Nov/2021:19:03:26 -0500] "GET /BLA/resoluciones/RESOLUCIONES%202018/1539.pdf HTTP/1.1" 200 423831
199.16.157.181 - - [01/Nov/2021:19:03:35 -0500] "GET /%C3%83%C2%82%C3%82%C2%BFsabes-que-son-los-residuos-de-construccion-y-demolicion-rcd-y-como-disponerlos-desde-tu-casa-o-empresa.html HTTP/1.1" 404 1034
201.245.192.253 - - [01/Nov/2021:19:03:43 -0500] "GET /catalogoisis/ HTTP/1.1" 200 8575
161.18.221.23 - - [01/Nov/2021:19:04:00 -0500] "POST /sipse/faces/presentacion/financiero/solicitudProceso/listarSolicitudProceso.xhtml HTTP/1.1" 200 30307
135.125.219.72 - - [01/Nov/2021:19:04:09 -0500] "GET /\xef\xbf\x83\xef\xbe\x82\xef\xbf\x82\xef\xbe\xbfsabes-que-son-los-residuos-de-construccion-y-demolicion-rcd-y-como-disponerlos-desde-tu-casa-o-empresa.html HTTP/1.1" 404 1034
188.40.73.202 - - [01/Nov/2021:19:04:14 -0500] "GET /BLA/resoluciones/RESOLUCIONES%202018/1331.pdf HTTP/1.1" 200 570380
136.243.79.224 - - [01/Nov/2021:19:04:33 -0500] "GET /\xc3\x82\xc2\xbfsabes-que-son-los-residuos-de-construccion-y-demolicion-rcd-y-como-disponerlos-desde-tu-casa-o-empresa.html HTTP/1.1" 206 1142
116.202.35.109 - - [01/Nov/2021:19:04:42 -0500] "GET /%C3%82%C2%BFsabes-que-son-los-residuos-de-construccion-y-demolicion-rcd-y-como-disponerlos-desde-tu-casa-o-empresa.html HTTP/1.1" 200 1142
201.245.192.253 - - [01/Nov/2021:19:04:44 -0500] "GET /catalogoisis/ HTTP/1.1" 200 8575
188.40.73.202 - - [01/Nov/2021:19:05:00 -0500] "GET /BLA/resoluciones/RESOLUCIONES%202018/2086.pdf HTTP/1.1" 200 2943224
201.245.192.253 - - [01/Nov/2021:19:04:46 -0500] "POST /kwsrmcab/Wsrmcab HTTP/1.1" 200 213
188.40.73.202 - - [01/Nov/2021:19:05:42 -0500] "GET /BLA/resoluciones/RESOLUCIONES%202018/1152.pdf HTTP/1.1" 200 352848
201.245.192.253 - - [01/Nov/2021:19:05:44 -0500] "GET /catalogoisis/ HTTP/1.1" 200 8575
216.245.221.92 - - [01/Nov/2021:19:05:44 -0500] "HEAD / HTTP/1.1" 200 -
188.40.73.202 - - [01/Nov/2021:19:06:29 -0500] "GET /BLA/resoluciones/RESOLUCIONES%202018/2931.pdf HTTP/1.1" 200 273839
201.245.192.253 - - [01/Nov/2021:19:06:44 -0500] "GET /catalogoisis/ HTTP/1.1" 200 8575
201.249.186.174 - - [01/Nov/2021:19:07:11 -0500] "GET /galeria/galeria/jquery.fancybox.css?v=2.1.5 HTTP/1.1" 200 4895
188.40.73.202 - - [01/Nov/2021:19:07:14 -0500] "GET /BLA/resoluciones/RESOLUCIONES%202018/0542.pdf HTTP/1.1" 200 1247101
201.245.192.253 - - [01/Nov/2021:19:07:45 -0500] "GET /catalogoisis/ HTTP/1.1" 200 8575
188.40.73.202 - - [01/Nov/2021:19:07:56 -0500] "GET /BLA/resoluciones/RESOLUCIONES%202018/3258.pdf HTTP/1.1" 200 345644
186.29.85.197 - - [01/Nov/2021:19:08:21 -0500] "GET /sipse/faces/index.xhtml HTTP/1.1" 200 677
186.29.85.197 - - [01/Nov/2021:19:08:21 -0500] "GET /sipse/faces/javax.faces.resource/theme.css?ln=primefaces-sipse HTTP/1.1" 304 -
186.29.85.197 - - [01/Nov/2021:19:08:21 -0500] "GET /sipse/faces/faces/autenticacion.xhtml HTTP/1.1" 200 12180
186.29.85.197 - - [01/Nov/2021:19:08:21 -0500] "GET /sipse/js/disable_browser_buttons.js HTTP/1.1" 304 -
186.29.85.197 - - [01/Nov/2021:19:08:21 -0500] "GET /sipse/js/funciones.js HTTP/1.1" 304 -
186.29.85.197 - - [01/Nov/2021:19:08:21 -0500] "GET /sipse/css/custom_css_sg.css HTTP/1.1" 304 -
186.29.85.197 - - [01/Nov/2021:19:08:21 -0500] "GET /sipse/css/custom_css_sg_prime_login.css HTTP/1.1" 304 -
186.29.85.197 - - [01/Nov/2021:19:08:21 -0500] "GET /sipse/faces/javax.faces.resource/primefaces.css?ln=primefaces&v=4.0 HTTP/1.1" 304 -
186.29.85.197 - - [01/Nov/2021:19:08:21 -0500] "GET /sipse/faces/javax.faces.resource/theme.css?ln=primefaces-sipse HTTP/1.1" 304 -
186.29.85.197 - - [01/Nov/2021:19:08:21 -0500] "GET /sipse/faces/javax.faces.resource/layout/layout.css?ln=primefaces&v=4.0 HTTP/1.1" 304 -
186.29.85.197 - - [01/Nov/2021:19:08:21 -0500] "GET /sipse/faces/javax.faces.resource/jquery/jquery.js?ln=primefaces&v=4.0 HTTP/1.1" 304 -
186.29.85.197 - - [01/Nov/2021:19:08:21 -0500] "GET /sipse/faces/javax.faces.resource/jquery/jquery-plugins.js?ln=primefaces&v=4.0 HTTP/1.1" 304 -
186.29.85.197 - - [01/Nov/2021:19:08:21 -0500] "GET /sipse/faces/javax.faces.resource/primefaces.js?ln=primefaces&v=4.0 HTTP/1.1" 304 -
186.29.85.197 - - [01/Nov/2021:19:08:21 -0500] "GET /sipse/faces/javax.faces.resource/layout/layout.js?ln=primefaces&v=4.0 HTTP/1.1" 304 -
186.29.85.197 - - [01/Nov/2021:19:08:21 -0500] "GET /sipse/css/imagen/logoSDG.png HTTP/1.1" 304 -
186.29.85.197 - - [01/Nov/2021:19:08:21 -0500] "GET /sipse/css/imagen/loginimg.png HTTP/1.1" 304 -
186.29.85.197 - - [01/Nov/2021:19:08:21 -0500] "GET /sipse/faces/javax.faces.resource/images/ui-icons_898989_256x240.png?ln=primefaces-aristo HTTP/1.1" 304 -
186.29.85.197 - - [01/Nov/2021:19:08:27 -0500] "POST /sipse/faces/autenticacion.xhtml HTTP/1.1" 200 11929
186.29.85.197 - - [01/Nov/2021:19:08:27 -0500] "GET /sipse/css/custom_css_sg_prime.css HTTP/1.1" 304 -
186.29.85.197 - - [01/Nov/2021:19:08:27 -0500] "GET /sipse/faces/javax.faces.resource/theme.css?ln=primefaces-sipse HTTP/1.1" 304 -
186.29.85.197 - - [01/Nov/2021:19:08:27 -0500] "GET /sipse/faces/javax.faces.resource/primefaces.css?ln=primefaces&v=4.0 HTTP/1.1" 304 -
186.29.85.197 - - [01/Nov/2021:19:08:27 -0500] "GET /sipse/faces/javax.faces.resource/layout/layout.css?ln=primefaces&v=4.0 HTTP/1.1" 304 -
186.29.85.197 - - [01/Nov/2021:19:08:27 -0500] "GET /sipse/faces/javax.faces.resource/jquery/jquery.js?ln=primefaces&v=4.0 HTTP/1.1" 304 -
186.29.85.197 - - [01/Nov/2021:19:08:27 -0500] "GET /sipse/faces/javax.faces.resource/jquery/jquery-plugins.js?ln=primefaces&v=4.0 HTTP/1.1" 304 -
186.29.85.197 - - [01/Nov/2021:19:08:27 -0500] "GET /sipse/faces/javax.faces.resource/primefaces.js?ln=primefaces&v=4.0 HTTP/1.1" 304 -
186.29.85.197 - - [01/Nov/2021:19:08:27 -0500] "GET /sipse/faces/javax.faces.resource/layout/layout.js?ln=primefaces&v=4.0 HTTP/1.1" 304 -
186.29.85.197 - - [01/Nov/2021:19:08:27 -0500] "GET /sipse/faces/javax.faces.resource/messages/messages.png?ln=primefaces&v=4.0 HTTP/1.1" 304 -
186.29.85.197 - - [01/Nov/2021:19:08:31 -0500] "POST /sipse/faces/presentacion/sistema/seguridad/seleccionRol.xhtml HTTP/1.1" 200 6364
186.29.85.197 - - [01/Nov/2021:19:08:33 -0500] "POST /sipse/faces/presentacion/sistema/seguridad/seleccionRol.xhtml HTTP/1.1" 200 6364
186.29.85.197 - - [01/Nov/2021:19:08:34 -0500] "POST /sipse/faces/presentacion/sistema/seguridad/seleccionRol.xhtml HTTP/1.1" 200 17127
186.29.85.197 - - [01/Nov/2021:19:08:34 -0500] "GET /sipse/faces/javax.faces.resource/theme.css?ln=primefaces-sipse HTTP/1.1" 304 -
186.29.85.197 - - [01/Nov/2021:19:08:34 -0500] "GET /sipse/faces/javax.faces.resource/primefaces.css?ln=primefaces&v=4.0 HTTP/1.1" 304 -
186.29.85.197 - - [01/Nov/2021:19:08:34 -0500] "GET /sipse/faces/javax.faces.resource/layout/layout.css?ln=primefaces&v=4.0 HTTP/1.1" 304 -
186.29.85.197 - - [01/Nov/2021:19:08:34 -0500] "GET /sipse/js/jquery.min.js HTTP/1.1" 304 -
186.29.85.197 - - [01/Nov/2021:19:08:34 -0500] "GET /sipse/faces/javax.faces.resource/jquery/jquery.js?ln=primefaces&v=4.0 HTTP/1.1" 304 -
186.29.85.197 - - [01/Nov/2021:19:08:34 -0500] "GET /sipse/faces/javax.faces.resource/jquery/jquery-plugins.js?ln=primefaces&v=4.0 HTTP/1.1" 304 -
186.29.85.197 - - [01/Nov/2021:19:08:34 -0500] "GET /sipse/faces/javax.faces.resource/primefaces.js?ln=primefaces&v=4.0 HTTP/1.1" 304 -
186.29.85.197 - - [01/Nov/2021:19:08:34 -0500] "GET /sipse/faces/javax.faces.resource/layout/layout.js?ln=primefaces&v=4.0 HTTP/1.1" 304 -
186.29.85.197 - - [01/Nov/2021:19:08:34 -0500] "GET /sipse/imagenes/logoAplicacion.jpg HTTP/1.1" 304 -
186.29.85.197 - - [01/Nov/2021:19:08:34 -0500] "GET /sipse/imagenes/cargando.gif HTTP/1.1" 304 -
186.29.85.197 - - [01/Nov/2021:19:08:34 -0500] "GET /sipse/css/imagen/contrasena.png HTTP/1.1" 404 383
186.29.85.197 - - [01/Nov/2021:19:08:36 -0500] "GET /sipse/faces/javax.faces.resource/images/ui-bg_flat_0_2d5972_40x100.png?ln=primefaces-aristo HTTP/1.1" 304 -
186.29.85.197 - - [01/Nov/2021:19:08:36 -0500] "POST /sipse/faces/bienvenido.xhtml HTTP/1.1" 200 2055
186.29.85.197 - - [01/Nov/2021:19:08:38 -0500] "POST /sipse/faces/bienvenido.xhtml HTTP/1.1" 200 81264
186.29.85.197 - - [01/Nov/2021:19:08:41 -0500] "GET /sipse/faces/javax.faces.resource/theme.css?ln=primefaces-sipse HTTP/1.1" 304 -
186.29.85.197 - - [01/Nov/2021:19:08:41 -0500] "GET /sipse/faces/javax.faces.resource/layout/layout.css?ln=primefaces&v=4.0 HTTP/1.1" 304 -
186.29.85.197 - - [01/Nov/2021:19:08:41 -0500] "GET /sipse/faces/javax.faces.resource/primefaces.css?ln=primefaces&v=4.0 HTTP/1.1" 304 -
186.29.85.197 - - [01/Nov/2021:19:08:41 -0500] "GET /sipse/faces/javax.faces.resource/jquery/jquery.js?ln=primefaces&v=4.0 HTTP/1.1" 304 -
186.29.85.197 - - [01/Nov/2021:19:08:41 -0500] "GET /sipse/faces/javax.faces.resource/jquery/jquery-plugins.js?ln=primefaces&v=4.0 HTTP/1.1" 304 -
186.29.85.197 - - [01/Nov/2021:19:08:41 -0500] "GET /sipse/faces/javax.faces.resource/primefaces.js?ln=primefaces&v=4.0 HTTP/1.1" 304 -
186.29.85.197 - - [01/Nov/2021:19:08:41 -0500] "GET /sipse/faces/javax.faces.resource/layout/layout.js?ln=primefaces&v=4.0 HTTP/1.1" 304 -
188.40.73.202 - - [01/Nov/2021:19:08:41 -0500] "GET /BLA/resoluciones/RESOLUCIONES%202018/4143.pdf HTTP/1.1" 200 285760
201.245.192.253 - - [01/Nov/2021:19:08:46 -0500] "GET /catalogoisis/ HTTP/1.1" 200 8575
186.29.85.197 - - [01/Nov/2021:19:08:50 -0500] "POST /sipse/faces/presentacion/proyectos/proyecto/listarProyecto.xhtml HTTP/1.1" 200 58396
186.29.85.197 - - [01/Nov/2021:19:08:50 -0500] "POST /sipse/faces/presentacion/proyectos/proyecto/listarProyecto.xhtml HTTP/1.1" 200 58404
186.29.85.197 - - [01/Nov/2021:19:08:53 -0500] "POST /sipse/faces/presentacion/proyectos/proyecto/listarProyecto.xhtml HTTP/1.1" 200 4987
186.29.85.197 - - [01/Nov/2021:19:08:54 -0500] "POST /sipse/faces/presentacion/proyectos/proyecto/listarProyecto.xhtml HTTP/1.1" 200 4991
186.29.85.197 - - [01/Nov/2021:19:08:55 -0500] "POST /sipse/faces/presentacion/proyectos/proyecto/listarProyecto.xhtml HTTP/1.1" 200 163
186.29.85.197 - - [01/Nov/2021:19:08:56 -0500] "GET /sipse/faces/presentacion/proyectos/proyecto/proyecto.xhtml HTTP/1.1" 200 89251
186.29.85.197 - - [01/Nov/2021:19:08:57 -0500] "GET /sipse/faces/javax.faces.resource/theme.css?ln=primefaces-sipse HTTP/1.1" 304 -
186.29.85.197 - - [01/Nov/2021:19:08:57 -0500] "GET /sipse/faces/javax.faces.resource/primefaces.css?ln=primefaces&v=4.0 HTTP/1.1" 304 -
186.29.85.197 - - [01/Nov/2021:19:08:57 -0500] "GET /sipse/faces/javax.faces.resource/jquery/jquery.js?ln=primefaces&v=4.0 HTTP/1.1" 304 -
186.29.85.197 - - [01/Nov/2021:19:08:57 -0500] "GET /sipse/faces/javax.faces.resource/layout/layout.css?ln=primefaces&v=4.0 HTTP/1.1" 304 -
186.29.85.197 - - [01/Nov/2021:19:08:57 -0500] "GET /sipse/faces/javax.faces.resource/jquery/jquery-plugins.js?ln=primefaces&v=4.0 HTTP/1.1" 304 -
186.29.85.197 - - [01/Nov/2021:19:08:57 -0500] "GET /sipse/faces/javax.faces.resource/primefaces.js?ln=primefaces&v=4.0 HTTP/1.1" 304 -
186.29.85.197 - - [01/Nov/2021:19:08:57 -0500] "GET /sipse/faces/javax.faces.resource/layout/layout.js?ln=primefaces&v=4.0 HTTP/1.1" 304 -
186.29.85.197 - - [01/Nov/2021:19:08:58 -0500] "POST /sipse/faces/presentacion/proyectos/proyecto/proyecto.xhtml HTTP/1.1" 200 3265
186.29.85.197 - - [01/Nov/2021:19:09:04 -0500] "POST /sipse/faces/presentacion/proyectos/proyecto/proyecto.xhtml HTTP/1.1" 200 44628
186.29.85.197 - - [01/Nov/2021:19:09:06 -0500] "GET /sipse/faces/javax.faces.resource/spacer/dot_clear.gif?ln=primefaces&v=4.0 HTTP/1.1" 304 -
186.29.85.197 - - [01/Nov/2021:19:09:06 -0500] "POST /sipse/faces/presentacion/proyectos/proyecto/proyecto.xhtml HTTP/1.1" 200 3957
188.40.73.202 - - [01/Nov/2021:19:09:29 -0500] "GET /BLA/resoluciones/RESOLUCIONES%202018/2539.pdf HTTP/1.1" 200 557957
186.29.85.197 - - [01/Nov/2021:19:09:29 -0500] "POST /sipse/faces/presentacion/proyectos/proyecto/proyecto.xhtml HTTP/1.1" 200 72574
157.55.39.132 - - [01/Nov/2021:19:09:31 -0500] "GET /bla/resoluciones/resoluciones%202002/resolucion%20590%20de%202002.pdf HTTP/1.1" 200 58446
201.245.192.253 - - [01/Nov/2021:19:09:47 -0500] "GET /catalogoisis/ HTTP/1.1" 200 8575
186.29.85.197 - - [01/Nov/2021:19:09:49 -0500] "POST /sipse/faces/presentacion/proyectos/proyecto/proyecto.xhtml HTTP/1.1" 200 73719
138.201.48.205 - - [01/Nov/2021:19:10:06 -0500] "GET /%C3%82%C2%BFsabes-que-son-los-residuos-de-construccion-y-demolicion-rcd-y-como-disponerlos-desde-tu-casa-o-empresa.html HTTP/1.1" 200 1142
186.29.85.197 - - [01/Nov/2021:19:10:06 -0500] "POST /sipse/faces/presentacion/proyectos/proyecto/proyecto.xhtml HTTP/1.1" 200 14133
188.40.73.202 - - [01/Nov/2021:19:10:14 -0500] "GET /BLA/resoluciones/RESOLUCIONES%202018/2515.pdf HTTP/1.1" 200 315914
186.29.85.197 - - [01/Nov/2021:19:10:18 -0500] "POST /sipse/faces/presentacion/proyectos/proyecto/proyecto.xhtml HTTP/1.1" 200 73739
216.245.221.92 - - [01/Nov/2021:19:10:44 -0500] "HEAD / HTTP/1.1" 200 -
201.245.192.253 - - [01/Nov/2021:19:10:48 -0500] "GET /catalogoisis/ HTTP/1.1" 200 8575
188.40.73.202 - - [01/Nov/2021:19:10:59 -0500] "GET /BLA/resoluciones/RESOLUCIONES%202018/1371.pdf HTTP/1.1" 200 5086707
188.40.73.202 - - [01/Nov/2021:19:11:41 -0500] "GET /BLA/resoluciones/RESOLUCIONES%202018/4039.pdf HTTP/1.1" 200 272286
201.245.192.253 - - [01/Nov/2021:19:11:48 -0500] "GET /catalogoisis/ HTTP/1.1" 200 8575
188.40.73.202 - - [01/Nov/2021:19:12:24 -0500] "GET /BLA/resoluciones/RESOLUCIONES%202018/2544.pdf HTTP/1.1" 200 567820
201.245.192.253 - - [01/Nov/2021:19:12:49 -0500] "GET /catalogoisis/ HTTP/1.1" 200 8575
186.29.85.197 - - [01/Nov/2021:19:12:53 -0500] "POST /sipse/faces/presentacion/proyectos/proyecto/proyecto.xhtml HTTP/1.1" 200 14133
186.29.85.197 - - [01/Nov/2021:19:12:57 -0500] "POST /sipse/faces/presentacion/proyectos/proyecto/proyecto.xhtml HTTP/1.1" 200 72690
188.40.73.202 - - [01/Nov/2021:19:13:07 -0500] "GET /BLA/resoluciones/RESOLUCIONES%202018/3059.pdf HTTP/1.1" 200 4372527
188.40.73.202 - - [01/Nov/2021:19:13:45 -0500] "GET /BLA/resoluciones/RESOLUCIONES%202018/3026.PDF HTTP/1.1" 200 3612655
201.245.192.253 - - [01/Nov/2021:19:13:50 -0500] "GET /catalogoisis/ HTTP/1.1" 200 8575
173.252.95.116 - - [01/Nov/2021:19:14:01 -0500] "GET /distrito-hace-llamado-para-proteger-fauna-silvestre-y-animales-de-compania-en-este-puente-de-halloween.html HTTP/1.1" 206 928
191.156.178.199 - - [01/Nov/2021:19:14:24 -0500] "GET /se-abre-convocatoria-a-organizaciones-ambientales-para-generar-1-070-empleos-verdes-dirigidos-a-mujeres.html HTTP/1.1" 200 1128
188.40.73.202 - - [01/Nov/2021:19:14:26 -0500] "GET /BLA/resoluciones/RESOLUCIONES%202018/2602.pdf HTTP/1.1" 200 3008427
201.245.192.253 - - [01/Nov/2021:19:14:51 -0500] "GET /catalogoisis/ HTTP/1.1" 200 8575
188.40.73.202 - - [01/Nov/2021:19:15:01 -0500] "GET /BLA/resoluciones/RESOLUCIONES%202018/1116.pdf HTTP/1.1" 200 478314
201.245.192.253 - - [01/Nov/2021:19:14:46 -0500] "POST /kwsrmcab/Wsrmcab HTTP/1.1" 200 119831
188.40.73.202 - - [01/Nov/2021:19:15:44 -0500] "GET /BLA/resoluciones/RESOLUCIONES%202018/2878.pdf HTTP/1.1" 200 366757
216.245.221.92 - - [01/Nov/2021:19:15:45 -0500] "HEAD / HTTP/1.1" 200 -
201.245.192.253 - - [01/Nov/2021:19:15:52 -0500] "GET /catalogoisis/ HTTP/1.1" 200 8575
188.40.73.202 - - [01/Nov/2021:19:16:30 -0500] "GET /BLA/resoluciones/RESOLUCIONES%202018/0520.pdf HTTP/1.1" 200 4520380
201.245.192.253 - - [01/Nov/2021:19:16:52 -0500] "GET /catalogoisis/ HTTP/1.1" 200 8575
188.40.73.202 - - [01/Nov/2021:19:17:08 -0500] "GET /BLA/resoluciones/RESOLUCIONES%202018/2470.pdf HTTP/1.1" 200 288672
66.249.85.123 - - [01/Nov/2021:19:17:34 -0500] "GET /galeria/mapa/humedal2017.jpg HTTP/1.1" 200 644667
188.40.73.202 - - [01/Nov/2021:19:17:51 -0500] "GET /BLA/resoluciones/RESOLUCIONES%202018/1073.pdf HTTP/1.1" 200 412889
201.245.192.253 - - [01/Nov/2021:19:17:53 -0500] "GET /catalogoisis/ HTTP/1.1" 200 8575
188.40.73.202 - - [01/Nov/2021:19:18:36 -0500] "GET /BLA/resoluciones/RESOLUCIONES%202018/0873.pdf HTTP/1.1" 200 261356
201.245.192.253 - - [01/Nov/2021:19:18:54 -0500] "GET /catalogoisis/ HTTP/1.1" 200 8575
88.99.148.108 - - [01/Nov/2021:19:19:08 -0500] "HEAD /\xc3\x83\xc2\x82\xc3\x82\xc2\xbfsabes-que-son-los-residuos-de-construccion-y-demolicion-rcd-y-como-disponerlos-desde-tu-casa-o-empresa.html HTTP/1.1" 404 -
188.40.73.202 - - [01/Nov/2021:19:19:22 -0500] "GET /BLA/resoluciones/RESOLUCIONES%202018/1803.pdf HTTP/1.1" 200 4873258
201.245.192.253 - - [01/Nov/2021:19:19:55 -0500] "GET /catalogoisis/ HTTP/1.1" 200 8575
188.40.73.202 - - [01/Nov/2021:19:20:02 -0500] "GET /BLA/resoluciones/RESOLUCIONES%202018/3442.pdf HTTP/1.1" 200 275835
201.245.192.253 - - [01/Nov/2021:19:20:29 -0500] "GET /kwsrmcab/Wsrmcab?wsdl HTTP/1.1" 200 6948
216.245.221.92 - - [01/Nov/2021:19:20:45 -0500] "HEAD / HTTP/1.1" 200 -
188.40.73.202 - - [01/Nov/2021:19:20:46 -0500] "GET /BLA/resoluciones/RESOLUCIONES%202018/1130.pdf HTTP/1.1" 200 2243329
201.245.192.253 - - [01/Nov/2021:19:20:56 -0500] "GET /catalogoisis/ HTTP/1.1" 200 8575
201.245.192.253 - - [01/Nov/2021:19:20:29 -0500] "POST /kwsrmcab/Wsrmcab HTTP/1.1" 200 47401
188.40.73.202 - - [01/Nov/2021:19:21:29 -0500] "GET /BLA/resoluciones/RESOLUCIONES%202018/0993.pdf HTTP/1.1" 200 356417
181.54.189.240 - - [01/Nov/2021:19:21:53 -0500] "GET /galeria/galeria/jquery.fancybox.css?v=2.1.5 HTTP/1.1" 200 4895
201.245.192.253 - - [01/Nov/2021:19:21:57 -0500] "GET /catalogoisis/ HTTP/1.1" 200 8575
201.245.192.253 - - [01/Nov/2021:19:21:16 -0500] "POST /kwsrmcab/Wsrmcab HTTP/1.1" 200 47416
188.40.73.202 - - [01/Nov/2021:19:22:11 -0500] "GET /BLA/resoluciones/RESOLUCIONES%202018/3649.pdf HTTP/1.1" 200 396168
188.40.73.202 - - [01/Nov/2021:19:22:54 -0500] "GET /BLA/resoluciones/RESOLUCIONES%202018/0818.pdf HTTP/1.1" 200 406978
201.245.192.253 - - [01/Nov/2021:19:22:57 -0500] "GET /catalogoisis/ HTTP/1.1" 200 8575
66.249.66.75 - - [01/Nov/2021:19:23:15 -0500] "-" 408 -
208.94.231.203 - - [01/Nov/2021:19:23:37 -0500] "GET /secretaria-de-ambiente-carolina-urrutia-acompana-a-la-alcaldesa-de-bogota-en-la-cop26.html HTTP/1.1" 200 936
188.40.73.202 - - [01/Nov/2021:19:23:37 -0500] "GET /BLA/resoluciones/RESOLUCIONES%202018/0091.pdf HTTP/1.1" 200 316456
201.245.192.253 - - [01/Nov/2021:19:23:58 -0500] "GET /catalogoisis/ HTTP/1.1" 200 8575
188.40.73.202 - - [01/Nov/2021:19:24:22 -0500] "GET /BLA/resoluciones/RESOLUCIONES%202018/2578.pdf HTTP/1.1" 200 260138
190.26.141.81 - - [01/Nov/2021:19:24:58 -0500] "GET /%C3%82%C2%BFsabes-que-son-los-residuos-de-construccion-y-demolicion-rcd-y-como-disponerlos-desde-tu-casa-o-empresa.html HTTP/1.1" 200 1142
201.245.192.253 - - [01/Nov/2021:19:24:59 -0500] "GET /catalogoisis/ HTTP/1.1" 200 8575
188.40.73.202 - - [01/Nov/2021:19:25:06 -0500] "GET /BLA/resoluciones/RESOLUCIONES%202018/3795.pdf HTTP/1.1" 200 369671
201.245.192.253 - - [01/Nov/2021:19:24:47 -0500] "POST /kwsrmcab/Wsrmcab HTTP/1.1" 200 119831
216.245.221.92 - - [01/Nov/2021:19:25:44 -0500] "HEAD / HTTP/1.1" 200 -
188.40.73.202 - - [01/Nov/2021:19:25:50 -0500] "GET /BLA/resoluciones/RESOLUCIONES%202018/2398.pdf HTTP/1.1" 200 3254468
201.245.192.253 - - [01/Nov/2021:19:26:00 -0500] "GET /catalogoisis/ HTTP/1.1" 200 8575
188.40.73.202 - - [01/Nov/2021:19:26:28 -0500] "GET /BLA/resoluciones/RESOLUCIONES%202018/3127.pdf HTTP/1.1" 200 3663984
201.245.192.253 - - [01/Nov/2021:19:27:01 -0500] "GET /catalogoisis/ HTTP/1.1" 200 8575
188.40.73.202 - - [01/Nov/2021:19:27:08 -0500] "GET /BLA/resoluciones/RESOLUCIONES%202018/3191.pdf HTTP/1.1" 200 3683021
188.40.73.202 - - [01/Nov/2021:19:27:44 -0500] "GET /BLA/resoluciones/RESOLUCIONES%202018/2186.pdf HTTP/1.1" 200 309452
201.245.192.253 - - [01/Nov/2021:19:28:02 -0500] "GET /catalogoisis/ HTTP/1.1" 200 8575
188.40.73.202 - - [01/Nov/2021:19:28:27 -0500] "GET /BLA/resoluciones/RESOLUCIONES%202018/1365.pdf HTTP/1.1" 200 617714
201.245.192.253 - - [01/Nov/2021:19:29:03 -0500] "GET /catalogoisis/ HTTP/1.1" 200 8575
188.40.73.202 - - [01/Nov/2021:19:29:11 -0500] "GET /BLA/resoluciones/RESOLUCIONES%202018/0125.pdf HTTP/1.1" 200 284316
188.40.73.202 - - [01/Nov/2021:19:29:53 -0500] "GET /BLA/resoluciones/RESOLUCIONES%202018/1888.pdf HTTP/1.1" 200 237162
201.245.192.253 - - [01/Nov/2021:19:30:03 -0500] "GET /catalogoisis/ HTTP/1.1" 200 8575
181.55.154.127 - - [01/Nov/2021:19:30:04 -0500] "GET /la-musica-como-bandera-para-el-cuidado-del-planeta.html HTTP/1.1" 206 855
181.55.154.127 - - [01/Nov/2021:19:30:04 -0500] "GET /images/6B1941B1-4BB6-4142-BA67-1B20E6384EA5.jpeg HTTP/1.1" 206 20899
191.95.36.26 - - [01/Nov/2021:19:30:26 -0500] "GET /la-musica-como-bandera-para-el-cuidado-del-planeta.html HTTP/1.1" 200 855
188.40.73.202 - - [01/Nov/2021:19:30:35 -0500] "GET /BLA/resoluciones/RESOLUCIONES%202018/1853.pdf HTTP/1.1" 200 283800
216.245.221.92 - - [01/Nov/2021:19:30:45 -0500] "HEAD / HTTP/1.1" 200 -
201.245.192.253 - - [01/Nov/2021:19:31:04 -0500] "GET /catalogoisis/ HTTP/1.1" 200 8575
201.245.192.253 - - [01/Nov/2021:19:30:29 -0500] "POST /kwsrmcab/Wsrmcab HTTP/1.1" 200 47401
188.40.73.202 - - [01/Nov/2021:19:31:16 -0500] "GET /BLA/resoluciones/RESOLUCIONES%202018/2215.pdf HTTP/1.1" 200 335154
188.40.73.202 - - [01/Nov/2021:19:31:57 -0500] "GET /BLA/resoluciones/RESOLUCIONES%202018/2741.pdf HTTP/1.1" 200 297998
201.245.192.253 - - [01/Nov/2021:19:31:17 -0500] "POST /kwsrmcab/Wsrmcab HTTP/1.1" 200 47416
201.245.192.253 - - [01/Nov/2021:19:32:05 -0500] "GET /catalogoisis/ HTTP/1.1" 200 8575
188.40.73.202 - - [01/Nov/2021:19:32:38 -0500] "GET /BLA/resoluciones/RESOLUCIONES%202018/1885.pdf HTTP/1.1" 200 736967
201.245.192.253 - - [01/Nov/2021:19:33:06 -0500] "GET /catalogoisis/ HTTP/1.1" 200 8575
188.40.73.202 - - [01/Nov/2021:19:33:17 -0500] "GET /BLA/resoluciones/RESOLUCIONES%202018/2934.pdf HTTP/1.1" 200 336142
188.40.73.202 - - [01/Nov/2021:19:33:58 -0500] "GET /BLA/resoluciones/RESOLUCIONES%202018/0803.pdf HTTP/1.1" 200 376272
201.245.192.253 - - [01/Nov/2021:19:34:06 -0500] "GET /catalogoisis/ HTTP/1.1" 200 8575
188.40.73.202 - - [01/Nov/2021:19:34:39 -0500] "GET /BLA/resoluciones/RESOLUCIONES%202018/36.pdf HTTP/1.1" 200 325270
66.249.66.139 - - [01/Nov/2021:19:35:06 -0500] "-" 408 -
201.245.192.253 - - [01/Nov/2021:19:35:06 -0500] "GET /catalogoisis/ HTTP/1.1" 200 8575
188.40.73.202 - - [01/Nov/2021:19:35:18 -0500] "GET /BLA/resoluciones/RESOLUCIONES%202018/0077.pdf HTTP/1.1" 200 302780
201.245.192.253 - - [01/Nov/2021:19:34:48 -0500] "POST /kwsrmcab/Wsrmcab HTTP/1.1" 200 119831
40.77.167.30 - - [01/Nov/2021:19:35:40 -0500] "GET /bla/resoluciones/resoluciones%202002/resolucion%201593%20de%202002.pdf HTTP/1.1" 200 167997
216.245.221.92 - - [01/Nov/2021:19:35:44 -0500] "HEAD / HTTP/1.1" 200 -
188.40.73.202 - - [01/Nov/2021:19:35:57 -0500] "GET /BLA/resoluciones/RESOLUCIONES%202018/2250.pdf HTTP/1.1" 200 3189860
201.245.192.253 - - [01/Nov/2021:19:36:07 -0500] "GET /catalogoisis/ HTTP/1.1" 200 8575
188.40.73.202 - - [01/Nov/2021:19:36:33 -0500] "GET /BLA/resoluciones/RESOLUCIONES%202018/4163.pdf HTTP/1.1" 200 419229
201.245.192.253 - - [01/Nov/2021:19:37:08 -0500] "GET /catalogoisis/ HTTP/1.1" 200 8575
188.40.73.202 - - [01/Nov/2021:19:37:13 -0500] "GET /BLA/resoluciones/RESOLUCIONES%202018/1554.pdf HTTP/1.1" 200 310368
188.40.73.202 - - [01/Nov/2021:19:37:52 -0500] "GET /BLA/resoluciones/RESOLUCIONES%202018/4164.pdf HTTP/1.1" 200 8395027
201.245.192.253 - - [01/Nov/2021:19:38:09 -0500] "GET /catalogoisis/ HTTP/1.1" 200 8575
188.40.73.202 - - [01/Nov/2021:19:38:25 -0500] "GET /BLA/resoluciones/RESOLUCIONES%202018/2952.PDF HTTP/1.1" 200 21537687
188.40.73.202 - - [01/Nov/2021:19:38:58 -0500] "GET /BLA/resoluciones/RESOLUCIONES%202018/2401.pdf HTTP/1.1" 200 1624859
201.245.192.253 - - [01/Nov/2021:19:39:10 -0500] "GET /catalogoisis/ HTTP/1.1" 200 8575
188.40.73.202 - - [01/Nov/2021:19:39:33 -0500] "GET /BLA/resoluciones/RESOLUCIONES%202018/2756.pdf HTTP/1.1" 200 433318
191.95.134.163 - - [01/Nov/2021:19:39:38 -0500] "GET /galeria/galeria/jquery.fancybox.css?v=2.1.5 HTTP/1.1" 200 4895
201.245.192.253 - - [01/Nov/2021:19:40:10 -0500] "GET /catalogoisis/ HTTP/1.1" 200 8575
188.40.73.202 - - [01/Nov/2021:19:40:10 -0500] "GET /BLA/resoluciones/RESOLUCIONES%202018/0267.pdf HTTP/1.1" 200 294244
216.245.221.92 - - [01/Nov/2021:19:40:44 -0500] "HEAD / HTTP/1.1" 200 -
188.40.73.202 - - [01/Nov/2021:19:40:46 -0500] "GET /BLA/resoluciones/RESOLUCIONES%202018/2427.pdf HTTP/1.1" 200 412976
201.245.192.253 - - [01/Nov/2021:19:41:10 -0500] "GET /catalogoisis/ HTTP/1.1" 200 8575
201.245.192.253 - - [01/Nov/2021:19:40:29 -0500] "POST /kwsrmcab/Wsrmcab HTTP/1.1" 200 47401
188.40.73.202 - - [01/Nov/2021:19:41:19 -0500] "GET /BLA/resoluciones/RESOLUCIONES%202018/0193.pdf HTTP/1.1" 200 395805
200.69.80.226 - - [01/Nov/2021:19:41:20 -0500] "GET /galeria/galeria/jquery.fancybox.js?v=2.1.5 HTTP/1.1" 200 48706
188.40.73.202 - - [01/Nov/2021:19:41:55 -0500] "GET /BLA/resoluciones/RESOLUCIONES%202018/0462.pdf HTTP/1.1" 200 237518
201.245.192.253 - - [01/Nov/2021:19:41:16 -0500] "POST /kwsrmcab/Wsrmcab HTTP/1.1" 200 47416
201.245.192.253 - - [01/Nov/2021:19:42:11 -0500] "GET /catalogoisis/ HTTP/1.1" 200 8575
35.204.197.238 - - [01/Nov/2021:19:42:27 -0500] "GET / HTTP/1.1" 200 319
188.40.73.202 - - [01/Nov/2021:19:42:29 -0500] "GET /BLA/resoluciones/RESOLUCIONES%202018/0200.pdf HTTP/1.1" 200 1043401
161.18.221.23 - - [01/Nov/2021:19:42:40 -0500] "POST /sipse/faces/presentacion/financiero/solicitudProceso/listarSolicitudProceso.xhtml HTTP/1.1" 200 52461
161.18.221.23 - - [01/Nov/2021:19:42:40 -0500] "POST /sipse/faces/presentacion/financiero/solicitudProceso/listarSolicitudProceso.xhtml HTTP/1.1" 200 52461
161.18.221.23 - - [01/Nov/2021:19:42:40 -0500] "POST /sipse/faces/presentacion/financiero/solicitudProceso/listarSolicitudProceso.xhtml HTTP/1.1" 200 52461
161.18.221.23 - - [01/Nov/2021:19:42:41 -0500] "POST /sipse/faces/presentacion/financiero/solicitudProceso/listarSolicitudProceso.xhtml HTTP/1.1" 200 52461
161.18.221.23 - - [01/Nov/2021:19:42:41 -0500] "POST /sipse/faces/presentacion/financiero/solicitudProceso/listarSolicitudProceso.xhtml HTTP/1.1" 200 52461
161.18.221.23 - - [01/Nov/2021:19:42:41 -0500] "POST /sipse/faces/presentacion/financiero/solicitudProceso/listarSolicitudProceso.xhtml HTTP/1.1" 200 52461
161.18.221.23 - - [01/Nov/2021:19:42:41 -0500] "POST /sipse/faces/presentacion/financiero/solicitudProceso/listarSolicitudProceso.xhtml HTTP/1.1" 200 1448
161.18.221.23 - - [01/Nov/2021:19:42:42 -0500] "POST /sipse/faces/presentacion/financiero/solicitudProceso/listarSolicitudProceso.xhtml HTTP/1.1" 200 1448
161.18.221.23 - - [01/Nov/2021:19:42:42 -0500] "POST /sipse/faces/presentacion/financiero/solicitudProceso/listarSolicitudProceso.xhtml HTTP/1.1" 200 1452
161.18.221.23 - - [01/Nov/2021:19:42:42 -0500] "POST /sipse/faces/presentacion/financiero/solicitudProceso/listarSolicitudProceso.xhtml HTTP/1.1" 200 1448
161.18.221.23 - - [01/Nov/2021:19:42:42 -0500] "POST /sipse/faces/presentacion/financiero/solicitudProceso/listarSolicitudProceso.xhtml HTTP/1.1" 200 1448
161.18.221.23 - - [01/Nov/2021:19:42:42 -0500] "POST /sipse/faces/presentacion/financiero/solicitudProceso/listarSolicitudProceso.xhtml HTTP/1.1" 200 1448
161.18.221.23 - - [01/Nov/2021:19:42:51 -0500] "POST /sipse/faces/presentacion/financiero/solicitudProceso/listarSolicitudProceso.xhtml HTTP/1.1" 200 30307
66.249.66.223 - - [01/Nov/2021:19:42:54 -0500] "-" 408 -
188.40.73.202 - - [01/Nov/2021:19:43:02 -0500] "GET /BLA/resoluciones/RESOLUCIONES%202018/0300.pdf HTTP/1.1" 200 316254
161.18.221.23 - - [01/Nov/2021:19:43:01 -0500] "POST /sipse/faces/presentacion/financiero/solicitudProceso/listarSolicitudProceso.xhtml HTTP/1.1" 200 143075
161.18.221.23 - - [01/Nov/2021:19:43:02 -0500] "GET /sipse/faces/javax.faces.resource/primefaces.css?ln=primefaces&v=4.0 HTTP/1.1" 304 -
161.18.221.23 - - [01/Nov/2021:19:43:02 -0500] "GET /sipse/faces/javax.faces.resource/layout/layout.css?ln=primefaces&v=4.0 HTTP/1.1" 304 -
161.18.221.23 - - [01/Nov/2021:19:43:02 -0500] "GET /sipse/css/imagen/contrasena.png HTTP/1.1" 404 383
161.18.221.23 - - [01/Nov/2021:19:43:02 -0500] "GET /sipse/faces/javax.faces.resource/theme.css?ln=primefaces-sipse HTTP/1.1" 304 -
161.18.221.23 - - [01/Nov/2021:19:43:02 -0500] "GET /sipse/faces/javax.faces.resource/jquery/jquery.js?ln=primefaces&v=4.0 HTTP/1.1" 304 -
161.18.221.23 - - [01/Nov/2021:19:43:02 -0500] "GET /sipse/faces/javax.faces.resource/jquery/jquery-plugins.js?ln=primefaces&v=4.0 HTTP/1.1" 304 -
161.18.221.23 - - [01/Nov/2021:19:43:02 -0500] "GET /sipse/faces/javax.faces.resource/primefaces.js?ln=primefaces&v=4.0 HTTP/1.1" 304 -
161.18.221.23 - - [01/Nov/2021:19:43:02 -0500] "GET /sipse/faces/javax.faces.resource/layout/layout.js?ln=primefaces&v=4.0 HTTP/1.1" 304 -
161.18.221.23 - - [01/Nov/2021:19:43:02 -0500] "GET /reportes_sipse/sdg/ServletReporte?reporte=solicitud_cdp&Solicitud=15545&pfdrid_c=false HTTP/1.1" 200 114339
161.18.221.23 - - [01/Nov/2021:19:43:06 -0500] "POST /sipse/faces/presentacion/financiero/solicitudProceso/consultarSolicitudProceso.xhtml HTTP/1.1" 200 112580
201.245.192.253 - - [01/Nov/2021:19:43:12 -0500] "GET /catalogoisis/ HTTP/1.1" 200 8575
188.40.73.202 - - [01/Nov/2021:19:43:34 -0500] "GET /BLA/resoluciones/RESOLUCIONES%202018/4160.PDF HTTP/1.1" 200 1227555
188.40.73.202 - - [01/Nov/2021:19:44:01 -0500] "GET /BLA/resoluciones/RESOLUCIONES%202018/4778.PDF HTTP/1.1" 200 7788567
157.55.39.21 - - [01/Nov/2021:19:44:06 -0500] "GET /bla/resoluciones/resoluciones%202002/resolucion%201308%20de%202002.pdf HTTP/1.1" 200 156465
201.245.192.253 - - [01/Nov/2021:19:44:13 -0500] "GET /catalogoisis/ HTTP/1.1" 200 8575
188.40.73.202 - - [01/Nov/2021:19:44:22 -0500] "GET /BLA/resoluciones/RESOLUCIONES%202018/0888.pdf HTTP/1.1" 200 956529
188.40.73.202 - - [01/Nov/2021:19:44:45 -0500] "GET /BLA/resoluciones/RESOLUCIONES%202018/2811.pdf HTTP/1.1" 200 257972
188.40.73.202 - - [01/Nov/2021:19:45:06 -0500] "GET /BLA/resoluciones/RESOLUCIONES%202018/0961.pdf HTTP/1.1" 200 333539
201.245.192.253 - - [01/Nov/2021:19:45:14 -0500] "GET /catalogoisis/ HTTP/1.1" 200 8575
188.40.73.202 - - [01/Nov/2021:19:45:25 -0500] "GET /BLA/resoluciones/RESOLUCIONES%202018/0537.pdf HTTP/1.1" 200 933006
201.245.192.253 - - [01/Nov/2021:19:44:46 -0500] "POST /kwsrmcab/Wsrmcab HTTP/1.1" 200 119831
188.40.73.202 - - [01/Nov/2021:19:45:40 -0500] "GET /BLA/resoluciones/RESOLUCIONES%202018/1319.pdf HTTP/1.1" 200 281301
216.245.221.92 - - [01/Nov/2021:19:45:44 -0500] "HEAD / HTTP/1.1" 200 -
188.40.73.202 - - [01/Nov/2021:19:45:55 -0500] "GET /BLA/resoluciones/RESOLUCIONES%202018/3050.pdf HTTP/1.1" 200 327168
181.53.13.212 - - [01/Nov/2021:19:45:57 -0500] "GET /catalogoisis/ HTTP/1.1" 200 8575
181.53.13.212 - - [01/Nov/2021:19:45:57 -0500] "GET /catalogoisis/Css/Busqueda.css HTTP/1.1" 200 1995
181.53.13.212 - - [01/Nov/2021:19:45:57 -0500] "GET /catalogoisis/Js/AceptarLimpiar.js HTTP/1.1" 200 331
181.53.13.212 - - [01/Nov/2021:19:45:57 -0500] "GET /catalogoisis/Js/CriterioCombinada.js HTTP/1.1" 200 1843
181.53.13.212 - - [01/Nov/2021:19:45:57 -0500] "GET /catalogoisis/Js/Cookies.js HTTP/1.1" 200 1369
181.53.13.212 - - [01/Nov/2021:19:45:57 -0500] "GET /catalogoisis/Js/LimpiarCombinada.js HTTP/1.1" 200 207
181.53.13.212 - - [01/Nov/2021:19:45:57 -0500] "GET /catalogoisis/Js/Remote.js HTTP/1.1" 200 436
181.53.13.212 - - [01/Nov/2021:19:45:58 -0500] "GET /catalogoisis/Js/Go.js HTTP/1.1" 200 364
181.53.13.212 - - [01/Nov/2021:19:45:58 -0500] "GET /catalogoisis/Js/Numero.js HTTP/1.1" 200 398
181.53.13.212 - - [01/Nov/2021:19:45:58 -0500] "GET /catalogoisis/Js/Enter.js HTTP/1.1" 200 1208
181.53.13.212 - - [01/Nov/2021:19:45:58 -0500] "GET /catalogoisis/imagenes/br1c1.gif HTTP/1.1" 200 172
181.53.13.212 - - [01/Nov/2021:19:45:58 -0500] "GET /catalogoisis/imagenes/br1c3.gif HTTP/1.1" 200 302
181.53.13.212 - - [01/Nov/2021:19:45:58 -0500] "GET /catalogoisis/imagenes/aceptar1.gif HTTP/1.1" 200 604
181.53.13.212 - - [01/Nov/2021:19:45:58 -0500] "GET /catalogoisis/imagenes/Turnbo1.gif HTTP/1.1" 200 227
181.53.13.212 - - [01/Nov/2021:19:45:58 -0500] "GET /catalogoisis/imagenes/limpiar1.gif HTTP/1.1" 200 606
181.53.13.212 - - [01/Nov/2021:19:45:58 -0500] "GET /catalogoisis/imagenes/Header.gif HTTP/1.1" 200 30313
181.53.13.212 - - [01/Nov/2021:19:45:58 -0500] "GET /catalogoisis/imagenes/br3c1.gif HTTP/1.1" 200 177
181.53.13.212 - - [01/Nov/2021:19:45:58 -0500] "GET /catalogoisis/imagenes/br3c2.gif HTTP/1.1" 200 285
181.53.13.212 - - [01/Nov/2021:19:45:58 -0500] "GET /catalogoisis/imagenes/br3c3.gif HTTP/1.1" 200 186
181.53.13.212 - - [01/Nov/2021:19:45:58 -0500] "GET /catalogoisis/imagenes/br1c2.gif HTTP/1.1" 200 297
181.53.13.212 - - [01/Nov/2021:19:45:58 -0500] "GET /catalogoisis/imagenes/br2c2.gif HTTP/1.1" 200 302
181.53.13.212 - - [01/Nov/2021:19:45:58 -0500] "GET /catalogoisis/imagenes/br2c3.gif HTTP/1.1" 200 416
181.53.13.212 - - [01/Nov/2021:19:45:58 -0500] "GET /catalogoisis/imagenes/br2c1.gif HTTP/1.1" 200 297
181.53.13.212 - - [01/Nov/2021:19:45:58 -0500] "GET /favicon.ico HTTP/1.1" 200 7782
