201.245.192.253 - - [03/Nov/2021:09:46:56 -0500] "GET /sipse/faces/javax.faces.resource/layout/layout.js?ln=primefaces&v=4.0 HTTP/1.1" 304 -
201.245.192.253 - - [03/Nov/2021:09:46:56 -0500] "GET /sipse/css/imagen/contrasena.png HTTP/1.1" 404 383
201.245.192.253 - - [03/Nov/2021:09:46:56 -0500] "GET /reportes_sipse/sdg/ServletReporte?reporte=solicitud_cdp&Solicitud=14732&pfdrid_c=false HTTP/1.1" 200 98474
201.245.192.253 - - [03/Nov/2021:09:46:57 -0500] "POST /sipse/faces/presentacion/financiero/solicitudProceso/consultarSolicitudProceso.xhtml HTTP/1.1" 200 15557
201.245.192.253 - - [03/Nov/2021:09:46:59 -0500] "POST /sipse/faces/presentacion/financiero/solicitudProceso/consultarSolicitudProceso.xhtml HTTP/1.1" 200 760425
176.9.10.194 - - [03/Nov/2021:09:47:00 -0500] "GET /BLA/resoluciones/RESOLUCIONES%202010/5655.pdf HTTP/1.1" 200 2752047
201.245.192.253 - - [03/Nov/2021:09:47:01 -0500] "POST /sipse/faces/presentacion/financiero/solicitudProceso/consultarSolicitudProceso.xhtml HTTP/1.1" 200 206858
201.245.192.253 - - [03/Nov/2021:09:47:03 -0500] "POST /sipse/faces/presentacion/financiero/solicitudProceso/consultarSolicitudProceso.xhtml HTTP/1.1" 200 10041
87.250.224.114 - - [03/Nov/2021:09:47:03 -0500] "-" 408 -
168.90.12.164 - - [03/Nov/2021:09:47:02 -0500] "POST /sipse/faces/presentacion/financiero/solicitudProceso/consultarSolicitudProceso.xhtml HTTP/1.1" 200 37965
168.90.12.164 - - [03/Nov/2021:09:47:04 -0500] "GET /sipse/faces/javax.faces.resource/theme.css?ln=primefaces-sipse HTTP/1.1" 304 -
168.90.12.164 - - [03/Nov/2021:09:47:04 -0500] "GET /sipse/faces/javax.faces.resource/primefaces.css?ln=primefaces&v=4.0 HTTP/1.1" 304 -
168.90.12.164 - - [03/Nov/2021:09:47:04 -0500] "GET /sipse/faces/javax.faces.resource/layout/layout.css?ln=primefaces&v=4.0 HTTP/1.1" 304 -
168.90.12.164 - - [03/Nov/2021:09:47:04 -0500] "GET /sipse/faces/javax.faces.resource/jquery/jquery.js?ln=primefaces&v=4.0 HTTP/1.1" 304 -
168.90.12.164 - - [03/Nov/2021:09:47:04 -0500] "GET /sipse/faces/javax.faces.resource/jquery/jquery-plugins.js?ln=primefaces&v=4.0 HTTP/1.1" 304 -
168.90.12.164 - - [03/Nov/2021:09:47:04 -0500] "GET /sipse/faces/javax.faces.resource/primefaces.js?ln=primefaces&v=4.0 HTTP/1.1" 304 -
168.90.12.164 - - [03/Nov/2021:09:47:04 -0500] "GET /sipse/faces/javax.faces.resource/layout/layout.js?ln=primefaces&v=4.0 HTTP/1.1" 304 -
176.9.10.194 - - [03/Nov/2021:09:47:04 -0500] "GET /BLA/resoluciones/RESOLUCIONES%202010/0131.pdf HTTP/1.1" 200 384949
168.90.12.164 - - [03/Nov/2021:09:47:04 -0500] "GET /sipse/faces/javax.faces.resource/messages/messages.png?ln=primefaces&v=4.0 HTTP/1.1" 304 -
168.90.12.164 - - [03/Nov/2021:09:47:04 -0500] "POST /sipse/faces/presentacion/financiero/solicitudProceso/listarSolicitudProceso.xhtml HTTP/1.1" 200 1360
201.245.192.253 - - [03/Nov/2021:09:47:07 -0500] "POST /sipse/faces/presentacion/financiero/solicitudProceso/consultarSolicitudProceso.xhtml HTTP/1.1" 200 913758
201.245.192.253 - - [03/Nov/2021:09:47:09 -0500] "POST /sipse/faces/presentacion/financiero/solicitudProceso/consultarSolicitudProceso.xhtml HTTP/1.1" 200 4374015
201.245.192.253 - - [03/Nov/2021:09:47:11 -0500] "POST /sipse/faces/presentacion/financiero/solicitudProceso/consultarSolicitudProceso.xhtml HTTP/1.1" 200 446852
176.9.10.194 - - [03/Nov/2021:09:47:13 -0500] "GET /BLA/resoluciones/RESOLUCIONES%202010/7865.pdf HTTP/1.1" 200 37114
176.9.10.194 - - [03/Nov/2021:09:47:21 -0500] "GET /BLA/resoluciones/RESOLUCIONES%202010/4815.pdf HTTP/1.1" 200 755037
201.245.192.253 - - [03/Nov/2021:09:47:22 -0500] "POST /sipse/faces/presentacion/financiero/solicitudProceso/consultarSolicitudProceso.xhtml HTTP/1.1" 200 40499
201.245.192.253 - - [03/Nov/2021:09:47:22 -0500] "GET /sipse/faces/javax.faces.resource/theme.css?ln=primefaces-sipse HTTP/1.1" 304 -
201.245.192.253 - - [03/Nov/2021:09:47:22 -0500] "GET /sipse/faces/javax.faces.resource/primefaces.css?ln=primefaces&v=4.0 HTTP/1.1" 304 -
201.245.192.253 - - [03/Nov/2021:09:47:22 -0500] "GET /sipse/faces/javax.faces.resource/layout/layout.css?ln=primefaces&v=4.0 HTTP/1.1" 304 -
201.245.192.253 - - [03/Nov/2021:09:47:22 -0500] "GET /sipse/faces/javax.faces.resource/jquery/jquery.js?ln=primefaces&v=4.0 HTTP/1.1" 304 -
201.245.192.253 - - [03/Nov/2021:09:47:22 -0500] "GET /sipse/faces/javax.faces.resource/jquery/jquery-plugins.js?ln=primefaces&v=4.0 HTTP/1.1" 304 -
201.245.192.253 - - [03/Nov/2021:09:47:22 -0500] "GET /sipse/faces/javax.faces.resource/primefaces.js?ln=primefaces&v=4.0 HTTP/1.1" 304 -
201.245.192.253 - - [03/Nov/2021:09:47:22 -0500] "GET /sipse/faces/javax.faces.resource/layout/layout.js?ln=primefaces&v=4.0 HTTP/1.1" 304 -
201.245.192.253 - - [03/Nov/2021:09:47:22 -0500] "GET /sipse/css/imagen/contrasena.png HTTP/1.1" 404 383
201.245.192.253 - - [03/Nov/2021:09:47:22 -0500] "POST /sipse/faces/presentacion/financiero/solicitudProceso/consultar.xhtml HTTP/1.1" 200 33894
201.245.192.253 - - [03/Nov/2021:09:47:23 -0500] "POST /sipse/faces/presentacion/financiero/solicitudProceso/consultar.xhtml HTTP/1.1" 200 33894
201.245.192.253 - - [03/Nov/2021:09:47:23 -0500] "POST /sipse/faces/presentacion/financiero/solicitudProceso/consultar.xhtml HTTP/1.1" 200 33894
201.245.192.253 - - [03/Nov/2021:09:47:23 -0500] "POST /sipse/faces/presentacion/financiero/solicitudProceso/consultar.xhtml HTTP/1.1" 200 33894
201.245.192.253 - - [03/Nov/2021:09:47:23 -0500] "POST /sipse/faces/presentacion/financiero/solicitudProceso/consultar.xhtml HTTP/1.1" 200 33894
201.245.192.253 - - [03/Nov/2021:09:47:24 -0500] "POST /sipse/faces/presentacion/financiero/solicitudProceso/consultar.xhtml HTTP/1.1" 200 33894
201.245.192.253 - - [03/Nov/2021:09:47:24 -0500] "POST /sipse/faces/presentacion/financiero/solicitudProceso/consultar.xhtml HTTP/1.1" 200 33894
201.245.192.253 - - [03/Nov/2021:09:47:24 -0500] "POST /sipse/faces/presentacion/financiero/solicitudProceso/consultar.xhtml HTTP/1.1" 200 33894
201.245.192.253 - - [03/Nov/2021:09:47:24 -0500] "POST /sipse/faces/presentacion/financiero/solicitudProceso/consultar.xhtml HTTP/1.1" 200 33894
201.245.192.253 - - [03/Nov/2021:09:47:24 -0500] "POST /sipse/faces/presentacion/financiero/solicitudProceso/consultar.xhtml HTTP/1.1" 200 33894
201.245.192.253 - - [03/Nov/2021:09:47:24 -0500] "POST /sipse/faces/presentacion/financiero/solicitudProceso/consultar.xhtml HTTP/1.1" 200 33894
201.245.192.253 - - [03/Nov/2021:09:47:25 -0500] "POST /sipse/faces/presentacion/financiero/solicitudProceso/consultar.xhtml HTTP/1.1" 200 33894
201.245.192.253 - - [03/Nov/2021:09:47:25 -0500] "POST /sipse/faces/presentacion/financiero/solicitudProceso/consultar.xhtml HTTP/1.1" 200 33894
201.245.192.253 - - [03/Nov/2021:09:47:25 -0500] "POST /sipse/faces/presentacion/financiero/solicitudProceso/consultar.xhtml HTTP/1.1" 200 33894
201.245.192.253 - - [03/Nov/2021:09:47:25 -0500] "POST /sipse/faces/presentacion/financiero/solicitudProceso/consultar.xhtml HTTP/1.1" 200 33894
201.245.192.253 - - [03/Nov/2021:09:47:25 -0500] "POST /sipse/faces/presentacion/financiero/solicitudProceso/consultar.xhtml HTTP/1.1" 200 33894
201.245.192.253 - - [03/Nov/2021:09:47:26 -0500] "POST /sipse/faces/presentacion/financiero/solicitudProceso/consultar.xhtml HTTP/1.1" 200 33894
201.245.192.253 - - [03/Nov/2021:09:47:26 -0500] "POST /sipse/faces/presentacion/financiero/solicitudProceso/consultar.xhtml HTTP/1.1" 200 33894
201.245.192.253 - - [03/Nov/2021:09:47:26 -0500] "POST /sipse/faces/presentacion/financiero/solicitudProceso/consultar.xhtml HTTP/1.1" 200 33894
201.245.192.253 - - [03/Nov/2021:09:47:26 -0500] "POST /sipse/faces/presentacion/financiero/solicitudProceso/consultar.xhtml HTTP/1.1" 200 33894
201.245.192.253 - - [03/Nov/2021:09:47:27 -0500] "POST /sipse/faces/presentacion/financiero/solicitudProceso/consultar.xhtml HTTP/1.1" 200 33894
201.245.192.253 - - [03/Nov/2021:09:47:27 -0500] "POST /sipse/faces/presentacion/financiero/solicitudProceso/consultar.xhtml HTTP/1.1" 200 33894
201.245.192.253 - - [03/Nov/2021:09:47:27 -0500] "POST /sipse/faces/presentacion/financiero/solicitudProceso/consultar.xhtml HTTP/1.1" 200 33894
201.245.192.253 - - [03/Nov/2021:09:47:27 -0500] "POST /sipse/faces/presentacion/financiero/solicitudProceso/consultar.xhtml HTTP/1.1" 200 33894
201.245.192.253 - - [03/Nov/2021:09:47:27 -0500] "POST /sipse/faces/presentacion/financiero/solicitudProceso/consultar.xhtml HTTP/1.1" 200 33894
201.245.192.253 - - [03/Nov/2021:09:47:27 -0500] "POST /sipse/faces/presentacion/financiero/solicitudProceso/consultar.xhtml HTTP/1.1" 200 33894
201.245.192.253 - - [03/Nov/2021:09:47:28 -0500] "POST /sipse/faces/presentacion/financiero/solicitudProceso/consultar.xhtml HTTP/1.1" 200 33894
201.245.192.253 - - [03/Nov/2021:09:47:28 -0500] "POST /sipse/faces/presentacion/financiero/solicitudProceso/consultar.xhtml HTTP/1.1" 200 33894
201.245.192.253 - - [03/Nov/2021:09:47:28 -0500] "POST /sipse/faces/presentacion/financiero/solicitudProceso/consultar.xhtml HTTP/1.1" 200 33894
201.245.192.253 - - [03/Nov/2021:09:47:28 -0500] "POST /sipse/faces/presentacion/financiero/solicitudProceso/consultar.xhtml HTTP/1.1" 200 33894
201.245.192.253 - - [03/Nov/2021:09:47:28 -0500] "POST /sipse/faces/presentacion/financiero/solicitudProceso/consultar.xhtml HTTP/1.1" 200 33894
201.245.192.253 - - [03/Nov/2021:09:47:28 -0500] "POST /sipse/faces/presentacion/financiero/solicitudProceso/consultar.xhtml HTTP/1.1" 200 33894
201.245.192.253 - - [03/Nov/2021:09:47:29 -0500] "POST /sipse/faces/presentacion/financiero/solicitudProceso/consultar.xhtml HTTP/1.1" 200 33894
201.245.192.253 - - [03/Nov/2021:09:47:29 -0500] "POST /sipse/faces/presentacion/financiero/solicitudProceso/consultar.xhtml HTTP/1.1" 200 33894
201.245.192.253 - - [03/Nov/2021:09:47:29 -0500] "POST /sipse/faces/presentacion/financiero/solicitudProceso/consultar.xhtml HTTP/1.1" 200 33894
201.245.192.253 - - [03/Nov/2021:09:47:29 -0500] "POST /sipse/faces/presentacion/financiero/solicitudProceso/consultar.xhtml HTTP/1.1" 200 33894
201.245.192.253 - - [03/Nov/2021:09:47:29 -0500] "POST /sipse/faces/presentacion/financiero/solicitudProceso/consultar.xhtml HTTP/1.1" 200 33894
201.245.192.253 - - [03/Nov/2021:09:47:30 -0500] "POST /sipse/faces/presentacion/financiero/solicitudProceso/consultar.xhtml HTTP/1.1" 200 33894
201.245.192.253 - - [03/Nov/2021:09:47:30 -0500] "POST /sipse/faces/presentacion/financiero/solicitudProceso/consultar.xhtml HTTP/1.1" 200 33894
201.245.192.253 - - [03/Nov/2021:09:47:30 -0500] "POST /sipse/faces/presentacion/financiero/solicitudProceso/consultar.xhtml HTTP/1.1" 200 33894
176.9.10.194 - - [03/Nov/2021:09:47:30 -0500] "GET /BLA/resoluciones/RESOLUCIONES%202010/4087.pdf HTTP/1.1" 200 491445
201.245.192.253 - - [03/Nov/2021:09:47:31 -0500] "GET /catalogoisis/ HTTP/1.1" 200 8575
201.245.192.253 - - [03/Nov/2021:09:47:33 -0500] "POST /sipse/faces/presentacion/financiero/solicitudProceso/consultar.xhtml HTTP/1.1" 200 12823
201.245.192.253 - - [03/Nov/2021:09:47:35 -0500] "POST /sipse/faces/presentacion/financiero/solicitudProceso/consultar.xhtml HTTP/1.1" 200 151960
201.245.192.253 - - [03/Nov/2021:09:47:36 -0500] "GET /sipse/faces/javax.faces.resource/theme.css?ln=primefaces-sipse HTTP/1.1" 304 -
201.245.192.253 - - [03/Nov/2021:09:47:36 -0500] "GET /sipse/faces/javax.faces.resource/primefaces.css?ln=primefaces&v=4.0 HTTP/1.1" 304 -
201.245.192.253 - - [03/Nov/2021:09:47:36 -0500] "GET /sipse/faces/javax.faces.resource/layout/layout.css?ln=primefaces&v=4.0 HTTP/1.1" 304 -
201.245.192.253 - - [03/Nov/2021:09:47:36 -0500] "GET /sipse/faces/javax.faces.resource/jquery/jquery.js?ln=primefaces&v=4.0 HTTP/1.1" 304 -
201.245.192.253 - - [03/Nov/2021:09:47:36 -0500] "GET /sipse/faces/javax.faces.resource/jquery/jquery-plugins.js?ln=primefaces&v=4.0 HTTP/1.1" 304 -
201.245.192.253 - - [03/Nov/2021:09:47:36 -0500] "GET /sipse/faces/javax.faces.resource/primefaces.js?ln=primefaces&v=4.0 HTTP/1.1" 304 -
201.245.192.253 - - [03/Nov/2021:09:47:36 -0500] "GET /sipse/faces/javax.faces.resource/layout/layout.js?ln=primefaces&v=4.0 HTTP/1.1" 304 -
201.245.192.253 - - [03/Nov/2021:09:47:36 -0500] "GET /sipse/css/imagen/contrasena.png HTTP/1.1" 404 383
201.245.192.253 - - [03/Nov/2021:09:47:36 -0500] "GET /reportes_sipse/sdg/ServletReporte?reporte=solicitud_cdp&Solicitud=14732&pfdrid_c=false HTTP/1.1" 200 98474
176.9.10.194 - - [03/Nov/2021:09:47:39 -0500] "GET /BLA/resoluciones/RESOLUCIONES%202010/7446.pdf HTTP/1.1" 200 232869
201.245.192.253 - - [03/Nov/2021:09:47:39 -0500] "POST /sipse/faces/presentacion/financiero/solicitudProceso/consultarSolicitudProceso.xhtml HTTP/1.1" 200 153399
176.9.10.194 - - [03/Nov/2021:09:47:47 -0500] "GET /BLA/resoluciones/RESOLUCIONES%202010/2050.pdf HTTP/1.1" 200 195597
176.9.10.194 - - [03/Nov/2021:09:47:55 -0500] "GET /BLA/resoluciones/RESOLUCIONES%202010/4092.pdf HTTP/1.1" 200 347404
186.30.130.213 - - [03/Nov/2021:09:47:55 -0500] "POST /sipse/faces/presentacion/financiero/solicitudProceso/consultarSolicitudProceso.xhtml HTTP/1.1" 200 31967
186.30.130.213 - - [03/Nov/2021:09:47:55 -0500] "GET /sipse/faces/javax.faces.resource/theme.css?ln=primefaces-sipse HTTP/1.1" 304 -
186.30.130.213 - - [03/Nov/2021:09:47:55 -0500] "GET /sipse/faces/javax.faces.resource/primefaces.css?ln=primefaces&v=4.0 HTTP/1.1" 304 -
186.30.130.213 - - [03/Nov/2021:09:47:55 -0500] "GET /sipse/faces/javax.faces.resource/layout/layout.css?ln=primefaces&v=4.0 HTTP/1.1" 304 -
186.30.130.213 - - [03/Nov/2021:09:47:55 -0500] "GET /sipse/faces/javax.faces.resource/jquery/jquery.js?ln=primefaces&v=4.0 HTTP/1.1" 304 -
186.30.130.213 - - [03/Nov/2021:09:47:55 -0500] "GET /sipse/faces/javax.faces.resource/jquery/jquery-plugins.js?ln=primefaces&v=4.0 HTTP/1.1" 304 -
186.30.130.213 - - [03/Nov/2021:09:47:55 -0500] "GET /sipse/faces/javax.faces.resource/primefaces.js?ln=primefaces&v=4.0 HTTP/1.1" 304 -
186.30.130.213 - - [03/Nov/2021:09:47:56 -0500] "GET /sipse/faces/javax.faces.resource/layout/layout.js?ln=primefaces&v=4.0 HTTP/1.1" 304 -
186.30.130.213 - - [03/Nov/2021:09:47:56 -0500] "GET /sipse/css/imagen/contrasena.png HTTP/1.1" 404 383
186.30.130.213 - - [03/Nov/2021:09:47:56 -0500] "POST /sipse/faces/presentacion/financiero/solicitudProceso/listarSolicitudProceso.xhtml HTTP/1.1" 200 25341
191.111.43.19 - - [03/Nov/2021:09:47:56 -0500] "GET /sipse/faces/faces/autenticacion.xhtml HTTP/1.1" 200 12507
186.30.130.213 - - [03/Nov/2021:09:47:56 -0500] "POST /sipse/faces/presentacion/financiero/solicitudProceso/listarSolicitudProceso.xhtml HTTP/1.1" 200 25341
186.30.130.213 - - [03/Nov/2021:09:47:56 -0500] "POST /sipse/faces/presentacion/financiero/solicitudProceso/listarSolicitudProceso.xhtml HTTP/1.1" 200 25341
186.30.130.213 - - [03/Nov/2021:09:47:56 -0500] "POST /sipse/faces/presentacion/financiero/solicitudProceso/listarSolicitudProceso.xhtml HTTP/1.1" 200 25341
191.111.43.19 - - [03/Nov/2021:09:47:57 -0500] "GET /sipse/faces/javax.faces.resource/layout/layout.css;jsessionid=nnKKKTgBc4W7zW1YYcUfbmFk.undefined?ln=primefaces&v=4.0 HTTP/1.1" 200 542
186.30.130.213 - - [03/Nov/2021:09:47:57 -0500] "POST /sipse/faces/presentacion/financiero/solicitudProceso/listarSolicitudProceso.xhtml HTTP/1.1" 200 25341
191.111.43.19 - - [03/Nov/2021:09:47:57 -0500] "GET /sipse/faces/javax.faces.resource/primefaces.css;jsessionid=nnKKKTgBc4W7zW1YYcUfbmFk.undefined?ln=primefaces&v=4.0 HTTP/1.1" 200 53295
191.111.43.19 - - [03/Nov/2021:09:47:57 -0500] "GET /sipse/faces/javax.faces.resource/layout/layout.js;jsessionid=nnKKKTgBc4W7zW1YYcUfbmFk.undefined?ln=primefaces&v=4.0 HTTP/1.1" 200 87560
186.30.130.213 - - [03/Nov/2021:09:47:57 -0500] "POST /sipse/faces/presentacion/financiero/solicitudProceso/listarSolicitudProceso.xhtml HTTP/1.1" 200 25341
191.111.43.19 - - [03/Nov/2021:09:47:57 -0500] "GET /sipse/faces/javax.faces.resource/jquery/jquery.js;jsessionid=nnKKKTgBc4W7zW1YYcUfbmFk.undefined?ln=primefaces&v=4.0 HTTP/1.1" 200 105384
191.111.43.19 - - [03/Nov/2021:09:47:57 -0500] "GET /sipse/css/custom_css_sg.css HTTP/1.1" 200 9694
191.111.43.19 - - [03/Nov/2021:09:47:57 -0500] "GET /sipse/css/custom_css_sg_prime_login.css HTTP/1.1" 200 443
186.30.130.213 - - [03/Nov/2021:09:47:57 -0500] "POST /sipse/faces/presentacion/financiero/solicitudProceso/listarSolicitudProceso.xhtml HTTP/1.1" 200 1348
191.111.43.19 - - [03/Nov/2021:09:47:57 -0500] "GET /sipse/faces/javax.faces.resource/jquery/jquery-plugins.js;jsessionid=nnKKKTgBc4W7zW1YYcUfbmFk.undefined?ln=primefaces&v=4.0 HTTP/1.1" 200 220526
191.111.43.19 - - [03/Nov/2021:09:47:57 -0500] "GET /sipse/faces/javax.faces.resource/theme.css?ln=primefaces-sipse HTTP/1.1" 200 50058
186.30.130.213 - - [03/Nov/2021:09:47:57 -0500] "POST /sipse/faces/presentacion/financiero/solicitudProceso/listarSolicitudProceso.xhtml HTTP/1.1" 200 1344
191.111.43.19 - - [03/Nov/2021:09:47:57 -0500] "GET /sipse/faces/javax.faces.resource/primefaces.js;jsessionid=nnKKKTgBc4W7zW1YYcUfbmFk.undefined?ln=primefaces&v=4.0 HTTP/1.1" 200 276924
186.30.130.213 - - [03/Nov/2021:09:47:58 -0500] "POST /sipse/faces/presentacion/financiero/solicitudProceso/listarSolicitudProceso.xhtml HTTP/1.1" 200 1344
191.111.43.19 - - [03/Nov/2021:09:47:58 -0500] "GET /sipse/css/imagen/logoSDG.png HTTP/1.1" 200 53064
191.111.43.19 - - [03/Nov/2021:09:47:58 -0500] "GET /sipse/faces/javax.faces.resource/images/ui-icons_898989_256x240.png?ln=primefaces-aristo HTTP/1.1" 200 5355
191.111.43.19 - - [03/Nov/2021:09:47:58 -0500] "GET /sipse/css/imagen/loginimg.png HTTP/1.1" 200 71635
186.30.130.213 - - [03/Nov/2021:09:47:58 -0500] "POST /sipse/faces/presentacion/financiero/solicitudProceso/listarSolicitudProceso.xhtml HTTP/1.1" 200 1344
186.30.130.213 - - [03/Nov/2021:09:47:58 -0500] "POST /sipse/faces/presentacion/financiero/solicitudProceso/listarSolicitudProceso.xhtml HTTP/1.1" 200 1344
186.30.130.213 - - [03/Nov/2021:09:47:58 -0500] "POST /sipse/faces/presentacion/financiero/solicitudProceso/listarSolicitudProceso.xhtml HTTP/1.1" 200 1344
191.111.43.19 - - [03/Nov/2021:09:47:59 -0500] "GET /favicon.ico HTTP/1.1" 200 7782
191.111.43.19 - - [03/Nov/2021:09:47:59 -0500] "GET /sipse/faces/faces/index.xhtml HTTP/1.1" 200 677
186.30.130.213 - - [03/Nov/2021:09:47:58 -0500] "POST /sipse/faces/presentacion/financiero/solicitudProceso/listarSolicitudProceso.xhtml HTTP/1.1" 200 1344
191.111.43.19 - - [03/Nov/2021:09:47:59 -0500] "GET /sipse/faces/javax.faces.resource/theme.css?ln=primefaces-sipse HTTP/1.1" 304 -
191.111.43.19 - - [03/Nov/2021:09:48:00 -0500] "GET /sipse/faces/faces/faces/autenticacion.xhtml HTTP/1.1" 200 12185
191.111.43.19 - - [03/Nov/2021:09:48:00 -0500] "GET /sipse/faces/javax.faces.resource/theme.css?ln=primefaces-sipse HTTP/1.1" 304 -
191.111.43.19 - - [03/Nov/2021:09:48:00 -0500] "GET /sipse/faces/javax.faces.resource/primefaces.css?ln=primefaces&v=4.0 HTTP/1.1" 304 -
191.111.43.19 - - [03/Nov/2021:09:48:00 -0500] "GET /sipse/faces/javax.faces.resource/layout/layout.css?ln=primefaces&v=4.0 HTTP/1.1" 304 -
191.111.43.19 - - [03/Nov/2021:09:48:00 -0500] "GET /sipse/faces/javax.faces.resource/jquery/jquery.js?ln=primefaces&v=4.0 HTTP/1.1" 304 -
191.111.43.19 - - [03/Nov/2021:09:48:00 -0500] "GET /sipse/faces/javax.faces.resource/jquery/jquery-plugins.js?ln=primefaces&v=4.0 HTTP/1.1" 304 -
191.111.43.19 - - [03/Nov/2021:09:48:00 -0500] "GET /sipse/faces/javax.faces.resource/primefaces.js?ln=primefaces&v=4.0 HTTP/1.1" 304 -
191.111.43.19 - - [03/Nov/2021:09:48:00 -0500] "GET /sipse/faces/javax.faces.resource/layout/layout.js?ln=primefaces&v=4.0 HTTP/1.1" 304 -
191.111.43.19 - - [03/Nov/2021:09:48:00 -0500] "GET /sipse/faces/javax.faces.resource/images/ui-icons_898989_256x240.png?ln=primefaces-aristo HTTP/1.1" 304 -
186.30.130.213 - - [03/Nov/2021:09:48:03 -0500] "POST /sipse/faces/presentacion/financiero/solicitudProceso/listarSolicitudProceso.xhtml HTTP/1.1" 200 30662
191.111.43.19 - - [03/Nov/2021:09:48:03 -0500] "POST /sipse/faces/autenticacion.xhtml HTTP/1.1" 200 2224
191.111.43.19 - - [03/Nov/2021:09:48:03 -0500] "GET /sipse/faces/javax.faces.resource/messages/messages.png?ln=primefaces&v=4.0 HTTP/1.1" 304 -
186.30.130.213 - - [03/Nov/2021:09:48:03 -0500] "POST /sipse/faces/presentacion/financiero/solicitudProceso/listarSolicitudProceso.xhtml HTTP/1.1" 200 8423
191.111.43.19 - - [03/Nov/2021:09:48:04 -0500] "POST /sipse/faces/autenticacion.xhtml HTTP/1.1" 200 15928
191.111.43.19 - - [03/Nov/2021:09:48:05 -0500] "GET /sipse/faces/javax.faces.resource/jquery/jquery.js?ln=primefaces&v=4.0 HTTP/1.1" 304 -
191.111.43.19 - - [03/Nov/2021:09:48:05 -0500] "GET /sipse/faces/javax.faces.resource/jquery/jquery-plugins.js?ln=primefaces&v=4.0 HTTP/1.1" 304 -
191.111.43.19 - - [03/Nov/2021:09:48:05 -0500] "GET /sipse/faces/javax.faces.resource/primefaces.js?ln=primefaces&v=4.0 HTTP/1.1" 304 -
191.111.43.19 - - [03/Nov/2021:09:48:05 -0500] "GET /sipse/faces/javax.faces.resource/layout/layout.js?ln=primefaces&v=4.0 HTTP/1.1" 304 -
191.111.43.19 - - [03/Nov/2021:09:48:06 -0500] "GET /sipse/css/imagen/contrasena.png HTTP/1.1" 404 383
176.9.10.194 - - [03/Nov/2021:09:48:06 -0500] "GET /BLA/resoluciones/RESOLUCIONES%202010/7267.pdf HTTP/1.1" 200 295465
186.30.130.213 - - [03/Nov/2021:09:48:06 -0500] "POST /sipse/faces/presentacion/financiero/solicitudProceso/listarSolicitudProceso.xhtml HTTP/1.1" 200 31436
191.111.43.19 - - [03/Nov/2021:09:48:07 -0500] "GET /sipse/faces/javax.faces.resource/images/ui-bg_flat_0_2d5972_40x100.png?ln=primefaces-aristo HTTP/1.1" 200 183
191.111.43.19 - - [03/Nov/2021:09:48:07 -0500] "POST /sipse/faces/bienvenido.xhtml HTTP/1.1" 200 2073
191.111.43.19 - - [03/Nov/2021:09:48:08 -0500] "POST /sipse/faces/bienvenido.xhtml HTTP/1.1" 200 38659
191.111.43.19 - - [03/Nov/2021:09:48:08 -0500] "GET /sipse/faces/javax.faces.resource/jquery/jquery.js?ln=primefaces&v=4.0 HTTP/1.1" 304 -
191.111.43.19 - - [03/Nov/2021:09:48:08 -0500] "GET /sipse/faces/javax.faces.resource/jquery/jquery-plugins.js?ln=primefaces&v=4.0 HTTP/1.1" 304 -
186.30.130.213 - - [03/Nov/2021:09:48:08 -0500] "POST /sipse/faces/presentacion/financiero/solicitudProceso/listarSolicitudProceso.xhtml HTTP/1.1" 200 31290
191.111.43.19 - - [03/Nov/2021:09:48:08 -0500] "GET /sipse/faces/javax.faces.resource/primefaces.js?ln=primefaces&v=4.0 HTTP/1.1" 304 -
191.111.43.19 - - [03/Nov/2021:09:48:08 -0500] "GET /sipse/faces/javax.faces.resource/layout/layout.js?ln=primefaces&v=4.0 HTTP/1.1" 304 -
186.30.130.213 - - [03/Nov/2021:09:48:09 -0500] "POST /sipse/faces/presentacion/financiero/solicitudProceso/listarSolicitudProceso.xhtml HTTP/1.1" 200 5488
191.111.43.19 - - [03/Nov/2021:09:48:11 -0500] "POST /sipse/faces/presentacion/financiero/solicitudProceso/consultar.xhtml HTTP/1.1" 200 12881
176.9.10.194 - - [03/Nov/2021:09:48:14 -0500] "GET /BLA/resoluciones/RESOLUCIONES%202010/5556.pdf HTTP/1.1" 200 317091
186.30.130.213 - - [03/Nov/2021:09:48:13 -0500] "POST /sipse/faces/presentacion/financiero/solicitudProceso/listarSolicitudProceso.xhtml HTTP/1.1" 200 116751
186.30.130.213 - - [03/Nov/2021:09:48:14 -0500] "GET /sipse/faces/javax.faces.resource/theme.css?ln=primefaces-sipse HTTP/1.1" 304 -
186.30.130.213 - - [03/Nov/2021:09:48:14 -0500] "GET /sipse/faces/javax.faces.resource/jquery/jquery.js?ln=primefaces&v=4.0 HTTP/1.1" 304 -
186.30.130.213 - - [03/Nov/2021:09:48:14 -0500] "GET /sipse/faces/javax.faces.resource/layout/layout.css?ln=primefaces&v=4.0 HTTP/1.1" 304 -
186.30.130.213 - - [03/Nov/2021:09:48:14 -0500] "GET /sipse/faces/javax.faces.resource/primefaces.css?ln=primefaces&v=4.0 HTTP/1.1" 304 -
186.30.130.213 - - [03/Nov/2021:09:48:14 -0500] "GET /sipse/faces/javax.faces.resource/jquery/jquery-plugins.js?ln=primefaces&v=4.0 HTTP/1.1" 304 -
186.30.130.213 - - [03/Nov/2021:09:48:15 -0500] "GET /sipse/faces/javax.faces.resource/primefaces.js?ln=primefaces&v=4.0 HTTP/1.1" 304 -
186.30.130.213 - - [03/Nov/2021:09:48:15 -0500] "GET /sipse/faces/javax.faces.resource/layout/layout.js?ln=primefaces&v=4.0 HTTP/1.1" 304 -
186.30.130.213 - - [03/Nov/2021:09:48:15 -0500] "GET /sipse/css/imagen/contrasena.png HTTP/1.1" 404 383
186.30.130.213 - - [03/Nov/2021:09:48:15 -0500] "GET /reportes_sipse/sdg/ServletReporte?reporte=solicitud_cdp&Solicitud=14732&pfdrid_c=false HTTP/1.1" 200 98474
191.111.43.19 - - [03/Nov/2021:09:48:16 -0500] "POST /sipse/faces/presentacion/financiero/solicitudProceso/consultar.xhtml HTTP/1.1" 200 141047
191.111.43.19 - - [03/Nov/2021:09:48:17 -0500] "GET /sipse/faces/javax.faces.resource/jquery/jquery.js?ln=primefaces&v=4.0 HTTP/1.1" 304 -
191.111.43.19 - - [03/Nov/2021:09:48:17 -0500] "GET /sipse/faces/javax.faces.resource/jquery/jquery-plugins.js?ln=primefaces&v=4.0 HTTP/1.1" 304 -
191.111.43.19 - - [03/Nov/2021:09:48:17 -0500] "GET /sipse/faces/javax.faces.resource/primefaces.js?ln=primefaces&v=4.0 HTTP/1.1" 304 -
191.111.43.19 - - [03/Nov/2021:09:48:17 -0500] "GET /sipse/faces/javax.faces.resource/layout/layout.js?ln=primefaces&v=4.0 HTTP/1.1" 304 -
191.111.43.19 - - [03/Nov/2021:09:48:17 -0500] "GET /reportes_sipse/sdg/ServletReporte?reporte=solicitud_cdp&Solicitud=14732&pfdrid_c=false HTTP/1.1" 200 98474
186.30.30.67 - - [03/Nov/2021:09:48:18 -0500] "POST /sipse/faces/autenticacion.xhtml HTTP/1.1" 200 2223
186.30.30.67 - - [03/Nov/2021:09:48:19 -0500] "GET /sipse/faces/javax.faces.resource/messages/messages.png?ln=primefaces&v=4.0 HTTP/1.1" 304 -
176.9.10.194 - - [03/Nov/2021:09:48:22 -0500] "GET /BLA/resoluciones/RESOLUCIONES%202010/5763.pdf HTTP/1.1" 200 90979
186.30.30.67 - - [03/Nov/2021:09:48:22 -0500] "GET /sipse/faces/javax.faces.resource/images/ui-icons_898989_256x240.png?ln=primefaces-aristo HTTP/1.1" 304 -
186.30.30.67 - - [03/Nov/2021:09:48:22 -0500] "POST /sipse/faces/autenticacion.xhtml HTTP/1.1" 200 15947
186.30.30.67 - - [03/Nov/2021:09:48:23 -0500] "GET /sipse/faces/javax.faces.resource/theme.css?ln=primefaces-sipse HTTP/1.1" 304 -
186.30.30.67 - - [03/Nov/2021:09:48:23 -0500] "GET /sipse/faces/javax.faces.resource/primefaces.css?ln=primefaces&v=4.0 HTTP/1.1" 304 -
186.30.30.67 - - [03/Nov/2021:09:48:24 -0500] "GET /sipse/faces/javax.faces.resource/jquery/jquery.js?ln=primefaces&v=4.0 HTTP/1.1" 304 -
186.30.30.67 - - [03/Nov/2021:09:48:24 -0500] "GET /sipse/faces/javax.faces.resource/layout/layout.css?ln=primefaces&v=4.0 HTTP/1.1" 304 -
201.245.192.253 - - [03/Nov/2021:09:48:24 -0500] "POST /sipse/faces/presentacion/financiero/solicitudProceso/consultarSolicitudProceso.xhtml HTTP/1.1" 200 153399
186.30.30.67 - - [03/Nov/2021:09:48:25 -0500] "GET /sipse/faces/javax.faces.resource/jquery/jquery-plugins.js?ln=primefaces&v=4.0 HTTP/1.1" 304 -
186.30.30.67 - - [03/Nov/2021:09:48:25 -0500] "GET /sipse/faces/javax.faces.resource/primefaces.js?ln=primefaces&v=4.0 HTTP/1.1" 304 -
201.245.192.253 - - [03/Nov/2021:09:48:25 -0500] "POST /sipse/faces/presentacion/financiero/solicitudProceso/consultarSolicitudProceso.xhtml HTTP/1.1" 200 280198
186.30.30.67 - - [03/Nov/2021:09:48:25 -0500] "GET /sipse/faces/javax.faces.resource/layout/layout.js?ln=primefaces&v=4.0 HTTP/1.1" 304 -
186.30.30.67 - - [03/Nov/2021:09:48:26 -0500] "GET /sipse/css/imagen/contrasena.png HTTP/1.1" 404 383
201.245.192.253 - - [03/Nov/2021:09:48:26 -0500] "POST /sipse/faces/presentacion/financiero/solicitudProceso/consultarSolicitudProceso.xhtml HTTP/1.1" 200 134484
201.245.192.253 - - [03/Nov/2021:09:48:26 -0500] "POST /sipse/faces/presentacion/financiero/solicitudProceso/consultarSolicitudProceso.xhtml HTTP/1.1" 200 832116
176.9.10.194 - - [03/Nov/2021:09:48:30 -0500] "GET /BLA/resoluciones/RESOLUCIONES%202010/RESOLUCION%204358%20DE%202010.PDF HTTP/1.1" 200 28747
201.245.192.253 - - [03/Nov/2021:09:48:30 -0500] "POST /sipse/faces/presentacion/financiero/solicitudProceso/consultarSolicitudProceso.xhtml HTTP/1.1" 200 2621839
201.245.192.253 - - [03/Nov/2021:09:48:30 -0500] "POST /sipse/faces/presentacion/financiero/solicitudProceso/consultarSolicitudProceso.xhtml HTTP/1.1" 200 1282369
201.245.192.253 - - [03/Nov/2021:09:48:31 -0500] "GET /catalogoisis/ HTTP/1.1" 200 8575
201.245.192.253 - - [03/Nov/2021:09:48:31 -0500] "POST /sipse/faces/presentacion/financiero/solicitudProceso/consultarSolicitudProceso.xhtml HTTP/1.1" 200 2077033
176.9.10.194 - - [03/Nov/2021:09:48:37 -0500] "GET /BLA/resoluciones/RESOLUCIONES%202010/3307.pdf HTTP/1.1" 200 566531
186.30.30.67 - - [03/Nov/2021:09:48:45 -0500] "GET /sipse/faces/javax.faces.resource/images/ui-bg_flat_0_2d5972_40x100.png?ln=primefaces-aristo HTTP/1.1" 304 -
186.30.30.67 - - [03/Nov/2021:09:48:45 -0500] "POST /sipse/faces/bienvenido.xhtml HTTP/1.1" 200 2658
176.9.10.194 - - [03/Nov/2021:09:48:46 -0500] "GET /BLA/resoluciones/RESOLUCIONES%202010/5954.pdf HTTP/1.1" 200 72801
186.30.30.67 - - [03/Nov/2021:09:48:47 -0500] "POST /sipse/faces/bienvenido.xhtml HTTP/1.1" 200 58775
176.9.10.194 - - [03/Nov/2021:09:48:56 -0500] "GET /BLA/resoluciones/RESOLUCIONES%202010/4668.pdf HTTP/1.1" 200 754065
186.30.30.67 - - [03/Nov/2021:09:48:57 -0500] "GET /sipse/faces/javax.faces.resource/theme.css?ln=primefaces-sipse HTTP/1.1" 304 -
186.30.30.67 - - [03/Nov/2021:09:48:57 -0500] "GET /sipse/faces/javax.faces.resource/primefaces.css?ln=primefaces&v=4.0 HTTP/1.1" 304 -
186.30.30.67 - - [03/Nov/2021:09:48:57 -0500] "GET /sipse/faces/javax.faces.resource/jquery/jquery.js?ln=primefaces&v=4.0 HTTP/1.1" 304 -
186.30.30.67 - - [03/Nov/2021:09:48:57 -0500] "GET /sipse/faces/javax.faces.resource/layout/layout.css?ln=primefaces&v=4.0 HTTP/1.1" 304 -
186.30.30.67 - - [03/Nov/2021:09:48:57 -0500] "GET /sipse/faces/javax.faces.resource/jquery/jquery-plugins.js?ln=primefaces&v=4.0 HTTP/1.1" 304 -
186.30.30.67 - - [03/Nov/2021:09:48:58 -0500] "GET /sipse/faces/javax.faces.resource/primefaces.js?ln=primefaces&v=4.0 HTTP/1.1" 304 -
186.30.30.67 - - [03/Nov/2021:09:48:58 -0500] "GET /sipse/faces/javax.faces.resource/layout/layout.js?ln=primefaces&v=4.0 HTTP/1.1" 304 -
186.30.30.67 - - [03/Nov/2021:09:48:59 -0500] "GET /sipse/css/imagen/contrasena.png HTTP/1.1" 404 383
186.30.30.67 - - [03/Nov/2021:09:48:59 -0500] "POST /sipse/faces/presentacion/financiero/solicitudProceso/listarSolicitudProceso.xhtml HTTP/1.1" 200 1448
34.91.216.68 - - [03/Nov/2021:09:49:04 -0500] "GET / HTTP/1.1" 200 319
176.9.10.194 - - [03/Nov/2021:09:49:05 -0500] "GET /BLA/resoluciones/RESOLUCIONES%202010/7458.pdf HTTP/1.1" 200 456071
186.30.130.213 - - [03/Nov/2021:09:49:07 -0500] "POST /sipse/faces/presentacion/financiero/solicitudProceso/consultarSolicitudProceso.xhtml HTTP/1.1" 200 165070
186.30.30.67 - - [03/Nov/2021:09:49:10 -0500] "POST /sipse/faces/presentacion/financiero/solicitudProceso/listarSolicitudProceso.xhtml HTTP/1.1" 200 4485
176.9.10.194 - - [03/Nov/2021:09:49:13 -0500] "GET /BLA/resoluciones/RESOLUCIONES%202010/6754.pdf HTTP/1.1" 200 263134
176.9.10.194 - - [03/Nov/2021:09:49:21 -0500] "GET /BLA/resoluciones/RESOLUCIONES%202010/0490.pdf HTTP/1.1" 200 101896
191.111.43.19 - - [03/Nov/2021:09:49:26 -0500] "POST /sipse/faces/presentacion/financiero/solicitudProceso/consultarSolicitudProceso.xhtml HTTP/1.1" 200 41761
191.111.43.19 - - [03/Nov/2021:09:49:27 -0500] "GET /sipse/faces/javax.faces.resource/jquery/jquery.js?ln=primefaces&v=4.0 HTTP/1.1" 304 -
191.111.43.19 - - [03/Nov/2021:09:49:27 -0500] "GET /sipse/faces/javax.faces.resource/jquery/jquery-plugins.js?ln=primefaces&v=4.0 HTTP/1.1" 304 -
191.111.43.19 - - [03/Nov/2021:09:49:27 -0500] "GET /sipse/faces/javax.faces.resource/primefaces.js?ln=primefaces&v=4.0 HTTP/1.1" 304 -
191.111.43.19 - - [03/Nov/2021:09:49:27 -0500] "GET /sipse/faces/javax.faces.resource/layout/layout.js?ln=primefaces&v=4.0 HTTP/1.1" 304 -
191.111.43.19 - - [03/Nov/2021:09:49:27 -0500] "POST /sipse/faces/presentacion/financiero/solicitudProceso/consultar.xhtml HTTP/1.1" 200 35139
191.111.43.19 - - [03/Nov/2021:09:49:28 -0500] "POST /sipse/faces/presentacion/financiero/solicitudProceso/consultar.xhtml HTTP/1.1" 200 35139
176.9.10.194 - - [03/Nov/2021:09:49:29 -0500] "GET /BLA/resoluciones/RESOLUCIONES%202010/3871.pdf HTTP/1.1" 200 1147389
191.111.43.19 - - [03/Nov/2021:09:49:30 -0500] "POST /sipse/faces/presentacion/financiero/solicitudProceso/consultar.xhtml HTTP/1.1" 200 12856
201.245.192.253 - - [03/Nov/2021:09:49:30 -0500] "POST /sipse/faces/presentacion/financiero/solicitudProceso/consultarSolicitudProceso.xhtml HTTP/1.1" 200 35276
201.245.192.253 - - [03/Nov/2021:09:49:32 -0500] "GET /sipse/faces/javax.faces.resource/theme.css?ln=primefaces-sipse HTTP/1.1" 304 -
201.245.192.253 - - [03/Nov/2021:09:49:32 -0500] "GET /sipse/faces/javax.faces.resource/jquery/jquery.js?ln=primefaces&v=4.0 HTTP/1.1" 304 -
201.245.192.253 - - [03/Nov/2021:09:49:32 -0500] "GET /sipse/faces/javax.faces.resource/jquery/jquery-plugins.js?ln=primefaces&v=4.0 HTTP/1.1" 304 -
201.245.192.253 - - [03/Nov/2021:09:49:32 -0500] "GET /sipse/faces/javax.faces.resource/primefaces.js?ln=primefaces&v=4.0 HTTP/1.1" 304 -
201.245.192.253 - - [03/Nov/2021:09:49:32 -0500] "GET /sipse/faces/javax.faces.resource/layout/layout.js?ln=primefaces&v=4.0 HTTP/1.1" 304 -
201.245.192.253 - - [03/Nov/2021:09:49:32 -0500] "GET /sipse/faces/javax.faces.resource/primefaces.css?ln=primefaces&v=4.0 HTTP/1.1" 304 -
201.245.192.253 - - [03/Nov/2021:09:49:32 -0500] "GET /sipse/faces/javax.faces.resource/layout/layout.css?ln=primefaces&v=4.0 HTTP/1.1" 304 -
201.245.192.253 - - [03/Nov/2021:09:49:32 -0500] "GET /sipse/css/imagen/contrasena.png HTTP/1.1" 404 383
201.245.192.253 - - [03/Nov/2021:09:49:32 -0500] "POST /sipse/faces/presentacion/financiero/solicitudProceso/listarSolicitudProceso.xhtml HTTP/1.1" 200 1360
201.245.192.253 - - [03/Nov/2021:09:49:32 -0500] "GET /sipse/faces/javax.faces.resource/messages/messages.png?ln=primefaces&v=4.0 HTTP/1.1" 304 -
201.245.192.253 - - [03/Nov/2021:09:49:32 -0500] "GET /catalogoisis/ HTTP/1.1" 200 8575
176.9.10.194 - - [03/Nov/2021:09:49:33 -0500] "GET /BLA/resoluciones/RESOLUCIONES%202010/7193.pdf HTTP/1.1" 200 174241
176.9.10.194 - - [03/Nov/2021:09:49:42 -0500] "GET /BLA/resoluciones/RESOLUCIONES%202010/0725.pdf HTTP/1.1" 200 64051
176.9.10.194 - - [03/Nov/2021:09:49:50 -0500] "GET /BLA/resoluciones/RESOLUCIONES%202010/3298.pdf HTTP/1.1" 200 505887
191.111.43.19 - - [03/Nov/2021:09:49:50 -0500] "POST /sipse/faces/presentacion/financiero/solicitudProceso/consultar.xhtml HTTP/1.1" 200 23084
186.30.30.67 - - [03/Nov/2021:09:49:44 -0500] "POST /sipse/faces/presentacion/financiero/solicitudProceso/listarSolicitudProceso.xhtml HTTP/1.1" 200 135157
191.111.43.19 - - [03/Nov/2021:09:49:54 -0500] "POST /sipse/faces/presentacion/financiero/solicitudProceso/consultar.xhtml HTTP/1.1" 200 12822
186.30.30.67 - - [03/Nov/2021:09:49:54 -0500] "GET /sipse/faces/javax.faces.resource/theme.css?ln=primefaces-sipse HTTP/1.1" 304 -
186.30.30.67 - - [03/Nov/2021:09:49:55 -0500] "GET /sipse/faces/javax.faces.resource/layout/layout.css?ln=primefaces&v=4.0 HTTP/1.1" 304 -
186.30.30.67 - - [03/Nov/2021:09:49:55 -0500] "GET /sipse/faces/javax.faces.resource/primefaces.css?ln=primefaces&v=4.0 HTTP/1.1" 304 -
186.30.30.67 - - [03/Nov/2021:09:49:55 -0500] "GET /sipse/faces/javax.faces.resource/jquery/jquery.js?ln=primefaces&v=4.0 HTTP/1.1" 304 -
186.30.30.67 - - [03/Nov/2021:09:49:55 -0500] "GET /sipse/faces/javax.faces.resource/jquery/jquery-plugins.js?ln=primefaces&v=4.0 HTTP/1.1" 304 -
186.30.30.67 - - [03/Nov/2021:09:49:56 -0500] "GET /sipse/faces/javax.faces.resource/primefaces.js?ln=primefaces&v=4.0 HTTP/1.1" 304 -
186.30.30.67 - - [03/Nov/2021:09:49:56 -0500] "GET /sipse/faces/javax.faces.resource/layout/layout.js?ln=primefaces&v=4.0 HTTP/1.1" 304 -
186.30.30.67 - - [03/Nov/2021:09:49:57 -0500] "GET /sipse/css/imagen/contrasena.png HTTP/1.1" 404 383
186.30.130.213 - - [03/Nov/2021:09:49:57 -0500] "POST /sipse/faces/presentacion/financiero/solicitudProceso/consultarSolicitudProceso.xhtml HTTP/1.1" 200 151029
191.111.43.19 - - [03/Nov/2021:09:49:57 -0500] "POST /sipse/faces/presentacion/financiero/solicitudProceso/consultar.xhtml HTTP/1.1" 200 139192
191.111.43.19 - - [03/Nov/2021:09:49:58 -0500] "GET /sipse/faces/javax.faces.resource/jquery/jquery.js?ln=primefaces&v=4.0 HTTP/1.1" 304 -
191.111.43.19 - - [03/Nov/2021:09:49:58 -0500] "GET /sipse/faces/javax.faces.resource/jquery/jquery-plugins.js?ln=primefaces&v=4.0 HTTP/1.1" 304 -
191.111.43.19 - - [03/Nov/2021:09:49:58 -0500] "GET /sipse/faces/javax.faces.resource/primefaces.js?ln=primefaces&v=4.0 HTTP/1.1" 304 -
191.111.43.19 - - [03/Nov/2021:09:49:58 -0500] "GET /sipse/faces/javax.faces.resource/layout/layout.js?ln=primefaces&v=4.0 HTTP/1.1" 304 -
191.111.43.19 - - [03/Nov/2021:09:49:58 -0500] "GET /reportes_sipse/sdg/ServletReporte?reporte=solicitud_cdp&Solicitud=14732&pfdrid_c=false HTTP/1.1" 200 98474
176.9.10.194 - - [03/Nov/2021:09:49:59 -0500] "GET /BLA/resoluciones/RESOLUCIONES%202010/0597.pdf HTTP/1.1" 200 174416
186.30.30.67 - - [03/Nov/2021:09:49:57 -0500] "GET /reportes_sipse/sdg/ServletReporte?reporte=solicitud_cdp&Solicitud=14732&pfdrid_c=false HTTP/1.1" 200 98474
190.27.245.107 - - [03/Nov/2021:09:50:04 -0500] "GET /sipse/ HTTP/1.1" 302 -
186.155.131.122 - - [03/Nov/2021:09:50:05 -0500] "GET /sipse/faces/autenticacion.xhtml HTTP/1.1" 200 12191
186.155.131.122 - - [03/Nov/2021:09:50:05 -0500] "GET /sipse/faces/javax.faces.resource/theme.css?ln=primefaces-sipse HTTP/1.1" 304 -
186.155.131.122 - - [03/Nov/2021:09:50:05 -0500] "GET /sipse/faces/javax.faces.resource/primefaces.css?ln=primefaces&v=4.0 HTTP/1.1" 304 -
186.155.131.122 - - [03/Nov/2021:09:50:05 -0500] "GET /sipse/faces/javax.faces.resource/jquery/jquery-plugins.js?ln=primefaces&v=4.0 HTTP/1.1" 304 -
186.155.131.122 - - [03/Nov/2021:09:50:05 -0500] "GET /sipse/faces/javax.faces.resource/layout/layout.css?ln=primefaces&v=4.0 HTTP/1.1" 304 -
186.155.131.122 - - [03/Nov/2021:09:50:05 -0500] "GET /sipse/faces/javax.faces.resource/primefaces.js?ln=primefaces&v=4.0 HTTP/1.1" 304 -
186.155.131.122 - - [03/Nov/2021:09:50:05 -0500] "GET /sipse/faces/javax.faces.resource/jquery/jquery.js?ln=primefaces&v=4.0 HTTP/1.1" 304 -
186.155.131.122 - - [03/Nov/2021:09:50:05 -0500] "GET /sipse/faces/javax.faces.resource/layout/layout.js?ln=primefaces&v=4.0 HTTP/1.1" 304 -
186.155.131.122 - - [03/Nov/2021:09:50:05 -0500] "GET /sipse/faces/javax.faces.resource/images/ui-icons_898989_256x240.png?ln=primefaces-aristo HTTP/1.1" 304 -
186.155.131.122 - - [03/Nov/2021:09:50:05 -0500] "GET /sipse/faces/index.xhtml HTTP/1.1" 200 677
186.155.131.122 - - [03/Nov/2021:09:50:06 -0500] "GET /sipse/faces/javax.faces.resource/theme.css?ln=primefaces-sipse HTTP/1.1" 304 -
186.155.131.122 - - [03/Nov/2021:09:50:06 -0500] "GET /sipse/faces/faces/autenticacion.xhtml HTTP/1.1" 200 12191
186.155.131.122 - - [03/Nov/2021:09:50:06 -0500] "GET /sipse/faces/javax.faces.resource/theme.css?ln=primefaces-sipse HTTP/1.1" 304 -
186.155.131.122 - - [03/Nov/2021:09:50:06 -0500] "GET /sipse/faces/javax.faces.resource/primefaces.css?ln=primefaces&v=4.0 HTTP/1.1" 304 -
186.155.131.122 - - [03/Nov/2021:09:50:06 -0500] "GET /sipse/faces/javax.faces.resource/jquery/jquery-plugins.js?ln=primefaces&v=4.0 HTTP/1.1" 304 -
186.155.131.122 - - [03/Nov/2021:09:50:06 -0500] "GET /sipse/faces/javax.faces.resource/layout/layout.css?ln=primefaces&v=4.0 HTTP/1.1" 304 -
186.155.131.122 - - [03/Nov/2021:09:50:06 -0500] "GET /sipse/faces/javax.faces.resource/jquery/jquery.js?ln=primefaces&v=4.0 HTTP/1.1" 304 -
186.155.131.122 - - [03/Nov/2021:09:50:06 -0500] "GET /sipse/faces/javax.faces.resource/primefaces.js?ln=primefaces&v=4.0 HTTP/1.1" 304 -
186.155.131.122 - - [03/Nov/2021:09:50:06 -0500] "GET /sipse/faces/javax.faces.resource/layout/layout.js?ln=primefaces&v=4.0 HTTP/1.1" 304 -
176.9.10.194 - - [03/Nov/2021:09:50:07 -0500] "GET /BLA/resoluciones/RESOLUCIONES%202010/5756.pdf HTTP/1.1" 200 81518
186.155.131.122 - - [03/Nov/2021:09:50:12 -0500] "POST /sipse/faces/autenticacion.xhtml HTTP/1.1" 200 2221
186.155.131.122 - - [03/Nov/2021:09:50:12 -0500] "GET /sipse/faces/javax.faces.resource/messages/messages.png?ln=primefaces&v=4.0 HTTP/1.1" 304 -
186.155.131.122 - - [03/Nov/2021:09:50:12 -0500] "POST /sipse/faces/autenticacion.xhtml HTTP/1.1" 200 2229
186.30.30.67 - - [03/Nov/2021:09:50:09 -0500] "POST /sipse/faces/presentacion/financiero/solicitudProceso/consultarSolicitudProceso.xhtml HTTP/1.1" 200 39015
186.155.131.122 - - [03/Nov/2021:09:50:13 -0500] "GET /sipse/faces/javax.faces.resource/images/ui-icons_898989_256x240.png?ln=primefaces-aristo HTTP/1.1" 304 -
201.245.192.253 - - [03/Nov/2021:09:50:13 -0500] "POST /sipse/faces/presentacion/financiero/solicitudProceso/listarSolicitudProceso.xhtml HTTP/1.1" 200 122291
201.245.192.253 - - [03/Nov/2021:09:50:13 -0500] "GET /sipse/faces/javax.faces.resource/theme.css?ln=primefaces-sipse HTTP/1.1" 304 -
201.245.192.253 - - [03/Nov/2021:09:50:13 -0500] "GET /sipse/faces/javax.faces.resource/primefaces.css?ln=primefaces&v=4.0 HTTP/1.1" 304 -
201.245.192.253 - - [03/Nov/2021:09:50:13 -0500] "GET /sipse/faces/javax.faces.resource/layout/layout.css?ln=primefaces&v=4.0 HTTP/1.1" 304 -
201.245.192.253 - - [03/Nov/2021:09:50:14 -0500] "GET /sipse/faces/javax.faces.resource/jquery/jquery.js?ln=primefaces&v=4.0 HTTP/1.1" 304 -
201.245.192.253 - - [03/Nov/2021:09:50:14 -0500] "GET /sipse/faces/javax.faces.resource/jquery/jquery-plugins.js?ln=primefaces&v=4.0 HTTP/1.1" 304 -
186.155.131.122 - - [03/Nov/2021:09:50:13 -0500] "POST /sipse/faces/autenticacion.xhtml HTTP/1.1" 200 15966
201.245.192.253 - - [03/Nov/2021:09:50:14 -0500] "GET /sipse/faces/javax.faces.resource/primefaces.js?ln=primefaces&v=4.0 HTTP/1.1" 304 -
201.245.192.253 - - [03/Nov/2021:09:50:14 -0500] "GET /sipse/faces/javax.faces.resource/layout/layout.js?ln=primefaces&v=4.0 HTTP/1.1" 304 -
201.245.192.253 - - [03/Nov/2021:09:50:14 -0500] "GET /sipse/css/imagen/contrasena.png HTTP/1.1" 404 383
186.155.131.122 - - [03/Nov/2021:09:50:14 -0500] "GET /sipse/faces/javax.faces.resource/jquery/jquery.js?ln=primefaces&v=4.0 HTTP/1.1" 304 -
186.155.131.122 - - [03/Nov/2021:09:50:14 -0500] "GET /sipse/faces/javax.faces.resource/jquery/jquery-plugins.js?ln=primefaces&v=4.0 HTTP/1.1" 304 -
186.155.131.122 - - [03/Nov/2021:09:50:14 -0500] "GET /sipse/faces/javax.faces.resource/primefaces.js?ln=primefaces&v=4.0 HTTP/1.1" 304 -
186.155.131.122 - - [03/Nov/2021:09:50:14 -0500] "GET /sipse/faces/javax.faces.resource/layout/layout.js?ln=primefaces&v=4.0 HTTP/1.1" 304 -
186.155.131.122 - - [03/Nov/2021:09:50:14 -0500] "GET /sipse/faces/javax.faces.resource/theme.css?ln=primefaces-sipse HTTP/1.1" 304 -
186.155.131.122 - - [03/Nov/2021:09:50:14 -0500] "GET /sipse/css/imagen/contrasena.png HTTP/1.1" 404 383
186.155.131.122 - - [03/Nov/2021:09:50:14 -0500] "GET /sipse/faces/javax.faces.resource/layout/layout.css?ln=primefaces&v=4.0 HTTP/1.1" 304 -
186.155.131.122 - - [03/Nov/2021:09:50:14 -0500] "GET /sipse/faces/javax.faces.resource/primefaces.css?ln=primefaces&v=4.0 HTTP/1.1" 304 -
201.245.192.253 - - [03/Nov/2021:09:50:14 -0500] "GET /reportes_sipse/sdg/ServletReporte?reporte=solicitud_cdp&Solicitud=14732&pfdrid_c=false HTTP/1.1" 200 98474
176.9.10.194 - - [03/Nov/2021:09:50:15 -0500] "GET /BLA/resoluciones/RESOLUCIONES%202010/5692.pdf HTTP/1.1" 200 145066
186.30.30.67 - - [03/Nov/2021:09:50:16 -0500] "GET /sipse/faces/javax.faces.resource/theme.css?ln=primefaces-sipse HTTP/1.1" 304 -
186.30.30.67 - - [03/Nov/2021:09:50:16 -0500] "GET /sipse/faces/javax.faces.resource/layout/layout.css?ln=primefaces&v=4.0 HTTP/1.1" 304 -
186.30.30.67 - - [03/Nov/2021:09:50:16 -0500] "GET /sipse/faces/javax.faces.resource/jquery/jquery.js?ln=primefaces&v=4.0 HTTP/1.1" 304 -
186.30.30.67 - - [03/Nov/2021:09:50:16 -0500] "GET /sipse/faces/javax.faces.resource/primefaces.css?ln=primefaces&v=4.0 HTTP/1.1" 304 -
186.30.30.67 - - [03/Nov/2021:09:50:16 -0500] "GET /sipse/faces/javax.faces.resource/jquery/jquery-plugins.js?ln=primefaces&v=4.0 HTTP/1.1" 304 -
186.30.30.67 - - [03/Nov/2021:09:50:17 -0500] "GET /sipse/faces/javax.faces.resource/primefaces.js?ln=primefaces&v=4.0 HTTP/1.1" 304 -
186.30.30.67 - - [03/Nov/2021:09:50:17 -0500] "GET /sipse/faces/javax.faces.resource/layout/layout.js?ln=primefaces&v=4.0 HTTP/1.1" 304 -
186.30.30.67 - - [03/Nov/2021:09:50:18 -0500] "GET /sipse/css/imagen/contrasena.png HTTP/1.1" 404 383
201.245.192.253 - - [03/Nov/2021:09:50:18 -0500] "POST /sipse/faces/presentacion/financiero/solicitudProceso/consultarSolicitudProceso.xhtml HTTP/1.1" 200 447858
186.30.130.213 - - [03/Nov/2021:09:50:14 -0500] "POST /sipse/faces/presentacion/financiero/solicitudProceso/consultarSolicitudProceso.xhtml HTTP/1.1" 200 2680792
186.155.131.122 - - [03/Nov/2021:09:50:19 -0500] "GET /sipse/faces/javax.faces.resource/images/ui-bg_flat_0_2d5972_40x100.png?ln=primefaces-aristo HTTP/1.1" 304 -
186.155.131.122 - - [03/Nov/2021:09:50:19 -0500] "POST /sipse/faces/bienvenido.xhtml HTTP/1.1" 200 2658
186.155.131.122 - - [03/Nov/2021:09:50:20 -0500] "POST /sipse/faces/bienvenido.xhtml HTTP/1.1" 200 61977
186.155.131.122 - - [03/Nov/2021:09:50:21 -0500] "GET /sipse/faces/javax.faces.resource/jquery/jquery.js?ln=primefaces&v=4.0 HTTP/1.1" 304 -
186.155.131.122 - - [03/Nov/2021:09:50:21 -0500] "GET /sipse/faces/javax.faces.resource/jquery/jquery-plugins.js?ln=primefaces&v=4.0 HTTP/1.1" 304 -
186.155.131.122 - - [03/Nov/2021:09:50:22 -0500] "GET /sipse/faces/javax.faces.resource/primefaces.js?ln=primefaces&v=4.0 HTTP/1.1" 304 -
186.155.131.122 - - [03/Nov/2021:09:50:22 -0500] "GET /sipse/faces/javax.faces.resource/layout/layout.js?ln=primefaces&v=4.0 HTTP/1.1" 304 -
186.155.131.122 - - [03/Nov/2021:09:50:22 -0500] "GET /sipse/faces/javax.faces.resource/theme.css?ln=primefaces-sipse HTTP/1.1" 304 -
186.155.131.122 - - [03/Nov/2021:09:50:22 -0500] "GET /sipse/faces/javax.faces.resource/layout/layout.css?ln=primefaces&v=4.0 HTTP/1.1" 304 -
186.155.131.122 - - [03/Nov/2021:09:50:22 -0500] "GET /sipse/faces/javax.faces.resource/primefaces.css?ln=primefaces&v=4.0 HTTP/1.1" 304 -
186.155.131.122 - - [03/Nov/2021:09:50:22 -0500] "POST /sipse/faces/presentacion/financiero/solicitudProceso/listarSolicitudProceso.xhtml HTTP/1.1" 200 1448
176.9.10.194 - - [03/Nov/2021:09:50:24 -0500] "GET /BLA/resoluciones/RESOLUCIONES%202010/1110.pdf HTTP/1.1" 200 171430
186.30.30.67 - - [03/Nov/2021:09:50:24 -0500] "GET /sipse/faces/javax.faces.resource/theme.css?ln=primefaces-sipse HTTP/1.1" 304 -
186.30.30.67 - - [03/Nov/2021:09:50:24 -0500] "GET /sipse/faces/javax.faces.resource/layout/layout.css?ln=primefaces&v=4.0 HTTP/1.1" 304 -
186.30.30.67 - - [03/Nov/2021:09:50:24 -0500] "GET /sipse/faces/javax.faces.resource/primefaces.css?ln=primefaces&v=4.0 HTTP/1.1" 304 -
186.30.30.67 - - [03/Nov/2021:09:50:24 -0500] "GET /sipse/faces/javax.faces.resource/jquery/jquery.js?ln=primefaces&v=4.0 HTTP/1.1" 304 -
186.30.30.67 - - [03/Nov/2021:09:50:25 -0500] "GET /sipse/faces/javax.faces.resource/jquery/jquery-plugins.js?ln=primefaces&v=4.0 HTTP/1.1" 304 -
186.30.30.67 - - [03/Nov/2021:09:50:25 -0500] "GET /sipse/faces/javax.faces.resource/layout/layout.js?ln=primefaces&v=4.0 HTTP/1.1" 304 -
186.30.30.67 - - [03/Nov/2021:09:50:25 -0500] "GET /sipse/faces/javax.faces.resource/primefaces.js?ln=primefaces&v=4.0 HTTP/1.1" 304 -
186.30.30.67 - - [03/Nov/2021:09:50:25 -0500] "GET /sipse/css/imagen/contrasena.png HTTP/1.1" 404 383
186.30.30.67 - - [03/Nov/2021:09:50:25 -0500] "GET /sipse/faces/javax.faces.resource/images/ui-icons_898989_256x240.png?ln=primefaces-aristo HTTP/1.1" 304 -
186.155.131.122 - - [03/Nov/2021:09:50:27 -0500] "POST /sipse/faces/presentacion/financiero/solicitudProceso/listarSolicitudProceso.xhtml HTTP/1.1" 200 119594
186.155.131.122 - - [03/Nov/2021:09:50:28 -0500] "GET /sipse/faces/javax.faces.resource/jquery/jquery.js?ln=primefaces&v=4.0 HTTP/1.1" 304 -
186.155.131.122 - - [03/Nov/2021:09:50:28 -0500] "GET /sipse/faces/javax.faces.resource/jquery/jquery-plugins.js?ln=primefaces&v=4.0 HTTP/1.1" 304 -
186.155.131.122 - - [03/Nov/2021:09:50:28 -0500] "GET /sipse/faces/javax.faces.resource/primefaces.js?ln=primefaces&v=4.0 HTTP/1.1" 304 -
186.155.131.122 - - [03/Nov/2021:09:50:28 -0500] "GET /sipse/faces/javax.faces.resource/layout/layout.js?ln=primefaces&v=4.0 HTTP/1.1" 304 -
186.155.131.122 - - [03/Nov/2021:09:50:28 -0500] "GET /sipse/faces/javax.faces.resource/theme.css?ln=primefaces-sipse HTTP/1.1" 304 -
186.155.131.122 - - [03/Nov/2021:09:50:28 -0500] "GET /sipse/faces/javax.faces.resource/layout/layout.css?ln=primefaces&v=4.0 HTTP/1.1" 304 -
186.155.131.122 - - [03/Nov/2021:09:50:28 -0500] "GET /sipse/faces/javax.faces.resource/primefaces.css?ln=primefaces&v=4.0 HTTP/1.1" 304 -
176.9.10.194 - - [03/Nov/2021:09:50:33 -0500] "GET /BLA/resoluciones/RESOLUCIONES%202010/3936.pdf HTTP/1.1" 200 447087
201.245.192.253 - - [03/Nov/2021:09:50:33 -0500] "GET /catalogoisis/ HTTP/1.1" 200 8575
186.30.130.213 - - [03/Nov/2021:09:50:37 -0500] "POST /sipse/faces/presentacion/financiero/solicitudProceso/consultarSolicitudProceso.xhtml HTTP/1.1" 200 28435
216.245.221.92 - - [03/Nov/2021:09:50:39 -0500] "HEAD / HTTP/1.1" 200 -
201.245.192.253 - - [03/Nov/2021:09:50:39 -0500] "POST /sipse/faces/presentacion/financiero/solicitudProceso/consultarSolicitudProceso.xhtml HTTP/1.1" 200 40477
201.245.192.253 - - [03/Nov/2021:09:50:39 -0500] "GET /sipse/faces/javax.faces.resource/theme.css?ln=primefaces-sipse HTTP/1.1" 304 -
201.245.192.253 - - [03/Nov/2021:09:50:39 -0500] "GET /sipse/faces/javax.faces.resource/layout/layout.css?ln=primefaces&v=4.0 HTTP/1.1" 304 -
201.245.192.253 - - [03/Nov/2021:09:50:39 -0500] "GET /sipse/faces/javax.faces.resource/primefaces.css?ln=primefaces&v=4.0 HTTP/1.1" 304 -
186.155.131.122 - - [03/Nov/2021:09:50:39 -0500] "POST /sipse/faces/presentacion/financiero/solicitudProceso/consultarSolicitudProceso.xhtml HTTP/1.1" 200 38147
201.245.192.253 - - [03/Nov/2021:09:50:39 -0500] "GET /sipse/faces/javax.faces.resource/jquery/jquery.js?ln=primefaces&v=4.0 HTTP/1.1" 304 -
201.245.192.253 - - [03/Nov/2021:09:50:39 -0500] "GET /sipse/faces/javax.faces.resource/jquery/jquery-plugins.js?ln=primefaces&v=4.0 HTTP/1.1" 304 -
201.245.192.253 - - [03/Nov/2021:09:50:39 -0500] "GET /sipse/faces/javax.faces.resource/primefaces.js?ln=primefaces&v=4.0 HTTP/1.1" 304 -
