186.30.68.92 - - [03/Nov/2021:07:08:01 -0500] "GET /sipse/faces/javax.faces.resource/images/ui-bg_flat_0_2d5972_40x100.png?ln=primefaces-aristo HTTP/1.1" 304 -
188.40.137.162 - - [03/Nov/2021:07:08:03 -0500] "GET /BLA/resoluciones/RESOLUCIONES%202010/0716.pdf HTTP/1.1" 200 107560
186.30.68.92 - - [03/Nov/2021:07:08:01 -0500] "POST /sipse/faces/presentacion/financiero/solicitudProceso/consultarSolicitudProceso.xhtml HTTP/1.1" 200 32253
186.30.68.92 - - [03/Nov/2021:07:08:04 -0500] "GET /sipse/faces/javax.faces.resource/theme.css?ln=primefaces-sipse HTTP/1.1" 304 -
186.30.68.92 - - [03/Nov/2021:07:08:04 -0500] "GET /sipse/faces/javax.faces.resource/primefaces.css?ln=primefaces&v=4.0 HTTP/1.1" 304 -
186.30.68.92 - - [03/Nov/2021:07:08:04 -0500] "GET /sipse/faces/javax.faces.resource/layout/layout.css?ln=primefaces&v=4.0 HTTP/1.1" 304 -
186.30.68.92 - - [03/Nov/2021:07:08:04 -0500] "GET /sipse/faces/javax.faces.resource/jquery/jquery.js?ln=primefaces&v=4.0 HTTP/1.1" 304 -
186.30.68.92 - - [03/Nov/2021:07:08:04 -0500] "GET /sipse/faces/javax.faces.resource/jquery/jquery-plugins.js?ln=primefaces&v=4.0 HTTP/1.1" 304 -
186.30.68.92 - - [03/Nov/2021:07:08:04 -0500] "GET /sipse/faces/javax.faces.resource/primefaces.js?ln=primefaces&v=4.0 HTTP/1.1" 304 -
186.30.68.92 - - [03/Nov/2021:07:08:04 -0500] "GET /sipse/faces/javax.faces.resource/layout/layout.js?ln=primefaces&v=4.0 HTTP/1.1" 304 -
186.30.68.92 - - [03/Nov/2021:07:08:04 -0500] "POST /sipse/faces/presentacion/financiero/solicitudProceso/listarSolicitudProceso.xhtml HTTP/1.1" 200 1348
186.30.68.92 - - [03/Nov/2021:07:08:04 -0500] "GET /sipse/faces/javax.faces.resource/messages/messages.png?ln=primefaces&v=4.0 HTTP/1.1" 304 -
190.27.245.107 - - [03/Nov/2021:07:08:05 -0500] "GET /sipse/ HTTP/1.1" 302 -
201.245.192.253 - - [03/Nov/2021:07:08:05 -0500] "GET /sipse/faces/autenticacion.xhtml HTTP/1.1" 200 12507
201.245.192.253 - - [03/Nov/2021:07:08:05 -0500] "GET /sipse/faces/javax.faces.resource/theme.css?ln=primefaces-sipse HTTP/1.1" 304 -
201.245.192.253 - - [03/Nov/2021:07:08:05 -0500] "GET /sipse/faces/javax.faces.resource/layout/layout.css;jsessionid=euFfUGMeg5KefQOWoX+j+YxC.undefined?ln=primefaces&v=4.0 HTTP/1.1" 200 542
201.245.192.253 - - [03/Nov/2021:07:08:05 -0500] "GET /sipse/faces/javax.faces.resource/layout/layout.js;jsessionid=euFfUGMeg5KefQOWoX+j+YxC.undefined?ln=primefaces&v=4.0 HTTP/1.1" 200 87560
201.245.192.253 - - [03/Nov/2021:07:08:05 -0500] "GET /sipse/faces/javax.faces.resource/primefaces.css;jsessionid=euFfUGMeg5KefQOWoX+j+YxC.undefined?ln=primefaces&v=4.0 HTTP/1.1" 200 53295
201.245.192.253 - - [03/Nov/2021:07:08:05 -0500] "GET /sipse/faces/javax.faces.resource/jquery/jquery-plugins.js;jsessionid=euFfUGMeg5KefQOWoX+j+YxC.undefined?ln=primefaces&v=4.0 HTTP/1.1" 200 220526
201.245.192.253 - - [03/Nov/2021:07:08:05 -0500] "GET /sipse/faces/javax.faces.resource/jquery/jquery.js;jsessionid=euFfUGMeg5KefQOWoX+j+YxC.undefined?ln=primefaces&v=4.0 HTTP/1.1" 200 105384
201.245.192.253 - - [03/Nov/2021:07:08:05 -0500] "GET /sipse/faces/javax.faces.resource/primefaces.js;jsessionid=euFfUGMeg5KefQOWoX+j+YxC.undefined?ln=primefaces&v=4.0 HTTP/1.1" 200 276924
201.245.192.253 - - [03/Nov/2021:07:08:05 -0500] "GET /sipse/faces/javax.faces.resource/images/ui-icons_898989_256x240.png?ln=primefaces-aristo HTTP/1.1" 304 -
201.245.192.253 - - [03/Nov/2021:07:08:05 -0500] "GET /sipse/faces/index.xhtml HTTP/1.1" 200 677
201.245.192.253 - - [03/Nov/2021:07:08:05 -0500] "GET /sipse/faces/javax.faces.resource/theme.css?ln=primefaces-sipse HTTP/1.1" 304 -
201.245.192.253 - - [03/Nov/2021:07:08:05 -0500] "GET /sipse/faces/faces/autenticacion.xhtml HTTP/1.1" 200 12185
201.245.192.253 - - [03/Nov/2021:07:08:06 -0500] "GET /sipse/faces/javax.faces.resource/primefaces.js?ln=primefaces&v=4.0 HTTP/1.1" 304 -
201.245.192.253 - - [03/Nov/2021:07:08:06 -0500] "GET /sipse/faces/javax.faces.resource/theme.css?ln=primefaces-sipse HTTP/1.1" 304 -
201.245.192.253 - - [03/Nov/2021:07:08:06 -0500] "GET /sipse/faces/javax.faces.resource/jquery/jquery.js?ln=primefaces&v=4.0 HTTP/1.1" 304 -
201.245.192.253 - - [03/Nov/2021:07:08:06 -0500] "GET /sipse/faces/javax.faces.resource/layout/layout.js?ln=primefaces&v=4.0 HTTP/1.1" 304 -
201.245.192.253 - - [03/Nov/2021:07:08:06 -0500] "GET /sipse/faces/javax.faces.resource/layout/layout.css?ln=primefaces&v=4.0 HTTP/1.1" 304 -
201.245.192.253 - - [03/Nov/2021:07:08:06 -0500] "GET /sipse/faces/javax.faces.resource/primefaces.css?ln=primefaces&v=4.0 HTTP/1.1" 304 -
201.245.192.253 - - [03/Nov/2021:07:08:06 -0500] "GET /sipse/faces/javax.faces.resource/jquery/jquery-plugins.js?ln=primefaces&v=4.0 HTTP/1.1" 304 -
188.40.137.162 - - [03/Nov/2021:07:08:12 -0500] "GET /BLA/resoluciones/RESOLUCIONES%202010/6978.pdf HTTP/1.1" 200 249946
201.245.192.253 - - [03/Nov/2021:07:08:12 -0500] "POST /sipse/faces/autenticacion.xhtml HTTP/1.1" 200 2224
201.245.192.253 - - [03/Nov/2021:07:08:12 -0500] "GET /sipse/faces/javax.faces.resource/messages/messages.png?ln=primefaces&v=4.0 HTTP/1.1" 304 -
201.245.192.253 - - [03/Nov/2021:07:08:12 -0500] "GET /sipse/faces/javax.faces.resource/images/ui-icons_898989_256x240.png?ln=primefaces-aristo HTTP/1.1" 304 -
201.245.192.253 - - [03/Nov/2021:07:08:13 -0500] "POST /sipse/faces/autenticacion.xhtml HTTP/1.1" 200 15926
201.245.192.253 - - [03/Nov/2021:07:08:13 -0500] "GET /sipse/faces/javax.faces.resource/theme.css?ln=primefaces-sipse HTTP/1.1" 304 -
201.245.192.253 - - [03/Nov/2021:07:08:13 -0500] "GET /sipse/faces/javax.faces.resource/primefaces.css?ln=primefaces&v=4.0 HTTP/1.1" 304 -
201.245.192.253 - - [03/Nov/2021:07:08:13 -0500] "GET /sipse/faces/javax.faces.resource/layout/layout.css?ln=primefaces&v=4.0 HTTP/1.1" 304 -
201.245.192.253 - - [03/Nov/2021:07:08:13 -0500] "GET /sipse/faces/javax.faces.resource/jquery/jquery.js?ln=primefaces&v=4.0 HTTP/1.1" 304 -
201.245.192.253 - - [03/Nov/2021:07:08:13 -0500] "GET /sipse/faces/javax.faces.resource/jquery/jquery-plugins.js?ln=primefaces&v=4.0 HTTP/1.1" 304 -
201.245.192.253 - - [03/Nov/2021:07:08:13 -0500] "GET /sipse/faces/javax.faces.resource/primefaces.js?ln=primefaces&v=4.0 HTTP/1.1" 304 -
201.245.192.253 - - [03/Nov/2021:07:08:13 -0500] "GET /sipse/faces/javax.faces.resource/layout/layout.js?ln=primefaces&v=4.0 HTTP/1.1" 304 -
201.245.192.253 - - [03/Nov/2021:07:08:13 -0500] "GET /sipse/css/imagen/contrasena.png HTTP/1.1" 404 383
201.245.192.253 - - [03/Nov/2021:07:08:13 -0500] "GET /catalogoisis/ HTTP/1.1" 200 8575
201.245.192.253 - - [03/Nov/2021:07:08:15 -0500] "GET /sipse/faces/javax.faces.resource/images/ui-bg_flat_0_2d5972_40x100.png?ln=primefaces-aristo HTTP/1.1" 304 -
201.245.192.253 - - [03/Nov/2021:07:08:15 -0500] "POST /sipse/faces/bienvenido.xhtml HTTP/1.1" 200 2073
201.245.192.253 - - [03/Nov/2021:07:08:16 -0500] "POST /sipse/faces/bienvenido.xhtml HTTP/1.1" 200 38657
201.245.192.253 - - [03/Nov/2021:07:08:16 -0500] "GET /sipse/faces/javax.faces.resource/theme.css?ln=primefaces-sipse HTTP/1.1" 304 -
201.245.192.253 - - [03/Nov/2021:07:08:16 -0500] "GET /sipse/faces/javax.faces.resource/primefaces.css?ln=primefaces&v=4.0 HTTP/1.1" 304 -
201.245.192.253 - - [03/Nov/2021:07:08:16 -0500] "GET /sipse/faces/javax.faces.resource/layout/layout.css?ln=primefaces&v=4.0 HTTP/1.1" 304 -
201.245.192.253 - - [03/Nov/2021:07:08:16 -0500] "GET /sipse/faces/javax.faces.resource/jquery/jquery.js?ln=primefaces&v=4.0 HTTP/1.1" 304 -
201.245.192.253 - - [03/Nov/2021:07:08:16 -0500] "GET /sipse/faces/javax.faces.resource/jquery/jquery-plugins.js?ln=primefaces&v=4.0 HTTP/1.1" 304 -
201.245.192.253 - - [03/Nov/2021:07:08:16 -0500] "GET /sipse/faces/javax.faces.resource/primefaces.js?ln=primefaces&v=4.0 HTTP/1.1" 304 -
201.245.192.253 - - [03/Nov/2021:07:08:16 -0500] "GET /sipse/faces/javax.faces.resource/layout/layout.js?ln=primefaces&v=4.0 HTTP/1.1" 304 -
201.245.192.253 - - [03/Nov/2021:07:08:20 -0500] "POST /sipse/faces/presentacion/financiero/solicitudProceso/consultar.xhtml HTTP/1.1" 200 12900
188.40.137.162 - - [03/Nov/2021:07:08:21 -0500] "GET /BLA/resoluciones/RESOLUCIONES%202010/1549.pdf HTTP/1.1" 200 433491
190.24.150.194 - - [03/Nov/2021:07:08:25 -0500] "POST /sipse/faces/presentacion/financiero/solicitudProceso/consultarSolicitudProceso.xhtml HTTP/1.1" 200 61522
190.24.150.194 - - [03/Nov/2021:07:08:25 -0500] "GET /sipse/faces/javax.faces.resource/theme.css?ln=primefaces-sipse HTTP/1.1" 304 -
190.24.150.194 - - [03/Nov/2021:07:08:25 -0500] "GET /sipse/faces/javax.faces.resource/primefaces.css?ln=primefaces&v=4.0 HTTP/1.1" 304 -
190.24.150.194 - - [03/Nov/2021:07:08:25 -0500] "GET /sipse/faces/javax.faces.resource/layout/layout.css?ln=primefaces&v=4.0 HTTP/1.1" 304 -
190.24.150.194 - - [03/Nov/2021:07:08:25 -0500] "GET /sipse/css/imagen/contrasena.png HTTP/1.1" 404 383
190.24.150.194 - - [03/Nov/2021:07:08:25 -0500] "GET /sipse/faces/javax.faces.resource/jquery/jquery.js?ln=primefaces&v=4.0 HTTP/1.1" 304 -
190.24.150.194 - - [03/Nov/2021:07:08:25 -0500] "GET /sipse/faces/javax.faces.resource/jquery/jquery-plugins.js?ln=primefaces&v=4.0 HTTP/1.1" 304 -
190.24.150.194 - - [03/Nov/2021:07:08:26 -0500] "GET /sipse/faces/javax.faces.resource/primefaces.js?ln=primefaces&v=4.0 HTTP/1.1" 304 -
190.24.150.194 - - [03/Nov/2021:07:08:26 -0500] "GET /sipse/faces/javax.faces.resource/layout/layout.js?ln=primefaces&v=4.0 HTTP/1.1" 304 -
190.24.150.194 - - [03/Nov/2021:07:08:26 -0500] "POST /sipse/faces/presentacion/financiero/solicitudProceso/listarSolicitudProceso.xhtml HTTP/1.1" 200 54881
190.24.150.194 - - [03/Nov/2021:07:08:26 -0500] "POST /sipse/faces/presentacion/financiero/solicitudProceso/listarSolicitudProceso.xhtml HTTP/1.1" 200 54881
190.24.150.194 - - [03/Nov/2021:07:08:26 -0500] "POST /sipse/faces/presentacion/financiero/solicitudProceso/listarSolicitudProceso.xhtml HTTP/1.1" 200 54881
190.24.150.194 - - [03/Nov/2021:07:08:26 -0500] "POST /sipse/faces/presentacion/financiero/solicitudProceso/listarSolicitudProceso.xhtml HTTP/1.1" 200 54881
190.24.150.194 - - [03/Nov/2021:07:08:27 -0500] "POST /sipse/faces/presentacion/financiero/solicitudProceso/listarSolicitudProceso.xhtml HTTP/1.1" 200 1448
190.24.150.194 - - [03/Nov/2021:07:08:27 -0500] "POST /sipse/faces/presentacion/financiero/solicitudProceso/listarSolicitudProceso.xhtml HTTP/1.1" 200 1448
190.24.150.194 - - [03/Nov/2021:07:08:27 -0500] "POST /sipse/faces/presentacion/financiero/solicitudProceso/listarSolicitudProceso.xhtml HTTP/1.1" 200 1452
190.24.150.194 - - [03/Nov/2021:07:08:27 -0500] "POST /sipse/faces/presentacion/financiero/solicitudProceso/listarSolicitudProceso.xhtml HTTP/1.1" 200 1448
190.24.150.194 - - [03/Nov/2021:07:08:28 -0500] "POST /sipse/faces/presentacion/financiero/solicitudProceso/listarSolicitudProceso.xhtml HTTP/1.1" 200 1448
190.24.150.194 - - [03/Nov/2021:07:08:29 -0500] "POST /sipse/faces/presentacion/financiero/solicitudProceso/listarSolicitudProceso.xhtml HTTP/1.1" 200 30822
188.40.137.162 - - [03/Nov/2021:07:08:32 -0500] "GET /BLA/resoluciones/RESOLUCIONES%202010/7764.pdf HTTP/1.1" 200 67461
190.24.150.194 - - [03/Nov/2021:07:08:39 -0500] "POST /sipse/faces/presentacion/financiero/solicitudProceso/listarSolicitudProceso.xhtml HTTP/1.1" 200 117734
190.24.150.194 - - [03/Nov/2021:07:08:39 -0500] "GET /sipse/faces/javax.faces.resource/layout/layout.css?ln=primefaces&v=4.0 HTTP/1.1" 304 -
190.24.150.194 - - [03/Nov/2021:07:08:39 -0500] "GET /sipse/faces/javax.faces.resource/theme.css?ln=primefaces-sipse HTTP/1.1" 304 -
190.24.150.194 - - [03/Nov/2021:07:08:39 -0500] "GET /sipse/faces/javax.faces.resource/primefaces.css?ln=primefaces&v=4.0 HTTP/1.1" 304 -
190.24.150.194 - - [03/Nov/2021:07:08:39 -0500] "GET /sipse/faces/javax.faces.resource/jquery/jquery.js?ln=primefaces&v=4.0 HTTP/1.1" 304 -
190.24.150.194 - - [03/Nov/2021:07:08:39 -0500] "GET /sipse/faces/javax.faces.resource/jquery/jquery-plugins.js?ln=primefaces&v=4.0 HTTP/1.1" 304 -
190.24.150.194 - - [03/Nov/2021:07:08:39 -0500] "GET /sipse/faces/javax.faces.resource/primefaces.js?ln=primefaces&v=4.0 HTTP/1.1" 304 -
190.24.150.194 - - [03/Nov/2021:07:08:39 -0500] "GET /sipse/faces/javax.faces.resource/layout/layout.js?ln=primefaces&v=4.0 HTTP/1.1" 304 -
190.24.150.194 - - [03/Nov/2021:07:08:40 -0500] "GET /sipse/css/imagen/contrasena.png HTTP/1.1" 404 383
190.24.150.194 - - [03/Nov/2021:07:08:40 -0500] "GET /sipse/faces/javax.faces.resource/dynamiccontent.properties?ln=primefaces&pfdrid=XjOR5%2F%2FfPAZAuY9TpWQeCiM0BhlXxYRBGKi%2FQcXXfeA%3D&pfdrid_c=false HTTP/1.1" 500 383
188.40.137.162 - - [03/Nov/2021:07:08:41 -0500] "GET /BLA/resoluciones/RESOLUCIONES%202010/1765.pdf HTTP/1.1" 200 767998
190.24.150.194 - - [03/Nov/2021:07:08:50 -0500] "POST /sipse/faces/presentacion/financiero/solicitudProceso/consultarSolicitudProceso.xhtml HTTP/1.1" 200 33252
190.24.150.194 - - [03/Nov/2021:07:08:50 -0500] "GET /sipse/faces/javax.faces.resource/primefaces.css?ln=primefaces&v=4.0 HTTP/1.1" 304 -
190.24.150.194 - - [03/Nov/2021:07:08:50 -0500] "GET /sipse/faces/javax.faces.resource/theme.css?ln=primefaces-sipse HTTP/1.1" 304 -
190.24.150.194 - - [03/Nov/2021:07:08:50 -0500] "GET /sipse/faces/javax.faces.resource/layout/layout.css?ln=primefaces&v=4.0 HTTP/1.1" 304 -
190.24.150.194 - - [03/Nov/2021:07:08:50 -0500] "GET /sipse/faces/javax.faces.resource/jquery/jquery.js?ln=primefaces&v=4.0 HTTP/1.1" 304 -
190.24.150.194 - - [03/Nov/2021:07:08:50 -0500] "GET /sipse/faces/javax.faces.resource/primefaces.js?ln=primefaces&v=4.0 HTTP/1.1" 304 -
190.24.150.194 - - [03/Nov/2021:07:08:50 -0500] "GET /sipse/faces/javax.faces.resource/jquery/jquery-plugins.js?ln=primefaces&v=4.0 HTTP/1.1" 304 -
190.24.150.194 - - [03/Nov/2021:07:08:50 -0500] "GET /sipse/faces/javax.faces.resource/layout/layout.js?ln=primefaces&v=4.0 HTTP/1.1" 304 -
188.40.137.162 - - [03/Nov/2021:07:08:51 -0500] "GET /BLA/resoluciones/RESOLUCIONES%202010/6726.pdf HTTP/1.1" 200 84964
201.245.192.253 - - [03/Nov/2021:07:08:51 -0500] "POST /sipse/faces/presentacion/financiero/solicitudProceso/consultar.xhtml HTTP/1.1" 200 118060
201.245.192.253 - - [03/Nov/2021:07:08:52 -0500] "GET /sipse/faces/javax.faces.resource/theme.css?ln=primefaces-sipse HTTP/1.1" 304 -
201.245.192.253 - - [03/Nov/2021:07:08:52 -0500] "GET /sipse/faces/javax.faces.resource/layout/layout.css?ln=primefaces&v=4.0 HTTP/1.1" 304 -
201.245.192.253 - - [03/Nov/2021:07:08:52 -0500] "GET /sipse/faces/javax.faces.resource/primefaces.css?ln=primefaces&v=4.0 HTTP/1.1" 304 -
201.245.192.253 - - [03/Nov/2021:07:08:52 -0500] "GET /sipse/faces/javax.faces.resource/jquery/jquery.js?ln=primefaces&v=4.0 HTTP/1.1" 304 -
201.245.192.253 - - [03/Nov/2021:07:08:52 -0500] "GET /sipse/faces/javax.faces.resource/jquery/jquery-plugins.js?ln=primefaces&v=4.0 HTTP/1.1" 304 -
201.245.192.253 - - [03/Nov/2021:07:08:52 -0500] "GET /sipse/faces/javax.faces.resource/primefaces.js?ln=primefaces&v=4.0 HTTP/1.1" 304 -
201.245.192.253 - - [03/Nov/2021:07:08:52 -0500] "GET /sipse/faces/javax.faces.resource/layout/layout.js?ln=primefaces&v=4.0 HTTP/1.1" 304 -
201.245.192.253 - - [03/Nov/2021:07:08:52 -0500] "GET /sipse/faces/javax.faces.resource/dynamiccontent.properties?ln=primefaces&pfdrid=XjOR5%2F%2FfPAZAuY9TpWQeCiM0BhlXxYRBGKi%2FQcXXfeA%3D&pfdrid_c=false HTTP/1.1" 500 383
201.245.192.253 - - [03/Nov/2021:07:08:54 -0500] "POST /sipse/faces/presentacion/financiero/solicitudProceso/consultarSolicitudProceso.xhtml HTTP/1.1" 200 38567
201.245.192.253 - - [03/Nov/2021:07:08:55 -0500] "GET /sipse/faces/javax.faces.resource/theme.css?ln=primefaces-sipse HTTP/1.1" 304 -
201.245.192.253 - - [03/Nov/2021:07:08:55 -0500] "GET /sipse/faces/javax.faces.resource/primefaces.css?ln=primefaces&v=4.0 HTTP/1.1" 304 -
201.245.192.253 - - [03/Nov/2021:07:08:55 -0500] "GET /sipse/faces/javax.faces.resource/primefaces.js?ln=primefaces&v=4.0 HTTP/1.1" 304 -
201.245.192.253 - - [03/Nov/2021:07:08:55 -0500] "GET /sipse/faces/javax.faces.resource/jquery/jquery.js?ln=primefaces&v=4.0 HTTP/1.1" 304 -
201.245.192.253 - - [03/Nov/2021:07:08:55 -0500] "GET /sipse/faces/javax.faces.resource/layout/layout.css?ln=primefaces&v=4.0 HTTP/1.1" 304 -
201.245.192.253 - - [03/Nov/2021:07:08:55 -0500] "GET /sipse/faces/javax.faces.resource/jquery/jquery-plugins.js?ln=primefaces&v=4.0 HTTP/1.1" 304 -
201.245.192.253 - - [03/Nov/2021:07:08:55 -0500] "GET /sipse/faces/javax.faces.resource/layout/layout.js?ln=primefaces&v=4.0 HTTP/1.1" 304 -
188.40.137.162 - - [03/Nov/2021:07:09:00 -0500] "GET /BLA/resoluciones/RESOLUCIONES%202010/1244.pdf HTTP/1.1" 200 443145
190.24.150.194 - - [03/Nov/2021:07:09:10 -0500] "POST /sipse/faces/presentacion/financiero/solicitudProceso/consultarHistorialSolProceso.xhtml HTTP/1.1" 200 165310
190.24.150.194 - - [03/Nov/2021:07:09:11 -0500] "GET /sipse/faces/javax.faces.resource/theme.css?ln=primefaces-sipse HTTP/1.1" 304 -
190.24.150.194 - - [03/Nov/2021:07:09:11 -0500] "GET /sipse/faces/javax.faces.resource/jquery/jquery-plugins.js?ln=primefaces&v=4.0 HTTP/1.1" 304 -
190.24.150.194 - - [03/Nov/2021:07:09:11 -0500] "GET /sipse/faces/javax.faces.resource/layout/layout.css?ln=primefaces&v=4.0 HTTP/1.1" 304 -
190.24.150.194 - - [03/Nov/2021:07:09:11 -0500] "GET /sipse/faces/javax.faces.resource/primefaces.css?ln=primefaces&v=4.0 HTTP/1.1" 304 -
190.24.150.194 - - [03/Nov/2021:07:09:11 -0500] "GET /sipse/faces/javax.faces.resource/jquery/jquery.js?ln=primefaces&v=4.0 HTTP/1.1" 304 -
190.24.150.194 - - [03/Nov/2021:07:09:11 -0500] "GET /sipse/faces/javax.faces.resource/primefaces.js?ln=primefaces&v=4.0 HTTP/1.1" 304 -
190.24.150.194 - - [03/Nov/2021:07:09:11 -0500] "GET /sipse/faces/javax.faces.resource/layout/layout.js?ln=primefaces&v=4.0 HTTP/1.1" 304 -
190.24.150.194 - - [03/Nov/2021:07:09:11 -0500] "GET /sipse/faces/javax.faces.resource/dynamiccontent.properties?ln=primefaces&pfdrid=XjOR5%2F%2FfPAZAuY9TpWQeCiM0BhlXxYRBGKi%2FQcXXfeA%3D&pfdrid_c=false HTTP/1.1" 500 383
188.40.137.162 - - [03/Nov/2021:07:09:11 -0500] "GET /BLA/resoluciones/RESOLUCIONES%202010/4770.pdf HTTP/1.1" 200 420935
201.245.192.253 - - [03/Nov/2021:07:09:14 -0500] "GET /catalogoisis/ HTTP/1.1" 200 8575
190.24.150.194 - - [03/Nov/2021:07:09:15 -0500] "POST /sipse/faces/presentacion/financiero/solicitudProceso/consultarSolicitudProceso.xhtml HTTP/1.1" 200 210550
188.40.137.162 - - [03/Nov/2021:07:09:22 -0500] "GET /BLA/resoluciones/RESOLUCIONES%202010/0749.pdf HTTP/1.1" 200 488333
188.40.137.162 - - [03/Nov/2021:07:09:32 -0500] "GET /BLA/resoluciones/RESOLUCIONES%202010/0626.pdf HTTP/1.1" 200 526606
188.40.137.162 - - [03/Nov/2021:07:09:42 -0500] "GET /BLA/resoluciones/RESOLUCIONES%202010/2760.pdf HTTP/1.1" 200 497661
188.40.137.162 - - [03/Nov/2021:07:09:53 -0500] "GET /BLA/resoluciones/RESOLUCIONES%202010/5298.pdf HTTP/1.1" 200 752575
188.40.137.162 - - [03/Nov/2021:07:10:04 -0500] "GET /BLA/resoluciones/RESOLUCIONES%202010/7580.pdf HTTP/1.1" 200 332061
190.24.150.194 - - [03/Nov/2021:07:10:08 -0500] "POST /sipse/faces/presentacion/financiero/solicitudProceso/consultarSolicitudProceso.xhtml HTTP/1.1" 200 61522
190.24.150.194 - - [03/Nov/2021:07:10:09 -0500] "GET /sipse/faces/javax.faces.resource/theme.css?ln=primefaces-sipse HTTP/1.1" 304 -
190.24.150.194 - - [03/Nov/2021:07:10:09 -0500] "GET /sipse/faces/javax.faces.resource/layout/layout.css?ln=primefaces&v=4.0 HTTP/1.1" 304 -
190.24.150.194 - - [03/Nov/2021:07:10:09 -0500] "GET /sipse/faces/javax.faces.resource/primefaces.css?ln=primefaces&v=4.0 HTTP/1.1" 304 -
190.24.150.194 - - [03/Nov/2021:07:10:09 -0500] "GET /sipse/faces/javax.faces.resource/jquery/jquery.js?ln=primefaces&v=4.0 HTTP/1.1" 304 -
190.24.150.194 - - [03/Nov/2021:07:10:09 -0500] "GET /sipse/faces/javax.faces.resource/jquery/jquery-plugins.js?ln=primefaces&v=4.0 HTTP/1.1" 304 -
190.24.150.194 - - [03/Nov/2021:07:10:09 -0500] "GET /sipse/faces/javax.faces.resource/primefaces.js?ln=primefaces&v=4.0 HTTP/1.1" 304 -
190.24.150.194 - - [03/Nov/2021:07:10:09 -0500] "GET /sipse/faces/javax.faces.resource/layout/layout.js?ln=primefaces&v=4.0 HTTP/1.1" 304 -
190.24.150.194 - - [03/Nov/2021:07:10:09 -0500] "POST /sipse/faces/presentacion/financiero/solicitudProceso/listarSolicitudProceso.xhtml HTTP/1.1" 200 1448
201.245.192.253 - - [03/Nov/2021:07:10:15 -0500] "GET /catalogoisis/ HTTP/1.1" 200 8575
188.40.137.162 - - [03/Nov/2021:07:10:16 -0500] "GET /BLA/resoluciones/RESOLUCIONES%202010/6723.pdf HTTP/1.1" 200 1119741
190.24.150.194 - - [03/Nov/2021:07:10:21 -0500] "POST /sipse/faces/presentacion/financiero/solicitudProceso/listarSolicitudProceso.xhtml HTTP/1.1" 200 30822
188.40.137.162 - - [03/Nov/2021:07:10:21 -0500] "GET /BLA/resoluciones/RESOLUCIONES%202010/1910.pdf HTTP/1.1" 200 595170
188.40.137.162 - - [03/Nov/2021:07:10:32 -0500] "GET /BLA/resoluciones/RESOLUCIONES%202010/2744.pdf HTTP/1.1" 200 493349
186.155.82.104 - - [03/Nov/2021:07:10:33 -0500] "GET /BLA/resoluciones/index.php?dir=AUTOS+2021%2F HTTP/1.1" 200 166012
216.245.221.92 - - [03/Nov/2021:07:10:39 -0500] "HEAD / HTTP/1.1" 200 -
188.40.137.162 - - [03/Nov/2021:07:10:42 -0500] "GET /BLA/resoluciones/RESOLUCIONES%202010/0846.pdf HTTP/1.1" 200 108764
186.155.82.104 - - [03/Nov/2021:07:10:45 -0500] "GET /BLA/resoluciones/index.php?dir=AUTOS+2021%2F HTTP/1.1" 200 166012
188.40.137.162 - - [03/Nov/2021:07:10:54 -0500] "GET /BLA/resoluciones/RESOLUCIONES%202010/7100.pdf HTTP/1.1" 200 53385
186.155.82.104 - - [03/Nov/2021:07:10:56 -0500] "GET /BLA/resoluciones/AUTOS%202021/0364.pdf HTTP/1.1" 200 325440
191.116.233.46 - - [03/Nov/2021:07:10:57 -0500] "GET /galeria/galeria/jquery.fancybox.css?v=2.1.5 HTTP/1.1" 200 4895
188.40.137.162 - - [03/Nov/2021:07:11:04 -0500] "GET /BLA/resoluciones/RESOLUCIONES%202010/2001.pdf HTTP/1.1" 200 473709
181.55.181.19 - - [03/Nov/2021:07:11:13 -0500] "POST /sipse/faces/presentacion/financiero/solicitudProceso/listarSolicitudProceso.xhtml HTTP/1.1" 200 33824
188.40.137.162 - - [03/Nov/2021:07:11:15 -0500] "GET /BLA/resoluciones/RESOLUCIONES%202010/4180.pdf HTTP/1.1" 200 400615
201.245.192.253 - - [03/Nov/2021:07:11:16 -0500] "GET /catalogoisis/ HTTP/1.1" 200 8575
188.40.137.162 - - [03/Nov/2021:07:11:25 -0500] "GET /BLA/resoluciones/RESOLUCIONES%202010/3851.pdf HTTP/1.1" 200 62002
188.40.137.162 - - [03/Nov/2021:07:11:34 -0500] "GET /BLA/resoluciones/RESOLUCIONES%202010/6385.pdf HTTP/1.1" 200 467869
188.40.137.162 - - [03/Nov/2021:07:11:45 -0500] "GET /BLA/resoluciones/RESOLUCIONES%202010/3124.pdf HTTP/1.1" 200 745941
188.40.137.162 - - [03/Nov/2021:07:11:54 -0500] "GET /BLA/resoluciones/RESOLUCIONES%202010/6443.pdf HTTP/1.1" 200 895277
188.40.137.162 - - [03/Nov/2021:07:12:06 -0500] "GET /BLA/resoluciones/RESOLUCIONES%202010/2770.pdf HTTP/1.1" 200 494790
188.40.137.162 - - [03/Nov/2021:07:12:16 -0500] "GET /BLA/resoluciones/RESOLUCIONES%202010/4523.pdf HTTP/1.1" 200 386544
201.245.192.253 - - [03/Nov/2021:07:12:17 -0500] "GET /catalogoisis/ HTTP/1.1" 200 8575
188.40.137.162 - - [03/Nov/2021:07:12:25 -0500] "GET /BLA/resoluciones/RESOLUCIONES%202010/4195.pdf HTTP/1.1" 200 385273
188.40.137.162 - - [03/Nov/2021:07:12:35 -0500] "GET /BLA/resoluciones/RESOLUCIONES%202010/5375.pdf HTTP/1.1" 200 380702
188.40.137.162 - - [03/Nov/2021:07:12:46 -0500] "GET /BLA/resoluciones/RESOLUCIONES%202010/1447.pdf HTTP/1.1" 200 640187
188.40.137.162 - - [03/Nov/2021:07:12:55 -0500] "GET /BLA/resoluciones/RESOLUCIONES%202010/4674.pdf HTTP/1.1" 200 753215
188.40.137.162 - - [03/Nov/2021:07:13:07 -0500] "GET /BLA/resoluciones/RESOLUCIONES%202010/2072.pdf HTTP/1.1" 200 196369
188.40.137.162 - - [03/Nov/2021:07:13:17 -0500] "GET /BLA/resoluciones/RESOLUCIONES%202010/7250.pdf HTTP/1.1" 200 86221
201.245.192.253 - - [03/Nov/2021:07:13:18 -0500] "GET /catalogoisis/ HTTP/1.1" 200 8575
188.40.137.162 - - [03/Nov/2021:07:13:27 -0500] "GET /BLA/resoluciones/RESOLUCIONES%202010/2883.pdf HTTP/1.1" 200 498973
188.40.137.162 - - [03/Nov/2021:07:13:37 -0500] "GET /BLA/resoluciones/RESOLUCIONES%202010/7638.pdf HTTP/1.1" 200 61019
188.40.137.162 - - [03/Nov/2021:07:13:46 -0500] "GET /BLA/resoluciones/RESOLUCIONES%202010/4378.pdf HTTP/1.1" 200 494307
188.40.137.162 - - [03/Nov/2021:07:13:56 -0500] "GET /BLA/resoluciones/RESOLUCIONES%202010/7822.pdf HTTP/1.1" 200 414876
188.40.137.162 - - [03/Nov/2021:07:14:06 -0500] "GET /BLA/resoluciones/RESOLUCIONES%202010/3520.pdf HTTP/1.1" 200 356876
201.245.192.253 - - [03/Nov/2021:07:14:20 -0500] "GET /catalogoisis/ HTTP/1.1" 200 8575
188.40.137.162 - - [03/Nov/2021:07:14:21 -0500] "GET /BLA/resoluciones/RESOLUCIONES%202010/4833.pdf HTTP/1.1" 200 752385
188.40.137.162 - - [03/Nov/2021:07:14:31 -0500] "GET /BLA/resoluciones/RESOLUCIONES%202010/7108.pdf HTTP/1.1" 200 415732
188.40.137.162 - - [03/Nov/2021:07:14:43 -0500] "GET /BLA/resoluciones/RESOLUCIONES%202010/1835.pdf HTTP/1.1" 200 496569
188.40.137.162 - - [03/Nov/2021:07:14:54 -0500] "GET /BLA/resoluciones/RESOLUCIONES%202010/7587.pdf HTTP/1.1" 200 506852
188.40.137.162 - - [03/Nov/2021:07:15:04 -0500] "GET /BLA/resoluciones/RESOLUCIONES%202010/0679.pdf HTTP/1.1" 200 78309
190.158.95.183 - - [03/Nov/2021:07:15:12 -0500] "GET /sipse/js/funciones.js HTTP/1.1" 304 -
190.158.95.183 - - [03/Nov/2021:07:15:12 -0500] "GET /sipse/js/disable_browser_buttons.js HTTP/1.1" 304 -
190.158.95.183 - - [03/Nov/2021:07:15:12 -0500] "GET /sipse/css/custom_css_sg.css HTTP/1.1" 304 -
190.158.95.183 - - [03/Nov/2021:07:15:13 -0500] "GET /sipse/css/custom_css_sg_prime_login.css HTTP/1.1" 304 -
190.158.95.183 - - [03/Nov/2021:07:15:14 -0500] "GET /sipse/faces/javax.faces.resource/theme.css?ln=primefaces-sipse HTTP/1.1" 304 -
190.158.95.183 - - [03/Nov/2021:07:15:14 -0500] "GET /sipse/faces/javax.faces.resource/primefaces.css?ln=primefaces&v=4.0 HTTP/1.1" 304 -
190.158.95.183 - - [03/Nov/2021:07:15:14 -0500] "GET /sipse/faces/javax.faces.resource/layout/layout.css?ln=primefaces&v=4.0 HTTP/1.1" 304 -
190.158.95.183 - - [03/Nov/2021:07:15:14 -0500] "GET /sipse/faces/javax.faces.resource/jquery/jquery-plugins.js?ln=primefaces&v=4.0 HTTP/1.1" 304 -
190.158.95.183 - - [03/Nov/2021:07:15:14 -0500] "GET /sipse/faces/javax.faces.resource/jquery/jquery.js?ln=primefaces&v=4.0 HTTP/1.1" 304 -
190.158.95.183 - - [03/Nov/2021:07:15:14 -0500] "GET /sipse/faces/javax.faces.resource/primefaces.js?ln=primefaces&v=4.0 HTTP/1.1" 304 -
190.158.95.183 - - [03/Nov/2021:07:15:14 -0500] "GET /sipse/faces/javax.faces.resource/layout/layout.js?ln=primefaces&v=4.0 HTTP/1.1" 304 -
188.40.137.162 - - [03/Nov/2021:07:15:14 -0500] "GET /BLA/resoluciones/RESOLUCIONES%202010/2558.pdf HTTP/1.1" 200 532827
190.158.95.183 - - [03/Nov/2021:07:15:14 -0500] "GET /sipse/css/imagen/logoSDG.png HTTP/1.1" 304 -
190.158.95.183 - - [03/Nov/2021:07:15:14 -0500] "GET /sipse/css/imagen/loginimg.png HTTP/1.1" 304 -
190.158.95.183 - - [03/Nov/2021:07:15:15 -0500] "GET /sipse/faces/javax.faces.resource/images/ui-icons_898989_256x240.png?ln=primefaces-aristo HTTP/1.1" 304 -
190.158.95.183 - - [03/Nov/2021:07:15:15 -0500] "GET /sipse/faces/faces/index.xhtml HTTP/1.1" 200 677
190.158.95.183 - - [03/Nov/2021:07:15:15 -0500] "GET /sipse/faces/javax.faces.resource/theme.css?ln=primefaces-sipse HTTP/1.1" 304 -
190.158.95.183 - - [03/Nov/2021:07:15:16 -0500] "GET /sipse/faces/faces/faces/autenticacion.xhtml HTTP/1.1" 200 12185
190.158.95.183 - - [03/Nov/2021:07:15:16 -0500] "GET /sipse/faces/javax.faces.resource/theme.css?ln=primefaces-sipse HTTP/1.1" 304 -
190.158.95.183 - - [03/Nov/2021:07:15:16 -0500] "GET /sipse/faces/javax.faces.resource/primefaces.css?ln=primefaces&v=4.0 HTTP/1.1" 304 -
190.158.95.183 - - [03/Nov/2021:07:15:16 -0500] "GET /sipse/faces/javax.faces.resource/layout/layout.css?ln=primefaces&v=4.0 HTTP/1.1" 304 -
190.158.95.183 - - [03/Nov/2021:07:15:16 -0500] "GET /sipse/faces/javax.faces.resource/jquery/jquery.js?ln=primefaces&v=4.0 HTTP/1.1" 304 -
190.158.95.183 - - [03/Nov/2021:07:15:16 -0500] "GET /sipse/faces/javax.faces.resource/jquery/jquery-plugins.js?ln=primefaces&v=4.0 HTTP/1.1" 304 -
190.158.95.183 - - [03/Nov/2021:07:15:16 -0500] "GET /sipse/faces/javax.faces.resource/primefaces.js?ln=primefaces&v=4.0 HTTP/1.1" 304 -
190.158.95.183 - - [03/Nov/2021:07:15:16 -0500] "GET /sipse/faces/javax.faces.resource/layout/layout.js?ln=primefaces&v=4.0 HTTP/1.1" 304 -
190.158.95.183 - - [03/Nov/2021:07:15:16 -0500] "GET /sipse/faces/javax.faces.resource/images/ui-icons_898989_256x240.png?ln=primefaces-aristo HTTP/1.1" 304 -
201.245.192.253 - - [03/Nov/2021:07:15:20 -0500] "GET /catalogoisis/ HTTP/1.1" 200 8575
157.55.39.21 - - [03/Nov/2021:07:15:23 -0500] "GET /galeria/galeria/fotos/juan-amarillo3G.jpg HTTP/1.1" 200 328975
188.40.137.162 - - [03/Nov/2021:07:15:25 -0500] "GET /BLA/resoluciones/RESOLUCIONES%202010/4971.pdf HTTP/1.1" 200 507339
201.245.192.253 - - [03/Nov/2021:07:14:43 -0500] "POST /kwsrmcab/Wsrmcab HTTP/1.1" 200 118353
188.40.137.162 - - [03/Nov/2021:07:15:36 -0500] "GET /BLA/resoluciones/RESOLUCIONES%202010/1557.pdf HTTP/1.1" 200 457475
216.245.221.92 - - [03/Nov/2021:07:15:39 -0500] "HEAD / HTTP/1.1" 200 -
188.40.137.162 - - [03/Nov/2021:07:15:45 -0500] "GET /BLA/resoluciones/RESOLUCIONES%202010/0062.pdf HTTP/1.1" 200 517865
188.40.137.162 - - [03/Nov/2021:07:15:56 -0500] "GET /BLA/resoluciones/RESOLUCIONES%202010/4969.pdf HTTP/1.1" 200 550263
188.40.137.162 - - [03/Nov/2021:07:16:05 -0500] "GET /BLA/resoluciones/RESOLUCIONES%202010/2448.pdf HTTP/1.1" 200 492488
188.40.137.162 - - [03/Nov/2021:07:16:15 -0500] "GET /BLA/resoluciones/RESOLUCIONES%202010/6515.pdf HTTP/1.1" 200 580587
201.245.192.253 - - [03/Nov/2021:07:16:20 -0500] "GET /catalogoisis/ HTTP/1.1" 200 8575
188.40.137.162 - - [03/Nov/2021:07:16:26 -0500] "GET /BLA/resoluciones/RESOLUCIONES%202010/0685.pdf HTTP/1.1" 200 132564
188.40.137.162 - - [03/Nov/2021:07:16:37 -0500] "GET /BLA/resoluciones/RESOLUCIONES%202010/4224.pdf HTTP/1.1" 200 360826
188.40.137.162 - - [03/Nov/2021:07:16:48 -0500] "GET /BLA/resoluciones/RESOLUCIONES%202010/6090.pdf HTTP/1.1" 200 275392
188.40.137.162 - - [03/Nov/2021:07:16:57 -0500] "GET /BLA/resoluciones/RESOLUCIONES%202010/3205.pdf HTTP/1.1" 200 509153
188.40.137.162 - - [03/Nov/2021:07:17:09 -0500] "GET /BLA/resoluciones/RESOLUCIONES%202010/2005.pdf HTTP/1.1" 200 341416
5.45.207.139 - - [03/Nov/2021:07:17:09 -0500] "-" 408 -
5.45.207.120 - - [03/Nov/2021:07:17:14 -0500] "-" 408 -
188.40.137.162 - - [03/Nov/2021:07:17:19 -0500] "GET /BLA/resoluciones/RESOLUCIONES%202010/3614.pdf HTTP/1.1" 200 526277
141.8.142.69 - - [03/Nov/2021:07:17:20 -0500] "-" 408 -
201.245.192.253 - - [03/Nov/2021:07:17:22 -0500] "GET /catalogoisis/ HTTP/1.1" 200 8575
5.255.253.154 - - [03/Nov/2021:07:17:26 -0500] "-" 408 -
186.155.82.104 - - [03/Nov/2021:07:17:29 -0500] "GET /BLA/resoluciones/index.php?dir=RESOLUCIONES+2021%2F HTTP/1.1" 200 133521
188.40.137.162 - - [03/Nov/2021:07:17:30 -0500] "GET /BLA/resoluciones/RESOLUCIONES%202010/1283.pdf HTTP/1.1" 200 112810
188.40.137.162 - - [03/Nov/2021:07:17:39 -0500] "GET /BLA/resoluciones/RESOLUCIONES%202010/6729.pdf HTTP/1.1" 200 265026
141.8.142.65 - - [03/Nov/2021:07:17:40 -0500] "-" 408 -
188.40.137.162 - - [03/Nov/2021:07:17:51 -0500] "GET /BLA/resoluciones/RESOLUCIONES%202010/7586.pdf HTTP/1.1" 200 286922
5.255.253.178 - - [03/Nov/2021:07:17:55 -0500] "-" 408 -
188.40.137.162 - - [03/Nov/2021:07:18:01 -0500] "GET /BLA/resoluciones/RESOLUCIONES%202010/1740.pdf HTTP/1.1" 200 509141
188.40.137.162 - - [03/Nov/2021:07:18:11 -0500] "GET /BLA/resoluciones/RESOLUCIONES%202010/5791.pdf HTTP/1.1" 200 77631
188.40.137.162 - - [03/Nov/2021:07:18:21 -0500] "GET /BLA/resoluciones/RESOLUCIONES%202010/2706.pdf HTTP/1.1" 200 393371
201.245.192.253 - - [03/Nov/2021:07:18:22 -0500] "GET /catalogoisis/ HTTP/1.1" 200 8575
87.250.224.173 - - [03/Nov/2021:07:18:25 -0500] "-" 408 -
188.40.137.162 - - [03/Nov/2021:07:18:31 -0500] "GET /BLA/resoluciones/RESOLUCIONES%202010/1524.pdf HTTP/1.1" 200 125746
188.40.137.162 - - [03/Nov/2021:07:18:42 -0500] "GET /BLA/resoluciones/RESOLUCIONES%202010/3584.pdf HTTP/1.1" 200 505673
188.40.137.162 - - [03/Nov/2021:07:18:52 -0500] "GET /BLA/resoluciones/RESOLUCIONES%202010/1511.pdf HTTP/1.1" 200 285175
188.40.137.162 - - [03/Nov/2021:07:19:03 -0500] "GET /BLA/resoluciones/RESOLUCIONES%202010/6746.pdf HTTP/1.1" 200 340713
188.40.137.162 - - [03/Nov/2021:07:19:14 -0500] "GET /BLA/resoluciones/RESOLUCIONES%202010/3252.pdf HTTP/1.1" 200 770045
201.245.192.253 - - [03/Nov/2021:07:19:23 -0500] "GET /catalogoisis/ HTTP/1.1" 200 8575
188.40.137.162 - - [03/Nov/2021:07:19:25 -0500] "GET /BLA/resoluciones/RESOLUCIONES%202010/1101.pdf HTTP/1.1" 200 109382
95.108.213.19 - - [03/Nov/2021:07:19:25 -0500] "-" 408 -
188.40.137.162 - - [03/Nov/2021:07:19:34 -0500] "GET /BLA/resoluciones/RESOLUCIONES%202010/6603.pdf HTTP/1.1" 200 262354
188.40.137.162 - - [03/Nov/2021:07:19:44 -0500] "GET /BLA/resoluciones/RESOLUCIONES%202010/2125.pdf HTTP/1.1" 200 232489
188.40.137.162 - - [03/Nov/2021:07:19:55 -0500] "GET /BLA/resoluciones/RESOLUCIONES%202010/6827.pdf HTTP/1.1" 200 680746
188.40.137.162 - - [03/Nov/2021:07:20:05 -0500] "GET /BLA/resoluciones/RESOLUCIONES%202010/2740.pdf HTTP/1.1" 200 390902
188.40.137.162 - - [03/Nov/2021:07:20:15 -0500] "GET /BLA/resoluciones/RESOLUCIONES%202010/3661.pdf HTTP/1.1" 200 456873
201.245.192.253 - - [03/Nov/2021:07:20:24 -0500] "GET /catalogoisis/ HTTP/1.1" 200 8575
95.108.213.49 - - [03/Nov/2021:07:20:25 -0500] "-" 408 -
188.40.137.162 - - [03/Nov/2021:07:20:26 -0500] "GET /BLA/resoluciones/RESOLUCIONES%202010/0831.pdf HTTP/1.1" 200 102758
188.40.137.162 - - [03/Nov/2021:07:20:36 -0500] "GET /BLA/resoluciones/RESOLUCIONES%202010/5895.pdf HTTP/1.1" 200 313877
216.245.221.92 - - [03/Nov/2021:07:20:39 -0500] "HEAD / HTTP/1.1" 200 -
188.40.137.162 - - [03/Nov/2021:07:20:44 -0500] "GET /BLA/resoluciones/RESOLUCIONES%202010/3850.pdf HTTP/1.1" 200 105818
188.40.137.162 - - [03/Nov/2021:07:20:53 -0500] "GET /BLA/resoluciones/RESOLUCIONES%202010/0673.pdf HTTP/1.1" 200 99893
188.40.137.162 - - [03/Nov/2021:07:21:02 -0500] "GET /BLA/resoluciones/RESOLUCIONES%202010/3878.pdf HTTP/1.1" 200 1118354
188.40.137.162 - - [03/Nov/2021:07:21:06 -0500] "GET /BLA/resoluciones/RESOLUCIONES%202010/3431.pdf HTTP/1.1" 200 739731
201.245.192.253 - - [03/Nov/2021:07:20:22 -0500] "POST /kwsrmcab/Wsrmcab HTTP/1.1" 200 46497
188.40.137.162 - - [03/Nov/2021:07:21:16 -0500] "GET /BLA/resoluciones/RESOLUCIONES%202010/2837.pdf HTTP/1.1" 200 398676
201.245.192.253 - - [03/Nov/2021:07:21:25 -0500] "GET /catalogoisis/ HTTP/1.1" 200 8575
188.40.137.162 - - [03/Nov/2021:07:21:25 -0500] "GET /BLA/resoluciones/RESOLUCIONES%202010/0938.pdf HTTP/1.1" 200 105268
188.40.137.162 - - [03/Nov/2021:07:21:33 -0500] "GET /BLA/resoluciones/RESOLUCIONES%202010/4934.pdf HTTP/1.1" 200 520891
190.158.95.183 - - [03/Nov/2021:07:21:39 -0500] "POST /sipse/faces/autenticacion.xhtml HTTP/1.1" 200 2224
190.158.95.183 - - [03/Nov/2021:07:21:39 -0500] "GET /sipse/faces/javax.faces.resource/messages/messages.png?ln=primefaces&v=4.0 HTTP/1.1" 304 -
190.158.95.183 - - [03/Nov/2021:07:21:40 -0500] "GET /sipse/faces/javax.faces.resource/images/ui-icons_898989_256x240.png?ln=primefaces-aristo HTTP/1.1" 304 -
190.158.95.183 - - [03/Nov/2021:07:21:41 -0500] "POST /sipse/faces/autenticacion.xhtml HTTP/1.1" 200 15924
190.158.95.183 - - [03/Nov/2021:07:21:41 -0500] "GET /sipse/css/custom_css_sg_prime.css HTTP/1.1" 304 -
190.158.95.183 - - [03/Nov/2021:07:21:41 -0500] "GET /sipse/js/jquery.min.js HTTP/1.1" 304 -
190.158.95.183 - - [03/Nov/2021:07:21:41 -0500] "GET /sipse/faces/javax.faces.resource/theme.css?ln=primefaces-sipse HTTP/1.1" 304 -
190.158.95.183 - - [03/Nov/2021:07:21:41 -0500] "GET /sipse/faces/javax.faces.resource/layout/layout.css?ln=primefaces&v=4.0 HTTP/1.1" 304 -
190.158.95.183 - - [03/Nov/2021:07:21:41 -0500] "GET /sipse/faces/javax.faces.resource/primefaces.css?ln=primefaces&v=4.0 HTTP/1.1" 304 -
190.158.95.183 - - [03/Nov/2021:07:21:41 -0500] "GET /sipse/faces/javax.faces.resource/jquery/jquery.js?ln=primefaces&v=4.0 HTTP/1.1" 304 -
190.158.95.183 - - [03/Nov/2021:07:21:41 -0500] "GET /sipse/faces/javax.faces.resource/jquery/jquery-plugins.js?ln=primefaces&v=4.0 HTTP/1.1" 304 -
190.158.95.183 - - [03/Nov/2021:07:21:41 -0500] "GET /sipse/faces/javax.faces.resource/primefaces.js?ln=primefaces&v=4.0 HTTP/1.1" 304 -
190.158.95.183 - - [03/Nov/2021:07:21:41 -0500] "GET /sipse/faces/javax.faces.resource/layout/layout.js?ln=primefaces&v=4.0 HTTP/1.1" 304 -
190.158.95.183 - - [03/Nov/2021:07:21:41 -0500] "GET /sipse/imagenes/logoAplicacion.jpg HTTP/1.1" 304 -
190.158.95.183 - - [03/Nov/2021:07:21:41 -0500] "GET /sipse/imagenes/cargando.gif HTTP/1.1" 304 -
190.158.95.183 - - [03/Nov/2021:07:21:41 -0500] "GET /sipse/css/imagen/contrasena.png HTTP/1.1" 404 383
188.40.137.162 - - [03/Nov/2021:07:21:43 -0500] "GET /BLA/resoluciones/RESOLUCIONES%202010/1965.pdf HTTP/1.1" 200 494847
190.158.95.183 - - [03/Nov/2021:07:21:43 -0500] "GET /sipse/faces/javax.faces.resource/images/ui-bg_flat_0_2d5972_40x100.png?ln=primefaces-aristo HTTP/1.1" 304 -
190.158.95.183 - - [03/Nov/2021:07:21:43 -0500] "POST /sipse/faces/bienvenido.xhtml HTTP/1.1" 200 2658
190.158.95.183 - - [03/Nov/2021:07:21:44 -0500] "POST /sipse/faces/bienvenido.xhtml HTTP/1.1" 200 60689
190.158.95.183 - - [03/Nov/2021:07:21:45 -0500] "GET /sipse/faces/javax.faces.resource/theme.css?ln=primefaces-sipse HTTP/1.1" 304 -
190.158.95.183 - - [03/Nov/2021:07:21:45 -0500] "GET /sipse/faces/javax.faces.resource/primefaces.css?ln=primefaces&v=4.0 HTTP/1.1" 304 -
190.158.95.183 - - [03/Nov/2021:07:21:45 -0500] "GET /sipse/faces/javax.faces.resource/layout/layout.css?ln=primefaces&v=4.0 HTTP/1.1" 304 -
190.158.95.183 - - [03/Nov/2021:07:21:45 -0500] "GET /sipse/faces/javax.faces.resource/jquery/jquery.js?ln=primefaces&v=4.0 HTTP/1.1" 304 -
190.158.95.183 - - [03/Nov/2021:07:21:45 -0500] "GET /sipse/faces/javax.faces.resource/jquery/jquery-plugins.js?ln=primefaces&v=4.0 HTTP/1.1" 304 -
190.158.95.183 - - [03/Nov/2021:07:21:45 -0500] "GET /sipse/faces/javax.faces.resource/primefaces.js?ln=primefaces&v=4.0 HTTP/1.1" 304 -
190.158.95.183 - - [03/Nov/2021:07:21:46 -0500] "GET /sipse/faces/javax.faces.resource/layout/layout.js?ln=primefaces&v=4.0 HTTP/1.1" 304 -
190.158.95.183 - - [03/Nov/2021:07:21:46 -0500] "POST /sipse/faces/presentacion/financiero/solicitudProceso/listarSolicitudProceso.xhtml HTTP/1.1" 200 1448
188.40.137.162 - - [03/Nov/2021:07:21:52 -0500] "GET /BLA/resoluciones/RESOLUCIONES%202010/7152.pdf HTTP/1.1" 200 123250
201.245.192.253 - - [03/Nov/2021:07:21:11 -0500] "POST /kwsrmcab/Wsrmcab HTTP/1.1" 200 46667
188.40.137.162 - - [03/Nov/2021:07:22:01 -0500] "GET /BLA/resoluciones/RESOLUCIONES%202010/7170.pdf HTTP/1.1" 200 68109
188.40.137.162 - - [03/Nov/2021:07:22:11 -0500] "GET /BLA/resoluciones/RESOLUCIONES%202010/0946.pdf HTTP/1.1" 200 122706
188.40.137.162 - - [03/Nov/2021:07:22:20 -0500] "GET /BLA/resoluciones/RESOLUCIONES%202010/3658.pdf HTTP/1.1" 200 311311
213.180.203.184 - - [03/Nov/2021:07:22:25 -0500] "-" 408 -
201.245.192.253 - - [03/Nov/2021:07:22:26 -0500] "GET /catalogoisis/ HTTP/1.1" 200 8575
188.40.137.162 - - [03/Nov/2021:07:22:30 -0500] "GET /BLA/resoluciones/RESOLUCIONES%202010/5071.pdf HTTP/1.1" 200 305724
188.40.137.162 - - [03/Nov/2021:07:22:39 -0500] "GET /BLA/resoluciones/RESOLUCIONES%202010/5158.pdf HTTP/1.1" 200 1043696
188.40.137.162 - - [03/Nov/2021:07:22:50 -0500] "GET /BLA/resoluciones/RESOLUCIONES%202010/0366.pdf HTTP/1.1" 200 780526
188.40.137.162 - - [03/Nov/2021:07:23:00 -0500] "GET /BLA/resoluciones/RESOLUCIONES%202010/4784.pdf HTTP/1.1" 200 298517
186.29.180.164 - - [03/Nov/2021:07:23:02 -0500] "GET /secretaria-de-ambiente-abre-convocatoria-para-que-empresas-de-bogota-sean-mas-sostenibles.html HTTP/1.1" 200 907
188.40.137.162 - - [03/Nov/2021:07:23:11 -0500] "GET /BLA/resoluciones/RESOLUCIONES%202010/5677.pdf HTTP/1.1" 200 302700
190.158.167.130 - - [03/Nov/2021:07:23:14 -0500] "GET /sipse/faces/javax.faces.resource/theme.css?ln=primefaces-sipse HTTP/1.1" 304 -
190.158.167.130 - - [03/Nov/2021:07:23:14 -0500] "GET /sipse/faces/javax.faces.resource/primefaces.css?ln=primefaces&v=4.0 HTTP/1.1" 304 -
190.158.167.130 - - [03/Nov/2021:07:23:14 -0500] "GET /sipse/faces/javax.faces.resource/jquery/jquery.js?ln=primefaces&v=4.0 HTTP/1.1" 304 -
190.158.167.130 - - [03/Nov/2021:07:23:14 -0500] "GET /sipse/faces/javax.faces.resource/layout/layout.css?ln=primefaces&v=4.0 HTTP/1.1" 304 -
190.158.167.130 - - [03/Nov/2021:07:23:14 -0500] "GET /sipse/faces/javax.faces.resource/jquery/jquery-plugins.js?ln=primefaces&v=4.0 HTTP/1.1" 304 -
190.158.167.130 - - [03/Nov/2021:07:23:14 -0500] "GET /sipse/faces/javax.faces.resource/primefaces.js?ln=primefaces&v=4.0 HTTP/1.1" 304 -
190.158.167.130 - - [03/Nov/2021:07:23:14 -0500] "GET /sipse/faces/javax.faces.resource/layout/layout.js?ln=primefaces&v=4.0 HTTP/1.1" 304 -
190.158.167.130 - - [03/Nov/2021:07:23:15 -0500] "GET /sipse/faces/javax.faces.resource/images/ui-icons_898989_256x240.png?ln=primefaces-aristo HTTP/1.1" 304 -
190.158.167.130 - - [03/Nov/2021:07:23:16 -0500] "GET /sipse/faces/faces/index.xhtml HTTP/1.1" 200 677
190.158.167.130 - - [03/Nov/2021:07:23:16 -0500] "GET /sipse/faces/javax.faces.resource/theme.css?ln=primefaces-sipse HTTP/1.1" 304 -
190.158.167.130 - - [03/Nov/2021:07:23:17 -0500] "GET /sipse/faces/faces/faces/autenticacion.xhtml HTTP/1.1" 200 12185
190.158.167.130 - - [03/Nov/2021:07:23:17 -0500] "GET /sipse/faces/javax.faces.resource/theme.css?ln=primefaces-sipse HTTP/1.1" 304 -
190.158.167.130 - - [03/Nov/2021:07:23:17 -0500] "GET /sipse/faces/javax.faces.resource/primefaces.css?ln=primefaces&v=4.0 HTTP/1.1" 304 -
190.158.167.130 - - [03/Nov/2021:07:23:17 -0500] "GET /sipse/faces/javax.faces.resource/primefaces.js?ln=primefaces&v=4.0 HTTP/1.1" 304 -
190.158.167.130 - - [03/Nov/2021:07:23:17 -0500] "GET /sipse/faces/javax.faces.resource/layout/layout.css?ln=primefaces&v=4.0 HTTP/1.1" 304 -
190.158.167.130 - - [03/Nov/2021:07:23:17 -0500] "GET /sipse/faces/javax.faces.resource/jquery/jquery.js?ln=primefaces&v=4.0 HTTP/1.1" 304 -
190.158.167.130 - - [03/Nov/2021:07:23:17 -0500] "GET /sipse/faces/javax.faces.resource/jquery/jquery-plugins.js?ln=primefaces&v=4.0 HTTP/1.1" 304 -
190.158.167.130 - - [03/Nov/2021:07:23:17 -0500] "GET /sipse/faces/javax.faces.resource/layout/layout.js?ln=primefaces&v=4.0 HTTP/1.1" 304 -
188.40.137.162 - - [03/Nov/2021:07:23:20 -0500] "GET /BLA/resoluciones/RESOLUCIONES%202010/5702.pdf HTTP/1.1" 200 88985
201.245.192.253 - - [03/Nov/2021:07:23:29 -0500] "GET /catalogoisis/ HTTP/1.1" 200 8575
188.40.137.162 - - [03/Nov/2021:07:23:29 -0500] "GET /BLA/resoluciones/RESOLUCIONES%202010/1067.pdf HTTP/1.1" 200 116152
18.215.166.152 - - [03/Nov/2021:07:23:34 -0500] "GET /mas-de-34-000-tramites-y-servicios-ambientales-se-han-atendido-por-la-ventanilla-virtual.html HTTP/1.1" 200 875
54.152.10.50 - - [03/Nov/2021:07:23:34 -0500] "GET /secretaria-de-ambiente-carolina-urrutia-acompana-a-la-alcaldesa-de-bogota-en-la-cop26.html HTTP/1.1" 200 936
18.215.166.152 - - [03/Nov/2021:07:23:35 -0500] "GET /%C3%82%C2%BFsabes-que-son-los-residuos-de-construccion-y-demolicion-rcd-y-como-disponerlos-desde-tu-casa-o-empresa.html HTTP/1.1" 200 1142
18.215.166.152 - - [03/Nov/2021:07:23:35 -0500] "GET /se-amplia-convocatoria-de-sembradoras-por-la-reactivaccion-para-que-20-organizaciones-ambientales-contraten-a-mas-de-mil-mujeres.html HTTP/1.1" 200 1100
18.215.166.152 - - [03/Nov/2021:07:23:35 -0500] "GET /se-aproxima-nueva-jornada-de-recoleccion-masiva-de-residuos-especiales-y-peligrosos-en-bogota.html HTTP/1.1" 200 1048
18.215.166.152 - - [03/Nov/2021:07:23:35 -0500] "GET /capital-natural-para-impulsar-el-desarrollo-economico-sostenible.html HTTP/1.1" 200 942
188.40.137.162 - - [03/Nov/2021:07:23:38 -0500] "GET /BLA/resoluciones/RESOLUCIONES%202010/2350.pdf HTTP/1.1" 200 467412
188.40.137.162 - - [03/Nov/2021:07:23:47 -0500] "GET /BLA/resoluciones/RESOLUCIONES%202010/1724.pdf HTTP/1.1" 200 410664
188.40.137.162 - - [03/Nov/2021:07:23:57 -0500] "GET /BLA/resoluciones/RESOLUCIONES%202010/3233.pdf HTTP/1.1" 200 736861
188.40.137.162 - - [03/Nov/2021:07:24:07 -0500] "GET /BLA/resoluciones/RESOLUCIONES%202010/7503.pdf HTTP/1.1" 200 35812
186.102.8.216 - - [03/Nov/2021:07:24:09 -0500] "GET /appsia/controlador HTTP/1.1" 200 4799
186.102.8.216 - - [03/Nov/2021:07:24:10 -0500] "GET /appsia/css/estilos.css HTTP/1.1" 200 4804
186.102.8.216 - - [03/Nov/2021:07:24:10 -0500] "GET /appsia/scripts/validarIngreso.js HTTP/1.1" 200 851
186.102.8.216 - - [03/Nov/2021:07:24:10 -0500] "GET /appsia/images/logo_bogota_p.png HTTP/1.1" 200 14951
186.102.8.216 - - [03/Nov/2021:07:24:10 -0500] "GET /favicon.ico HTTP/1.1" 200 7782
186.102.8.216 - - [03/Nov/2021:07:24:10 -0500] "GET /appsia/images/cabezoteHojaVida.png HTTP/1.1" 200 32493
188.40.137.162 - - [03/Nov/2021:07:24:17 -0500] "GET /BLA/resoluciones/RESOLUCIONES%202010/4756.pdf HTTP/1.1" 200 2557156
188.40.137.162 - - [03/Nov/2021:07:24:22 -0500] "GET /BLA/resoluciones/RESOLUCIONES%202010/0701.pdf HTTP/1.1" 200 105146
201.245.192.253 - - [03/Nov/2021:07:24:29 -0500] "GET /catalogoisis/ HTTP/1.1" 200 8575
188.40.137.162 - - [03/Nov/2021:07:24:31 -0500] "GET /BLA/resoluciones/RESOLUCIONES%202010/7864.pdf HTTP/1.1" 200 38243
188.40.137.162 - - [03/Nov/2021:07:24:41 -0500] "GET /BLA/resoluciones/RESOLUCIONES%202010/3006.pdf HTTP/1.1" 200 53672
188.40.137.162 - - [03/Nov/2021:07:24:51 -0500] "GET /BLA/resoluciones/RESOLUCIONES%202010/2888.pdf HTTP/1.1" 200 487485
186.102.8.216 - - [03/Nov/2021:07:24:54 -0500] "POST /appsia/controlador HTTP/1.1" 200 5437
186.102.8.216 - - [03/Nov/2021:07:24:57 -0500] "POST /appsia/controlador HTTP/1.1" 200 7783
188.40.137.162 - - [03/Nov/2021:07:25:00 -0500] "GET /BLA/resoluciones/RESOLUCIONES%202010/7037.pdf HTTP/1.1" 200 69585
188.40.137.162 - - [03/Nov/2021:07:25:09 -0500] "GET /BLA/resoluciones/RESOLUCIONES%202010/0072.pdf HTTP/1.1" 200 519800
186.102.8.216 - - [03/Nov/2021:07:25:16 -0500] "POST /appsia/controlador HTTP/1.1" 200 6648
188.40.137.162 - - [03/Nov/2021:07:25:18 -0500] "GET /BLA/resoluciones/RESOLUCIONES%202010/4928.pdf HTTP/1.1" 200 755781
186.102.8.216 - - [03/Nov/2021:07:25:19 -0500] "POST /appsia/controlador HTTP/1.1" 200 12098
5.255.253.187 - - [03/Nov/2021:07:25:25 -0500] "-" 408 -
201.245.192.253 - - [03/Nov/2021:07:24:41 -0500] "POST /kwsrmcab/Wsrmcab HTTP/1.1" 200 118353
188.40.137.162 - - [03/Nov/2021:07:25:29 -0500] "GET /BLA/resoluciones/RESOLUCIONES%202010/2587.pdf HTTP/1.1" 200 578344
201.245.192.253 - - [03/Nov/2021:07:25:30 -0500] "GET /catalogoisis/ HTTP/1.1" 200 8575
188.40.137.162 - - [03/Nov/2021:07:25:38 -0500] "GET /BLA/resoluciones/RESOLUCIONES%202010/2077.pdf HTTP/1.1" 200 210397
216.245.221.92 - - [03/Nov/2021:07:25:39 -0500] "HEAD / HTTP/1.1" 200 -
181.55.181.19 - - [03/Nov/2021:07:25:39 -0500] "POST /sipse/faces/presentacion/financiero/solicitudProceso/listarSolicitudProceso.xhtml HTTP/1.1" 200 6694
181.55.181.19 - - [03/Nov/2021:07:25:47 -0500] "POST /sipse/faces/presentacion/financiero/solicitudProceso/listarSolicitudProceso.xhtml HTTP/1.1" 200 9334
188.40.137.162 - - [03/Nov/2021:07:25:48 -0500] "GET /BLA/resoluciones/RESOLUCIONES%202010/5999.pdf HTTP/1.1" 200 5925768
181.55.181.19 - - [03/Nov/2021:07:25:49 -0500] "POST /sipse/faces/presentacion/financiero/solicitudProceso/listarSolicitudProceso.xhtml HTTP/1.1" 200 129682
181.55.181.19 - - [03/Nov/2021:07:25:51 -0500] "GET /sipse/faces/javax.faces.resource/theme.css?ln=primefaces-sipse HTTP/1.1" 304 -
181.55.181.19 - - [03/Nov/2021:07:25:51 -0500] "GET /sipse/faces/javax.faces.resource/layout/layout.css?ln=primefaces&v=4.0 HTTP/1.1" 304 -
181.55.181.19 - - [03/Nov/2021:07:25:51 -0500] "GET /sipse/faces/javax.faces.resource/primefaces.css?ln=primefaces&v=4.0 HTTP/1.1" 304 -
181.55.181.19 - - [03/Nov/2021:07:25:51 -0500] "GET /sipse/faces/javax.faces.resource/jquery/jquery.js?ln=primefaces&v=4.0 HTTP/1.1" 304 -
181.55.181.19 - - [03/Nov/2021:07:25:51 -0500] "GET /sipse/faces/javax.faces.resource/jquery/jquery-plugins.js?ln=primefaces&v=4.0 HTTP/1.1" 304 -
181.55.181.19 - - [03/Nov/2021:07:25:51 -0500] "GET /sipse/faces/javax.faces.resource/primefaces.js?ln=primefaces&v=4.0 HTTP/1.1" 304 -
181.55.181.19 - - [03/Nov/2021:07:25:51 -0500] "GET /sipse/faces/javax.faces.resource/layout/layout.js?ln=primefaces&v=4.0 HTTP/1.1" 304 -
181.55.181.19 - - [03/Nov/2021:07:25:51 -0500] "GET /sipse/css/imagen/contrasena.png HTTP/1.1" 404 383
181.55.181.19 - - [03/Nov/2021:07:25:51 -0500] "GET /sipse/faces/javax.faces.resource/dynamiccontent.properties?ln=primefaces&pfdrid=XjOR5%2F%2FfPAZAuY9TpWQeCiM0BhlXxYRBGKi%2FQcXXfeA%3D&pfdrid_c=false HTTP/1.1" 500 383
188.40.137.162 - - [03/Nov/2021:07:25:53 -0500] "GET /BLA/resoluciones/RESOLUCIONES%202010/7009.pdf HTTP/1.1" 200 476556
181.55.181.19 - - [03/Nov/2021:07:25:55 -0500] "POST /sipse/faces/presentacion/financiero/solicitudProceso/consultarSolicitudProceso.xhtml HTTP/1.1" 200 102607
188.40.137.162 - - [03/Nov/2021:07:26:03 -0500] "GET /BLA/resoluciones/RESOLUCIONES%202010/1691.pdf HTTP/1.1" 200 302960
188.40.137.162 - - [03/Nov/2021:07:26:16 -0500] "GET /BLA/resoluciones/RESOLUCIONES%202010/1799.pdf HTTP/1.1" 200 524629
188.40.137.162 - - [03/Nov/2021:07:26:24 -0500] "GET /BLA/resoluciones/RESOLUCIONES%202010/0724.pdf HTTP/1.1" 200 106414
201.245.192.253 - - [03/Nov/2021:07:26:31 -0500] "GET /catalogoisis/ HTTP/1.1" 200 8575
188.40.137.162 - - [03/Nov/2021:07:26:34 -0500] "GET /BLA/resoluciones/RESOLUCIONES%202010/6074.pdf HTTP/1.1" 200 314070
188.40.137.162 - - [03/Nov/2021:07:26:45 -0500] "GET /BLA/resoluciones/RESOLUCIONES%202010/0037.pdf HTTP/1.1" 200 58808
186.155.131.122 - - [03/Nov/2021:07:26:46 -0500] "GET /sipse/faces/index.xhtml HTTP/1.1" 200 677
186.155.131.122 - - [03/Nov/2021:07:26:46 -0500] "GET /sipse/faces/javax.faces.resource/theme.css?ln=primefaces-sipse HTTP/1.1" 304 -
186.155.131.122 - - [03/Nov/2021:07:26:46 -0500] "GET /sipse/faces/faces/autenticacion.xhtml HTTP/1.1" 200 12185
186.155.131.122 - - [03/Nov/2021:07:26:46 -0500] "GET /sipse/faces/javax.faces.resource/theme.css?ln=primefaces-sipse HTTP/1.1" 304 -
