186.80.52.62 - - [03/Nov/2021:08:45:52 -0500] "GET /sipse/faces/javax.faces.resource/jquery/jquery.js?ln=primefaces&v=4.0 HTTP/1.1" 304 -
186.80.52.62 - - [03/Nov/2021:08:45:52 -0500] "GET /sipse/faces/javax.faces.resource/layout/layout.css?ln=primefaces&v=4.0 HTTP/1.1" 304 -
186.80.52.62 - - [03/Nov/2021:08:45:52 -0500] "GET /sipse/faces/javax.faces.resource/primefaces.js?ln=primefaces&v=4.0 HTTP/1.1" 304 -
186.80.52.62 - - [03/Nov/2021:08:45:52 -0500] "GET /sipse/faces/javax.faces.resource/primefaces.css?ln=primefaces&v=4.0 HTTP/1.1" 304 -
186.80.52.62 - - [03/Nov/2021:08:45:52 -0500] "GET /sipse/faces/javax.faces.resource/layout/layout.js?ln=primefaces&v=4.0 HTTP/1.1" 304 -
186.80.52.62 - - [03/Nov/2021:08:45:52 -0500] "GET /sipse/faces/javax.faces.resource/jquery/jquery-plugins.js?ln=primefaces&v=4.0 HTTP/1.1" 304 -
186.80.52.62 - - [03/Nov/2021:08:45:54 -0500] "POST /sipse/faces/autenticacion.xhtml HTTP/1.1" 200 2222
186.80.52.62 - - [03/Nov/2021:08:45:54 -0500] "GET /sipse/faces/javax.faces.resource/messages/messages.png?ln=primefaces&v=4.0 HTTP/1.1" 304 -
186.80.52.62 - - [03/Nov/2021:08:45:56 -0500] "GET /sipse/faces/javax.faces.resource/images/ui-icons_898989_256x240.png?ln=primefaces-aristo HTTP/1.1" 304 -
186.80.52.62 - - [03/Nov/2021:08:45:57 -0500] "POST /sipse/faces/autenticacion.xhtml HTTP/1.1" 200 15918
186.80.52.62 - - [03/Nov/2021:08:45:57 -0500] "GET /sipse/faces/javax.faces.resource/theme.css?ln=primefaces-sipse HTTP/1.1" 304 -
186.80.52.62 - - [03/Nov/2021:08:45:57 -0500] "GET /sipse/faces/javax.faces.resource/layout/layout.css?ln=primefaces&v=4.0 HTTP/1.1" 304 -
186.80.52.62 - - [03/Nov/2021:08:45:57 -0500] "GET /sipse/faces/javax.faces.resource/primefaces.css?ln=primefaces&v=4.0 HTTP/1.1" 304 -
186.80.52.62 - - [03/Nov/2021:08:45:57 -0500] "GET /sipse/faces/javax.faces.resource/jquery/jquery.js?ln=primefaces&v=4.0 HTTP/1.1" 304 -
186.80.52.62 - - [03/Nov/2021:08:45:57 -0500] "GET /sipse/faces/javax.faces.resource/jquery/jquery-plugins.js?ln=primefaces&v=4.0 HTTP/1.1" 304 -
186.80.52.62 - - [03/Nov/2021:08:45:57 -0500] "GET /sipse/faces/javax.faces.resource/primefaces.js?ln=primefaces&v=4.0 HTTP/1.1" 304 -
186.80.52.62 - - [03/Nov/2021:08:45:57 -0500] "GET /sipse/faces/javax.faces.resource/layout/layout.js?ln=primefaces&v=4.0 HTTP/1.1" 304 -
186.80.52.62 - - [03/Nov/2021:08:45:57 -0500] "GET /sipse/css/imagen/contrasena.png HTTP/1.1" 404 383
168.119.140.246 - - [03/Nov/2021:08:45:59 -0500] "GET /BLA/resoluciones/RESOLUCIONES%202010/3803.pdf HTTP/1.1" 200 828248
186.86.33.55 - - [03/Nov/2021:08:46:06 -0500] "POST /sipse/faces/presentacion/financiero/solicitudProceso/consultarSolicitudProceso.xhtml HTTP/1.1" 200 30508
186.86.33.55 - - [03/Nov/2021:08:46:08 -0500] "GET /sipse/faces/javax.faces.resource/theme.css?ln=primefaces-sipse HTTP/1.1" 304 -
186.86.33.55 - - [03/Nov/2021:08:46:08 -0500] "GET /sipse/faces/javax.faces.resource/primefaces.css?ln=primefaces&v=4.0 HTTP/1.1" 304 -
186.86.33.55 - - [03/Nov/2021:08:46:08 -0500] "GET /sipse/faces/javax.faces.resource/layout/layout.css?ln=primefaces&v=4.0 HTTP/1.1" 304 -
186.86.33.55 - - [03/Nov/2021:08:46:08 -0500] "GET /sipse/faces/javax.faces.resource/jquery/jquery.js?ln=primefaces&v=4.0 HTTP/1.1" 304 -
186.86.33.55 - - [03/Nov/2021:08:46:08 -0500] "GET /sipse/faces/javax.faces.resource/jquery/jquery-plugins.js?ln=primefaces&v=4.0 HTTP/1.1" 304 -
186.86.33.55 - - [03/Nov/2021:08:46:08 -0500] "GET /sipse/faces/javax.faces.resource/primefaces.js?ln=primefaces&v=4.0 HTTP/1.1" 304 -
186.86.33.55 - - [03/Nov/2021:08:46:08 -0500] "GET /sipse/faces/javax.faces.resource/layout/layout.js?ln=primefaces&v=4.0 HTTP/1.1" 304 -
186.86.33.55 - - [03/Nov/2021:08:46:09 -0500] "POST /sipse/faces/presentacion/financiero/solicitudProceso/listarSolicitudProceso.xhtml HTTP/1.1" 200 1328
168.119.140.246 - - [03/Nov/2021:08:46:11 -0500] "GET /BLA/resoluciones/RESOLUCIONES%202010/0596.pdf HTTP/1.1" 200 177110
201.245.192.253 - - [03/Nov/2021:08:46:15 -0500] "POST /sipse/faces/presentacion/financiero/solicitudProceso/consultarSolicitudProceso.xhtml HTTP/1.1" 200 2131235
186.86.33.55 - - [03/Nov/2021:08:46:15 -0500] "POST /sipse/faces/presentacion/financiero/solicitudProceso/listarSolicitudProceso.xhtml HTTP/1.1" 200 22290
186.86.33.55 - - [03/Nov/2021:08:46:16 -0500] "POST /sipse/faces/presentacion/financiero/solicitudProceso/listarSolicitudProceso.xhtml HTTP/1.1" 200 22290
201.245.192.253 - - [03/Nov/2021:08:46:16 -0500] "POST /sipse/faces/presentacion/financiero/solicitudProceso/consultarSolicitudProceso.xhtml HTTP/1.1" 200 218831
186.86.33.55 - - [03/Nov/2021:08:46:16 -0500] "POST /sipse/faces/presentacion/financiero/solicitudProceso/listarSolicitudProceso.xhtml HTTP/1.1" 200 1376
186.86.33.55 - - [03/Nov/2021:08:46:16 -0500] "POST /sipse/faces/presentacion/financiero/solicitudProceso/listarSolicitudProceso.xhtml HTTP/1.1" 200 1376
201.245.192.253 - - [03/Nov/2021:08:46:17 -0500] "POST /sipse/faces/presentacion/financiero/solicitudProceso/consultarSolicitudProceso.xhtml HTTP/1.1" 200 177498
190.27.245.107 - - [03/Nov/2021:08:46:17 -0500] "GET /sipse/ HTTP/1.1" 302 -
201.245.192.253 - - [03/Nov/2021:08:46:18 -0500] "POST /sipse/faces/presentacion/financiero/solicitudProceso/consultarSolicitudProceso.xhtml HTTP/1.1" 200 2454545
186.86.33.55 - - [03/Nov/2021:08:46:18 -0500] "POST /sipse/faces/presentacion/financiero/solicitudProceso/listarSolicitudProceso.xhtml HTTP/1.1" 200 2629
168.119.140.246 - - [03/Nov/2021:08:46:19 -0500] "GET /BLA/resoluciones/RESOLUCIONES%202010/3677.pdf HTTP/1.1" 200 555709
186.30.30.67 - - [03/Nov/2021:08:46:19 -0500] "GET /sipse/faces/autenticacion.xhtml HTTP/1.1" 200 12507
186.86.33.55 - - [03/Nov/2021:08:46:21 -0500] "POST /sipse/faces/presentacion/financiero/solicitudProceso/listarSolicitudProceso.xhtml HTTP/1.1" 200 38650
186.86.33.55 - - [03/Nov/2021:08:46:21 -0500] "GET /sipse/faces/javax.faces.resource/theme.css?ln=primefaces-sipse HTTP/1.1" 304 -
186.86.33.55 - - [03/Nov/2021:08:46:21 -0500] "GET /sipse/faces/javax.faces.resource/layout/layout.css?ln=primefaces&v=4.0 HTTP/1.1" 304 -
186.86.33.55 - - [03/Nov/2021:08:46:21 -0500] "GET /sipse/faces/javax.faces.resource/primefaces.css?ln=primefaces&v=4.0 HTTP/1.1" 304 -
201.245.192.253 - - [03/Nov/2021:08:46:21 -0500] "POST /sipse/faces/presentacion/financiero/solicitudProceso/consultarSolicitudProceso.xhtml HTTP/1.1" 200 3197389
186.86.33.55 - - [03/Nov/2021:08:46:21 -0500] "GET /sipse/faces/javax.faces.resource/jquery/jquery.js?ln=primefaces&v=4.0 HTTP/1.1" 304 -
201.245.192.253 - - [03/Nov/2021:08:46:20 -0500] "POST /sipse/faces/presentacion/financiero/solicitudProceso/consultarSolicitudProceso.xhtml HTTP/1.1" 200 4639947
186.86.33.55 - - [03/Nov/2021:08:46:21 -0500] "GET /sipse/faces/javax.faces.resource/jquery/jquery-plugins.js?ln=primefaces&v=4.0 HTTP/1.1" 304 -
186.86.33.55 - - [03/Nov/2021:08:46:21 -0500] "GET /sipse/faces/javax.faces.resource/primefaces.js?ln=primefaces&v=4.0 HTTP/1.1" 304 -
186.86.33.55 - - [03/Nov/2021:08:46:21 -0500] "GET /sipse/faces/javax.faces.resource/layout/layout.js?ln=primefaces&v=4.0 HTTP/1.1" 304 -
186.30.30.67 - - [03/Nov/2021:08:46:22 -0500] "GET /sipse/faces/javax.faces.resource/layout/layout.css;jsessionid=3dlHvsFxFIgUI8Dt0V6nMW5j.undefined?ln=primefaces&v=4.0 HTTP/1.1" 200 542
186.86.33.55 - - [03/Nov/2021:08:46:22 -0500] "POST /sipse/faces/presentacion/financiero/solicitudProceso/consultar.xhtml HTTP/1.1" 200 32037
186.30.30.67 - - [03/Nov/2021:08:46:22 -0500] "GET /sipse/faces/javax.faces.resource/theme.css?ln=primefaces-sipse HTTP/1.1" 304 -
201.245.192.253 - - [03/Nov/2021:08:46:21 -0500] "POST /sipse/faces/presentacion/financiero/solicitudProceso/consultarSolicitudProceso.xhtml HTTP/1.1" 200 8564010
186.30.30.67 - - [03/Nov/2021:08:46:22 -0500] "GET /sipse/faces/javax.faces.resource/jquery/jquery.js;jsessionid=3dlHvsFxFIgUI8Dt0V6nMW5j.undefined?ln=primefaces&v=4.0 HTTP/1.1" 200 105384
186.30.30.67 - - [03/Nov/2021:08:46:22 -0500] "GET /sipse/faces/javax.faces.resource/jquery/jquery-plugins.js;jsessionid=3dlHvsFxFIgUI8Dt0V6nMW5j.undefined?ln=primefaces&v=4.0 HTTP/1.1" 200 220526
186.30.30.67 - - [03/Nov/2021:08:46:22 -0500] "GET /sipse/faces/javax.faces.resource/primefaces.js;jsessionid=3dlHvsFxFIgUI8Dt0V6nMW5j.undefined?ln=primefaces&v=4.0 HTTP/1.1" 200 276924
186.30.30.67 - - [03/Nov/2021:08:46:22 -0500] "GET /sipse/faces/javax.faces.resource/layout/layout.js;jsessionid=3dlHvsFxFIgUI8Dt0V6nMW5j.undefined?ln=primefaces&v=4.0 HTTP/1.1" 200 87560
186.30.30.67 - - [03/Nov/2021:08:46:22 -0500] "GET /sipse/faces/javax.faces.resource/primefaces.css;jsessionid=3dlHvsFxFIgUI8Dt0V6nMW5j.undefined?ln=primefaces&v=4.0 HTTP/1.1" 200 53295
168.119.140.246 - - [03/Nov/2021:08:46:29 -0500] "GET /BLA/resoluciones/RESOLUCIONES%202010/4469.pdf HTTP/1.1" 200 533852
186.30.30.67 - - [03/Nov/2021:08:46:29 -0500] "GET /sipse/faces/javax.faces.resource/images/ui-icons_898989_256x240.png?ln=primefaces-aristo HTTP/1.1" 304 -
186.30.30.67 - - [03/Nov/2021:08:46:30 -0500] "GET /sipse/faces/index.xhtml HTTP/1.1" 200 677
186.30.30.67 - - [03/Nov/2021:08:46:30 -0500] "GET /sipse/faces/javax.faces.resource/theme.css?ln=primefaces-sipse HTTP/1.1" 304 -
186.30.30.67 - - [03/Nov/2021:08:46:31 -0500] "GET /sipse/faces/faces/autenticacion.xhtml HTTP/1.1" 200 12185
186.30.30.67 - - [03/Nov/2021:08:46:33 -0500] "GET /sipse/faces/javax.faces.resource/theme.css?ln=primefaces-sipse HTTP/1.1" 304 -
186.30.30.67 - - [03/Nov/2021:08:46:33 -0500] "GET /sipse/faces/javax.faces.resource/primefaces.css?ln=primefaces&v=4.0 HTTP/1.1" 304 -
186.30.30.67 - - [03/Nov/2021:08:46:33 -0500] "GET /sipse/faces/javax.faces.resource/jquery/jquery.js?ln=primefaces&v=4.0 HTTP/1.1" 304 -
186.30.30.67 - - [03/Nov/2021:08:46:33 -0500] "GET /sipse/faces/javax.faces.resource/layout/layout.css?ln=primefaces&v=4.0 HTTP/1.1" 304 -
186.30.30.67 - - [03/Nov/2021:08:46:34 -0500] "GET /sipse/faces/javax.faces.resource/primefaces.js?ln=primefaces&v=4.0 HTTP/1.1" 304 -
186.30.30.67 - - [03/Nov/2021:08:46:34 -0500] "GET /sipse/faces/javax.faces.resource/jquery/jquery-plugins.js?ln=primefaces&v=4.0 HTTP/1.1" 304 -
186.30.30.67 - - [03/Nov/2021:08:46:35 -0500] "GET /sipse/faces/javax.faces.resource/layout/layout.js?ln=primefaces&v=4.0 HTTP/1.1" 304 -
186.80.52.62 - - [03/Nov/2021:08:46:37 -0500] "GET /sipse/faces/javax.faces.resource/images/ui-bg_flat_0_2d5972_40x100.png?ln=primefaces-aristo HTTP/1.1" 304 -
186.80.52.62 - - [03/Nov/2021:08:46:37 -0500] "POST /sipse/faces/bienvenido.xhtml HTTP/1.1" 200 2060
186.80.52.62 - - [03/Nov/2021:08:46:38 -0500] "POST /sipse/faces/bienvenido.xhtml HTTP/1.1" 200 36065
186.80.52.62 - - [03/Nov/2021:08:46:38 -0500] "GET /sipse/faces/javax.faces.resource/theme.css?ln=primefaces-sipse HTTP/1.1" 304 -
186.80.52.62 - - [03/Nov/2021:08:46:38 -0500] "GET /sipse/faces/javax.faces.resource/primefaces.css?ln=primefaces&v=4.0 HTTP/1.1" 304 -
186.80.52.62 - - [03/Nov/2021:08:46:38 -0500] "GET /sipse/faces/javax.faces.resource/jquery/jquery.js?ln=primefaces&v=4.0 HTTP/1.1" 304 -
186.80.52.62 - - [03/Nov/2021:08:46:38 -0500] "GET /sipse/faces/javax.faces.resource/layout/layout.css?ln=primefaces&v=4.0 HTTP/1.1" 304 -
186.80.52.62 - - [03/Nov/2021:08:46:38 -0500] "GET /sipse/faces/javax.faces.resource/jquery/jquery-plugins.js?ln=primefaces&v=4.0 HTTP/1.1" 304 -
186.80.52.62 - - [03/Nov/2021:08:46:38 -0500] "GET /sipse/faces/javax.faces.resource/primefaces.js?ln=primefaces&v=4.0 HTTP/1.1" 304 -
186.80.52.62 - - [03/Nov/2021:08:46:38 -0500] "GET /sipse/faces/javax.faces.resource/layout/layout.js?ln=primefaces&v=4.0 HTTP/1.1" 304 -
186.80.52.62 - - [03/Nov/2021:08:46:39 -0500] "POST /sipse/faces/presentacion/financiero/solicitudProceso/listarSolicitudProceso.xhtml HTTP/1.1" 200 1360
168.119.140.246 - - [03/Nov/2021:08:46:39 -0500] "GET /BLA/resoluciones/RESOLUCIONES%202010/7832.pdf HTTP/1.1" 200 715776
186.86.33.55 - - [03/Nov/2021:08:46:41 -0500] "POST /sipse/faces/presentacion/financiero/solicitudProceso/consultar.xhtml HTTP/1.1" 200 12653
186.80.52.62 - - [03/Nov/2021:08:46:43 -0500] "POST /sipse/faces/presentacion/financiero/solicitudProceso/listarSolicitudProceso.xhtml HTTP/1.1" 200 106415
186.80.52.62 - - [03/Nov/2021:08:46:44 -0500] "GET /sipse/faces/javax.faces.resource/theme.css?ln=primefaces-sipse HTTP/1.1" 304 -
186.80.52.62 - - [03/Nov/2021:08:46:44 -0500] "GET /sipse/faces/javax.faces.resource/primefaces.css?ln=primefaces&v=4.0 HTTP/1.1" 304 -
186.80.52.62 - - [03/Nov/2021:08:46:44 -0500] "GET /sipse/faces/javax.faces.resource/layout/layout.css?ln=primefaces&v=4.0 HTTP/1.1" 304 -
186.80.52.62 - - [03/Nov/2021:08:46:44 -0500] "GET /sipse/faces/javax.faces.resource/jquery/jquery.js?ln=primefaces&v=4.0 HTTP/1.1" 304 -
186.80.52.62 - - [03/Nov/2021:08:46:44 -0500] "GET /sipse/faces/javax.faces.resource/jquery/jquery-plugins.js?ln=primefaces&v=4.0 HTTP/1.1" 304 -
186.80.52.62 - - [03/Nov/2021:08:46:44 -0500] "GET /sipse/faces/javax.faces.resource/primefaces.js?ln=primefaces&v=4.0 HTTP/1.1" 304 -
186.80.52.62 - - [03/Nov/2021:08:46:45 -0500] "GET /sipse/faces/javax.faces.resource/layout/layout.js?ln=primefaces&v=4.0 HTTP/1.1" 304 -
186.80.52.62 - - [03/Nov/2021:08:46:45 -0500] "GET /sipse/faces/javax.faces.resource/dynamiccontent.properties?ln=primefaces&pfdrid=XjOR5%2F%2FfPAZAuY9TpWQeCiM0BhlXxYRBGKi%2FQcXXfeA%3D&pfdrid_c=false HTTP/1.1" 500 383
168.119.140.246 - - [03/Nov/2021:08:46:47 -0500] "GET /BLA/resoluciones/RESOLUCIONES%202010/7719.pdf HTTP/1.1" 200 523692
201.245.192.253 - - [03/Nov/2021:08:46:49 -0500] "GET /catalogoisis/ HTTP/1.1" 200 8575
168.119.140.246 - - [03/Nov/2021:08:46:59 -0500] "GET /BLA/resoluciones/RESOLUCIONES%202010/4326.pdf HTTP/1.1" 200 108814
201.245.192.253 - - [03/Nov/2021:08:47:03 -0500] "POST /sipse/faces/presentacion/financiero/solicitudProceso/consultarSolicitudProceso.xhtml HTTP/1.1" 200 40976
201.245.192.253 - - [03/Nov/2021:08:47:03 -0500] "GET /sipse/faces/javax.faces.resource/theme.css?ln=primefaces-sipse HTTP/1.1" 304 -
201.245.192.253 - - [03/Nov/2021:08:47:03 -0500] "GET /sipse/faces/javax.faces.resource/primefaces.css?ln=primefaces&v=4.0 HTTP/1.1" 304 -
201.245.192.253 - - [03/Nov/2021:08:47:03 -0500] "GET /sipse/faces/javax.faces.resource/layout/layout.css?ln=primefaces&v=4.0 HTTP/1.1" 304 -
201.245.192.253 - - [03/Nov/2021:08:47:03 -0500] "GET /sipse/faces/javax.faces.resource/jquery/jquery.js?ln=primefaces&v=4.0 HTTP/1.1" 304 -
201.245.192.253 - - [03/Nov/2021:08:47:03 -0500] "GET /sipse/faces/javax.faces.resource/jquery/jquery-plugins.js?ln=primefaces&v=4.0 HTTP/1.1" 304 -
201.245.192.253 - - [03/Nov/2021:08:47:03 -0500] "GET /sipse/faces/javax.faces.resource/primefaces.js?ln=primefaces&v=4.0 HTTP/1.1" 304 -
201.245.192.253 - - [03/Nov/2021:08:47:03 -0500] "GET /sipse/faces/javax.faces.resource/layout/layout.js?ln=primefaces&v=4.0 HTTP/1.1" 304 -
201.245.192.253 - - [03/Nov/2021:08:47:03 -0500] "GET /sipse/css/imagen/contrasena.png HTTP/1.1" 404 383
201.245.192.253 - - [03/Nov/2021:08:47:03 -0500] "POST /sipse/faces/presentacion/financiero/solicitudProceso/consultar.xhtml HTTP/1.1" 200 34371
201.245.192.253 - - [03/Nov/2021:08:47:03 -0500] "POST /sipse/faces/presentacion/financiero/solicitudProceso/consultar.xhtml HTTP/1.1" 200 34371
201.245.192.253 - - [03/Nov/2021:08:47:03 -0500] "POST /sipse/faces/presentacion/financiero/solicitudProceso/consultar.xhtml HTTP/1.1" 200 34371
201.245.192.253 - - [03/Nov/2021:08:47:04 -0500] "POST /sipse/faces/presentacion/financiero/solicitudProceso/consultar.xhtml HTTP/1.1" 200 12751
201.245.192.253 - - [03/Nov/2021:08:47:05 -0500] "POST /sipse/faces/presentacion/financiero/solicitudProceso/consultar.xhtml HTTP/1.1" 200 12759
201.245.192.253 - - [03/Nov/2021:08:47:06 -0500] "POST /sipse/faces/presentacion/financiero/solicitudProceso/consultar.xhtml HTTP/1.1" 200 12759
201.245.192.253 - - [03/Nov/2021:08:47:06 -0500] "POST /sipse/faces/presentacion/financiero/solicitudProceso/consultar.xhtml HTTP/1.1" 200 12759
201.245.192.253 - - [03/Nov/2021:08:47:07 -0500] "POST /sipse/faces/presentacion/financiero/solicitudProceso/consultar.xhtml HTTP/1.1" 200 12759
168.119.140.246 - - [03/Nov/2021:08:47:07 -0500] "GET /BLA/resoluciones/RESOLUCIONES%202010/3373.pdf HTTP/1.1" 200 359050
181.54.211.137 - - [03/Nov/2021:08:47:07 -0500] "POST /sipse/faces/presentacion/financiero/solicitudProceso/consultarSolicitudProceso.xhtml HTTP/1.1" 200 93743
168.119.140.246 - - [03/Nov/2021:08:47:16 -0500] "GET /BLA/resoluciones/RESOLUCIONES%202010/2897.pdf HTTP/1.1" 200 522465
181.61.7.90 - - [03/Nov/2021:08:47:17 -0500] "POST /sipse/faces/presentacion/financiero/solicitudProceso/listarSolicitudProceso.xhtml HTTP/1.1" 200 2077
186.30.130.213 - - [03/Nov/2021:08:47:17 -0500] "POST /sipse/faces/presentacion/financiero/solicitudProceso/consultarSolicitudProceso.xhtml HTTP/1.1" 200 785644
181.61.7.90 - - [03/Nov/2021:08:47:19 -0500] "POST /sipse/faces/presentacion/financiero/solicitudProceso/listarSolicitudProceso.xhtml HTTP/1.1" 200 38614
181.61.7.90 - - [03/Nov/2021:08:47:19 -0500] "GET /sipse/faces/javax.faces.resource/jquery/jquery.js?ln=primefaces&v=4.0 HTTP/1.1" 304 -
181.61.7.90 - - [03/Nov/2021:08:47:19 -0500] "GET /sipse/faces/javax.faces.resource/jquery/jquery-plugins.js?ln=primefaces&v=4.0 HTTP/1.1" 304 -
181.61.7.90 - - [03/Nov/2021:08:47:19 -0500] "GET /sipse/faces/javax.faces.resource/primefaces.js?ln=primefaces&v=4.0 HTTP/1.1" 304 -
181.61.7.90 - - [03/Nov/2021:08:47:19 -0500] "GET /sipse/faces/javax.faces.resource/layout/layout.js?ln=primefaces&v=4.0 HTTP/1.1" 304 -
181.61.7.90 - - [03/Nov/2021:08:47:19 -0500] "POST /sipse/faces/presentacion/financiero/solicitudProceso/consultar.xhtml HTTP/1.1" 200 32007
181.61.7.90 - - [03/Nov/2021:08:47:24 -0500] "POST /sipse/faces/presentacion/financiero/solicitudProceso/consultar.xhtml HTTP/1.1" 200 13136
168.119.140.246 - - [03/Nov/2021:08:47:25 -0500] "GET /BLA/resoluciones/RESOLUCIONES%202010/3573.pdf HTTP/1.1" 200 651775
186.86.33.55 - - [03/Nov/2021:08:47:28 -0500] "POST /sipse/faces/presentacion/financiero/solicitudProceso/consultar.xhtml HTTP/1.1" 200 116841
186.86.33.55 - - [03/Nov/2021:08:47:30 -0500] "GET /sipse/faces/javax.faces.resource/theme.css?ln=primefaces-sipse HTTP/1.1" 304 -
186.86.33.55 - - [03/Nov/2021:08:47:30 -0500] "GET /sipse/faces/javax.faces.resource/primefaces.css?ln=primefaces&v=4.0 HTTP/1.1" 304 -
186.86.33.55 - - [03/Nov/2021:08:47:30 -0500] "GET /sipse/faces/javax.faces.resource/layout/layout.css?ln=primefaces&v=4.0 HTTP/1.1" 304 -
186.86.33.55 - - [03/Nov/2021:08:47:30 -0500] "GET /sipse/faces/javax.faces.resource/jquery/jquery.js?ln=primefaces&v=4.0 HTTP/1.1" 304 -
186.86.33.55 - - [03/Nov/2021:08:47:30 -0500] "GET /sipse/faces/javax.faces.resource/jquery/jquery-plugins.js?ln=primefaces&v=4.0 HTTP/1.1" 304 -
186.86.33.55 - - [03/Nov/2021:08:47:30 -0500] "GET /sipse/faces/javax.faces.resource/primefaces.js?ln=primefaces&v=4.0 HTTP/1.1" 304 -
186.86.33.55 - - [03/Nov/2021:08:47:30 -0500] "GET /sipse/faces/javax.faces.resource/layout/layout.js?ln=primefaces&v=4.0 HTTP/1.1" 304 -
186.86.33.55 - - [03/Nov/2021:08:47:31 -0500] "GET /sipse/faces/javax.faces.resource/dynamiccontent.properties?ln=primefaces&pfdrid=XjOR5%2F%2FfPAZAuY9TpWQeCiM0BhlXxYRBGKi%2FQcXXfeA%3D&pfdrid_c=false HTTP/1.1" 500 383
168.119.140.246 - - [03/Nov/2021:08:47:35 -0500] "GET /BLA/resoluciones/RESOLUCIONES%202010/7195.pdf HTTP/1.1" 200 529680
181.61.7.90 - - [03/Nov/2021:08:47:44 -0500] "POST /sipse/faces/presentacion/financiero/solicitudProceso/consultar.xhtml HTTP/1.1" 200 13075
168.119.140.246 - - [03/Nov/2021:08:47:44 -0500] "GET /BLA/resoluciones/RESOLUCIONES%202010/4705.pdf HTTP/1.1" 200 752447
186.30.30.67 - - [03/Nov/2021:08:47:47 -0500] "POST /sipse/faces/autenticacion.xhtml HTTP/1.1" 200 2223
186.30.30.67 - - [03/Nov/2021:08:47:48 -0500] "GET /sipse/faces/javax.faces.resource/messages/messages.png?ln=primefaces&v=4.0 HTTP/1.1" 304 -
186.30.30.67 - - [03/Nov/2021:08:47:48 -0500] "GET /sipse/faces/javax.faces.resource/images/ui-icons_898989_256x240.png?ln=primefaces-aristo HTTP/1.1" 304 -
186.30.30.67 - - [03/Nov/2021:08:47:48 -0500] "POST /sipse/faces/autenticacion.xhtml HTTP/1.1" 200 15915
186.30.30.67 - - [03/Nov/2021:08:47:50 -0500] "GET /sipse/faces/javax.faces.resource/theme.css?ln=primefaces-sipse HTTP/1.1" 304 -
186.30.30.67 - - [03/Nov/2021:08:47:50 -0500] "GET /sipse/faces/javax.faces.resource/primefaces.css?ln=primefaces&v=4.0 HTTP/1.1" 304 -
186.30.30.67 - - [03/Nov/2021:08:47:50 -0500] "GET /sipse/faces/javax.faces.resource/jquery/jquery.js?ln=primefaces&v=4.0 HTTP/1.1" 304 -
186.30.30.67 - - [03/Nov/2021:08:47:50 -0500] "GET /sipse/faces/javax.faces.resource/layout/layout.css?ln=primefaces&v=4.0 HTTP/1.1" 304 -
186.30.30.67 - - [03/Nov/2021:08:47:50 -0500] "GET /sipse/faces/javax.faces.resource/jquery/jquery-plugins.js?ln=primefaces&v=4.0 HTTP/1.1" 304 -
201.245.192.253 - - [03/Nov/2021:08:47:51 -0500] "GET /catalogoisis/ HTTP/1.1" 200 8575
186.30.30.67 - - [03/Nov/2021:08:47:52 -0500] "GET /sipse/faces/javax.faces.resource/primefaces.js?ln=primefaces&v=4.0 HTTP/1.1" 304 -
186.30.30.67 - - [03/Nov/2021:08:47:53 -0500] "GET /sipse/faces/javax.faces.resource/layout/layout.js?ln=primefaces&v=4.0 HTTP/1.1" 304 -
168.119.140.246 - - [03/Nov/2021:08:47:53 -0500] "GET /BLA/resoluciones/RESOLUCIONES%202010/0488.pdf HTTP/1.1" 200 107890
186.30.30.67 - - [03/Nov/2021:08:47:53 -0500] "GET /sipse/css/imagen/contrasena.png HTTP/1.1" 404 383
186.30.30.67 - - [03/Nov/2021:08:47:56 -0500] "GET /sipse/faces/javax.faces.resource/images/ui-bg_flat_0_2d5972_40x100.png?ln=primefaces-aristo HTTP/1.1" 304 -
186.30.30.67 - - [03/Nov/2021:08:47:56 -0500] "POST /sipse/faces/bienvenido.xhtml HTTP/1.1" 200 2658
186.30.30.67 - - [03/Nov/2021:08:47:58 -0500] "POST /sipse/faces/bienvenido.xhtml HTTP/1.1" 200 58797
181.61.7.90 - - [03/Nov/2021:08:48:01 -0500] "POST /sipse/faces/presentacion/financiero/solicitudProceso/consultar.xhtml HTTP/1.1" 200 13099
186.30.30.67 - - [03/Nov/2021:08:48:02 -0500] "GET /sipse/faces/javax.faces.resource/primefaces.css?ln=primefaces&v=4.0 HTTP/1.1" 304 -
186.30.30.67 - - [03/Nov/2021:08:48:02 -0500] "GET /sipse/faces/javax.faces.resource/layout/layout.css?ln=primefaces&v=4.0 HTTP/1.1" 304 -
186.30.30.67 - - [03/Nov/2021:08:48:02 -0500] "GET /sipse/faces/javax.faces.resource/theme.css?ln=primefaces-sipse HTTP/1.1" 304 -
186.30.30.67 - - [03/Nov/2021:08:48:02 -0500] "GET /sipse/faces/javax.faces.resource/jquery/jquery.js?ln=primefaces&v=4.0 HTTP/1.1" 304 -
186.30.30.67 - - [03/Nov/2021:08:48:02 -0500] "GET /sipse/faces/javax.faces.resource/jquery/jquery-plugins.js?ln=primefaces&v=4.0 HTTP/1.1" 304 -
168.119.140.246 - - [03/Nov/2021:08:48:03 -0500] "GET /BLA/resoluciones/RESOLUCIONES%202010/7682.pdf HTTP/1.1" 200 145227
186.30.30.67 - - [03/Nov/2021:08:48:03 -0500] "GET /sipse/faces/javax.faces.resource/primefaces.js?ln=primefaces&v=4.0 HTTP/1.1" 304 -
186.30.30.67 - - [03/Nov/2021:08:48:03 -0500] "GET /sipse/faces/javax.faces.resource/layout/layout.js?ln=primefaces&v=4.0 HTTP/1.1" 304 -
186.30.30.67 - - [03/Nov/2021:08:48:04 -0500] "POST /sipse/faces/presentacion/financiero/solicitudProceso/listarSolicitudProceso.xhtml HTTP/1.1" 200 1448
168.119.140.246 - - [03/Nov/2021:08:48:11 -0500] "GET /BLA/resoluciones/RESOLUCIONES%202010/3106.pdf HTTP/1.1" 200 547521
181.61.7.90 - - [03/Nov/2021:08:48:18 -0500] "POST /sipse/faces/presentacion/financiero/solicitudProceso/consultar.xhtml HTTP/1.1" 200 13075
168.119.140.246 - - [03/Nov/2021:08:48:20 -0500] "GET /BLA/resoluciones/RESOLUCIONES%202010/3957.pdf HTTP/1.1" 200 503257
181.61.7.90 - - [03/Nov/2021:08:48:24 -0500] "POST /sipse/faces/presentacion/financiero/solicitudProceso/consultar.xhtml HTTP/1.1" 200 109200
181.61.7.90 - - [03/Nov/2021:08:48:25 -0500] "GET /sipse/faces/javax.faces.resource/jquery/jquery.js?ln=primefaces&v=4.0 HTTP/1.1" 304 -
181.61.7.90 - - [03/Nov/2021:08:48:25 -0500] "GET /sipse/faces/javax.faces.resource/jquery/jquery-plugins.js?ln=primefaces&v=4.0 HTTP/1.1" 304 -
181.61.7.90 - - [03/Nov/2021:08:48:25 -0500] "GET /sipse/faces/javax.faces.resource/primefaces.js?ln=primefaces&v=4.0 HTTP/1.1" 304 -
181.61.7.90 - - [03/Nov/2021:08:48:25 -0500] "GET /sipse/faces/javax.faces.resource/layout/layout.js?ln=primefaces&v=4.0 HTTP/1.1" 304 -
181.61.7.90 - - [03/Nov/2021:08:48:25 -0500] "GET /sipse/faces/javax.faces.resource/dynamiccontent.properties?ln=primefaces&pfdrid=XjOR5%2F%2FfPAZAuY9TpWQeCiM0BhlXxYRBGKi%2FQcXXfeA%3D&pfdrid_c=false HTTP/1.1" 500 383
186.30.130.213 - - [03/Nov/2021:08:48:27 -0500] "POST /sipse/faces/presentacion/financiero/solicitudProceso/consultarSolicitudProceso.xhtml HTTP/1.1" 200 151032
168.119.140.246 - - [03/Nov/2021:08:48:30 -0500] "GET /BLA/resoluciones/RESOLUCIONES%202010/6685.pdf HTTP/1.1" 200 608185
181.61.7.90 - - [03/Nov/2021:08:48:31 -0500] "POST /sipse/faces/presentacion/financiero/solicitudProceso/consultarSolicitudProceso.xhtml HTTP/1.1" 200 203609
191.156.61.221 - - [03/Nov/2021:08:48:36 -0500] "GET /galeria/galeria/jquery.fancybox.css?v=2.1.5 HTTP/1.1" 200 4895
168.119.140.246 - - [03/Nov/2021:08:48:39 -0500] "GET /BLA/resoluciones/RESOLUCIONES%202010/3378.pdf HTTP/1.1" 200 518783
201.245.192.253 - - [03/Nov/2021:08:48:47 -0500] "POST /sipse/faces/presentacion/financiero/solicitudProceso/consultarSolicitudProceso.xhtml HTTP/1.1" 200 40727
201.245.192.253 - - [03/Nov/2021:08:48:47 -0500] "GET /sipse/faces/javax.faces.resource/theme.css?ln=primefaces-sipse HTTP/1.1" 304 -
201.245.192.253 - - [03/Nov/2021:08:48:47 -0500] "GET /sipse/faces/javax.faces.resource/primefaces.css?ln=primefaces&v=4.0 HTTP/1.1" 304 -
201.245.192.253 - - [03/Nov/2021:08:48:47 -0500] "GET /sipse/faces/javax.faces.resource/layout/layout.css?ln=primefaces&v=4.0 HTTP/1.1" 304 -
201.245.192.253 - - [03/Nov/2021:08:48:47 -0500] "GET /sipse/faces/javax.faces.resource/jquery/jquery.js?ln=primefaces&v=4.0 HTTP/1.1" 304 -
201.245.192.253 - - [03/Nov/2021:08:48:47 -0500] "GET /sipse/faces/javax.faces.resource/jquery/jquery-plugins.js?ln=primefaces&v=4.0 HTTP/1.1" 304 -
201.245.192.253 - - [03/Nov/2021:08:48:47 -0500] "GET /sipse/faces/javax.faces.resource/primefaces.js?ln=primefaces&v=4.0 HTTP/1.1" 304 -
201.245.192.253 - - [03/Nov/2021:08:48:47 -0500] "GET /sipse/faces/javax.faces.resource/layout/layout.js?ln=primefaces&v=4.0 HTTP/1.1" 304 -
201.245.192.253 - - [03/Nov/2021:08:48:47 -0500] "GET /sipse/css/imagen/contrasena.png HTTP/1.1" 404 383
201.245.192.253 - - [03/Nov/2021:08:48:47 -0500] "POST /sipse/faces/presentacion/financiero/solicitudProceso/consultar.xhtml HTTP/1.1" 200 34122
201.245.192.253 - - [03/Nov/2021:08:48:48 -0500] "POST /sipse/faces/presentacion/financiero/solicitudProceso/consultar.xhtml HTTP/1.1" 200 34122
201.245.192.253 - - [03/Nov/2021:08:48:48 -0500] "POST /sipse/faces/presentacion/financiero/solicitudProceso/consultar.xhtml HTTP/1.1" 200 34122
201.245.192.253 - - [03/Nov/2021:08:48:48 -0500] "POST /sipse/faces/presentacion/financiero/solicitudProceso/consultar.xhtml HTTP/1.1" 200 34122
201.245.192.253 - - [03/Nov/2021:08:48:48 -0500] "POST /sipse/faces/presentacion/financiero/solicitudProceso/consultar.xhtml HTTP/1.1" 200 34122
201.245.192.253 - - [03/Nov/2021:08:48:48 -0500] "POST /sipse/faces/presentacion/financiero/solicitudProceso/consultar.xhtml HTTP/1.1" 200 34122
201.245.192.253 - - [03/Nov/2021:08:48:48 -0500] "POST /sipse/faces/presentacion/financiero/solicitudProceso/consultar.xhtml HTTP/1.1" 200 34122
201.245.192.253 - - [03/Nov/2021:08:48:49 -0500] "POST /sipse/faces/presentacion/financiero/solicitudProceso/consultar.xhtml HTTP/1.1" 200 34122
201.245.192.253 - - [03/Nov/2021:08:48:49 -0500] "POST /sipse/faces/presentacion/financiero/solicitudProceso/consultar.xhtml HTTP/1.1" 200 34122
201.245.192.253 - - [03/Nov/2021:08:48:49 -0500] "POST /sipse/faces/presentacion/financiero/solicitudProceso/consultar.xhtml HTTP/1.1" 200 34122
201.245.192.253 - - [03/Nov/2021:08:48:49 -0500] "POST /sipse/faces/presentacion/financiero/solicitudProceso/consultar.xhtml HTTP/1.1" 200 34122
201.245.192.253 - - [03/Nov/2021:08:48:49 -0500] "POST /sipse/faces/presentacion/financiero/solicitudProceso/consultar.xhtml HTTP/1.1" 200 34122
168.119.140.246 - - [03/Nov/2021:08:48:49 -0500] "GET /BLA/resoluciones/RESOLUCIONES%202010/6428.pdf HTTP/1.1" 200 901140
201.245.192.253 - - [03/Nov/2021:08:48:52 -0500] "GET /catalogoisis/ HTTP/1.1" 200 8575
201.245.192.253 - - [03/Nov/2021:08:48:54 -0500] "POST /sipse/faces/presentacion/financiero/solicitudProceso/consultar.xhtml HTTP/1.1" 200 12799
186.30.130.213 - - [03/Nov/2021:08:48:57 -0500] "POST /sipse/faces/presentacion/financiero/solicitudProceso/consultarSolicitudProceso.xhtml HTTP/1.1" 200 28704
168.119.140.246 - - [03/Nov/2021:08:48:58 -0500] "GET /BLA/resoluciones/RESOLUCIONES%202010/7235.pdf HTTP/1.1" 200 399525
168.119.140.246 - - [03/Nov/2021:08:49:07 -0500] "GET /BLA/resoluciones/RESOLUCIONES%202010/7219.pdf HTTP/1.1" 200 81210
66.102.8.117 - - [03/Nov/2021:08:49:12 -0500] "GET /BLA/boletinlegal/images/cabezote%20BLEGAL.jpg HTTP/1.1" 200 118164
168.119.140.246 - - [03/Nov/2021:08:49:15 -0500] "GET /BLA/resoluciones/RESOLUCIONES%202010/2703.pdf HTTP/1.1" 200 382910
201.245.192.253 - - [03/Nov/2021:08:49:19 -0500] "POST /sipse/faces/presentacion/financiero/solicitudProceso/consultar.xhtml HTTP/1.1" 200 149556
201.245.192.253 - - [03/Nov/2021:08:49:20 -0500] "GET /sipse/faces/javax.faces.resource/theme.css?ln=primefaces-sipse HTTP/1.1" 304 -
201.245.192.253 - - [03/Nov/2021:08:49:20 -0500] "GET /sipse/faces/javax.faces.resource/layout/layout.css?ln=primefaces&v=4.0 HTTP/1.1" 304 -
201.245.192.253 - - [03/Nov/2021:08:49:20 -0500] "GET /sipse/faces/javax.faces.resource/primefaces.css?ln=primefaces&v=4.0 HTTP/1.1" 304 -
201.245.192.253 - - [03/Nov/2021:08:49:20 -0500] "GET /sipse/faces/javax.faces.resource/jquery/jquery.js?ln=primefaces&v=4.0 HTTP/1.1" 304 -
201.245.192.253 - - [03/Nov/2021:08:49:20 -0500] "GET /sipse/faces/javax.faces.resource/jquery/jquery-plugins.js?ln=primefaces&v=4.0 HTTP/1.1" 304 -
201.245.192.253 - - [03/Nov/2021:08:49:20 -0500] "GET /sipse/faces/javax.faces.resource/primefaces.js?ln=primefaces&v=4.0 HTTP/1.1" 304 -
201.245.192.253 - - [03/Nov/2021:08:49:20 -0500] "GET /sipse/faces/javax.faces.resource/layout/layout.js?ln=primefaces&v=4.0 HTTP/1.1" 304 -
201.245.192.253 - - [03/Nov/2021:08:49:20 -0500] "GET /sipse/css/imagen/contrasena.png HTTP/1.1" 404 383
201.245.192.253 - - [03/Nov/2021:08:49:20 -0500] "GET /sipse/faces/javax.faces.resource/dynamiccontent.properties?ln=primefaces&pfdrid=XjOR5%2F%2FfPAZAuY9TpWQeCiM0BhlXxYRBGKi%2FQcXXfeA%3D&pfdrid_c=false HTTP/1.1" 500 383
201.245.192.253 - - [03/Nov/2021:08:49:23 -0500] "POST /sipse/faces/presentacion/financiero/solicitudProceso/consultarSolicitudProceso.xhtml HTTP/1.1" 200 413715
168.119.140.246 - - [03/Nov/2021:08:49:25 -0500] "GET /BLA/resoluciones/RESOLUCIONES%202010/7379.pdf HTTP/1.1" 200 142097
191.95.166.137 - - [03/Nov/2021:08:49:31 -0500] "GET /sipse/faces/javax.faces.resource/theme.css?ln=primefaces-sipse HTTP/1.1" 304 -
191.95.166.137 - - [03/Nov/2021:08:49:31 -0500] "GET /sipse/faces/javax.faces.resource/layout/layout.css?ln=primefaces&v=4.0 HTTP/1.1" 304 -
191.95.166.137 - - [03/Nov/2021:08:49:31 -0500] "GET /sipse/faces/javax.faces.resource/primefaces.css?ln=primefaces&v=4.0 HTTP/1.1" 304 -
191.95.166.137 - - [03/Nov/2021:08:49:31 -0500] "GET /sipse/faces/javax.faces.resource/jquery/jquery.js?ln=primefaces&v=4.0 HTTP/1.1" 304 -
191.95.166.137 - - [03/Nov/2021:08:49:31 -0500] "GET /sipse/faces/javax.faces.resource/primefaces.js?ln=primefaces&v=4.0 HTTP/1.1" 304 -
191.95.166.137 - - [03/Nov/2021:08:49:31 -0500] "GET /sipse/faces/javax.faces.resource/layout/layout.js?ln=primefaces&v=4.0 HTTP/1.1" 304 -
191.95.166.137 - - [03/Nov/2021:08:49:31 -0500] "GET /sipse/faces/javax.faces.resource/jquery/jquery-plugins.js?ln=primefaces&v=4.0 HTTP/1.1" 304 -
191.95.166.137 - - [03/Nov/2021:08:49:30 -0500] "POST /sipse/faces/presentacion/financiero/solicitudProceso/consultarSolicitudProceso.xhtml HTTP/1.1" 200 26934
191.95.166.137 - - [03/Nov/2021:08:49:31 -0500] "GET /sipse/faces/javax.faces.resource/images/ui-icons_898989_256x240.png?ln=primefaces-aristo HTTP/1.1" 304 -
168.119.140.246 - - [03/Nov/2021:08:49:34 -0500] "GET /BLA/resoluciones/RESOLUCIONES%202010/1092.pdf HTTP/1.1" 200 107030
191.95.166.137 - - [03/Nov/2021:08:49:35 -0500] "GET /sipse/faces/javax.faces.resource/theme.css?ln=primefaces-sipse HTTP/1.1" 304 -
191.95.166.137 - - [03/Nov/2021:08:49:35 -0500] "GET /sipse/faces/javax.faces.resource/primefaces.css?ln=primefaces&v=4.0 HTTP/1.1" 304 -
191.95.166.137 - - [03/Nov/2021:08:49:35 -0500] "GET /sipse/faces/javax.faces.resource/layout/layout.css?ln=primefaces&v=4.0 HTTP/1.1" 304 -
191.95.166.137 - - [03/Nov/2021:08:49:35 -0500] "GET /sipse/faces/javax.faces.resource/jquery/jquery.js?ln=primefaces&v=4.0 HTTP/1.1" 304 -
191.95.166.137 - - [03/Nov/2021:08:49:35 -0500] "GET /sipse/faces/javax.faces.resource/jquery/jquery-plugins.js?ln=primefaces&v=4.0 HTTP/1.1" 304 -
191.95.166.137 - - [03/Nov/2021:08:49:35 -0500] "GET /sipse/faces/javax.faces.resource/layout/layout.js?ln=primefaces&v=4.0 HTTP/1.1" 304 -
191.95.166.137 - - [03/Nov/2021:08:49:35 -0500] "GET /sipse/faces/javax.faces.resource/primefaces.js?ln=primefaces&v=4.0 HTTP/1.1" 304 -
191.95.166.137 - - [03/Nov/2021:08:49:36 -0500] "GET /sipse/faces/javax.faces.resource/images/ui-icons_898989_256x240.png?ln=primefaces-aristo HTTP/1.1" 304 -
191.95.166.137 - - [03/Nov/2021:08:49:35 -0500] "POST /sipse/faces/presentacion/financiero/solicitudProceso/consultarHistorialSolProceso.xhtml HTTP/1.1" 200 168773
191.95.166.137 - - [03/Nov/2021:08:49:36 -0500] "GET /sipse/faces/javax.faces.resource/dynamiccontent.properties?ln=primefaces&pfdrid=XjOR5%2F%2FfPAZAuY9TpWQeCiM0BhlXxYRBGKi%2FQcXXfeA%3D&pfdrid_c=false HTTP/1.1" 500 383
168.119.140.246 - - [03/Nov/2021:08:49:43 -0500] "GET /BLA/resoluciones/RESOLUCIONES%202010/4088.pdf HTTP/1.1" 200 518107
201.245.192.253 - - [03/Nov/2021:08:49:53 -0500] "GET /catalogoisis/ HTTP/1.1" 200 8575
168.119.140.246 - - [03/Nov/2021:08:49:54 -0500] "GET /BLA/resoluciones/RESOLUCIONES%202010/6177.pdf HTTP/1.1" 200 331650
168.119.140.246 - - [03/Nov/2021:08:50:05 -0500] "GET /BLA/resoluciones/RESOLUCIONES%202010/1558.pdf HTTP/1.1" 200 522898
201.245.192.253 - - [03/Nov/2021:08:50:14 -0500] "POST /sipse/faces/presentacion/financiero/solicitudProceso/consultarSolicitudProceso.xhtml HTTP/1.1" 200 413715
168.119.140.246 - - [03/Nov/2021:08:50:14 -0500] "GET /BLA/resoluciones/RESOLUCIONES%202010/1625.pdf HTTP/1.1" 200 439103
201.245.192.253 - - [03/Nov/2021:08:50:15 -0500] "POST /sipse/faces/presentacion/financiero/solicitudProceso/consultarSolicitudProceso.xhtml HTTP/1.1" 200 1253183
201.245.192.253 - - [03/Nov/2021:08:50:15 -0500] "POST /sipse/faces/presentacion/financiero/solicitudProceso/consultarSolicitudProceso.xhtml HTTP/1.1" 200 175690
201.245.192.253 - - [03/Nov/2021:08:50:16 -0500] "POST /sipse/faces/presentacion/financiero/solicitudProceso/consultarSolicitudProceso.xhtml HTTP/1.1" 200 623069
201.245.192.253 - - [03/Nov/2021:08:50:19 -0500] "POST /sipse/faces/presentacion/financiero/solicitudProceso/consultarSolicitudProceso.xhtml HTTP/1.1" 200 6723118
201.245.192.253 - - [03/Nov/2021:08:50:20 -0500] "POST /sipse/faces/presentacion/financiero/solicitudProceso/consultarSolicitudProceso.xhtml HTTP/1.1" 200 4879234
168.119.140.246 - - [03/Nov/2021:08:50:24 -0500] "GET /BLA/resoluciones/RESOLUCIONES%202010/1794.pdf HTTP/1.1" 200 478717
201.245.192.253 - - [03/Nov/2021:08:50:22 -0500] "POST /sipse/faces/presentacion/financiero/solicitudProceso/consultarSolicitudProceso.xhtml HTTP/1.1" 200 4983980
168.119.140.246 - - [03/Nov/2021:08:50:34 -0500] "GET /BLA/resoluciones/RESOLUCIONES%202010/6874.pdf HTTP/1.1" 200 410413
191.95.166.137 - - [03/Nov/2021:08:50:36 -0500] "GET /sipse/faces/javax.faces.resource/images/ui-bg_flat_0_2d5972_40x100.png?ln=primefaces-aristo HTTP/1.1" 304 -
216.245.221.92 - - [03/Nov/2021:08:50:39 -0500] "HEAD / HTTP/1.1" 200 -
191.95.166.137 - - [03/Nov/2021:08:50:37 -0500] "POST /sipse/faces/presentacion/financiero/solicitudProceso/consultarSolicitudProceso.xhtml HTTP/1.1" 200 36142
191.95.166.137 - - [03/Nov/2021:08:50:39 -0500] "GET /sipse/faces/javax.faces.resource/theme.css?ln=primefaces-sipse HTTP/1.1" 304 -
191.95.166.137 - - [03/Nov/2021:08:50:39 -0500] "GET /sipse/faces/javax.faces.resource/layout/layout.css?ln=primefaces&v=4.0 HTTP/1.1" 304 -
191.95.166.137 - - [03/Nov/2021:08:50:39 -0500] "GET /sipse/faces/javax.faces.resource/primefaces.css?ln=primefaces&v=4.0 HTTP/1.1" 304 -
191.95.166.137 - - [03/Nov/2021:08:50:39 -0500] "GET /sipse/faces/javax.faces.resource/jquery/jquery.js?ln=primefaces&v=4.0 HTTP/1.1" 304 -
191.95.166.137 - - [03/Nov/2021:08:50:40 -0500] "GET /sipse/faces/javax.faces.resource/jquery/jquery-plugins.js?ln=primefaces&v=4.0 HTTP/1.1" 304 -
191.95.166.137 - - [03/Nov/2021:08:50:40 -0500] "GET /sipse/faces/javax.faces.resource/primefaces.js?ln=primefaces&v=4.0 HTTP/1.1" 304 -
191.95.166.137 - - [03/Nov/2021:08:50:40 -0500] "GET /sipse/faces/javax.faces.resource/layout/layout.js?ln=primefaces&v=4.0 HTTP/1.1" 304 -
191.95.166.137 - - [03/Nov/2021:08:50:40 -0500] "GET /sipse/faces/javax.faces.resource/messages/messages.png?ln=primefaces&v=4.0 HTTP/1.1" 304 -
191.95.166.137 - - [03/Nov/2021:08:50:40 -0500] "POST /sipse/faces/presentacion/financiero/solicitudProceso/listarSolicitudProceso.xhtml HTTP/1.1" 200 1360
168.119.140.246 - - [03/Nov/2021:08:50:43 -0500] "GET /BLA/resoluciones/RESOLUCIONES%202010/0658.pdf HTTP/1.1" 200 501211
186.86.33.55 - - [03/Nov/2021:08:50:45 -0500] "GET /sipse/faces/javax.faces.resource/theme.css?ln=primefaces-sipse HTTP/1.1" 304 -
186.86.33.55 - - [03/Nov/2021:08:50:45 -0500] "GET /sipse/faces/javax.faces.resource/primefaces.css?ln=primefaces&v=4.0 HTTP/1.1" 304 -
186.86.33.55 - - [03/Nov/2021:08:50:45 -0500] "GET /sipse/faces/javax.faces.resource/layout/layout.css?ln=primefaces&v=4.0 HTTP/1.1" 304 -
186.86.33.55 - - [03/Nov/2021:08:50:45 -0500] "GET /sipse/faces/javax.faces.resource/jquery/jquery.js?ln=primefaces&v=4.0 HTTP/1.1" 304 -
186.86.33.55 - - [03/Nov/2021:08:50:45 -0500] "GET /sipse/faces/javax.faces.resource/primefaces.js?ln=primefaces&v=4.0 HTTP/1.1" 304 -
186.86.33.55 - - [03/Nov/2021:08:50:45 -0500] "GET /sipse/faces/javax.faces.resource/jquery/jquery-plugins.js?ln=primefaces&v=4.0 HTTP/1.1" 304 -
186.86.33.55 - - [03/Nov/2021:08:50:45 -0500] "GET /sipse/faces/javax.faces.resource/layout/layout.js?ln=primefaces&v=4.0 HTTP/1.1" 304 -
186.86.33.55 - - [03/Nov/2021:08:50:44 -0500] "POST /sipse/faces/presentacion/financiero/solicitudProceso/consultarSolicitudProceso.xhtml HTTP/1.1" 200 168237
186.86.33.55 - - [03/Nov/2021:08:50:46 -0500] "GET /sipse/css/imagen/contrasena.png HTTP/1.1" 404 383
186.86.33.55 - - [03/Nov/2021:08:50:46 -0500] "GET /sipse/faces/javax.faces.resource/images/ui-icons_898989_256x240.png?ln=primefaces-aristo HTTP/1.1" 304 -
186.86.33.55 - - [03/Nov/2021:08:50:48 -0500] "GET /sipse/faces/javax.faces.resource/dynamiccontent.properties?ln=primefaces&pfdrid=XjOR5%2F%2FfPAZAuY9TpWQeCiM0BhlXxYRBGKi%2FQcXXfeA%3D&pfdrid_c=false HTTP/1.1" 500 383
186.30.68.92 - - [03/Nov/2021:08:50:52 -0500] "POST /sipse/faces/presentacion/financiero/solicitudProceso/consultarSolicitudProceso.xhtml HTTP/1.1" 200 58103
186.30.68.92 - - [03/Nov/2021:08:50:52 -0500] "GET /sipse/faces/javax.faces.resource/theme.css?ln=primefaces-sipse HTTP/1.1" 304 -
186.30.68.92 - - [03/Nov/2021:08:50:52 -0500] "GET /sipse/faces/javax.faces.resource/primefaces.css?ln=primefaces&v=4.0 HTTP/1.1" 304 -
186.30.68.92 - - [03/Nov/2021:08:50:52 -0500] "GET /sipse/faces/javax.faces.resource/layout/layout.css?ln=primefaces&v=4.0 HTTP/1.1" 304 -
186.30.68.92 - - [03/Nov/2021:08:50:52 -0500] "GET /sipse/faces/javax.faces.resource/jquery/jquery.js?ln=primefaces&v=4.0 HTTP/1.1" 304 -
186.30.68.92 - - [03/Nov/2021:08:50:52 -0500] "GET /sipse/faces/javax.faces.resource/jquery/jquery-plugins.js?ln=primefaces&v=4.0 HTTP/1.1" 304 -
186.30.68.92 - - [03/Nov/2021:08:50:52 -0500] "GET /sipse/faces/javax.faces.resource/primefaces.js?ln=primefaces&v=4.0 HTTP/1.1" 304 -
186.30.68.92 - - [03/Nov/2021:08:50:52 -0500] "GET /sipse/faces/javax.faces.resource/layout/layout.js?ln=primefaces&v=4.0 HTTP/1.1" 304 -
186.30.68.92 - - [03/Nov/2021:08:50:53 -0500] "POST /sipse/faces/presentacion/financiero/solicitudProceso/listarSolicitudProceso.xhtml HTTP/1.1" 200 51481
186.30.68.92 - - [03/Nov/2021:08:50:53 -0500] "POST /sipse/faces/presentacion/financiero/solicitudProceso/listarSolicitudProceso.xhtml HTTP/1.1" 200 51481
168.119.140.246 - - [03/Nov/2021:08:50:53 -0500] "GET /BLA/resoluciones/RESOLUCIONES%202010/7581.pdf HTTP/1.1" 200 506415
186.30.68.92 - - [03/Nov/2021:08:50:53 -0500] "POST /sipse/faces/presentacion/financiero/solicitudProceso/listarSolicitudProceso.xhtml HTTP/1.1" 200 1448
186.30.68.92 - - [03/Nov/2021:08:50:53 -0500] "POST /sipse/faces/presentacion/financiero/solicitudProceso/listarSolicitudProceso.xhtml HTTP/1.1" 200 1448
186.30.68.92 - - [03/Nov/2021:08:50:53 -0500] "POST /sipse/faces/presentacion/financiero/solicitudProceso/listarSolicitudProceso.xhtml HTTP/1.1" 200 1452
201.245.192.253 - - [03/Nov/2021:08:50:54 -0500] "GET /catalogoisis/ HTTP/1.1" 200 8575
186.30.68.92 - - [03/Nov/2021:08:50:56 -0500] "POST /sipse/faces/presentacion/financiero/solicitudProceso/listarSolicitudProceso.xhtml HTTP/1.1" 200 118039
186.30.68.92 - - [03/Nov/2021:08:50:57 -0500] "GET /sipse/faces/javax.faces.resource/theme.css?ln=primefaces-sipse HTTP/1.1" 304 -
186.30.68.92 - - [03/Nov/2021:08:50:57 -0500] "GET /sipse/faces/javax.faces.resource/layout/layout.css?ln=primefaces&v=4.0 HTTP/1.1" 304 -
186.30.68.92 - - [03/Nov/2021:08:50:57 -0500] "GET /sipse/faces/javax.faces.resource/primefaces.css?ln=primefaces&v=4.0 HTTP/1.1" 304 -
186.30.68.92 - - [03/Nov/2021:08:50:57 -0500] "GET /sipse/faces/javax.faces.resource/jquery/jquery.js?ln=primefaces&v=4.0 HTTP/1.1" 304 -
186.30.68.92 - - [03/Nov/2021:08:50:57 -0500] "GET /sipse/faces/javax.faces.resource/jquery/jquery-plugins.js?ln=primefaces&v=4.0 HTTP/1.1" 304 -
186.30.68.92 - - [03/Nov/2021:08:50:57 -0500] "GET /sipse/faces/javax.faces.resource/primefaces.js?ln=primefaces&v=4.0 HTTP/1.1" 304 -
186.30.68.92 - - [03/Nov/2021:08:50:57 -0500] "GET /sipse/faces/javax.faces.resource/layout/layout.js?ln=primefaces&v=4.0 HTTP/1.1" 304 -
186.30.68.92 - - [03/Nov/2021:08:50:57 -0500] "GET /sipse/faces/javax.faces.resource/dynamiccontent.properties?ln=primefaces&pfdrid=XjOR5%2F%2FfPAZAuY9TpWQeCiM0BhlXxYRBGKi%2FQcXXfeA%3D&pfdrid_c=false HTTP/1.1" 500 383
201.245.192.253 - - [03/Nov/2021:08:50:59 -0500] "GET /appsia/controlador HTTP/1.1" 200 4799
201.245.192.253 - - [03/Nov/2021:08:50:59 -0500] "GET /appsia/css/estilos.css HTTP/1.1" 200 4804
201.245.192.253 - - [03/Nov/2021:08:50:59 -0500] "GET /appsia/scripts/validarIngreso.js HTTP/1.1" 200 851
201.245.192.253 - - [03/Nov/2021:08:50:59 -0500] "GET /appsia/images/logo_bogota_p.png HTTP/1.1" 200 14951
201.245.192.253 - - [03/Nov/2021:08:50:59 -0500] "GET /appsia/images/cabezoteHojaVida.png HTTP/1.1" 200 32493
201.245.192.253 - - [03/Nov/2021:08:50:59 -0500] "GET /favicon.ico HTTP/1.1" 200 7782
201.245.192.253 - - [03/Nov/2021:08:51:00 -0500] "GET /appsia/controlador HTTP/1.1" 200 4799
201.245.192.253 - - [03/Nov/2021:08:51:00 -0500] "GET /appsia/scripts/validarIngreso.js HTTP/1.1" 200 851
201.245.192.253 - - [03/Nov/2021:08:51:00 -0500] "GET /appsia/css/estilos.css HTTP/1.1" 200 4804
201.245.192.253 - - [03/Nov/2021:08:51:00 -0500] "GET /appsia/images/logo_bogota_p.png HTTP/1.1" 200 14951
201.245.192.253 - - [03/Nov/2021:08:51:00 -0500] "GET /appsia/images/cabezoteHojaVida.png HTTP/1.1" 200 32493
201.245.192.253 - - [03/Nov/2021:08:51:00 -0500] "GET /favicon.ico HTTP/1.1" 200 7782
168.119.140.246 - - [03/Nov/2021:08:51:02 -0500] "GET /BLA/resoluciones/RESOLUCIONES%202010/0014.pdf HTTP/1.1" 200 412999
168.119.140.246 - - [03/Nov/2021:08:51:12 -0500] "GET /BLA/resoluciones/RESOLUCIONES%202010/1362.pdf HTTP/1.1" 200 345810
201.245.192.253 - - [03/Nov/2021:08:51:16 -0500] "POST /appsia/controlador HTTP/1.1" 200 5437
201.245.192.253 - - [03/Nov/2021:08:51:17 -0500] "POST /appsia/controlador HTTP/1.1" 200 5437
186.86.33.55 - - [03/Nov/2021:08:51:19 -0500] "GET /sipse/faces/index.xhtml HTTP/1.1" 200 677
186.86.33.55 - - [03/Nov/2021:08:51:20 -0500] "GET /sipse/faces/index.xhtml HTTP/1.1" 200 677
186.30.68.92 - - [03/Nov/2021:08:51:19 -0500] "POST /sipse/faces/presentacion/financiero/solicitudProceso/consultarSolicitudProceso.xhtml HTTP/1.1" 200 132033
201.245.192.253 - - [03/Nov/2021:08:51:20 -0500] "POST /appsia/controlador HTTP/1.1" 200 9166
201.245.192.253 - - [03/Nov/2021:08:51:20 -0500] "GET /appsia/images/logo_escudo.png HTTP/1.1" 200 36965
186.86.33.55 - - [03/Nov/2021:08:51:20 -0500] "GET /sipse/faces/javax.faces.resource/theme.css?ln=primefaces-sipse HTTP/1.1" 304 -
168.119.140.246 - - [03/Nov/2021:08:51:20 -0500] "GET /BLA/resoluciones/RESOLUCIONES%202010/7376.pdf HTTP/1.1" 200 229525
186.86.33.55 - - [03/Nov/2021:08:51:20 -0500] "GET /sipse/faces/faces/autenticacion.xhtml HTTP/1.1" 200 12193
186.86.33.55 - - [03/Nov/2021:08:51:20 -0500] "GET /sipse/faces/javax.faces.resource/theme.css?ln=primefaces-sipse HTTP/1.1" 304 -
186.86.33.55 - - [03/Nov/2021:08:51:20 -0500] "GET /sipse/faces/javax.faces.resource/layout/layout.css?ln=primefaces&v=4.0 HTTP/1.1" 304 -
186.86.33.55 - - [03/Nov/2021:08:51:20 -0500] "GET /sipse/faces/javax.faces.resource/primefaces.css?ln=primefaces&v=4.0 HTTP/1.1" 304 -
186.86.33.55 - - [03/Nov/2021:08:51:20 -0500] "GET /sipse/faces/javax.faces.resource/jquery/jquery.js?ln=primefaces&v=4.0 HTTP/1.1" 304 -
186.86.33.55 - - [03/Nov/2021:08:51:20 -0500] "GET /sipse/faces/javax.faces.resource/primefaces.js?ln=primefaces&v=4.0 HTTP/1.1" 304 -
186.86.33.55 - - [03/Nov/2021:08:51:20 -0500] "GET /sipse/faces/javax.faces.resource/jquery/jquery-plugins.js?ln=primefaces&v=4.0 HTTP/1.1" 304 -
186.86.33.55 - - [03/Nov/2021:08:51:20 -0500] "GET /sipse/faces/javax.faces.resource/layout/layout.js?ln=primefaces&v=4.0 HTTP/1.1" 304 -
186.86.33.55 - - [03/Nov/2021:08:51:21 -0500] "GET /sipse/faces/javax.faces.resource/images/ui-icons_898989_256x240.png?ln=primefaces-aristo HTTP/1.1" 304 -
201.245.192.253 - - [03/Nov/2021:08:51:21 -0500] "POST /appsia/controlador HTTP/1.1" 200 9156
201.245.192.253 - - [03/Nov/2021:08:51:21 -0500] "GET /appsia/images/logo_escudo.png HTTP/1.1" 200 36965
186.86.33.55 - - [03/Nov/2021:08:51:25 -0500] "POST /sipse/faces/autenticacion.xhtml HTTP/1.1" 200 2223
186.86.33.55 - - [03/Nov/2021:08:51:25 -0500] "GET /sipse/faces/javax.faces.resource/messages/messages.png?ln=primefaces&v=4.0 HTTP/1.1" 304 -
186.86.33.55 - - [03/Nov/2021:08:51:27 -0500] "POST /sipse/faces/autenticacion.xhtml HTTP/1.1" 200 15953
186.86.33.55 - - [03/Nov/2021:08:51:27 -0500] "GET /sipse/faces/javax.faces.resource/theme.css?ln=primefaces-sipse HTTP/1.1" 304 -
186.86.33.55 - - [03/Nov/2021:08:51:27 -0500] "GET /sipse/faces/javax.faces.resource/primefaces.css?ln=primefaces&v=4.0 HTTP/1.1" 304 -
186.86.33.55 - - [03/Nov/2021:08:51:27 -0500] "GET /sipse/faces/javax.faces.resource/layout/layout.css?ln=primefaces&v=4.0 HTTP/1.1" 304 -
186.86.33.55 - - [03/Nov/2021:08:51:27 -0500] "GET /sipse/faces/javax.faces.resource/jquery/jquery.js?ln=primefaces&v=4.0 HTTP/1.1" 304 -
186.86.33.55 - - [03/Nov/2021:08:51:27 -0500] "GET /sipse/faces/javax.faces.resource/jquery/jquery-plugins.js?ln=primefaces&v=4.0 HTTP/1.1" 304 -
186.86.33.55 - - [03/Nov/2021:08:51:27 -0500] "GET /sipse/faces/javax.faces.resource/primefaces.js?ln=primefaces&v=4.0 HTTP/1.1" 304 -
186.86.33.55 - - [03/Nov/2021:08:51:27 -0500] "GET /sipse/faces/javax.faces.resource/layout/layout.js?ln=primefaces&v=4.0 HTTP/1.1" 304 -
186.86.33.55 - - [03/Nov/2021:08:51:27 -0500] "GET /sipse/css/imagen/contrasena.png HTTP/1.1" 404 383
168.119.140.246 - - [03/Nov/2021:08:51:29 -0500] "GET /BLA/resoluciones/RESOLUCIONES%202010/7060.pdf HTTP/1.1" 200 43630
186.86.33.55 - - [03/Nov/2021:08:51:29 -0500] "GET /sipse/faces/javax.faces.resource/images/ui-bg_flat_0_2d5972_40x100.png?ln=primefaces-aristo HTTP/1.1" 304 -
186.86.33.55 - - [03/Nov/2021:08:51:29 -0500] "POST /sipse/faces/bienvenido.xhtml HTTP/1.1" 200 2060
186.86.33.55 - - [03/Nov/2021:08:51:31 -0500] "POST /sipse/faces/bienvenido.xhtml HTTP/1.1" 200 30016
186.86.33.55 - - [03/Nov/2021:08:51:31 -0500] "GET /sipse/faces/javax.faces.resource/theme.css?ln=primefaces-sipse HTTP/1.1" 304 -
186.86.33.55 - - [03/Nov/2021:08:51:31 -0500] "GET /sipse/faces/javax.faces.resource/primefaces.css?ln=primefaces&v=4.0 HTTP/1.1" 304 -
186.86.33.55 - - [03/Nov/2021:08:51:31 -0500] "GET /sipse/faces/javax.faces.resource/layout/layout.css?ln=primefaces&v=4.0 HTTP/1.1" 304 -
186.86.33.55 - - [03/Nov/2021:08:51:31 -0500] "GET /sipse/faces/javax.faces.resource/jquery/jquery.js?ln=primefaces&v=4.0 HTTP/1.1" 304 -
186.86.33.55 - - [03/Nov/2021:08:51:31 -0500] "GET /sipse/faces/javax.faces.resource/jquery/jquery-plugins.js?ln=primefaces&v=4.0 HTTP/1.1" 304 -
186.86.33.55 - - [03/Nov/2021:08:51:31 -0500] "GET /sipse/faces/javax.faces.resource/primefaces.js?ln=primefaces&v=4.0 HTTP/1.1" 304 -
186.86.33.55 - - [03/Nov/2021:08:51:31 -0500] "GET /sipse/faces/javax.faces.resource/layout/layout.js?ln=primefaces&v=4.0 HTTP/1.1" 304 -
186.86.33.55 - - [03/Nov/2021:08:51:32 -0500] "POST /sipse/faces/presentacion/financiero/solicitudProceso/listarSolicitudProceso.xhtml HTTP/1.1" 200 1328
190.27.245.107 - - [03/Nov/2021:08:51:35 -0500] "GET /sipse/ HTTP/1.1" 302 -
200.118.60.80 - - [03/Nov/2021:08:51:35 -0500] "GET /sipse/faces/autenticacion.xhtml HTTP/1.1" 200 12507
200.118.60.80 - - [03/Nov/2021:08:51:35 -0500] "GET /sipse/css/custom_css_sg_prime_login.css HTTP/1.1" 200 443
200.118.60.80 - - [03/Nov/2021:08:51:35 -0500] "GET /sipse/css/custom_css_sg.css HTTP/1.1" 200 9694
