200.118.60.80 - - [03/Nov/2021:08:51:35 -0500] "GET /sipse/faces/javax.faces.resource/layout/layout.css;jsessionid=1VJsmVUxlfcIZ1CQvg7BaaOB.undefined?ln=primefaces&v=4.0 HTTP/1.1" 200 542
200.118.60.80 - - [03/Nov/2021:08:51:36 -0500] "GET /sipse/js/disable_browser_buttons.js HTTP/1.1" 200 3230
200.118.60.80 - - [03/Nov/2021:08:51:36 -0500] "GET /sipse/js/funciones.js HTTP/1.1" 200 12592
200.118.60.80 - - [03/Nov/2021:08:51:35 -0500] "GET /sipse/faces/javax.faces.resource/primefaces.css;jsessionid=1VJsmVUxlfcIZ1CQvg7BaaOB.undefined?ln=primefaces&v=4.0 HTTP/1.1" 200 53295
200.118.60.80 - - [03/Nov/2021:08:51:35 -0500] "GET /sipse/faces/javax.faces.resource/theme.css?ln=primefaces-sipse HTTP/1.1" 200 50058
200.118.60.80 - - [03/Nov/2021:08:51:36 -0500] "GET /sipse/faces/javax.faces.resource/layout/layout.js;jsessionid=1VJsmVUxlfcIZ1CQvg7BaaOB.undefined?ln=primefaces&v=4.0 HTTP/1.1" 200 87560
200.118.60.80 - - [03/Nov/2021:08:51:36 -0500] "GET /sipse/faces/javax.faces.resource/jquery/jquery.js;jsessionid=1VJsmVUxlfcIZ1CQvg7BaaOB.undefined?ln=primefaces&v=4.0 HTTP/1.1" 200 105384
200.118.60.80 - - [03/Nov/2021:08:51:36 -0500] "GET /sipse/faces/javax.faces.resource/jquery/jquery-plugins.js;jsessionid=1VJsmVUxlfcIZ1CQvg7BaaOB.undefined?ln=primefaces&v=4.0 HTTP/1.1" 200 220526
200.118.60.80 - - [03/Nov/2021:08:51:36 -0500] "GET /sipse/faces/javax.faces.resource/primefaces.js;jsessionid=1VJsmVUxlfcIZ1CQvg7BaaOB.undefined?ln=primefaces&v=4.0 HTTP/1.1" 200 276924
200.118.60.80 - - [03/Nov/2021:08:51:36 -0500] "GET /sipse/faces/javax.faces.resource/images/ui-icons_898989_256x240.png?ln=primefaces-aristo HTTP/1.1" 200 5355
200.118.60.80 - - [03/Nov/2021:08:51:36 -0500] "GET /sipse/css/imagen/loginimg.png HTTP/1.1" 200 71635
200.118.60.80 - - [03/Nov/2021:08:51:36 -0500] "GET /sipse/css/imagen/logoSDG.png HTTP/1.1" 200 53064
200.118.60.80 - - [03/Nov/2021:08:51:36 -0500] "GET /sipse/faces/index.xhtml HTTP/1.1" 200 677
200.118.60.80 - - [03/Nov/2021:08:51:36 -0500] "GET /sipse/faces/javax.faces.resource/theme.css?ln=primefaces-sipse HTTP/1.1" 304 -
200.118.60.80 - - [03/Nov/2021:08:51:36 -0500] "GET /favicon.ico HTTP/1.1" 200 7782
168.119.140.246 - - [03/Nov/2021:08:51:37 -0500] "GET /BLA/resoluciones/RESOLUCIONES%202010/1825.pdf HTTP/1.1" 200 491035
186.86.33.55 - - [03/Nov/2021:08:51:40 -0500] "POST /sipse/faces/presentacion/financiero/solicitudProceso/listarSolicitudProceso.xhtml HTTP/1.1" 200 22290
186.86.33.55 - - [03/Nov/2021:08:51:40 -0500] "POST /sipse/faces/presentacion/financiero/solicitudProceso/listarSolicitudProceso.xhtml HTTP/1.1" 200 22290
186.86.33.55 - - [03/Nov/2021:08:51:41 -0500] "POST /sipse/faces/presentacion/financiero/solicitudProceso/listarSolicitudProceso.xhtml HTTP/1.1" 200 1376
186.86.33.55 - - [03/Nov/2021:08:51:41 -0500] "POST /sipse/faces/presentacion/financiero/solicitudProceso/listarSolicitudProceso.xhtml HTTP/1.1" 200 1376
190.27.245.107 - - [03/Nov/2021:08:51:43 -0500] "GET /sipse/ HTTP/1.1" 302 -
200.118.60.80 - - [03/Nov/2021:08:51:43 -0500] "GET /sipse/faces/autenticacion.xhtml HTTP/1.1" 200 12185
200.118.60.80 - - [03/Nov/2021:08:51:43 -0500] "GET /sipse/faces/javax.faces.resource/layout/layout.css?ln=primefaces&v=4.0 HTTP/1.1" 200 542
200.118.60.80 - - [03/Nov/2021:08:51:43 -0500] "GET /sipse/faces/javax.faces.resource/theme.css?ln=primefaces-sipse HTTP/1.1" 304 -
200.118.60.80 - - [03/Nov/2021:08:51:43 -0500] "GET /sipse/faces/javax.faces.resource/layout/layout.js?ln=primefaces&v=4.0 HTTP/1.1" 200 87560
200.118.60.80 - - [03/Nov/2021:08:51:43 -0500] "GET /sipse/faces/javax.faces.resource/primefaces.css?ln=primefaces&v=4.0 HTTP/1.1" 200 53295
200.118.60.80 - - [03/Nov/2021:08:51:43 -0500] "GET /sipse/faces/javax.faces.resource/jquery/jquery.js?ln=primefaces&v=4.0 HTTP/1.1" 200 105384
200.118.60.80 - - [03/Nov/2021:08:51:43 -0500] "GET /sipse/faces/javax.faces.resource/primefaces.js?ln=primefaces&v=4.0 HTTP/1.1" 200 276924
200.118.60.80 - - [03/Nov/2021:08:51:43 -0500] "GET /sipse/faces/javax.faces.resource/jquery/jquery-plugins.js?ln=primefaces&v=4.0 HTTP/1.1" 200 220526
200.118.60.80 - - [03/Nov/2021:08:51:44 -0500] "GET /sipse/faces/javax.faces.resource/images/ui-icons_898989_256x240.png?ln=primefaces-aristo HTTP/1.1" 304 -
200.118.60.80 - - [03/Nov/2021:08:51:44 -0500] "GET /sipse/faces/index.xhtml HTTP/1.1" 200 677
200.118.60.80 - - [03/Nov/2021:08:51:44 -0500] "GET /sipse/faces/javax.faces.resource/theme.css?ln=primefaces-sipse HTTP/1.1" 304 -
186.86.33.55 - - [03/Nov/2021:08:51:46 -0500] "POST /sipse/faces/presentacion/financiero/solicitudProceso/listarSolicitudProceso.xhtml HTTP/1.1" 200 2629
168.119.140.246 - - [03/Nov/2021:08:51:47 -0500] "GET /BLA/resoluciones/RESOLUCIONES%202010/6439.pdf HTTP/1.1" 200 481019
186.86.33.55 - - [03/Nov/2021:08:51:48 -0500] "POST /sipse/faces/presentacion/financiero/solicitudProceso/listarSolicitudProceso.xhtml HTTP/1.1" 200 38650
186.86.33.55 - - [03/Nov/2021:08:51:48 -0500] "GET /sipse/faces/javax.faces.resource/theme.css?ln=primefaces-sipse HTTP/1.1" 304 -
186.86.33.55 - - [03/Nov/2021:08:51:49 -0500] "GET /sipse/faces/javax.faces.resource/primefaces.css?ln=primefaces&v=4.0 HTTP/1.1" 304 -
186.86.33.55 - - [03/Nov/2021:08:51:49 -0500] "GET /sipse/faces/javax.faces.resource/layout/layout.css?ln=primefaces&v=4.0 HTTP/1.1" 304 -
186.86.33.55 - - [03/Nov/2021:08:51:49 -0500] "GET /sipse/faces/javax.faces.resource/jquery/jquery.js?ln=primefaces&v=4.0 HTTP/1.1" 304 -
186.86.33.55 - - [03/Nov/2021:08:51:49 -0500] "GET /sipse/faces/javax.faces.resource/jquery/jquery-plugins.js?ln=primefaces&v=4.0 HTTP/1.1" 304 -
186.86.33.55 - - [03/Nov/2021:08:51:49 -0500] "GET /sipse/faces/javax.faces.resource/primefaces.js?ln=primefaces&v=4.0 HTTP/1.1" 304 -
186.86.33.55 - - [03/Nov/2021:08:51:49 -0500] "GET /sipse/faces/javax.faces.resource/layout/layout.js?ln=primefaces&v=4.0 HTTP/1.1" 304 -
186.86.33.55 - - [03/Nov/2021:08:51:49 -0500] "POST /sipse/faces/presentacion/financiero/solicitudProceso/consultar.xhtml HTTP/1.1" 200 32037
201.245.192.253 - - [03/Nov/2021:08:51:54 -0500] "GET /catalogoisis/ HTTP/1.1" 200 8575
186.86.33.55 - - [03/Nov/2021:08:51:55 -0500] "POST /sipse/faces/presentacion/financiero/solicitudProceso/consultar.xhtml HTTP/1.1" 200 12909
168.119.140.246 - - [03/Nov/2021:08:51:56 -0500] "GET /BLA/resoluciones/RESOLUCIONES%202010/3600.pdf HTTP/1.1" 200 52794
168.119.140.246 - - [03/Nov/2021:08:52:04 -0500] "GET /BLA/resoluciones/RESOLUCIONES%202010/2653.pdf HTTP/1.1" 200 337860
168.119.140.246 - - [03/Nov/2021:08:52:14 -0500] "GET /BLA/resoluciones/RESOLUCIONES%202010/3005.pdf HTTP/1.1" 200 1001248
201.245.192.253 - - [03/Nov/2021:08:52:21 -0500] "POST /sipse/faces/presentacion/financiero/solicitudProceso/consultarSolicitudProceso.xhtml HTTP/1.1" 200 40453
201.245.192.253 - - [03/Nov/2021:08:52:22 -0500] "GET /sipse/faces/javax.faces.resource/theme.css?ln=primefaces-sipse HTTP/1.1" 304 -
201.245.192.253 - - [03/Nov/2021:08:52:22 -0500] "GET /sipse/faces/javax.faces.resource/layout/layout.css?ln=primefaces&v=4.0 HTTP/1.1" 304 -
201.245.192.253 - - [03/Nov/2021:08:52:22 -0500] "GET /sipse/faces/javax.faces.resource/primefaces.css?ln=primefaces&v=4.0 HTTP/1.1" 304 -
201.245.192.253 - - [03/Nov/2021:08:52:22 -0500] "GET /sipse/faces/javax.faces.resource/jquery/jquery.js?ln=primefaces&v=4.0 HTTP/1.1" 304 -
201.245.192.253 - - [03/Nov/2021:08:52:22 -0500] "GET /sipse/faces/javax.faces.resource/jquery/jquery-plugins.js?ln=primefaces&v=4.0 HTTP/1.1" 304 -
201.245.192.253 - - [03/Nov/2021:08:52:22 -0500] "GET /sipse/faces/javax.faces.resource/primefaces.js?ln=primefaces&v=4.0 HTTP/1.1" 304 -
201.245.192.253 - - [03/Nov/2021:08:52:22 -0500] "GET /sipse/faces/javax.faces.resource/layout/layout.js?ln=primefaces&v=4.0 HTTP/1.1" 304 -
201.245.192.253 - - [03/Nov/2021:08:52:22 -0500] "GET /sipse/css/imagen/contrasena.png HTTP/1.1" 404 383
201.245.192.253 - - [03/Nov/2021:08:52:22 -0500] "POST /sipse/faces/presentacion/financiero/solicitudProceso/consultar.xhtml HTTP/1.1" 200 33848
201.245.192.253 - - [03/Nov/2021:08:52:22 -0500] "POST /sipse/faces/presentacion/financiero/solicitudProceso/consultar.xhtml HTTP/1.1" 200 33848
201.245.192.253 - - [03/Nov/2021:08:52:22 -0500] "POST /sipse/faces/presentacion/financiero/solicitudProceso/consultar.xhtml HTTP/1.1" 200 33848
201.245.192.253 - - [03/Nov/2021:08:52:22 -0500] "POST /sipse/faces/presentacion/financiero/solicitudProceso/consultar.xhtml HTTP/1.1" 200 33848
201.245.192.253 - - [03/Nov/2021:08:52:22 -0500] "POST /sipse/faces/presentacion/financiero/solicitudProceso/consultar.xhtml HTTP/1.1" 200 33848
201.245.192.253 - - [03/Nov/2021:08:52:22 -0500] "POST /sipse/faces/presentacion/financiero/solicitudProceso/consultar.xhtml HTTP/1.1" 200 33848
201.245.192.253 - - [03/Nov/2021:08:52:23 -0500] "POST /sipse/faces/presentacion/financiero/solicitudProceso/consultar.xhtml HTTP/1.1" 200 33848
201.245.192.253 - - [03/Nov/2021:08:52:23 -0500] "POST /sipse/faces/presentacion/financiero/solicitudProceso/consultar.xhtml HTTP/1.1" 200 33848
201.245.192.253 - - [03/Nov/2021:08:52:23 -0500] "POST /sipse/faces/presentacion/financiero/solicitudProceso/consultar.xhtml HTTP/1.1" 200 33848
168.119.140.246 - - [03/Nov/2021:08:52:23 -0500] "GET /BLA/resoluciones/RESOLUCIONES%202010/1905.pdf HTTP/1.1" 200 585450
201.245.192.253 - - [03/Nov/2021:08:52:23 -0500] "POST /sipse/faces/presentacion/financiero/solicitudProceso/consultar.xhtml HTTP/1.1" 200 33848
201.245.192.253 - - [03/Nov/2021:08:52:23 -0500] "POST /sipse/faces/presentacion/financiero/solicitudProceso/consultar.xhtml HTTP/1.1" 200 33848
201.245.192.253 - - [03/Nov/2021:08:52:23 -0500] "POST /sipse/faces/presentacion/financiero/solicitudProceso/consultar.xhtml HTTP/1.1" 200 33848
201.245.192.253 - - [03/Nov/2021:08:52:24 -0500] "POST /sipse/faces/presentacion/financiero/solicitudProceso/consultar.xhtml HTTP/1.1" 200 33848
201.245.192.253 - - [03/Nov/2021:08:52:24 -0500] "POST /sipse/faces/presentacion/financiero/solicitudProceso/consultar.xhtml HTTP/1.1" 200 33848
201.245.192.253 - - [03/Nov/2021:08:52:26 -0500] "POST /sipse/faces/presentacion/financiero/solicitudProceso/consultar.xhtml HTTP/1.1" 200 12835
201.245.192.253 - - [03/Nov/2021:08:52:27 -0500] "POST /sipse/faces/presentacion/financiero/solicitudProceso/consultar.xhtml HTTP/1.1" 200 151387
201.245.192.253 - - [03/Nov/2021:08:52:28 -0500] "GET /sipse/faces/javax.faces.resource/primefaces.css?ln=primefaces&v=4.0 HTTP/1.1" 304 -
201.245.192.253 - - [03/Nov/2021:08:52:28 -0500] "GET /sipse/faces/javax.faces.resource/theme.css?ln=primefaces-sipse HTTP/1.1" 304 -
201.245.192.253 - - [03/Nov/2021:08:52:28 -0500] "GET /sipse/faces/javax.faces.resource/layout/layout.css?ln=primefaces&v=4.0 HTTP/1.1" 304 -
201.245.192.253 - - [03/Nov/2021:08:52:28 -0500] "GET /sipse/faces/javax.faces.resource/jquery/jquery.js?ln=primefaces&v=4.0 HTTP/1.1" 304 -
201.245.192.253 - - [03/Nov/2021:08:52:28 -0500] "GET /sipse/faces/javax.faces.resource/jquery/jquery-plugins.js?ln=primefaces&v=4.0 HTTP/1.1" 304 -
201.245.192.253 - - [03/Nov/2021:08:52:28 -0500] "GET /sipse/faces/javax.faces.resource/primefaces.js?ln=primefaces&v=4.0 HTTP/1.1" 304 -
201.245.192.253 - - [03/Nov/2021:08:52:28 -0500] "GET /sipse/faces/javax.faces.resource/layout/layout.js?ln=primefaces&v=4.0 HTTP/1.1" 304 -
201.245.192.253 - - [03/Nov/2021:08:52:28 -0500] "GET /sipse/css/imagen/contrasena.png HTTP/1.1" 404 383
201.245.192.253 - - [03/Nov/2021:08:52:28 -0500] "GET /sipse/faces/javax.faces.resource/dynamiccontent.properties?ln=primefaces&pfdrid=XjOR5%2F%2FfPAZAuY9TpWQeCiM0BhlXxYRBGKi%2FQcXXfeA%3D&pfdrid_c=false HTTP/1.1" 500 383
201.245.192.253 - - [03/Nov/2021:08:52:31 -0500] "POST /sipse/faces/presentacion/financiero/solicitudProceso/consultarSolicitudProceso.xhtml HTTP/1.1" 200 173313
168.119.140.246 - - [03/Nov/2021:08:52:32 -0500] "GET /BLA/resoluciones/RESOLUCIONES%202010/6228.pdf HTTP/1.1" 200 557119
168.119.140.246 - - [03/Nov/2021:08:52:41 -0500] "GET /BLA/resoluciones/RESOLUCIONES%202010/2000.pdf HTTP/1.1" 200 337626
186.84.149.95 - - [03/Nov/2021:08:52:47 -0500] "GET /sipse/faces/index.xhtml HTTP/1.1" 200 677
186.84.149.95 - - [03/Nov/2021:08:52:47 -0500] "GET /sipse/faces/javax.faces.resource/theme.css?ln=primefaces-sipse HTTP/1.1" 304 -
186.84.149.95 - - [03/Nov/2021:08:52:47 -0500] "GET /sipse/faces/faces/autenticacion.xhtml HTTP/1.1" 200 12185
186.84.149.95 - - [03/Nov/2021:08:52:47 -0500] "GET /sipse/css/custom_css_sg.css HTTP/1.1" 304 -
186.84.149.95 - - [03/Nov/2021:08:52:47 -0500] "GET /sipse/css/custom_css_sg_prime_login.css HTTP/1.1" 304 -
186.84.149.95 - - [03/Nov/2021:08:52:47 -0500] "GET /sipse/faces/javax.faces.resource/theme.css?ln=primefaces-sipse HTTP/1.1" 304 -
186.84.149.95 - - [03/Nov/2021:08:52:47 -0500] "GET /sipse/faces/javax.faces.resource/primefaces.css?ln=primefaces&v=4.0 HTTP/1.1" 304 -
186.84.149.95 - - [03/Nov/2021:08:52:47 -0500] "GET /sipse/js/disable_browser_buttons.js HTTP/1.1" 304 -
186.84.149.95 - - [03/Nov/2021:08:52:47 -0500] "GET /sipse/faces/javax.faces.resource/layout/layout.css?ln=primefaces&v=4.0 HTTP/1.1" 304 -
186.84.149.95 - - [03/Nov/2021:08:52:47 -0500] "GET /sipse/js/funciones.js HTTP/1.1" 304 -
186.84.149.95 - - [03/Nov/2021:08:52:47 -0500] "GET /sipse/faces/javax.faces.resource/jquery/jquery.js?ln=primefaces&v=4.0 HTTP/1.1" 304 -
186.84.149.95 - - [03/Nov/2021:08:52:47 -0500] "GET /sipse/faces/javax.faces.resource/jquery/jquery-plugins.js?ln=primefaces&v=4.0 HTTP/1.1" 304 -
186.84.149.95 - - [03/Nov/2021:08:52:47 -0500] "GET /sipse/faces/javax.faces.resource/primefaces.js?ln=primefaces&v=4.0 HTTP/1.1" 304 -
186.84.149.95 - - [03/Nov/2021:08:52:47 -0500] "GET /sipse/faces/javax.faces.resource/layout/layout.js?ln=primefaces&v=4.0 HTTP/1.1" 304 -
186.84.149.95 - - [03/Nov/2021:08:52:48 -0500] "GET /sipse/css/imagen/logoSDG.png HTTP/1.1" 304 -
186.84.149.95 - - [03/Nov/2021:08:52:48 -0500] "GET /sipse/css/imagen/loginimg.png HTTP/1.1" 304 -
186.84.149.95 - - [03/Nov/2021:08:52:48 -0500] "GET /sipse/faces/javax.faces.resource/images/ui-icons_898989_256x240.png?ln=primefaces-aristo HTTP/1.1" 304 -
168.119.140.246 - - [03/Nov/2021:08:52:50 -0500] "GET /BLA/resoluciones/RESOLUCIONES%202010/2153.pdf HTTP/1.1" 200 509697
186.84.149.95 - - [03/Nov/2021:08:52:54 -0500] "POST /sipse/faces/autenticacion.xhtml HTTP/1.1" 200 2221
186.84.149.95 - - [03/Nov/2021:08:52:54 -0500] "GET /sipse/faces/javax.faces.resource/messages/messages.png?ln=primefaces&v=4.0 HTTP/1.1" 304 -
186.84.149.95 - - [03/Nov/2021:08:52:55 -0500] "POST /sipse/faces/autenticacion.xhtml HTTP/1.1" 200 15928
186.84.149.95 - - [03/Nov/2021:08:52:56 -0500] "GET /sipse/css/custom_css_sg_prime.css HTTP/1.1" 304 -
186.84.149.95 - - [03/Nov/2021:08:52:56 -0500] "GET /sipse/faces/javax.faces.resource/theme.css?ln=primefaces-sipse HTTP/1.1" 304 -
186.84.149.95 - - [03/Nov/2021:08:52:56 -0500] "GET /sipse/faces/javax.faces.resource/primefaces.css?ln=primefaces&v=4.0 HTTP/1.1" 304 -
186.84.149.95 - - [03/Nov/2021:08:52:56 -0500] "GET /sipse/faces/javax.faces.resource/layout/layout.css?ln=primefaces&v=4.0 HTTP/1.1" 304 -
186.84.149.95 - - [03/Nov/2021:08:52:56 -0500] "GET /sipse/js/jquery.min.js HTTP/1.1" 304 -
186.84.149.95 - - [03/Nov/2021:08:52:56 -0500] "GET /sipse/faces/javax.faces.resource/jquery/jquery.js?ln=primefaces&v=4.0 HTTP/1.1" 304 -
186.84.149.95 - - [03/Nov/2021:08:52:56 -0500] "GET /sipse/faces/javax.faces.resource/jquery/jquery-plugins.js?ln=primefaces&v=4.0 HTTP/1.1" 304 -
186.84.149.95 - - [03/Nov/2021:08:52:56 -0500] "GET /sipse/faces/javax.faces.resource/primefaces.js?ln=primefaces&v=4.0 HTTP/1.1" 304 -
186.84.149.95 - - [03/Nov/2021:08:52:56 -0500] "GET /sipse/faces/javax.faces.resource/layout/layout.js?ln=primefaces&v=4.0 HTTP/1.1" 304 -
186.84.149.95 - - [03/Nov/2021:08:52:56 -0500] "GET /sipse/imagenes/cargando.gif HTTP/1.1" 304 -
186.84.149.95 - - [03/Nov/2021:08:52:56 -0500] "GET /sipse/imagenes/logoAplicacion.jpg HTTP/1.1" 304 -
186.84.149.95 - - [03/Nov/2021:08:52:56 -0500] "GET /sipse/css/imagen/contrasena.png HTTP/1.1" 404 383
201.245.192.253 - - [03/Nov/2021:08:52:57 -0500] "GET /catalogoisis/ HTTP/1.1" 200 8575
186.84.149.95 - - [03/Nov/2021:08:52:58 -0500] "GET /sipse/faces/javax.faces.resource/images/ui-bg_flat_0_2d5972_40x100.png?ln=primefaces-aristo HTTP/1.1" 304 -
186.84.149.95 - - [03/Nov/2021:08:52:58 -0500] "POST /sipse/faces/bienvenido.xhtml HTTP/1.1" 200 9406
168.119.140.246 - - [03/Nov/2021:08:52:59 -0500] "GET /BLA/resoluciones/RESOLUCIONES%202010/3538.pdf HTTP/1.1" 200 495511
186.84.149.95 - - [03/Nov/2021:08:53:00 -0500] "POST /sipse/faces/bienvenido.xhtml HTTP/1.1" 200 9406
186.84.149.95 - - [03/Nov/2021:08:53:01 -0500] "POST /sipse/faces/bienvenido.xhtml HTTP/1.1" 200 2073
186.84.149.95 - - [03/Nov/2021:08:53:04 -0500] "POST /sipse/faces/bienvenido.xhtml HTTP/1.1" 200 193
186.84.149.95 - - [03/Nov/2021:08:53:04 -0500] "GET /sipse/faces/presentacion/financiero/solicitudAnulacion/consultarSolicitudAnulacion.xhtml HTTP/1.1" 200 35985
186.84.149.95 - - [03/Nov/2021:08:53:04 -0500] "GET /sipse/faces/javax.faces.resource/theme.css?ln=primefaces-sipse HTTP/1.1" 304 -
186.84.149.95 - - [03/Nov/2021:08:53:04 -0500] "GET /sipse/faces/javax.faces.resource/primefaces.css?ln=primefaces&v=4.0 HTTP/1.1" 304 -
186.84.149.95 - - [03/Nov/2021:08:53:04 -0500] "GET /sipse/faces/javax.faces.resource/jquery/jquery.js?ln=primefaces&v=4.0 HTTP/1.1" 304 -
186.84.149.95 - - [03/Nov/2021:08:53:04 -0500] "GET /sipse/faces/javax.faces.resource/layout/layout.css?ln=primefaces&v=4.0 HTTP/1.1" 304 -
186.84.149.95 - - [03/Nov/2021:08:53:04 -0500] "GET /sipse/faces/javax.faces.resource/primefaces.js?ln=primefaces&v=4.0 HTTP/1.1" 304 -
186.84.149.95 - - [03/Nov/2021:08:53:04 -0500] "GET /sipse/faces/javax.faces.resource/jquery/jquery-plugins.js?ln=primefaces&v=4.0 HTTP/1.1" 304 -
186.84.149.95 - - [03/Nov/2021:08:53:04 -0500] "GET /sipse/faces/javax.faces.resource/layout/layout.js?ln=primefaces&v=4.0 HTTP/1.1" 304 -
186.84.149.95 - - [03/Nov/2021:08:53:04 -0500] "POST /sipse/faces/presentacion/financiero/solicitudAnulacion/consultarSolicitudAnulacion.xhtml HTTP/1.1" 200 10616
168.119.140.246 - - [03/Nov/2021:08:53:08 -0500] "GET /BLA/resoluciones/RESOLUCIONES%202010/5170.pdf HTTP/1.1" 200 1045354
201.245.192.253 - - [03/Nov/2021:08:53:15 -0500] "POST /sipse/faces/presentacion/financiero/solicitudProceso/consultarSolicitudProceso.xhtml HTTP/1.1" 200 362944
201.245.192.253 - - [03/Nov/2021:08:53:16 -0500] "POST /sipse/faces/presentacion/financiero/solicitudProceso/consultarSolicitudProceso.xhtml HTTP/1.1" 200 173313
168.119.140.246 - - [03/Nov/2021:08:53:17 -0500] "GET /BLA/resoluciones/RESOLUCIONES%202010/6482.pdf HTTP/1.1" 200 1041390
201.245.192.253 - - [03/Nov/2021:08:53:17 -0500] "POST /sipse/faces/presentacion/financiero/solicitudProceso/consultarSolicitudProceso.xhtml HTTP/1.1" 200 174968
201.245.192.253 - - [03/Nov/2021:08:53:18 -0500] "POST /sipse/faces/presentacion/financiero/solicitudProceso/consultarSolicitudProceso.xhtml HTTP/1.1" 200 378609
201.245.192.253 - - [03/Nov/2021:08:53:20 -0500] "POST /sipse/faces/presentacion/financiero/solicitudProceso/consultarSolicitudProceso.xhtml HTTP/1.1" 200 4072555
201.245.192.253 - - [03/Nov/2021:08:53:22 -0500] "POST /sipse/faces/presentacion/financiero/solicitudProceso/consultarSolicitudProceso.xhtml HTTP/1.1" 200 1027109
201.245.192.253 - - [03/Nov/2021:08:53:21 -0500] "POST /sipse/faces/presentacion/financiero/solicitudProceso/consultarSolicitudProceso.xhtml HTTP/1.1" 200 4072555
168.119.140.246 - - [03/Nov/2021:08:53:26 -0500] "GET /BLA/resoluciones/RESOLUCIONES%202010/7639.pdf HTTP/1.1" 200 67305
186.80.251.208 - - [03/Nov/2021:08:53:31 -0500] "GET /sipse/faces/autenticacion.xhtml HTTP/1.1" 200 12507
186.80.251.208 - - [03/Nov/2021:08:53:32 -0500] "GET /sipse/js/disable_browser_buttons.js HTTP/1.1" 200 3230
186.80.251.208 - - [03/Nov/2021:08:53:32 -0500] "GET /sipse/css/custom_css_sg.css HTTP/1.1" 200 9694
186.80.251.208 - - [03/Nov/2021:08:53:32 -0500] "GET /sipse/css/custom_css_sg_prime_login.css HTTP/1.1" 200 443
186.80.251.208 - - [03/Nov/2021:08:53:32 -0500] "GET /sipse/faces/javax.faces.resource/theme.css?ln=primefaces-sipse HTTP/1.1" 304 -
186.80.251.208 - - [03/Nov/2021:08:53:32 -0500] "GET /sipse/faces/javax.faces.resource/layout/layout.css;jsessionid=7bo1nnbU2onsDMvMbP8t+wwf.undefined?ln=primefaces&v=4.0 HTTP/1.1" 200 542
186.80.251.208 - - [03/Nov/2021:08:53:32 -0500] "GET /sipse/js/funciones.js HTTP/1.1" 200 12592
186.80.251.208 - - [03/Nov/2021:08:53:32 -0500] "GET /sipse/faces/javax.faces.resource/primefaces.css;jsessionid=7bo1nnbU2onsDMvMbP8t+wwf.undefined?ln=primefaces&v=4.0 HTTP/1.1" 200 53295
186.80.251.208 - - [03/Nov/2021:08:53:32 -0500] "GET /sipse/faces/javax.faces.resource/layout/layout.js;jsessionid=7bo1nnbU2onsDMvMbP8t+wwf.undefined?ln=primefaces&v=4.0 HTTP/1.1" 200 87560
186.80.251.208 - - [03/Nov/2021:08:53:32 -0500] "GET /sipse/faces/javax.faces.resource/jquery/jquery.js;jsessionid=7bo1nnbU2onsDMvMbP8t+wwf.undefined?ln=primefaces&v=4.0 HTTP/1.1" 200 105384
186.80.251.208 - - [03/Nov/2021:08:53:32 -0500] "GET /sipse/faces/javax.faces.resource/primefaces.js;jsessionid=7bo1nnbU2onsDMvMbP8t+wwf.undefined?ln=primefaces&v=4.0 HTTP/1.1" 200 276924
186.80.251.208 - - [03/Nov/2021:08:53:32 -0500] "GET /sipse/faces/javax.faces.resource/jquery/jquery-plugins.js;jsessionid=7bo1nnbU2onsDMvMbP8t+wwf.undefined?ln=primefaces&v=4.0 HTTP/1.1" 200 220526
186.80.251.208 - - [03/Nov/2021:08:53:34 -0500] "GET /sipse/faces/javax.faces.resource/images/ui-icons_898989_256x240.png?ln=primefaces-aristo HTTP/1.1" 200 5355
186.80.251.208 - - [03/Nov/2021:08:53:34 -0500] "GET /sipse/css/imagen/logoSDG.png HTTP/1.1" 200 53064
186.80.251.208 - - [03/Nov/2021:08:53:34 -0500] "GET /sipse/css/imagen/loginimg.png HTTP/1.1" 200 71635
186.80.251.208 - - [03/Nov/2021:08:53:34 -0500] "GET /favicon.ico HTTP/1.1" 200 7782
186.80.251.208 - - [03/Nov/2021:08:53:34 -0500] "GET /sipse/faces/index.xhtml HTTP/1.1" 200 677
186.80.251.208 - - [03/Nov/2021:08:53:34 -0500] "GET /sipse/faces/javax.faces.resource/theme.css?ln=primefaces-sipse HTTP/1.1" 304 -
186.80.251.208 - - [03/Nov/2021:08:53:34 -0500] "GET /sipse/faces/faces/autenticacion.xhtml HTTP/1.1" 200 12185
186.80.251.208 - - [03/Nov/2021:08:53:34 -0500] "GET /sipse/faces/javax.faces.resource/theme.css?ln=primefaces-sipse HTTP/1.1" 304 -
186.80.251.208 - - [03/Nov/2021:08:53:34 -0500] "GET /sipse/faces/javax.faces.resource/layout/layout.css?ln=primefaces&v=4.0 HTTP/1.1" 304 -
186.80.251.208 - - [03/Nov/2021:08:53:34 -0500] "GET /sipse/faces/javax.faces.resource/primefaces.css?ln=primefaces&v=4.0 HTTP/1.1" 304 -
186.80.251.208 - - [03/Nov/2021:08:53:34 -0500] "GET /sipse/faces/javax.faces.resource/jquery/jquery-plugins.js?ln=primefaces&v=4.0 HTTP/1.1" 304 -
186.80.251.208 - - [03/Nov/2021:08:53:34 -0500] "GET /sipse/faces/javax.faces.resource/jquery/jquery.js?ln=primefaces&v=4.0 HTTP/1.1" 304 -
186.80.251.208 - - [03/Nov/2021:08:53:34 -0500] "GET /sipse/faces/javax.faces.resource/primefaces.js?ln=primefaces&v=4.0 HTTP/1.1" 304 -
186.80.251.208 - - [03/Nov/2021:08:53:34 -0500] "GET /sipse/faces/javax.faces.resource/layout/layout.js?ln=primefaces&v=4.0 HTTP/1.1" 304 -
186.80.251.208 - - [03/Nov/2021:08:53:34 -0500] "GET /sipse/faces/javax.faces.resource/images/ui-icons_898989_256x240.png?ln=primefaces-aristo HTTP/1.1" 304 -
168.119.140.246 - - [03/Nov/2021:08:53:34 -0500] "GET /BLA/resoluciones/RESOLUCIONES%202010/4801.pdf HTTP/1.1" 200 297162
186.80.52.62 - - [03/Nov/2021:08:53:35 -0500] "POST /sipse/faces/presentacion/financiero/solicitudProceso/consultarSolicitudProceso.xhtml HTTP/1.1" 200 174720
186.84.149.95 - - [03/Nov/2021:08:53:38 -0500] "POST /sipse/faces/presentacion/financiero/solicitudAnulacion/consultarSolicitudAnulacion.xhtml HTTP/1.1" 200 16988
186.80.251.208 - - [03/Nov/2021:08:53:41 -0500] "GET /sipse/faces/autenticacion.xhtml HTTP/1.1" 200 12185
186.80.251.208 - - [03/Nov/2021:08:53:41 -0500] "GET /sipse/faces/javax.faces.resource/primefaces.css?ln=primefaces&v=4.0 HTTP/1.1" 304 -
186.80.251.208 - - [03/Nov/2021:08:53:41 -0500] "GET /sipse/faces/javax.faces.resource/layout/layout.css?ln=primefaces&v=4.0 HTTP/1.1" 304 -
186.80.251.208 - - [03/Nov/2021:08:53:41 -0500] "GET /sipse/faces/javax.faces.resource/theme.css?ln=primefaces-sipse HTTP/1.1" 304 -
186.80.251.208 - - [03/Nov/2021:08:53:41 -0500] "GET /sipse/faces/javax.faces.resource/jquery/jquery.js?ln=primefaces&v=4.0 HTTP/1.1" 304 -
186.80.251.208 - - [03/Nov/2021:08:53:41 -0500] "GET /sipse/faces/javax.faces.resource/jquery/jquery-plugins.js?ln=primefaces&v=4.0 HTTP/1.1" 304 -
186.80.251.208 - - [03/Nov/2021:08:53:41 -0500] "GET /sipse/faces/javax.faces.resource/primefaces.js?ln=primefaces&v=4.0 HTTP/1.1" 304 -
186.80.251.208 - - [03/Nov/2021:08:53:41 -0500] "GET /sipse/faces/javax.faces.resource/layout/layout.js?ln=primefaces&v=4.0 HTTP/1.1" 304 -
186.80.251.208 - - [03/Nov/2021:08:53:41 -0500] "GET /sipse/faces/javax.faces.resource/images/ui-icons_898989_256x240.png?ln=primefaces-aristo HTTP/1.1" 304 -
186.80.251.208 - - [03/Nov/2021:08:53:41 -0500] "GET /sipse/faces/index.xhtml HTTP/1.1" 200 677
186.80.251.208 - - [03/Nov/2021:08:53:41 -0500] "GET /sipse/faces/javax.faces.resource/theme.css?ln=primefaces-sipse HTTP/1.1" 304 -
186.80.251.208 - - [03/Nov/2021:08:53:41 -0500] "GET /sipse/faces/faces/autenticacion.xhtml HTTP/1.1" 200 12185
186.80.251.208 - - [03/Nov/2021:08:53:41 -0500] "GET /sipse/faces/javax.faces.resource/theme.css?ln=primefaces-sipse HTTP/1.1" 304 -
186.80.251.208 - - [03/Nov/2021:08:53:41 -0500] "GET /sipse/faces/javax.faces.resource/primefaces.css?ln=primefaces&v=4.0 HTTP/1.1" 304 -
186.80.251.208 - - [03/Nov/2021:08:53:41 -0500] "GET /sipse/faces/javax.faces.resource/layout/layout.css?ln=primefaces&v=4.0 HTTP/1.1" 304 -
186.80.251.208 - - [03/Nov/2021:08:53:41 -0500] "GET /sipse/faces/javax.faces.resource/jquery/jquery.js?ln=primefaces&v=4.0 HTTP/1.1" 304 -
186.80.251.208 - - [03/Nov/2021:08:53:41 -0500] "GET /sipse/faces/javax.faces.resource/primefaces.js?ln=primefaces&v=4.0 HTTP/1.1" 304 -
186.80.251.208 - - [03/Nov/2021:08:53:41 -0500] "GET /sipse/faces/javax.faces.resource/jquery/jquery-plugins.js?ln=primefaces&v=4.0 HTTP/1.1" 304 -
186.80.251.208 - - [03/Nov/2021:08:53:41 -0500] "GET /sipse/faces/javax.faces.resource/layout/layout.js?ln=primefaces&v=4.0 HTTP/1.1" 304 -
186.80.251.208 - - [03/Nov/2021:08:53:42 -0500] "GET /sipse/faces/javax.faces.resource/images/ui-icons_898989_256x240.png?ln=primefaces-aristo HTTP/1.1" 304 -
168.119.140.246 - - [03/Nov/2021:08:53:43 -0500] "GET /BLA/resoluciones/RESOLUCIONES%202010/5260.pdf HTTP/1.1" 200 346668
186.80.251.208 - - [03/Nov/2021:08:53:43 -0500] "POST /sipse/faces/autenticacion.xhtml HTTP/1.1" 200 11181
186.80.251.208 - - [03/Nov/2021:08:53:44 -0500] "GET /sipse/css/custom_css_sg_prime.css HTTP/1.1" 200 5201
186.80.251.208 - - [03/Nov/2021:08:53:44 -0500] "GET /sipse/faces/javax.faces.resource/jquery/jquery.js?ln=primefaces&v=4.0 HTTP/1.1" 304 -
186.80.251.208 - - [03/Nov/2021:08:53:44 -0500] "GET /sipse/faces/javax.faces.resource/jquery/jquery-plugins.js?ln=primefaces&v=4.0 HTTP/1.1" 304 -
186.80.251.208 - - [03/Nov/2021:08:53:44 -0500] "GET /sipse/faces/javax.faces.resource/primefaces.js?ln=primefaces&v=4.0 HTTP/1.1" 304 -
186.80.251.208 - - [03/Nov/2021:08:53:44 -0500] "GET /sipse/faces/javax.faces.resource/layout/layout.js?ln=primefaces&v=4.0 HTTP/1.1" 304 -
186.80.251.208 - - [03/Nov/2021:08:53:44 -0500] "GET /sipse/faces/javax.faces.resource/messages/messages.png?ln=primefaces&v=4.0 HTTP/1.1" 304 -
186.84.149.95 - - [03/Nov/2021:08:53:44 -0500] "POST /sipse/faces/presentacion/financiero/solicitudAnulacion/consultarSolicitudAnulacion.xhtml HTTP/1.1" 200 40545
186.84.149.95 - - [03/Nov/2021:08:53:44 -0500] "GET /sipse/faces/javax.faces.resource/theme.css?ln=primefaces-sipse HTTP/1.1" 304 -
186.84.149.95 - - [03/Nov/2021:08:53:44 -0500] "GET /sipse/faces/javax.faces.resource/primefaces.css?ln=primefaces&v=4.0 HTTP/1.1" 304 -
186.84.149.95 - - [03/Nov/2021:08:53:44 -0500] "GET /sipse/faces/javax.faces.resource/layout/layout.css?ln=primefaces&v=4.0 HTTP/1.1" 304 -
186.84.149.95 - - [03/Nov/2021:08:53:44 -0500] "GET /sipse/faces/javax.faces.resource/fileupload/fileupload.css?ln=primefaces&v=4.0 HTTP/1.1" 304 -
186.84.149.95 - - [03/Nov/2021:08:53:44 -0500] "GET /sipse/faces/javax.faces.resource/jquery/jquery.js?ln=primefaces&v=4.0 HTTP/1.1" 304 -
186.84.149.95 - - [03/Nov/2021:08:53:45 -0500] "GET /sipse/faces/javax.faces.resource/jquery/jquery-plugins.js?ln=primefaces&v=4.0 HTTP/1.1" 304 -
186.84.149.95 - - [03/Nov/2021:08:53:45 -0500] "GET /sipse/faces/javax.faces.resource/primefaces.js?ln=primefaces&v=4.0 HTTP/1.1" 304 -
186.84.149.95 - - [03/Nov/2021:08:53:45 -0500] "GET /sipse/faces/javax.faces.resource/layout/layout.js?ln=primefaces&v=4.0 HTTP/1.1" 304 -
186.84.149.95 - - [03/Nov/2021:08:53:45 -0500] "GET /sipse/faces/javax.faces.resource/fileupload/fileupload.js?ln=primefaces&v=4.0 HTTP/1.1" 304 -
186.80.251.208 - - [03/Nov/2021:08:53:45 -0500] "POST /sipse/faces/presentacion/sistema/seguridad/seleccionRol.xhtml HTTP/1.1" 200 5610
186.80.251.208 - - [03/Nov/2021:08:53:46 -0500] "POST /sipse/faces/presentacion/sistema/seguridad/seleccionRol.xhtml HTTP/1.1" 200 15921
186.80.251.208 - - [03/Nov/2021:08:53:46 -0500] "GET /sipse/js/jquery.min.js HTTP/1.1" 200 85582
186.80.251.208 - - [03/Nov/2021:08:53:46 -0500] "GET /sipse/faces/javax.faces.resource/jquery/jquery.js?ln=primefaces&v=4.0 HTTP/1.1" 304 -
186.80.251.208 - - [03/Nov/2021:08:53:46 -0500] "GET /sipse/faces/javax.faces.resource/jquery/jquery-plugins.js?ln=primefaces&v=4.0 HTTP/1.1" 304 -
186.80.251.208 - - [03/Nov/2021:08:53:46 -0500] "GET /sipse/faces/javax.faces.resource/primefaces.js?ln=primefaces&v=4.0 HTTP/1.1" 304 -
186.80.251.208 - - [03/Nov/2021:08:53:46 -0500] "GET /sipse/faces/javax.faces.resource/layout/layout.js?ln=primefaces&v=4.0 HTTP/1.1" 304 -
186.80.251.208 - - [03/Nov/2021:08:53:46 -0500] "GET /sipse/css/imagen/contrasena.png HTTP/1.1" 404 383
186.80.251.208 - - [03/Nov/2021:08:53:46 -0500] "GET /sipse/imagenes/cargando.gif HTTP/1.1" 200 36959
186.80.251.208 - - [03/Nov/2021:08:53:46 -0500] "GET /sipse/imagenes/logoAplicacion.jpg HTTP/1.1" 200 155084
186.80.251.208 - - [03/Nov/2021:08:53:48 -0500] "GET /sipse/faces/javax.faces.resource/images/ui-bg_flat_0_2d5972_40x100.png?ln=primefaces-aristo HTTP/1.1" 304 -
186.80.251.208 - - [03/Nov/2021:08:53:48 -0500] "POST /sipse/faces/bienvenido.xhtml HTTP/1.1" 200 1473
186.80.251.208 - - [03/Nov/2021:08:53:48 -0500] "POST /sipse/faces/bienvenido.xhtml HTTP/1.1" 200 38052
186.80.251.208 - - [03/Nov/2021:08:53:49 -0500] "GET /sipse/faces/javax.faces.resource/jquery/jquery.js?ln=primefaces&v=4.0 HTTP/1.1" 304 -
186.80.251.208 - - [03/Nov/2021:08:53:49 -0500] "GET /sipse/faces/javax.faces.resource/jquery/jquery-plugins.js?ln=primefaces&v=4.0 HTTP/1.1" 304 -
186.80.251.208 - - [03/Nov/2021:08:53:49 -0500] "GET /sipse/faces/javax.faces.resource/primefaces.js?ln=primefaces&v=4.0 HTTP/1.1" 304 -
186.80.251.208 - - [03/Nov/2021:08:53:49 -0500] "GET /sipse/faces/javax.faces.resource/layout/layout.js?ln=primefaces&v=4.0 HTTP/1.1" 304 -
168.119.140.246 - - [03/Nov/2021:08:53:52 -0500] "GET /BLA/resoluciones/RESOLUCIONES%202010/1026.pdf HTTP/1.1" 200 95833
186.80.251.208 - - [03/Nov/2021:08:53:52 -0500] "POST /sipse/faces/presentacion/financiero/solicitudProceso/consultar.xhtml HTTP/1.1" 200 13067
186.30.130.213 - - [03/Nov/2021:08:53:53 -0500] "POST /sipse/faces/presentacion/financiero/solicitudProceso/consultarSolicitudProceso.xhtml HTTP/1.1" 200 32458
186.30.130.213 - - [03/Nov/2021:08:53:55 -0500] "GET /sipse/faces/javax.faces.resource/jquery/jquery.js?ln=primefaces&v=4.0 HTTP/1.1" 304 -
186.30.130.213 - - [03/Nov/2021:08:53:55 -0500] "GET /sipse/faces/javax.faces.resource/theme.css?ln=primefaces-sipse HTTP/1.1" 304 -
186.30.130.213 - - [03/Nov/2021:08:53:55 -0500] "GET /sipse/faces/javax.faces.resource/primefaces.css?ln=primefaces&v=4.0 HTTP/1.1" 304 -
186.30.130.213 - - [03/Nov/2021:08:53:55 -0500] "GET /sipse/faces/javax.faces.resource/layout/layout.css?ln=primefaces&v=4.0 HTTP/1.1" 304 -
186.30.130.213 - - [03/Nov/2021:08:53:55 -0500] "GET /sipse/faces/javax.faces.resource/jquery/jquery-plugins.js?ln=primefaces&v=4.0 HTTP/1.1" 304 -
186.30.130.213 - - [03/Nov/2021:08:53:55 -0500] "GET /sipse/css/imagen/contrasena.png HTTP/1.1" 404 383
186.30.130.213 - - [03/Nov/2021:08:53:55 -0500] "GET /sipse/faces/javax.faces.resource/primefaces.js?ln=primefaces&v=4.0 HTTP/1.1" 304 -
186.30.130.213 - - [03/Nov/2021:08:53:56 -0500] "GET /sipse/faces/javax.faces.resource/layout/layout.js?ln=primefaces&v=4.0 HTTP/1.1" 304 -
186.30.130.213 - - [03/Nov/2021:08:53:56 -0500] "POST /sipse/faces/presentacion/financiero/solicitudProceso/listarSolicitudProceso.xhtml HTTP/1.1" 200 1348
201.245.192.253 - - [03/Nov/2021:08:53:56 -0500] "POST /sipse/faces/presentacion/financiero/solicitudProceso/consultarSolicitudProceso.xhtml HTTP/1.1" 200 1200090
201.245.192.253 - - [03/Nov/2021:08:53:58 -0500] "GET /catalogoisis/ HTTP/1.1" 200 8575
168.119.140.246 - - [03/Nov/2021:08:54:00 -0500] "GET /BLA/resoluciones/RESOLUCIONES%202010/4486.pdf HTTP/1.1" 200 1119870
168.119.140.246 - - [03/Nov/2021:08:54:04 -0500] "GET /BLA/resoluciones/RESOLUCIONES%202010/6492.pdf HTTP/1.1" 200 494997
168.119.140.246 - - [03/Nov/2021:08:54:13 -0500] "GET /BLA/resoluciones/RESOLUCIONES%202010/5537.pdf HTTP/1.1" 200 2835214
168.119.140.246 - - [03/Nov/2021:08:54:17 -0500] "GET /BLA/resoluciones/RESOLUCIONES%202010/5986.pdf HTTP/1.1" 200 1993994
186.80.251.208 - - [03/Nov/2021:08:54:21 -0500] "POST /sipse/faces/presentacion/financiero/solicitudProceso/consultar.xhtml HTTP/1.1" 200 13099
168.119.140.246 - - [03/Nov/2021:08:54:21 -0500] "GET /BLA/resoluciones/RESOLUCIONES%202010/4272.pdf HTTP/1.1" 200 628950
168.119.140.246 - - [03/Nov/2021:08:54:30 -0500] "GET /BLA/resoluciones/RESOLUCIONES%202010/7201.pdf HTTP/1.1" 200 973731
191.95.166.137 - - [03/Nov/2021:08:54:32 -0500] "POST /sipse/faces/presentacion/financiero/solicitudProceso/listarSolicitudProceso.xhtml HTTP/1.1" 200 143381
191.95.166.137 - - [03/Nov/2021:08:54:33 -0500] "GET /sipse/css/custom_css_sg_prime.css HTTP/1.1" 304 -
191.95.166.137 - - [03/Nov/2021:08:54:33 -0500] "GET /sipse/js/disable_browser_buttons.js HTTP/1.1" 304 -
191.95.166.137 - - [03/Nov/2021:08:54:33 -0500] "GET /sipse/faces/javax.faces.resource/theme.css?ln=primefaces-sipse HTTP/1.1" 304 -
191.95.166.137 - - [03/Nov/2021:08:54:33 -0500] "GET /sipse/faces/javax.faces.resource/primefaces.css?ln=primefaces&v=4.0 HTTP/1.1" 304 -
191.95.166.137 - - [03/Nov/2021:08:54:33 -0500] "GET /sipse/faces/javax.faces.resource/layout/layout.css?ln=primefaces&v=4.0 HTTP/1.1" 304 -
191.95.166.137 - - [03/Nov/2021:08:54:33 -0500] "GET /sipse/css/imagen/contrasena.png HTTP/1.1" 404 383
191.95.166.137 - - [03/Nov/2021:08:54:33 -0500] "GET /sipse/js/jquery.min.js HTTP/1.1" 304 -
191.95.166.137 - - [03/Nov/2021:08:54:34 -0500] "GET /sipse/js/funciones.js HTTP/1.1" 304 -
191.95.166.137 - - [03/Nov/2021:08:54:34 -0500] "GET /sipse/faces/javax.faces.resource/jquery/jquery.js?ln=primefaces&v=4.0 HTTP/1.1" 304 -
191.95.166.137 - - [03/Nov/2021:08:54:34 -0500] "GET /sipse/faces/javax.faces.resource/jquery/jquery-plugins.js?ln=primefaces&v=4.0 HTTP/1.1" 304 -
191.95.166.137 - - [03/Nov/2021:08:54:34 -0500] "GET /sipse/faces/javax.faces.resource/primefaces.js?ln=primefaces&v=4.0 HTTP/1.1" 304 -
191.95.166.137 - - [03/Nov/2021:08:54:34 -0500] "GET /sipse/faces/javax.faces.resource/layout/layout.js?ln=primefaces&v=4.0 HTTP/1.1" 304 -
191.95.166.137 - - [03/Nov/2021:08:54:34 -0500] "GET /sipse/faces/javax.faces.resource/dynamiccontent.properties?ln=primefaces&pfdrid=XjOR5%2F%2FfPAZAuY9TpWQeCiM0BhlXxYRBGKi%2FQcXXfeA%3D&pfdrid_c=false HTTP/1.1" 500 383
168.119.140.246 - - [03/Nov/2021:08:54:39 -0500] "GET /BLA/resoluciones/RESOLUCIONES%202010/2576.pdf HTTP/1.1" 200 428562
186.80.251.208 - - [03/Nov/2021:08:54:44 -0500] "POST /sipse/faces/presentacion/financiero/solicitudProceso/consultar.xhtml HTTP/1.1" 200 13144
168.119.140.246 - - [03/Nov/2021:08:54:49 -0500] "GET /BLA/resoluciones/RESOLUCIONES%202010/2849.pdf HTTP/1.1" 200 652188
168.119.140.246 - - [03/Nov/2021:08:54:58 -0500] "GET /BLA/resoluciones/RESOLUCIONES%202010/1462.pdf HTTP/1.1" 200 437417
201.245.192.253 - - [03/Nov/2021:08:54:58 -0500] "GET /catalogoisis/ HTTP/1.1" 200 8575
168.119.140.246 - - [03/Nov/2021:08:55:07 -0500] "GET /BLA/resoluciones/RESOLUCIONES%202010/3480.pdf HTTP/1.1" 200 516251
168.119.140.246 - - [03/Nov/2021:08:55:17 -0500] "GET /BLA/resoluciones/RESOLUCIONES%202010/2269.pdf HTTP/1.1" 200 548508
168.119.140.246 - - [03/Nov/2021:08:55:26 -0500] "GET /BLA/resoluciones/RESOLUCIONES%202010/7322.pdf HTTP/1.1" 200 347379
201.245.192.253 - - [03/Nov/2021:08:54:43 -0500] "POST /kwsrmcab/Wsrmcab HTTP/1.1" 200 118372
168.119.140.246 - - [03/Nov/2021:08:55:36 -0500] "GET /BLA/resoluciones/RESOLUCIONES%202010/6795.pdf HTTP/1.1" 200 429460
216.245.221.92 - - [03/Nov/2021:08:55:39 -0500] "HEAD / HTTP/1.1" 200 -
168.119.140.246 - - [03/Nov/2021:08:55:45 -0500] "GET /BLA/resoluciones/RESOLUCIONES%202010/2547.pdf HTTP/1.1" 200 81901
168.119.140.246 - - [03/Nov/2021:08:55:53 -0500] "GET /BLA/resoluciones/RESOLUCIONES%202010/0788.pdf HTTP/1.1" 200 95899
201.245.192.253 - - [03/Nov/2021:08:55:58 -0500] "GET /catalogoisis/ HTTP/1.1" 200 8575
201.245.192.253 - - [03/Nov/2021:08:56:01 -0500] "POST /sipse/faces/presentacion/financiero/solicitudProceso/consultarSolicitudProceso.xhtml HTTP/1.1" 200 40489
201.245.192.253 - - [03/Nov/2021:08:56:01 -0500] "GET /sipse/faces/javax.faces.resource/theme.css?ln=primefaces-sipse HTTP/1.1" 304 -
201.245.192.253 - - [03/Nov/2021:08:56:01 -0500] "GET /sipse/faces/javax.faces.resource/primefaces.css?ln=primefaces&v=4.0 HTTP/1.1" 304 -
201.245.192.253 - - [03/Nov/2021:08:56:01 -0500] "GET /sipse/faces/javax.faces.resource/layout/layout.css?ln=primefaces&v=4.0 HTTP/1.1" 304 -
201.245.192.253 - - [03/Nov/2021:08:56:01 -0500] "GET /sipse/faces/javax.faces.resource/jquery/jquery.js?ln=primefaces&v=4.0 HTTP/1.1" 304 -
201.245.192.253 - - [03/Nov/2021:08:56:01 -0500] "GET /sipse/faces/javax.faces.resource/jquery/jquery-plugins.js?ln=primefaces&v=4.0 HTTP/1.1" 304 -
201.245.192.253 - - [03/Nov/2021:08:56:01 -0500] "GET /sipse/faces/javax.faces.resource/primefaces.js?ln=primefaces&v=4.0 HTTP/1.1" 304 -
201.245.192.253 - - [03/Nov/2021:08:56:01 -0500] "GET /sipse/faces/javax.faces.resource/layout/layout.js?ln=primefaces&v=4.0 HTTP/1.1" 304 -
201.245.192.253 - - [03/Nov/2021:08:56:01 -0500] "GET /sipse/css/imagen/contrasena.png HTTP/1.1" 404 383
201.245.192.253 - - [03/Nov/2021:08:56:01 -0500] "POST /sipse/faces/presentacion/financiero/solicitudProceso/consultar.xhtml HTTP/1.1" 200 33884
201.245.192.253 - - [03/Nov/2021:08:56:01 -0500] "POST /sipse/faces/presentacion/financiero/solicitudProceso/consultar.xhtml HTTP/1.1" 200 33884
201.245.192.253 - - [03/Nov/2021:08:56:01 -0500] "POST /sipse/faces/presentacion/financiero/solicitudProceso/consultar.xhtml HTTP/1.1" 200 33884
201.245.192.253 - - [03/Nov/2021:08:56:02 -0500] "POST /sipse/faces/presentacion/financiero/solicitudProceso/consultar.xhtml HTTP/1.1" 200 33884
201.245.192.253 - - [03/Nov/2021:08:56:02 -0500] "POST /sipse/faces/presentacion/financiero/solicitudProceso/consultar.xhtml HTTP/1.1" 200 33884
201.245.192.253 - - [03/Nov/2021:08:56:02 -0500] "POST /sipse/faces/presentacion/financiero/solicitudProceso/consultar.xhtml HTTP/1.1" 200 33884
201.245.192.253 - - [03/Nov/2021:08:56:02 -0500] "POST /sipse/faces/presentacion/financiero/solicitudProceso/consultar.xhtml HTTP/1.1" 200 33884
201.245.192.253 - - [03/Nov/2021:08:56:02 -0500] "POST /sipse/faces/presentacion/financiero/solicitudProceso/consultar.xhtml HTTP/1.1" 200 33884
201.245.192.253 - - [03/Nov/2021:08:56:02 -0500] "POST /sipse/faces/presentacion/financiero/solicitudProceso/consultar.xhtml HTTP/1.1" 200 33884
201.245.192.253 - - [03/Nov/2021:08:56:03 -0500] "POST /sipse/faces/presentacion/financiero/solicitudProceso/consultar.xhtml HTTP/1.1" 200 33884
201.245.192.253 - - [03/Nov/2021:08:56:03 -0500] "POST /sipse/faces/presentacion/financiero/solicitudProceso/consultar.xhtml HTTP/1.1" 200 33884
168.119.140.246 - - [03/Nov/2021:08:56:03 -0500] "GET /BLA/resoluciones/RESOLUCIONES%202010/0286.pdf HTTP/1.1" 200 535024
201.245.192.253 - - [03/Nov/2021:08:56:03 -0500] "POST /sipse/faces/presentacion/financiero/solicitudProceso/consultar.xhtml HTTP/1.1" 200 33884
201.245.192.253 - - [03/Nov/2021:08:56:03 -0500] "POST /sipse/faces/presentacion/financiero/solicitudProceso/consultar.xhtml HTTP/1.1" 200 33884
201.245.192.253 - - [03/Nov/2021:08:56:03 -0500] "POST /sipse/faces/presentacion/financiero/solicitudProceso/consultar.xhtml HTTP/1.1" 200 33884
201.245.192.253 - - [03/Nov/2021:08:56:04 -0500] "POST /sipse/faces/presentacion/financiero/solicitudProceso/consultar.xhtml HTTP/1.1" 200 33884
201.245.192.253 - - [03/Nov/2021:08:56:04 -0500] "POST /sipse/faces/presentacion/financiero/solicitudProceso/consultar.xhtml HTTP/1.1" 200 33884
201.245.192.253 - - [03/Nov/2021:08:56:06 -0500] "POST /sipse/faces/presentacion/financiero/solicitudProceso/consultar.xhtml HTTP/1.1" 200 12738
201.245.192.253 - - [03/Nov/2021:08:56:08 -0500] "POST /sipse/faces/presentacion/financiero/solicitudProceso/consultar.xhtml HTTP/1.1" 200 147359
201.245.192.253 - - [03/Nov/2021:08:56:09 -0500] "GET /sipse/faces/javax.faces.resource/theme.css?ln=primefaces-sipse HTTP/1.1" 304 -
201.245.192.253 - - [03/Nov/2021:08:56:09 -0500] "GET /sipse/faces/javax.faces.resource/layout/layout.css?ln=primefaces&v=4.0 HTTP/1.1" 304 -
201.245.192.253 - - [03/Nov/2021:08:56:09 -0500] "GET /sipse/faces/javax.faces.resource/primefaces.css?ln=primefaces&v=4.0 HTTP/1.1" 304 -
201.245.192.253 - - [03/Nov/2021:08:56:09 -0500] "GET /sipse/faces/javax.faces.resource/jquery/jquery.js?ln=primefaces&v=4.0 HTTP/1.1" 304 -
201.245.192.253 - - [03/Nov/2021:08:56:09 -0500] "GET /sipse/faces/javax.faces.resource/jquery/jquery-plugins.js?ln=primefaces&v=4.0 HTTP/1.1" 304 -
201.245.192.253 - - [03/Nov/2021:08:56:09 -0500] "GET /sipse/faces/javax.faces.resource/primefaces.js?ln=primefaces&v=4.0 HTTP/1.1" 304 -
201.245.192.253 - - [03/Nov/2021:08:56:09 -0500] "GET /sipse/faces/javax.faces.resource/layout/layout.js?ln=primefaces&v=4.0 HTTP/1.1" 304 -
201.245.192.253 - - [03/Nov/2021:08:56:09 -0500] "GET /sipse/css/imagen/contrasena.png HTTP/1.1" 404 383
201.245.192.253 - - [03/Nov/2021:08:56:09 -0500] "GET /sipse/faces/javax.faces.resource/dynamiccontent.properties?ln=primefaces&pfdrid=XjOR5%2F%2FfPAZAuY9TpWQeCiM0BhlXxYRBGKi%2FQcXXfeA%3D&pfdrid_c=false HTTP/1.1" 500 383
201.245.192.253 - - [03/Nov/2021:08:56:12 -0500] "POST /sipse/faces/presentacion/financiero/solicitudProceso/consultarSolicitudProceso.xhtml HTTP/1.1" 200 244529
168.119.140.246 - - [03/Nov/2021:08:56:12 -0500] "GET /BLA/resoluciones/RESOLUCIONES%202010/2843.pdf HTTP/1.1" 200 811544
168.119.140.246 - - [03/Nov/2021:08:56:21 -0500] "GET /BLA/resoluciones/RESOLUCIONES%202010/0240.pdf HTTP/1.1" 200 285353
168.119.140.246 - - [03/Nov/2021:08:56:30 -0500] "GET /BLA/resoluciones/RESOLUCIONES%202010/3707.pdf HTTP/1.1" 200 768217
168.119.140.246 - - [03/Nov/2021:08:56:39 -0500] "GET /BLA/resoluciones/RESOLUCIONES%202010/6045.pdf HTTP/1.1" 200 581309
168.119.140.246 - - [03/Nov/2021:08:56:49 -0500] "GET /BLA/resoluciones/RESOLUCIONES%202010/5965.pdf HTTP/1.1" 200 74921
201.245.192.253 - - [03/Nov/2021:08:56:57 -0500] "POST /appsia/controlador HTTP/1.1" 200 5437
201.245.192.253 - - [03/Nov/2021:08:56:57 -0500] "POST /sipse/faces/presentacion/financiero/solicitudProceso/consultarSolicitudProceso.xhtml HTTP/1.1" 200 244529
168.119.140.246 - - [03/Nov/2021:08:56:57 -0500] "GET /BLA/resoluciones/RESOLUCIONES%202010/7604.pdf HTTP/1.1" 200 66087
201.245.192.253 - - [03/Nov/2021:08:56:58 -0500] "GET /catalogoisis/ HTTP/1.1" 200 8575
201.245.192.253 - - [03/Nov/2021:08:56:58 -0500] "POST /appsia/controlador HTTP/1.1" 200 9166
201.245.192.253 - - [03/Nov/2021:08:56:58 -0500] "POST /sipse/faces/presentacion/financiero/solicitudProceso/consultarSolicitudProceso.xhtml HTTP/1.1" 200 176503
201.245.192.253 - - [03/Nov/2021:08:56:59 -0500] "POST /appsia/controlador HTTP/1.1" 200 5437
201.245.192.253 - - [03/Nov/2021:08:56:59 -0500] "POST /appsia/controlador HTTP/1.1" 200 5437
201.245.192.253 - - [03/Nov/2021:08:56:59 -0500] "POST /sipse/faces/presentacion/financiero/solicitudProceso/consultarSolicitudProceso.xhtml HTTP/1.1" 200 331323
201.245.192.253 - - [03/Nov/2021:08:57:02 -0500] "POST /sipse/faces/presentacion/financiero/solicitudProceso/consultarSolicitudProceso.xhtml HTTP/1.1" 200 2771127
201.245.192.253 - - [03/Nov/2021:08:57:02 -0500] "POST /sipse/faces/presentacion/financiero/solicitudProceso/consultarSolicitudProceso.xhtml HTTP/1.1" 200 1433223
201.245.192.253 - - [03/Nov/2021:08:57:04 -0500] "POST /sipse/faces/presentacion/financiero/solicitudProceso/consultarSolicitudProceso.xhtml HTTP/1.1" 200 1064042
201.245.192.253 - - [03/Nov/2021:08:57:05 -0500] "POST /appsia/controlador HTTP/1.1" 200 4799
191.95.166.137 - - [03/Nov/2021:08:57:05 -0500] "GET /sipse/faces/javax.faces.resource/theme.css?ln=primefaces-sipse HTTP/1.1" 304 -
191.95.166.137 - - [03/Nov/2021:08:57:05 -0500] "GET /sipse/faces/javax.faces.resource/primefaces.css?ln=primefaces&v=4.0 HTTP/1.1" 304 -
191.95.166.137 - - [03/Nov/2021:08:57:05 -0500] "GET /sipse/faces/javax.faces.resource/layout/layout.css?ln=primefaces&v=4.0 HTTP/1.1" 304 -
191.95.166.137 - - [03/Nov/2021:08:57:05 -0500] "GET /sipse/faces/javax.faces.resource/jquery/jquery.js?ln=primefaces&v=4.0 HTTP/1.1" 304 -
191.95.166.137 - - [03/Nov/2021:08:57:05 -0500] "GET /sipse/faces/javax.faces.resource/jquery/jquery-plugins.js?ln=primefaces&v=4.0 HTTP/1.1" 304 -
191.95.166.137 - - [03/Nov/2021:08:57:05 -0500] "GET /sipse/faces/javax.faces.resource/layout/layout.js?ln=primefaces&v=4.0 HTTP/1.1" 304 -
191.95.166.137 - - [03/Nov/2021:08:57:05 -0500] "GET /sipse/faces/javax.faces.resource/primefaces.js?ln=primefaces&v=4.0 HTTP/1.1" 304 -
191.95.166.137 - - [03/Nov/2021:08:57:04 -0500] "POST /sipse/faces/presentacion/financiero/solicitudProceso/consultarSolicitudProceso.xhtml HTTP/1.1" 200 23621
191.95.166.137 - - [03/Nov/2021:08:57:05 -0500] "GET /sipse/faces/javax.faces.resource/spacer/dot_clear.gif?ln=primefaces&v=4.0 HTTP/1.1" 304 -
168.119.140.246 - - [03/Nov/2021:08:57:05 -0500] "GET /BLA/resoluciones/RESOLUCIONES%202010/0805.pdf HTTP/1.1" 200 110310
201.245.192.253 - - [03/Nov/2021:08:57:09 -0500] "POST /appsia/controlador HTTP/1.1" 200 4799
168.119.140.246 - - [03/Nov/2021:08:57:15 -0500] "GET /BLA/resoluciones/RESOLUCIONES%202010/7439.pdf HTTP/1.1" 200 355165
168.119.140.246 - - [03/Nov/2021:08:57:25 -0500] "GET /BLA/resoluciones/RESOLUCIONES%202010/0940.pdf HTTP/1.1" 200 107722
201.245.192.253 - - [03/Nov/2021:08:57:28 -0500] "POST /appsia/controlador HTTP/1.1" 200 5437
201.245.192.253 - - [03/Nov/2021:08:57:30 -0500] "POST /appsia/controlador HTTP/1.1" 200 7731
168.119.140.246 - - [03/Nov/2021:08:57:34 -0500] "GET /BLA/resoluciones/RESOLUCIONES%202010/1149.pdf HTTP/1.1" 200 93727
168.119.140.246 - - [03/Nov/2021:08:57:42 -0500] "GET /BLA/resoluciones/RESOLUCIONES%202010/5003.pdf HTTP/1.1" 200 740847
168.119.140.246 - - [03/Nov/2021:08:57:51 -0500] "GET /BLA/resoluciones/RESOLUCIONES%202010/3897.pdf HTTP/1.1" 200 489663
201.245.192.253 - - [03/Nov/2021:08:57:58 -0500] "GET /catalogoisis/ HTTP/1.1" 200 8575
168.119.140.246 - - [03/Nov/2021:08:58:01 -0500] "GET /BLA/resoluciones/RESOLUCIONES%202010/3139.pdf HTTP/1.1" 200 676559
168.119.140.246 - - [03/Nov/2021:08:58:10 -0500] "GET /BLA/resoluciones/RESOLUCIONES%202010/4027.pdf HTTP/1.1" 200 83555
190.157.162.202 - - [03/Nov/2021:08:58:15 -0500] "POST /sipse/faces/presentacion/financiero/solicitudProceso/listarSolicitudProceso.xhtml HTTP/1.1" 200 911
190.157.162.202 - - [03/Nov/2021:08:58:16 -0500] "GET /sipse/faces/presentacion/financiero/solicitudProceso/faces/autenticacion HTTP/1.1" 302 -
191.95.166.137 - - [03/Nov/2021:08:58:16 -0500] "GET /sipse/faces/javax.faces.resource/theme.css?ln=primefaces-sipse HTTP/1.1" 304 -
191.95.166.137 - - [03/Nov/2021:08:58:16 -0500] "GET /sipse/faces/javax.faces.resource/layout/layout.css?ln=primefaces&v=4.0 HTTP/1.1" 304 -
191.95.166.137 - - [03/Nov/2021:08:58:16 -0500] "GET /sipse/faces/javax.faces.resource/jquery/jquery.js?ln=primefaces&v=4.0 HTTP/1.1" 304 -
191.95.166.137 - - [03/Nov/2021:08:58:16 -0500] "GET /sipse/faces/javax.faces.resource/primefaces.css?ln=primefaces&v=4.0 HTTP/1.1" 304 -
190.157.162.202 - - [03/Nov/2021:08:58:16 -0500] "GET /sipse/faces/autenticacion.xhtml HTTP/1.1" 200 12185
191.95.166.137 - - [03/Nov/2021:08:58:16 -0500] "GET /sipse/faces/javax.faces.resource/jquery/jquery-plugins.js?ln=primefaces&v=4.0 HTTP/1.1" 304 -
191.95.166.137 - - [03/Nov/2021:08:58:16 -0500] "GET /sipse/faces/javax.faces.resource/primefaces.js?ln=primefaces&v=4.0 HTTP/1.1" 304 -
191.95.166.137 - - [03/Nov/2021:08:58:16 -0500] "GET /sipse/faces/javax.faces.resource/layout/layout.js?ln=primefaces&v=4.0 HTTP/1.1" 304 -
190.157.162.202 - - [03/Nov/2021:08:58:16 -0500] "GET /sipse/css/custom_css_sg_prime_login.css HTTP/1.1" 304 -
190.157.162.202 - - [03/Nov/2021:08:58:16 -0500] "GET /sipse/faces/javax.faces.resource/theme.css?ln=primefaces-sipse HTTP/1.1" 304 -
190.157.162.202 - - [03/Nov/2021:08:58:16 -0500] "GET /sipse/faces/javax.faces.resource/layout/layout.css?ln=primefaces&v=4.0 HTTP/1.1" 304 -
190.157.162.202 - - [03/Nov/2021:08:58:16 -0500] "GET /sipse/faces/javax.faces.resource/primefaces.css?ln=primefaces&v=4.0 HTTP/1.1" 304 -
190.157.162.202 - - [03/Nov/2021:08:58:16 -0500] "GET /sipse/faces/javax.faces.resource/jquery/jquery-plugins.js?ln=primefaces&v=4.0 HTTP/1.1" 304 -
190.157.162.202 - - [03/Nov/2021:08:58:16 -0500] "GET /sipse/faces/javax.faces.resource/jquery/jquery.js?ln=primefaces&v=4.0 HTTP/1.1" 304 -
