45.238.183.56 - - [04/Nov/2021:00:34:06 -0500] "POST /sipse/faces/presentacion/proyectos/proyecto/listarProyecto.xhtml HTTP/1.1" 200 27412
45.238.183.56 - - [04/Nov/2021:00:34:06 -0500] "POST /sipse/faces/presentacion/proyectos/proyecto/listarProyecto.xhtml HTTP/1.1" 200 27412
45.238.183.56 - - [04/Nov/2021:00:34:06 -0500] "POST /sipse/faces/presentacion/proyectos/proyecto/listarProyecto.xhtml HTTP/1.1" 200 27412
45.238.183.56 - - [04/Nov/2021:00:34:07 -0500] "POST /sipse/faces/presentacion/proyectos/proyecto/listarProyecto.xhtml HTTP/1.1" 200 27412
45.238.183.56 - - [04/Nov/2021:00:34:07 -0500] "POST /sipse/faces/presentacion/proyectos/proyecto/listarProyecto.xhtml HTTP/1.1" 200 27412
13.66.139.1 - - [04/Nov/2021:00:34:07 -0500] "-" 408 -
5.9.172.212 - - [04/Nov/2021:00:34:08 -0500] "GET /BLA/resoluciones/RESOLUCIONES%202017/1915.pdf HTTP/1.1" 200 442596
45.238.183.56 - - [04/Nov/2021:00:34:09 -0500] "POST /sipse/faces/presentacion/proyectos/proyecto/listarProyecto.xhtml HTTP/1.1" 200 68402
45.238.183.56 - - [04/Nov/2021:00:34:09 -0500] "GET /sipse/faces/javax.faces.resource/theme.css?ln=primefaces-sipse HTTP/1.1" 304 -
45.238.183.56 - - [04/Nov/2021:00:34:09 -0500] "GET /sipse/faces/javax.faces.resource/layout/layout.css?ln=primefaces&v=4.0 HTTP/1.1" 304 -
45.238.183.56 - - [04/Nov/2021:00:34:09 -0500] "GET /sipse/faces/javax.faces.resource/primefaces.css?ln=primefaces&v=4.0 HTTP/1.1" 304 -
45.238.183.56 - - [04/Nov/2021:00:34:09 -0500] "GET /sipse/faces/javax.faces.resource/jquery/jquery.js?ln=primefaces&v=4.0 HTTP/1.1" 304 -
45.238.183.56 - - [04/Nov/2021:00:34:09 -0500] "GET /sipse/faces/javax.faces.resource/jquery/jquery-plugins.js?ln=primefaces&v=4.0 HTTP/1.1" 304 -
45.238.183.56 - - [04/Nov/2021:00:34:09 -0500] "GET /sipse/faces/javax.faces.resource/primefaces.js?ln=primefaces&v=4.0 HTTP/1.1" 304 -
45.238.183.56 - - [04/Nov/2021:00:34:09 -0500] "GET /sipse/faces/javax.faces.resource/layout/layout.js?ln=primefaces&v=4.0 HTTP/1.1" 304 -
45.238.183.56 - - [04/Nov/2021:00:34:09 -0500] "GET /sipse/css/imagen/contrasena.png HTTP/1.1" 404 383
45.238.183.56 - - [04/Nov/2021:00:34:09 -0500] "POST /sipse/faces/presentacion/proyectos/proyecto/listarConsultarProyectos.xhtml HTTP/1.1" 200 61792
45.238.183.56 - - [04/Nov/2021:00:34:09 -0500] "POST /sipse/faces/presentacion/proyectos/proyecto/listarConsultarProyectos.xhtml HTTP/1.1" 200 61792
45.238.183.56 - - [04/Nov/2021:00:34:10 -0500] "POST /sipse/faces/presentacion/proyectos/proyecto/listarConsultarProyectos.xhtml HTTP/1.1" 200 61792
45.238.183.56 - - [04/Nov/2021:00:34:10 -0500] "POST /sipse/faces/presentacion/proyectos/proyecto/listarConsultarProyectos.xhtml HTTP/1.1" 200 61792
45.238.183.56 - - [04/Nov/2021:00:34:10 -0500] "POST /sipse/faces/presentacion/proyectos/proyecto/listarConsultarProyectos.xhtml HTTP/1.1" 200 61792
45.238.183.56 - - [04/Nov/2021:00:34:10 -0500] "POST /sipse/faces/presentacion/proyectos/proyecto/listarConsultarProyectos.xhtml HTTP/1.1" 200 61792
45.238.183.56 - - [04/Nov/2021:00:34:12 -0500] "POST /sipse/faces/presentacion/proyectos/proyecto/listarConsultarProyectos.xhtml HTTP/1.1" 200 34002
45.238.183.56 - - [04/Nov/2021:00:34:12 -0500] "GET /sipse/faces/javax.faces.resource/theme.css?ln=primefaces-sipse HTTP/1.1" 304 -
45.238.183.56 - - [04/Nov/2021:00:34:12 -0500] "GET /sipse/faces/javax.faces.resource/primefaces.css?ln=primefaces&v=4.0 HTTP/1.1" 304 -
45.238.183.56 - - [04/Nov/2021:00:34:12 -0500] "GET /sipse/faces/javax.faces.resource/layout/layout.css?ln=primefaces&v=4.0 HTTP/1.1" 304 -
45.238.183.56 - - [04/Nov/2021:00:34:12 -0500] "GET /sipse/faces/javax.faces.resource/jquery/jquery.js?ln=primefaces&v=4.0 HTTP/1.1" 304 -
45.238.183.56 - - [04/Nov/2021:00:34:12 -0500] "GET /sipse/faces/javax.faces.resource/jquery/jquery-plugins.js?ln=primefaces&v=4.0 HTTP/1.1" 304 -
45.238.183.56 - - [04/Nov/2021:00:34:12 -0500] "GET /sipse/faces/javax.faces.resource/primefaces.js?ln=primefaces&v=4.0 HTTP/1.1" 304 -
45.238.183.56 - - [04/Nov/2021:00:34:12 -0500] "GET /sipse/faces/javax.faces.resource/layout/layout.js?ln=primefaces&v=4.0 HTTP/1.1" 304 -
45.238.183.56 - - [04/Nov/2021:00:34:12 -0500] "GET /sipse/css/imagen/contrasena.png HTTP/1.1" 404 383
45.238.183.56 - - [04/Nov/2021:00:34:12 -0500] "POST /sipse/faces/presentacion/proyectos/proyecto/listarProyecto.xhtml HTTP/1.1" 200 27412
45.238.183.56 - - [04/Nov/2021:00:34:12 -0500] "POST /sipse/faces/presentacion/proyectos/proyecto/listarProyecto.xhtml HTTP/1.1" 200 27412
45.238.183.56 - - [04/Nov/2021:00:34:12 -0500] "POST /sipse/faces/presentacion/proyectos/proyecto/listarProyecto.xhtml HTTP/1.1" 200 27412
45.238.183.56 - - [04/Nov/2021:00:34:12 -0500] "POST /sipse/faces/presentacion/proyectos/proyecto/listarProyecto.xhtml HTTP/1.1" 200 27412
45.238.183.56 - - [04/Nov/2021:00:34:12 -0500] "POST /sipse/faces/presentacion/proyectos/proyecto/listarProyecto.xhtml HTTP/1.1" 200 27412
45.238.183.56 - - [04/Nov/2021:00:34:13 -0500] "POST /sipse/faces/presentacion/proyectos/proyecto/listarProyecto.xhtml HTTP/1.1" 200 27412
45.238.183.56 - - [04/Nov/2021:00:34:13 -0500] "POST /sipse/faces/presentacion/proyectos/proyecto/listarProyecto.xhtml HTTP/1.1" 200 27412
45.238.183.56 - - [04/Nov/2021:00:34:14 -0500] "POST /sipse/faces/presentacion/proyectos/proyecto/listarProyecto.xhtml HTTP/1.1" 200 163
45.238.183.56 - - [04/Nov/2021:00:34:14 -0500] "GET /sipse/faces/presentacion/proyectos/proyecto/proyecto.xhtml HTTP/1.1" 200 89060
45.238.183.56 - - [04/Nov/2021:00:34:16 -0500] "GET /sipse/faces/javax.faces.resource/primefaces.css?ln=primefaces&v=4.0 HTTP/1.1" 304 -
45.238.183.56 - - [04/Nov/2021:00:34:16 -0500] "GET /sipse/faces/javax.faces.resource/layout/layout.css?ln=primefaces&v=4.0 HTTP/1.1" 304 -
45.238.183.56 - - [04/Nov/2021:00:34:16 -0500] "GET /sipse/faces/javax.faces.resource/theme.css?ln=primefaces-sipse HTTP/1.1" 304 -
45.238.183.56 - - [04/Nov/2021:00:34:16 -0500] "GET /sipse/faces/javax.faces.resource/jquery/jquery.js?ln=primefaces&v=4.0 HTTP/1.1" 304 -
45.238.183.56 - - [04/Nov/2021:00:34:16 -0500] "GET /sipse/faces/javax.faces.resource/jquery/jquery-plugins.js?ln=primefaces&v=4.0 HTTP/1.1" 304 -
45.238.183.56 - - [04/Nov/2021:00:34:16 -0500] "GET /sipse/faces/javax.faces.resource/primefaces.js?ln=primefaces&v=4.0 HTTP/1.1" 304 -
45.238.183.56 - - [04/Nov/2021:00:34:16 -0500] "GET /sipse/faces/javax.faces.resource/layout/layout.js?ln=primefaces&v=4.0 HTTP/1.1" 304 -
45.238.183.56 - - [04/Nov/2021:00:34:16 -0500] "GET /sipse/css/imagen/contrasena.png HTTP/1.1" 404 383
45.238.183.56 - - [04/Nov/2021:00:34:16 -0500] "GET /sipse/faces/javax.faces.resource/images/ui-icons_898989_256x240.png?ln=primefaces-aristo HTTP/1.1" 304 -
45.238.183.56 - - [04/Nov/2021:00:34:16 -0500] "GET /sipse/faces/javax.faces.resource/images/ui-bg_flat_0_2d5972_40x100.png?ln=primefaces-aristo HTTP/1.1" 304 -
45.238.183.56 - - [04/Nov/2021:00:34:16 -0500] "POST /sipse/faces/presentacion/proyectos/proyecto/proyecto.xhtml HTTP/1.1" 200 3353
5.9.172.212 - - [04/Nov/2021:00:34:17 -0500] "GET /BLA/resoluciones/RESOLUCIONES%202017/2359.pdf HTTP/1.1" 200 281057
201.245.192.253 - - [04/Nov/2021:00:34:21 -0500] "GET /catalogoisis/ HTTP/1.1" 200 8575
45.238.183.56 - - [04/Nov/2021:00:34:22 -0500] "POST /sipse/faces/presentacion/proyectos/proyecto/proyecto.xhtml HTTP/1.1" 200 10153
5.9.172.212 - - [04/Nov/2021:00:34:25 -0500] "GET /BLA/resoluciones/RESOLUCIONES%202017/2536.pdf HTTP/1.1" 200 637212
45.238.183.56 - - [04/Nov/2021:00:34:25 -0500] "POST /sipse/faces/presentacion/proyectos/proyecto/proyecto.xhtml HTTP/1.1" 200 20226
45.238.183.56 - - [04/Nov/2021:00:34:27 -0500] "POST /sipse/faces/presentacion/proyectos/proyecto/proyecto.xhtml HTTP/1.1" 200 20931
45.238.183.56 - - [04/Nov/2021:00:34:32 -0500] "POST /sipse/faces/presentacion/proyectos/proyecto/proyecto.xhtml HTTP/1.1" 200 47911
45.238.183.56 - - [04/Nov/2021:00:34:32 -0500] "GET /sipse/faces/javax.faces.resource/theme.css?ln=primefaces-sipse HTTP/1.1" 304 -
45.238.183.56 - - [04/Nov/2021:00:34:32 -0500] "GET /sipse/faces/javax.faces.resource/layout/layout.css?ln=primefaces&v=4.0 HTTP/1.1" 304 -
45.238.183.56 - - [04/Nov/2021:00:34:32 -0500] "GET /sipse/faces/javax.faces.resource/primefaces.css?ln=primefaces&v=4.0 HTTP/1.1" 304 -
45.238.183.56 - - [04/Nov/2021:00:34:32 -0500] "GET /sipse/faces/javax.faces.resource/jquery/jquery.js?ln=primefaces&v=4.0 HTTP/1.1" 304 -
45.238.183.56 - - [04/Nov/2021:00:34:32 -0500] "GET /sipse/faces/javax.faces.resource/jquery/jquery-plugins.js?ln=primefaces&v=4.0 HTTP/1.1" 304 -
45.238.183.56 - - [04/Nov/2021:00:34:33 -0500] "GET /sipse/faces/javax.faces.resource/primefaces.js?ln=primefaces&v=4.0 HTTP/1.1" 304 -
45.238.183.56 - - [04/Nov/2021:00:34:33 -0500] "GET /sipse/faces/javax.faces.resource/layout/layout.js?ln=primefaces&v=4.0 HTTP/1.1" 304 -
45.238.183.56 - - [04/Nov/2021:00:34:33 -0500] "GET /sipse/faces/javax.faces.resource/spacer/dot_clear.gif?ln=primefaces&v=4.0 HTTP/1.1" 200 42
45.238.183.56 - - [04/Nov/2021:00:34:33 -0500] "GET /sipse/css/imagen/contrasena.png HTTP/1.1" 404 383
5.9.172.212 - - [04/Nov/2021:00:34:33 -0500] "GET /BLA/resoluciones/RESOLUCIONES%202017/2371.pdf HTTP/1.1" 200 305140
45.238.183.56 - - [04/Nov/2021:00:34:40 -0500] "POST /sipse/faces/presentacion/proyectos/proyecto/objetivos/objetivo.xhtml HTTP/1.1" 200 127638
5.9.172.212 - - [04/Nov/2021:00:34:41 -0500] "GET /BLA/resoluciones/RESOLUCIONES%202017/1592.pdf HTTP/1.1" 200 614014
45.238.183.56 - - [04/Nov/2021:00:34:42 -0500] "GET /sipse/faces/javax.faces.resource/theme.css?ln=primefaces-sipse HTTP/1.1" 304 -
45.238.183.56 - - [04/Nov/2021:00:34:42 -0500] "GET /sipse/faces/javax.faces.resource/primefaces.css?ln=primefaces&v=4.0 HTTP/1.1" 304 -
45.238.183.56 - - [04/Nov/2021:00:34:42 -0500] "GET /sipse/faces/javax.faces.resource/layout/layout.css?ln=primefaces&v=4.0 HTTP/1.1" 304 -
45.238.183.56 - - [04/Nov/2021:00:34:42 -0500] "GET /sipse/faces/javax.faces.resource/jquery/jquery.js?ln=primefaces&v=4.0 HTTP/1.1" 304 -
45.238.183.56 - - [04/Nov/2021:00:34:42 -0500] "GET /sipse/faces/javax.faces.resource/jquery/jquery-plugins.js?ln=primefaces&v=4.0 HTTP/1.1" 304 -
45.238.183.56 - - [04/Nov/2021:00:34:42 -0500] "GET /sipse/faces/javax.faces.resource/primefaces.js?ln=primefaces&v=4.0 HTTP/1.1" 304 -
45.238.183.56 - - [04/Nov/2021:00:34:42 -0500] "GET /sipse/faces/javax.faces.resource/layout/layout.js?ln=primefaces&v=4.0 HTTP/1.1" 304 -
207.46.13.82 - - [04/Nov/2021:00:34:47 -0500] "GET / HTTP/1.1" 200 319
5.9.172.212 - - [04/Nov/2021:00:34:50 -0500] "GET /BLA/resoluciones/RESOLUCIONES%202017/1943.pdf HTTP/1.1" 200 400808
45.238.183.56 - - [04/Nov/2021:00:34:57 -0500] "POST /sipse/faces/presentacion/proyectos/proyecto/meta/meta.xhtml HTTP/1.1" 200 44043
45.238.183.56 - - [04/Nov/2021:00:34:58 -0500] "GET /sipse/faces/javax.faces.resource/theme.css?ln=primefaces-sipse HTTP/1.1" 304 -
45.238.183.56 - - [04/Nov/2021:00:34:58 -0500] "GET /sipse/faces/javax.faces.resource/layout/layout.css?ln=primefaces&v=4.0 HTTP/1.1" 304 -
45.238.183.56 - - [04/Nov/2021:00:34:58 -0500] "GET /sipse/faces/javax.faces.resource/primefaces.css?ln=primefaces&v=4.0 HTTP/1.1" 304 -
45.238.183.56 - - [04/Nov/2021:00:34:58 -0500] "GET /sipse/faces/javax.faces.resource/jquery/jquery.js?ln=primefaces&v=4.0 HTTP/1.1" 304 -
45.238.183.56 - - [04/Nov/2021:00:34:58 -0500] "GET /sipse/faces/javax.faces.resource/jquery/jquery-plugins.js?ln=primefaces&v=4.0 HTTP/1.1" 304 -
45.238.183.56 - - [04/Nov/2021:00:34:58 -0500] "GET /sipse/faces/javax.faces.resource/primefaces.js?ln=primefaces&v=4.0 HTTP/1.1" 304 -
45.238.183.56 - - [04/Nov/2021:00:34:58 -0500] "GET /sipse/faces/javax.faces.resource/layout/layout.js?ln=primefaces&v=4.0 HTTP/1.1" 304 -
45.238.183.56 - - [04/Nov/2021:00:34:58 -0500] "POST /sipse/faces/presentacion/financiero/solicitudProceso/consultar.xhtml HTTP/1.1" 200 37445
45.238.183.56 - - [04/Nov/2021:00:34:58 -0500] "POST /sipse/faces/presentacion/financiero/solicitudProceso/consultar.xhtml HTTP/1.1" 200 37445
5.9.172.212 - - [04/Nov/2021:00:34:58 -0500] "GET /BLA/resoluciones/RESOLUCIONES%202017/0467.pdf HTTP/1.1" 200 340868
209.141.51.171 - - [04/Nov/2021:00:34:57 -0500] "POST /boaform/admin/formLogin HTTP/1.1" 404 1186
5.9.172.212 - - [04/Nov/2021:00:35:07 -0500] "GET /BLA/resoluciones/RESOLUCIONES%202017/2616.pdf HTTP/1.1" 200 254683
5.9.172.212 - - [04/Nov/2021:00:35:15 -0500] "GET /BLA/resoluciones/RESOLUCIONES%202017/0756.pdf HTTP/1.1" 200 398275
201.245.192.253 - - [04/Nov/2021:00:35:22 -0500] "GET /catalogoisis/ HTTP/1.1" 200 8575
5.9.172.212 - - [04/Nov/2021:00:35:24 -0500] "GET /BLA/resoluciones/RESOLUCIONES%202017/0394.pdf HTTP/1.1" 200 582229
201.245.192.253 - - [04/Nov/2021:00:34:39 -0500] "POST /kwsrmcab/Wsrmcab HTTP/1.1" 200 119064
5.9.172.212 - - [04/Nov/2021:00:35:33 -0500] "GET /BLA/resoluciones/RESOLUCIONES%202017/1557.pdf HTTP/1.1" 200 416791
216.245.221.92 - - [04/Nov/2021:00:35:36 -0500] "HEAD / HTTP/1.1" 200 -
5.9.172.212 - - [04/Nov/2021:00:35:42 -0500] "GET /BLA/resoluciones/RESOLUCIONES%202017/1618.pdf HTTP/1.1" 200 568527
5.9.172.212 - - [04/Nov/2021:00:35:51 -0500] "GET /BLA/resoluciones/RESOLUCIONES%202017/1731.pdf HTTP/1.1" 200 498186
5.9.172.212 - - [04/Nov/2021:00:36:00 -0500] "GET /BLA/resoluciones/RESOLUCIONES%202017/3427.pdf HTTP/1.1" 200 361988
5.9.172.212 - - [04/Nov/2021:00:36:09 -0500] "GET /BLA/resoluciones/RESOLUCIONES%202017/0352.pdf HTTP/1.1" 200 601818
5.9.172.212 - - [04/Nov/2021:00:36:17 -0500] "GET /BLA/resoluciones/RESOLUCIONES%202017/0323.pdf HTTP/1.1" 200 441245
201.245.192.253 - - [04/Nov/2021:00:36:23 -0500] "GET /catalogoisis/ HTTP/1.1" 200 8575
5.9.172.212 - - [04/Nov/2021:00:36:26 -0500] "GET /BLA/resoluciones/RESOLUCIONES%202017/2708.pdf HTTP/1.1" 200 256503
5.9.172.212 - - [04/Nov/2021:00:36:35 -0500] "GET /BLA/resoluciones/RESOLUCIONES%202017/1354.pdf HTTP/1.1" 200 440522
5.9.172.212 - - [04/Nov/2021:00:36:43 -0500] "GET /BLA/resoluciones/RESOLUCIONES%202017/0139.pdf HTTP/1.1" 200 888187
5.9.172.212 - - [04/Nov/2021:00:36:52 -0500] "GET /BLA/resoluciones/RESOLUCIONES%202017/1862.pdf HTTP/1.1" 200 428713
5.9.172.212 - - [04/Nov/2021:00:37:01 -0500] "GET /BLA/resoluciones/RESOLUCIONES%202017/0081.pdf HTTP/1.1" 200 2028192
5.9.172.212 - - [04/Nov/2021:00:37:04 -0500] "GET /BLA/resoluciones/RESOLUCIONES%202017/2552.pdf HTTP/1.1" 200 275127
5.9.172.212 - - [04/Nov/2021:00:37:13 -0500] "GET /BLA/resoluciones/RESOLUCIONES%202017/0711.pdf HTTP/1.1" 200 308594
5.9.172.212 - - [04/Nov/2021:00:37:22 -0500] "GET /BLA/resoluciones/RESOLUCIONES%202017/2795.pdf HTTP/1.1" 200 305312
201.245.192.253 - - [04/Nov/2021:00:37:23 -0500] "GET /catalogoisis/ HTTP/1.1" 200 8575
5.9.172.212 - - [04/Nov/2021:00:37:31 -0500] "GET /BLA/resoluciones/RESOLUCIONES%202017/2587.pdf HTTP/1.1" 200 1869546
5.9.172.212 - - [04/Nov/2021:00:37:35 -0500] "GET /BLA/resoluciones/RESOLUCIONES%202017/1882.pdf HTTP/1.1" 200 604449
5.9.172.212 - - [04/Nov/2021:00:37:43 -0500] "GET /BLA/resoluciones/RESOLUCIONES%202017/1982.pdf HTTP/1.1" 200 827224
5.9.172.212 - - [04/Nov/2021:00:37:53 -0500] "GET /BLA/resoluciones/RESOLUCIONES%202017/0294.pdf HTTP/1.1" 200 288334
5.9.172.212 - - [04/Nov/2021:00:38:01 -0500] "GET /BLA/resoluciones/RESOLUCIONES%202017/3630.pdf HTTP/1.1" 200 281295
5.9.172.212 - - [04/Nov/2021:00:38:13 -0500] "GET /BLA/resoluciones/RESOLUCIONES%202017/2569.pdf HTTP/1.1" 200 505144
5.9.172.212 - - [04/Nov/2021:00:38:21 -0500] "GET /BLA/resoluciones/RESOLUCIONES%202017/0974.pdf HTTP/1.1" 200 399908
201.245.192.253 - - [04/Nov/2021:00:38:25 -0500] "GET /catalogoisis/ HTTP/1.1" 200 8575
5.9.172.212 - - [04/Nov/2021:00:38:29 -0500] "GET /BLA/resoluciones/RESOLUCIONES%202017/3357.pdf HTTP/1.1" 200 4511084
5.9.172.212 - - [04/Nov/2021:00:38:33 -0500] "GET /BLA/resoluciones/RESOLUCIONES%202017/2860.pdf HTTP/1.1" 200 280583
5.9.172.212 - - [04/Nov/2021:00:38:42 -0500] "GET /BLA/resoluciones/RESOLUCIONES%202017/3644.pdf HTTP/1.1" 200 374362
5.9.172.212 - - [04/Nov/2021:00:38:51 -0500] "GET /BLA/resoluciones/RESOLUCIONES%202017/2922.pdf HTTP/1.1" 200 260979
5.9.172.212 - - [04/Nov/2021:00:39:00 -0500] "GET /BLA/resoluciones/RESOLUCIONES%202017/0954.pdf HTTP/1.1" 200 713241
5.9.172.212 - - [04/Nov/2021:00:39:09 -0500] "GET /BLA/resoluciones/RESOLUCIONES%202017/2788.pdf HTTP/1.1" 200 306010
5.9.172.212 - - [04/Nov/2021:00:39:17 -0500] "GET /BLA/resoluciones/RESOLUCIONES%202017/3519.pdf HTTP/1.1" 200 382443
201.245.192.253 - - [04/Nov/2021:00:39:25 -0500] "GET /catalogoisis/ HTTP/1.1" 200 8575
5.9.172.212 - - [04/Nov/2021:00:39:26 -0500] "GET /BLA/resoluciones/RESOLUCIONES%202017/0052.pdf HTTP/1.1" 200 355119
5.9.172.212 - - [04/Nov/2021:00:39:34 -0500] "GET /BLA/resoluciones/RESOLUCIONES%202017/0254.pdf HTTP/1.1" 200 514534
5.9.172.212 - - [04/Nov/2021:00:39:43 -0500] "GET /BLA/resoluciones/RESOLUCIONES%202017/1240.pdf HTTP/1.1" 200 441639
5.9.172.212 - - [04/Nov/2021:00:39:51 -0500] "GET /BLA/resoluciones/RESOLUCIONES%202017/3063.pdf HTTP/1.1" 200 303978
5.9.172.212 - - [04/Nov/2021:00:40:00 -0500] "GET /BLA/resoluciones/RESOLUCIONES%202017/3278.pdf HTTP/1.1" 200 442229
5.9.172.212 - - [04/Nov/2021:00:40:09 -0500] "GET /BLA/resoluciones/RESOLUCIONES%202017/2578.pdf HTTP/1.1" 200 278018
5.9.172.212 - - [04/Nov/2021:00:40:18 -0500] "GET /BLA/resoluciones/RESOLUCIONES%202017/1138.pdf HTTP/1.1" 200 570229
5.9.172.212 - - [04/Nov/2021:00:40:26 -0500] "GET /BLA/resoluciones/RESOLUCIONES%202017/2752.pdf HTTP/1.1" 200 552216
201.245.192.253 - - [04/Nov/2021:00:40:26 -0500] "GET /catalogoisis/ HTTP/1.1" 200 8575
5.9.172.212 - - [04/Nov/2021:00:40:35 -0500] "GET /BLA/resoluciones/RESOLUCIONES%202017/2818.pdf HTTP/1.1" 200 322195
216.245.221.92 - - [04/Nov/2021:00:40:36 -0500] "HEAD / HTTP/1.1" 200 -
190.24.66.101 - - [04/Nov/2021:00:40:36 -0500] "GET /alcaldes-lideres-mundiales-y-organizaciones-internacionales-reconocen-a-bogota-como-ejemplo-de-lucha-contra-el-cambio-climatico.html HTTP/1.1" 200 1056
5.9.172.212 - - [04/Nov/2021:00:40:44 -0500] "GET /BLA/resoluciones/RESOLUCIONES%202017/2469.pdf HTTP/1.1" 200 277827
5.9.172.212 - - [04/Nov/2021:00:40:52 -0500] "GET /BLA/resoluciones/RESOLUCIONES%202017/0793.pdf HTTP/1.1" 200 770005
5.9.172.212 - - [04/Nov/2021:00:41:01 -0500] "GET /BLA/resoluciones/RESOLUCIONES%202017/0697.pdf HTTP/1.1" 200 305812
201.245.192.253 - - [04/Nov/2021:00:40:18 -0500] "POST /kwsrmcab/Wsrmcab HTTP/1.1" 200 44155
5.9.172.212 - - [04/Nov/2021:00:41:09 -0500] "GET /BLA/resoluciones/RESOLUCIONES%202017/1926.pdf HTTP/1.1" 200 289562
5.9.172.212 - - [04/Nov/2021:00:41:17 -0500] "GET /BLA/resoluciones/RESOLUCIONES%202017/2793.pdf HTTP/1.1" 200 303959
5.9.172.212 - - [04/Nov/2021:00:41:26 -0500] "GET /BLA/resoluciones/RESOLUCIONES%202017/0282.pdf HTTP/1.1" 200 448445
201.245.192.253 - - [04/Nov/2021:00:41:27 -0500] "GET /catalogoisis/ HTTP/1.1" 200 8575
5.9.172.212 - - [04/Nov/2021:00:41:34 -0500] "GET /BLA/resoluciones/RESOLUCIONES%202017/0698.pdf HTTP/1.1" 200 314822
5.9.172.212 - - [04/Nov/2021:00:41:43 -0500] "GET /BLA/resoluciones/RESOLUCIONES%202017/3121.pdf HTTP/1.1" 200 338790
201.245.192.253 - - [04/Nov/2021:00:41:05 -0500] "POST /kwsrmcab/Wsrmcab HTTP/1.1" 200 46892
5.9.172.212 - - [04/Nov/2021:00:41:52 -0500] "GET /BLA/resoluciones/RESOLUCIONES%202017/2902.pdf HTTP/1.1" 200 279650
5.9.172.212 - - [04/Nov/2021:00:42:01 -0500] "GET /BLA/resoluciones/RESOLUCIONES%202017/1182.pdf HTTP/1.1" 200 318135
5.9.172.212 - - [04/Nov/2021:00:42:10 -0500] "GET /BLA/resoluciones/RESOLUCIONES%202017/3338.pdf HTTP/1.1" 200 323221
5.9.172.212 - - [04/Nov/2021:00:42:18 -0500] "GET /BLA/resoluciones/RESOLUCIONES%202017/1971.pdf HTTP/1.1" 200 280577
157.55.39.126 - - [04/Nov/2021:00:42:19 -0500] "GET /bla/resoluciones/resoluciones%202004/resolucion%20683%20de%202004.pdf HTTP/1.1" 200 358726
201.245.192.253 - - [04/Nov/2021:00:42:27 -0500] "GET /catalogoisis/ HTTP/1.1" 200 8575
5.9.172.212 - - [04/Nov/2021:00:42:27 -0500] "GET /BLA/resoluciones/RESOLUCIONES%202017/3372.pdf HTTP/1.1" 200 344291
5.9.172.212 - - [04/Nov/2021:00:42:36 -0500] "GET /BLA/resoluciones/RESOLUCIONES%202017/0833.pdf HTTP/1.1" 200 303864
45.238.183.56 - - [04/Nov/2021:00:42:40 -0500] "GET /sipse/faces/faces/autenticacion.xhtml HTTP/1.1" 200 12187
45.238.183.56 - - [04/Nov/2021:00:42:41 -0500] "GET /sipse/faces/javax.faces.resource/theme.css?ln=primefaces-sipse HTTP/1.1" 304 -
45.238.183.56 - - [04/Nov/2021:00:42:41 -0500] "GET /sipse/faces/javax.faces.resource/layout/layout.css?ln=primefaces&v=4.0 HTTP/1.1" 304 -
45.238.183.56 - - [04/Nov/2021:00:42:41 -0500] "GET /sipse/faces/javax.faces.resource/primefaces.css?ln=primefaces&v=4.0 HTTP/1.1" 304 -
45.238.183.56 - - [04/Nov/2021:00:42:41 -0500] "GET /sipse/faces/javax.faces.resource/jquery/jquery-plugins.js?ln=primefaces&v=4.0 HTTP/1.1" 304 -
45.238.183.56 - - [04/Nov/2021:00:42:41 -0500] "GET /sipse/faces/javax.faces.resource/layout/layout.js?ln=primefaces&v=4.0 HTTP/1.1" 304 -
45.238.183.56 - - [04/Nov/2021:00:42:41 -0500] "GET /sipse/faces/javax.faces.resource/primefaces.js?ln=primefaces&v=4.0 HTTP/1.1" 304 -
45.238.183.56 - - [04/Nov/2021:00:42:41 -0500] "GET /sipse/faces/javax.faces.resource/jquery/jquery.js?ln=primefaces&v=4.0 HTTP/1.1" 304 -
45.238.183.56 - - [04/Nov/2021:00:42:41 -0500] "GET /sipse/faces/javax.faces.resource/images/ui-icons_898989_256x240.png?ln=primefaces-aristo HTTP/1.1" 304 -
45.238.183.56 - - [04/Nov/2021:00:42:41 -0500] "GET /sipse/faces/faces/index.xhtml HTTP/1.1" 200 677
45.238.183.56 - - [04/Nov/2021:00:42:41 -0500] "GET /sipse/faces/javax.faces.resource/theme.css?ln=primefaces-sipse HTTP/1.1" 304 -
45.238.183.56 - - [04/Nov/2021:00:42:41 -0500] "GET /sipse/faces/faces/faces/autenticacion.xhtml HTTP/1.1" 200 12187
45.238.183.56 - - [04/Nov/2021:00:42:41 -0500] "GET /sipse/faces/javax.faces.resource/theme.css?ln=primefaces-sipse HTTP/1.1" 304 -
45.238.183.56 - - [04/Nov/2021:00:42:41 -0500] "GET /sipse/faces/javax.faces.resource/primefaces.css?ln=primefaces&v=4.0 HTTP/1.1" 304 -
45.238.183.56 - - [04/Nov/2021:00:42:41 -0500] "GET /sipse/faces/javax.faces.resource/layout/layout.css?ln=primefaces&v=4.0 HTTP/1.1" 304 -
45.238.183.56 - - [04/Nov/2021:00:42:41 -0500] "GET /sipse/faces/javax.faces.resource/jquery/jquery.js?ln=primefaces&v=4.0 HTTP/1.1" 304 -
45.238.183.56 - - [04/Nov/2021:00:42:41 -0500] "GET /sipse/faces/javax.faces.resource/jquery/jquery-plugins.js?ln=primefaces&v=4.0 HTTP/1.1" 304 -
45.238.183.56 - - [04/Nov/2021:00:42:41 -0500] "GET /sipse/faces/javax.faces.resource/primefaces.js?ln=primefaces&v=4.0 HTTP/1.1" 304 -
45.238.183.56 - - [04/Nov/2021:00:42:41 -0500] "GET /sipse/faces/javax.faces.resource/layout/layout.js?ln=primefaces&v=4.0 HTTP/1.1" 304 -
45.238.183.56 - - [04/Nov/2021:00:42:41 -0500] "GET /sipse/faces/javax.faces.resource/images/ui-icons_898989_256x240.png?ln=primefaces-aristo HTTP/1.1" 304 -
5.9.172.212 - - [04/Nov/2021:00:42:45 -0500] "GET /BLA/resoluciones/RESOLUCIONES%202017/0808.pdf HTTP/1.1" 200 310621
45.238.183.56 - - [04/Nov/2021:00:42:45 -0500] "POST /sipse/faces/autenticacion.xhtml HTTP/1.1" 200 2221
45.238.183.56 - - [04/Nov/2021:00:42:45 -0500] "GET /sipse/faces/javax.faces.resource/messages/messages.png?ln=primefaces&v=4.0 HTTP/1.1" 304 -
45.238.183.56 - - [04/Nov/2021:00:42:47 -0500] "GET /sipse/faces/javax.faces.resource/images/ui-icons_898989_256x240.png?ln=primefaces-aristo HTTP/1.1" 304 -
45.238.183.56 - - [04/Nov/2021:00:42:47 -0500] "POST /sipse/faces/autenticacion.xhtml HTTP/1.1" 200 15938
45.238.183.56 - - [04/Nov/2021:00:42:47 -0500] "GET /sipse/faces/javax.faces.resource/theme.css?ln=primefaces-sipse HTTP/1.1" 304 -
45.238.183.56 - - [04/Nov/2021:00:42:47 -0500] "GET /sipse/faces/javax.faces.resource/primefaces.css?ln=primefaces&v=4.0 HTTP/1.1" 304 -
45.238.183.56 - - [04/Nov/2021:00:42:47 -0500] "GET /sipse/faces/javax.faces.resource/layout/layout.css?ln=primefaces&v=4.0 HTTP/1.1" 304 -
45.238.183.56 - - [04/Nov/2021:00:42:47 -0500] "GET /sipse/faces/javax.faces.resource/jquery/jquery.js?ln=primefaces&v=4.0 HTTP/1.1" 304 -
45.238.183.56 - - [04/Nov/2021:00:42:47 -0500] "GET /sipse/faces/javax.faces.resource/jquery/jquery-plugins.js?ln=primefaces&v=4.0 HTTP/1.1" 304 -
45.238.183.56 - - [04/Nov/2021:00:42:48 -0500] "GET /sipse/faces/javax.faces.resource/primefaces.js?ln=primefaces&v=4.0 HTTP/1.1" 304 -
45.238.183.56 - - [04/Nov/2021:00:42:48 -0500] "GET /sipse/faces/javax.faces.resource/layout/layout.js?ln=primefaces&v=4.0 HTTP/1.1" 304 -
45.238.183.56 - - [04/Nov/2021:00:42:48 -0500] "GET /sipse/css/imagen/contrasena.png HTTP/1.1" 404 383
45.238.183.56 - - [04/Nov/2021:00:42:50 -0500] "GET /sipse/faces/javax.faces.resource/images/ui-bg_flat_0_2d5972_40x100.png?ln=primefaces-aristo HTTP/1.1" 304 -
45.238.183.56 - - [04/Nov/2021:00:42:50 -0500] "POST /sipse/faces/bienvenido.xhtml HTTP/1.1" 200 2060
45.238.183.56 - - [04/Nov/2021:00:42:51 -0500] "POST /sipse/faces/bienvenido.xhtml HTTP/1.1" 200 30001
45.238.183.56 - - [04/Nov/2021:00:42:52 -0500] "GET /sipse/faces/javax.faces.resource/theme.css?ln=primefaces-sipse HTTP/1.1" 304 -
45.238.183.56 - - [04/Nov/2021:00:42:52 -0500] "GET /sipse/faces/javax.faces.resource/primefaces.css?ln=primefaces&v=4.0 HTTP/1.1" 304 -
45.238.183.56 - - [04/Nov/2021:00:42:52 -0500] "GET /sipse/faces/javax.faces.resource/layout/layout.css?ln=primefaces&v=4.0 HTTP/1.1" 304 -
45.238.183.56 - - [04/Nov/2021:00:42:52 -0500] "GET /sipse/faces/javax.faces.resource/jquery/jquery.js?ln=primefaces&v=4.0 HTTP/1.1" 304 -
45.238.183.56 - - [04/Nov/2021:00:42:52 -0500] "GET /sipse/faces/javax.faces.resource/jquery/jquery-plugins.js?ln=primefaces&v=4.0 HTTP/1.1" 304 -
45.238.183.56 - - [04/Nov/2021:00:42:52 -0500] "GET /sipse/faces/javax.faces.resource/primefaces.js?ln=primefaces&v=4.0 HTTP/1.1" 304 -
45.238.183.56 - - [04/Nov/2021:00:42:52 -0500] "GET /sipse/faces/javax.faces.resource/layout/layout.js?ln=primefaces&v=4.0 HTTP/1.1" 304 -
45.238.183.56 - - [04/Nov/2021:00:42:52 -0500] "GET /sipse/css/imagen/contrasena.png HTTP/1.1" 404 383
45.238.183.56 - - [04/Nov/2021:00:42:52 -0500] "POST /sipse/faces/presentacion/financiero/solicitudProceso/listarSolicitudProceso.xhtml HTTP/1.1" 200 1328
5.9.172.212 - - [04/Nov/2021:00:42:54 -0500] "GET /BLA/resoluciones/RESOLUCIONES%202017/2298.pdf HTTP/1.1" 200 514070
5.9.172.212 - - [04/Nov/2021:00:43:03 -0500] "GET /BLA/resoluciones/RESOLUCIONES%202017/3660.pdf HTTP/1.1" 200 3602941
45.238.183.56 - - [04/Nov/2021:00:43:04 -0500] "POST /sipse/faces/presentacion/financiero/solicitudProceso/listarSolicitudProceso.xhtml HTTP/1.1" 200 1622
5.9.172.212 - - [04/Nov/2021:00:43:12 -0500] "GET /BLA/resoluciones/RESOLUCIONES%202017/1142.pdf HTTP/1.1" 200 1007915
45.238.183.56 - - [04/Nov/2021:00:43:16 -0500] "POST /sipse/faces/presentacion/financiero/solicitudProceso/listarSolicitudProceso.xhtml HTTP/1.1" 200 1622
45.238.183.56 - - [04/Nov/2021:00:43:20 -0500] "POST /sipse/faces/presentacion/financiero/solicitudProceso/listarSolicitudProceso.xhtml HTTP/1.1" 200 1870
45.238.183.56 - - [04/Nov/2021:00:43:20 -0500] "POST /sipse/faces/presentacion/financiero/solicitudProceso/listarSolicitudProceso.xhtml HTTP/1.1" 200 1870
5.9.172.212 - - [04/Nov/2021:00:43:21 -0500] "GET /BLA/resoluciones/RESOLUCIONES%202017/3149.pdf HTTP/1.1" 200 263862
45.238.183.56 - - [04/Nov/2021:00:43:22 -0500] "POST /sipse/faces/presentacion/financiero/solicitudProceso/listarSolicitudProceso.xhtml HTTP/1.1" 200 1870
45.238.183.56 - - [04/Nov/2021:00:43:24 -0500] "POST /sipse/faces/presentacion/financiero/solicitudProceso/listarSolicitudProceso.xhtml HTTP/1.1" 200 23377
45.238.183.56 - - [04/Nov/2021:00:43:24 -0500] "POST /sipse/faces/presentacion/financiero/solicitudProceso/listarSolicitudProceso.xhtml HTTP/1.1" 200 23377
45.238.183.56 - - [04/Nov/2021:00:43:24 -0500] "POST /sipse/faces/presentacion/financiero/solicitudProceso/listarSolicitudProceso.xhtml HTTP/1.1" 200 1328
45.238.183.56 - - [04/Nov/2021:00:43:24 -0500] "POST /sipse/faces/presentacion/financiero/solicitudProceso/listarSolicitudProceso.xhtml HTTP/1.1" 200 1324
45.238.183.56 - - [04/Nov/2021:00:43:27 -0500] "POST /sipse/faces/presentacion/financiero/solicitudProceso/listarSolicitudProceso.xhtml HTTP/1.1" 200 2629
45.238.183.56 - - [04/Nov/2021:00:43:28 -0500] "POST /sipse/faces/presentacion/financiero/solicitudProceso/listarSolicitudProceso.xhtml HTTP/1.1" 200 39795
45.238.183.56 - - [04/Nov/2021:00:43:28 -0500] "GET /sipse/faces/javax.faces.resource/theme.css?ln=primefaces-sipse HTTP/1.1" 304 -
45.238.183.56 - - [04/Nov/2021:00:43:28 -0500] "GET /sipse/faces/javax.faces.resource/primefaces.css?ln=primefaces&v=4.0 HTTP/1.1" 304 -
45.238.183.56 - - [04/Nov/2021:00:43:28 -0500] "GET /sipse/faces/javax.faces.resource/layout/layout.css?ln=primefaces&v=4.0 HTTP/1.1" 304 -
45.238.183.56 - - [04/Nov/2021:00:43:28 -0500] "GET /sipse/faces/javax.faces.resource/jquery/jquery.js?ln=primefaces&v=4.0 HTTP/1.1" 304 -
45.238.183.56 - - [04/Nov/2021:00:43:28 -0500] "GET /sipse/faces/javax.faces.resource/jquery/jquery-plugins.js?ln=primefaces&v=4.0 HTTP/1.1" 304 -
45.238.183.56 - - [04/Nov/2021:00:43:28 -0500] "GET /sipse/faces/javax.faces.resource/primefaces.js?ln=primefaces&v=4.0 HTTP/1.1" 304 -
45.238.183.56 - - [04/Nov/2021:00:43:28 -0500] "GET /sipse/faces/javax.faces.resource/layout/layout.js?ln=primefaces&v=4.0 HTTP/1.1" 304 -
45.238.183.56 - - [04/Nov/2021:00:43:28 -0500] "GET /sipse/css/imagen/contrasena.png HTTP/1.1" 404 383
45.238.183.56 - - [04/Nov/2021:00:43:28 -0500] "POST /sipse/faces/presentacion/financiero/solicitudProceso/consultar.xhtml HTTP/1.1" 200 33197
201.245.192.253 - - [04/Nov/2021:00:43:29 -0500] "GET /catalogoisis/ HTTP/1.1" 200 8575
5.9.172.212 - - [04/Nov/2021:00:43:30 -0500] "GET /BLA/resoluciones/RESOLUCIONES%202017/0233.pdf HTTP/1.1" 200 482049
45.238.183.56 - - [04/Nov/2021:00:43:34 -0500] "POST /sipse/faces/presentacion/financiero/solicitudProceso/consultar.xhtml HTTP/1.1" 200 2486
45.238.183.56 - - [04/Nov/2021:00:43:38 -0500] "POST /sipse/faces/presentacion/financiero/solicitudProceso/consultar.xhtml HTTP/1.1" 200 2502
45.238.183.56 - - [04/Nov/2021:00:43:38 -0500] "POST /sipse/faces/presentacion/financiero/solicitudProceso/consultar.xhtml HTTP/1.1" 200 2502
5.9.172.212 - - [04/Nov/2021:00:43:39 -0500] "GET /BLA/resoluciones/RESOLUCIONES%202017/2713.pdf HTTP/1.1" 200 542671
5.9.172.212 - - [04/Nov/2021:00:43:48 -0500] "GET /BLA/resoluciones/RESOLUCIONES%202017/2413.pdf HTTP/1.1" 200 304271
5.9.172.212 - - [04/Nov/2021:00:43:57 -0500] "GET /BLA/resoluciones/RESOLUCIONES%202017/2874.pdf HTTP/1.1" 200 280127
5.9.172.212 - - [04/Nov/2021:00:44:06 -0500] "GET /BLA/resoluciones/RESOLUCIONES%202017/0281.pdf HTTP/1.1" 200 505371
5.9.172.212 - - [04/Nov/2021:00:44:15 -0500] "GET /BLA/resoluciones/RESOLUCIONES%202017/2443.pdf HTTP/1.1" 200 5117923
5.9.172.212 - - [04/Nov/2021:00:44:21 -0500] "GET /BLA/resoluciones/RESOLUCIONES%202017/0651.pdf HTTP/1.1" 200 517269
45.238.183.56 - - [04/Nov/2021:00:44:22 -0500] "POST /sipse/faces/presentacion/financiero/solicitudProceso/consultar.xhtml HTTP/1.1" 200 15518
181.141.222.240 - - [04/Nov/2021:00:44:27 -0500] "GET /galeria/galeria/jquery.fancybox.css?v=2.1.5 HTTP/1.1" 200 4895
201.245.192.253 - - [04/Nov/2021:00:44:30 -0500] "GET /catalogoisis/ HTTP/1.1" 200 8575
5.9.172.212 - - [04/Nov/2021:00:44:30 -0500] "GET /BLA/resoluciones/RESOLUCIONES%202017/0396.pdf HTTP/1.1" 200 707186
45.238.183.56 - - [04/Nov/2021:00:44:32 -0500] "POST /sipse/faces/presentacion/financiero/solicitudProceso/consultar.xhtml HTTP/1.1" 200 5968
45.238.183.56 - - [04/Nov/2021:00:44:32 -0500] "POST /sipse/faces/presentacion/financiero/solicitudProceso/consultar.xhtml HTTP/1.1" 200 5964
45.238.183.56 - - [04/Nov/2021:00:44:35 -0500] "POST /sipse/faces/presentacion/financiero/solicitudProceso/consultar.xhtml HTTP/1.1" 200 141273
45.238.183.56 - - [04/Nov/2021:00:44:36 -0500] "GET /sipse/faces/javax.faces.resource/theme.css?ln=primefaces-sipse HTTP/1.1" 304 -
45.238.183.56 - - [04/Nov/2021:00:44:36 -0500] "GET /sipse/faces/javax.faces.resource/layout/layout.css?ln=primefaces&v=4.0 HTTP/1.1" 304 -
45.238.183.56 - - [04/Nov/2021:00:44:36 -0500] "GET /sipse/faces/javax.faces.resource/primefaces.css?ln=primefaces&v=4.0 HTTP/1.1" 304 -
45.238.183.56 - - [04/Nov/2021:00:44:36 -0500] "GET /sipse/faces/javax.faces.resource/jquery/jquery.js?ln=primefaces&v=4.0 HTTP/1.1" 304 -
45.238.183.56 - - [04/Nov/2021:00:44:36 -0500] "GET /sipse/faces/javax.faces.resource/jquery/jquery-plugins.js?ln=primefaces&v=4.0 HTTP/1.1" 304 -
45.238.183.56 - - [04/Nov/2021:00:44:36 -0500] "GET /sipse/faces/javax.faces.resource/primefaces.js?ln=primefaces&v=4.0 HTTP/1.1" 304 -
45.238.183.56 - - [04/Nov/2021:00:44:37 -0500] "GET /sipse/faces/javax.faces.resource/layout/layout.js?ln=primefaces&v=4.0 HTTP/1.1" 304 -
45.238.183.56 - - [04/Nov/2021:00:44:37 -0500] "GET /sipse/css/imagen/contrasena.png HTTP/1.1" 404 383
45.238.183.56 - - [04/Nov/2021:00:44:37 -0500] "GET /reportes_sipse/sdg/ServletReporte?reporte=experienia_idoneidad&solicitud=15506&pfdrid_c=false HTTP/1.1" 200 133219
5.9.172.212 - - [04/Nov/2021:00:44:39 -0500] "GET /BLA/resoluciones/RESOLUCIONES%202017/0268.pdf HTTP/1.1" 200 484335
5.9.172.212 - - [04/Nov/2021:00:44:47 -0500] "GET /BLA/resoluciones/RESOLUCIONES%202017/3610.pdf HTTP/1.1" 200 315522
5.9.172.212 - - [04/Nov/2021:00:44:56 -0500] "GET /BLA/resoluciones/RESOLUCIONES%202017/1103.pdf HTTP/1.1" 200 479375
45.238.183.56 - - [04/Nov/2021:00:44:51 -0500] "POST /sipse/faces/presentacion/financiero/solicitudProceso/consultarSolicitudProceso.xhtml HTTP/1.1" 200 6661549
5.9.172.212 - - [04/Nov/2021:00:45:04 -0500] "GET /BLA/resoluciones/RESOLUCIONES%202017/0784.pdf HTTP/1.1" 200 496209
5.9.172.212 - - [04/Nov/2021:00:45:13 -0500] "GET /BLA/resoluciones/RESOLUCIONES%202017/2021.pdf HTTP/1.1" 200 2274924
5.9.172.212 - - [04/Nov/2021:00:45:17 -0500] "GET /BLA/resoluciones/RESOLUCIONES%202017/0112.pdf HTTP/1.1" 200 636388
201.245.192.253 - - [04/Nov/2021:00:44:40 -0500] "POST /kwsrmcab/Wsrmcab HTTP/1.1" 200 119064
5.9.172.212 - - [04/Nov/2021:00:45:28 -0500] "GET /BLA/resoluciones/RESOLUCIONES%202017/1481.pdf HTTP/1.1" 200 1421761
201.245.192.253 - - [04/Nov/2021:00:45:30 -0500] "GET /catalogoisis/ HTTP/1.1" 200 8575
5.9.172.212 - - [04/Nov/2021:00:45:31 -0500] "GET /BLA/resoluciones/RESOLUCIONES%202017/0026.pdf HTTP/1.1" 200 775526
216.245.221.92 - - [04/Nov/2021:00:45:36 -0500] "HEAD / HTTP/1.1" 200 -
5.9.172.212 - - [04/Nov/2021:00:45:41 -0500] "GET /BLA/resoluciones/RESOLUCIONES%202017/0822.pdf HTTP/1.1" 200 395871
5.9.172.212 - - [04/Nov/2021:00:45:50 -0500] "GET /BLA/resoluciones/RESOLUCIONES%202017/0700.pdf HTTP/1.1" 200 305232
5.9.172.212 - - [04/Nov/2021:00:45:58 -0500] "GET /BLA/resoluciones/RESOLUCIONES%202017/2907.pdf HTTP/1.1" 200 271965
5.9.172.212 - - [04/Nov/2021:00:46:05 -0500] "GET /BLA/resoluciones/RESOLUCIONES%202017/2327.pdf HTTP/1.1" 200 304950
5.9.172.212 - - [04/Nov/2021:00:46:14 -0500] "GET /BLA/resoluciones/RESOLUCIONES%202017/1977.pdf HTTP/1.1" 200 406500
5.9.172.212 - - [04/Nov/2021:00:46:23 -0500] "GET /BLA/resoluciones/RESOLUCIONES%202017/2358.pdf HTTP/1.1" 200 2549694
5.9.172.212 - - [04/Nov/2021:00:46:27 -0500] "GET /BLA/resoluciones/RESOLUCIONES%202017/2876.pdf HTTP/1.1" 200 281067
201.245.192.253 - - [04/Nov/2021:00:46:30 -0500] "GET /catalogoisis/ HTTP/1.1" 200 8575
5.9.172.212 - - [04/Nov/2021:00:46:35 -0500] "GET /BLA/resoluciones/RESOLUCIONES%202017/3313.pdf HTTP/1.1" 200 291192
5.9.172.212 - - [04/Nov/2021:00:46:44 -0500] "GET /BLA/resoluciones/RESOLUCIONES%202017/2728.pdf HTTP/1.1" 200 307258
5.9.172.212 - - [04/Nov/2021:00:46:52 -0500] "GET /BLA/resoluciones/RESOLUCIONES%202017/1837.pdf HTTP/1.1" 200 286906
5.9.172.212 - - [04/Nov/2021:00:47:01 -0500] "GET /BLA/resoluciones/RESOLUCIONES%202017/1134.pdf HTTP/1.1" 200 293870
5.9.172.212 - - [04/Nov/2021:00:47:09 -0500] "GET /BLA/resoluciones/RESOLUCIONES%202017/2977.pdf HTTP/1.1" 200 305313
5.9.172.212 - - [04/Nov/2021:00:47:18 -0500] "GET /BLA/resoluciones/RESOLUCIONES%202017/2540.pdf HTTP/1.1" 200 411499
5.9.172.212 - - [04/Nov/2021:00:47:26 -0500] "GET /BLA/resoluciones/RESOLUCIONES%202017/0186.pdf HTTP/1.1" 200 392231
201.245.192.253 - - [04/Nov/2021:00:47:31 -0500] "GET /catalogoisis/ HTTP/1.1" 200 8575
5.9.172.212 - - [04/Nov/2021:00:47:35 -0500] "GET /BLA/resoluciones/RESOLUCIONES%202017/0495.pdf HTTP/1.1" 200 414920
5.9.172.212 - - [04/Nov/2021:00:47:44 -0500] "GET /BLA/resoluciones/RESOLUCIONES%202017/0678.pdf HTTP/1.1" 200 574205
5.9.172.212 - - [04/Nov/2021:00:47:52 -0500] "GET /BLA/resoluciones/RESOLUCIONES%202017/0028.pdf HTTP/1.1" 200 669687
5.9.172.212 - - [04/Nov/2021:00:48:01 -0500] "GET /BLA/resoluciones/RESOLUCIONES%202017/0076.pdf HTTP/1.1" 200 372118
5.9.172.212 - - [04/Nov/2021:00:48:10 -0500] "GET /BLA/resoluciones/RESOLUCIONES%202017/3018.pdf HTTP/1.1" 200 405127
5.9.172.212 - - [04/Nov/2021:00:48:18 -0500] "GET /BLA/resoluciones/RESOLUCIONES%202017/1674.pdf HTTP/1.1" 200 3994949
5.9.172.212 - - [04/Nov/2021:00:48:24 -0500] "GET /BLA/resoluciones/RESOLUCIONES%202017/3807.pdf HTTP/1.1" 200 316361
201.245.192.253 - - [04/Nov/2021:00:48:32 -0500] "GET /catalogoisis/ HTTP/1.1" 200 8575
5.9.172.212 - - [04/Nov/2021:00:48:33 -0500] "GET /BLA/resoluciones/RESOLUCIONES%202017/2018.pdf HTTP/1.1" 200 3044227
5.9.172.212 - - [04/Nov/2021:00:48:36 -0500] "GET /BLA/resoluciones/RESOLUCIONES%202017/0901.pdf HTTP/1.1" 200 785527
5.9.172.212 - - [04/Nov/2021:00:48:45 -0500] "GET /BLA/resoluciones/RESOLUCIONES%202017/2507.pdf HTTP/1.1" 200 411215
144.217.67.28 - - [04/Nov/2021:00:48:53 -0500] "GET /alcaldes-lideres-mundiales-y-organizaciones-internacionales-reconocen-a-bogota-como-ejemplo-de-lucha-contra-el-cambio-climatico.html HTTP/1.1" 200 1056
5.9.172.212 - - [04/Nov/2021:00:48:54 -0500] "GET /BLA/resoluciones/RESOLUCIONES%202017/0122.pdf HTTP/1.1" 200 484655
5.9.172.212 - - [04/Nov/2021:00:49:03 -0500] "GET /BLA/resoluciones/RESOLUCIONES%202017/1533.pdf HTTP/1.1" 200 454855
5.9.172.212 - - [04/Nov/2021:00:49:12 -0500] "GET /BLA/resoluciones/RESOLUCIONES%202017/0574.pdf HTTP/1.1" 200 347919
5.9.172.212 - - [04/Nov/2021:00:49:21 -0500] "GET /BLA/resoluciones/RESOLUCIONES%202017/0919.pdf HTTP/1.1" 200 825639
5.9.172.212 - - [04/Nov/2021:00:49:29 -0500] "GET /BLA/resoluciones/RESOLUCIONES%202017/1903.pdf HTTP/1.1" 200 397479
201.245.192.253 - - [04/Nov/2021:00:49:32 -0500] "GET /catalogoisis/ HTTP/1.1" 200 8575
5.9.172.212 - - [04/Nov/2021:00:49:38 -0500] "GET /BLA/resoluciones/RESOLUCIONES%202017/1919.pdf HTTP/1.1" 200 6636500
5.9.172.212 - - [04/Nov/2021:00:49:42 -0500] "GET /BLA/resoluciones/RESOLUCIONES%202017/2698.pdf HTTP/1.1" 200 293281
5.9.172.212 - - [04/Nov/2021:00:49:51 -0500] "GET /BLA/resoluciones/RESOLUCIONES%202017/0397.pdf HTTP/1.1" 200 1666996
5.9.172.212 - - [04/Nov/2021:00:49:55 -0500] "GET /BLA/resoluciones/RESOLUCIONES%202017/0255.pdf HTTP/1.1" 200 745241
207.46.13.98 - - [04/Nov/2021:00:49:56 -0500] "GET /appsia/controlador HTTP/1.1" 200 4799
152.61.192.232 - - [04/Nov/2021:00:49:57 -0500] "GET /arcgis/services/Calidad_del_Agua_WQI/MapServer/WMSServer?request=GetCapabilities&service=WMS HTTP/1.1" 503 1020
152.61.192.232 - - [04/Nov/2021:00:49:58 -0500] "GET /arcgis/services/Calidad_del_Agua_WQI/MapServer/WMSServer?SERVICE=WMS&REQUEST=GetCapabilities HTTP/1.1" 503 1020
152.61.192.232 - - [04/Nov/2021:00:49:59 -0500] "GET /arcgis/services/Calidad_del_Agua_WQI/MapServer/WMSServer?WMTVER=1.0.0&REQUEST=capabilities HTTP/1.1" 503 1020
5.9.172.212 - - [04/Nov/2021:00:50:04 -0500] "GET /BLA/resoluciones/RESOLUCIONES%202017/1843.pdf HTTP/1.1" 200 338474
5.9.172.212 - - [04/Nov/2021:00:50:12 -0500] "GET /BLA/resoluciones/RESOLUCIONES%202017/2769.pdf HTTP/1.1" 200 625587
5.9.172.212 - - [04/Nov/2021:00:50:20 -0500] "GET /BLA/resoluciones/RESOLUCIONES%202017/2016.pdf HTTP/1.1" 200 2877234
5.9.172.212 - - [04/Nov/2021:00:50:24 -0500] "GET /BLA/resoluciones/RESOLUCIONES%202017/2731.pdf HTTP/1.1" 200 307589
5.9.172.212 - - [04/Nov/2021:00:50:32 -0500] "GET /BLA/resoluciones/RESOLUCIONES%202017/0024.pdf HTTP/1.1" 200 1606255
201.245.192.253 - - [04/Nov/2021:00:50:33 -0500] "GET /catalogoisis/ HTTP/1.1" 200 8575
5.9.172.212 - - [04/Nov/2021:00:50:36 -0500] "GET /BLA/resoluciones/RESOLUCIONES%202017/0708.pdf HTTP/1.1" 200 307903
216.245.221.92 - - [04/Nov/2021:00:50:36 -0500] "HEAD / HTTP/1.1" 200 -
5.9.172.212 - - [04/Nov/2021:00:50:44 -0500] "GET /BLA/resoluciones/RESOLUCIONES%202017/2952.pdf HTTP/1.1" 200 5531676
5.9.172.212 - - [04/Nov/2021:00:50:48 -0500] "GET /BLA/resoluciones/RESOLUCIONES%202017/2840.pdf HTTP/1.1" 200 279021
5.9.172.212 - - [04/Nov/2021:00:50:56 -0500] "GET /BLA/resoluciones/RESOLUCIONES%202017/2357.pdf HTTP/1.1" 200 708315
5.9.172.212 - - [04/Nov/2021:00:51:05 -0500] "GET /BLA/resoluciones/RESOLUCIONES%202017/3717.pdf HTTP/1.1" 200 278038
5.9.172.212 - - [04/Nov/2021:00:51:13 -0500] "GET /BLA/resoluciones/RESOLUCIONES%202017/0320.pdf HTTP/1.1" 200 750669
5.9.172.212 - - [04/Nov/2021:00:51:22 -0500] "GET /BLA/resoluciones/RESOLUCIONES%202017/2049.pdf HTTP/1.1" 200 305656
5.9.172.212 - - [04/Nov/2021:00:51:31 -0500] "GET /BLA/resoluciones/RESOLUCIONES%202017/2489.pdf HTTP/1.1" 200 297408
201.245.192.253 - - [04/Nov/2021:00:51:33 -0500] "GET /catalogoisis/ HTTP/1.1" 200 8575
5.9.172.212 - - [04/Nov/2021:00:51:39 -0500] "GET /BLA/resoluciones/RESOLUCIONES%202017/3578.pdf HTTP/1.1" 200 313928
5.9.172.212 - - [04/Nov/2021:00:51:48 -0500] "GET /BLA/resoluciones/RESOLUCIONES%202017/0308.pdf HTTP/1.1" 200 409256
5.9.172.212 - - [04/Nov/2021:00:51:57 -0500] "GET /BLA/resoluciones/RESOLUCIONES%202017/1702.pdf HTTP/1.1" 200 631480
5.9.172.212 - - [04/Nov/2021:00:52:06 -0500] "GET /BLA/resoluciones/RESOLUCIONES%202017/2733.pdf HTTP/1.1" 200 304644
5.9.172.212 - - [04/Nov/2021:00:52:14 -0500] "GET /BLA/resoluciones/RESOLUCIONES%202017/0135.pdf HTTP/1.1" 200 906535
5.9.172.212 - - [04/Nov/2021:00:52:23 -0500] "GET /BLA/resoluciones/RESOLUCIONES%202017/0090.pdf HTTP/1.1" 200 492975
5.9.172.212 - - [04/Nov/2021:00:52:32 -0500] "GET /BLA/resoluciones/RESOLUCIONES%202017/1940.pdf HTTP/1.1" 200 400179
201.245.192.253 - - [04/Nov/2021:00:52:36 -0500] "GET /catalogoisis/ HTTP/1.1" 200 8575
5.9.172.212 - - [04/Nov/2021:00:52:40 -0500] "GET /BLA/resoluciones/RESOLUCIONES%202017/0410.pdf HTTP/1.1" 200 681967
40.77.167.30 - - [04/Nov/2021:00:52:48 -0500] "GET /bla/resoluciones/resoluciones%202004/resolucion%20448%20de%202004.pdf HTTP/1.1" 200 322338
5.9.172.212 - - [04/Nov/2021:00:52:49 -0500] "GET /BLA/resoluciones/RESOLUCIONES%202017/0041.pdf HTTP/1.1" 200 666744
5.9.172.212 - - [04/Nov/2021:00:52:57 -0500] "GET /BLA/resoluciones/RESOLUCIONES%202017/0142.pdf HTTP/1.1" 200 267915
5.9.172.212 - - [04/Nov/2021:00:53:05 -0500] "GET /BLA/resoluciones/RESOLUCIONES%202017/2403.pdf HTTP/1.1" 200 1826616
5.9.172.212 - - [04/Nov/2021:00:53:10 -0500] "GET /BLA/resoluciones/RESOLUCIONES%202017/0459.pdf HTTP/1.1" 200 791241
5.9.172.212 - - [04/Nov/2021:00:53:19 -0500] "GET /BLA/resoluciones/RESOLUCIONES%202017/2497.pdf HTTP/1.1" 200 315694
5.9.172.212 - - [04/Nov/2021:00:53:28 -0500] "GET /BLA/resoluciones/RESOLUCIONES%202017/0231.pdf HTTP/1.1" 200 392713
201.245.192.253 - - [04/Nov/2021:00:53:37 -0500] "GET /catalogoisis/ HTTP/1.1" 200 8575
5.9.172.212 - - [04/Nov/2021:00:53:37 -0500] "GET /BLA/resoluciones/RESOLUCIONES%202017/1815.pdf HTTP/1.1" 200 327736
152.61.128.50 - - [04/Nov/2021:00:53:42 -0500] "GET /arcgis/services/Calidad_del_Agua_WQI/MapServer/WMSServer?request=GetCapabilities&service=WMS HTTP/1.1" 503 1020
152.61.128.50 - - [04/Nov/2021:00:53:43 -0500] "GET /arcgis/services/Calidad_del_Agua_WQI/MapServer/WMSServer?SERVICE=WMS&REQUEST=GetCapabilities HTTP/1.1" 503 1020
152.61.128.50 - - [04/Nov/2021:00:53:43 -0500] "GET /arcgis/services/Calidad_del_Agua_WQI/MapServer/WMSServer?WMTVER=1.0.0&REQUEST=capabilities HTTP/1.1" 503 1020
5.9.172.212 - - [04/Nov/2021:00:53:46 -0500] "GET /BLA/resoluciones/RESOLUCIONES%202017/1586.pdf HTTP/1.1" 200 622639
5.9.172.212 - - [04/Nov/2021:00:53:54 -0500] "GET /BLA/resoluciones/RESOLUCIONES%202017/0938.pdf HTTP/1.1" 200 307436
5.9.172.212 - - [04/Nov/2021:00:54:03 -0500] "GET /BLA/resoluciones/RESOLUCIONES%202017/2716.pdf HTTP/1.1" 200 357558
5.9.172.212 - - [04/Nov/2021:00:54:12 -0500] "GET /BLA/resoluciones/RESOLUCIONES%202017/0681.pdf HTTP/1.1" 200 271645
5.9.172.212 - - [04/Nov/2021:00:54:20 -0500] "GET /BLA/resoluciones/RESOLUCIONES%202017/2564.pdf HTTP/1.1" 200 2661146
5.9.172.212 - - [04/Nov/2021:00:54:24 -0500] "GET /BLA/resoluciones/RESOLUCIONES%202017/0528.pdf HTTP/1.1" 200 291567
5.9.172.212 - - [04/Nov/2021:00:54:33 -0500] "GET /BLA/resoluciones/RESOLUCIONES%202017/2958.pdf HTTP/1.1" 200 292027
201.245.192.253 - - [04/Nov/2021:00:54:37 -0500] "GET /catalogoisis/ HTTP/1.1" 200 8575
5.9.172.212 - - [04/Nov/2021:00:54:42 -0500] "GET /BLA/resoluciones/RESOLUCIONES%202017/2959.pdf HTTP/1.1" 200 294927
5.9.172.212 - - [04/Nov/2021:00:54:51 -0500] "GET /BLA/resoluciones/RESOLUCIONES%202017/2060.pdf HTTP/1.1" 200 339496
5.9.172.212 - - [04/Nov/2021:00:55:00 -0500] "GET /BLA/resoluciones/RESOLUCIONES%202017/0741.pdf HTTP/1.1" 200 305794
5.9.172.212 - - [04/Nov/2021:00:55:08 -0500] "GET /BLA/resoluciones/RESOLUCIONES%202017/1718.pdf HTTP/1.1" 200 425282
5.9.172.212 - - [04/Nov/2021:00:55:17 -0500] "GET /BLA/resoluciones/RESOLUCIONES%202017/2118.pdf HTTP/1.1" 200 2207173
5.9.172.212 - - [04/Nov/2021:00:55:21 -0500] "GET /BLA/resoluciones/RESOLUCIONES%202017/3693.pdf HTTP/1.1" 200 2714931
5.9.172.212 - - [04/Nov/2021:00:55:25 -0500] "GET /BLA/resoluciones/RESOLUCIONES%202017/0134.pdf HTTP/1.1" 200 553691
201.245.192.253 - - [04/Nov/2021:00:54:38 -0500] "POST /kwsrmcab/Wsrmcab HTTP/1.1" 200 119064
5.9.172.212 - - [04/Nov/2021:00:55:33 -0500] "GET /BLA/resoluciones/RESOLUCIONES%202017/0548.pdf HTTP/1.1" 200 329574
216.245.221.92 - - [04/Nov/2021:00:55:36 -0500] "HEAD / HTTP/1.1" 200 -
201.245.192.253 - - [04/Nov/2021:00:55:38 -0500] "GET /catalogoisis/ HTTP/1.1" 200 8575
5.9.172.212 - - [04/Nov/2021:00:55:40 -0500] "GET /BLA/resoluciones/RESOLUCIONES%202017/3503.pdf HTTP/1.1" 200 394764
5.9.172.212 - - [04/Nov/2021:00:55:48 -0500] "GET /BLA/resoluciones/RESOLUCIONES%202017/0792.pdf HTTP/1.1" 200 590102
5.9.172.212 - - [04/Nov/2021:00:55:57 -0500] "GET /BLA/resoluciones/RESOLUCIONES%202017/0302.pdf HTTP/1.1" 200 412405
5.9.172.212 - - [04/Nov/2021:00:56:06 -0500] "GET /BLA/resoluciones/RESOLUCIONES%202017/0881.pdf HTTP/1.1" 200 564882
5.9.172.212 - - [04/Nov/2021:00:56:15 -0500] "GET /BLA/resoluciones/RESOLUCIONES%202017/0714.pdf HTTP/1.1" 200 1627032
5.9.172.212 - - [04/Nov/2021:00:56:19 -0500] "GET /BLA/resoluciones/RESOLUCIONES%202017/1188.pdf HTTP/1.1" 200 381001
5.9.172.212 - - [04/Nov/2021:00:56:28 -0500] "GET /BLA/resoluciones/RESOLUCIONES%202017/2542.pdf HTTP/1.1" 200 2321660
5.9.172.212 - - [04/Nov/2021:00:56:32 -0500] "GET /BLA/resoluciones/RESOLUCIONES%202017/2256.pdf HTTP/1.1" 200 418019
201.245.192.253 - - [04/Nov/2021:00:56:38 -0500] "GET /catalogoisis/ HTTP/1.1" 200 8575
5.9.172.212 - - [04/Nov/2021:00:56:41 -0500] "GET /BLA/resoluciones/RESOLUCIONES%202017/3683.pdf HTTP/1.1" 200 343808
5.9.172.212 - - [04/Nov/2021:00:56:50 -0500] "GET /BLA/resoluciones/RESOLUCIONES%202017/3790.pdf HTTP/1.1" 200 271541
5.9.172.212 - - [04/Nov/2021:00:56:59 -0500] "GET /BLA/resoluciones/RESOLUCIONES%202017/0865.pdf HTTP/1.1" 200 352409
5.9.172.212 - - [04/Nov/2021:00:57:08 -0500] "GET /BLA/resoluciones/RESOLUCIONES%202017/2875.pdf HTTP/1.1" 200 279017
5.9.172.212 - - [04/Nov/2021:00:57:17 -0500] "GET /BLA/resoluciones/RESOLUCIONES%202017/1186.pdf HTTP/1.1" 200 483579
5.9.172.212 - - [04/Nov/2021:00:57:25 -0500] "GET /BLA/resoluciones/RESOLUCIONES%202017/2401.pdf HTTP/1.1" 200 312845
5.9.172.212 - - [04/Nov/2021:00:57:34 -0500] "GET /BLA/resoluciones/RESOLUCIONES%202017/3279.pdf HTTP/1.1" 200 338541
201.245.192.253 - - [04/Nov/2021:00:57:39 -0500] "GET /catalogoisis/ HTTP/1.1" 200 8575
5.9.172.212 - - [04/Nov/2021:00:57:43 -0500] "GET /BLA/resoluciones/RESOLUCIONES%202017/0499.pdf HTTP/1.1" 200 367935
5.9.172.212 - - [04/Nov/2021:00:57:51 -0500] "GET /BLA/resoluciones/RESOLUCIONES%202017/2168.pdf HTTP/1.1" 200 269922
5.9.172.212 - - [04/Nov/2021:00:58:00 -0500] "GET /BLA/resoluciones/RESOLUCIONES%202017/3428.pdf HTTP/1.1" 200 503603
5.9.172.212 - - [04/Nov/2021:00:58:09 -0500] "GET /BLA/resoluciones/RESOLUCIONES%202017/0421.pdf HTTP/1.1" 200 441378
5.9.172.212 - - [04/Nov/2021:00:58:18 -0500] "GET /BLA/resoluciones/RESOLUCIONES%202017/1886.pdf HTTP/1.1" 200 417595
5.9.172.212 - - [04/Nov/2021:00:58:27 -0500] "GET /BLA/resoluciones/RESOLUCIONES%202017/2863.pdf HTTP/1.1" 200 311434
5.9.172.212 - - [04/Nov/2021:00:58:36 -0500] "GET /BLA/resoluciones/RESOLUCIONES%202017/0130.pdf HTTP/1.1" 200 823895
201.245.192.253 - - [04/Nov/2021:00:58:39 -0500] "GET /catalogoisis/ HTTP/1.1" 200 8575
5.9.172.212 - - [04/Nov/2021:00:58:45 -0500] "GET /BLA/resoluciones/RESOLUCIONES%202017/0517.pdf HTTP/1.1" 200 373596
5.9.172.212 - - [04/Nov/2021:00:58:53 -0500] "GET /BLA/resoluciones/RESOLUCIONES%202017/0762.pdf HTTP/1.1" 200 736919
5.9.172.212 - - [04/Nov/2021:00:59:02 -0500] "GET /BLA/resoluciones/RESOLUCIONES%202017/0313.pdf HTTP/1.1" 200 408946
5.9.172.212 - - [04/Nov/2021:00:59:11 -0500] "GET /BLA/resoluciones/RESOLUCIONES%202017/1131.pdf HTTP/1.1" 200 332397
5.9.172.212 - - [04/Nov/2021:00:59:20 -0500] "GET /BLA/resoluciones/RESOLUCIONES%202017/1489.pdf HTTP/1.1" 200 315158
5.9.172.212 - - [04/Nov/2021:00:59:29 -0500] "GET /BLA/resoluciones/RESOLUCIONES%202017/2900.pdf HTTP/1.1" 200 277335
5.9.172.212 - - [04/Nov/2021:00:59:37 -0500] "GET /BLA/resoluciones/RESOLUCIONES%202017/1093.pdf HTTP/1.1" 200 544746
201.245.192.253 - - [04/Nov/2021:00:59:40 -0500] "GET /catalogoisis/ HTTP/1.1" 200 8575
5.9.172.212 - - [04/Nov/2021:00:59:46 -0500] "GET /BLA/resoluciones/RESOLUCIONES%202017/3003.pdf HTTP/1.1" 200 431658
5.9.172.212 - - [04/Nov/2021:00:59:55 -0500] "GET /BLA/resoluciones/RESOLUCIONES%202017/2535.pdf HTTP/1.1" 200 321128
5.9.172.212 - - [04/Nov/2021:01:00:03 -0500] "GET /BLA/resoluciones/RESOLUCIONES%202017/0317.pdf HTTP/1.1" 200 404801
