199.59.150.182 - - [17/Nov/2021:03:17:18 -0500] "GET /secretaria-de-ambiente-abre-convocatoria-para-que-empresas-de-bogota-sean-mas-sostenibles.html HTTP/1.1" 200 907
114.119.141.51 - - [17/Nov/2021:03:17:19 -0500] "GET /BLA/resoluciones/RESOLUCIONES%202011/2125.pdf HTTP/1.1" 200 553996
216.245.221.92 - - [17/Nov/2021:03:17:35 -0500] "HEAD / HTTP/1.1" 200 -
114.119.141.71 - - [17/Nov/2021:03:20:11 -0500] "GET /BLA/resoluciones/RESOLUCIONES%202017/3582.pdf HTTP/1.1" 200 333390
199.59.150.181 - - [17/Nov/2021:03:21:59 -0500] "GET /secretaria-de-ambiente-abre-convocatoria-para-que-empresas-de-bogota-sean-mas-sostenibles.html HTTP/1.1" 200 907
216.245.221.92 - - [17/Nov/2021:03:22:35 -0500] "HEAD / HTTP/1.1" 200 -
66.249.79.238 - - [17/Nov/2021:03:22:46 -0500] "GET /BLA/resoluciones/AUTOS%202011/0333.pdf HTTP/1.1" 200 231514
66.249.79.238 - - [17/Nov/2021:03:22:46 -0500] "GET /robots.txt HTTP/1.1" 404 1018
114.119.141.42 - - [17/Nov/2021:03:23:18 -0500] "GET /BLA/resoluciones/RESOLUCIONES%202010/0986.pdf HTTP/1.1" 200 102798
66.249.79.236 - - [17/Nov/2021:03:24:04 -0500] "GET /BLA/resoluciones/RESOLUCIONES%202008/4761.pdf HTTP/1.1" 200 209670
201.245.192.253 - - [17/Nov/2021:03:23:30 -0500] "POST /kwsrmcab/Wsrmcab HTTP/1.1" 200 46074
201.245.192.253 - - [17/Nov/2021:03:24:17 -0500] "POST /kwsrmcab/Wsrmcab HTTP/1.1" 200 45744
66.249.79.240 - - [17/Nov/2021:03:25:10 -0500] "GET /BLA/resoluciones/RESOLUCIONES%202009/6975.pdf HTTP/1.1" 200 553271
201.245.192.253 - - [17/Nov/2021:03:24:52 -0500] "POST /kwsrmcab/Wsrmcab HTTP/1.1" 200 116215
66.249.79.238 - - [17/Nov/2021:03:25:50 -0500] "GET /resoluciones/RESOLUCIONES%202008/4024.pdf HTTP/1.1" 404 1018
114.119.141.42 - - [17/Nov/2021:03:26:11 -0500] "GET /BLA/resoluciones/RESOLUCIONES%202010/5122.pdf HTTP/1.1" 200 2987273
199.59.150.182 - - [17/Nov/2021:03:26:15 -0500] "GET /secretaria-de-ambiente-abre-convocatoria-para-que-empresas-de-bogota-sean-mas-sostenibles.html HTTP/1.1" 200 907
66.249.79.240 - - [17/Nov/2021:03:27:19 -0500] "GET /resoluciones/RESOLUCIONES%202007/RES%202007%202801%20AL%202900/RESOLUCION%202836%20DE%202007.pdf HTTP/1.1" 404 1018
216.245.221.92 - - [17/Nov/2021:03:27:35 -0500] "HEAD / HTTP/1.1" 200 -
66.249.79.238 - - [17/Nov/2021:03:27:35 -0500] "GET /BLA/resoluciones/RESOLUCIONES%202009/9468.pdf HTTP/1.1" 200 368949
66.249.79.240 - - [17/Nov/2021:03:28:24 -0500] "GET /BLA/resoluciones/RESOLUCIONES%202007/RES%202007%203001%20AL%203100/RESOLUCION%203077%20DE%202007.pdf HTTP/1.1" 200 768636
114.119.141.73 - - [17/Nov/2021:03:28:55 -0500] "GET /BLA/resoluciones/index.php?dir=Notificaciones/AUTOS%2B2014/ HTTP/1.1" 200 12932
199.59.150.180 - - [17/Nov/2021:03:30:10 -0500] "GET /secretaria-de-ambiente-abre-convocatoria-para-que-empresas-de-bogota-sean-mas-sostenibles.html HTTP/1.1" 200 907
66.249.79.240 - - [17/Nov/2021:03:31:33 -0500] "GET /BLA/resoluciones/RESOLUCIONES%202008/1485.pdf HTTP/1.1" 200 298366
114.119.132.76 - - [17/Nov/2021:03:32:15 -0500] "GET /BLA/resoluciones/RESOLUCIONES%202010/1415.pdf HTTP/1.1" 200 92451
66.249.79.238 - - [17/Nov/2021:03:32:26 -0500] "GET /BLA/resoluciones/RESOLUCIONES%202010/4586.pdf HTTP/1.1" 200 934790
216.245.221.92 - - [17/Nov/2021:03:32:35 -0500] "HEAD / HTTP/1.1" 200 -
66.249.79.236 - - [17/Nov/2021:03:33:44 -0500] "GET /BLA/resoluciones/RESOLUCIONES%202008/5285.pdf HTTP/1.1" 200 231315
201.245.192.253 - - [17/Nov/2021:03:33:29 -0500] "POST /kwsrmcab/Wsrmcab HTTP/1.1" 200 46074
66.249.79.236 - - [17/Nov/2021:03:34:34 -0500] "GET /BLA/resoluciones/Notificaciones/AUTOS%202019/2548.pdf HTTP/1.1" 200 267253
201.245.192.253 - - [17/Nov/2021:03:34:15 -0500] "POST /kwsrmcab/Wsrmcab HTTP/1.1" 200 45744
114.119.132.76 - - [17/Nov/2021:03:35:21 -0500] "GET /BLA/resoluciones/RESOLUCIONES%202010/4503.pdf HTTP/1.1" 200 866395
201.245.192.253 - - [17/Nov/2021:03:34:51 -0500] "POST /kwsrmcab/Wsrmcab HTTP/1.1" 200 116215
216.245.221.92 - - [17/Nov/2021:03:37:35 -0500] "HEAD / HTTP/1.1" 200 -
114.119.141.52 - - [17/Nov/2021:03:37:55 -0500] "GET /BLA/resoluciones/RESOLUCIONES%202017/2490.pdf HTTP/1.1" 200 287821
66.249.79.238 - - [17/Nov/2021:03:38:07 -0500] "GET /BLA/resoluciones/RESOLUCIONES%202009/3235.pdf HTTP/1.1" 200 386722
66.249.79.236 - - [17/Nov/2021:03:39:00 -0500] "GET /BLA/resoluciones/AUTOS%202014/1882.pdf HTTP/1.1" 200 526619
34.91.140.155 - - [17/Nov/2021:03:39:41 -0500] "GET / HTTP/1.1" 200 319
199.59.150.180 - - [17/Nov/2021:03:40:08 -0500] "GET /secretaria-de-ambiente-abre-convocatoria-para-que-empresas-de-bogota-sean-mas-sostenibles.html HTTP/1.1" 200 907
66.249.79.238 - - [17/Nov/2021:03:40:27 -0500] "GET /BLA/resoluciones/RESOLUCIONES%202011/1401.pdf HTTP/1.1" 200 63863
114.119.141.52 - - [17/Nov/2021:03:40:51 -0500] "GET /BLA/resoluciones/RESOLUCIONES%202010/1590.pdf HTTP/1.1" 200 376756
66.249.79.240 - - [17/Nov/2021:03:41:35 -0500] "GET /portel_dama/libreria/php/2006/restauracion/55_artic/xtras/13.pdf HTTP/1.1" 404 1018
66.249.79.236 - - [17/Nov/2021:03:42:18 -0500] "GET /resoluciones/RESOLUCIONES%202008/3449.pdf HTTP/1.1" 404 1018
66.249.79.238 - - [17/Nov/2021:03:42:34 -0500] "GET /BLA/resoluciones/RESOLUCIONES%202009/3288.pdf HTTP/1.1" 200 671742
216.245.221.92 - - [17/Nov/2021:03:42:35 -0500] "HEAD / HTTP/1.1" 200 -
66.249.79.238 - - [17/Nov/2021:03:43:20 -0500] "GET /BLA/resoluciones/RESOLUCIONES%202009/4915.pdf HTTP/1.1" 200 211783
114.119.141.73 - - [17/Nov/2021:03:43:45 -0500] "GET /BLA/resoluciones/RESOLUCIONES%202010/5634.pdf HTTP/1.1" 200 2770149
66.249.79.236 - - [17/Nov/2021:03:43:55 -0500] "GET /BLA/resoluciones/RESOLUCIONES%202009/7930.pdf HTTP/1.1" 200 309571
201.245.192.253 - - [17/Nov/2021:03:43:29 -0500] "POST /kwsrmcab/Wsrmcab HTTP/1.1" 200 46074
66.249.79.236 - - [17/Nov/2021:03:44:23 -0500] "GET /BLA/resoluciones/Autos%202008/0941.pdf HTTP/1.1" 200 110340
201.245.192.253 - - [17/Nov/2021:03:44:13 -0500] "POST /kwsrmcab/Wsrmcab HTTP/1.1" 200 45744
199.59.150.181 - - [17/Nov/2021:03:45:26 -0500] "GET /secretaria-de-ambiente-abre-convocatoria-para-que-empresas-de-bogota-sean-mas-sostenibles.html HTTP/1.1" 200 907
13.66.139.0 - - [17/Nov/2021:03:45:54 -0500] "GET /BLA/resoluciones/RESOLUCIONES%202018/1448.pdf HTTP/1.1" 200 366917
66.249.79.238 - - [17/Nov/2021:03:46:08 -0500] "GET /BLA/resoluciones/RESOLUCIONES%202008/5705.pdf HTTP/1.1" 200 17895
45.146.164.110 - - [17/Nov/2021:03:46:25 -0500] "GET /index.php?s=/Index/\\think\\app/invokefunction&function=call_user_func_array&vars[0]=md5&vars[1][]=HelloThinkPHP21 HTTP/1.1" 404 1018
114.119.141.71 - - [17/Nov/2021:03:46:48 -0500] "GET /BLA/resoluciones/RESOLUCIONES%202010/0571.pdf HTTP/1.1" 200 107226
216.245.221.92 - - [17/Nov/2021:03:47:35 -0500] "HEAD / HTTP/1.1" 200 -
66.249.79.238 - - [17/Nov/2021:03:48:16 -0500] "GET /BLA/resoluciones/AUTOS%202011/0907.pdf HTTP/1.1" 200 152575
66.249.79.240 - - [17/Nov/2021:03:49:03 -0500] "GET /BLA/resoluciones/AUTOS%202009/1497.pdf HTTP/1.1" 200 181106
114.119.141.51 - - [17/Nov/2021:03:49:26 -0500] "GET /BLA/resoluciones/RESOLUCIONES%202013/0745.pdf HTTP/1.1" 200 3301376
114.119.141.69 - - [17/Nov/2021:03:52:20 -0500] "GET /BLA/resoluciones/RESOLUCIONES%202010/1959.pdf HTTP/1.1" 200 491179
216.245.221.92 - - [17/Nov/2021:03:52:35 -0500] "HEAD / HTTP/1.1" 200 -
186.155.101.246 - - [17/Nov/2021:03:52:41 -0500] "GET /BLA/resoluciones/ HTTP/1.1" 200 12684
186.155.101.246 - - [17/Nov/2021:03:52:47 -0500] "GET /BLA/resoluciones/index.php?dir=RESOLUCIONES+2016%2F HTTP/1.1" 200 162117
186.155.101.246 - - [17/Nov/2021:03:53:06 -0500] "GET /BLA/resoluciones/RESOLUCIONES%202016/1694.pdf HTTP/1.1" 200 287833
186.155.101.246 - - [17/Nov/2021:03:53:34 -0500] "GET /BLA/resoluciones/ HTTP/1.1" 200 12684
186.155.101.246 - - [17/Nov/2021:03:53:59 -0500] "GET /BLA/resoluciones/index.php?dir=RESOLUCIONES+2016%2F HTTP/1.1" 200 162117
114.119.132.76 - - [17/Nov/2021:03:55:26 -0500] "GET /BLA/resoluciones/RESOLUCIONES%202010/6888.pdf HTTP/1.1" 200 650415
201.245.192.253 - - [17/Nov/2021:03:54:51 -0500] "POST /kwsrmcab/Wsrmcab HTTP/1.1" 200 116215
199.59.150.182 - - [17/Nov/2021:03:55:54 -0500] "GET /secretaria-de-ambiente-abre-convocatoria-para-que-empresas-de-bogota-sean-mas-sostenibles.html HTTP/1.1" 200 907
66.249.79.236 - - [17/Nov/2021:03:56:55 -0500] "GET /BLA/resoluciones/Autos%202008/1476.pdf HTTP/1.1" 200 83864
66.249.79.238 - - [17/Nov/2021:03:57:04 -0500] "GET /BLA/resoluciones/RESOLUCIONES%202009/2242.pdf HTTP/1.1" 200 471283
216.245.221.92 - - [17/Nov/2021:03:57:35 -0500] "HEAD / HTTP/1.1" 200 -
114.119.141.42 - - [17/Nov/2021:03:58:09 -0500] "GET /BLA/resoluciones/RESOLUCIONES%202010/4490.pdf HTTP/1.1" 200 518495
66.249.79.238 - - [17/Nov/2021:03:58:15 -0500] "GET /BLA/resoluciones/AUTOS%202007/3358.pdf HTTP/1.1" 200 116981
66.249.79.236 - - [17/Nov/2021:03:58:37 -0500] "GET /BLA/resoluciones/RESOLUCIONES%202008/0945.pdf HTTP/1.1" 200 587743
66.249.79.238 - - [17/Nov/2021:03:59:10 -0500] "GET /BLA/resoluciones/RESOLUCIONES%202008/1841.pdf HTTP/1.1" 200 250077
66.249.79.238 - - [17/Nov/2021:03:59:16 -0500] "GET /BLA/resoluciones/RESOLUCIONES%202007/RES%202007%202301%20AL%202400/RESOLUCION%202368%20DE%202007.pdf HTTP/1.1" 200 218910
66.249.79.236 - - [17/Nov/2021:03:59:36 -0500] "GET /BLA/resoluciones/RESOLUCIONES%202014/1460.pdf HTTP/1.1" 200 519400
66.249.79.236 - - [17/Nov/2021:03:59:37 -0500] "GET /BLA/resoluciones/RESOLUCIONES%202009/2319.pdf HTTP/1.1" 200 468383
66.249.79.238 - - [17/Nov/2021:03:59:58 -0500] "GET /BLA/resoluciones/RESOLUCIONES%202009/3343.pdf HTTP/1.1" 200 610607
114.119.141.53 - - [17/Nov/2021:04:01:03 -0500] "GET /BLA/resoluciones/AUTOS%202015/1134.pdf HTTP/1.1" 200 624803
66.249.79.240 - - [17/Nov/2021:04:02:06 -0500] "GET /BLA/resoluciones/RESOLUCIONES%202009/3348.pdf HTTP/1.1" 200 552729
216.245.221.92 - - [17/Nov/2021:04:02:35 -0500] "HEAD / HTTP/1.1" 200 -
66.249.79.236 - - [17/Nov/2021:04:03:07 -0500] "GET /BLA/resoluciones/RESOLUCIONES%202008/0927.pdf HTTP/1.1" 200 495907
66.249.79.238 - - [17/Nov/2021:04:03:46 -0500] "GET /BLA/resoluciones/RESOLUCIONES%202009/0581.pdf HTTP/1.1" 200 291295
114.119.141.53 - - [17/Nov/2021:04:04:00 -0500] "GET /BLA/resoluciones/AUTOS%202018/6542.pdf HTTP/1.1" 200 232166
199.59.150.180 - - [17/Nov/2021:04:04:31 -0500] "GET /secretaria-de-ambiente-abre-convocatoria-para-que-empresas-de-bogota-sean-mas-sostenibles.html HTTP/1.1" 200 907
199.59.150.181 - - [17/Nov/2021:04:04:32 -0500] "GET /secretaria-de-ambiente-abre-convocatoria-para-que-empresas-de-bogota-sean-mas-sostenibles.html HTTP/1.1" 200 907
66.249.79.240 - - [17/Nov/2021:04:05:56 -0500] "GET /portel_dama/libreria/php/2006/restauracion/22_proye/xtras_in/cni_3.pdf HTTP/1.1" 404 1018
66.249.79.238 - - [17/Nov/2021:04:06:21 -0500] "GET /BLA/resoluciones/AUTOS%202011/1260.pdf HTTP/1.1" 200 137897
66.249.79.240 - - [17/Nov/2021:04:07:01 -0500] "GET /BLA/resoluciones/RESOLUCIONES%202009/0159.pdf HTTP/1.1" 200 190105
114.119.141.52 - - [17/Nov/2021:04:07:01 -0500] "GET /BLA/resoluciones/RESOLUCIONES%202008/0859.pdf HTTP/1.1" 200 1125863
216.245.221.92 - - [17/Nov/2021:04:07:35 -0500] "HEAD / HTTP/1.1" 200 -
66.249.79.238 - - [17/Nov/2021:04:07:46 -0500] "GET /BLA/resoluciones/RESOLUCIONES%202008/0754.pdf HTTP/1.1" 200 49673
66.249.79.240 - - [17/Nov/2021:04:07:47 -0500] "GET /BLA/resoluciones/RESOLUCIONES%202009/2279.pdf HTTP/1.1" 200 357412
66.249.79.236 - - [17/Nov/2021:04:08:09 -0500] "GET /BLA/resoluciones/Notificaciones/AUTOS%202019/2550.pdf HTTP/1.1" 200 257146
66.249.79.240 - - [17/Nov/2021:04:08:58 -0500] "GET /BLA/resoluciones/RESOLUCIONES%202009/1144.pdf HTTP/1.1" 200 540813
66.249.79.238 - - [17/Nov/2021:04:09:24 -0500] "GET /BLA/resoluciones/RESOLUCIONES%202011/3042.pdf HTTP/1.1" 200 708278
114.119.141.42 - - [17/Nov/2021:04:09:54 -0500] "GET /BLA/resoluciones/RESOLUCIONES%202010/4867.pdf HTTP/1.1" 200 751623
66.249.79.238 - - [17/Nov/2021:04:10:06 -0500] "GET /BLA/resoluciones/RESOLUCIONES%202009/0853.pdf HTTP/1.1" 200 297902
66.249.79.236 - - [17/Nov/2021:04:10:22 -0500] "GET /BLA/resoluciones/RESOLUCIONES%202008/4714.pdf HTTP/1.1" 200 253983
66.249.79.236 - - [17/Nov/2021:04:11:05 -0500] "GET /BLA/resoluciones/AUTOS%202009/0460.pdf HTTP/1.1" 200 209531
66.249.79.236 - - [17/Nov/2021:04:11:06 -0500] "GET /BLA/resoluciones/RESOLUCIONES%202008/4253.pdf HTTP/1.1" 200 639800
66.249.79.236 - - [17/Nov/2021:04:11:26 -0500] "GET /BLA/resoluciones/RESOLUCIONES%202009/4486.pdf HTTP/1.1" 200 498199
66.249.79.236 - - [17/Nov/2021:04:11:37 -0500] "GET /BLA/resoluciones/RESOLUCIONES%202009/7249.pdf HTTP/1.1" 200 220929
66.249.79.240 - - [17/Nov/2021:04:12:01 -0500] "GET /BLA/resoluciones/RESOLUCIONES%202009/3501.pdf HTTP/1.1" 200 697486
114.119.141.42 - - [17/Nov/2021:04:12:24 -0500] "GET /BLA/resoluciones/RESOLUCIONES%202010/3548.pdf HTTP/1.1" 200 418238
66.249.79.236 - - [17/Nov/2021:04:12:29 -0500] "GET /BLA/resoluciones/RESOLUCIONES%202008/2955.pdf HTTP/1.1" 200 271184
216.245.221.92 - - [17/Nov/2021:04:12:35 -0500] "HEAD / HTTP/1.1" 200 -
66.249.79.236 - - [17/Nov/2021:04:12:45 -0500] "GET /BLA/resoluciones/RESOLUCIONES%202010/0503.pdf HTTP/1.1" 200 123142
66.249.79.236 - - [17/Nov/2021:04:12:58 -0500] "GET /BLA/resoluciones/Autos%202008/2145.pdf HTTP/1.1" 200 96045
66.249.79.236 - - [17/Nov/2021:04:13:15 -0500] "GET /BLA/resoluciones/RESOLUCIONES%202008/2322.pdf HTTP/1.1" 200 358587
66.249.79.236 - - [17/Nov/2021:04:13:33 -0500] "GET /BLA/resoluciones/RESOLUCIONES%202009/2456.pdf HTTP/1.1" 200 364975
66.249.79.236 - - [17/Nov/2021:04:13:34 -0500] "GET /BLA/resoluciones/AUTOS%202017/5176.pdf HTTP/1.1" 200 344142
66.249.79.236 - - [17/Nov/2021:04:13:45 -0500] "GET /BLA/resoluciones/RESOLUCIONES%202008/5702.pdf HTTP/1.1" 200 211385
66.249.79.236 - - [17/Nov/2021:04:14:13 -0500] "GET /BLA/resoluciones/RESOLUCIONES%202008/5208.pdf HTTP/1.1" 200 260030
114.119.132.76 - - [17/Nov/2021:04:15:15 -0500] "GET /BLA/resoluciones/RESOLUCIONES%202010/4127.pdf HTTP/1.1" 200 757639
66.249.79.238 - - [17/Nov/2021:04:15:28 -0500] "GET /BLA/resoluciones/AUTOS%202012/2561.pdf HTTP/1.1" 200 844258
201.245.192.253 - - [17/Nov/2021:04:14:53 -0500] "POST /kwsrmcab/Wsrmcab HTTP/1.1" 200 116638
66.249.79.238 - - [17/Nov/2021:04:15:52 -0500] "GET /BLA/resoluciones/RESOLUCIONES%202009/5459.pdf HTTP/1.1" 200 525329
66.249.79.238 - - [17/Nov/2021:04:15:58 -0500] "GET /BLA/resoluciones/RESOLUCIONES%202014/0323.pdf HTTP/1.1" 200 620794
66.249.79.236 - - [17/Nov/2021:04:16:09 -0500] "GET /BLA/resoluciones/RESOLUCIONES%202009/8185.pdf HTTP/1.1" 200 501483
66.249.79.236 - - [17/Nov/2021:04:16:11 -0500] "GET /BLA/resoluciones/RESOLUCIONES%202011/0252.pdf HTTP/1.1" 200 271119
66.249.79.236 - - [17/Nov/2021:04:16:19 -0500] "GET /BLA/resoluciones/RESOLUCIONES%202009/6117.pdf HTTP/1.1" 200 343602
66.249.79.236 - - [17/Nov/2021:04:16:35 -0500] "GET /BLA/resoluciones/RESOLUCIONES%202009/0029.pdf HTTP/1.1" 200 467430
66.249.79.236 - - [17/Nov/2021:04:17:07 -0500] "GET /BLA/resoluciones/AUTOS%202015/0949.pdf HTTP/1.1" 200 593517
66.249.79.236 - - [17/Nov/2021:04:17:08 -0500] "GET /BLA/resoluciones/RESOLUCIONES%202008/1086.pdf HTTP/1.1" 200 310280
216.245.221.92 - - [17/Nov/2021:04:17:35 -0500] "HEAD / HTTP/1.1" 200 -
66.249.79.236 - - [17/Nov/2021:04:18:00 -0500] "GET /BLA/resoluciones/RESOLUCIONES%202011/0916.pdf HTTP/1.1" 200 75277
66.249.79.236 - - [17/Nov/2021:04:18:03 -0500] "GET /BLA/resoluciones/RESOLUCIONES%202009/4843.pdf HTTP/1.1" 200 609718
66.249.79.236 - - [17/Nov/2021:04:18:05 -0500] "GET /BLA/resoluciones/RESOLUCIONES%202008/0605.pdf HTTP/1.1" 200 168813
66.249.79.236 - - [17/Nov/2021:04:18:09 -0500] "GET /BLA/resoluciones/RESOLUCIONES%202008/4946.pdf HTTP/1.1" 200 207829
66.249.79.236 - - [17/Nov/2021:04:18:15 -0500] "GET /BLA/resoluciones/RESOLUCIONES%202008/5036.pdf HTTP/1.1" 200 272654
66.249.79.236 - - [17/Nov/2021:04:18:27 -0500] "GET /BLA/resoluciones/RESOLUCIONES%202008/2328.pdf HTTP/1.1" 200 358570
114.119.132.76 - - [17/Nov/2021:04:18:47 -0500] "GET /BLA/resoluciones/AUTOS%202017/3434.pdf HTTP/1.1" 200 2749431
66.249.79.236 - - [17/Nov/2021:04:18:54 -0500] "GET /BLA/resoluciones/RESOLUCIONES%202010/4778.pdf HTTP/1.1" 200 444951
66.249.79.236 - - [17/Nov/2021:04:19:08 -0500] "GET /BLA/resoluciones/RESOLUCIONES%202009/2418.pdf HTTP/1.1" 200 417707
66.249.79.238 - - [17/Nov/2021:04:19:10 -0500] "GET /BLA/resoluciones/RESOLUCIONES%202011/0708.pdf HTTP/1.1" 200 75303
66.249.79.236 - - [17/Nov/2021:04:19:30 -0500] "GET /BLA/resoluciones/RESOLUCIONES%202008/4461.pdf HTTP/1.1" 200 223414
66.249.79.236 - - [17/Nov/2021:04:19:31 -0500] "GET /BLA/resoluciones/RESOLUCIONES%202008/5132.pdf HTTP/1.1" 200 477601
114.119.141.52 - - [17/Nov/2021:04:22:03 -0500] "GET /BLA/resoluciones/RESOLUCIONES%202016/1107.pdf HTTP/1.1" 200 426995
66.249.79.240 - - [17/Nov/2021:04:22:08 -0500] "GET /BLA/resoluciones/RESOLUCIONES%202008/2272.pdf HTTP/1.1" 200 215263
216.245.221.92 - - [17/Nov/2021:04:22:35 -0500] "HEAD / HTTP/1.1" 200 -
201.245.192.253 - - [17/Nov/2021:04:23:29 -0500] "POST /kwsrmcab/Wsrmcab HTTP/1.1" 200 46065
114.119.141.52 - - [17/Nov/2021:04:24:52 -0500] "GET /BLA/resoluciones/RESOLUCIONES%202010/4057.pdf HTTP/1.1" 200 490703
201.245.192.253 - - [17/Nov/2021:04:24:18 -0500] "POST /kwsrmcab/Wsrmcab HTTP/1.1" 200 45924
114.119.141.51 - - [17/Nov/2021:04:27:12 -0500] "GET /BLA/resoluciones/AUTOS%202014/1150.pdf HTTP/1.1" 200 311174
66.249.79.236 - - [17/Nov/2021:04:27:19 -0500] "GET /BLA/resoluciones/RESOLUCIONES%202011/1493.pdf HTTP/1.1" 200 72259
216.245.221.92 - - [17/Nov/2021:04:27:35 -0500] "HEAD / HTTP/1.1" 200 -
66.249.79.238 - - [17/Nov/2021:04:28:48 -0500] "GET /BLA/resoluciones/RESOLUCIONES%202008/5528.pdf HTTP/1.1" 200 468212
199.59.150.182 - - [17/Nov/2021:04:30:08 -0500] "GET /secretaria-de-ambiente-abre-convocatoria-para-que-empresas-de-bogota-sean-mas-sostenibles.html HTTP/1.1" 200 907
114.119.141.69 - - [17/Nov/2021:04:30:35 -0500] "GET /BLA/resoluciones/AUTOS%202019/0942.pdf HTTP/1.1" 200 6780488
66.249.79.238 - - [17/Nov/2021:04:31:12 -0500] "GET /BLA/resoluciones/RESOLUCIONES%202009/1560.pdf HTTP/1.1" 200 422998
66.249.79.236 - - [17/Nov/2021:04:32:17 -0500] "GET /BLA/resoluciones/RESOLUCIONES%202010/1277.pdf HTTP/1.1" 200 98893
216.245.221.92 - - [17/Nov/2021:04:32:35 -0500] "HEAD / HTTP/1.1" 200 -
114.119.141.52 - - [17/Nov/2021:04:33:03 -0500] "GET /BLA/resoluciones/AUTOS%202017/0718.pdf HTTP/1.1" 200 314579
199.59.150.182 - - [17/Nov/2021:04:34:16 -0500] "GET /secretaria-de-ambiente-abre-convocatoria-para-que-empresas-de-bogota-sean-mas-sostenibles.html HTTP/1.1" 200 907
201.245.192.253 - - [17/Nov/2021:04:33:29 -0500] "POST /kwsrmcab/Wsrmcab HTTP/1.1" 200 46065
201.245.192.253 - - [17/Nov/2021:04:34:17 -0500] "POST /kwsrmcab/Wsrmcab HTTP/1.1" 200 45924
114.119.141.73 - - [17/Nov/2021:04:35:33 -0500] "GET /BLA/resoluciones/RESOLUCIONES%202010/7603.pdf HTTP/1.1" 200 68277
201.245.192.253 - - [17/Nov/2021:04:34:52 -0500] "POST /kwsrmcab/Wsrmcab HTTP/1.1" 200 116638
216.245.221.92 - - [17/Nov/2021:04:37:35 -0500] "HEAD / HTTP/1.1" 200 -
114.119.141.69 - - [17/Nov/2021:04:38:17 -0500] "GET /BLA/resoluciones/RESOLUCIONES%202010/7664.pdf HTTP/1.1" 200 164709
114.119.141.71 - - [17/Nov/2021:04:41:09 -0500] "GET /BLA/resoluciones/RESOLUCIONES%202013/1026.pdf HTTP/1.1" 200 632727
35.204.86.244 - - [17/Nov/2021:04:41:22 -0500] "GET / HTTP/1.1" 200 319
216.245.221.92 - - [17/Nov/2021:04:42:35 -0500] "HEAD / HTTP/1.1" 200 -
114.119.141.69 - - [17/Nov/2021:04:43:54 -0500] "GET /BLA/resoluciones/RESOLUCIONES%202010/7012.pdf HTTP/1.1" 200 391484
201.245.192.253 - - [17/Nov/2021:04:43:29 -0500] "POST /kwsrmcab/Wsrmcab HTTP/1.1" 200 46065
201.245.192.253 - - [17/Nov/2021:04:44:15 -0500] "POST /kwsrmcab/Wsrmcab HTTP/1.1" 200 45924
192.241.207.158 - - [17/Nov/2021:04:46:13 -0500] "GET / HTTP/1.1" 200 319
114.119.141.52 - - [17/Nov/2021:04:46:53 -0500] "GET /BLA/resoluciones/index.php?dir=RESOLUCIONES%2B1994/&sort=size&order=asc HTTP/1.1" 200 12891
66.249.79.236 - - [17/Nov/2021:04:47:03 -0500] "GET /BLA/resoluciones/RESOLUCIONES%202009/4815.pdf HTTP/1.1" 200 683678
216.245.221.92 - - [17/Nov/2021:04:47:35 -0500] "HEAD / HTTP/1.1" 200 -
186.155.14.84 - - [17/Nov/2021:04:48:12 -0500] "GET /galeria/galeria/jquery.fancybox.css?v=2.1.5 HTTP/1.1" 200 4895
69.171.251.25 - - [17/Nov/2021:04:49:30 -0500] "GET /images/lagartija-animal-trafico-fauna-31-octubre.jpg HTTP/1.1" 200 45684
114.119.141.52 - - [17/Nov/2021:04:49:31 -0500] "GET /BLA/resoluciones/AUTOS%202013/0016.pdf HTTP/1.1" 200 2587686
173.252.107.6 - - [17/Nov/2021:04:49:40 -0500] "GET /images/Cabildo1.jpeg HTTP/1.1" 200 32341
114.119.141.52 - - [17/Nov/2021:04:52:27 -0500] "GET /BLA/resoluciones/RESOLUCIONES%202007/RES%202007%202101%20AL%202200/RESOLUCION%202172%20DE%202007.pdf HTTP/1.1" 200 406224
216.245.221.92 - - [17/Nov/2021:04:52:35 -0500] "HEAD / HTTP/1.1" 200 -
201.245.192.253 - - [17/Nov/2021:04:54:50 -0500] "POST /kwsrmcab/Wsrmcab HTTP/1.1" 200 116638
114.119.141.69 - - [17/Nov/2021:04:55:34 -0500] "GET /BLA/resoluciones/RESOLUCIONES%202017/2700.pdf HTTP/1.1" 200 827726
66.249.79.238 - - [17/Nov/2021:04:56:55 -0500] "GET /BLA/boletinlegal/Directivas/2014/Directiva%20No.%201%20del%2010%20de%20Abril%20de%202014.pdf HTTP/1.1" 200 258865
199.59.150.181 - - [17/Nov/2021:04:57:26 -0500] "GET /secretaria-de-ambiente-abre-convocatoria-para-que-empresas-de-bogota-sean-mas-sostenibles.html HTTP/1.1" 200 907
216.245.221.92 - - [17/Nov/2021:04:57:35 -0500] "HEAD / HTTP/1.1" 200 -
199.59.150.183 - - [17/Nov/2021:05:00:49 -0500] "GET /secretaria-de-ambiente-abre-convocatoria-para-que-empresas-de-bogota-sean-mas-sostenibles.html HTTP/1.1" 200 907
114.119.141.53 - - [17/Nov/2021:05:01:08 -0500] "GET /BLA/resoluciones/RESOLUCIONES%202010/5710.pdf HTTP/1.1" 200 164511
216.245.221.92 - - [17/Nov/2021:05:02:35 -0500] "HEAD / HTTP/1.1" 200 -
114.119.141.71 - - [17/Nov/2021:05:03:40 -0500] "GET /BLA/resoluciones/RESOLUCIONES%202010/6598.pdf HTTP/1.1" 200 462624
114.119.141.71 - - [17/Nov/2021:05:06:37 -0500] "GET /Publicaciones/2020EE214684.pdf HTTP/1.1" 404 228
216.245.221.92 - - [17/Nov/2021:05:07:34 -0500] "HEAD / HTTP/1.1" 200 -
114.119.141.73 - - [17/Nov/2021:05:09:33 -0500] "GET /BLA/resoluciones/RESOLUCIONES%202010/1796.pdf HTTP/1.1" 200 483647
173.252.127.31 - - [17/Nov/2021:05:10:12 -0500] "GET /images/plantacion-dia-del-arbol-12-octubre.jpg HTTP/1.1" 200 149033
173.252.107.24 - - [17/Nov/2021:05:10:59 -0500] "GET /en-el-dia-mundial-del-arbol-bogota-reverdece-con-nuevos-arboles-plantados.html HTTP/1.1" 206 941
173.252.107.7 - - [17/Nov/2021:05:10:59 -0500] "GET /en-el-dia-mundial-del-arbol-bogota-reverdece-con-nuevos-arboles-plantados.html HTTP/1.1" 206 941
114.119.141.52 - - [17/Nov/2021:05:12:06 -0500] "GET /BLA/resoluciones/RESOLUCIONES%202010/3224.pdf HTTP/1.1" 200 509485
216.245.221.92 - - [17/Nov/2021:05:12:35 -0500] "HEAD / HTTP/1.1" 200 -
186.31.22.90 - - [17/Nov/2021:05:13:03 -0500] "GET /galeria/galeria/jquery.fancybox.css?v=2.1.5 HTTP/1.1" 200 4895
114.119.141.42 - - [17/Nov/2021:05:14:54 -0500] "GET /BLA/resoluciones/RESOLUCIONES%202010/0578.pdf HTTP/1.1" 200 107224
201.245.192.253 - - [17/Nov/2021:05:14:52 -0500] "POST /kwsrmcab/Wsrmcab HTTP/1.1" 200 116638
216.245.221.92 - - [17/Nov/2021:05:17:34 -0500] "HEAD / HTTP/1.1" 200 -
114.119.141.42 - - [17/Nov/2021:05:17:38 -0500] "GET /BLA/resoluciones/RESOLUCIONES%202010/2193.pdf HTTP/1.1" 200 664412
114.119.132.76 - - [17/Nov/2021:05:20:22 -0500] "GET /BLA/resoluciones/RESOLUCIONES%202010/4097.pdf HTTP/1.1" 200 346788
216.245.221.92 - - [17/Nov/2021:05:22:35 -0500] "HEAD / HTTP/1.1" 200 -
114.119.141.71 - - [17/Nov/2021:05:23:34 -0500] "GET /BLA/resoluciones/RESOLUCIONES%202007/RES%202007%20901%20AL%201000/RESOLUCION%200971%20DE%202007.pdf HTTP/1.1" 200 319606
199.59.150.182 - - [17/Nov/2021:05:24:11 -0500] "GET /secretaria-de-ambiente-abre-convocatoria-para-que-empresas-de-bogota-sean-mas-sostenibles.html HTTP/1.1" 200 907
199.59.150.181 - - [17/Nov/2021:05:24:11 -0500] "GET /secretaria-de-ambiente-abre-convocatoria-para-que-empresas-de-bogota-sean-mas-sostenibles.html HTTP/1.1" 200 907
201.245.192.253 - - [17/Nov/2021:05:23:29 -0500] "POST /kwsrmcab/Wsrmcab HTTP/1.1" 200 46070
201.245.192.253 - - [17/Nov/2021:05:24:18 -0500] "POST /kwsrmcab/Wsrmcab HTTP/1.1" 200 45924
114.119.141.73 - - [17/Nov/2021:05:25:56 -0500] "GET /BLA/resoluciones/RESOLUCIONES%202017/3428.pdf HTTP/1.1" 200 503603
216.245.221.92 - - [17/Nov/2021:05:27:34 -0500] "HEAD / HTTP/1.1" 200 -
136.243.144.179 - - [17/Nov/2021:05:28:25 -0500] "GET /BLA/resoluciones/index.php?dir=AUTOS%202009/&sort=name&order=desc HTTP/1.1" 200 399206
114.119.141.69 - - [17/Nov/2021:05:28:43 -0500] "GET /BLA/resoluciones/RESOLUCIONES%202010/7334.pdf HTTP/1.1" 200 511584
114.119.141.53 - - [17/Nov/2021:05:31:29 -0500] "GET /Residuos/impresion/impresion.html HTTP/1.1" 200 1961
216.245.221.92 - - [17/Nov/2021:05:32:34 -0500] "HEAD / HTTP/1.1" 200 -
201.245.192.253 - - [17/Nov/2021:05:33:29 -0500] "POST /kwsrmcab/Wsrmcab HTTP/1.1" 200 46070
114.119.141.53 - - [17/Nov/2021:05:34:25 -0500] "GET /BLA/resoluciones/RESOLUCIONES%202010/4505.pdf HTTP/1.1" 200 771962
201.245.192.253 - - [17/Nov/2021:05:34:14 -0500] "POST /kwsrmcab/Wsrmcab HTTP/1.1" 200 45924
201.245.192.253 - - [17/Nov/2021:05:34:52 -0500] "POST /kwsrmcab/Wsrmcab HTTP/1.1" 200 116638
45.172.218.38 - - [17/Nov/2021:05:36:56 -0500] "GET /galeria/galeria/jquery.fancybox.css?v=2.1.5 HTTP/1.1" 200 4895
114.119.141.51 - - [17/Nov/2021:05:37:02 -0500] "GET /BLA/resoluciones/RESOLUCIONES%202010/6111.pdf HTTP/1.1" 200 679016
216.245.221.92 - - [17/Nov/2021:05:37:34 -0500] "HEAD / HTTP/1.1" 200 -
114.119.141.73 - - [17/Nov/2021:05:39:52 -0500] "GET /BLA/resoluciones/RESOLUCIONES%202014/0447.pdf HTTP/1.1" 200 874790
216.245.221.92 - - [17/Nov/2021:05:42:34 -0500] "HEAD / HTTP/1.1" 200 -
114.119.141.69 - - [17/Nov/2021:05:42:49 -0500] "GET /BLA/resoluciones/RESOLUCIONES%202010/6377.pdf HTTP/1.1" 200 749266
35.204.61.39 - - [17/Nov/2021:05:43:34 -0500] "GET / HTTP/1.1" 200 319
201.245.192.253 - - [17/Nov/2021:05:43:29 -0500] "POST /kwsrmcab/Wsrmcab HTTP/1.1" 200 46070
201.245.192.253 - - [17/Nov/2021:05:44:13 -0500] "POST /kwsrmcab/Wsrmcab HTTP/1.1" 200 45924
114.119.132.76 - - [17/Nov/2021:05:45:34 -0500] "GET /BLA/resoluciones/RESOLUCIONES%202010/4282.pdf HTTP/1.1" 200 757751
216.245.221.92 - - [17/Nov/2021:05:47:34 -0500] "HEAD / HTTP/1.1" 200 -
114.119.141.42 - - [17/Nov/2021:05:48:15 -0500] "GET /BLA/resoluciones/RESOLUCIONES%202008/1154.pdf HTTP/1.1" 200 462333
66.249.79.236 - - [17/Nov/2021:05:48:53 -0500] "GET /galeria/carrusel/Carrusel/jquery.thumbnailScroller.css HTTP/1.1" 200 2066
66.249.79.236 - - [17/Nov/2021:05:48:55 -0500] "GET /galeria/nivo-slider/demo/banner.html HTTP/1.1" 200 5446
66.249.79.240 - - [17/Nov/2021:05:48:55 -0500] "GET /galeria/nivo-slider/themes/pascal/pascal.css HTTP/1.1" 200 2258
66.249.79.238 - - [17/Nov/2021:05:48:56 -0500] "GET /galeria/nivo-slider/themes/default/default.css HTTP/1.1" 200 1569
66.249.79.240 - - [17/Nov/2021:05:48:56 -0500] "GET /galeria/nivo-slider/themes/orman/orman.css HTTP/1.1" 200 2152
66.249.79.236 - - [17/Nov/2021:05:48:57 -0500] "GET /galeria/nivo-slider/demo/style.css HTTP/1.1" 200 2222
66.249.79.236 - - [17/Nov/2021:05:48:57 -0500] "GET /galeria/nivo-slider/jquery.nivo.slider.pack.js HTTP/1.1" 200 11561
66.249.79.238 - - [17/Nov/2021:05:48:57 -0500] "GET /galeria/nivo-slider/demo/scripts/jquery-1.7.1.min.js HTTP/1.1" 200 93868
66.249.79.238 - - [17/Nov/2021:05:48:58 -0500] "GET /galeria/nivo-slider/nivo-slider.css HTTP/1.1" 200 1507
199.59.150.181 - - [17/Nov/2021:05:50:41 -0500] "GET /secretaria-de-ambiente-abre-convocatoria-para-que-empresas-de-bogota-sean-mas-sostenibles.html HTTP/1.1" 200 907
114.119.141.52 - - [17/Nov/2021:05:51:01 -0500] "GET /BLA/resoluciones/RESOLUCIONES%202007/RES%202007%20801%20AL%20900/RESOLUCION%200851%20DE%202007.pdf HTTP/1.1" 200 232696
216.245.221.92 - - [17/Nov/2021:05:52:34 -0500] "HEAD / HTTP/1.1" 200 -
114.119.141.53 - - [17/Nov/2021:05:53:46 -0500] "GET /BLA/resoluciones/RESOLUCIONES%202010/7159.pdf HTTP/1.1" 200 674073
201.245.192.253 - - [17/Nov/2021:05:54:52 -0500] "POST /kwsrmcab/Wsrmcab HTTP/1.1" 200 116638
114.119.141.73 - - [17/Nov/2021:05:56:34 -0500] "GET /BLA/resoluciones/AUTOS%202011/6805.pdf HTTP/1.1" 200 232453
216.245.221.92 - - [17/Nov/2021:05:57:34 -0500] "HEAD / HTTP/1.1" 200 -
114.119.141.73 - - [17/Nov/2021:05:59:40 -0500] "GET /BLA/resoluciones/RESOLUCIONES%202014/0077.pdf HTTP/1.1" 200 465217
114.119.141.73 - - [17/Nov/2021:06:02:14 -0500] "GET /BLA/resoluciones/RESOLUCIONES%202007/RES%202007%204201%20AL%204300/RESOLUCION%204203%20DE%202007.pdf HTTP/1.1" 200 279815
216.245.221.92 - - [17/Nov/2021:06:02:34 -0500] "HEAD / HTTP/1.1" 200 -
114.119.141.51 - - [17/Nov/2021:06:05:00 -0500] "GET /BLA/resoluciones/RESOLUCIONES%202010/7182.pdf HTTP/1.1" 200 1972303
181.59.54.142 - - [17/Nov/2021:06:05:34 -0500] "GET /galeria/galeria/jquery.fancybox.css?v=2.1.5 HTTP/1.1" 200 4895
199.59.150.180 - - [17/Nov/2021:06:07:09 -0500] "GET /secretaria-de-ambiente-abre-convocatoria-para-que-empresas-de-bogota-sean-mas-sostenibles.html HTTP/1.1" 200 907
216.245.221.92 - - [17/Nov/2021:06:07:34 -0500] "HEAD / HTTP/1.1" 200 -
114.119.141.69 - - [17/Nov/2021:06:07:38 -0500] "GET /BLA/resoluciones/AUTOS%202016/1200.pdf HTTP/1.1" 200 2186130
45.146.164.110 - - [17/Nov/2021:06:09:44 -0500] "POST /Autodiscover/Autodiscover.xml HTTP/1.1" 404 1018
114.119.141.69 - - [17/Nov/2021:06:10:29 -0500] "GET /BLA/resoluciones/RESOLUCIONES%202010/2352.pdf HTTP/1.1" 200 480749
216.245.221.92 - - [17/Nov/2021:06:12:34 -0500] "HEAD / HTTP/1.1" 200 -
114.119.141.53 - - [17/Nov/2021:06:13:24 -0500] "GET /BLA/resoluciones/RESOLUCIONES%202010/3509.pdf HTTP/1.1" 200 516259
201.245.192.253 - - [17/Nov/2021:06:14:51 -0500] "POST /kwsrmcab/Wsrmcab HTTP/1.1" 200 116660
114.119.141.42 - - [17/Nov/2021:06:15:55 -0500] "GET /BLA/resoluciones/RESOLUCIONES%202010/6397.pdf HTTP/1.1" 200 2797863
199.59.150.181 - - [17/Nov/2021:06:17:26 -0500] "GET /secretaria-de-ambiente-abre-convocatoria-para-que-empresas-de-bogota-sean-mas-sostenibles.html HTTP/1.1" 200 907
216.245.221.92 - - [17/Nov/2021:06:17:34 -0500] "HEAD / HTTP/1.1" 200 -
114.119.141.51 - - [17/Nov/2021:06:18:39 -0500] "GET /BLA/resoluciones/RESOLUCIONES%202010/0270.pdf HTTP/1.1" 200 130762
35.204.93.25 - - [17/Nov/2021:06:18:58 -0500] "GET / HTTP/1.1" 200 319
114.119.141.52 - - [17/Nov/2021:06:21:27 -0500] "GET /BLA/resoluciones/AUTOS%202014/6213.pdf HTTP/1.1" 200 519396
199.59.150.183 - - [17/Nov/2021:06:22:05 -0500] "GET /robots.txt HTTP/1.1" 404 1034
199.59.150.183 - - [17/Nov/2021:06:22:05 -0500] "GET /secretaria-de-ambiente-abre-convocatoria-para-que-empresas-de-bogota-sean-mas-sostenibles.html HTTP/1.1" 200 907
199.59.150.181 - - [17/Nov/2021:06:22:05 -0500] "GET /secretaria-de-ambiente-abre-convocatoria-para-que-empresas-de-bogota-sean-mas-sostenibles.html HTTP/1.1" 200 907
199.59.150.181 - - [17/Nov/2021:06:22:05 -0500] "GET /secretaria-de-ambiente-abre-convocatoria-para-que-empresas-de-bogota-sean-mas-sostenibles.html HTTP/1.1" 200 907
40.77.167.14 - - [17/Nov/2021:06:22:09 -0500] "GET /BLA/resoluciones/index.php?dir=AUTOS+2021%2F HTTP/1.1" 200 175143
216.245.221.92 - - [17/Nov/2021:06:22:34 -0500] "HEAD / HTTP/1.1" 200 -
199.59.150.181 - - [17/Nov/2021:06:24:08 -0500] "GET /secretaria-de-ambiente-abre-convocatoria-para-que-empresas-de-bogota-sean-mas-sostenibles.html HTTP/1.1" 200 907
114.119.141.51 - - [17/Nov/2021:06:24:10 -0500] "GET /BLA/resoluciones/RESOLUCIONES%202010/5305.pdf HTTP/1.1" 200 750339
201.245.192.253 - - [17/Nov/2021:06:23:29 -0500] "POST /kwsrmcab/Wsrmcab HTTP/1.1" 200 46109
201.245.192.253 - - [17/Nov/2021:06:24:15 -0500] "POST /kwsrmcab/Wsrmcab HTTP/1.1" 200 45946
199.59.150.180 - - [17/Nov/2021:06:26:42 -0500] "GET /secretaria-de-ambiente-abre-convocatoria-para-que-empresas-de-bogota-sean-mas-sostenibles.html HTTP/1.1" 200 907
114.119.141.69 - - [17/Nov/2021:06:27:01 -0500] "GET /BLA/resoluciones/RESOLUCIONES%202010/6463.pdf HTTP/1.1" 200 64655
216.245.221.92 - - [17/Nov/2021:06:27:34 -0500] "HEAD / HTTP/1.1" 200 -
114.119.141.42 - - [17/Nov/2021:06:29:51 -0500] "GET /BLA/resoluciones/RESOLUCIONES%202010/5346.pdf HTTP/1.1" 200 508425
199.59.150.180 - - [17/Nov/2021:06:30:18 -0500] "GET /secretaria-de-ambiente-abre-convocatoria-para-que-empresas-de-bogota-sean-mas-sostenibles.html HTTP/1.1" 200 907
199.59.150.182 - - [17/Nov/2021:06:32:23 -0500] "GET /secretaria-de-ambiente-abre-convocatoria-para-que-empresas-de-bogota-sean-mas-sostenibles.html HTTP/1.1" 200 907
216.245.221.92 - - [17/Nov/2021:06:32:34 -0500] "HEAD / HTTP/1.1" 200 -
114.119.141.42 - - [17/Nov/2021:06:32:38 -0500] "GET /BLA/resoluciones/index.php?dir=Acuerdos/&sort=name&order=desc HTTP/1.1" 200 3395
201.245.192.253 - - [17/Nov/2021:06:33:59 -0500] "GET /sipse/faces/faces/faces/index.xhtml HTTP/1.1" 200 677
201.245.192.253 - - [17/Nov/2021:06:33:59 -0500] "GET /sipse/faces/javax.faces.resource/theme.css?ln=primefaces-sipse HTTP/1.1" 304 -
201.245.192.253 - - [17/Nov/2021:06:33:59 -0500] "GET /favicon.ico HTTP/1.1" 200 7782
201.245.192.253 - - [17/Nov/2021:06:33:59 -0500] "GET /sipse/faces/faces/faces/faces/autenticacion.xhtml HTTP/1.1" 200 12186
201.245.192.253 - - [17/Nov/2021:06:33:59 -0500] "GET /sipse/js/disable_browser_buttons.js HTTP/1.1" 200 3230
201.245.192.253 - - [17/Nov/2021:06:33:59 -0500] "GET /sipse/css/custom_css_sg.css HTTP/1.1" 200 9694
201.245.192.253 - - [17/Nov/2021:06:33:59 -0500] "GET /sipse/js/funciones.js HTTP/1.1" 200 12592
201.245.192.253 - - [17/Nov/2021:06:33:59 -0500] "GET /sipse/css/custom_css_sg_prime_login.css HTTP/1.1" 200 443
201.245.192.253 - - [17/Nov/2021:06:33:59 -0500] "GET /sipse/faces/javax.faces.resource/primefaces.css?ln=primefaces&v=4.0 HTTP/1.1" 304 -
201.245.192.253 - - [17/Nov/2021:06:33:59 -0500] "GET /sipse/faces/javax.faces.resource/layout/layout.css?ln=primefaces&v=4.0 HTTP/1.1" 304 -
201.245.192.253 - - [17/Nov/2021:06:33:59 -0500] "GET /sipse/faces/javax.faces.resource/theme.css?ln=primefaces-sipse HTTP/1.1" 304 -
201.245.192.253 - - [17/Nov/2021:06:33:59 -0500] "GET /sipse/faces/javax.faces.resource/primefaces.js?ln=primefaces&v=4.0 HTTP/1.1" 304 -
201.245.192.253 - - [17/Nov/2021:06:33:59 -0500] "GET /sipse/faces/javax.faces.resource/jquery/jquery-plugins.js?ln=primefaces&v=4.0 HTTP/1.1" 304 -
201.245.192.253 - - [17/Nov/2021:06:33:59 -0500] "GET /sipse/faces/javax.faces.resource/jquery/jquery.js?ln=primefaces&v=4.0 HTTP/1.1" 304 -
201.245.192.253 - - [17/Nov/2021:06:33:59 -0500] "GET /sipse/faces/javax.faces.resource/layout/layout.js?ln=primefaces&v=4.0 HTTP/1.1" 304 -
201.245.192.253 - - [17/Nov/2021:06:33:59 -0500] "GET /sipse/css/imagen/logoSDG.png HTTP/1.1" 200 53064
201.245.192.253 - - [17/Nov/2021:06:33:59 -0500] "GET /sipse/css/imagen/loginimg.png HTTP/1.1" 200 71635
201.245.192.253 - - [17/Nov/2021:06:33:59 -0500] "GET /sipse/faces/javax.faces.resource/images/ui-icons_898989_256x240.png?ln=primefaces-aristo HTTP/1.1" 304 -
201.245.192.253 - - [17/Nov/2021:06:34:03 -0500] "POST /sipse/faces/autenticacion.xhtml HTTP/1.1" 200 16074
201.245.192.253 - - [17/Nov/2021:06:34:03 -0500] "GET /sipse/css/custom_css_sg_prime.css HTTP/1.1" 200 5201
201.245.192.253 - - [17/Nov/2021:06:34:03 -0500] "GET /sipse/faces/javax.faces.resource/layout/layout.css?ln=primefaces&v=4.0 HTTP/1.1" 304 -
201.245.192.253 - - [17/Nov/2021:06:34:03 -0500] "GET /sipse/faces/javax.faces.resource/theme.css?ln=primefaces-sipse HTTP/1.1" 304 -
201.245.192.253 - - [17/Nov/2021:06:34:03 -0500] "GET /sipse/faces/javax.faces.resource/primefaces.css?ln=primefaces&v=4.0 HTTP/1.1" 304 -
201.245.192.253 - - [17/Nov/2021:06:34:03 -0500] "GET /sipse/js/jquery.min.js HTTP/1.1" 200 85582
201.245.192.253 - - [17/Nov/2021:06:34:03 -0500] "GET /sipse/faces/javax.faces.resource/jquery/jquery.js?ln=primefaces&v=4.0 HTTP/1.1" 304 -
201.245.192.253 - - [17/Nov/2021:06:34:03 -0500] "GET /sipse/faces/javax.faces.resource/jquery/jquery-plugins.js?ln=primefaces&v=4.0 HTTP/1.1" 304 -
201.245.192.253 - - [17/Nov/2021:06:34:03 -0500] "GET /sipse/faces/javax.faces.resource/primefaces.js?ln=primefaces&v=4.0 HTTP/1.1" 304 -
201.245.192.253 - - [17/Nov/2021:06:34:03 -0500] "GET /sipse/faces/javax.faces.resource/layout/layout.js?ln=primefaces&v=4.0 HTTP/1.1" 304 -
201.245.192.253 - - [17/Nov/2021:06:34:03 -0500] "GET /sipse/css/imagen/contrasena.png HTTP/1.1" 404 383
201.245.192.253 - - [17/Nov/2021:06:34:03 -0500] "GET /sipse/imagenes/cargando.gif HTTP/1.1" 200 36959
201.245.192.253 - - [17/Nov/2021:06:34:03 -0500] "GET /sipse/faces/javax.faces.resource/messages/messages.png?ln=primefaces&v=4.0 HTTP/1.1" 304 -
201.245.192.253 - - [17/Nov/2021:06:34:03 -0500] "GET /sipse/imagenes/logoAplicacion.jpg HTTP/1.1" 200 155084
201.245.192.253 - - [17/Nov/2021:06:34:05 -0500] "GET /sipse/faces/javax.faces.resource/images/ui-bg_flat_0_2d5972_40x100.png?ln=primefaces-aristo HTTP/1.1" 304 -
201.245.192.253 - - [17/Nov/2021:06:34:05 -0500] "POST /sipse/faces/bienvenido.xhtml HTTP/1.1" 200 1471
201.245.192.253 - - [17/Nov/2021:06:34:05 -0500] "POST /sipse/faces/bienvenido.xhtml HTTP/1.1" 200 59076
201.245.192.253 - - [17/Nov/2021:06:34:06 -0500] "GET /sipse/faces/javax.faces.resource/theme.css?ln=primefaces-sipse HTTP/1.1" 304 -
201.245.192.253 - - [17/Nov/2021:06:34:06 -0500] "GET /sipse/faces/javax.faces.resource/layout/layout.css?ln=primefaces&v=4.0 HTTP/1.1" 304 -
201.245.192.253 - - [17/Nov/2021:06:34:06 -0500] "GET /sipse/faces/javax.faces.resource/primefaces.css?ln=primefaces&v=4.0 HTTP/1.1" 304 -
201.245.192.253 - - [17/Nov/2021:06:34:06 -0500] "GET /sipse/faces/javax.faces.resource/jquery/jquery.js?ln=primefaces&v=4.0 HTTP/1.1" 304 -
201.245.192.253 - - [17/Nov/2021:06:34:06 -0500] "GET /sipse/faces/javax.faces.resource/jquery/jquery-plugins.js?ln=primefaces&v=4.0 HTTP/1.1" 304 -
201.245.192.253 - - [17/Nov/2021:06:34:06 -0500] "GET /sipse/faces/javax.faces.resource/primefaces.js?ln=primefaces&v=4.0 HTTP/1.1" 304 -
201.245.192.253 - - [17/Nov/2021:06:34:06 -0500] "GET /sipse/faces/javax.faces.resource/layout/layout.js?ln=primefaces&v=4.0 HTTP/1.1" 304 -
201.245.192.253 - - [17/Nov/2021:06:34:06 -0500] "POST /sipse/faces/presentacion/financiero/solicitudProceso/listarSolicitudProceso.xhtml HTTP/1.1" 200 1452
201.245.192.253 - - [17/Nov/2021:06:33:28 -0500] "POST /kwsrmcab/Wsrmcab HTTP/1.1" 200 46109
200.118.62.131 - - [17/Nov/2021:06:34:26 -0500] "GET /appsia/controlador HTTP/1.1" 200 4799
200.118.62.131 - - [17/Nov/2021:06:34:26 -0500] "GET /appsia/scripts/validarIngreso.js HTTP/1.1" 200 851
200.118.62.131 - - [17/Nov/2021:06:34:26 -0500] "GET /appsia/css/estilos.css HTTP/1.1" 200 4804
200.118.62.131 - - [17/Nov/2021:06:34:26 -0500] "GET /appsia/images/cabezoteHojaVida.png HTTP/1.1" 200 32493
200.118.62.131 - - [17/Nov/2021:06:34:26 -0500] "GET /appsia/images/logo_bogota_p.png HTTP/1.1" 200 14951
200.118.62.131 - - [17/Nov/2021:06:34:38 -0500] "POST /appsia/controlador HTTP/1.1" 200 5437
186.30.34.100 - - [17/Nov/2021:06:34:42 -0500] "GET /galeria/galeria/jquery.fancybox.css?v=2.1.5 HTTP/1.1" 200 4895
200.118.62.131 - - [17/Nov/2021:06:34:42 -0500] "POST /appsia/controlador HTTP/1.1" 200 7775
201.245.192.253 - - [17/Nov/2021:06:34:43 -0500] "POST /sipse/faces/presentacion/financiero/solicitudProceso/listarSolicitudProceso.xhtml HTTP/1.1" 200 5279
201.245.192.253 - - [17/Nov/2021:06:34:45 -0500] "POST /sipse/faces/presentacion/financiero/solicitudProceso/listarSolicitudProceso.xhtml HTTP/1.1" 200 114141
201.245.192.253 - - [17/Nov/2021:06:34:46 -0500] "GET /sipse/faces/javax.faces.resource/theme.css?ln=primefaces-sipse HTTP/1.1" 304 -
201.245.192.253 - - [17/Nov/2021:06:34:46 -0500] "GET /sipse/faces/javax.faces.resource/primefaces.css?ln=primefaces&v=4.0 HTTP/1.1" 304 -
201.245.192.253 - - [17/Nov/2021:06:34:46 -0500] "GET /sipse/faces/javax.faces.resource/layout/layout.css?ln=primefaces&v=4.0 HTTP/1.1" 304 -
201.245.192.253 - - [17/Nov/2021:06:34:46 -0500] "GET /sipse/css/imagen/contrasena.png HTTP/1.1" 404 383
201.245.192.253 - - [17/Nov/2021:06:34:46 -0500] "GET /sipse/faces/javax.faces.resource/jquery/jquery.js?ln=primefaces&v=4.0 HTTP/1.1" 304 -
201.245.192.253 - - [17/Nov/2021:06:34:46 -0500] "GET /sipse/faces/javax.faces.resource/jquery/jquery-plugins.js?ln=primefaces&v=4.0 HTTP/1.1" 304 -
201.245.192.253 - - [17/Nov/2021:06:34:46 -0500] "GET /sipse/faces/javax.faces.resource/primefaces.js?ln=primefaces&v=4.0 HTTP/1.1" 304 -
201.245.192.253 - - [17/Nov/2021:06:34:46 -0500] "GET /sipse/faces/javax.faces.resource/layout/layout.js?ln=primefaces&v=4.0 HTTP/1.1" 304 -
201.245.192.253 - - [17/Nov/2021:06:34:48 -0500] "POST /sipse/faces/presentacion/financiero/solicitudProceso/consultarSolicitudProceso.xhtml HTTP/1.1" 200 19322
201.245.192.253 - - [17/Nov/2021:06:34:48 -0500] "GET /sipse/faces/javax.faces.resource/theme.css?ln=primefaces-sipse HTTP/1.1" 304 -
201.245.192.253 - - [17/Nov/2021:06:34:48 -0500] "GET /sipse/faces/javax.faces.resource/primefaces.css?ln=primefaces&v=4.0 HTTP/1.1" 304 -
201.245.192.253 - - [17/Nov/2021:06:34:48 -0500] "GET /sipse/faces/javax.faces.resource/layout/layout.css?ln=primefaces&v=4.0 HTTP/1.1" 304 -
201.245.192.253 - - [17/Nov/2021:06:34:48 -0500] "GET /sipse/faces/javax.faces.resource/jquery/jquery.js?ln=primefaces&v=4.0 HTTP/1.1" 304 -
201.245.192.253 - - [17/Nov/2021:06:34:48 -0500] "GET /sipse/faces/javax.faces.resource/jquery/jquery-plugins.js?ln=primefaces&v=4.0 HTTP/1.1" 304 -
201.245.192.253 - - [17/Nov/2021:06:34:48 -0500] "GET /sipse/faces/javax.faces.resource/fileupload/fileupload.css?ln=primefaces&v=4.0 HTTP/1.1" 304 -
201.245.192.253 - - [17/Nov/2021:06:34:48 -0500] "GET /sipse/faces/javax.faces.resource/primefaces.js?ln=primefaces&v=4.0 HTTP/1.1" 304 -
201.245.192.253 - - [17/Nov/2021:06:34:48 -0500] "GET /sipse/faces/javax.faces.resource/fileupload/fileupload.js?ln=primefaces&v=4.0 HTTP/1.1" 304 -
201.245.192.253 - - [17/Nov/2021:06:34:48 -0500] "GET /sipse/faces/javax.faces.resource/layout/layout.js?ln=primefaces&v=4.0 HTTP/1.1" 304 -
201.245.192.253 - - [17/Nov/2021:06:34:48 -0500] "GET /sipse/css/imagen/contrasena.png HTTP/1.1" 404 383
201.245.192.253 - - [17/Nov/2021:06:34:48 -0500] "GET /sipse/faces/javax.faces.resource/images/ui-icons_898989_256x240.png?ln=primefaces-aristo HTTP/1.1" 304 -
200.118.62.131 - - [17/Nov/2021:06:34:49 -0500] "POST /appsia/controlador HTTP/1.1" 200 6640
201.245.192.253 - - [17/Nov/2021:06:34:46 -0500] "GET /reportes_sipse/sdg/ServletReporte?reporte=solicitud_cdp&Solicitud=15641&pfdrid_c=false HTTP/1.1" 200 16081
200.118.62.131 - - [17/Nov/2021:06:34:51 -0500] "POST /appsia/controlador HTTP/1.1" 200 12820
201.245.192.253 - - [17/Nov/2021:06:34:55 -0500] "POST /sipse/faces/presentacion/sistema/anexos/cargarAnexoSolicitudProceso.xhtml HTTP/1.1" 200 160863
201.245.192.253 - - [17/Nov/2021:06:34:55 -0500] "GET /sipse/faces/javax.faces.resource/theme.css?ln=primefaces-sipse HTTP/1.1" 304 -
201.245.192.253 - - [17/Nov/2021:06:34:55 -0500] "GET /sipse/faces/javax.faces.resource/jquery/jquery.js?ln=primefaces&v=4.0 HTTP/1.1" 304 -
201.245.192.253 - - [17/Nov/2021:06:34:55 -0500] "GET /sipse/faces/javax.faces.resource/primefaces.css?ln=primefaces&v=4.0 HTTP/1.1" 304 -
201.245.192.253 - - [17/Nov/2021:06:34:55 -0500] "GET /sipse/faces/javax.faces.resource/primefaces.js?ln=primefaces&v=4.0 HTTP/1.1" 304 -
201.245.192.253 - - [17/Nov/2021:06:34:55 -0500] "GET /sipse/faces/javax.faces.resource/layout/layout.css?ln=primefaces&v=4.0 HTTP/1.1" 304 -
201.245.192.253 - - [17/Nov/2021:06:34:55 -0500] "GET /sipse/faces/javax.faces.resource/jquery/jquery-plugins.js?ln=primefaces&v=4.0 HTTP/1.1" 304 -
201.245.192.253 - - [17/Nov/2021:06:34:55 -0500] "GET /sipse/faces/javax.faces.resource/layout/layout.js?ln=primefaces&v=4.0 HTTP/1.1" 304 -
201.245.192.253 - - [17/Nov/2021:06:34:55 -0500] "GET /sipse/faces/javax.faces.resource/images/ui-icons_898989_256x240.png?ln=primefaces-aristo HTTP/1.1" 304 -
201.245.192.253 - - [17/Nov/2021:06:34:58 -0500] "POST /sipse/faces/presentacion/financiero/solicitudProceso/consultarSolicitudProceso.xhtml HTTP/1.1" 200 19322
201.245.192.253 - - [17/Nov/2021:06:34:58 -0500] "GET /sipse/faces/javax.faces.resource/layout/layout.css?ln=primefaces&v=4.0 HTTP/1.1" 304 -
201.245.192.253 - - [17/Nov/2021:06:34:58 -0500] "GET /sipse/faces/javax.faces.resource/theme.css?ln=primefaces-sipse HTTP/1.1" 304 -
201.245.192.253 - - [17/Nov/2021:06:34:58 -0500] "GET /sipse/faces/javax.faces.resource/primefaces.css?ln=primefaces&v=4.0 HTTP/1.1" 304 -
201.245.192.253 - - [17/Nov/2021:06:34:58 -0500] "GET /sipse/faces/javax.faces.resource/fileupload/fileupload.css?ln=primefaces&v=4.0 HTTP/1.1" 304 -
201.245.192.253 - - [17/Nov/2021:06:34:58 -0500] "GET /sipse/faces/javax.faces.resource/jquery/jquery-plugins.js?ln=primefaces&v=4.0 HTTP/1.1" 304 -
201.245.192.253 - - [17/Nov/2021:06:34:58 -0500] "GET /sipse/faces/javax.faces.resource/jquery/jquery.js?ln=primefaces&v=4.0 HTTP/1.1" 304 -
201.245.192.253 - - [17/Nov/2021:06:34:58 -0500] "GET /sipse/faces/javax.faces.resource/primefaces.js?ln=primefaces&v=4.0 HTTP/1.1" 304 -
201.245.192.253 - - [17/Nov/2021:06:34:58 -0500] "GET /sipse/faces/javax.faces.resource/fileupload/fileupload.js?ln=primefaces&v=4.0 HTTP/1.1" 304 -
201.245.192.253 - - [17/Nov/2021:06:34:58 -0500] "GET /sipse/faces/javax.faces.resource/layout/layout.js?ln=primefaces&v=4.0 HTTP/1.1" 304 -
201.245.192.253 - - [17/Nov/2021:06:34:55 -0500] "GET /reportes_sipse/sdg/ServletReporte?reporte=solicitud_cdp&Solicitud=15641&pfdrid_c=false HTTP/1.1" 200 24725
201.245.192.253 - - [17/Nov/2021:06:34:16 -0500] "POST /kwsrmcab/Wsrmcab HTTP/1.1" 200 45946
201.245.192.253 - - [17/Nov/2021:06:35:03 -0500] "GET /sipse/faces/javax.faces.resource/theme.css?ln=primefaces-sipse HTTP/1.1" 304 -
201.245.192.253 - - [17/Nov/2021:06:35:03 -0500] "GET /sipse/faces/javax.faces.resource/jquery/jquery-plugins.js?ln=primefaces&v=4.0 HTTP/1.1" 304 -
201.245.192.253 - - [17/Nov/2021:06:35:03 -0500] "GET /sipse/faces/javax.faces.resource/primefaces.css?ln=primefaces&v=4.0 HTTP/1.1" 304 -
201.245.192.253 - - [17/Nov/2021:06:35:03 -0500] "GET /sipse/faces/javax.faces.resource/jquery/jquery.js?ln=primefaces&v=4.0 HTTP/1.1" 304 -
201.245.192.253 - - [17/Nov/2021:06:35:03 -0500] "GET /sipse/faces/javax.faces.resource/layout/layout.css?ln=primefaces&v=4.0 HTTP/1.1" 304 -
201.245.192.253 - - [17/Nov/2021:06:35:03 -0500] "GET /sipse/faces/javax.faces.resource/primefaces.js?ln=primefaces&v=4.0 HTTP/1.1" 304 -
201.245.192.253 - - [17/Nov/2021:06:35:03 -0500] "GET /sipse/faces/javax.faces.resource/layout/layout.js?ln=primefaces&v=4.0 HTTP/1.1" 304 -
201.245.192.253 - - [17/Nov/2021:06:35:03 -0500] "POST /sipse/faces/presentacion/sistema/anexos/cargarAnexoSolicitudProceso.xhtml HTTP/1.1" 200 162642
201.245.192.253 - - [17/Nov/2021:06:35:05 -0500] "GET /sipse/faces/javax.faces.resource/images/ui-icons_898989_256x240.png?ln=primefaces-aristo HTTP/1.1" 304 -
201.245.192.253 - - [17/Nov/2021:06:35:06 -0500] "GET /sipse/faces/javax.faces.resource/images/ui-bg_flat_0_2d5972_40x100.png?ln=primefaces-aristo HTTP/1.1" 304 -
201.245.192.253 - - [17/Nov/2021:06:35:04 -0500] "GET /reportes_sipse/sdg/ServletReporte?reporte=solicitud_cdp&Solicitud=15641&pfdrid_c=false HTTP/1.1" 200 147547
201.245.192.253 - - [17/Nov/2021:06:35:06 -0500] "POST /sipse/faces/presentacion/financiero/solicitudProceso/consultarSolicitudProceso.xhtml HTTP/1.1" 200 32974
201.245.192.253 - - [17/Nov/2021:06:35:08 -0500] "GET /sipse/faces/javax.faces.resource/primefaces.css?ln=primefaces&v=4.0 HTTP/1.1" 304 -
201.245.192.253 - - [17/Nov/2021:06:35:08 -0500] "GET /sipse/faces/javax.faces.resource/theme.css?ln=primefaces-sipse HTTP/1.1" 304 -
201.245.192.253 - - [17/Nov/2021:06:35:08 -0500] "GET /sipse/faces/javax.faces.resource/layout/layout.css?ln=primefaces&v=4.0 HTTP/1.1" 304 -
201.245.192.253 - - [17/Nov/2021:06:35:08 -0500] "GET /sipse/faces/javax.faces.resource/jquery/jquery.js?ln=primefaces&v=4.0 HTTP/1.1" 304 -
201.245.192.253 - - [17/Nov/2021:06:35:08 -0500] "GET /sipse/faces/javax.faces.resource/jquery/jquery-plugins.js?ln=primefaces&v=4.0 HTTP/1.1" 304 -
201.245.192.253 - - [17/Nov/2021:06:35:08 -0500] "GET /sipse/faces/javax.faces.resource/primefaces.js?ln=primefaces&v=4.0 HTTP/1.1" 304 -
201.245.192.253 - - [17/Nov/2021:06:35:08 -0500] "GET /sipse/faces/javax.faces.resource/layout/layout.js?ln=primefaces&v=4.0 HTTP/1.1" 304 -
201.245.192.253 - - [17/Nov/2021:06:35:08 -0500] "GET /sipse/faces/javax.faces.resource/messages/messages.png?ln=primefaces&v=4.0 HTTP/1.1" 304 -
201.245.192.253 - - [17/Nov/2021:06:35:08 -0500] "POST /sipse/faces/presentacion/financiero/solicitudProceso/listarSolicitudProceso.xhtml HTTP/1.1" 200 1344
201.245.192.253 - - [17/Nov/2021:06:35:09 -0500] "POST /sipse/faces/presentacion/financiero/solicitudProceso/listarSolicitudProceso.xhtml HTTP/1.1" 200 114825
201.245.192.253 - - [17/Nov/2021:06:35:10 -0500] "GET /sipse/faces/javax.faces.resource/theme.css?ln=primefaces-sipse HTTP/1.1" 304 -
201.245.192.253 - - [17/Nov/2021:06:35:10 -0500] "GET /sipse/faces/javax.faces.resource/primefaces.css?ln=primefaces&v=4.0 HTTP/1.1" 304 -
201.245.192.253 - - [17/Nov/2021:06:35:10 -0500] "GET /sipse/faces/javax.faces.resource/layout/layout.css?ln=primefaces&v=4.0 HTTP/1.1" 304 -
201.245.192.253 - - [17/Nov/2021:06:35:10 -0500] "GET /sipse/faces/javax.faces.resource/jquery/jquery.js?ln=primefaces&v=4.0 HTTP/1.1" 304 -
201.245.192.253 - - [17/Nov/2021:06:35:10 -0500] "GET /sipse/faces/javax.faces.resource/jquery/jquery-plugins.js?ln=primefaces&v=4.0 HTTP/1.1" 304 -
201.245.192.253 - - [17/Nov/2021:06:35:10 -0500] "GET /sipse/faces/javax.faces.resource/primefaces.js?ln=primefaces&v=4.0 HTTP/1.1" 304 -
201.245.192.253 - - [17/Nov/2021:06:35:10 -0500] "GET /sipse/faces/javax.faces.resource/layout/layout.js?ln=primefaces&v=4.0 HTTP/1.1" 304 -
201.245.192.253 - - [17/Nov/2021:06:35:12 -0500] "POST /sipse/faces/presentacion/financiero/solicitudProceso/consultarSolicitudProceso.xhtml HTTP/1.1" 200 32483
