!C99Shell v. 1.0 pre-release build #13!

Software: Apache. PHP/5.5.15 

uname -a: Windows NT SVR-DMZ 6.1 build 7600 (Windows Server 2008 R2 Enterprise Edition) i586 

SYSTEM 

Safe-mode: OFF (not secure)

E:\nuevo\apache\logs\   drwxrwxrwx
Free 7.33 GB of 239.26 GB (3.07%)
Detected drives: [ a ] [ c ] [ d ] [ e ] [ f ]
Home    Back    Forward    UPDIR    Refresh    Search    Buffer    Encoder    Tools    Proc.    FTP brute    Sec.    SQL    PHP-code    Update    Feedback    Self remove    Logout    


Viewing file:     access.2021.11.17.log (6.33 MB)      -rw-rw-rw-
Select action/file-type:
(+) | (+) | (+) | Code (+) | Session (+) | (+) | SDB (+) | (+) | (+) | (+) | (+) | (+) |
216.245.221.92 - - [17/Nov/2021:00:01:35 -0500] "HEAD / HTTP/1.1" 200 -
114.119.132.76 - - [17/Nov/2021:00:02:39 -0500] "GET /BLA/resoluciones/RESOLUCIONES%202010/3542.pdf HTTP/1.1" 200 498067
179.1.84.102 - - [17/Nov/2021:00:03:29 -0500] "GET /galeria/galeria/jquery.fancybox.css?v=2.1.5 HTTP/1.1" 200 4895
40.77.167.14 - - [17/Nov/2021:00:04:04 -0500] "GET /BLA/resoluciones/index.php?dir=AUTOS+2015%2F HTTP/1.1" 200 575855
201.245.192.253 - - [17/Nov/2021:00:03:55 -0500] "POST /kwsrmcab/Wsrmcab HTTP/1.1" 200 213
181.61.108.18 - - [17/Nov/2021:00:05:14 -0500] "GET /BLA/boletinlegal/admin/ HTTP/1.1" 200 2324
181.61.108.18 - - [17/Nov/2021:00:05:15 -0500] "GET /BLA/boletinlegal/admin/index_files/style.css HTTP/1.1" 200 6223
181.61.108.18 - - [17/Nov/2021:00:05:15 -0500] "GET /BLA/boletinlegal/admin/images/bg.png HTTP/1.1" 200 332965
181.61.108.18 - - [17/Nov/2021:00:05:16 -0500] "GET /favicon.ico HTTP/1.1" 200 7782
114.119.132.76 - - [17/Nov/2021:00:05:18 -0500] "GET /BLA/resoluciones/Notificaciones/AUTOS%202014/3581.doc HTTP/1.1" 200 125440
181.61.108.18 - - [17/Nov/2021:00:05:19 -0500] "POST /BLA/boletinlegal/admin/usuarios/process.php HTTP/1.1" 302 -
181.61.108.18 - - [17/Nov/2021:00:05:19 -0500] "GET /BLA/boletinlegal/admin/index.php HTTP/1.1" 200 17208
181.61.108.18 - - [17/Nov/2021:00:05:36 -0500] "GET /BLA/boletinlegal/admin/index_files/header.png HTTP/1.1" 200 240212
181.61.108.18 - - [17/Nov/2021:00:05:36 -0500] "GET /BLA/boletinlegal/images/can.png HTTP/1.1" 200 37574
181.61.108.18 - - [17/Nov/2021:00:05:36 -0500] "GET /BLA/boletinlegal/admin/index_files/1_1.gif HTTP/1.1" 200 1657
181.61.108.18 - - [17/Nov/2021:00:05:36 -0500] "GET /BLA/boletinlegal/admin/index_files/7_1.gif HTTP/1.1" 200 1455
181.61.108.18 - - [17/Nov/2021:00:05:36 -0500] "GET /BLA/boletinlegal/admin/index_files/7_5.gif HTTP/1.1" 200 1565
181.61.108.18 - - [17/Nov/2021:00:05:36 -0500] "GET /BLA/boletinlegal/admin/index_files/2_2.gif HTTP/1.1" 200 1728
181.61.108.18 - - [17/Nov/2021:00:05:36 -0500] "GET /BLA/boletinlegal/admin/index_files/2_4.gif HTTP/1.1" 200 1763
181.61.108.18 - - [17/Nov/2021:00:05:36 -0500] "GET /BLA/boletinlegal/admin/index_files/3_5.gif HTTP/1.1" 200 1633
181.61.108.18 - - [17/Nov/2021:00:05:36 -0500] "GET /BLA/boletinlegal/admin/index_files/2_3.gif HTTP/1.1" 200 1565
181.61.108.18 - - [17/Nov/2021:00:05:36 -0500] "GET /BLA/boletinlegal/admin/index_files/7_3.gif HTTP/1.1" 200 1599
181.61.108.18 - - [17/Nov/2021:00:05:36 -0500] "GET /BLA/boletinlegal/admin/index_files/8_1.gif HTTP/1.1" 200 1776
181.61.108.18 - - [17/Nov/2021:00:05:36 -0500] "GET /BLA/boletinlegal/admin/index_files/5_1.gif HTTP/1.1" 200 1623
181.61.108.18 - - [17/Nov/2021:00:05:36 -0500] "GET /BLA/boletinlegal/admin/index_files/3_3.gif HTTP/1.1" 200 1647
181.61.108.18 - - [17/Nov/2021:00:05:36 -0500] "GET /BLA/boletinlegal/admin/index_files/3_2.gif HTTP/1.1" 200 1638
181.61.108.18 - - [17/Nov/2021:00:05:36 -0500] "GET /BLA/boletinlegal/admin/index_files/index_files/tback.gif HTTP/1.1" 404 1334
181.61.108.18 - - [17/Nov/2021:00:05:38 -0500] "GET /BLA/resoluciones/ HTTP/1.1" 200 12684
181.61.108.18 - - [17/Nov/2021:00:05:38 -0500] "GET /BLA/resoluciones/dlf/folder.png HTTP/1.1" 200 410
181.61.108.18 - - [17/Nov/2021:00:05:38 -0500] "GET /BLA/resoluciones/dlf/styles.css HTTP/1.1" 200 3049
181.61.108.18 - - [17/Nov/2021:00:05:38 -0500] "GET /BLA/resoluciones/dlf/bg.gif HTTP/1.1" 200 54
181.61.108.18 - - [17/Nov/2021:00:05:49 -0500] "GET /BLA/resoluciones/index.php?dir=RESOLUCIONES+CONJUNTAS%2F HTTP/1.1" 200 4762
181.61.108.18 - - [17/Nov/2021:00:05:50 -0500] "GET /BLA/resoluciones/dlf/dirup.png HTTP/1.1" 200 644
181.61.108.18 - - [17/Nov/2021:00:05:50 -0500] "GET /BLA/resoluciones/dlf/pdf.gif HTTP/1.1" 200 272
66.249.79.238 - - [17/Nov/2021:00:06:15 -0500] "GET /BLA/resoluciones/RESOLUCIONES%202017/1190.pdf HTTP/1.1" 200 316273
216.245.221.92 - - [17/Nov/2021:00:06:35 -0500] "HEAD / HTTP/1.1" 200 -
40.77.167.60 - - [17/Nov/2021:00:07:01 -0500] "GET /galeria/mapa/3MapaBogot%C3%A1.jpg HTTP/1.1" 200 688183
181.61.108.18 - - [17/Nov/2021:00:07:01 -0500] "GET /BLA/resoluciones/index.php?dir= HTTP/1.1" 200 12684
114.119.141.69 - - [17/Nov/2021:00:08:31 -0500] "GET /BLA/resoluciones/RESOLUCIONES%202010/1798.pdf HTTP/1.1" 200 520167
173.252.87.120 - - [17/Nov/2021:00:10:14 -0500] "GET /images/publicidad-exterior-visual-23-octubre.jpg HTTP/1.1" 200 67892
173.252.107.2 - - [17/Nov/2021:00:10:54 -0500] "GET /images/Energias1.jpg HTTP/1.1" 200 139652
114.119.141.73 - - [17/Nov/2021:00:11:02 -0500] "GET /BLA/resoluciones/RESOLUCIONES%202010/6219.pdf HTTP/1.1" 200 605857
161.18.202.83 - - [17/Nov/2021:00:11:04 -0500] "GET /galeria/galeria/jquery.fancybox.css?v=2.1.5 HTTP/1.1" 200 4895
173.252.95.3 - - [17/Nov/2021:00:11:17 -0500] "GET /images/nueva-jornada-reciclaton-ambiente-cajas-12-noviembre.jpg HTTP/1.1" 200 479427
216.245.221.92 - - [17/Nov/2021:00:11:35 -0500] "HEAD / HTTP/1.1" 200 -
173.252.79.9 - - [17/Nov/2021:00:14:03 -0500] "GET /images/animal-langostilla-protocolo-11-noviembre.jpg HTTP/1.1" 200 117767
114.119.141.51 - - [17/Nov/2021:00:14:05 -0500] "GET /BLA/resoluciones/AUTOS%202011/3819.pdf HTTP/1.1" 200 225765
181.61.108.18 - - [17/Nov/2021:00:15:53 -0500] "GET /BLA/resoluciones/index.php?dir=RESOLUCIONES+2000%2F HTTP/1.1" 200 26132
181.61.108.18 - - [17/Nov/2021:00:15:53 -0500] "GET /BLA/resoluciones/dlf/unknown.png HTTP/1.1" 200 266
181.61.108.18 - - [17/Nov/2021:00:15:59 -0500] "GET /BLA/resoluciones/RESOLUCIONES%202000/RESOLUCION%20152%20%20DE%202000.pdf HTTP/1.1" 200 146226
181.61.108.18 - - [17/Nov/2021:00:16:11 -0500] "GET /BLA/boletinlegal/admin/actos/ingresar.php HTTP/1.1" 200 7143
181.61.108.18 - - [17/Nov/2021:00:16:11 -0500] "GET /BLA/boletinlegal/admin/css/default.css HTTP/1.1" 200 4379
181.61.108.18 - - [17/Nov/2021:00:16:11 -0500] "GET /BLA/boletinlegal/admin/js/jquery-1.3.1.min.js HTTP/1.1" 200 55272
181.61.108.18 - - [17/Nov/2021:00:16:11 -0500] "GET /BLA/boletinlegal/admin/js/jquery.functions.js HTTP/1.1" 200 2317
181.61.108.18 - - [17/Nov/2021:00:16:11 -0500] "GET /BLA/boletinlegal/admin/js/nicEdit-latest.js HTTP/1.1" 200 38373
181.61.108.18 - - [17/Nov/2021:00:16:12 -0500] "GET /BLA/boletinlegal/admin/img/h1.png HTTP/1.1" 200 3227
181.61.108.18 - - [17/Nov/2021:00:16:12 -0500] "GET /BLA/boletinlegal/admin/img/overlay.png HTTP/1.1" 200 984
181.61.108.18 - - [17/Nov/2021:00:16:15 -0500] "GET /BLA/boletinlegal/images/favicon.ico HTTP/1.1" 404 1328
216.245.221.92 - - [17/Nov/2021:00:16:35 -0500] "HEAD / HTTP/1.1" 200 -
114.119.132.76 - - [17/Nov/2021:00:16:55 -0500] "GET /BLA/resoluciones/RESOLUCIONES%202010/4495.pdf HTTP/1.1" 200 407188
199.59.150.180 - - [17/Nov/2021:00:17:07 -0500] "GET /secretaria-de-ambiente-abre-convocatoria-para-que-empresas-de-bogota-sean-mas-sostenibles.html HTTP/1.1" 200 907
190.27.245.107 - - [17/Nov/2021:00:18:43 -0500] "GET /sipse/ HTTP/1.1" 302 -
186.81.206.23 - - [17/Nov/2021:00:18:43 -0500] "GET /sipse/faces/autenticacion.xhtml HTTP/1.1" 200 12508
186.81.206.23 - - [17/Nov/2021:00:18:44 -0500] "GET /sipse/js/disable_browser_buttons.js HTTP/1.1" 200 3230
186.81.206.23 - - [17/Nov/2021:00:18:44 -0500] "GET /sipse/css/custom_css_sg.css HTTP/1.1" 200 9694
186.81.206.23 - - [17/Nov/2021:00:18:44 -0500] "GET /sipse/faces/javax.faces.resource/layout/layout.css;jsessionid=0ZkB3YlF-4gJNrsuNJz8WjHw.undefined?ln=primefaces&v=4.0 HTTP/1.1" 200 542
186.81.206.23 - - [17/Nov/2021:00:18:44 -0500] "GET /sipse/css/custom_css_sg_prime_login.css HTTP/1.1" 200 443
186.81.206.23 - - [17/Nov/2021:00:18:44 -0500] "GET /sipse/js/funciones.js HTTP/1.1" 200 12592
186.81.206.23 - - [17/Nov/2021:00:18:44 -0500] "GET /sipse/faces/javax.faces.resource/primefaces.css;jsessionid=0ZkB3YlF-4gJNrsuNJz8WjHw.undefined?ln=primefaces&v=4.0 HTTP/1.1" 200 53295
186.81.206.23 - - [17/Nov/2021:00:18:44 -0500] "GET /sipse/faces/javax.faces.resource/theme.css?ln=primefaces-sipse HTTP/1.1" 200 50058
186.81.206.23 - - [17/Nov/2021:00:18:44 -0500] "GET /sipse/faces/javax.faces.resource/layout/layout.js;jsessionid=0ZkB3YlF-4gJNrsuNJz8WjHw.undefined?ln=primefaces&v=4.0 HTTP/1.1" 200 87560
186.81.206.23 - - [17/Nov/2021:00:18:44 -0500] "GET /sipse/faces/javax.faces.resource/primefaces.js;jsessionid=0ZkB3YlF-4gJNrsuNJz8WjHw.undefined?ln=primefaces&v=4.0 HTTP/1.1" 200 276924
186.81.206.23 - - [17/Nov/2021:00:18:44 -0500] "GET /sipse/faces/javax.faces.resource/jquery/jquery.js;jsessionid=0ZkB3YlF-4gJNrsuNJz8WjHw.undefined?ln=primefaces&v=4.0 HTTP/1.1" 200 105384
186.81.206.23 - - [17/Nov/2021:00:18:44 -0500] "GET /sipse/faces/javax.faces.resource/jquery/jquery-plugins.js;jsessionid=0ZkB3YlF-4gJNrsuNJz8WjHw.undefined?ln=primefaces&v=4.0 HTTP/1.1" 200 220526
186.81.206.23 - - [17/Nov/2021:00:18:44 -0500] "GET /sipse/faces/javax.faces.resource/images/ui-icons_898989_256x240.png?ln=primefaces-aristo HTTP/1.1" 200 5355
186.81.206.23 - - [17/Nov/2021:00:18:44 -0500] "GET /sipse/css/imagen/logoSDG.png HTTP/1.1" 200 53064
186.81.206.23 - - [17/Nov/2021:00:18:44 -0500] "GET /sipse/css/imagen/loginimg.png HTTP/1.1" 200 71635
186.81.206.23 - - [17/Nov/2021:00:18:45 -0500] "GET /sipse/faces/index.xhtml HTTP/1.1" 200 677
186.81.206.23 - - [17/Nov/2021:00:18:45 -0500] "GET /sipse/faces/javax.faces.resource/theme.css?ln=primefaces-sipse HTTP/1.1" 304 -
186.81.206.23 - - [17/Nov/2021:00:18:45 -0500] "GET /favicon.ico HTTP/1.1" 200 7782
54.39.107.63 - - [17/Nov/2021:00:18:57 -0500] "GET /auambari-deleito-con-sus-sonidos-ambientales-a-los-asistentes-de-fima-2021.html HTTP/1.1" 200 888
66.249.79.236 - - [17/Nov/2021:00:19:07 -0500] "GET /BLA/resoluciones/Notificaciones/AUTOS%202020/03979.pdf HTTP/1.1" 200 361048
181.61.108.18 - - [17/Nov/2021:00:19:14 -0500] "POST /BLA/boletinlegal/admin/actos/ingresar.php HTTP/1.1" 200 7236
190.27.245.107 - - [17/Nov/2021:00:19:28 -0500] "GET /sipse/ HTTP/1.1" 302 -
186.81.206.23 - - [17/Nov/2021:00:19:28 -0500] "GET /sipse/faces/autenticacion.xhtml HTTP/1.1" 200 12508
186.81.206.23 - - [17/Nov/2021:00:19:29 -0500] "GET /sipse/faces/javax.faces.resource/layout/layout.css;jsessionid=0MuYEKX1zZqYvK7apMaHWZ+Y.undefined?ln=primefaces&v=4.0 HTTP/1.1" 200 542
186.81.206.23 - - [17/Nov/2021:00:19:29 -0500] "GET /sipse/faces/javax.faces.resource/theme.css?ln=primefaces-sipse HTTP/1.1" 304 -
186.81.206.23 - - [17/Nov/2021:00:19:29 -0500] "GET /sipse/faces/javax.faces.resource/primefaces.css;jsessionid=0MuYEKX1zZqYvK7apMaHWZ+Y.undefined?ln=primefaces&v=4.0 HTTP/1.1" 200 53295
186.81.206.23 - - [17/Nov/2021:00:19:29 -0500] "GET /sipse/faces/javax.faces.resource/layout/layout.js;jsessionid=0MuYEKX1zZqYvK7apMaHWZ+Y.undefined?ln=primefaces&v=4.0 HTTP/1.1" 200 87560
186.81.206.23 - - [17/Nov/2021:00:19:29 -0500] "GET /sipse/faces/javax.faces.resource/jquery/jquery.js;jsessionid=0MuYEKX1zZqYvK7apMaHWZ+Y.undefined?ln=primefaces&v=4.0 HTTP/1.1" 200 105384
186.81.206.23 - - [17/Nov/2021:00:19:29 -0500] "GET /sipse/faces/javax.faces.resource/jquery/jquery-plugins.js;jsessionid=0MuYEKX1zZqYvK7apMaHWZ+Y.undefined?ln=primefaces&v=4.0 HTTP/1.1" 200 220526
186.81.206.23 - - [17/Nov/2021:00:19:29 -0500] "GET /sipse/faces/javax.faces.resource/primefaces.js;jsessionid=0MuYEKX1zZqYvK7apMaHWZ+Y.undefined?ln=primefaces&v=4.0 HTTP/1.1" 200 276924
186.81.206.23 - - [17/Nov/2021:00:19:29 -0500] "GET /sipse/faces/javax.faces.resource/images/ui-icons_898989_256x240.png?ln=primefaces-aristo HTTP/1.1" 304 -
186.81.206.23 - - [17/Nov/2021:00:19:32 -0500] "GET /sipse/faces/index.xhtml HTTP/1.1" 200 677
186.81.206.23 - - [17/Nov/2021:00:19:32 -0500] "GET /sipse/faces/javax.faces.resource/theme.css?ln=primefaces-sipse HTTP/1.1" 304 -
186.81.206.23 - - [17/Nov/2021:00:19:32 -0500] "GET /sipse/faces/faces/autenticacion.xhtml HTTP/1.1" 200 12186
186.81.206.23 - - [17/Nov/2021:00:19:33 -0500] "GET /sipse/faces/javax.faces.resource/layout/layout.css?ln=primefaces&v=4.0 HTTP/1.1" 200 542
186.81.206.23 - - [17/Nov/2021:00:19:33 -0500] "GET /sipse/faces/javax.faces.resource/theme.css?ln=primefaces-sipse HTTP/1.1" 304 -
186.81.206.23 - - [17/Nov/2021:00:19:33 -0500] "GET /sipse/faces/javax.faces.resource/primefaces.css?ln=primefaces&v=4.0 HTTP/1.1" 200 53295
186.81.206.23 - - [17/Nov/2021:00:19:33 -0500] "GET /sipse/faces/javax.faces.resource/jquery/jquery.js?ln=primefaces&v=4.0 HTTP/1.1" 200 105384
186.81.206.23 - - [17/Nov/2021:00:19:33 -0500] "GET /sipse/faces/javax.faces.resource/layout/layout.js?ln=primefaces&v=4.0 HTTP/1.1" 200 87560
186.81.206.23 - - [17/Nov/2021:00:19:33 -0500] "GET /sipse/faces/javax.faces.resource/primefaces.js?ln=primefaces&v=4.0 HTTP/1.1" 200 276924
186.81.206.23 - - [17/Nov/2021:00:19:33 -0500] "GET /sipse/faces/javax.faces.resource/jquery/jquery-plugins.js?ln=primefaces&v=4.0 HTTP/1.1" 200 220526
186.81.206.23 - - [17/Nov/2021:00:19:34 -0500] "GET /sipse/faces/javax.faces.resource/images/ui-icons_898989_256x240.png?ln=primefaces-aristo HTTP/1.1" 304 -
114.119.141.42 - - [17/Nov/2021:00:20:16 -0500] "GET /BLA/resoluciones/RESOLUCIONES%202010/6803.pdf HTTP/1.1" 200 409976
186.81.206.23 - - [17/Nov/2021:00:20:17 -0500] "POST /sipse/faces/autenticacion.xhtml HTTP/1.1" 200 2183
186.81.206.23 - - [17/Nov/2021:00:20:17 -0500] "GET /sipse/faces/javax.faces.resource/messages/messages.png?ln=primefaces&v=4.0 HTTP/1.1" 200 27209
130.226.142.188 - - [17/Nov/2021:00:21:06 -0500] "HEAD /secretaria-de-ambiente-carolina-urrutia-acompana-a-la-alcaldesa-de-bogota-en-la-cop26.html HTTP/1.1" 200 -
216.245.221.92 - - [17/Nov/2021:00:21:35 -0500] "HEAD / HTTP/1.1" 200 -
201.245.192.253 - - [17/Nov/2021:00:22:30 -0500] "POST /kwsrmcab/Wsrmcab HTTP/1.1" 200 45487
114.119.141.53 - - [17/Nov/2021:00:23:19 -0500] "GET /BLA/resoluciones/RESOLUCIONES%202010/2853.pdf HTTP/1.1" 200 4821097
201.245.192.253 - - [17/Nov/2021:00:23:16 -0500] "POST /kwsrmcab/Wsrmcab HTTP/1.1" 200 45928
201.245.192.253 - - [17/Nov/2021:00:23:53 -0500] "POST /kwsrmcab/Wsrmcab HTTP/1.1" 200 116642
191.95.60.7 - - [17/Nov/2021:00:25:36 -0500] "GET /galeria/galeria/jquery.fancybox.css?v=2.1.5 HTTP/1.1" 200 4895
114.119.141.69 - - [17/Nov/2021:00:26:21 -0500] "GET /BLA/resoluciones/AUTOS%202008/0210.pdf HTTP/1.1" 200 100253
216.245.221.92 - - [17/Nov/2021:00:26:35 -0500] "HEAD / HTTP/1.1" 200 -
181.61.108.18 - - [17/Nov/2021:00:27:08 -0500] "GET /BLA/resoluciones/RESOLUCIONES%202000/RESOLUCION%20871%20DE%202000.pdf HTTP/1.1" 200 178076
34.91.75.245 - - [17/Nov/2021:00:27:35 -0500] "GET / HTTP/1.1" 200 319
181.61.108.18 - - [17/Nov/2021:00:28:49 -0500] "POST /BLA/boletinlegal/admin/actos/ingresar.php HTTP/1.1" 200 7236
114.119.141.71 - - [17/Nov/2021:00:29:14 -0500] "GET /BLA/resoluciones/RESOLUCIONES%202010/2017.pdf HTTP/1.1" 200 339030
181.61.108.18 - - [17/Nov/2021:00:29:17 -0500] "GET /BLA/resoluciones/RESOLUCIONES%202000/RESOLUCION%20954%20DE%202000.pdf HTTP/1.1" 200 40640
181.61.108.18 - - [17/Nov/2021:00:31:06 -0500] "POST /BLA/boletinlegal/admin/actos/ingresar.php HTTP/1.1" 200 7236
186.190.224.74 - - [17/Nov/2021:00:31:24 -0500] "GET /galeria/galeria/jquery.fancybox.css?v=2.1.5 HTTP/1.1" 200 4895
181.61.108.18 - - [17/Nov/2021:00:31:27 -0500] "GET /BLA/resoluciones/RESOLUCIONES%202000/RESOLUCION%201956%20DE%202000.pdf HTTP/1.1" 200 46432
216.245.221.92 - - [17/Nov/2021:00:31:35 -0500] "HEAD / HTTP/1.1" 200 -
66.249.79.236 - - [17/Nov/2021:00:31:58 -0500] "GET /BLA/resoluciones/AUTOS%202013/3183.pdf HTTP/1.1" 200 1928340
190.156.90.221 - - [17/Nov/2021:00:32:03 -0500] "GET /BLA/resoluciones/ HTTP/1.1" 200 12684
114.119.141.51 - - [17/Nov/2021:00:32:21 -0500] "GET /BLA/resoluciones/AUTOS%202012/2728.pdf HTTP/1.1" 200 788277
181.61.108.18 - - [17/Nov/2021:00:32:48 -0500] "POST /BLA/boletinlegal/admin/actos/ingresar.php HTTP/1.1" 200 7236
190.156.90.221 - - [17/Nov/2021:00:33:06 -0500] "GET /BLA/resoluciones/ HTTP/1.1" 200 12684
190.156.90.221 - - [17/Nov/2021:00:33:09 -0500] "GET /BLA/resoluciones/index.php?dir=AUTOS+2021%2F HTTP/1.1" 200 175143
201.245.192.253 - - [17/Nov/2021:00:32:30 -0500] "POST /kwsrmcab/Wsrmcab HTTP/1.1" 200 45487
181.61.108.18 - - [17/Nov/2021:00:33:33 -0500] "GET /BLA/resoluciones/RESOLUCIONES%202000/RESOLUCION%202076%20DE%202000.pdf HTTP/1.1" 200 49913
181.61.108.18 - - [17/Nov/2021:00:33:54 -0500] "GET /BLA/resoluciones/RESOLUCIONES%202000/RESOLUCION%202092%20DE%202000.pdf HTTP/1.1" 200 125532
201.245.192.253 - - [17/Nov/2021:00:33:16 -0500] "POST /kwsrmcab/Wsrmcab HTTP/1.1" 200 45928
181.61.108.18 - - [17/Nov/2021:00:34:45 -0500] "POST /BLA/boletinlegal/admin/actos/ingresar.php HTTP/1.1" 200 7236
114.119.141.73 - - [17/Nov/2021:00:35:25 -0500] "GET /BLA/resoluciones/RESOLUCIONES%202010/3040.pdf HTTP/1.1" 200 557334
181.61.108.18 - - [17/Nov/2021:00:35:58 -0500] "POST /BLA/boletinlegal/admin/actos/ingresar.php HTTP/1.1" 200 7693
216.245.221.92 - - [17/Nov/2021:00:36:35 -0500] "HEAD / HTTP/1.1" 200 -
186.84.20.43 - - [17/Nov/2021:00:37:01 -0500] "GET /galeria/galeria/jquery.fancybox.js?v=2.1.5 HTTP/1.1" 200 48706
186.84.20.43 - - [17/Nov/2021:00:37:01 -0500] "GET /galeria/galeria/jquery.fancybox.css?v=2.1.5 HTTP/1.1" 200 4895
114.119.132.76 - - [17/Nov/2021:00:38:28 -0500] "GET /BLA/resoluciones/RESOLUCIONES%202010/2608.pdf HTTP/1.1" 200 425277
114.119.141.73 - - [17/Nov/2021:00:41:18 -0500] "GET /BLA/resoluciones/AUTOS%202014/1612.pdf HTTP/1.1" 200 255142
216.245.221.92 - - [17/Nov/2021:00:41:35 -0500] "HEAD / HTTP/1.1" 200 -
201.245.192.253 - - [17/Nov/2021:00:42:30 -0500] "POST /kwsrmcab/Wsrmcab HTTP/1.1" 200 45487
201.245.192.253 - - [17/Nov/2021:00:43:17 -0500] "POST /kwsrmcab/Wsrmcab HTTP/1.1" 200 45928
114.119.132.76 - - [17/Nov/2021:00:44:21 -0500] "GET /BLA/resoluciones/AUTOS%202007/0520.pdf HTTP/1.1" 200 284694
201.245.192.253 - - [17/Nov/2021:00:43:52 -0500] "POST /kwsrmcab/Wsrmcab HTTP/1.1" 200 116642
181.61.108.18 - - [17/Nov/2021:00:45:54 -0500] "POST /BLA/boletinlegal/admin/actos/ingresar.php HTTP/1.1" 200 7236
181.61.108.18 - - [17/Nov/2021:00:46:10 -0500] "GET /BLA/resoluciones/RESOLUCIONES%202000/RESOLUCION%202241%20DE%202000.pdf HTTP/1.1" 200 124336
216.245.221.92 - - [17/Nov/2021:00:46:35 -0500] "HEAD / HTTP/1.1" 200 -
180.149.125.168 - - [17/Nov/2021:00:46:36 -0500] "GET /stalker_portal/server/tools/auth_simple.php HTTP/1.1" 404 1018
199.59.150.182 - - [17/Nov/2021:00:47:20 -0500] "GET /secretaria-de-ambiente-abre-convocatoria-para-que-empresas-de-bogota-sean-mas-sostenibles.html HTTP/1.1" 200 907
114.119.141.69 - - [17/Nov/2021:00:47:26 -0500] "GET /BLA/resoluciones/RESOLUCIONES%202010/3056.pdf HTTP/1.1" 200 495399
181.61.108.18 - - [17/Nov/2021:00:47:45 -0500] "POST /BLA/boletinlegal/admin/actos/ingresar.php HTTP/1.1" 200 7236
190.145.14.30 - - [17/Nov/2021:00:48:44 -0500] "GET /catalogoisis/ HTTP/1.1" 200 8575
190.145.14.30 - - [17/Nov/2021:00:48:44 -0500] "GET /catalogoisis/Css/Busqueda.css HTTP/1.1" 200 1995
190.145.14.30 - - [17/Nov/2021:00:48:44 -0500] "GET /catalogoisis/Js/AceptarLimpiar.js HTTP/1.1" 200 331
190.145.14.30 - - [17/Nov/2021:00:48:44 -0500] "GET /catalogoisis/Js/LimpiarCombinada.js HTTP/1.1" 200 207
190.145.14.30 - - [17/Nov/2021:00:48:44 -0500] "GET /catalogoisis/Js/Cookies.js HTTP/1.1" 200 1369
190.145.14.30 - - [17/Nov/2021:00:48:44 -0500] "GET /catalogoisis/Js/Go.js HTTP/1.1" 200 364
190.145.14.30 - - [17/Nov/2021:00:48:44 -0500] "GET /catalogoisis/Js/Remote.js HTTP/1.1" 200 436
190.145.14.30 - - [17/Nov/2021:00:48:44 -0500] "GET /catalogoisis/Js/CriterioCombinada.js HTTP/1.1" 200 1843
190.145.14.30 - - [17/Nov/2021:00:48:44 -0500] "GET /catalogoisis/Js/Enter.js HTTP/1.1" 200 1208
190.145.14.30 - - [17/Nov/2021:00:48:44 -0500] "GET /catalogoisis/imagenes/Header.gif HTTP/1.1" 200 30313
190.145.14.30 - - [17/Nov/2021:00:48:44 -0500] "GET /catalogoisis/imagenes/br1c1.gif HTTP/1.1" 200 172
190.145.14.30 - - [17/Nov/2021:00:48:44 -0500] "GET /catalogoisis/imagenes/br1c3.gif HTTP/1.1" 200 302
190.145.14.30 - - [17/Nov/2021:00:48:44 -0500] "GET /catalogoisis/imagenes/Turnbo1.gif HTTP/1.1" 200 227
190.145.14.30 - - [17/Nov/2021:00:48:44 -0500] "GET /catalogoisis/imagenes/aceptar1.gif HTTP/1.1" 200 604
190.145.14.30 - - [17/Nov/2021:00:48:44 -0500] "GET /catalogoisis/imagenes/limpiar1.gif HTTP/1.1" 200 606
190.145.14.30 - - [17/Nov/2021:00:48:44 -0500] "GET /catalogoisis/imagenes/br3c1.gif HTTP/1.1" 200 177
190.145.14.30 - - [17/Nov/2021:00:48:44 -0500] "GET /catalogoisis/imagenes/br3c2.gif HTTP/1.1" 200 285
190.145.14.30 - - [17/Nov/2021:00:48:44 -0500] "GET /catalogoisis/imagenes/br3c3.gif HTTP/1.1" 200 186
190.145.14.30 - - [17/Nov/2021:00:48:44 -0500] "GET /catalogoisis/Js/Numero.js HTTP/1.1" 200 398
190.145.14.30 - - [17/Nov/2021:00:48:44 -0500] "GET /catalogoisis/imagenes/br2c2.gif HTTP/1.1" 200 302
190.145.14.30 - - [17/Nov/2021:00:48:44 -0500] "GET /catalogoisis/imagenes/br1c2.gif HTTP/1.1" 200 297
190.145.14.30 - - [17/Nov/2021:00:48:44 -0500] "GET /catalogoisis/imagenes/br2c3.gif HTTP/1.1" 200 416
190.145.14.30 - - [17/Nov/2021:00:48:44 -0500] "GET /catalogoisis/imagenes/br2c1.gif HTTP/1.1" 200 297
190.145.14.30 - - [17/Nov/2021:00:48:44 -0500] "GET /favicon.ico HTTP/1.1" 200 7782
181.61.108.18 - - [17/Nov/2021:00:49:36 -0500] "GET /BLA/resoluciones/index.php?dir= HTTP/1.1" 200 12684
181.61.108.18 - - [17/Nov/2021:00:49:38 -0500] "GET /BLA/resoluciones/index.php?dir=RESOLUCIONES+2001%2F HTTP/1.1" 200 24136
181.61.108.18 - - [17/Nov/2021:00:49:48 -0500] "GET /BLA/resoluciones/RESOLUCIONES%202001/RESOLUCION%20062%20DE%202001.pdf HTTP/1.1" 200 196379
114.119.141.73 - - [17/Nov/2021:00:50:20 -0500] "GET /BLA/resoluciones/RESOLUCIONES%202010/6070.pdf HTTP/1.1" 200 7732733
216.245.221.92 - - [17/Nov/2021:00:51:35 -0500] "HEAD / HTTP/1.1" 200 -
181.61.108.18 - - [17/Nov/2021:00:51:59 -0500] "GET /BLA/resoluciones/RESOLUCIONES%202001/RESOLUCION%20423%20DE%202001.pdf HTTP/1.1" 200 79899
181.61.108.18 - - [17/Nov/2021:00:52:24 -0500] "POST /BLA/boletinlegal/admin/actos/ingresar.php HTTP/1.1" 200 7236
114.119.132.76 - - [17/Nov/2021:00:53:19 -0500] "GET /BLA/resoluciones/RESOLUCIONES%202010/7353.pdf HTTP/1.1" 200 343994
181.61.108.18 - - [17/Nov/2021:00:53:54 -0500] "POST /BLA/boletinlegal/admin/actos/ingresar.php HTTP/1.1" 200 7236
181.61.108.18 - - [17/Nov/2021:00:54:10 -0500] "GET /BLA/boletinlegal/admin/admin.php HTTP/1.1" 302 -
191.156.186.99 - - [17/Nov/2021:00:54:23 -0500] "GET /galeria/galeria/jquery.fancybox.css?v=2.1.5 HTTP/1.1" 200 4895
181.61.108.18 - - [17/Nov/2021:00:54:10 -0500] "GET /BLA/boletinlegal/admin/index.php HTTP/1.1" 200 17208
181.61.108.18 - - [17/Nov/2021:00:54:27 -0500] "GET /BLA/boletinlegal/admin/index_files/index_files/tback.gif HTTP/1.1" 404 1334
181.61.108.18 - - [17/Nov/2021:00:54:30 -0500] "GET /BLA/boletinlegal/admin/actos/modificar.php HTTP/1.1" 200 5838
181.61.108.18 - - [17/Nov/2021:00:54:31 -0500] "GET /BLA/boletinlegal/images/search.gif HTTP/1.1" 200 626
181.61.108.18 - - [17/Nov/2021:00:54:31 -0500] "GET /BLA/boletinlegal/admin/img/bg_infobox.gif HTTP/1.1" 200 2314
181.61.108.18 - - [17/Nov/2021:00:54:35 -0500] "GET /BLA/boletinlegal/tabla_files/orangebrownie.css HTTP/1.1" 404 1326
181.61.108.18 - - [17/Nov/2021:00:54:35 -0500] "GET /BLA/boletinlegal/images/cabezote%20BLEGAL.jpg HTTP/1.1" 200 118164
181.61.108.18 - - [17/Nov/2021:00:54:35 -0500] "GET /BLA/boletinlegal/admin/css/creation.css HTTP/1.1" 200 3945
181.61.108.18 - - [17/Nov/2021:00:54:35 -0500] "GET /BLA/boletinlegal/admin/css/dynamic.css HTTP/1.1" 200 23305
181.61.108.18 - - [17/Nov/2021:00:54:36 -0500] "GET /css/global/buttons.css HTTP/1.1" 404 1324
181.61.108.18 - - [17/Nov/2021:00:54:35 -0500] "GET /BLA/boletinlegal/admin/actos/mostrar.php HTTP/1.1" 200 352676
181.61.108.18 - - [17/Nov/2021:00:54:44 -0500] "GET /BLA/boletinlegal/tabla_files/orangebrownie.css HTTP/1.1" 404 1326
181.61.108.18 - - [17/Nov/2021:00:54:44 -0500] "GET /css/global/buttons.css HTTP/1.1" 404 1324
181.61.108.18 - - [17/Nov/2021:00:54:43 -0500] "POST /BLA/boletinlegal/admin/actos/mostrar.php HTTP/1.1" 200 71227
181.61.108.18 - - [17/Nov/2021:00:54:50 -0500] "POST /BLA/boletinlegal/admin/actos/modificar.php HTTP/1.1" 200 6248
181.61.108.18 - - [17/Nov/2021:00:55:06 -0500] "POST /BLA/boletinlegal/admin/actos/modificar.php HTTP/1.1" 200 5946
181.61.108.18 - - [17/Nov/2021:00:55:14 -0500] "GET /BLA/boletinlegal/admin/admin.php HTTP/1.1" 302 -
181.61.108.18 - - [17/Nov/2021:00:55:14 -0500] "GET /BLA/boletinlegal/admin/index.php HTTP/1.1" 200 17208
181.61.108.18 - - [17/Nov/2021:00:55:31 -0500] "GET /BLA/boletinlegal/admin/index_files/index_files/tback.gif HTTP/1.1" 404 1334
181.61.108.18 - - [17/Nov/2021:00:55:36 -0500] "GET /BLA/resoluciones/RESOLUCIONES%202001/RESOLUCION%201542%20DE%202001.pdf HTTP/1.1" 200 53925
181.61.108.18 - - [17/Nov/2021:00:55:41 -0500] "GET /BLA/boletinlegal/admin/actos/ingresar.php HTTP/1.1" 200 7143
114.119.141.52 - - [17/Nov/2021:00:56:27 -0500] "GET /Publicaciones/2020EE219613.pdf HTTP/1.1" 404 228
216.245.221.92 - - [17/Nov/2021:00:56:35 -0500] "HEAD / HTTP/1.1" 200 -
181.61.108.18 - - [17/Nov/2021:00:57:12 -0500] "POST /BLA/boletinlegal/admin/actos/ingresar.php HTTP/1.1" 200 7692
66.249.79.240 - - [17/Nov/2021:00:57:41 -0500] "GET /BLA/resoluciones/RESOLUCIONES%202009/5295.pdf HTTP/1.1" 200 527237
181.61.108.18 - - [17/Nov/2021:00:58:34 -0500] "POST /BLA/boletinlegal/admin/actos/ingresar.php HTTP/1.1" 200 7236
181.61.108.18 - - [17/Nov/2021:00:58:46 -0500] "GET /BLA/resoluciones/RESOLUCIONES%202001/RESOLUCION%201592%20DE%202001.pdf HTTP/1.1" 200 53548
114.119.141.73 - - [17/Nov/2021:00:59:38 -0500] "GET /BLA/resoluciones/RESOLUCIONES%202010/0805.pdf HTTP/1.1" 200 110310
181.61.108.18 - - [17/Nov/2021:01:00:00 -0500] "POST /BLA/boletinlegal/admin/actos/ingresar.php HTTP/1.1" 200 7236
216.245.221.92 - - [17/Nov/2021:01:01:35 -0500] "HEAD / HTTP/1.1" 200 -
66.249.79.238 - - [17/Nov/2021:01:01:56 -0500] "GET /BLA/resoluciones/RESOLUCIONES%202010/6331.pdf HTTP/1.1" 200 559473
114.119.141.71 - - [17/Nov/2021:01:02:19 -0500] "GET /BLA/resoluciones/RESOLUCIONES%202010/5841.pdf HTTP/1.1" 200 906390
66.249.79.236 - - [17/Nov/2021:01:02:33 -0500] "GET /BLA/resoluciones/AUTOS%202014/5790.pdf HTTP/1.1" 200 209080
181.61.108.18 - - [17/Nov/2021:01:02:39 -0500] "GET /BLA/resoluciones/RESOLUCIONES%202001/RESOLUCION%20351%20DE%202001.pdf HTTP/1.1" 200 16532
66.249.79.240 - - [17/Nov/2021:01:03:36 -0500] "GET /BLA/resoluciones/RESOLUCIONES%202008/5531.pdf HTTP/1.1" 200 237080
181.61.108.18 - - [17/Nov/2021:01:03:50 -0500] "GET /BLA/resoluciones/RESOLUCIONES%202001/RESOLUCION%20499%20DE%202001.pdf HTTP/1.1" 200 98240
181.61.108.18 - - [17/Nov/2021:01:03:51 -0500] "GET /BLA/resoluciones/RESOLUCIONES%202001/RESOLUCION%20501%20DE%202001.pdf HTTP/1.1" 200 475011
201.245.192.253 - - [17/Nov/2021:01:03:55 -0500] "POST /kwsrmcab/Wsrmcab HTTP/1.1" 200 213
114.119.141.71 - - [17/Nov/2021:01:05:07 -0500] "GET /BLA/resoluciones/RESOLUCIONES%202010/3395.pdf HTTP/1.1" 200 315258
207.46.13.107 - - [17/Nov/2021:01:06:32 -0500] "GET /bla/resoluciones/autos%202021/4444.pdf HTTP/1.1" 200 378760
216.245.221.92 - - [17/Nov/2021:01:06:35 -0500] "HEAD / HTTP/1.1" 200 -
198.98.49.124 - - [17/Nov/2021:01:06:43 -0500] "GET / HTTP/1.1" 200 319
181.61.108.18 - - [17/Nov/2021:01:06:56 -0500] "POST /BLA/boletinlegal/admin/actos/ingresar.php HTTP/1.1" 200 7236
66.249.79.240 - - [17/Nov/2021:01:07:00 -0500] "GET /BLA/resoluciones/RESOLUCIONES%202009/2950.pdf HTTP/1.1" 200 540597
66.249.79.236 - - [17/Nov/2021:01:07:16 -0500] "GET /BLA/resoluciones/RESOLUCIONES%202009/4577.pdf HTTP/1.1" 200 640203
66.249.79.240 - - [17/Nov/2021:01:08:05 -0500] "GET /BLA/resoluciones/RESOLUCIONES%202015/1054.pdf HTTP/1.1" 200 487632
114.119.141.69 - - [17/Nov/2021:01:08:10 -0500] "GET /BLA/resoluciones/RESOLUCIONES%202010/2107.pdf HTTP/1.1" 200 471198
40.77.167.14 - - [17/Nov/2021:01:08:20 -0500] "GET /BLA/resoluciones/index.php?dir=AUTOS+2021%2F HTTP/1.1" 200 175143
152.61.192.232 - - [17/Nov/2021:01:09:21 -0500] "GET / HTTP/1.1" 200 319
199.59.150.181 - - [17/Nov/2021:01:09:52 -0500] "GET /secretaria-de-ambiente-abre-convocatoria-para-que-empresas-de-bogota-sean-mas-sostenibles.html HTTP/1.1" 200 907
114.119.141.73 - - [17/Nov/2021:01:11:01 -0500] "GET /BLA/resoluciones/AUTOS%202017/4741.pdf HTTP/1.1" 200 1553187
216.245.221.92 - - [17/Nov/2021:01:11:35 -0500] "HEAD / HTTP/1.1" 200 -
152.61.128.50 - - [17/Nov/2021:01:12:50 -0500] "GET / HTTP/1.1" 200 319
114.119.141.42 - - [17/Nov/2021:01:14:16 -0500] "GET /BLA/resoluciones/RESOLUCIONES%202010/2256.pdf HTTP/1.1" 200 483793
199.59.150.182 - - [17/Nov/2021:01:16:20 -0500] "GET /secretaria-de-ambiente-abre-convocatoria-para-que-empresas-de-bogota-sean-mas-sostenibles.html HTTP/1.1" 200 907
199.59.150.180 - - [17/Nov/2021:01:16:20 -0500] "GET /secretaria-de-ambiente-abre-convocatoria-para-que-empresas-de-bogota-sean-mas-sostenibles.html HTTP/1.1" 200 907
216.245.221.92 - - [17/Nov/2021:01:16:35 -0500] "HEAD / HTTP/1.1" 200 -
114.119.141.73 - - [17/Nov/2021:01:17:24 -0500] "GET /BLA/resoluciones/RESOLUCIONES%202014/2872.pdf HTTP/1.1" 200 244520
186.155.101.246 - - [17/Nov/2021:01:19:44 -0500] "GET /BLA/resoluciones/ HTTP/1.1" 200 12684
186.155.101.246 - - [17/Nov/2021:01:19:49 -0500] "GET /BLA/resoluciones/index.php?dir=RESOLUCIONES+2018%2F HTTP/1.1" 200 247119
186.155.101.246 - - [17/Nov/2021:01:20:23 -0500] "GET /BLA/resoluciones/RESOLUCIONES%202018/1007.pdf HTTP/1.1" 200 280860
114.119.141.52 - - [17/Nov/2021:01:20:25 -0500] "GET /BLA/resoluciones/RESOLUCIONES%202010/7870.pdf HTTP/1.1" 200 394585
186.155.101.246 - - [17/Nov/2021:01:20:36 -0500] "GET /BLA/resoluciones/RESOLUCIONES%202018/0991.pdf HTTP/1.1" 200 320641
216.245.221.92 - - [17/Nov/2021:01:21:35 -0500] "HEAD / HTTP/1.1" 200 -
209.141.56.209 - - [17/Nov/2021:01:21:50 -0500] "GET / HTTP/1.1" 200 319
114.119.141.42 - - [17/Nov/2021:01:23:10 -0500] "GET /BLA/resoluciones/AUTOS%202015/1533.pdf HTTP/1.1" 200 515513
201.245.192.253 - - [17/Nov/2021:01:22:29 -0500] "POST /kwsrmcab/Wsrmcab HTTP/1.1" 200 45448
201.245.192.253 - - [17/Nov/2021:01:23:15 -0500] "POST /kwsrmcab/Wsrmcab HTTP/1.1" 200 45589
201.245.192.253 - - [17/Nov/2021:01:23:54 -0500] "POST /kwsrmcab/Wsrmcab HTTP/1.1" 200 115817
114.119.141.71 - - [17/Nov/2021:01:26:24 -0500] "GET /BLA/resoluciones/RESOLUCIONES%202010/2131.pdf HTTP/1.1" 200 107444
216.245.221.92 - - [17/Nov/2021:01:26:35 -0500] "HEAD / HTTP/1.1" 200 -
66.249.79.236 - - [17/Nov/2021:01:26:47 -0500] "GET /galeria/carrusel/Carrusel/jquery-ui-1.8.13.custom.min.js HTTP/1.1" 200 10800
66.249.79.240 - - [17/Nov/2021:01:26:48 -0500] "GET /galeria/carrusel/Carrusel/jquery.thumbnailScroller.css HTTP/1.1" 200 2066
66.249.79.240 - - [17/Nov/2021:01:26:48 -0500] "GET /galeria/carrusel/Carrusel/jquery.thumbnailScroller.js HTTP/1.1" 200 8157
66.249.79.238 - - [17/Nov/2021:01:26:50 -0500] "GET /galeria/nivo-slider/demo/banner.html HTTP/1.1" 200 5446
66.249.79.236 - - [17/Nov/2021:01:26:50 -0500] "GET /galeria/nivo-slider/themes/orman/orman.css HTTP/1.1" 200 2152
66.249.79.238 - - [17/Nov/2021:01:26:51 -0500] "GET /galeria/nivo-slider/themes/pascal/pascal.css HTTP/1.1" 200 2258
66.249.79.238 - - [17/Nov/2021:01:26:51 -0500] "GET /galeria/nivo-slider/nivo-slider.css HTTP/1.1" 200 1507
66.249.79.236 - - [17/Nov/2021:01:26:52 -0500] "GET /galeria/nivo-slider/demo/style.css HTTP/1.1" 200 2222
66.249.79.236 - - [17/Nov/2021:01:26:52 -0500] "GET /galeria/nivo-slider/demo/scripts/jquery-1.7.1.min.js HTTP/1.1" 200 93868
66.249.79.236 - - [17/Nov/2021:01:26:52 -0500] "GET /galeria/nivo-slider/themes/default/default.css HTTP/1.1" 200 1569
66.249.79.238 - - [17/Nov/2021:01:26:53 -0500] "GET /galeria/nivo-slider/jquery.nivo.slider.pack.js HTTP/1.1" 200 11561
66.249.79.238 - - [17/Nov/2021:01:28:03 -0500] "GET /galeria/carrusel/Carrusel/jquery.thumbnailScroller.css HTTP/1.1" 200 2066
66.249.79.240 - - [17/Nov/2021:01:28:03 -0500] "GET /galeria/carrusel/Carrusel/jquery-ui-1.8.13.custom.min.js HTTP/1.1" 200 10800
66.249.79.238 - - [17/Nov/2021:01:28:03 -0500] "GET /galeria/carrusel/Carrusel/jquery.thumbnailScroller.js HTTP/1.1" 200 8157
66.249.79.238 - - [17/Nov/2021:01:28:04 -0500] "GET /galeria/nivo-slider/demo/banner.html HTTP/1.1" 200 5446
66.249.79.236 - - [17/Nov/2021:01:28:04 -0500] "GET /galeria/nivo-slider/demo/style.css HTTP/1.1" 200 2222
66.249.79.236 - - [17/Nov/2021:01:28:05 -0500] "GET /galeria/nivo-slider/themes/pascal/pascal.css HTTP/1.1" 200 2258
66.249.79.240 - - [17/Nov/2021:01:28:05 -0500] "GET /galeria/nivo-slider/themes/orman/orman.css HTTP/1.1" 200 2152
66.249.79.240 - - [17/Nov/2021:01:28:06 -0500] "GET /galeria/nivo-slider/nivo-slider.css HTTP/1.1" 200 1507
66.249.79.236 - - [17/Nov/2021:01:28:06 -0500] "GET /galeria/nivo-slider/demo/scripts/jquery-1.7.1.min.js HTTP/1.1" 200 93868
66.249.79.238 - - [17/Nov/2021:01:28:07 -0500] "GET /galeria/nivo-slider/themes/default/default.css HTTP/1.1" 200 1569
66.249.79.236 - - [17/Nov/2021:01:28:07 -0500] "GET /galeria/nivo-slider/jquery.nivo.slider.pack.js HTTP/1.1" 200 11561
199.59.150.182 - - [17/Nov/2021:01:28:57 -0500] "GET /secretaria-de-ambiente-abre-convocatoria-para-que-empresas-de-bogota-sean-mas-sostenibles.html HTTP/1.1" 200 907
114.119.141.52 - - [17/Nov/2021:01:29:15 -0500] "GET /BLA/resoluciones/RESOLUCIONES%202010/4640.pdf HTTP/1.1" 200 219755
216.245.221.92 - - [17/Nov/2021:01:31:35 -0500] "HEAD / HTTP/1.1" 200 -
34.90.42.240 - - [17/Nov/2021:01:31:50 -0500] "GET / HTTP/1.1" 200 319
114.119.141.42 - - [17/Nov/2021:01:32:13 -0500] "GET /BLA/resoluciones/RESOLUCIONES%202010/0564.pdf HTTP/1.1" 200 95771
201.245.192.253 - - [17/Nov/2021:01:32:29 -0500] "POST /kwsrmcab/Wsrmcab HTTP/1.1" 200 45448
66.249.79.238 - - [17/Nov/2021:01:33:41 -0500] "GET /BLA/resoluciones/RESOLUCIONES%202014/1105.pdf HTTP/1.1" 200 2729477
58.8.89.136 - - [17/Nov/2021:01:33:55 -0500] "GET / HTTP/1.0" 200 319
201.245.192.253 - - [17/Nov/2021:01:33:14 -0500] "POST /kwsrmcab/Wsrmcab HTTP/1.1" 200 45589
114.119.141.73 - - [17/Nov/2021:01:35:10 -0500] "GET /BLA/resoluciones/RESOLUCIONES%202010/4728.pdf HTTP/1.1" 200 400332
216.245.221.92 - - [17/Nov/2021:01:36:35 -0500] "HEAD / HTTP/1.1" 200 -
114.119.141.52 - - [17/Nov/2021:01:38:11 -0500] "GET /BLA/resoluciones/RESOLUCIONES%202009/0795.pdf HTTP/1.1" 200 403070
114.119.141.53 - - [17/Nov/2021:01:41:18 -0500] "GET /BLA/resoluciones/RESOLUCIONES%202010/0422.pdf HTTP/1.1" 200 498945
216.245.221.92 - - [17/Nov/2021:01:41:35 -0500] "HEAD / HTTP/1.1" 200 -
201.245.192.253 - - [17/Nov/2021:01:42:30 -0500] "POST /kwsrmcab/Wsrmcab HTTP/1.1" 200 45448
201.245.192.253 - - [17/Nov/2021:01:43:18 -0500] "POST /kwsrmcab/Wsrmcab HTTP/1.1" 200 45589
114.119.141.51 - - [17/Nov/2021:01:44:12 -0500] "GET /BLA/resoluciones/RESOLUCIONES%202010/4988.pdf HTTP/1.1" 200 748277
201.245.192.253 - - [17/Nov/2021:01:43:52 -0500] "POST /kwsrmcab/Wsrmcab HTTP/1.1" 200 115817
157.55.39.19 - - [17/Nov/2021:01:44:39 -0500] "GET /sipse/faces/presentacion/financiero/solicitudProceso/consultarHistorialSolProceso.xhtml HTTP/1.1" 302 -
157.55.39.19 - - [17/Nov/2021:01:44:40 -0500] "GET /sipse/faces/autenticacion.xhtml HTTP/1.1" 200 12508
216.245.221.92 - - [17/Nov/2021:01:46:35 -0500] "HEAD / HTTP/1.1" 200 -
199.59.150.181 - - [17/Nov/2021:01:46:46 -0500] "GET /secretaria-de-ambiente-abre-convocatoria-para-que-empresas-de-bogota-sean-mas-sostenibles.html HTTP/1.1" 200 907
114.119.141.51 - - [17/Nov/2021:01:47:06 -0500] "GET /BLA/resoluciones/RESOLUCIONES%202010/5359.pdf HTTP/1.1" 200 365193
114.119.132.76 - - [17/Nov/2021:01:50:11 -0500] "GET /BLA/resoluciones/AUTOS%202010/3089.pdf HTTP/1.1" 200 188487
216.245.221.92 - - [17/Nov/2021:01:51:35 -0500] "HEAD / HTTP/1.1" 200 -
66.249.79.240 - - [17/Nov/2021:01:51:41 -0500] "GET /BLA/resoluciones/AUTOS%202011/0482.pdf HTTP/1.1" 200 112499
157.55.39.26 - - [17/Nov/2021:01:52:36 -0500] "GET /galeria/mapa/humedal2017.jpg HTTP/1.1" 200 644667
66.249.79.238 - - [17/Nov/2021:01:52:39 -0500] "GET /resoluciones/RESOLUCIONES%202009/8244.pdf HTTP/1.1" 404 1018
114.119.132.76 - - [17/Nov/2021:01:53:03 -0500] "GET /BLA/resoluciones/AUTOS%202014/0452.pdf HTTP/1.1" 200 4196812
45.146.164.110 - - [17/Nov/2021:01:53:34 -0500] "POST /vendor/phpunit/phpunit/src/Util/PHP/eval-stdin.php HTTP/1.1" 404 1018
114.119.141.53 - - [17/Nov/2021:01:56:05 -0500] "GET /BLA/resoluciones/RESOLUCIONES%202010/2179.pdf HTTP/1.1" 200 490371
216.245.221.92 - - [17/Nov/2021:01:56:35 -0500] "HEAD / HTTP/1.1" 200 -
152.61.128.50 - - [17/Nov/2021:01:56:49 -0500] "GET /arcgis/services/Calidad_del_Agua_WQI/MapServer/WMSServer?request=GetCapabilities&service=WMS HTTP/1.1" 503 1020
152.61.128.50 - - [17/Nov/2021:01:56:51 -0500] "GET /arcgis/services/Calidad_del_Agua_WQI/MapServer/WMSServer?SERVICE=WMS&REQUEST=GetCapabilities HTTP/1.1" 503 1020
152.61.128.50 - - [17/Nov/2021:01:56:51 -0500] "GET /arcgis/services/Calidad_del_Agua_WQI/MapServer/WMSServer?WMTVER=1.0.0&REQUEST=capabilities HTTP/1.1" 503 1020
152.61.192.232 - - [17/Nov/2021:01:57:06 -0500] "GET /arcgis/services/Calidad_del_Agua_WQI/MapServer/WMSServer?request=GetCapabilities&service=WMS HTTP/1.1" 503 1020
152.61.192.232 - - [17/Nov/2021:01:57:06 -0500] "GET /arcgis/services/Calidad_del_Agua_WQI/MapServer/WMSServer?SERVICE=WMS&REQUEST=GetCapabilities HTTP/1.1" 503 1020
152.61.192.232 - - [17/Nov/2021:01:57:06 -0500] "GET /arcgis/services/Calidad_del_Agua_WQI/MapServer/WMSServer?WMTVER=1.0.0&REQUEST=capabilities HTTP/1.1" 503 1020
66.249.79.236 - - [17/Nov/2021:01:58:54 -0500] "GET /BLA/resoluciones/RESOLUCIONES%202009/7105.pdf HTTP/1.1" 200 130000
114.119.141.53 - - [17/Nov/2021:01:59:19 -0500] "GET /BLA/resoluciones/RESOLUCIONES%202010/2778.pdf HTTP/1.1" 200 1455092
216.245.221.92 - - [17/Nov/2021:02:01:35 -0500] "HEAD / HTTP/1.1" 200 -
114.119.141.51 - - [17/Nov/2021:02:02:14 -0500] "GET /BLA/resoluciones/index.php?dir=Notificaciones/RESOLUCIONES%2B2018/&sort=date&order=asc HTTP/1.1" 200 12953
201.245.192.253 - - [17/Nov/2021:02:03:53 -0500] "POST /kwsrmcab/Wsrmcab HTTP/1.1" 200 213
114.119.141.73 - - [17/Nov/2021:02:05:24 -0500] "GET /BLA/resoluciones/RESOLUCIONES%202010/1049.pdf HTTP/1.1" 200 121800
216.245.221.92 - - [17/Nov/2021:02:06:35 -0500] "HEAD / HTTP/1.1" 200 -
207.46.13.107 - - [17/Nov/2021:02:07:28 -0500] "GET /bla/boletinlegal/js/jquery.js HTTP/1.1" 200 57254
114.119.141.42 - - [17/Nov/2021:02:08:08 -0500] "GET /BLA/resoluciones/RESOLUCIONES%202010/6501.pdf HTTP/1.1" 200 473157
66.249.79.236 - - [17/Nov/2021:02:08:15 -0500] "GET /siipev/Diseno%20de%20Elementos%20de%20Mobiliario%20Urbano/Otros%20Elementos/Infografia/Parte2/M-70.png HTTP/1.1" 200 18527
114.119.141.53 - - [17/Nov/2021:02:11:06 -0500] "GET /BLA/resoluciones/RESOLUCIONES%202010/7546.pdf HTTP/1.1" 200 276190
216.245.221.92 - - [17/Nov/2021:02:11:35 -0500] "HEAD / HTTP/1.1" 200 -
66.249.79.238 - - [17/Nov/2021:02:12:30 -0500] "GET /BLA/resoluciones/RESOLUCIONES%202018/3473.pdf HTTP/1.1" 200 240863
66.249.79.240 - - [17/Nov/2021:02:12:50 -0500] "GET /BLA/resoluciones/RESOLUCIONES%202008/0570.pdf HTTP/1.1" 200 116940
199.59.150.183 - - [17/Nov/2021:02:13:00 -0500] "GET /secretaria-de-ambiente-abre-convocatoria-para-que-empresas-de-bogota-sean-mas-sostenibles.html HTTP/1.1" 200 907
199.59.150.183 - - [17/Nov/2021:02:13:00 -0500] "GET /robots.txt HTTP/1.1" 404 1034
199.59.150.183 - - [17/Nov/2021:02:13:00 -0500] "GET /secretaria-de-ambiente-abre-convocatoria-para-que-empresas-de-bogota-sean-mas-sostenibles.html HTTP/1.1" 200 907
66.249.79.240 - - [17/Nov/2021:02:13:45 -0500] "GET /BLA/jurisprudencia/sentencias/5283531030012000-00005-01%20[16-05-2011][1].pdf HTTP/1.1" 404 1018
114.119.141.69 - - [17/Nov/2021:02:14:30 -0500] "GET /BLA/resoluciones/RESOLUCIONES%202010/1782.pdf HTTP/1.1" 200 555706
201.245.192.253 - - [17/Nov/2021:02:13:52 -0500] "POST /kwsrmcab/Wsrmcab HTTP/1.1" 200 116637
157.55.39.19 - - [17/Nov/2021:02:15:12 -0500] "GET /sipse/faces/presentacion/sistema/anexos/cargarAnexoSolicitudProceso.xhtml HTTP/1.1" 302 -
157.55.39.19 - - [17/Nov/2021:02:15:13 -0500] "GET /sipse/faces/autenticacion.xhtml HTTP/1.1" 200 12508
216.245.221.92 - - [17/Nov/2021:02:16:35 -0500] "HEAD / HTTP/1.1" 200 -
114.119.132.76 - - [17/Nov/2021:02:17:07 -0500] "GET /BLA/resoluciones/AUTOS%202014/1199.pdf HTTP/1.1" 200 353244
199.59.150.180 - - [17/Nov/2021:02:17:15 -0500] "GET /secretaria-de-ambiente-abre-convocatoria-para-que-empresas-de-bogota-sean-mas-sostenibles.html HTTP/1.1" 200 907
181.140.3.105 - - [17/Nov/2021:02:20:07 -0500] "GET /galeria/galeria/jquery.fancybox.css?v=2.1.5 HTTP/1.1" 200 4895
114.119.141.42 - - [17/Nov/2021:02:20:09 -0500] "GET /BLA/resoluciones/RESOLUCIONES%202010/3427.pdf HTTP/1.1" 200 741011
66.249.79.238 - - [17/Nov/2021:02:20:19 -0500] "GET /BLA/resoluciones/RESOLUCIONES%202009/2933.pdf HTTP/1.1" 200 432180
216.245.221.92 - - [17/Nov/2021:02:21:35 -0500] "HEAD / HTTP/1.1" 200 -
114.119.141.51 - - [17/Nov/2021:02:23:05 -0500] "GET /BLA/resoluciones/RESOLUCIONES%202010/6845.pdf HTTP/1.1" 200 1728928
201.245.192.253 - - [17/Nov/2021:02:22:30 -0500] "POST /kwsrmcab/Wsrmcab HTTP/1.1" 200 46071
45.146.164.110 - - [17/Nov/2021:02:23:50 -0500] "GET /vendor/phpunit/phpunit/src/Util/PHP/eval-stdin.php HTTP/1.1" 404 1018
201.245.192.253 - - [17/Nov/2021:02:23:18 -0500] "POST /kwsrmcab/Wsrmcab HTTP/1.1" 200 45923
199.59.150.181 - - [17/Nov/2021:02:24:39 -0500] "GET /secretaria-de-ambiente-abre-convocatoria-para-que-empresas-de-bogota-sean-mas-sostenibles.html HTTP/1.1" 200 907
114.119.141.69 - - [17/Nov/2021:02:26:20 -0500] "GET /BLA/resoluciones/AUTOS%202014/5110.pdf HTTP/1.1" 200 170914
216.245.221.92 - - [17/Nov/2021:02:26:35 -0500] "HEAD / HTTP/1.1" 200 -
199.59.150.181 - - [17/Nov/2021:02:26:45 -0500] "GET /secretaria-de-ambiente-abre-convocatoria-para-que-empresas-de-bogota-sean-mas-sostenibles.html HTTP/1.1" 200 907
114.119.141.53 - - [17/Nov/2021:02:29:25 -0500] "GET /BLA/resoluciones/RESOLUCIONES%202011/6796.pdf HTTP/1.1" 200 727789
66.249.79.236 - - [17/Nov/2021:02:31:12 -0500] "GET /portel_dama/libreria/php/2006/ECOSISTEMAS%20FINAL%20web_mz27/xxx%20humedales/sitio/22_pol/xtras/1.pdf HTTP/1.1" 404 1018
216.245.221.92 - - [17/Nov/2021:02:31:35 -0500] "HEAD / HTTP/1.1" 200 -
136.243.144.179 - - [17/Nov/2021:02:32:08 -0500] "GET /BLA/normatividad.php?ordenar=mas HTTP/1.1" 404 1018
114.119.132.76 - - [17/Nov/2021:02:32:12 -0500] "GET /BLA/resoluciones/RESOLUCIONES%202014/1491.pdf HTTP/1.1" 200 531467
20.36.244.102 - - [17/Nov/2021:02:32:23 -0500] "GET /noticias/rssambiente.php HTTP/1.1" 406 -
201.245.192.253 - - [17/Nov/2021:02:32:29 -0500] "POST /kwsrmcab/Wsrmcab HTTP/1.1" 200 46071
66.249.79.236 - - [17/Nov/2021:02:33:23 -0500] "GET /BLA/resoluciones/AUTOS%202008/1412.pdf HTTP/1.1" 200 340105
66.249.79.236 - - [17/Nov/2021:02:33:29 -0500] "GET /BLA/resoluciones/AUTOS%202013/2203.pdf HTTP/1.1" 200 573228
201.245.192.253 - - [17/Nov/2021:02:33:14 -0500] "POST /kwsrmcab/Wsrmcab HTTP/1.1" 200 45923
66.249.79.238 - - [17/Nov/2021:02:34:04 -0500] "GET /portel_dama/libreria/pdf/varios2006/IGA2004.pdf HTTP/1.1" 404 1018
199.59.150.181 - - [17/Nov/2021:02:34:14 -0500] "GET /secretaria-de-ambiente-abre-convocatoria-para-que-empresas-de-bogota-sean-mas-sostenibles.html HTTP/1.1" 200 907
201.245.192.253 - - [17/Nov/2021:02:33:52 -0500] "POST /kwsrmcab/Wsrmcab HTTP/1.1" 200 116637
114.119.141.53 - - [17/Nov/2021:02:35:28 -0500] "GET /BLA/resoluciones/RESOLUCIONES%202009/1090.pdf HTTP/1.1" 200 279191
66.249.79.240 - - [17/Nov/2021:02:35:36 -0500] "GET /portel_dama/libreria/php/2006/ECOSISTEMAS%20FINAL%20web_mz27/restauracion/sitio/22_proye/xtras_in/3a.pdf HTTP/1.1" 404 1018
216.245.221.92 - - [17/Nov/2021:02:36:35 -0500] "HEAD / HTTP/1.1" 200 -
66.249.79.236 - - [17/Nov/2021:02:37:52 -0500] "GET /resoluciones/RESOLUCIONES%202007/RES%202007%20101%20AL%20200/RESOLUCION%200110%20%20DE%202007.pdf HTTP/1.1" 404 1018
34.147.44.52 - - [17/Nov/2021:02:38:03 -0500] "GET / HTTP/1.1" 200 319
114.119.141.42 - - [17/Nov/2021:02:38:12 -0500] "GET /BLA/resoluciones/RESOLUCIONES%202009/4537.pdf HTTP/1.1" 200 116762
199.59.150.182 - - [17/Nov/2021:02:41:13 -0500] "GET /secretaria-de-ambiente-abre-convocatoria-para-que-empresas-de-bogota-sean-mas-sostenibles.html HTTP/1.1" 200 907
114.119.141.52 - - [17/Nov/2021:02:41:15 -0500] "GET /BLA/resoluciones/RESOLUCIONES%202010/5823.pdf HTTP/1.1" 200 97610
216.245.221.92 - - [17/Nov/2021:02:41:35 -0500] "HEAD / HTTP/1.1" 200 -
66.249.79.238 - - [17/Nov/2021:02:41:48 -0500] "GET /resoluciones/AUTOS%202007/2341.pdf HTTP/1.1" 404 1018
201.245.192.253 - - [17/Nov/2021:02:42:30 -0500] "POST /kwsrmcab/Wsrmcab HTTP/1.1" 200 46071
123.125.109.215 - - [17/Nov/2021:02:44:03 -0500] "GET / HTTP/1.1" 200 319
201.245.192.253 - - [17/Nov/2021:02:43:16 -0500] "POST /kwsrmcab/Wsrmcab HTTP/1.1" 200 45923
114.119.141.71 - - [17/Nov/2021:02:44:30 -0500] "GET /BLA/resoluciones/AUTOS%202014/1219.pdf HTTP/1.1" 200 664072
173.252.107.118 - - [17/Nov/2021:02:45:03 -0500] "GET /secretaria-de-ambiente-hace-seguimiento-de-control-a-licencias-ambientales-otorgadas.html HTTP/1.1" 206 1013
66.249.79.236 - - [17/Nov/2021:02:46:16 -0500] "GET /resoluciones/RESOLUCIONES%202009/7465.pdf HTTP/1.1" 404 1018
216.245.221.92 - - [17/Nov/2021:02:46:35 -0500] "HEAD / HTTP/1.1" 200 -
95.108.213.70 - - [17/Nov/2021:02:46:40 -0500] "GET /robots.txt HTTP/1.1" 404 1034
95.108.213.70 - - [17/Nov/2021:02:46:44 -0500] "GET /se-abre-convocatoria-a-organizaciones-ambientales-para-generar-1-070-empleos-verdes-dirigidos-a-mujeres.html HTTP/1.1" 200 1128
199.59.150.180 - - [17/Nov/2021:02:47:00 -0500] "GET /secretaria-de-ambiente-abre-convocatoria-para-que-empresas-de-bogota-sean-mas-sostenibles.html HTTP/1.1" 200 907
199.59.150.182 - - [17/Nov/2021:02:47:00 -0500] "GET /secretaria-de-ambiente-abre-convocatoria-para-que-empresas-de-bogota-sean-mas-sostenibles.html HTTP/1.1" 200 907
87.250.224.44 - - [17/Nov/2021:02:47:14 -0500] "GET /images/secretaria-participantes.14-octubre.jpg HTTP/1.1" 200 102021
114.119.141.53 - - [17/Nov/2021:02:47:56 -0500] "GET /BLA/resoluciones/RESOLUCIONES%202009/6487.pdf HTTP/1.1" 200 472904
66.249.79.236 - - [17/Nov/2021:02:48:16 -0500] "GET /BLA/resoluciones/AUTOS%202008/1657.pdf HTTP/1.1" 200 320589
181.61.83.209 - - [17/Nov/2021:02:48:44 -0500] "GET /galeria/galeria/jquery.fancybox.css?v=2.1.5 HTTP/1.1" 200 4895
66.249.79.236 - - [17/Nov/2021:02:50:16 -0500] "GET /BLA/resoluciones/AUTOS%202008/0518.pdf HTTP/1.1" 200 226931
199.59.150.182 - - [17/Nov/2021:02:50:22 -0500] "GET /secretaria-de-ambiente-abre-convocatoria-para-que-empresas-de-bogota-sean-mas-sostenibles.html HTTP/1.1" 200 907
114.119.141.69 - - [17/Nov/2021:02:50:25 -0500] "GET /BLA/resoluciones/RESOLUCIONES%202010/5975.pdf HTTP/1.1" 200 320438
216.245.221.92 - - [17/Nov/2021:02:51:35 -0500] "HEAD / HTTP/1.1" 200 -
66.249.79.238 - - [17/Nov/2021:02:51:41 -0500] "GET /BLA/resoluciones/AUTOS%202017/1357.pdf HTTP/1.1" 200 333899
66.249.79.238 - - [17/Nov/2021:02:53:32 -0500] "GET /BLA/resoluciones/Autos%202008/2021.pdf HTTP/1.1" 200 74692
66.249.79.236 - - [17/Nov/2021:02:53:54 -0500] "GET /BLA/resoluciones/RESOLUCIONES%202007/RES%202007%203601%20AL%203700/RESOLUCION%203632%20DE%202007.pdf HTTP/1.1" 200 654997
66.249.79.236 - - [17/Nov/2021:02:54:21 -0500] "GET /BLA/resoluciones/RESOLUCIONES%202008/4132.pdf HTTP/1.1" 200 775302
201.245.192.253 - - [17/Nov/2021:02:53:52 -0500] "POST /kwsrmcab/Wsrmcab HTTP/1.1" 200 116637
45.146.164.110 - - [17/Nov/2021:02:55:06 -0500] "GET /solr/admin/info/system?wt=json HTTP/1.1" 404 1018
114.119.141.52 - - [17/Nov/2021:02:56:07 -0500] "GET /BLA/resoluciones/RESOLUCIONES%202016/2134.pdf HTTP/1.1" 200 799443
66.249.79.240 - - [17/Nov/2021:02:56:25 -0500] "GET /BLA/resoluciones/RESOLUCIONES%202009/0291.pdf HTTP/1.1" 200 562301
216.245.221.92 - - [17/Nov/2021:02:56:35 -0500] "HEAD / HTTP/1.1" 200 -
114.119.141.73 - - [17/Nov/2021:02:59:07 -0500] "GET /BLA/resoluciones/RESOLUCIONES%202010/3809.pdf HTTP/1.1" 200 452641
216.245.221.92 - - [17/Nov/2021:03:01:35 -0500] "HEAD / HTTP/1.1" 200 -
114.119.141.42 - - [17/Nov/2021:03:03:02 -0500] "GET /BLA/resoluciones/RESOLUCIONES%202010/3650.pdf HTTP/1.1" 200 91229
199.16.157.181 - - [17/Nov/2021:03:04:54 -0500] "GET /secretaria-de-ambiente-abre-convocatoria-para-que-empresas-de-bogota-sean-mas-sostenibles.html HTTP/1.1" 200 907
200.119.57.132 - - [17/Nov/2021:03:05:16 -0500] "GET /galeria/galeria/jquery.fancybox.css?v=2.1.5 HTTP/1.1" 200 4895
201.245.192.253 - - [17/Nov/2021:03:04:52 -0500] "POST /kwsrmcab/Wsrmcab HTTP/1.1" 200 213
114.119.141.69 - - [17/Nov/2021:03:05:50 -0500] "GET /BLA/resoluciones/RESOLUCIONES%202010/6086.pdf HTTP/1.1" 200 1914783
216.245.221.92 - - [17/Nov/2021:03:07:35 -0500] "HEAD / HTTP/1.1" 200 -
114.119.141.71 - - [17/Nov/2021:03:08:49 -0500] "GET /BLA/resoluciones/RESOLUCIONES%202007/RES%202007%204201%20AL%204300/RESOLUCION%204237%20DE%202007.pdf HTTP/1.1" 200 690955
114.119.141.53 - - [17/Nov/2021:03:11:53 -0500] "GET /BLA/resoluciones/RESOLUCIONES%202010/5335.pdf HTTP/1.1" 200 519616
66.249.79.236 - - [17/Nov/2021:03:11:59 -0500] "GET /BLA/resoluciones/RESOLUCIONES%202009/6970.pdf HTTP/1.1" 200 756900
216.245.221.92 - - [17/Nov/2021:03:12:35 -0500] "HEAD / HTTP/1.1" 200 -
114.119.141.53 - - [17/Nov/2021:03:14:37 -0500] "GET /BLA/resoluciones/AUTOS%202014/5964.pdf HTTP/1.1" 200 1365867
66.249.79.238 - - [17/Nov/2021:03:15:29 -0500] "GET /BLA/resoluciones/RESOLUCIONES%202009/0228.pdf HTTP/1.1" 200 240848
199.59.150.182 - - [17/Nov/2021:03:17:17 -0500] "GET /secretaria-de-ambiente-abre-convocatoria-para-que-empresas-de-bogota-sean-mas-sostenibles.html HTTP/1.1" 200 907
