201.245.192.253 - - [24/Dec/2021:10:19:34 -0500] "GET /sipse/faces/javax.faces.resource/layout/layout.css?ln=primefaces&v=4.0 HTTP/1.1" 304 -
201.245.192.253 - - [24/Dec/2021:10:19:34 -0500] "GET /sipse/css/imagen/contrasena.png HTTP/1.1" 404 383
201.245.192.253 - - [24/Dec/2021:10:19:34 -0500] "POST /sipse/faces/presentacion/financiero/solicitudProceso/listarSolicitudProceso.xhtml HTTP/1.1" 200 1328
201.245.215.135 - - [24/Dec/2021:10:19:36 -0500] "POST /sipse/faces/presentacion/workflow/reasignarReenrutar.xhtml HTTP/1.1" 200 23356
173.231.60.194 - - [24/Dec/2021:10:19:41 -0500] "GET /BLA/resoluciones/index.php?dir=RESOLUCIONES%202005%2FRES%202005%202951-3000%2F&sort=date&order=desc HTTP/1.1" 200 11936
186.102.24.192 - - [24/Dec/2021:10:19:47 -0500] "POST /sipse/faces/autenticacion.xhtml HTTP/1.1" 200 2246
191.95.63.105 - - [24/Dec/2021:10:19:49 -0500] "POST /sipse/faces/presentacion/financiero/solicitudProceso/listarSolicitudProceso.xhtml HTTP/1.1" 200 7532
173.231.60.194 - - [24/Dec/2021:10:19:50 -0500] "GET /BLA/resoluciones/index.php?dir=RESOLUCIONES%202005%2FRES%202005%202951-3000%2F&sort=size&order=desc HTTP/1.1" 200 11936
201.245.215.135 - - [24/Dec/2021:10:19:48 -0500] "POST /sipse/faces/presentacion/workflow/reasignarReenrutar.xhtml HTTP/1.1" 200 90745
191.95.63.105 - - [24/Dec/2021:10:19:51 -0500] "POST /sipse/faces/presentacion/financiero/solicitudProceso/listarSolicitudProceso.xhtml HTTP/1.1" 200 129324
191.95.63.105 - - [24/Dec/2021:10:19:52 -0500] "GET /sipse/faces/javax.faces.resource/jquery/jquery.js?ln=primefaces&v=4.0 HTTP/1.1" 304 -
191.95.63.105 - - [24/Dec/2021:10:19:52 -0500] "GET /sipse/faces/javax.faces.resource/jquery/jquery-plugins.js?ln=primefaces&v=4.0 HTTP/1.1" 304 -
191.95.63.105 - - [24/Dec/2021:10:19:52 -0500] "GET /sipse/faces/javax.faces.resource/primefaces.js?ln=primefaces&v=4.0 HTTP/1.1" 304 -
191.95.63.105 - - [24/Dec/2021:10:19:53 -0500] "GET /sipse/faces/javax.faces.resource/layout/layout.js?ln=primefaces&v=4.0 HTTP/1.1" 304 -
186.102.24.192 - - [24/Dec/2021:10:19:53 -0500] "POST /sipse/faces/autenticacion.xhtml HTTP/1.1" 200 2246
191.95.63.105 - - [24/Dec/2021:10:19:53 -0500] "GET /reportes_sipse/sdg/ServletReporte?reporte=solicitud_cdp&Solicitud=17396&pfdrid_c=false HTTP/1.1" 200 190318
173.231.60.194 - - [24/Dec/2021:10:19:56 -0500] "GET /BLA/resoluciones/index.php?dir=RESOLUCIONES%202005%2FRES%202005%203001-3050%2F&sort=date&order=desc HTTP/1.1" 200 12363
191.95.63.105 - - [24/Dec/2021:10:19:59 -0500] "POST /sipse/faces/presentacion/financiero/solicitudProceso/consultarSolicitudProceso.xhtml HTTP/1.1" 200 101695
173.231.60.194 - - [24/Dec/2021:10:20:02 -0500] "GET /BLA/resoluciones/index.php?dir=RESOLUCIONES%202005%2FRES%202005%203001-3050%2F&sort=size&order=desc HTTP/1.1" 200 12363
191.95.63.105 - - [24/Dec/2021:10:20:06 -0500] "POST /sipse/faces/presentacion/financiero/solicitudProceso/consultarSolicitudProceso.xhtml HTTP/1.1" 200 101695
173.231.60.194 - - [24/Dec/2021:10:20:09 -0500] "GET /BLA/resoluciones/index.php?dir=RESOLUCIONES%202005%2FRES%202005%203051-3100%2F&sort=date&order=desc HTTP/1.1" 200 12359
186.102.24.192 - - [24/Dec/2021:10:20:10 -0500] "POST /sipse/faces/autenticacion.xhtml HTTP/1.1" 200 2246
201.245.215.135 - - [24/Dec/2021:10:20:13 -0500] "POST /sipse/faces/presentacion/workflow/reasignarReenrutar.xhtml HTTP/1.1" 200 90877
201.245.215.135 - - [24/Dec/2021:10:20:15 -0500] "POST /sipse/faces/presentacion/workflow/reasignarReenrutar.xhtml HTTP/1.1" 200 91335
201.245.215.135 - - [24/Dec/2021:10:20:15 -0500] "GET /sipse/faces/javax.faces.resource/messages/messages.png?ln=primefaces&v=4.0 HTTP/1.1" 304 -
190.27.245.107 - - [24/Dec/2021:10:20:18 -0500] "GET /sipse/ HTTP/1.1" 302 -
173.231.60.194 - - [24/Dec/2021:10:20:18 -0500] "GET /BLA/resoluciones/index.php?dir=RESOLUCIONES%202005%2FRES%202005%203051-3100%2F&sort=size&order=desc HTTP/1.1" 200 12359
186.102.24.192 - - [24/Dec/2021:10:20:18 -0500] "GET /sipse/faces/autenticacion.xhtml HTTP/1.1" 200 12184
186.102.24.192 - - [24/Dec/2021:10:20:19 -0500] "GET /sipse/faces/javax.faces.resource/theme.css?ln=primefaces-sipse HTTP/1.1" 304 -
186.102.24.192 - - [24/Dec/2021:10:20:19 -0500] "GET /sipse/faces/javax.faces.resource/layout/layout.css?ln=primefaces&v=4.0 HTTP/1.1" 304 -
186.102.24.192 - - [24/Dec/2021:10:20:19 -0500] "GET /sipse/faces/javax.faces.resource/primefaces.css?ln=primefaces&v=4.0 HTTP/1.1" 304 -
186.102.24.192 - - [24/Dec/2021:10:20:19 -0500] "GET /sipse/faces/javax.faces.resource/jquery/jquery.js?ln=primefaces&v=4.0 HTTP/1.1" 304 -
186.102.24.192 - - [24/Dec/2021:10:20:19 -0500] "GET /sipse/faces/javax.faces.resource/jquery/jquery-plugins.js?ln=primefaces&v=4.0 HTTP/1.1" 304 -
186.102.24.192 - - [24/Dec/2021:10:20:19 -0500] "GET /sipse/faces/javax.faces.resource/layout/layout.js?ln=primefaces&v=4.0 HTTP/1.1" 304 -
186.102.24.192 - - [24/Dec/2021:10:20:19 -0500] "GET /sipse/faces/javax.faces.resource/primefaces.js?ln=primefaces&v=4.0 HTTP/1.1" 304 -
186.102.24.192 - - [24/Dec/2021:10:20:19 -0500] "GET /sipse/faces/javax.faces.resource/images/ui-icons_898989_256x240.png?ln=primefaces-aristo HTTP/1.1" 304 -
186.102.24.192 - - [24/Dec/2021:10:20:19 -0500] "GET /sipse/faces/index.xhtml HTTP/1.1" 200 677
186.102.24.192 - - [24/Dec/2021:10:20:20 -0500] "GET /sipse/faces/javax.faces.resource/theme.css?ln=primefaces-sipse HTTP/1.1" 304 -
186.102.24.192 - - [24/Dec/2021:10:20:20 -0500] "GET /sipse/faces/faces/autenticacion.xhtml HTTP/1.1" 200 12184
186.102.24.192 - - [24/Dec/2021:10:20:20 -0500] "GET /sipse/faces/javax.faces.resource/theme.css?ln=primefaces-sipse HTTP/1.1" 304 -
186.102.24.192 - - [24/Dec/2021:10:20:20 -0500] "GET /sipse/faces/javax.faces.resource/primefaces.css?ln=primefaces&v=4.0 HTTP/1.1" 304 -
186.102.24.192 - - [24/Dec/2021:10:20:20 -0500] "GET /sipse/faces/javax.faces.resource/layout/layout.css?ln=primefaces&v=4.0 HTTP/1.1" 304 -
186.102.24.192 - - [24/Dec/2021:10:20:20 -0500] "GET /sipse/faces/javax.faces.resource/jquery/jquery.js?ln=primefaces&v=4.0 HTTP/1.1" 304 -
186.102.24.192 - - [24/Dec/2021:10:20:20 -0500] "GET /sipse/faces/javax.faces.resource/jquery/jquery-plugins.js?ln=primefaces&v=4.0 HTTP/1.1" 304 -
186.102.24.192 - - [24/Dec/2021:10:20:20 -0500] "GET /sipse/faces/javax.faces.resource/primefaces.js?ln=primefaces&v=4.0 HTTP/1.1" 304 -
186.102.24.192 - - [24/Dec/2021:10:20:21 -0500] "GET /sipse/faces/javax.faces.resource/layout/layout.js?ln=primefaces&v=4.0 HTTP/1.1" 304 -
201.245.215.135 - - [24/Dec/2021:10:20:26 -0500] "POST /sipse/faces/presentacion/workflow/reasignarReenrutar.xhtml HTTP/1.1" 200 91429
201.245.215.135 - - [24/Dec/2021:10:20:34 -0500] "POST /sipse/faces/presentacion/workflow/reasignarReenrutar.xhtml HTTP/1.1" 200 91448
201.245.215.135 - - [24/Dec/2021:10:20:35 -0500] "POST /sipse/faces/presentacion/workflow/reasignarReenrutar.xhtml HTTP/1.1" 200 4945
173.231.60.194 - - [24/Dec/2021:10:20:37 -0500] "GET /BLA/resoluciones/index.php?dir=RESOLUCIONES%202005%2FRES%202005%203101-3150%2F&sort=date&order=desc HTTP/1.1" 200 12366
173.231.60.194 - - [24/Dec/2021:10:20:46 -0500] "GET /BLA/resoluciones/index.php?dir=RESOLUCIONES%202005%2FRES%202005%203101-3150%2F&sort=size&order=desc HTTP/1.1" 200 12366
186.102.24.192 - - [24/Dec/2021:10:20:49 -0500] "POST /sipse/faces/autenticacion.xhtml HTTP/1.1" 200 2242
186.102.24.192 - - [24/Dec/2021:10:20:49 -0500] "GET /sipse/faces/javax.faces.resource/messages/messages.png?ln=primefaces&v=4.0 HTTP/1.1" 304 -
186.102.24.192 - - [24/Dec/2021:10:20:52 -0500] "POST /sipse/faces/autenticacion.xhtml HTTP/1.1" 200 2246
186.102.24.192 - - [24/Dec/2021:10:20:52 -0500] "POST /sipse/faces/autenticacion.xhtml HTTP/1.1" 200 2246
186.102.24.192 - - [24/Dec/2021:10:20:52 -0500] "POST /sipse/faces/autenticacion.xhtml HTTP/1.1" 200 2246
173.231.60.194 - - [24/Dec/2021:10:20:54 -0500] "GET /BLA/resoluciones/index.php?dir=RESOLUCIONES%202005%2FRES%202005%203151-3180%2F&sort=date&order=desc HTTP/1.1" 200 8262
179.1.89.194 - - [24/Dec/2021:10:20:59 -0500] "GET /appsia/controlador HTTP/1.1" 200 4799
179.1.89.194 - - [24/Dec/2021:10:20:59 -0500] "GET /appsia/css/estilos.css HTTP/1.1" 200 4804
179.1.89.194 - - [24/Dec/2021:10:20:59 -0500] "GET /appsia/scripts/validarIngreso.js HTTP/1.1" 200 851
179.1.89.194 - - [24/Dec/2021:10:20:59 -0500] "GET /appsia/images/cabezoteHojaVida.png HTTP/1.1" 200 32493
179.1.89.194 - - [24/Dec/2021:10:20:59 -0500] "GET /appsia/images/logo_bogota_p.png HTTP/1.1" 200 14951
216.245.221.92 - - [24/Dec/2021:10:21:00 -0500] "HEAD / HTTP/1.1" 200 -
179.1.89.194 - - [24/Dec/2021:10:21:01 -0500] "GET /favicon.ico HTTP/1.1" 200 7782
173.231.60.194 - - [24/Dec/2021:10:21:06 -0500] "GET /BLA/resoluciones/index.php?dir=RESOLUCIONES%202005%2FRES%202005%203151-3180%2F&sort=size&order=desc HTTP/1.1" 200 8262
186.30.30.67 - - [24/Dec/2021:10:21:11 -0500] "POST /sipse/faces/presentacion/financiero/solicitudProceso/consultar.xhtml HTTP/1.1" 200 12961
173.231.60.194 - - [24/Dec/2021:10:21:16 -0500] "GET /BLA/resoluciones/index.php?dir=RESOLUCIONES%202006%2FRES%202006%201001-1050%2F&sort=date&order=desc HTTP/1.1" 200 12340
179.1.89.194 - - [24/Dec/2021:10:21:17 -0500] "POST /appsia/controlador HTTP/1.1" 200 3598
179.1.89.194 - - [24/Dec/2021:10:21:17 -0500] "GET /appsia/jscripts/validarSolicitud.js HTTP/1.1" 404 68
179.1.89.194 - - [24/Dec/2021:10:21:20 -0500] "POST /appsia/controlador HTTP/1.1" 200 4799
190.159.124.188 - - [24/Dec/2021:10:21:22 -0500] "GET /appsia/controlador HTTP/1.1" 200 4799
190.159.124.188 - - [24/Dec/2021:10:21:22 -0500] "GET /appsia/css/estilos.css HTTP/1.1" 200 4804
190.159.124.188 - - [24/Dec/2021:10:21:22 -0500] "GET /appsia/scripts/validarIngreso.js HTTP/1.1" 200 851
190.159.124.188 - - [24/Dec/2021:10:21:22 -0500] "GET /appsia/images/logo_bogota_p.png HTTP/1.1" 200 14951
190.159.124.188 - - [24/Dec/2021:10:21:22 -0500] "GET /appsia/images/cabezoteHojaVida.png HTTP/1.1" 200 32493
190.159.124.188 - - [24/Dec/2021:10:21:22 -0500] "GET /favicon.ico HTTP/1.1" 200 7782
173.231.60.194 - - [24/Dec/2021:10:21:22 -0500] "GET /BLA/resoluciones/index.php?dir=RESOLUCIONES%202006%2FRES%202006%201001-1050%2F&sort=size&order=desc HTTP/1.1" 200 12340
173.231.60.194 - - [24/Dec/2021:10:21:29 -0500] "GET /BLA/resoluciones/index.php?dir=RESOLUCIONES%202006%2FRES%202006%201051-1100%2F&sort=date&order=desc HTTP/1.1" 200 12368
186.30.30.67 - - [24/Dec/2021:10:21:30 -0500] "POST /sipse/faces/presentacion/financiero/solicitudProceso/consultar.xhtml HTTP/1.1" 200 12771
181.204.71.122 - - [24/Dec/2021:10:21:34 -0500] "GET /sipse/faces/faces/faces/autenticacion.xhtml HTTP/1.1" 200 12175
181.204.71.122 - - [24/Dec/2021:10:21:35 -0500] "GET /sipse/faces/javax.faces.resource/theme.css?ln=primefaces-sipse HTTP/1.1" 304 -
190.159.124.188 - - [24/Dec/2021:10:21:35 -0500] "POST /appsia/controlador HTTP/1.1" 200 5437
181.204.71.122 - - [24/Dec/2021:10:21:35 -0500] "GET /sipse/faces/javax.faces.resource/layout/layout.css?ln=primefaces&v=4.0 HTTP/1.1" 304 -
181.204.71.122 - - [24/Dec/2021:10:21:35 -0500] "GET /sipse/faces/javax.faces.resource/primefaces.css?ln=primefaces&v=4.0 HTTP/1.1" 304 -
181.204.71.122 - - [24/Dec/2021:10:21:35 -0500] "GET /sipse/faces/javax.faces.resource/jquery/jquery.js?ln=primefaces&v=4.0 HTTP/1.1" 304 -
181.204.71.122 - - [24/Dec/2021:10:21:35 -0500] "GET /sipse/faces/javax.faces.resource/jquery/jquery-plugins.js?ln=primefaces&v=4.0 HTTP/1.1" 304 -
181.204.71.122 - - [24/Dec/2021:10:21:35 -0500] "GET /sipse/faces/javax.faces.resource/layout/layout.js?ln=primefaces&v=4.0 HTTP/1.1" 304 -
181.204.71.122 - - [24/Dec/2021:10:21:35 -0500] "GET /sipse/faces/javax.faces.resource/primefaces.js?ln=primefaces&v=4.0 HTTP/1.1" 304 -
181.204.71.122 - - [24/Dec/2021:10:21:35 -0500] "GET /sipse/faces/javax.faces.resource/images/ui-icons_898989_256x240.png?ln=primefaces-aristo HTTP/1.1" 304 -
181.204.71.122 - - [24/Dec/2021:10:21:36 -0500] "GET /sipse/faces/faces/faces/index.xhtml HTTP/1.1" 200 677
181.204.71.122 - - [24/Dec/2021:10:21:36 -0500] "GET /sipse/faces/javax.faces.resource/theme.css?ln=primefaces-sipse HTTP/1.1" 304 -
181.204.71.122 - - [24/Dec/2021:10:21:36 -0500] "GET /favicon.ico HTTP/1.1" 200 7782
181.204.71.122 - - [24/Dec/2021:10:21:36 -0500] "GET /sipse/faces/faces/faces/faces/autenticacion.xhtml HTTP/1.1" 200 12175
181.204.71.122 - - [24/Dec/2021:10:21:36 -0500] "GET /sipse/faces/javax.faces.resource/layout/layout.css?ln=primefaces&v=4.0 HTTP/1.1" 304 -
181.204.71.122 - - [24/Dec/2021:10:21:36 -0500] "GET /sipse/faces/javax.faces.resource/theme.css?ln=primefaces-sipse HTTP/1.1" 304 -
181.204.71.122 - - [24/Dec/2021:10:21:36 -0500] "GET /sipse/faces/javax.faces.resource/primefaces.css?ln=primefaces&v=4.0 HTTP/1.1" 304 -
181.204.71.122 - - [24/Dec/2021:10:21:36 -0500] "GET /sipse/faces/javax.faces.resource/jquery/jquery-plugins.js?ln=primefaces&v=4.0 HTTP/1.1" 304 -
181.204.71.122 - - [24/Dec/2021:10:21:36 -0500] "GET /sipse/faces/javax.faces.resource/primefaces.js?ln=primefaces&v=4.0 HTTP/1.1" 304 -
181.204.71.122 - - [24/Dec/2021:10:21:36 -0500] "GET /sipse/faces/javax.faces.resource/jquery/jquery.js?ln=primefaces&v=4.0 HTTP/1.1" 304 -
181.204.71.122 - - [24/Dec/2021:10:21:36 -0500] "GET /sipse/faces/javax.faces.resource/layout/layout.js?ln=primefaces&v=4.0 HTTP/1.1" 304 -
173.231.60.194 - - [24/Dec/2021:10:21:37 -0500] "GET /BLA/resoluciones/index.php?dir=RESOLUCIONES%202006%2FRES%202006%201051-1100%2F&sort=size&order=desc HTTP/1.1" 200 12368
190.159.124.188 - - [24/Dec/2021:10:21:38 -0500] "POST /appsia/controlador HTTP/1.1" 200 3238
181.204.71.122 - - [24/Dec/2021:10:21:38 -0500] "POST /sipse/faces/autenticacion.xhtml HTTP/1.1" 200 2219
190.159.124.188 - - [24/Dec/2021:10:21:38 -0500] "GET /appsia/jscripts/validarSolicitud.js HTTP/1.1" 404 68
181.204.71.122 - - [24/Dec/2021:10:21:39 -0500] "GET /sipse/faces/javax.faces.resource/messages/messages.png?ln=primefaces&v=4.0 HTTP/1.1" 304 -
181.204.71.122 - - [24/Dec/2021:10:21:39 -0500] "POST /sipse/faces/autenticacion.xhtml HTTP/1.1" 200 2223
181.204.71.122 - - [24/Dec/2021:10:21:40 -0500] "GET /sipse/faces/javax.faces.resource/images/ui-icons_898989_256x240.png?ln=primefaces-aristo HTTP/1.1" 304 -
179.1.89.194 - - [24/Dec/2021:10:21:40 -0500] "POST /appsia/controlador HTTP/1.1" 200 5437
181.204.71.122 - - [24/Dec/2021:10:21:41 -0500] "POST /sipse/faces/autenticacion.xhtml HTTP/1.1" 200 16359
181.204.71.122 - - [24/Dec/2021:10:21:41 -0500] "GET /sipse/faces/javax.faces.resource/primefaces.css?ln=primefaces&v=4.0 HTTP/1.1" 304 -
181.204.71.122 - - [24/Dec/2021:10:21:41 -0500] "GET /sipse/faces/javax.faces.resource/layout/layout.css?ln=primefaces&v=4.0 HTTP/1.1" 304 -
181.204.71.122 - - [24/Dec/2021:10:21:41 -0500] "GET /sipse/faces/javax.faces.resource/theme.css?ln=primefaces-sipse HTTP/1.1" 304 -
181.204.71.122 - - [24/Dec/2021:10:21:41 -0500] "GET /sipse/faces/javax.faces.resource/jquery/jquery.js?ln=primefaces&v=4.0 HTTP/1.1" 304 -
181.204.71.122 - - [24/Dec/2021:10:21:41 -0500] "GET /sipse/faces/javax.faces.resource/jquery/jquery-plugins.js?ln=primefaces&v=4.0 HTTP/1.1" 304 -
181.204.71.122 - - [24/Dec/2021:10:21:42 -0500] "GET /sipse/faces/javax.faces.resource/primefaces.js?ln=primefaces&v=4.0 HTTP/1.1" 304 -
181.204.71.122 - - [24/Dec/2021:10:21:42 -0500] "GET /sipse/faces/javax.faces.resource/layout/layout.js?ln=primefaces&v=4.0 HTTP/1.1" 304 -
181.204.71.122 - - [24/Dec/2021:10:21:42 -0500] "GET /sipse/css/imagen/contrasena.png HTTP/1.1" 404 383
190.159.124.188 - - [24/Dec/2021:10:21:42 -0500] "POST /appsia/controlador HTTP/1.1" 200 7738
190.159.124.188 - - [24/Dec/2021:10:21:42 -0500] "GET /appsia/images/logo_escudo.png HTTP/1.1" 200 36965
173.231.60.194 - - [24/Dec/2021:10:21:44 -0500] "GET /BLA/resoluciones/index.php?dir=RESOLUCIONES%202006%2FRES%202006%201101-1150%2F&sort=date&order=desc HTTP/1.1" 200 12367
181.204.71.122 - - [24/Dec/2021:10:21:44 -0500] "GET /sipse/faces/javax.faces.resource/images/ui-bg_flat_0_2d5972_40x100.png?ln=primefaces-aristo HTTP/1.1" 304 -
181.204.71.122 - - [24/Dec/2021:10:21:44 -0500] "POST /sipse/faces/bienvenido.xhtml HTTP/1.1" 200 2658
179.1.89.194 - - [24/Dec/2021:10:21:46 -0500] "POST /appsia/controlador HTTP/1.1" 200 7729
181.204.71.122 - - [24/Dec/2021:10:21:46 -0500] "POST /sipse/faces/bienvenido.xhtml HTTP/1.1" 200 2073
179.1.89.194 - - [24/Dec/2021:10:21:46 -0500] "GET /appsia/images/logo_escudo.png HTTP/1.1" 200 36965
181.204.71.122 - - [24/Dec/2021:10:21:47 -0500] "POST /sipse/faces/bienvenido.xhtml HTTP/1.1" 200 40833
181.204.71.122 - - [24/Dec/2021:10:21:48 -0500] "GET /sipse/faces/javax.faces.resource/theme.css?ln=primefaces-sipse HTTP/1.1" 304 -
181.204.71.122 - - [24/Dec/2021:10:21:48 -0500] "GET /sipse/faces/javax.faces.resource/primefaces.css?ln=primefaces&v=4.0 HTTP/1.1" 304 -
181.204.71.122 - - [24/Dec/2021:10:21:48 -0500] "GET /sipse/faces/javax.faces.resource/layout/layout.css?ln=primefaces&v=4.0 HTTP/1.1" 304 -
181.204.71.122 - - [24/Dec/2021:10:21:48 -0500] "GET /sipse/faces/javax.faces.resource/jquery/jquery.js?ln=primefaces&v=4.0 HTTP/1.1" 304 -
181.204.71.122 - - [24/Dec/2021:10:21:48 -0500] "GET /sipse/faces/javax.faces.resource/jquery/jquery-plugins.js?ln=primefaces&v=4.0 HTTP/1.1" 304 -
181.204.71.122 - - [24/Dec/2021:10:21:48 -0500] "GET /sipse/faces/javax.faces.resource/primefaces.js?ln=primefaces&v=4.0 HTTP/1.1" 304 -
181.204.71.122 - - [24/Dec/2021:10:21:48 -0500] "GET /sipse/faces/javax.faces.resource/layout/layout.js?ln=primefaces&v=4.0 HTTP/1.1" 304 -
201.245.192.253 - - [24/Dec/2021:10:21:49 -0500] "GET /sipse/faces/javax.faces.resource/images/ui-bg_flat_0_2d5972_40x100.png?ln=primefaces-aristo HTTP/1.1" 304 -
201.245.192.253 - - [24/Dec/2021:10:21:49 -0500] "POST /sipse/faces/presentacion/financiero/solicitudProceso/consultarSolicitudProceso.xhtml HTTP/1.1" 200 60418
201.245.192.253 - - [24/Dec/2021:10:21:50 -0500] "GET /sipse/faces/javax.faces.resource/theme.css?ln=primefaces-sipse HTTP/1.1" 304 -
201.245.192.253 - - [24/Dec/2021:10:21:50 -0500] "GET /sipse/faces/javax.faces.resource/primefaces.css?ln=primefaces&v=4.0 HTTP/1.1" 304 -
201.245.192.253 - - [24/Dec/2021:10:21:50 -0500] "GET /sipse/faces/javax.faces.resource/layout/layout.css?ln=primefaces&v=4.0 HTTP/1.1" 304 -
201.245.192.253 - - [24/Dec/2021:10:21:50 -0500] "GET /sipse/faces/javax.faces.resource/jquery/jquery.js?ln=primefaces&v=4.0 HTTP/1.1" 304 -
201.245.192.253 - - [24/Dec/2021:10:21:50 -0500] "GET /sipse/faces/javax.faces.resource/jquery/jquery-plugins.js?ln=primefaces&v=4.0 HTTP/1.1" 304 -
201.245.192.253 - - [24/Dec/2021:10:21:50 -0500] "GET /sipse/faces/javax.faces.resource/primefaces.js?ln=primefaces&v=4.0 HTTP/1.1" 304 -
201.245.192.253 - - [24/Dec/2021:10:21:50 -0500] "GET /sipse/faces/javax.faces.resource/layout/layout.js?ln=primefaces&v=4.0 HTTP/1.1" 304 -
201.245.192.253 - - [24/Dec/2021:10:21:50 -0500] "GET /sipse/css/imagen/contrasena.png HTTP/1.1" 404 383
201.245.192.253 - - [24/Dec/2021:10:21:50 -0500] "POST /sipse/faces/presentacion/financiero/solicitudProceso/listarSolicitudProceso.xhtml HTTP/1.1" 200 1448
186.102.24.192 - - [24/Dec/2021:10:21:50 -0500] "POST /sipse/faces/autenticacion.xhtml HTTP/1.1" 200 2246
201.245.192.253 - - [24/Dec/2021:10:21:51 -0500] "POST /sipse/faces/presentacion/financiero/solicitudProceso/listarSolicitudProceso.xhtml HTTP/1.1" 200 30268
186.102.24.192 - - [24/Dec/2021:10:21:51 -0500] "POST /sipse/faces/autenticacion.xhtml HTTP/1.1" 200 2246
181.204.71.122 - - [24/Dec/2021:10:21:52 -0500] "POST /sipse/faces/presentacion/financiero/solicitudProceso/consultar.xhtml HTTP/1.1" 200 12924
173.231.60.194 - - [24/Dec/2021:10:21:53 -0500] "GET /BLA/resoluciones/index.php?dir=RESOLUCIONES%202006%2FRES%202006%201101-1150%2F&sort=size&order=desc HTTP/1.1" 200 12367
201.245.192.253 - - [24/Dec/2021:10:21:57 -0500] "POST /sipse/faces/presentacion/financiero/solicitudProceso/listarSolicitudProceso.xhtml HTTP/1.1" 200 126921
201.245.192.253 - - [24/Dec/2021:10:21:58 -0500] "GET /sipse/faces/javax.faces.resource/primefaces.css?ln=primefaces&v=4.0 HTTP/1.1" 304 -
201.245.192.253 - - [24/Dec/2021:10:21:58 -0500] "GET /sipse/faces/javax.faces.resource/theme.css?ln=primefaces-sipse HTTP/1.1" 304 -
201.245.192.253 - - [24/Dec/2021:10:21:58 -0500] "GET /sipse/faces/javax.faces.resource/layout/layout.css?ln=primefaces&v=4.0 HTTP/1.1" 304 -
201.245.192.253 - - [24/Dec/2021:10:21:58 -0500] "GET /sipse/faces/javax.faces.resource/jquery/jquery.js?ln=primefaces&v=4.0 HTTP/1.1" 304 -
201.245.192.253 - - [24/Dec/2021:10:21:58 -0500] "GET /sipse/faces/javax.faces.resource/jquery/jquery-plugins.js?ln=primefaces&v=4.0 HTTP/1.1" 304 -
201.245.192.253 - - [24/Dec/2021:10:21:58 -0500] "GET /sipse/faces/javax.faces.resource/primefaces.js?ln=primefaces&v=4.0 HTTP/1.1" 304 -
201.245.192.253 - - [24/Dec/2021:10:21:58 -0500] "GET /sipse/faces/javax.faces.resource/layout/layout.js?ln=primefaces&v=4.0 HTTP/1.1" 304 -
201.245.192.253 - - [24/Dec/2021:10:21:58 -0500] "GET /reportes_sipse/sdg/ServletReporte?reporte=solicitud_cdp&Solicitud=17396&pfdrid_c=false HTTP/1.1" 200 190318
173.231.60.194 - - [24/Dec/2021:10:22:02 -0500] "GET /BLA/resoluciones/index.php?dir=RESOLUCIONES%202006%2FRES%202006%201151-1200%2F&sort=date&order=desc HTTP/1.1" 200 12364
173.231.60.194 - - [24/Dec/2021:10:22:13 -0500] "GET /BLA/resoluciones/index.php?dir=RESOLUCIONES%202006%2FRES%202006%201151-1200%2F&sort=size&order=desc HTTP/1.1" 200 12364
173.231.60.194 - - [24/Dec/2021:10:22:19 -0500] "GET /BLA/resoluciones/index.php?dir=RESOLUCIONES%202006%2FRES%202006%201201-1250%2F&sort=date&order=desc HTTP/1.1" 200 12345
201.245.192.253 - - [24/Dec/2021:10:22:22 -0500] "POST /sipse/faces/presentacion/financiero/solicitudProceso/consultarSolicitudProceso.xhtml HTTP/1.1" 200 37417
201.245.192.253 - - [24/Dec/2021:10:22:23 -0500] "GET /sipse/faces/javax.faces.resource/theme.css?ln=primefaces-sipse HTTP/1.1" 304 -
201.245.192.253 - - [24/Dec/2021:10:22:23 -0500] "GET /sipse/faces/javax.faces.resource/layout/layout.css?ln=primefaces&v=4.0 HTTP/1.1" 304 -
201.245.192.253 - - [24/Dec/2021:10:22:23 -0500] "GET /sipse/faces/javax.faces.resource/primefaces.css?ln=primefaces&v=4.0 HTTP/1.1" 304 -
201.245.192.253 - - [24/Dec/2021:10:22:23 -0500] "GET /sipse/faces/javax.faces.resource/jquery/jquery.js?ln=primefaces&v=4.0 HTTP/1.1" 304 -
201.245.192.253 - - [24/Dec/2021:10:22:23 -0500] "GET /sipse/faces/javax.faces.resource/jquery/jquery-plugins.js?ln=primefaces&v=4.0 HTTP/1.1" 304 -
201.245.192.253 - - [24/Dec/2021:10:22:23 -0500] "GET /sipse/faces/javax.faces.resource/primefaces.js?ln=primefaces&v=4.0 HTTP/1.1" 304 -
201.245.192.253 - - [24/Dec/2021:10:22:23 -0500] "GET /sipse/faces/javax.faces.resource/layout/layout.js?ln=primefaces&v=4.0 HTTP/1.1" 304 -
173.231.60.194 - - [24/Dec/2021:10:22:27 -0500] "GET /BLA/resoluciones/index.php?dir=RESOLUCIONES%202006%2FRES%202006%201201-1250%2F&sort=size&order=desc HTTP/1.1" 200 12345
201.245.192.253 - - [24/Dec/2021:10:22:33 -0500] "POST /sipse/faces/presentacion/contratacion/contrato/registroPresupuestal/expedirRP.xhtml HTTP/1.1" 200 2248
173.231.60.194 - - [24/Dec/2021:10:22:34 -0500] "GET /BLA/resoluciones/index.php?dir=RESOLUCIONES%202006%2FRES%202006%201251-1300%2F&sort=date&order=desc HTTP/1.1" 200 12367
201.245.192.253 - - [24/Dec/2021:10:22:37 -0500] "GET /sipse/faces/javax.faces.resource/primefaces.css?ln=primefaces&v=4.0 HTTP/1.1" 304 -
201.245.192.253 - - [24/Dec/2021:10:22:37 -0500] "GET /sipse/faces/javax.faces.resource/primefaces.js?ln=primefaces&v=4.0 HTTP/1.1" 304 -
201.245.192.253 - - [24/Dec/2021:10:22:37 -0500] "GET /sipse/faces/javax.faces.resource/layout/layout.js?ln=primefaces&v=4.0 HTTP/1.1" 304 -
201.245.192.253 - - [24/Dec/2021:10:22:37 -0500] "GET /sipse/faces/javax.faces.resource/jquery/jquery-plugins.js?ln=primefaces&v=4.0 HTTP/1.1" 304 -
201.245.192.253 - - [24/Dec/2021:10:22:37 -0500] "GET /sipse/faces/javax.faces.resource/theme.css?ln=primefaces-sipse HTTP/1.1" 304 -
201.245.192.253 - - [24/Dec/2021:10:22:37 -0500] "POST /sipse/faces/presentacion/contratacion/contrato/registroPresupuestal/expedirRP.xhtml HTTP/1.1" 200 20804
201.245.192.253 - - [24/Dec/2021:10:22:37 -0500] "GET /sipse/faces/javax.faces.resource/layout/layout.css?ln=primefaces&v=4.0 HTTP/1.1" 304 -
201.245.192.253 - - [24/Dec/2021:10:22:37 -0500] "GET /sipse/faces/javax.faces.resource/jquery/jquery.js?ln=primefaces&v=4.0 HTTP/1.1" 304 -
201.245.192.253 - - [24/Dec/2021:10:22:38 -0500] "GET /sipse/faces/javax.faces.resource/images/ui-icons_898989_256x240.png?ln=primefaces-aristo HTTP/1.1" 304 -
201.245.192.253 - - [24/Dec/2021:10:22:39 -0500] "GET /sipse/faces/javax.faces.resource/theme.css?ln=primefaces-sipse HTTP/1.1" 304 -
201.245.192.253 - - [24/Dec/2021:10:22:39 -0500] "GET /sipse/faces/javax.faces.resource/jquery/jquery.js?ln=primefaces&v=4.0 HTTP/1.1" 304 -
201.245.192.253 - - [24/Dec/2021:10:22:39 -0500] "GET /sipse/faces/javax.faces.resource/primefaces.css?ln=primefaces&v=4.0 HTTP/1.1" 304 -
201.245.192.253 - - [24/Dec/2021:10:22:39 -0500] "GET /sipse/faces/javax.faces.resource/jquery/jquery-plugins.js?ln=primefaces&v=4.0 HTTP/1.1" 304 -
201.245.192.253 - - [24/Dec/2021:10:22:39 -0500] "GET /sipse/faces/javax.faces.resource/layout/layout.css?ln=primefaces&v=4.0 HTTP/1.1" 304 -
201.245.192.253 - - [24/Dec/2021:10:22:39 -0500] "GET /sipse/faces/javax.faces.resource/primefaces.js?ln=primefaces&v=4.0 HTTP/1.1" 304 -
201.245.192.253 - - [24/Dec/2021:10:22:39 -0500] "GET /sipse/faces/javax.faces.resource/layout/layout.js?ln=primefaces&v=4.0 HTTP/1.1" 304 -
201.245.192.253 - - [24/Dec/2021:10:22:39 -0500] "POST /sipse/faces/presentacion/contratacion/contrato/registroPresupuestal/consultarActividadesRP.xhtml HTTP/1.1" 200 22966
173.231.60.194 - - [24/Dec/2021:10:22:39 -0500] "GET /BLA/resoluciones/index.php?dir=RESOLUCIONES%202006%2FRES%202006%201251-1300%2F&sort=size&order=desc HTTP/1.1" 200 12367
201.245.192.253 - - [24/Dec/2021:10:22:45 -0500] "POST /sipse/faces/presentacion/contratacion/contrato/registroPresupuestal/asociarPresupuestoActividadesRP.xhtml HTTP/1.1" 200 37494
201.245.192.253 - - [24/Dec/2021:10:22:45 -0500] "GET /sipse/faces/javax.faces.resource/theme.css?ln=primefaces-sipse HTTP/1.1" 304 -
201.245.192.253 - - [24/Dec/2021:10:22:45 -0500] "GET /sipse/faces/javax.faces.resource/primefaces.css?ln=primefaces&v=4.0 HTTP/1.1" 304 -
201.245.192.253 - - [24/Dec/2021:10:22:45 -0500] "GET /sipse/faces/javax.faces.resource/layout/layout.css?ln=primefaces&v=4.0 HTTP/1.1" 304 -
201.245.192.253 - - [24/Dec/2021:10:22:45 -0500] "GET /sipse/faces/javax.faces.resource/jquery/jquery.js?ln=primefaces&v=4.0 HTTP/1.1" 304 -
201.245.192.253 - - [24/Dec/2021:10:22:45 -0500] "GET /sipse/faces/javax.faces.resource/jquery/jquery-plugins.js?ln=primefaces&v=4.0 HTTP/1.1" 304 -
201.245.192.253 - - [24/Dec/2021:10:22:45 -0500] "GET /sipse/faces/javax.faces.resource/primefaces.js?ln=primefaces&v=4.0 HTTP/1.1" 304 -
201.245.192.253 - - [24/Dec/2021:10:22:45 -0500] "GET /sipse/faces/javax.faces.resource/layout/layout.js?ln=primefaces&v=4.0 HTTP/1.1" 304 -
201.245.192.253 - - [24/Dec/2021:10:22:47 -0500] "POST /sipse/faces/presentacion/contratacion/contrato/registroPresupuestal/expedirRP.xhtml HTTP/1.1" 200 128647
201.245.192.253 - - [24/Dec/2021:10:22:48 -0500] "GET /sipse/faces/javax.faces.resource/theme.css?ln=primefaces-sipse HTTP/1.1" 304 -
201.245.192.253 - - [24/Dec/2021:10:22:48 -0500] "GET /sipse/faces/javax.faces.resource/primefaces.css?ln=primefaces&v=4.0 HTTP/1.1" 304 -
201.245.192.253 - - [24/Dec/2021:10:22:48 -0500] "GET /sipse/faces/javax.faces.resource/layout/layout.css?ln=primefaces&v=4.0 HTTP/1.1" 304 -
201.245.192.253 - - [24/Dec/2021:10:22:48 -0500] "GET /sipse/faces/javax.faces.resource/jquery/jquery.js?ln=primefaces&v=4.0 HTTP/1.1" 304 -
201.245.192.253 - - [24/Dec/2021:10:22:48 -0500] "GET /sipse/faces/javax.faces.resource/jquery/jquery-plugins.js?ln=primefaces&v=4.0 HTTP/1.1" 304 -
201.245.192.253 - - [24/Dec/2021:10:22:48 -0500] "GET /sipse/faces/javax.faces.resource/primefaces.js?ln=primefaces&v=4.0 HTTP/1.1" 304 -
201.245.192.253 - - [24/Dec/2021:10:22:48 -0500] "GET /sipse/faces/javax.faces.resource/layout/layout.js?ln=primefaces&v=4.0 HTTP/1.1" 304 -
201.245.192.253 - - [24/Dec/2021:10:22:48 -0500] "GET /sipse/faces/javax.faces.resource/messages/messages.png?ln=primefaces&v=4.0 HTTP/1.1" 304 -
201.245.192.253 - - [24/Dec/2021:10:22:48 -0500] "GET /reportes_sipse/sdg/ServletReporte?reporte=solicitud_cdp&Solicitud=17396&pfdrid_c=false HTTP/1.1" 200 190318
173.231.60.194 - - [24/Dec/2021:10:22:49 -0500] "GET /BLA/resoluciones/index.php?dir=RESOLUCIONES%202006%2FRES%202006%201301-1350%2F&sort=date&order=desc HTTP/1.1" 200 12364
201.245.192.253 - - [24/Dec/2021:10:22:50 -0500] "POST /sipse/faces/presentacion/financiero/solicitudProceso/consultarSolicitudProceso.xhtml HTTP/1.1" 200 60611
201.245.192.253 - - [24/Dec/2021:10:22:52 -0500] "GET /sipse/faces/javax.faces.resource/theme.css?ln=primefaces-sipse HTTP/1.1" 304 -
201.245.192.253 - - [24/Dec/2021:10:22:52 -0500] "GET /sipse/faces/javax.faces.resource/primefaces.css?ln=primefaces&v=4.0 HTTP/1.1" 304 -
201.245.192.253 - - [24/Dec/2021:10:22:52 -0500] "GET /sipse/faces/javax.faces.resource/layout/layout.css?ln=primefaces&v=4.0 HTTP/1.1" 304 -
201.245.192.253 - - [24/Dec/2021:10:22:52 -0500] "GET /sipse/faces/javax.faces.resource/jquery/jquery.js?ln=primefaces&v=4.0 HTTP/1.1" 304 -
201.245.192.253 - - [24/Dec/2021:10:22:52 -0500] "GET /sipse/faces/javax.faces.resource/jquery/jquery-plugins.js?ln=primefaces&v=4.0 HTTP/1.1" 304 -
201.245.192.253 - - [24/Dec/2021:10:22:52 -0500] "GET /sipse/faces/javax.faces.resource/primefaces.js?ln=primefaces&v=4.0 HTTP/1.1" 304 -
201.245.192.253 - - [24/Dec/2021:10:22:52 -0500] "GET /sipse/faces/javax.faces.resource/layout/layout.js?ln=primefaces&v=4.0 HTTP/1.1" 304 -
201.245.192.253 - - [24/Dec/2021:10:22:52 -0500] "POST /sipse/faces/presentacion/financiero/solicitudProceso/listarSolicitudProceso.xhtml HTTP/1.1" 200 1448
201.245.192.253 - - [24/Dec/2021:10:22:53 -0500] "POST /sipse/faces/presentacion/financiero/solicitudProceso/listarSolicitudProceso.xhtml HTTP/1.1" 200 30122
173.231.60.194 - - [24/Dec/2021:10:22:57 -0500] "GET /BLA/resoluciones/index.php?dir=RESOLUCIONES%202006%2FRES%202006%201301-1350%2F&sort=size&order=desc HTTP/1.1" 200 12364
201.245.192.253 - - [24/Dec/2021:10:22:59 -0500] "POST /sipse/faces/presentacion/financiero/solicitudProceso/listarSolicitudProceso.xhtml HTTP/1.1" 200 124348
201.245.192.253 - - [24/Dec/2021:10:23:00 -0500] "GET /sipse/faces/javax.faces.resource/primefaces.css?ln=primefaces&v=4.0 HTTP/1.1" 304 -
201.245.192.253 - - [24/Dec/2021:10:23:00 -0500] "GET /sipse/faces/javax.faces.resource/theme.css?ln=primefaces-sipse HTTP/1.1" 304 -
201.245.192.253 - - [24/Dec/2021:10:23:00 -0500] "GET /sipse/faces/javax.faces.resource/layout/layout.css?ln=primefaces&v=4.0 HTTP/1.1" 304 -
201.245.192.253 - - [24/Dec/2021:10:23:00 -0500] "GET /sipse/faces/javax.faces.resource/jquery/jquery.js?ln=primefaces&v=4.0 HTTP/1.1" 304 -
201.245.192.253 - - [24/Dec/2021:10:23:00 -0500] "GET /sipse/faces/javax.faces.resource/jquery/jquery-plugins.js?ln=primefaces&v=4.0 HTTP/1.1" 304 -
201.245.192.253 - - [24/Dec/2021:10:23:00 -0500] "GET /sipse/faces/javax.faces.resource/primefaces.js?ln=primefaces&v=4.0 HTTP/1.1" 304 -
201.245.192.253 - - [24/Dec/2021:10:23:00 -0500] "GET /sipse/faces/javax.faces.resource/layout/layout.js?ln=primefaces&v=4.0 HTTP/1.1" 304 -
201.245.192.253 - - [24/Dec/2021:10:23:00 -0500] "GET /reportes_sipse/sdg/ServletReporte?reporte=solicitud_cdp&Solicitud=17396&pfdrid_c=false HTTP/1.1" 200 190318
173.231.60.194 - - [24/Dec/2021:10:23:09 -0500] "GET /BLA/resoluciones/index.php?dir=RESOLUCIONES%202006%2FRES%202006%201351-1400%2F&sort=date&order=desc HTTP/1.1" 200 12366
186.102.24.192 - - [24/Dec/2021:10:23:11 -0500] "POST /sipse/faces/autenticacion.xhtml HTTP/1.1" 200 2246
186.102.24.192 - - [24/Dec/2021:10:23:17 -0500] "POST /sipse/faces/autenticacion.xhtml HTTP/1.1" 200 2246
173.231.60.194 - - [24/Dec/2021:10:23:17 -0500] "GET /BLA/resoluciones/index.php?dir=RESOLUCIONES%202006%2FRES%202006%201351-1400%2F&sort=size&order=desc HTTP/1.1" 200 12366
190.27.245.107 - - [24/Dec/2021:10:23:20 -0500] "GET /sipse/ HTTP/1.1" 302 -
186.30.30.67 - - [24/Dec/2021:10:23:20 -0500] "GET /sipse/faces/autenticacion.xhtml HTTP/1.1" 200 12184
186.30.30.67 - - [24/Dec/2021:10:23:21 -0500] "GET /sipse/faces/javax.faces.resource/theme.css?ln=primefaces-sipse HTTP/1.1" 304 -
186.30.30.67 - - [24/Dec/2021:10:23:21 -0500] "GET /sipse/faces/javax.faces.resource/jquery/jquery-plugins.js?ln=primefaces&v=4.0 HTTP/1.1" 304 -
186.30.30.67 - - [24/Dec/2021:10:23:21 -0500] "GET /sipse/faces/javax.faces.resource/jquery/jquery.js?ln=primefaces&v=4.0 HTTP/1.1" 304 -
186.30.30.67 - - [24/Dec/2021:10:23:21 -0500] "GET /sipse/faces/javax.faces.resource/layout/layout.js?ln=primefaces&v=4.0 HTTP/1.1" 304 -
186.30.30.67 - - [24/Dec/2021:10:23:21 -0500] "GET /sipse/faces/javax.faces.resource/primefaces.js?ln=primefaces&v=4.0 HTTP/1.1" 304 -
186.30.30.67 - - [24/Dec/2021:10:23:21 -0500] "GET /sipse/faces/javax.faces.resource/primefaces.css?ln=primefaces&v=4.0 HTTP/1.1" 304 -
186.30.30.67 - - [24/Dec/2021:10:23:21 -0500] "GET /sipse/faces/javax.faces.resource/layout/layout.css?ln=primefaces&v=4.0 HTTP/1.1" 304 -
186.30.30.67 - - [24/Dec/2021:10:23:21 -0500] "GET /sipse/faces/javax.faces.resource/images/ui-icons_898989_256x240.png?ln=primefaces-aristo HTTP/1.1" 304 -
186.30.30.67 - - [24/Dec/2021:10:23:21 -0500] "GET /sipse/faces/index.xhtml HTTP/1.1" 200 677
186.30.30.67 - - [24/Dec/2021:10:23:21 -0500] "GET /sipse/faces/javax.faces.resource/theme.css?ln=primefaces-sipse HTTP/1.1" 304 -
186.30.30.67 - - [24/Dec/2021:10:23:21 -0500] "GET /sipse/faces/faces/autenticacion.xhtml HTTP/1.1" 200 12184
186.30.30.67 - - [24/Dec/2021:10:23:21 -0500] "GET /sipse/faces/javax.faces.resource/layout/layout.css?ln=primefaces&v=4.0 HTTP/1.1" 304 -
186.30.30.67 - - [24/Dec/2021:10:23:21 -0500] "GET /sipse/faces/javax.faces.resource/primefaces.css?ln=primefaces&v=4.0 HTTP/1.1" 304 -
186.30.30.67 - - [24/Dec/2021:10:23:21 -0500] "GET /sipse/faces/javax.faces.resource/theme.css?ln=primefaces-sipse HTTP/1.1" 304 -
186.30.30.67 - - [24/Dec/2021:10:23:21 -0500] "GET /sipse/faces/javax.faces.resource/jquery/jquery-plugins.js?ln=primefaces&v=4.0 HTTP/1.1" 304 -
186.30.30.67 - - [24/Dec/2021:10:23:21 -0500] "GET /sipse/faces/javax.faces.resource/primefaces.js?ln=primefaces&v=4.0 HTTP/1.1" 304 -
186.30.30.67 - - [24/Dec/2021:10:23:21 -0500] "GET /sipse/faces/javax.faces.resource/jquery/jquery.js?ln=primefaces&v=4.0 HTTP/1.1" 304 -
186.30.30.67 - - [24/Dec/2021:10:23:21 -0500] "GET /sipse/faces/javax.faces.resource/layout/layout.js?ln=primefaces&v=4.0 HTTP/1.1" 304 -
186.30.30.67 - - [24/Dec/2021:10:23:25 -0500] "POST /sipse/faces/autenticacion.xhtml HTTP/1.1" 200 2220
186.30.30.67 - - [24/Dec/2021:10:23:25 -0500] "GET /sipse/faces/javax.faces.resource/messages/messages.png?ln=primefaces&v=4.0 HTTP/1.1" 304 -
186.30.30.67 - - [24/Dec/2021:10:23:26 -0500] "GET /sipse/faces/javax.faces.resource/images/ui-icons_898989_256x240.png?ln=primefaces-aristo HTTP/1.1" 304 -
186.30.30.67 - - [24/Dec/2021:10:23:27 -0500] "POST /sipse/faces/autenticacion.xhtml HTTP/1.1" 200 16395
186.30.30.67 - - [24/Dec/2021:10:23:27 -0500] "GET /sipse/faces/javax.faces.resource/theme.css?ln=primefaces-sipse HTTP/1.1" 304 -
186.30.30.67 - - [24/Dec/2021:10:23:27 -0500] "GET /sipse/faces/javax.faces.resource/primefaces.css?ln=primefaces&v=4.0 HTTP/1.1" 304 -
186.30.30.67 - - [24/Dec/2021:10:23:27 -0500] "GET /sipse/faces/javax.faces.resource/layout/layout.css?ln=primefaces&v=4.0 HTTP/1.1" 304 -
186.30.30.67 - - [24/Dec/2021:10:23:27 -0500] "GET /sipse/faces/javax.faces.resource/jquery/jquery.js?ln=primefaces&v=4.0 HTTP/1.1" 304 -
186.30.30.67 - - [24/Dec/2021:10:23:27 -0500] "GET /sipse/faces/javax.faces.resource/jquery/jquery-plugins.js?ln=primefaces&v=4.0 HTTP/1.1" 304 -
186.30.30.67 - - [24/Dec/2021:10:23:27 -0500] "GET /sipse/faces/javax.faces.resource/primefaces.js?ln=primefaces&v=4.0 HTTP/1.1" 304 -
186.30.30.67 - - [24/Dec/2021:10:23:27 -0500] "GET /sipse/faces/javax.faces.resource/layout/layout.js?ln=primefaces&v=4.0 HTTP/1.1" 304 -
186.30.30.67 - - [24/Dec/2021:10:23:27 -0500] "GET /sipse/css/imagen/contrasena.png HTTP/1.1" 404 383
201.245.192.253 - - [24/Dec/2021:10:23:29 -0500] "POST /sipse/faces/presentacion/financiero/solicitudProceso/consultarSolicitudProceso.xhtml HTTP/1.1" 200 221038
186.30.30.67 - - [24/Dec/2021:10:23:29 -0500] "GET /sipse/faces/javax.faces.resource/images/ui-bg_flat_0_2d5972_40x100.png?ln=primefaces-aristo HTTP/1.1" 304 -
186.30.30.67 - - [24/Dec/2021:10:23:29 -0500] "POST /sipse/faces/bienvenido.xhtml HTTP/1.1" 200 2658
173.231.60.194 - - [24/Dec/2021:10:23:30 -0500] "GET /BLA/resoluciones/index.php?dir=RESOLUCIONES%202006%2FRES%202006%201401-1450%2F&sort=date&order=desc HTTP/1.1" 200 12366
186.30.30.67 - - [24/Dec/2021:10:23:30 -0500] "POST /sipse/faces/bienvenido.xhtml HTTP/1.1" 200 60973
186.30.30.67 - - [24/Dec/2021:10:23:32 -0500] "GET /sipse/faces/javax.faces.resource/theme.css?ln=primefaces-sipse HTTP/1.1" 304 -
186.30.30.67 - - [24/Dec/2021:10:23:32 -0500] "GET /sipse/faces/javax.faces.resource/layout/layout.css?ln=primefaces&v=4.0 HTTP/1.1" 304 -
186.30.30.67 - - [24/Dec/2021:10:23:32 -0500] "GET /sipse/faces/javax.faces.resource/jquery/jquery.js?ln=primefaces&v=4.0 HTTP/1.1" 304 -
186.30.30.67 - - [24/Dec/2021:10:23:32 -0500] "GET /sipse/faces/javax.faces.resource/primefaces.css?ln=primefaces&v=4.0 HTTP/1.1" 304 -
186.30.30.67 - - [24/Dec/2021:10:23:32 -0500] "GET /sipse/faces/javax.faces.resource/jquery/jquery-plugins.js?ln=primefaces&v=4.0 HTTP/1.1" 304 -
186.30.30.67 - - [24/Dec/2021:10:23:32 -0500] "GET /sipse/faces/javax.faces.resource/primefaces.js?ln=primefaces&v=4.0 HTTP/1.1" 304 -
186.30.30.67 - - [24/Dec/2021:10:23:32 -0500] "GET /sipse/faces/javax.faces.resource/layout/layout.js?ln=primefaces&v=4.0 HTTP/1.1" 304 -
186.30.30.67 - - [24/Dec/2021:10:23:32 -0500] "POST /sipse/faces/presentacion/financiero/solicitudProceso/listarSolicitudProceso.xhtml HTTP/1.1" 200 1448
190.27.245.107 - - [24/Dec/2021:10:23:33 -0500] "GET /sipse/ HTTP/1.1" 302 -
186.84.22.67 - - [24/Dec/2021:10:23:33 -0500] "GET /sipse/faces/autenticacion.xhtml HTTP/1.1" 200 12497
186.84.22.67 - - [24/Dec/2021:10:23:34 -0500] "GET /sipse/css/custom_css_sg_prime_login.css HTTP/1.1" 200 443
186.84.22.67 - - [24/Dec/2021:10:23:34 -0500] "GET /sipse/faces/javax.faces.resource/layout/layout.css;jsessionid=QUpeJF9J5iBCF5FiK8xGeV1C.undefined?ln=primefaces&v=4.0 HTTP/1.1" 200 542
186.84.22.67 - - [24/Dec/2021:10:23:34 -0500] "GET /sipse/js/disable_browser_buttons.js HTTP/1.1" 200 3230
186.84.22.67 - - [24/Dec/2021:10:23:34 -0500] "GET /sipse/js/funciones.js HTTP/1.1" 200 12592
186.84.22.67 - - [24/Dec/2021:10:23:34 -0500] "GET /sipse/css/custom_css_sg.css HTTP/1.1" 200 9694
186.84.22.67 - - [24/Dec/2021:10:23:34 -0500] "GET /sipse/faces/javax.faces.resource/theme.css?ln=primefaces-sipse HTTP/1.1" 200 50058
186.84.22.67 - - [24/Dec/2021:10:23:34 -0500] "GET /sipse/faces/javax.faces.resource/primefaces.css;jsessionid=QUpeJF9J5iBCF5FiK8xGeV1C.undefined?ln=primefaces&v=4.0 HTTP/1.1" 200 53295
186.84.22.67 - - [24/Dec/2021:10:23:34 -0500] "GET /sipse/faces/javax.faces.resource/layout/layout.js;jsessionid=QUpeJF9J5iBCF5FiK8xGeV1C.undefined?ln=primefaces&v=4.0 HTTP/1.1" 200 87560
186.84.22.67 - - [24/Dec/2021:10:23:34 -0500] "GET /sipse/faces/javax.faces.resource/jquery/jquery-plugins.js;jsessionid=QUpeJF9J5iBCF5FiK8xGeV1C.undefined?ln=primefaces&v=4.0 HTTP/1.1" 200 220526
186.84.22.67 - - [24/Dec/2021:10:23:34 -0500] "GET /sipse/faces/javax.faces.resource/jquery/jquery.js;jsessionid=QUpeJF9J5iBCF5FiK8xGeV1C.undefined?ln=primefaces&v=4.0 HTTP/1.1" 200 105384
186.84.22.67 - - [24/Dec/2021:10:23:34 -0500] "GET /sipse/faces/javax.faces.resource/primefaces.js;jsessionid=QUpeJF9J5iBCF5FiK8xGeV1C.undefined?ln=primefaces&v=4.0 HTTP/1.1" 200 276924
186.30.30.67 - - [24/Dec/2021:10:23:35 -0500] "POST /sipse/faces/presentacion/financiero/solicitudProceso/listarSolicitudProceso.xhtml HTTP/1.1" 200 2749
186.84.22.67 - - [24/Dec/2021:10:23:35 -0500] "GET /sipse/css/imagen/logoSDG.png HTTP/1.1" 200 53064
186.84.22.67 - - [24/Dec/2021:10:23:35 -0500] "GET /sipse/css/imagen/loginimg.png HTTP/1.1" 200 71635
186.84.22.67 - - [24/Dec/2021:10:23:35 -0500] "GET /sipse/faces/javax.faces.resource/images/ui-icons_898989_256x240.png?ln=primefaces-aristo HTTP/1.1" 200 5355
186.84.22.67 - - [24/Dec/2021:10:23:36 -0500] "GET /sipse/faces/index.xhtml HTTP/1.1" 200 677
186.84.22.67 - - [24/Dec/2021:10:23:36 -0500] "GET /sipse/faces/javax.faces.resource/theme.css?ln=primefaces-sipse HTTP/1.1" 304 -
186.84.22.67 - - [24/Dec/2021:10:23:36 -0500] "GET /favicon.ico HTTP/1.1" 200 7782
186.30.30.67 - - [24/Dec/2021:10:23:36 -0500] "POST /sipse/faces/presentacion/financiero/solicitudProceso/listarSolicitudProceso.xhtml HTTP/1.1" 200 40835
186.30.30.67 - - [24/Dec/2021:10:23:37 -0500] "GET /sipse/faces/javax.faces.resource/primefaces.css?ln=primefaces&v=4.0 HTTP/1.1" 304 -
186.30.30.67 - - [24/Dec/2021:10:23:37 -0500] "GET /sipse/faces/javax.faces.resource/theme.css?ln=primefaces-sipse HTTP/1.1" 304 -
186.30.30.67 - - [24/Dec/2021:10:23:37 -0500] "GET /sipse/faces/javax.faces.resource/layout/layout.css?ln=primefaces&v=4.0 HTTP/1.1" 304 -
186.30.30.67 - - [24/Dec/2021:10:23:37 -0500] "GET /sipse/faces/javax.faces.resource/jquery/jquery.js?ln=primefaces&v=4.0 HTTP/1.1" 304 -
186.30.30.67 - - [24/Dec/2021:10:23:37 -0500] "GET /sipse/faces/javax.faces.resource/jquery/jquery-plugins.js?ln=primefaces&v=4.0 HTTP/1.1" 304 -
186.30.30.67 - - [24/Dec/2021:10:23:37 -0500] "GET /sipse/faces/javax.faces.resource/primefaces.js?ln=primefaces&v=4.0 HTTP/1.1" 304 -
186.30.30.67 - - [24/Dec/2021:10:23:37 -0500] "GET /sipse/faces/javax.faces.resource/layout/layout.js?ln=primefaces&v=4.0 HTTP/1.1" 304 -
186.30.30.67 - - [24/Dec/2021:10:23:37 -0500] "POST /sipse/faces/presentacion/financiero/solicitudProceso/consultar.xhtml HTTP/1.1" 200 34128
186.30.30.67 - - [24/Dec/2021:10:23:39 -0500] "POST /sipse/faces/presentacion/financiero/solicitudProceso/consultar.xhtml HTTP/1.1" 200 12794
173.231.60.194 - - [24/Dec/2021:10:23:40 -0500] "GET /BLA/resoluciones/index.php?dir=RESOLUCIONES%202006%2FRES%202006%201401-1450%2F&sort=size&order=desc HTTP/1.1" 200 12366
173.231.60.194 - - [24/Dec/2021:10:23:46 -0500] "GET /BLA/resoluciones/index.php?dir=RESOLUCIONES%202006%2FRES%202006%201451-1500%2F&sort=date&order=desc HTTP/1.1" 200 12369
190.27.245.107 - - [24/Dec/2021:10:23:48 -0500] "GET /sipse/ HTTP/1.1" 302 -
186.84.22.67 - - [24/Dec/2021:10:23:49 -0500] "GET /sipse/faces/autenticacion.xhtml HTTP/1.1" 200 12175
186.84.22.67 - - [24/Dec/2021:10:23:49 -0500] "GET /sipse/faces/javax.faces.resource/layout/layout.css?ln=primefaces&v=4.0 HTTP/1.1" 200 542
186.84.22.67 - - [24/Dec/2021:10:23:49 -0500] "GET /sipse/faces/javax.faces.resource/primefaces.css?ln=primefaces&v=4.0 HTTP/1.1" 200 53295
186.84.22.67 - - [24/Dec/2021:10:23:49 -0500] "GET /sipse/faces/javax.faces.resource/theme.css?ln=primefaces-sipse HTTP/1.1" 304 -
186.84.22.67 - - [24/Dec/2021:10:23:49 -0500] "GET /sipse/faces/javax.faces.resource/layout/layout.js?ln=primefaces&v=4.0 HTTP/1.1" 200 87560
186.84.22.67 - - [24/Dec/2021:10:23:49 -0500] "GET /sipse/faces/javax.faces.resource/jquery/jquery.js?ln=primefaces&v=4.0 HTTP/1.1" 200 105384
186.84.22.67 - - [24/Dec/2021:10:23:49 -0500] "GET /sipse/faces/javax.faces.resource/primefaces.js?ln=primefaces&v=4.0 HTTP/1.1" 200 276924
186.84.22.67 - - [24/Dec/2021:10:23:49 -0500] "GET /sipse/faces/javax.faces.resource/jquery/jquery-plugins.js?ln=primefaces&v=4.0 HTTP/1.1" 200 220526
186.84.22.67 - - [24/Dec/2021:10:23:50 -0500] "GET /sipse/faces/javax.faces.resource/images/ui-icons_898989_256x240.png?ln=primefaces-aristo HTTP/1.1" 304 -
186.84.22.67 - - [24/Dec/2021:10:23:51 -0500] "GET /sipse/faces/index.xhtml HTTP/1.1" 200 677
186.84.22.67 - - [24/Dec/2021:10:23:51 -0500] "GET /sipse/faces/javax.faces.resource/theme.css?ln=primefaces-sipse HTTP/1.1" 304 -
186.84.22.67 - - [24/Dec/2021:10:23:51 -0500] "GET /sipse/faces/faces/autenticacion.xhtml HTTP/1.1" 200 12175
186.84.22.67 - - [24/Dec/2021:10:23:52 -0500] "GET /sipse/faces/javax.faces.resource/theme.css?ln=primefaces-sipse HTTP/1.1" 304 -
186.84.22.67 - - [24/Dec/2021:10:23:52 -0500] "GET /sipse/faces/javax.faces.resource/primefaces.css?ln=primefaces&v=4.0 HTTP/1.1" 304 -
186.84.22.67 - - [24/Dec/2021:10:23:52 -0500] "GET /sipse/faces/javax.faces.resource/jquery/jquery.js?ln=primefaces&v=4.0 HTTP/1.1" 304 -
186.84.22.67 - - [24/Dec/2021:10:23:52 -0500] "GET /sipse/faces/javax.faces.resource/layout/layout.css?ln=primefaces&v=4.0 HTTP/1.1" 304 -
186.84.22.67 - - [24/Dec/2021:10:23:52 -0500] "GET /sipse/faces/javax.faces.resource/primefaces.js?ln=primefaces&v=4.0 HTTP/1.1" 304 -
186.84.22.67 - - [24/Dec/2021:10:23:52 -0500] "GET /sipse/faces/javax.faces.resource/jquery/jquery-plugins.js?ln=primefaces&v=4.0 HTTP/1.1" 304 -
186.84.22.67 - - [24/Dec/2021:10:23:52 -0500] "GET /sipse/faces/javax.faces.resource/layout/layout.js?ln=primefaces&v=4.0 HTTP/1.1" 304 -
186.30.30.67 - - [24/Dec/2021:10:23:52 -0500] "POST /sipse/faces/presentacion/financiero/solicitudProceso/consultar.xhtml HTTP/1.1" 200 12806
173.231.60.194 - - [24/Dec/2021:10:23:53 -0500] "GET /BLA/resoluciones/index.php?dir=RESOLUCIONES%202006%2FRES%202006%201451-1500%2F&sort=size&order=desc HTTP/1.1" 200 12369
186.102.24.192 - - [24/Dec/2021:10:23:56 -0500] "POST /sipse/faces/autenticacion.xhtml HTTP/1.1" 200 2246
173.231.60.194 - - [24/Dec/2021:10:24:02 -0500] "GET /BLA/resoluciones/index.php?dir=RESOLUCIONES%202006%2FRES%202006%201501-1550%2F&sort=date&order=desc HTTP/1.1" 200 12369
201.245.192.253 - - [24/Dec/2021:10:23:16 -0500] "POST /kwsrmcab/Wsrmcab HTTP/1.1" 200 45816
186.30.30.67 - - [24/Dec/2021:10:24:00 -0500] "POST /sipse/faces/presentacion/financiero/solicitudProceso/consultar.xhtml HTTP/1.1" 200 12991
186.84.22.67 - - [24/Dec/2021:10:24:06 -0500] "POST /sipse/faces/autenticacion.xhtml HTTP/1.1" 200 2219
186.84.22.67 - - [24/Dec/2021:10:24:06 -0500] "GET /sipse/faces/javax.faces.resource/messages/messages.png?ln=primefaces&v=4.0 HTTP/1.1" 200 27209
186.84.22.67 - - [24/Dec/2021:10:24:07 -0500] "GET /sipse/faces/javax.faces.resource/images/ui-icons_898989_256x240.png?ln=primefaces-aristo HTTP/1.1" 304 -
186.84.22.67 - - [24/Dec/2021:10:24:08 -0500] "POST /sipse/faces/autenticacion.xhtml HTTP/1.1" 200 16361
186.84.22.67 - - [24/Dec/2021:10:24:08 -0500] "GET /sipse/css/custom_css_sg_prime.css HTTP/1.1" 200 5201
186.84.22.67 - - [24/Dec/2021:10:24:08 -0500] "GET /sipse/faces/javax.faces.resource/layout/layout.css?ln=primefaces&v=4.0 HTTP/1.1" 304 -
186.84.22.67 - - [24/Dec/2021:10:24:08 -0500] "GET /sipse/faces/javax.faces.resource/primefaces.css?ln=primefaces&v=4.0 HTTP/1.1" 304 -
186.84.22.67 - - [24/Dec/2021:10:24:08 -0500] "GET /sipse/faces/javax.faces.resource/theme.css?ln=primefaces-sipse HTTP/1.1" 304 -
186.84.22.67 - - [24/Dec/2021:10:24:08 -0500] "GET /sipse/js/jquery.min.js HTTP/1.1" 200 85582
186.84.22.67 - - [24/Dec/2021:10:24:08 -0500] "GET /sipse/faces/javax.faces.resource/jquery/jquery.js?ln=primefaces&v=4.0 HTTP/1.1" 304 -
186.84.22.67 - - [24/Dec/2021:10:24:09 -0500] "GET /sipse/faces/javax.faces.resource/jquery/jquery-plugins.js?ln=primefaces&v=4.0 HTTP/1.1" 304 -
186.84.22.67 - - [24/Dec/2021:10:24:09 -0500] "GET /sipse/faces/javax.faces.resource/primefaces.js?ln=primefaces&v=4.0 HTTP/1.1" 304 -
186.84.22.67 - - [24/Dec/2021:10:24:09 -0500] "GET /sipse/faces/javax.faces.resource/layout/layout.js?ln=primefaces&v=4.0 HTTP/1.1" 304 -
186.84.22.67 - - [24/Dec/2021:10:24:09 -0500] "GET /sipse/css/imagen/contrasena.png HTTP/1.1" 404 383
186.84.22.67 - - [24/Dec/2021:10:24:09 -0500] "GET /sipse/imagenes/cargando.gif HTTP/1.1" 200 36959
186.84.22.67 - - [24/Dec/2021:10:24:09 -0500] "GET /sipse/imagenes/logoAplicacion.jpg HTTP/1.1" 200 155084
173.231.60.194 - - [24/Dec/2021:10:24:11 -0500] "GET /BLA/resoluciones/index.php?dir=RESOLUCIONES%202006%2FRES%202006%201501-1550%2F&sort=size&order=desc HTTP/1.1" 200 12369
173.231.60.194 - - [24/Dec/2021:10:24:17 -0500] "GET /BLA/resoluciones/index.php?dir=RESOLUCIONES%202006%2FRES%202006%201551-1600%2F&sort=date&order=desc HTTP/1.1" 200 12368
173.231.60.194 - - [24/Dec/2021:10:24:24 -0500] "GET /BLA/resoluciones/index.php?dir=RESOLUCIONES%202006%2FRES%202006%201551-1600%2F&sort=size&order=desc HTTP/1.1" 200 12368
186.30.30.67 - - [24/Dec/2021:10:24:14 -0500] "POST /sipse/faces/presentacion/financiero/solicitudProceso/consultar.xhtml HTTP/1.1" 200 12876
173.231.60.194 - - [24/Dec/2021:10:24:33 -0500] "GET /BLA/resoluciones/index.php?dir=RESOLUCIONES%202006%2FRES%202006%201601-1650%2F&sort=date&order=desc HTTP/1.1" 200 12365
173.231.60.194 - - [24/Dec/2021:10:24:41 -0500] "GET /BLA/resoluciones/index.php?dir=RESOLUCIONES%202006%2FRES%202006%201601-1650%2F&sort=size&order=desc HTTP/1.1" 200 12365
173.231.60.194 - - [24/Dec/2021:10:24:47 -0500] "GET /BLA/resoluciones/index.php?dir=RESOLUCIONES%202006%2FRES%202006%201651-1700%2F&sort=date&order=desc HTTP/1.1" 200 12353
201.245.192.253 - - [24/Dec/2021:10:24:05 -0500] "POST /kwsrmcab/Wsrmcab HTTP/1.1" 200 45530
173.231.60.194 - - [24/Dec/2021:10:24:53 -0500] "GET /BLA/resoluciones/index.php?dir=RESOLUCIONES%202006%2FRES%202006%201651-1700%2F&sort=size&order=desc HTTP/1.1" 200 12353
201.245.192.253 - - [24/Dec/2021:10:24:57 -0500] "POST /sipse/faces/presentacion/financiero/solicitudProceso/consultarSolicitudProceso.xhtml HTTP/1.1" 200 5492
201.245.192.253 - - [24/Dec/2021:10:24:57 -0500] "GET /reportes_sipse/sdg/ServletReporte?reporte=experienia_idoneidad&solicitud=15753&pfdrid_c=false HTTP/1.1" 200 183201
173.231.60.194 - - [24/Dec/2021:10:24:59 -0500] "GET /BLA/resoluciones/index.php?dir=RESOLUCIONES%202006%2FRES%202006%201701-1751%2F&sort=date&order=desc HTTP/1.1" 200 12368
