186.31.49.253 - - [26/Dec/2021:18:18:27 -0500] "GET /sipse/faces/javax.faces.resource/layout/layout.css?ln=primefaces&v=4.0 HTTP/1.1" 304 -
186.31.49.253 - - [26/Dec/2021:18:18:27 -0500] "GET /sipse/faces/javax.faces.resource/jquery/jquery.js?ln=primefaces&v=4.0 HTTP/1.1" 304 -
186.31.49.253 - - [26/Dec/2021:18:18:27 -0500] "GET /sipse/faces/javax.faces.resource/jquery/jquery-plugins.js?ln=primefaces&v=4.0 HTTP/1.1" 304 -
186.31.49.253 - - [26/Dec/2021:18:18:27 -0500] "GET /sipse/faces/javax.faces.resource/primefaces.js?ln=primefaces&v=4.0 HTTP/1.1" 304 -
186.31.49.253 - - [26/Dec/2021:18:18:27 -0500] "GET /sipse/faces/javax.faces.resource/layout/layout.js?ln=primefaces&v=4.0 HTTP/1.1" 304 -
186.31.49.253 - - [26/Dec/2021:18:18:27 -0500] "GET /reportes_sipse/sdg/ServletReporte?reporte=experienia_idoneidad&solicitud=17076&pfdrid_c=false HTTP/1.1" 200 123780
186.31.49.253 - - [26/Dec/2021:18:18:50 -0500] "POST /sipse/faces/presentacion/financiero/solicitudProceso/consultarSolicitudProceso.xhtml HTTP/1.1" 200 40721
186.31.49.253 - - [26/Dec/2021:18:18:51 -0500] "GET /sipse/faces/javax.faces.resource/theme.css?ln=primefaces-sipse HTTP/1.1" 304 -
186.31.49.253 - - [26/Dec/2021:18:18:51 -0500] "GET /sipse/faces/javax.faces.resource/primefaces.css?ln=primefaces&v=4.0 HTTP/1.1" 304 -
186.31.49.253 - - [26/Dec/2021:18:18:51 -0500] "GET /sipse/faces/javax.faces.resource/layout/layout.css?ln=primefaces&v=4.0 HTTP/1.1" 304 -
186.31.49.253 - - [26/Dec/2021:18:18:51 -0500] "GET /sipse/faces/javax.faces.resource/jquery/jquery.js?ln=primefaces&v=4.0 HTTP/1.1" 304 -
186.31.49.253 - - [26/Dec/2021:18:18:51 -0500] "GET /sipse/faces/javax.faces.resource/jquery/jquery-plugins.js?ln=primefaces&v=4.0 HTTP/1.1" 304 -
186.31.49.253 - - [26/Dec/2021:18:18:52 -0500] "GET /sipse/faces/javax.faces.resource/primefaces.js?ln=primefaces&v=4.0 HTTP/1.1" 304 -
186.31.49.253 - - [26/Dec/2021:18:18:52 -0500] "GET /sipse/faces/javax.faces.resource/layout/layout.js?ln=primefaces&v=4.0 HTTP/1.1" 304 -
186.31.49.253 - - [26/Dec/2021:18:18:52 -0500] "POST /sipse/faces/presentacion/financiero/solicitudProceso/listarSolicitudProceso.xhtml HTTP/1.1" 200 33972
186.31.49.253 - - [26/Dec/2021:18:18:53 -0500] "POST /sipse/faces/presentacion/financiero/solicitudProceso/listarSolicitudProceso.xhtml HTTP/1.1" 200 33972
186.31.49.253 - - [26/Dec/2021:18:18:53 -0500] "POST /sipse/faces/presentacion/financiero/solicitudProceso/listarSolicitudProceso.xhtml HTTP/1.1" 200 1376
186.31.49.253 - - [26/Dec/2021:18:18:54 -0500] "POST /sipse/faces/presentacion/financiero/solicitudProceso/listarSolicitudProceso.xhtml HTTP/1.1" 200 1376
186.31.49.253 - - [26/Dec/2021:18:18:54 -0500] "POST /sipse/faces/presentacion/financiero/solicitudProceso/listarSolicitudProceso.xhtml HTTP/1.1" 200 1376
186.31.49.253 - - [26/Dec/2021:18:19:02 -0500] "POST /sipse/faces/presentacion/financiero/solicitudProceso/listarSolicitudProceso.xhtml HTTP/1.1" 200 10033
186.31.49.253 - - [26/Dec/2021:18:19:16 -0500] "POST /sipse/faces/presentacion/financiero/solicitudProceso/listarSolicitudProceso.xhtml HTTP/1.1" 200 131541
186.31.49.253 - - [26/Dec/2021:18:19:17 -0500] "GET /sipse/faces/javax.faces.resource/theme.css?ln=primefaces-sipse HTTP/1.1" 304 -
186.31.49.253 - - [26/Dec/2021:18:19:17 -0500] "GET /sipse/faces/javax.faces.resource/layout/layout.css?ln=primefaces&v=4.0 HTTP/1.1" 304 -
186.31.49.253 - - [26/Dec/2021:18:19:17 -0500] "GET /sipse/faces/javax.faces.resource/primefaces.css?ln=primefaces&v=4.0 HTTP/1.1" 304 -
186.31.49.253 - - [26/Dec/2021:18:19:17 -0500] "GET /sipse/faces/javax.faces.resource/jquery/jquery.js?ln=primefaces&v=4.0 HTTP/1.1" 304 -
186.31.49.253 - - [26/Dec/2021:18:19:17 -0500] "GET /sipse/faces/javax.faces.resource/jquery/jquery-plugins.js?ln=primefaces&v=4.0 HTTP/1.1" 304 -
186.31.49.253 - - [26/Dec/2021:18:19:17 -0500] "GET /sipse/faces/javax.faces.resource/primefaces.js?ln=primefaces&v=4.0 HTTP/1.1" 304 -
186.31.49.253 - - [26/Dec/2021:18:19:17 -0500] "GET /sipse/faces/javax.faces.resource/layout/layout.js?ln=primefaces&v=4.0 HTTP/1.1" 304 -
186.31.49.253 - - [26/Dec/2021:18:19:18 -0500] "GET /reportes_sipse/sdg/ServletReporte?reporte=experienia_idoneidad&solicitud=17076&pfdrid_c=false HTTP/1.1" 200 123780
186.31.49.253 - - [26/Dec/2021:18:19:30 -0500] "POST /sipse/faces/presentacion/financiero/solicitudProceso/consultarSolicitudProceso.xhtml HTTP/1.1" 200 38319
186.31.49.253 - - [26/Dec/2021:18:19:31 -0500] "GET /sipse/faces/javax.faces.resource/theme.css?ln=primefaces-sipse HTTP/1.1" 304 -
186.31.49.253 - - [26/Dec/2021:18:19:31 -0500] "GET /sipse/faces/javax.faces.resource/primefaces.css?ln=primefaces&v=4.0 HTTP/1.1" 304 -
186.31.49.253 - - [26/Dec/2021:18:19:31 -0500] "GET /sipse/faces/javax.faces.resource/layout/layout.css?ln=primefaces&v=4.0 HTTP/1.1" 304 -
186.31.49.253 - - [26/Dec/2021:18:19:31 -0500] "GET /sipse/faces/javax.faces.resource/jquery/jquery.js?ln=primefaces&v=4.0 HTTP/1.1" 304 -
186.31.49.253 - - [26/Dec/2021:18:19:31 -0500] "GET /sipse/faces/javax.faces.resource/jquery/jquery-plugins.js?ln=primefaces&v=4.0 HTTP/1.1" 304 -
186.31.49.253 - - [26/Dec/2021:18:19:31 -0500] "GET /sipse/faces/javax.faces.resource/primefaces.js?ln=primefaces&v=4.0 HTTP/1.1" 304 -
186.31.49.253 - - [26/Dec/2021:18:19:32 -0500] "GET /sipse/faces/javax.faces.resource/layout/layout.js?ln=primefaces&v=4.0 HTTP/1.1" 304 -
40.77.167.55 - - [26/Dec/2021:18:19:36 -0500] "GET /bla/resoluciones/autos%202010/5409.pdf HTTP/1.1" 200 4674711
186.31.49.253 - - [26/Dec/2021:18:19:42 -0500] "POST /sipse/faces/presentacion/financiero/solicitudProceso/consultarHistorialSolProceso.xhtml HTTP/1.1" 200 40721
186.31.49.253 - - [26/Dec/2021:18:19:43 -0500] "GET /sipse/faces/javax.faces.resource/layout/layout.css?ln=primefaces&v=4.0 HTTP/1.1" 304 -
186.31.49.253 - - [26/Dec/2021:18:19:43 -0500] "GET /sipse/faces/javax.faces.resource/theme.css?ln=primefaces-sipse HTTP/1.1" 304 -
186.31.49.253 - - [26/Dec/2021:18:19:43 -0500] "GET /sipse/faces/javax.faces.resource/primefaces.css?ln=primefaces&v=4.0 HTTP/1.1" 304 -
186.31.49.253 - - [26/Dec/2021:18:19:43 -0500] "GET /sipse/faces/javax.faces.resource/jquery/jquery.js?ln=primefaces&v=4.0 HTTP/1.1" 304 -
186.31.49.253 - - [26/Dec/2021:18:19:43 -0500] "GET /sipse/faces/javax.faces.resource/jquery/jquery-plugins.js?ln=primefaces&v=4.0 HTTP/1.1" 304 -
186.31.49.253 - - [26/Dec/2021:18:19:43 -0500] "GET /sipse/faces/javax.faces.resource/primefaces.js?ln=primefaces&v=4.0 HTTP/1.1" 304 -
186.31.49.253 - - [26/Dec/2021:18:19:43 -0500] "GET /sipse/faces/javax.faces.resource/layout/layout.js?ln=primefaces&v=4.0 HTTP/1.1" 304 -
186.31.49.253 - - [26/Dec/2021:18:19:43 -0500] "POST /sipse/faces/presentacion/financiero/solicitudProceso/listarSolicitudProceso.xhtml HTTP/1.1" 200 1376
186.31.49.253 - - [26/Dec/2021:18:19:53 -0500] "POST /sipse/faces/presentacion/financiero/solicitudProceso/listarSolicitudProceso.xhtml HTTP/1.1" 200 34602
186.31.49.253 - - [26/Dec/2021:18:19:54 -0500] "POST /sipse/faces/presentacion/financiero/solicitudProceso/listarSolicitudProceso.xhtml HTTP/1.1" 200 34634
186.31.49.253 - - [26/Dec/2021:18:19:56 -0500] "POST /sipse/faces/presentacion/financiero/solicitudProceso/listarSolicitudProceso.xhtml HTTP/1.1" 200 34634
186.31.49.253 - - [26/Dec/2021:18:20:05 -0500] "POST /sipse/faces/presentacion/financiero/solicitudProceso/listarSolicitudProceso.xhtml HTTP/1.1" 200 35184
186.31.49.253 - - [26/Dec/2021:18:20:13 -0500] "POST /sipse/faces/presentacion/financiero/solicitudProceso/listarSolicitudProceso.xhtml HTTP/1.1" 200 295403
186.31.49.253 - - [26/Dec/2021:18:20:46 -0500] "POST /sipse/faces/presentacion/financiero/solicitudProceso/listarSolicitudProceso.xhtml HTTP/1.1" 200 237359
216.245.221.92 - - [26/Dec/2021:18:20:51 -0500] "HEAD / HTTP/1.1" 200 -
186.31.49.253 - - [26/Dec/2021:18:21:01 -0500] "POST /sipse/faces/presentacion/financiero/solicitudProceso/listarSolicitudProceso.xhtml HTTP/1.1" 200 295407
186.31.49.253 - - [26/Dec/2021:18:21:06 -0500] "POST /sipse/faces/presentacion/financiero/solicitudProceso/listarSolicitudProceso.xhtml HTTP/1.1" 200 237355
157.55.39.91 - - [26/Dec/2021:18:21:13 -0500] "GET /bla/resoluciones/autos%202010/2364.pdf HTTP/1.1" 200 311232
186.31.49.253 - - [26/Dec/2021:18:21:16 -0500] "POST /sipse/faces/presentacion/financiero/solicitudProceso/listarSolicitudProceso.xhtml HTTP/1.1" 200 88166
186.31.49.253 - - [26/Dec/2021:18:21:19 -0500] "POST /sipse/faces/presentacion/financiero/solicitudProceso/listarSolicitudProceso.xhtml HTTP/1.1" 200 18084
186.31.49.253 - - [26/Dec/2021:18:21:19 -0500] "POST /sipse/faces/presentacion/financiero/solicitudProceso/listarSolicitudProceso.xhtml HTTP/1.1" 200 18084
186.31.49.253 - - [26/Dec/2021:18:21:20 -0500] "POST /sipse/faces/presentacion/financiero/solicitudProceso/listarSolicitudProceso.xhtml HTTP/1.1" 200 9350
186.31.49.253 - - [26/Dec/2021:18:21:23 -0500] "POST /sipse/faces/presentacion/financiero/solicitudProceso/listarSolicitudProceso.xhtml HTTP/1.1" 200 88162
186.31.49.253 - - [26/Dec/2021:18:21:26 -0500] "POST /sipse/faces/presentacion/financiero/solicitudProceso/listarSolicitudProceso.xhtml HTTP/1.1" 200 295474
186.31.49.253 - - [26/Dec/2021:18:21:27 -0500] "POST /sipse/faces/presentacion/financiero/solicitudProceso/listarSolicitudProceso.xhtml HTTP/1.1" 200 295482
186.31.49.253 - - [26/Dec/2021:18:21:29 -0500] "POST /sipse/faces/presentacion/financiero/solicitudProceso/listarSolicitudProceso.xhtml HTTP/1.1" 200 295478
186.31.49.253 - - [26/Dec/2021:18:21:32 -0500] "POST /sipse/faces/presentacion/financiero/solicitudProceso/listarSolicitudProceso.xhtml HTTP/1.1" 200 73016
186.31.49.253 - - [26/Dec/2021:18:21:33 -0500] "POST /sipse/faces/presentacion/financiero/solicitudProceso/listarSolicitudProceso.xhtml HTTP/1.1" 200 15125
186.31.49.253 - - [26/Dec/2021:18:21:34 -0500] "POST /sipse/faces/presentacion/financiero/solicitudProceso/listarSolicitudProceso.xhtml HTTP/1.1" 200 15121
186.31.49.253 - - [26/Dec/2021:18:21:35 -0500] "POST /sipse/faces/presentacion/financiero/solicitudProceso/listarSolicitudProceso.xhtml HTTP/1.1" 200 9389
69.171.249.18 - - [26/Dec/2021:18:21:53 -0500] "GET /secretaria-de-ambiente-capacito-a-200-personas-privadas-de-la-libertad-en-la-carcel-la-modelo.html HTTP/1.1" 206 956
69.171.249.17 - - [26/Dec/2021:18:21:53 -0500] "GET /secretaria-de-ambiente-capacito-a-200-personas-privadas-de-la-libertad-en-la-carcel-la-modelo.html HTTP/1.1" 206 956
181.54.145.43 - - [26/Dec/2021:18:22:02 -0500] "GET /galeria/galeria/jquery.fancybox.css?v=2.1.5 HTTP/1.1" 200 4895
186.225.35.2 - - [26/Dec/2021:18:22:58 -0500] "GET / HTTP/1.1" 200 319
201.245.192.253 - - [26/Dec/2021:18:22:15 -0500] "POST /kwsrmcab/Wsrmcab HTTP/1.1" 200 115027
201.245.192.253 - - [26/Dec/2021:18:23:06 -0500] "POST /kwsrmcab/Wsrmcab HTTP/1.1" 200 46128
207.46.13.113 - - [26/Dec/2021:18:24:29 -0500] "GET /galeria/nivo-slider/themes/pascal/pascal.css HTTP/1.1" 200 2258
31.148.130.90 - - [26/Dec/2021:18:24:40 -0500] "GET /BLA/resoluciones/Notificaciones/AUTOS%202017/04500.pdf HTTP/1.1" 200 283631
201.245.192.253 - - [26/Dec/2021:18:23:55 -0500] "POST /kwsrmcab/Wsrmcab HTTP/1.1" 200 45528
216.245.221.92 - - [26/Dec/2021:18:25:51 -0500] "HEAD / HTTP/1.1" 200 -
201.245.192.253 - - [26/Dec/2021:18:26:12 -0500] "POST /kwsrmcab/Wsrmcab HTTP/1.1" 200 115027
157.55.39.91 - - [26/Dec/2021:18:27:53 -0500] "GET /bla/resoluciones/autos%202010/2796.pdf HTTP/1.1" 200 5840
216.245.221.92 - - [26/Dec/2021:18:30:51 -0500] "HEAD / HTTP/1.1" 200 -
201.245.192.253 - - [26/Dec/2021:18:31:51 -0500] "POST /kwsrmcab/Wsrmcab HTTP/1.1" 200 115027
190.27.245.107 - - [26/Dec/2021:18:33:35 -0500] "GET /sipse/ HTTP/1.1" 302 -
186.31.153.178 - - [26/Dec/2021:18:33:35 -0500] "GET /sipse/faces/autenticacion.xhtml HTTP/1.1" 200 12175
186.31.153.178 - - [26/Dec/2021:18:33:36 -0500] "GET /sipse/css/custom_css_sg.css HTTP/1.1" 200 9694
186.31.153.178 - - [26/Dec/2021:18:33:36 -0500] "GET /sipse/css/custom_css_sg_prime_login.css HTTP/1.1" 200 443
186.31.153.178 - - [26/Dec/2021:18:33:36 -0500] "GET /sipse/js/disable_browser_buttons.js HTTP/1.1" 200 3230
186.31.153.178 - - [26/Dec/2021:18:33:36 -0500] "GET /sipse/faces/javax.faces.resource/layout/layout.css?ln=primefaces&v=4.0 HTTP/1.1" 200 542
186.31.153.178 - - [26/Dec/2021:18:33:36 -0500] "GET /sipse/js/funciones.js HTTP/1.1" 200 12592
186.31.153.178 - - [26/Dec/2021:18:33:36 -0500] "GET /sipse/faces/javax.faces.resource/primefaces.css?ln=primefaces&v=4.0 HTTP/1.1" 200 53295
186.31.153.178 - - [26/Dec/2021:18:33:36 -0500] "GET /sipse/faces/javax.faces.resource/jquery/jquery.js?ln=primefaces&v=4.0 HTTP/1.1" 200 105384
186.31.153.178 - - [26/Dec/2021:18:33:36 -0500] "GET /sipse/faces/javax.faces.resource/theme.css?ln=primefaces-sipse HTTP/1.1" 200 50058
186.31.153.178 - - [26/Dec/2021:18:33:38 -0500] "GET /sipse/faces/javax.faces.resource/layout/layout.js?ln=primefaces&v=4.0 HTTP/1.1" 200 87560
186.31.153.178 - - [26/Dec/2021:18:33:37 -0500] "GET /sipse/faces/javax.faces.resource/jquery/jquery-plugins.js?ln=primefaces&v=4.0 HTTP/1.1" 200 220526
186.31.153.178 - - [26/Dec/2021:18:33:37 -0500] "GET /sipse/faces/javax.faces.resource/primefaces.js?ln=primefaces&v=4.0 HTTP/1.1" 200 276924
186.31.153.178 - - [26/Dec/2021:18:33:51 -0500] "GET /sipse/faces/javax.faces.resource/images/ui-icons_898989_256x240.png?ln=primefaces-aristo HTTP/1.1" 200 5355
186.31.153.178 - - [26/Dec/2021:18:33:51 -0500] "GET /sipse/css/imagen/logoSDG.png HTTP/1.1" 200 53064
186.31.153.178 - - [26/Dec/2021:18:33:51 -0500] "GET /sipse/css/imagen/loginimg.png HTTP/1.1" 200 71635
186.31.153.178 - - [26/Dec/2021:18:33:52 -0500] "GET /sipse/faces/index.xhtml HTTP/1.1" 200 677
186.31.153.178 - - [26/Dec/2021:18:33:52 -0500] "GET /sipse/faces/javax.faces.resource/theme.css?ln=primefaces-sipse HTTP/1.1" 304 -
201.245.192.253 - - [26/Dec/2021:18:33:05 -0500] "POST /kwsrmcab/Wsrmcab HTTP/1.1" 200 46128
186.31.153.178 - - [26/Dec/2021:18:33:53 -0500] "GET /sipse/faces/faces/autenticacion.xhtml HTTP/1.1" 200 12175
186.31.153.178 - - [26/Dec/2021:18:33:53 -0500] "GET /sipse/faces/javax.faces.resource/theme.css?ln=primefaces-sipse HTTP/1.1" 304 -
186.31.153.178 - - [26/Dec/2021:18:33:53 -0500] "GET /sipse/faces/javax.faces.resource/layout/layout.css?ln=primefaces&v=4.0 HTTP/1.1" 304 -
186.31.153.178 - - [26/Dec/2021:18:33:53 -0500] "GET /sipse/faces/javax.faces.resource/primefaces.css?ln=primefaces&v=4.0 HTTP/1.1" 304 -
186.31.153.178 - - [26/Dec/2021:18:33:54 -0500] "GET /sipse/faces/javax.faces.resource/layout/layout.js?ln=primefaces&v=4.0 HTTP/1.1" 304 -
186.31.153.178 - - [26/Dec/2021:18:33:54 -0500] "GET /sipse/faces/javax.faces.resource/primefaces.js?ln=primefaces&v=4.0 HTTP/1.1" 304 -
186.31.153.178 - - [26/Dec/2021:18:33:54 -0500] "GET /sipse/faces/javax.faces.resource/jquery/jquery-plugins.js?ln=primefaces&v=4.0 HTTP/1.1" 304 -
186.31.153.178 - - [26/Dec/2021:18:33:54 -0500] "GET /sipse/faces/javax.faces.resource/jquery/jquery.js?ln=primefaces&v=4.0 HTTP/1.1" 304 -
186.31.153.178 - - [26/Dec/2021:18:34:19 -0500] "POST /sipse/faces/autenticacion.xhtml HTTP/1.1" 200 2179
186.31.153.178 - - [26/Dec/2021:18:34:20 -0500] "GET /sipse/faces/javax.faces.resource/messages/messages.png?ln=primefaces&v=4.0 HTTP/1.1" 200 27209
201.245.192.253 - - [26/Dec/2021:18:33:53 -0500] "POST /kwsrmcab/Wsrmcab HTTP/1.1" 200 45528
186.102.14.92 - - [26/Dec/2021:18:34:57 -0500] "GET /en-esta-navidad-bogota-esta-mejorando-con-mas-espacios-verdes-para-el-disfrute-de-la-ciudadania.html HTTP/1.1" 200 1114
186.31.153.178 - - [26/Dec/2021:18:34:58 -0500] "POST /sipse/faces/autenticacion.xhtml HTTP/1.1" 200 2224
186.31.153.178 - - [26/Dec/2021:18:35:00 -0500] "GET /sipse/faces/javax.faces.resource/images/ui-icons_898989_256x240.png?ln=primefaces-aristo HTTP/1.1" 304 -
186.31.153.178 - - [26/Dec/2021:18:35:00 -0500] "POST /sipse/faces/autenticacion.xhtml HTTP/1.1" 200 16377
186.31.153.178 - - [26/Dec/2021:18:35:01 -0500] "GET /sipse/css/custom_css_sg_prime.css HTTP/1.1" 200 5201
186.31.153.178 - - [26/Dec/2021:18:35:01 -0500] "GET /sipse/faces/javax.faces.resource/theme.css?ln=primefaces-sipse HTTP/1.1" 304 -
186.31.153.178 - - [26/Dec/2021:18:35:01 -0500] "GET /sipse/faces/javax.faces.resource/primefaces.css?ln=primefaces&v=4.0 HTTP/1.1" 304 -
186.31.153.178 - - [26/Dec/2021:18:35:01 -0500] "GET /sipse/faces/javax.faces.resource/layout/layout.css?ln=primefaces&v=4.0 HTTP/1.1" 304 -
186.31.153.178 - - [26/Dec/2021:18:35:01 -0500] "GET /sipse/js/jquery.min.js HTTP/1.1" 200 85582
186.31.153.178 - - [26/Dec/2021:18:35:09 -0500] "GET /sipse/faces/javax.faces.resource/jquery/jquery.js?ln=primefaces&v=4.0 HTTP/1.1" 304 -
186.31.153.178 - - [26/Dec/2021:18:35:09 -0500] "GET /sipse/faces/javax.faces.resource/jquery/jquery-plugins.js?ln=primefaces&v=4.0 HTTP/1.1" 304 -
186.31.153.178 - - [26/Dec/2021:18:35:09 -0500] "GET /sipse/faces/javax.faces.resource/primefaces.js?ln=primefaces&v=4.0 HTTP/1.1" 304 -
186.31.153.178 - - [26/Dec/2021:18:35:10 -0500] "GET /sipse/faces/javax.faces.resource/layout/layout.js?ln=primefaces&v=4.0 HTTP/1.1" 304 -
186.31.153.178 - - [26/Dec/2021:18:35:10 -0500] "GET /sipse/css/imagen/contrasena.png HTTP/1.1" 404 383
186.31.153.178 - - [26/Dec/2021:18:35:10 -0500] "GET /sipse/imagenes/cargando.gif HTTP/1.1" 200 36959
186.31.153.178 - - [26/Dec/2021:18:35:13 -0500] "GET /sipse/faces/javax.faces.resource/images/ui-bg_flat_0_2d5972_40x100.png?ln=primefaces-aristo HTTP/1.1" 200 183
186.31.153.178 - - [26/Dec/2021:18:35:13 -0500] "POST /sipse/faces/bienvenido.xhtml HTTP/1.1" 200 2658
186.31.153.178 - - [26/Dec/2021:18:35:10 -0500] "GET /sipse/imagenes/logoAplicacion.jpg HTTP/1.1" 200 155084
186.31.153.178 - - [26/Dec/2021:18:35:17 -0500] "POST /sipse/faces/bienvenido.xhtml HTTP/1.1" 200 61603
186.31.153.178 - - [26/Dec/2021:18:35:19 -0500] "GET /sipse/faces/javax.faces.resource/theme.css?ln=primefaces-sipse HTTP/1.1" 304 -
186.31.153.178 - - [26/Dec/2021:18:35:20 -0500] "GET /sipse/faces/javax.faces.resource/primefaces.css?ln=primefaces&v=4.0 HTTP/1.1" 304 -
186.31.153.178 - - [26/Dec/2021:18:35:20 -0500] "GET /sipse/faces/javax.faces.resource/jquery/jquery.js?ln=primefaces&v=4.0 HTTP/1.1" 304 -
186.31.153.178 - - [26/Dec/2021:18:35:20 -0500] "GET /sipse/faces/javax.faces.resource/layout/layout.css?ln=primefaces&v=4.0 HTTP/1.1" 304 -
186.31.153.178 - - [26/Dec/2021:18:35:20 -0500] "GET /sipse/faces/javax.faces.resource/jquery/jquery-plugins.js?ln=primefaces&v=4.0 HTTP/1.1" 304 -
186.31.153.178 - - [26/Dec/2021:18:35:20 -0500] "GET /sipse/faces/javax.faces.resource/primefaces.js?ln=primefaces&v=4.0 HTTP/1.1" 304 -
186.31.153.178 - - [26/Dec/2021:18:35:20 -0500] "GET /sipse/faces/javax.faces.resource/layout/layout.js?ln=primefaces&v=4.0 HTTP/1.1" 304 -
186.31.153.178 - - [26/Dec/2021:18:35:21 -0500] "POST /sipse/faces/presentacion/financiero/solicitudProceso/listarSolicitudProceso.xhtml HTTP/1.1" 200 1448
186.31.153.178 - - [26/Dec/2021:18:35:26 -0500] "POST /sipse/faces/presentacion/financiero/solicitudProceso/listarSolicitudProceso.xhtml HTTP/1.1" 200 6562
216.245.221.92 - - [26/Dec/2021:18:35:51 -0500] "HEAD / HTTP/1.1" 200 -
157.55.39.91 - - [26/Dec/2021:18:36:23 -0500] "GET /bla/resoluciones/autos%202010/1412.pdf HTTP/1.1" 200 191987
201.245.192.253 - - [26/Dec/2021:18:36:05 -0500] "POST /kwsrmcab/Wsrmcab HTTP/1.1" 200 115027
66.249.75.111 - - [26/Dec/2021:18:38:54 -0500] "-" 408 -
181.61.208.83 - - [26/Dec/2021:18:40:15 -0500] "GET /galeria/galeria/jquery.fancybox.css?v=2.1.5 HTTP/1.1" 200 4895
216.245.221.92 - - [26/Dec/2021:18:40:51 -0500] "HEAD / HTTP/1.1" 200 -
201.245.192.253 - - [26/Dec/2021:18:42:08 -0500] "POST /kwsrmcab/Wsrmcab HTTP/1.1" 200 115027
201.245.192.253 - - [26/Dec/2021:18:43:05 -0500] "POST /kwsrmcab/Wsrmcab HTTP/1.1" 200 46128
201.245.192.253 - - [26/Dec/2021:18:43:54 -0500] "POST /kwsrmcab/Wsrmcab HTTP/1.1" 200 45528
216.245.221.92 - - [26/Dec/2021:18:45:51 -0500] "HEAD / HTTP/1.1" 200 -
170.78.40.163 - - [26/Dec/2021:18:46:31 -0500] "GET /galeria/galeria/jquery.fancybox.css?v=2.1.5 HTTP/1.1" 200 4895
207.46.13.52 - - [26/Dec/2021:18:46:47 -0500] "GET /bla/resoluciones/autos%202010/1151.pdf HTTP/1.1" 200 271561
201.245.192.253 - - [26/Dec/2021:18:46:11 -0500] "POST /kwsrmcab/Wsrmcab HTTP/1.1" 200 115027
157.55.39.91 - - [26/Dec/2021:18:47:04 -0500] "GET /bla/resoluciones/autos%202010/6407.pdf HTTP/1.1" 200 165360
34.147.69.175 - - [26/Dec/2021:18:48:38 -0500] "GET / HTTP/1.1" 200 319
66.249.75.109 - - [26/Dec/2021:18:49:20 -0500] "-" 408 -
179.15.173.25 - - [26/Dec/2021:18:49:50 -0500] "GET /galeria/galeria/jquery.fancybox.css?v=2.1.5 HTTP/1.1" 200 4895
216.245.221.92 - - [26/Dec/2021:18:50:51 -0500] "HEAD / HTTP/1.1" 200 -
201.245.192.253 - - [26/Dec/2021:18:52:14 -0500] "POST /kwsrmcab/Wsrmcab HTTP/1.1" 200 115027
216.245.221.92 - - [26/Dec/2021:18:55:51 -0500] "HEAD / HTTP/1.1" 200 -
157.55.39.91 - - [26/Dec/2021:18:56:15 -0500] "GET /bla/resoluciones/autos%202010/0857.pdf HTTP/1.1" 200 185963
201.245.192.253 - - [26/Dec/2021:18:56:11 -0500] "POST /kwsrmcab/Wsrmcab HTTP/1.1" 200 115027
40.77.167.55 - - [26/Dec/2021:18:59:19 -0500] "GET /BLA/resoluciones/index.php?dir=RESOLUCIONES+2021%2F HTTP/1.1" 200 209694
190.26.171.163 - - [26/Dec/2021:18:59:46 -0500] "GET /galeria/galeria/jquery.fancybox.css?v=2.1.5 HTTP/1.1" 200 4895
40.77.167.55 - - [26/Dec/2021:18:59:59 -0500] "GET /bla/resoluciones/autos%202010/1439.pdf HTTP/1.1" 200 165340
196.196.41.68 - - [26/Dec/2021:19:00:16 -0500] "GET / HTTP/1.1" 200 319
216.245.221.92 - - [26/Dec/2021:19:00:51 -0500] "HEAD / HTTP/1.1" 200 -
207.46.13.113 - - [26/Dec/2021:19:01:44 -0500] "GET /sipse/faces/faces/autenticacion.xhtml HTTP/1.1" 200 12497
201.245.192.253 - - [26/Dec/2021:19:02:11 -0500] "POST /kwsrmcab/Wsrmcab HTTP/1.1" 200 115027
207.46.13.88 - - [26/Dec/2021:19:03:47 -0500] "GET /bla/resoluciones/autos%202010/4495.pdf HTTP/1.1" 200 491587
40.77.167.55 - - [26/Dec/2021:19:04:09 -0500] "GET /galeria/galeria/fotos/Huemdal-Cordoba2G.jpg HTTP/1.1" 200 471832
216.245.221.92 - - [26/Dec/2021:19:05:51 -0500] "HEAD / HTTP/1.1" 200 -
201.245.192.253 - - [26/Dec/2021:19:06:30 -0500] "POST /kwsrmcab/Wsrmcab HTTP/1.1" 200 115004
207.46.13.88 - - [26/Dec/2021:19:08:56 -0500] "GET /bla/resoluciones/autos%202010/5287.pdf HTTP/1.1" 200 194855
216.245.221.92 - - [26/Dec/2021:19:10:51 -0500] "HEAD / HTTP/1.1" 200 -
179.14.116.114 - - [26/Dec/2021:19:11:03 -0500] "GET /galeria/galeria/jquery.fancybox.css?v=2.1.5 HTTP/1.1" 200 4895
157.230.216.203 - - [26/Dec/2021:19:12:18 -0500] "GET /ab2g HTTP/1.1" 400 946
157.230.216.203 - - [26/Dec/2021:19:12:18 -0500] "GET /ab2h HTTP/1.1" 400 946
201.245.192.253 - - [26/Dec/2021:19:12:14 -0500] "POST /kwsrmcab/Wsrmcab HTTP/1.1" 200 115004
40.77.167.55 - - [26/Dec/2021:19:14:21 -0500] "GET /BLA/resoluciones/RESOLUCIONES%202021/3229.pdf HTTP/1.1" 304 -
216.245.221.92 - - [26/Dec/2021:19:15:51 -0500] "HEAD / HTTP/1.1" 200 -
157.55.39.106 - - [26/Dec/2021:19:16:00 -0500] "GET /bla/resoluciones/resoluciones%202021/2907.pdf HTTP/1.1" 200 359981
201.245.192.253 - - [26/Dec/2021:19:16:13 -0500] "POST /kwsrmcab/Wsrmcab HTTP/1.1" 200 115004
40.77.167.55 - - [26/Dec/2021:19:18:21 -0500] "GET /bla/resoluciones/autos%202010/0839.pdf HTTP/1.1" 200 203717
190.119.249.228 - - [26/Dec/2021:19:19:30 -0500] "GET /BLA/boletinlegal/js/jquery.scrollShow.js HTTP/1.1" 304 -
216.245.221.92 - - [26/Dec/2021:19:20:51 -0500] "HEAD / HTTP/1.1" 200 -
201.245.192.253 - - [26/Dec/2021:19:22:20 -0500] "POST /kwsrmcab/Wsrmcab HTTP/1.1" 200 115004
201.245.192.253 - - [26/Dec/2021:19:23:05 -0500] "POST /kwsrmcab/Wsrmcab HTTP/1.1" 200 46098
201.245.192.253 - - [26/Dec/2021:19:23:56 -0500] "POST /kwsrmcab/Wsrmcab HTTP/1.1" 200 45505
216.245.221.92 - - [26/Dec/2021:19:25:51 -0500] "HEAD / HTTP/1.1" 200 -
181.154.62.150 - - [26/Dec/2021:19:25:53 -0500] "GET /appsia/controlador HTTP/1.1" 200 4799
181.154.62.150 - - [26/Dec/2021:19:25:53 -0500] "GET /appsia/css/estilos.css HTTP/1.1" 200 4804
181.154.62.150 - - [26/Dec/2021:19:25:53 -0500] "GET /appsia/scripts/validarIngreso.js HTTP/1.1" 200 851
181.154.62.150 - - [26/Dec/2021:19:25:54 -0500] "GET /appsia/images/logo_bogota_p.png HTTP/1.1" 200 14951
181.154.62.150 - - [26/Dec/2021:19:25:54 -0500] "GET /favicon.ico HTTP/1.1" 200 7782
181.154.62.150 - - [26/Dec/2021:19:25:54 -0500] "GET /appsia/images/cabezoteHojaVida.png HTTP/1.1" 200 32493
191.102.224.199 - - [26/Dec/2021:19:26:10 -0500] "GET /appsia/controlador HTTP/1.1" 200 4799
191.102.224.199 - - [26/Dec/2021:19:26:11 -0500] "GET /appsia/scripts/validarIngreso.js HTTP/1.1" 200 851
191.102.224.199 - - [26/Dec/2021:19:26:12 -0500] "GET /appsia/css/estilos.css HTTP/1.1" 200 4804
181.154.62.150 - - [26/Dec/2021:19:26:12 -0500] "POST /appsia/controlador HTTP/1.1" 200 4621
191.102.224.199 - - [26/Dec/2021:19:26:13 -0500] "GET /appsia/images/logo_bogota_p.png HTTP/1.1" 200 14951
191.102.224.199 - - [26/Dec/2021:19:26:12 -0500] "GET /appsia/images/cabezoteHojaVida.png HTTP/1.1" 200 32493
207.46.13.113 - - [26/Dec/2021:19:26:16 -0500] "GET /bla/resoluciones/autos%202010/0411.pdf HTTP/1.1" 200 200587
181.154.62.150 - - [26/Dec/2021:19:26:17 -0500] "POST /appsia/controlador HTTP/1.1" 200 17049
181.154.62.150 - - [26/Dec/2021:19:26:17 -0500] "GET /appsia/images/logo_escudo.png HTTP/1.1" 200 36965
201.245.192.253 - - [26/Dec/2021:19:26:11 -0500] "POST /kwsrmcab/Wsrmcab HTTP/1.1" 200 115004
192.241.214.22 - - [26/Dec/2021:19:27:43 -0500] "GET /manager/html HTTP/1.1" 404 1018
191.95.54.167 - - [26/Dec/2021:19:27:44 -0500] "GET /galeria/galeria/jquery.fancybox.css?v=2.1.5 HTTP/1.1" 200 4895
216.245.221.92 - - [26/Dec/2021:19:30:51 -0500] "HEAD / HTTP/1.1" 200 -
207.46.13.52 - - [26/Dec/2021:19:33:20 -0500] "GET /bla/resoluciones/autos%202010/5502.pdf HTTP/1.1" 200 209389
201.245.192.253 - - [26/Dec/2021:19:33:06 -0500] "POST /kwsrmcab/Wsrmcab HTTP/1.1" 200 46098
201.245.192.253 - - [26/Dec/2021:19:33:28 -0500] "POST /kwsrmcab/Wsrmcab HTTP/1.1" 200 115004
201.245.192.253 - - [26/Dec/2021:19:33:53 -0500] "POST /kwsrmcab/Wsrmcab HTTP/1.1" 200 45505
191.89.130.6 - - [26/Dec/2021:19:34:53 -0500] "GET /galeria/galeria/jquery.fancybox.css?v=2.1.5 HTTP/1.1" 200 4895
157.55.39.236 - - [26/Dec/2021:19:35:39 -0500] "GET /portaldeninos/agua-y-estructura-ecologica-principal HTTP/1.1" 301 -
216.245.221.92 - - [26/Dec/2021:19:35:51 -0500] "HEAD / HTTP/1.1" 200 -
40.77.167.55 - - [26/Dec/2021:19:37:13 -0500] "GET /bla/resoluciones/autos%202010/2420.pdf HTTP/1.1" 200 1456218
201.245.192.253 - - [26/Dec/2021:19:36:34 -0500] "POST /kwsrmcab/Wsrmcab HTTP/1.1" 200 115004
157.55.39.91 - - [26/Dec/2021:19:37:59 -0500] "GET /bla/resoluciones/autos%202010/6665.pdf HTTP/1.1" 200 130642
201.244.142.8 - - [26/Dec/2021:19:38:35 -0500] "GET /galeria/galeria/jquery.fancybox.css?v=2.1.5 HTTP/1.1" 200 4895
207.46.13.113 - - [26/Dec/2021:19:38:56 -0500] "GET /bla/resoluciones/resoluciones%202021/4063.pdf HTTP/1.1" 200 348776
207.46.13.113 - - [26/Dec/2021:19:40:47 -0500] "GET /bla/resoluciones/autos%202010/1052.pdf HTTP/1.1" 200 282251
216.245.221.92 - - [26/Dec/2021:19:40:51 -0500] "HEAD / HTTP/1.1" 200 -
201.245.192.253 - - [26/Dec/2021:19:42:28 -0500] "POST /kwsrmcab/Wsrmcab HTTP/1.1" 200 115004
186.80.248.149 - - [26/Dec/2021:19:43:19 -0500] "GET /en-esta-navidad-bogota-esta-mejorando-con-mas-espacios-verdes-para-el-disfrute-de-la-ciudadania.html HTTP/1.1" 200 1114
201.245.192.253 - - [26/Dec/2021:19:43:06 -0500] "POST /kwsrmcab/Wsrmcab HTTP/1.1" 200 46098
201.245.192.253 - - [26/Dec/2021:19:43:56 -0500] "POST /kwsrmcab/Wsrmcab HTTP/1.1" 200 45505
216.245.221.92 - - [26/Dec/2021:19:45:51 -0500] "HEAD / HTTP/1.1" 200 -
201.245.192.253 - - [26/Dec/2021:19:46:13 -0500] "POST /kwsrmcab/Wsrmcab HTTP/1.1" 200 115004
157.55.39.91 - - [26/Dec/2021:19:47:31 -0500] "GET /bla/resoluciones/autos%202010/3313.pdf HTTP/1.1" 200 1508105
207.46.13.52 - - [26/Dec/2021:19:47:41 -0500] "GET /bla/resoluciones/autos%202010/5578.pdf HTTP/1.1" 200 846516
216.245.221.92 - - [26/Dec/2021:19:50:51 -0500] "HEAD / HTTP/1.1" 200 -
34.90.126.33 - - [26/Dec/2021:19:50:53 -0500] "GET / HTTP/1.1" 200 319
201.245.192.253 - - [26/Dec/2021:19:52:25 -0500] "POST /kwsrmcab/Wsrmcab HTTP/1.1" 200 115004
201.191.195.234 - - [26/Dec/2021:19:53:24 -0500] "GET /galeria/galeria/jquery.fancybox.css?v=2.1.5 HTTP/1.1" 200 4895
191.95.58.128 - - [26/Dec/2021:19:53:30 -0500] "-" 408 -
191.95.58.128 - - [26/Dec/2021:19:53:30 -0500] "-" 408 -
216.245.221.92 - - [26/Dec/2021:19:55:51 -0500] "HEAD / HTTP/1.1" 200 -
154.16.49.23 - - [26/Dec/2021:19:56:39 -0500] "GET /wp-login.php HTTP/1.1" 404 1018
198.98.52.214 - - [26/Dec/2021:19:56:49 -0500] "GET http://us.vansto.net/verify.txt HTTP/1.1" 404 1017
201.245.192.253 - - [26/Dec/2021:19:56:12 -0500] "POST /kwsrmcab/Wsrmcab HTTP/1.1" 200 115004
173.252.87.17 - - [26/Dec/2021:19:57:30 -0500] "GET /images/imagen-comunicado-podcast.jpg HTTP/1.1" 200 39765
66.220.149.1 - - [26/Dec/2021:19:57:30 -0500] "GET /images/tik-tok-red-social%20secretaria-ambiente-30-octubre.jpg HTTP/1.1" 200 23521
66.220.149.19 - - [26/Dec/2021:19:57:30 -0500] "GET /images/POT%20ciudad%20bol%C3%ADvar-6%20octubre.jpg HTTP/1.1" 404 1034
31.13.127.112 - - [26/Dec/2021:19:57:30 -0500] "GET /images/SECRETARIA-AMBIENTE-FACHADA-5-NOV.jpg HTTP/1.1" 200 250889
186.144.234.173 - - [26/Dec/2021:19:57:31 -0500] "GET /BLA/resoluciones/ HTTP/1.1" 200 12684
186.144.234.173 - - [26/Dec/2021:19:57:34 -0500] "GET /BLA/resoluciones/index.php?dir=AUTOS+2020%2F HTTP/1.1" 200 315080
186.144.234.173 - - [26/Dec/2021:19:57:50 -0500] "GET /BLA/resoluciones/AUTOS%202020/3266.pdf HTTP/1.1" 200 405370
173.252.107.7 - - [26/Dec/2021:19:58:08 -0500] "GET /secretaria-de-ambiente-estrena-podcast-ambientalmente.html HTTP/1.1" 206 865
207.46.13.52 - - [26/Dec/2021:19:58:54 -0500] "GET /bla/resoluciones/autos%202010/6937.pdf HTTP/1.1" 200 307551
201.245.192.253 - - [26/Dec/2021:19:59:47 -0500] "GET /galeria/galeria/jquery.fancybox.js?v=2.1.5 HTTP/1.1" 200 48706
201.245.192.253 - - [26/Dec/2021:19:59:47 -0500] "GET /galeria/galeria/jquery.fancybox.css?v=2.1.5 HTTP/1.1" 200 4895
216.245.221.92 - - [26/Dec/2021:20:00:51 -0500] "HEAD / HTTP/1.1" 200 -
201.245.192.253 - - [26/Dec/2021:20:02:35 -0500] "POST /kwsrmcab/Wsrmcab HTTP/1.1" 200 115004
52.143.241.111 - - [26/Dec/2021:20:03:31 -0500] "GET /galeria/galeria/fotos/Huemdal-Cordoba3G.jpg HTTP/1.1" 200 445563
40.77.167.55 - - [26/Dec/2021:20:04:05 -0500] "GET /bla/resoluciones/autos%202010/1387.pdf HTTP/1.1" 200 239701
52.143.241.111 - - [26/Dec/2021:20:05:41 -0500] "GET /galeria/galeria/fotos/Huemdal-Cordoba2G.jpg HTTP/1.1" 200 471832
216.245.221.92 - - [26/Dec/2021:20:05:51 -0500] "HEAD / HTTP/1.1" 200 -
186.144.234.173 - - [26/Dec/2021:20:06:11 -0500] "GET /BLA/resoluciones/ HTTP/1.1" 200 12684
181.55.143.123 - - [26/Dec/2021:20:06:39 -0500] "GET /sipse/faces/index.xhtml HTTP/1.1" 200 677
181.55.143.123 - - [26/Dec/2021:20:06:40 -0500] "GET /sipse/faces/javax.faces.resource/theme.css?ln=primefaces-sipse HTTP/1.1" 304 -
181.55.143.123 - - [26/Dec/2021:20:06:40 -0500] "GET /sipse/faces/faces/autenticacion.xhtml HTTP/1.1" 200 12175
181.55.143.123 - - [26/Dec/2021:20:06:41 -0500] "GET /sipse/faces/javax.faces.resource/theme.css?ln=primefaces-sipse HTTP/1.1" 304 -
181.55.143.123 - - [26/Dec/2021:20:06:41 -0500] "GET /sipse/faces/javax.faces.resource/layout/layout.css?ln=primefaces&v=4.0 HTTP/1.1" 304 -
181.55.143.123 - - [26/Dec/2021:20:06:41 -0500] "GET /sipse/css/custom_css_sg_prime_login.css HTTP/1.1" 304 -
181.55.143.123 - - [26/Dec/2021:20:06:41 -0500] "GET /sipse/js/funciones.js HTTP/1.1" 304 -
181.55.143.123 - - [26/Dec/2021:20:06:41 -0500] "GET /sipse/faces/javax.faces.resource/jquery/jquery.js?ln=primefaces&v=4.0 HTTP/1.1" 304 -
181.55.143.123 - - [26/Dec/2021:20:06:41 -0500] "GET /sipse/faces/javax.faces.resource/layout/layout.js?ln=primefaces&v=4.0 HTTP/1.1" 304 -
181.55.143.123 - - [26/Dec/2021:20:06:41 -0500] "GET /sipse/css/custom_css_sg.css HTTP/1.1" 304 -
181.55.143.123 - - [26/Dec/2021:20:06:41 -0500] "GET /sipse/faces/javax.faces.resource/primefaces.js?ln=primefaces&v=4.0 HTTP/1.1" 304 -
181.55.143.123 - - [26/Dec/2021:20:06:41 -0500] "GET /sipse/faces/javax.faces.resource/jquery/jquery-plugins.js?ln=primefaces&v=4.0 HTTP/1.1" 304 -
181.55.143.123 - - [26/Dec/2021:20:06:41 -0500] "GET /sipse/js/disable_browser_buttons.js HTTP/1.1" 304 -
181.55.143.123 - - [26/Dec/2021:20:06:41 -0500] "GET /sipse/faces/javax.faces.resource/primefaces.css?ln=primefaces&v=4.0 HTTP/1.1" 304 -
181.55.143.123 - - [26/Dec/2021:20:06:41 -0500] "GET /sipse/css/imagen/logoSDG.png HTTP/1.1" 304 -
181.55.143.123 - - [26/Dec/2021:20:06:42 -0500] "GET /sipse/css/imagen/loginimg.png HTTP/1.1" 304 -
181.55.143.123 - - [26/Dec/2021:20:06:42 -0500] "GET /sipse/faces/javax.faces.resource/images/ui-icons_898989_256x240.png?ln=primefaces-aristo HTTP/1.1" 304 -
181.55.143.123 - - [26/Dec/2021:20:06:57 -0500] "POST /sipse/faces/autenticacion.xhtml HTTP/1.1" 200 2220
181.55.143.123 - - [26/Dec/2021:20:06:57 -0500] "GET /sipse/faces/javax.faces.resource/messages/messages.png?ln=primefaces&v=4.0 HTTP/1.1" 304 -
181.55.143.123 - - [26/Dec/2021:20:07:04 -0500] "POST /sipse/faces/autenticacion.xhtml HTTP/1.1" 200 16377
181.55.143.123 - - [26/Dec/2021:20:07:04 -0500] "GET /sipse/css/custom_css_sg_prime.css HTTP/1.1" 304 -
181.55.143.123 - - [26/Dec/2021:20:07:04 -0500] "GET /sipse/js/jquery.min.js HTTP/1.1" 304 -
181.55.143.123 - - [26/Dec/2021:20:07:04 -0500] "GET /sipse/faces/javax.faces.resource/theme.css?ln=primefaces-sipse HTTP/1.1" 304 -
181.55.143.123 - - [26/Dec/2021:20:07:04 -0500] "GET /sipse/faces/javax.faces.resource/layout/layout.css?ln=primefaces&v=4.0 HTTP/1.1" 304 -
181.55.143.123 - - [26/Dec/2021:20:07:04 -0500] "GET /sipse/faces/javax.faces.resource/primefaces.css?ln=primefaces&v=4.0 HTTP/1.1" 304 -
181.55.143.123 - - [26/Dec/2021:20:07:04 -0500] "GET /sipse/faces/javax.faces.resource/jquery/jquery.js?ln=primefaces&v=4.0 HTTP/1.1" 304 -
181.55.143.123 - - [26/Dec/2021:20:07:04 -0500] "GET /sipse/faces/javax.faces.resource/jquery/jquery-plugins.js?ln=primefaces&v=4.0 HTTP/1.1" 304 -
181.55.143.123 - - [26/Dec/2021:20:07:04 -0500] "GET /sipse/faces/javax.faces.resource/primefaces.js?ln=primefaces&v=4.0 HTTP/1.1" 304 -
181.55.143.123 - - [26/Dec/2021:20:07:04 -0500] "GET /sipse/faces/javax.faces.resource/layout/layout.js?ln=primefaces&v=4.0 HTTP/1.1" 304 -
181.55.143.123 - - [26/Dec/2021:20:07:04 -0500] "GET /sipse/imagenes/cargando.gif HTTP/1.1" 304 -
181.55.143.123 - - [26/Dec/2021:20:07:04 -0500] "GET /sipse/imagenes/logoAplicacion.jpg HTTP/1.1" 304 -
181.55.143.123 - - [26/Dec/2021:20:07:05 -0500] "GET /sipse/css/imagen/contrasena.png HTTP/1.1" 404 383
181.55.143.123 - - [26/Dec/2021:20:07:06 -0500] "GET /sipse/faces/javax.faces.resource/images/ui-bg_flat_0_2d5972_40x100.png?ln=primefaces-aristo HTTP/1.1" 304 -
181.55.143.123 - - [26/Dec/2021:20:07:06 -0500] "POST /sipse/faces/bienvenido.xhtml HTTP/1.1" 200 2658
181.55.143.123 - - [26/Dec/2021:20:07:08 -0500] "POST /sipse/faces/bienvenido.xhtml HTTP/1.1" 200 61603
181.55.143.123 - - [26/Dec/2021:20:07:09 -0500] "GET /sipse/faces/javax.faces.resource/layout/layout.css?ln=primefaces&v=4.0 HTTP/1.1" 304 -
181.55.143.123 - - [26/Dec/2021:20:07:09 -0500] "GET /sipse/faces/javax.faces.resource/theme.css?ln=primefaces-sipse HTTP/1.1" 304 -
181.55.143.123 - - [26/Dec/2021:20:07:09 -0500] "GET /sipse/faces/javax.faces.resource/primefaces.css?ln=primefaces&v=4.0 HTTP/1.1" 304 -
181.55.143.123 - - [26/Dec/2021:20:07:09 -0500] "GET /sipse/faces/javax.faces.resource/jquery/jquery.js?ln=primefaces&v=4.0 HTTP/1.1" 304 -
181.55.143.123 - - [26/Dec/2021:20:07:09 -0500] "GET /sipse/faces/javax.faces.resource/jquery/jquery-plugins.js?ln=primefaces&v=4.0 HTTP/1.1" 304 -
181.55.143.123 - - [26/Dec/2021:20:07:09 -0500] "GET /sipse/faces/javax.faces.resource/primefaces.js?ln=primefaces&v=4.0 HTTP/1.1" 304 -
181.55.143.123 - - [26/Dec/2021:20:07:09 -0500] "GET /sipse/faces/javax.faces.resource/layout/layout.js?ln=primefaces&v=4.0 HTTP/1.1" 304 -
181.55.143.123 - - [26/Dec/2021:20:07:09 -0500] "POST /sipse/faces/presentacion/financiero/solicitudProceso/listarSolicitudProceso.xhtml HTTP/1.1" 200 1448
186.144.234.173 - - [26/Dec/2021:20:07:24 -0500] "GET /BLA/resoluciones/ HTTP/1.1" 200 12684
186.144.234.173 - - [26/Dec/2021:20:07:26 -0500] "GET /BLA/resoluciones/index.php?dir=RESOLUCIONES+2021%2F HTTP/1.1" 200 209694
181.55.143.123 - - [26/Dec/2021:20:07:31 -0500] "POST /sipse/faces/presentacion/financiero/solicitudProceso/listarSolicitudProceso.xhtml HTTP/1.1" 200 35391
181.55.143.123 - - [26/Dec/2021:20:07:32 -0500] "POST /sipse/faces/presentacion/financiero/solicitudProceso/listarSolicitudProceso.xhtml HTTP/1.1" 200 35427
201.245.192.253 - - [26/Dec/2021:20:06:49 -0500] "POST /kwsrmcab/Wsrmcab HTTP/1.1" 200 114994
186.144.234.173 - - [26/Dec/2021:20:07:43 -0500] "GET /BLA/resoluciones/RESOLUCIONES%202021/3723.pdf HTTP/1.1" 200 570353
157.55.39.91 - - [26/Dec/2021:20:07:52 -0500] "GET /bla/resoluciones/autos%202010/1440.pdf HTTP/1.1" 200 165456
52.143.241.111 - - [26/Dec/2021:20:07:57 -0500] "GET /galeria/galeria/fotos/Huemdal-Cordoba1G.jpg HTTP/1.1" 200 379768
192.109.145.231 - - [26/Dec/2021:20:08:14 -0500] "GET /galeria/nivo-slider/demo/images/avances-sentencias-rio-bogota-2.jpg HTTP/1.1" 304 -
181.55.143.123 - - [26/Dec/2021:20:08:44 -0500] "POST /sipse/faces/presentacion/financiero/solicitudProceso/listarSolicitudProceso.xhtml HTTP/1.1" 200 9290
66.249.75.113 - - [26/Dec/2021:20:08:54 -0500] "-" 408 -
181.55.143.123 - - [26/Dec/2021:20:09:26 -0500] "POST /sipse/faces/presentacion/financiero/solicitudProceso/listarSolicitudProceso.xhtml HTTP/1.1" 200 131380
181.55.143.123 - - [26/Dec/2021:20:09:27 -0500] "GET /sipse/faces/javax.faces.resource/theme.css?ln=primefaces-sipse HTTP/1.1" 304 -
181.55.143.123 - - [26/Dec/2021:20:09:27 -0500] "GET /sipse/faces/javax.faces.resource/layout/layout.css?ln=primefaces&v=4.0 HTTP/1.1" 304 -
181.55.143.123 - - [26/Dec/2021:20:09:27 -0500] "GET /sipse/faces/javax.faces.resource/primefaces.css?ln=primefaces&v=4.0 HTTP/1.1" 304 -
181.55.143.123 - - [26/Dec/2021:20:09:27 -0500] "GET /sipse/faces/javax.faces.resource/jquery/jquery.js?ln=primefaces&v=4.0 HTTP/1.1" 304 -
181.55.143.123 - - [26/Dec/2021:20:09:27 -0500] "GET /sipse/faces/javax.faces.resource/jquery/jquery-plugins.js?ln=primefaces&v=4.0 HTTP/1.1" 304 -
181.55.143.123 - - [26/Dec/2021:20:09:27 -0500] "GET /sipse/faces/javax.faces.resource/primefaces.js?ln=primefaces&v=4.0 HTTP/1.1" 304 -
181.55.143.123 - - [26/Dec/2021:20:09:27 -0500] "GET /sipse/faces/javax.faces.resource/layout/layout.js?ln=primefaces&v=4.0 HTTP/1.1" 304 -
181.55.143.123 - - [26/Dec/2021:20:09:29 -0500] "GET /reportes_sipse/sdg/ServletReporte?reporte=experienia_idoneidad&solicitud=17076&pfdrid_c=false HTTP/1.1" 200 123780
181.55.143.123 - - [26/Dec/2021:20:09:35 -0500] "POST /sipse/faces/presentacion/financiero/solicitudProceso/consultarSolicitudProceso.xhtml HTTP/1.1" 200 37993
181.55.143.123 - - [26/Dec/2021:20:09:36 -0500] "GET /sipse/faces/javax.faces.resource/theme.css?ln=primefaces-sipse HTTP/1.1" 304 -
181.55.143.123 - - [26/Dec/2021:20:09:36 -0500] "GET /sipse/faces/javax.faces.resource/primefaces.css?ln=primefaces&v=4.0 HTTP/1.1" 304 -
181.55.143.123 - - [26/Dec/2021:20:09:36 -0500] "GET /sipse/faces/javax.faces.resource/jquery/jquery.js?ln=primefaces&v=4.0 HTTP/1.1" 304 -
181.55.143.123 - - [26/Dec/2021:20:09:36 -0500] "GET /sipse/faces/javax.faces.resource/jquery/jquery-plugins.js?ln=primefaces&v=4.0 HTTP/1.1" 304 -
181.55.143.123 - - [26/Dec/2021:20:09:36 -0500] "GET /sipse/faces/javax.faces.resource/primefaces.js?ln=primefaces&v=4.0 HTTP/1.1" 304 -
181.55.143.123 - - [26/Dec/2021:20:09:36 -0500] "GET /sipse/faces/javax.faces.resource/layout/layout.css?ln=primefaces&v=4.0 HTTP/1.1" 304 -
181.55.143.123 - - [26/Dec/2021:20:09:36 -0500] "GET /sipse/faces/javax.faces.resource/layout/layout.js?ln=primefaces&v=4.0 HTTP/1.1" 304 -
207.46.13.88 - - [26/Dec/2021:20:09:41 -0500] "GET /bla/resoluciones/autos%202010/0367.pdf HTTP/1.1" 200 210239
190.249.20.144 - - [26/Dec/2021:20:09:54 -0500] "GET /sipse/faces/presentacion/sistema/anexos/cargarAnexoSolicitudProceso.xhtml HTTP/1.1" 302 -
190.249.20.144 - - [26/Dec/2021:20:09:54 -0500] "GET /sipse/faces/autenticacion.xhtml HTTP/1.1" 200 12175
190.249.20.144 - - [26/Dec/2021:20:09:54 -0500] "GET /sipse/css/custom_css_sg.css HTTP/1.1" 304 -
190.249.20.144 - - [26/Dec/2021:20:09:54 -0500] "GET /sipse/css/custom_css_sg_prime_login.css HTTP/1.1" 304 -
190.249.20.144 - - [26/Dec/2021:20:09:54 -0500] "GET /sipse/js/disable_browser_buttons.js HTTP/1.1" 304 -
190.249.20.144 - - [26/Dec/2021:20:09:54 -0500] "GET /sipse/js/funciones.js HTTP/1.1" 304 -
190.249.20.144 - - [26/Dec/2021:20:09:54 -0500] "GET /sipse/faces/javax.faces.resource/primefaces.css?ln=primefaces&v=4.0 HTTP/1.1" 304 -
190.249.20.144 - - [26/Dec/2021:20:09:54 -0500] "GET /sipse/faces/javax.faces.resource/layout/layout.css?ln=primefaces&v=4.0 HTTP/1.1" 304 -
190.249.20.144 - - [26/Dec/2021:20:09:54 -0500] "GET /sipse/faces/javax.faces.resource/theme.css?ln=primefaces-sipse HTTP/1.1" 304 -
190.249.20.144 - - [26/Dec/2021:20:09:54 -0500] "GET /sipse/faces/javax.faces.resource/jquery/jquery.js?ln=primefaces&v=4.0 HTTP/1.1" 304 -
190.249.20.144 - - [26/Dec/2021:20:09:54 -0500] "GET /sipse/faces/javax.faces.resource/jquery/jquery-plugins.js?ln=primefaces&v=4.0 HTTP/1.1" 304 -
190.249.20.144 - - [26/Dec/2021:20:09:54 -0500] "GET /sipse/faces/javax.faces.resource/primefaces.js?ln=primefaces&v=4.0 HTTP/1.1" 304 -
190.249.20.144 - - [26/Dec/2021:20:09:54 -0500] "GET /sipse/faces/javax.faces.resource/layout/layout.js?ln=primefaces&v=4.0 HTTP/1.1" 304 -
190.249.20.144 - - [26/Dec/2021:20:09:54 -0500] "GET /sipse/css/imagen/logoSDG.png HTTP/1.1" 304 -
190.249.20.144 - - [26/Dec/2021:20:09:54 -0500] "GET /sipse/css/imagen/loginimg.png HTTP/1.1" 304 -
190.249.20.144 - - [26/Dec/2021:20:09:54 -0500] "GET /sipse/faces/javax.faces.resource/images/ui-icons_898989_256x240.png?ln=primefaces-aristo HTTP/1.1" 304 -
190.249.20.144 - - [26/Dec/2021:20:09:54 -0500] "GET /sipse/faces/index.xhtml HTTP/1.1" 200 677
190.249.20.144 - - [26/Dec/2021:20:09:54 -0500] "GET /sipse/faces/javax.faces.resource/theme.css?ln=primefaces-sipse HTTP/1.1" 304 -
190.249.20.144 - - [26/Dec/2021:20:09:54 -0500] "GET /sipse/faces/faces/autenticacion.xhtml HTTP/1.1" 200 12175
190.249.20.144 - - [26/Dec/2021:20:09:55 -0500] "GET /sipse/faces/javax.faces.resource/theme.css?ln=primefaces-sipse HTTP/1.1" 304 -
190.249.20.144 - - [26/Dec/2021:20:09:55 -0500] "GET /sipse/faces/javax.faces.resource/layout/layout.css?ln=primefaces&v=4.0 HTTP/1.1" 304 -
190.249.20.144 - - [26/Dec/2021:20:09:55 -0500] "GET /sipse/faces/javax.faces.resource/jquery/jquery.js?ln=primefaces&v=4.0 HTTP/1.1" 304 -
190.249.20.144 - - [26/Dec/2021:20:09:55 -0500] "GET /sipse/faces/javax.faces.resource/jquery/jquery-plugins.js?ln=primefaces&v=4.0 HTTP/1.1" 304 -
190.249.20.144 - - [26/Dec/2021:20:09:55 -0500] "GET /sipse/faces/javax.faces.resource/primefaces.js?ln=primefaces&v=4.0 HTTP/1.1" 304 -
190.249.20.144 - - [26/Dec/2021:20:09:55 -0500] "GET /sipse/faces/javax.faces.resource/layout/layout.js?ln=primefaces&v=4.0 HTTP/1.1" 304 -
190.249.20.144 - - [26/Dec/2021:20:09:55 -0500] "GET /sipse/faces/javax.faces.resource/primefaces.css?ln=primefaces&v=4.0 HTTP/1.1" 304 -
190.249.20.144 - - [26/Dec/2021:20:09:58 -0500] "POST /sipse/faces/autenticacion.xhtml HTTP/1.1" 200 2220
190.249.20.144 - - [26/Dec/2021:20:09:59 -0500] "GET /sipse/faces/javax.faces.resource/messages/messages.png?ln=primefaces&v=4.0 HTTP/1.1" 304 -
52.41.5.253 - - [26/Dec/2021:20:10:13 -0500] "GET / HTTP/1.1" 200 319
186.144.234.173 - - [26/Dec/2021:20:10:44 -0500] "GET /BLA/resoluciones/index.php?dir=RESOLUCIONES+2021%2F HTTP/1.1" 200 209694
190.249.20.144 - - [26/Dec/2021:20:10:49 -0500] "GET /sipse/faces/javax.faces.resource/images/ui-icons_898989_256x240.png?ln=primefaces-aristo HTTP/1.1" 304 -
190.249.20.144 - - [26/Dec/2021:20:10:50 -0500] "POST /sipse/faces/autenticacion.xhtml HTTP/1.1" 200 16375
190.249.20.144 - - [26/Dec/2021:20:10:50 -0500] "GET /sipse/css/custom_css_sg_prime.css HTTP/1.1" 304 -
190.249.20.144 - - [26/Dec/2021:20:10:50 -0500] "GET /sipse/faces/javax.faces.resource/theme.css?ln=primefaces-sipse HTTP/1.1" 304 -
190.249.20.144 - - [26/Dec/2021:20:10:50 -0500] "GET /sipse/faces/javax.faces.resource/layout/layout.css?ln=primefaces&v=4.0 HTTP/1.1" 304 -
190.249.20.144 - - [26/Dec/2021:20:10:50 -0500] "GET /sipse/faces/javax.faces.resource/primefaces.css?ln=primefaces&v=4.0 HTTP/1.1" 304 -
190.249.20.144 - - [26/Dec/2021:20:10:50 -0500] "GET /sipse/js/jquery.min.js HTTP/1.1" 304 -
190.249.20.144 - - [26/Dec/2021:20:10:50 -0500] "GET /sipse/faces/javax.faces.resource/jquery/jquery.js?ln=primefaces&v=4.0 HTTP/1.1" 304 -
190.249.20.144 - - [26/Dec/2021:20:10:50 -0500] "GET /sipse/faces/javax.faces.resource/jquery/jquery-plugins.js?ln=primefaces&v=4.0 HTTP/1.1" 304 -
190.249.20.144 - - [26/Dec/2021:20:10:50 -0500] "GET /sipse/faces/javax.faces.resource/primefaces.js?ln=primefaces&v=4.0 HTTP/1.1" 304 -
190.249.20.144 - - [26/Dec/2021:20:10:50 -0500] "GET /sipse/faces/javax.faces.resource/layout/layout.js?ln=primefaces&v=4.0 HTTP/1.1" 304 -
190.249.20.144 - - [26/Dec/2021:20:10:50 -0500] "GET /sipse/imagenes/cargando.gif HTTP/1.1" 304 -
190.249.20.144 - - [26/Dec/2021:20:10:50 -0500] "GET /sipse/imagenes/logoAplicacion.jpg HTTP/1.1" 304 -
190.249.20.144 - - [26/Dec/2021:20:10:50 -0500] "GET /sipse/css/imagen/contrasena.png HTTP/1.1" 404 383
216.245.221.92 - - [26/Dec/2021:20:10:51 -0500] "HEAD / HTTP/1.1" 200 -
186.144.234.173 - - [26/Dec/2021:20:11:00 -0500] "GET /BLA/resoluciones/RESOLUCIONES%202021/3722.pdf HTTP/1.1" 200 551760
186.148.168.245 - - [26/Dec/2021:20:11:05 -0500] "GET /sipse/faces/index.xhtml HTTP/1.1" 200 677
186.148.168.245 - - [26/Dec/2021:20:11:05 -0500] "GET /sipse/faces/javax.faces.resource/theme.css?ln=primefaces-sipse HTTP/1.1" 304 -
186.148.168.245 - - [26/Dec/2021:20:11:05 -0500] "GET /sipse/faces/faces/autenticacion.xhtml HTTP/1.1" 200 12175
186.148.168.245 - - [26/Dec/2021:20:11:06 -0500] "GET /sipse/css/custom_css_sg_prime_login.css HTTP/1.1" 304 -
186.148.168.245 - - [26/Dec/2021:20:11:06 -0500] "GET /sipse/css/custom_css_sg.css HTTP/1.1" 304 -
186.148.168.245 - - [26/Dec/2021:20:11:06 -0500] "GET /sipse/faces/javax.faces.resource/primefaces.css?ln=primefaces&v=4.0 HTTP/1.1" 304 -
186.148.168.245 - - [26/Dec/2021:20:11:06 -0500] "GET /sipse/faces/javax.faces.resource/theme.css?ln=primefaces-sipse HTTP/1.1" 304 -
186.148.168.245 - - [26/Dec/2021:20:11:06 -0500] "GET /sipse/js/funciones.js HTTP/1.1" 304 -
186.148.168.245 - - [26/Dec/2021:20:11:06 -0500] "GET /sipse/js/disable_browser_buttons.js HTTP/1.1" 304 -
186.148.168.245 - - [26/Dec/2021:20:11:06 -0500] "GET /sipse/faces/javax.faces.resource/layout/layout.css?ln=primefaces&v=4.0 HTTP/1.1" 304 -
186.148.168.245 - - [26/Dec/2021:20:11:06 -0500] "GET /sipse/faces/javax.faces.resource/jquery/jquery-plugins.js?ln=primefaces&v=4.0 HTTP/1.1" 304 -
186.148.168.245 - - [26/Dec/2021:20:11:06 -0500] "GET /sipse/faces/javax.faces.resource/primefaces.js?ln=primefaces&v=4.0 HTTP/1.1" 304 -
186.148.168.245 - - [26/Dec/2021:20:11:06 -0500] "GET /sipse/faces/javax.faces.resource/jquery/jquery.js?ln=primefaces&v=4.0 HTTP/1.1" 304 -
186.148.168.245 - - [26/Dec/2021:20:11:06 -0500] "GET /sipse/faces/javax.faces.resource/layout/layout.js?ln=primefaces&v=4.0 HTTP/1.1" 304 -
186.148.168.245 - - [26/Dec/2021:20:11:06 -0500] "GET /sipse/css/imagen/logoSDG.png HTTP/1.1" 304 -
186.148.168.245 - - [26/Dec/2021:20:11:06 -0500] "GET /sipse/css/imagen/loginimg.png HTTP/1.1" 304 -
186.148.168.245 - - [26/Dec/2021:20:11:06 -0500] "GET /sipse/faces/javax.faces.resource/images/ui-icons_898989_256x240.png?ln=primefaces-aristo HTTP/1.1" 304 -
186.148.168.245 - - [26/Dec/2021:20:11:10 -0500] "POST /sipse/faces/autenticacion.xhtml HTTP/1.1" 200 11999
186.148.168.245 - - [26/Dec/2021:20:11:10 -0500] "GET /sipse/css/custom_css_sg_prime.css HTTP/1.1" 304 -
186.148.168.245 - - [26/Dec/2021:20:11:10 -0500] "GET /sipse/faces/javax.faces.resource/primefaces.css?ln=primefaces&v=4.0 HTTP/1.1" 304 -
186.148.168.245 - - [26/Dec/2021:20:11:10 -0500] "GET /sipse/faces/javax.faces.resource/theme.css?ln=primefaces-sipse HTTP/1.1" 304 -
186.148.168.245 - - [26/Dec/2021:20:11:10 -0500] "GET /sipse/faces/javax.faces.resource/jquery/jquery.js?ln=primefaces&v=4.0 HTTP/1.1" 304 -
186.148.168.245 - - [26/Dec/2021:20:11:10 -0500] "GET /sipse/faces/javax.faces.resource/layout/layout.css?ln=primefaces&v=4.0 HTTP/1.1" 304 -
186.148.168.245 - - [26/Dec/2021:20:11:10 -0500] "GET /sipse/faces/javax.faces.resource/jquery/jquery-plugins.js?ln=primefaces&v=4.0 HTTP/1.1" 304 -
186.148.168.245 - - [26/Dec/2021:20:11:11 -0500] "GET /sipse/faces/javax.faces.resource/primefaces.js?ln=primefaces&v=4.0 HTTP/1.1" 304 -
186.148.168.245 - - [26/Dec/2021:20:11:11 -0500] "GET /sipse/faces/javax.faces.resource/layout/layout.js?ln=primefaces&v=4.0 HTTP/1.1" 304 -
186.148.168.245 - - [26/Dec/2021:20:11:11 -0500] "GET /sipse/faces/javax.faces.resource/messages/messages.png?ln=primefaces&v=4.0 HTTP/1.1" 304 -
186.148.168.245 - - [26/Dec/2021:20:11:16 -0500] "POST /sipse/faces/presentacion/sistema/seguridad/seleccionRol.xhtml HTTP/1.1" 200 6364
186.148.168.245 - - [26/Dec/2021:20:11:18 -0500] "POST /sipse/faces/presentacion/sistema/seguridad/seleccionRol.xhtml HTTP/1.1" 200 17583
186.148.168.245 - - [26/Dec/2021:20:11:20 -0500] "GET /sipse/faces/javax.faces.resource/theme.css?ln=primefaces-sipse HTTP/1.1" 304 -
186.148.168.245 - - [26/Dec/2021:20:11:20 -0500] "GET /sipse/js/jquery.min.js HTTP/1.1" 304 -
186.148.168.245 - - [26/Dec/2021:20:11:20 -0500] "GET /sipse/faces/javax.faces.resource/primefaces.css?ln=primefaces&v=4.0 HTTP/1.1" 304 -
186.148.168.245 - - [26/Dec/2021:20:11:20 -0500] "GET /sipse/faces/javax.faces.resource/layout/layout.css?ln=primefaces&v=4.0 HTTP/1.1" 304 -
