157.55.39.91 - - [26/Dec/2021:05:31:30 -0500] "GET /sipse/faces/autenticacion.xhtml HTTP/1.1" 200 12175
66.249.79.236 - - [26/Dec/2021:05:32:26 -0500] "-" 408 -
201.245.192.253 - - [26/Dec/2021:05:32:32 -0500] "POST /kwsrmcab/Wsrmcab HTTP/1.1" 200 113894
201.245.192.253 - - [26/Dec/2021:05:33:08 -0500] "POST /kwsrmcab/Wsrmcab HTTP/1.1" 200 45327
201.245.192.253 - - [26/Dec/2021:05:33:56 -0500] "POST /kwsrmcab/Wsrmcab HTTP/1.1" 200 44881
216.245.221.92 - - [26/Dec/2021:05:35:53 -0500] "HEAD / HTTP/1.1" 200 -
40.77.167.55 - - [26/Dec/2021:05:36:44 -0500] "GET /bla/resoluciones/autos%202010/6708.pdf HTTP/1.1" 200 189284
201.245.192.253 - - [26/Dec/2021:05:36:35 -0500] "POST /kwsrmcab/Wsrmcab HTTP/1.1" 200 113894
40.77.167.55 - - [26/Dec/2021:05:38:34 -0500] "GET /bla/resoluciones/autos%202010/0180.pdf HTTP/1.1" 200 352266
216.245.221.92 - - [26/Dec/2021:05:40:53 -0500] "HEAD / HTTP/1.1" 200 -
157.55.39.91 - - [26/Dec/2021:05:41:41 -0500] "GET /bla/resoluciones/autos%202010/0130.pdf HTTP/1.1" 200 195023
60.191.125.35 - - [26/Dec/2021:05:41:48 -0500] "HEAD http://112.124.42.80:63435/ HTTP/1.1" 200 -
201.245.192.253 - - [26/Dec/2021:05:42:29 -0500] "POST /kwsrmcab/Wsrmcab HTTP/1.1" 200 113894
201.245.192.253 - - [26/Dec/2021:05:43:07 -0500] "POST /kwsrmcab/Wsrmcab HTTP/1.1" 200 45327
201.245.192.253 - - [26/Dec/2021:05:43:57 -0500] "POST /kwsrmcab/Wsrmcab HTTP/1.1" 200 44881
216.245.221.92 - - [26/Dec/2021:05:45:53 -0500] "HEAD / HTTP/1.1" 200 -
207.46.13.52 - - [26/Dec/2021:05:46:22 -0500] "GET /bla/boletinlegal/normativa.php/niceforms.js HTTP/1.1" 200 8258
104.199.70.88 - - [26/Dec/2021:05:46:46 -0500] "GET /se-amplia-convocatoria-de-sembradoras-por-la-reactivaccion-para-que-20-organizaciones-ambientales-contraten-a-mas-de-mil-mujeres.html HTTP/1.1" 200 1100
186.33.86.160 - - [26/Dec/2021:05:47:03 -0500] "GET / HTTP/1.1" 200 319
186.33.86.160 - - [26/Dec/2021:05:47:03 -0500] "GET / HTTP/1.1" 200 319
173.252.107.12 - - [26/Dec/2021:05:47:53 -0500] "GET /cuco-americano-otra-ave-que-esta-en-epoca-de-migracion.html HTTP/1.1" 206 914
173.252.107.1 - - [26/Dec/2021:05:47:53 -0500] "GET /cuco-americano-otra-ave-que-esta-en-epoca-de-migracion.html HTTP/1.1" 206 914
216.245.221.92 - - [26/Dec/2021:05:50:53 -0500] "HEAD / HTTP/1.1" 200 -
201.245.192.253 - - [26/Dec/2021:05:50:58 -0500] "POST /kwsrmcab/Wsrmcab HTTP/1.1" 200 113894
207.46.13.113 - - [26/Dec/2021:05:51:59 -0500] "GET /bla/resoluciones/autos%202010/6589.pdf HTTP/1.1" 200 1979096
207.46.13.88 - - [26/Dec/2021:05:54:22 -0500] "GET /bla/resoluciones/autos%202010/5451.pdf HTTP/1.1" 200 253327
216.245.221.92 - - [26/Dec/2021:05:55:53 -0500] "HEAD / HTTP/1.1" 200 -
201.245.192.253 - - [26/Dec/2021:05:56:22 -0500] "POST /kwsrmcab/Wsrmcab HTTP/1.1" 200 113894
207.46.13.88 - - [26/Dec/2021:05:58:21 -0500] "GET /bla/resoluciones/resoluciones%202021/2626.pdf HTTP/1.1" 200 464609
207.46.13.88 - - [26/Dec/2021:06:00:43 -0500] "GET /bla/resoluciones/autos%202010/5216.pdf HTTP/1.1" 200 161169
216.245.221.92 - - [26/Dec/2021:06:00:53 -0500] "HEAD / HTTP/1.1" 200 -
201.245.192.253 - - [26/Dec/2021:06:02:28 -0500] "POST /kwsrmcab/Wsrmcab HTTP/1.1" 200 113894
207.46.13.113 - - [26/Dec/2021:06:04:31 -0500] "GET /bla/resoluciones/autos%202010/5478.pdf HTTP/1.1" 200 237973
216.245.221.92 - - [26/Dec/2021:06:05:53 -0500] "HEAD / HTTP/1.1" 200 -
157.55.39.106 - - [26/Dec/2021:06:06:07 -0500] "GET /bla/resoluciones/autos%202010/5471.pdf HTTP/1.1" 200 200754
207.46.13.88 - - [26/Dec/2021:06:06:22 -0500] "GET /BLA/resoluciones/RESOLUCIONES%202021/1153.pdf HTTP/1.1" 200 428870
207.46.13.88 - - [26/Dec/2021:06:06:33 -0500] "GET /bla/resoluciones/autos%202021/0104.pdf HTTP/1.1" 200 386423
201.245.192.253 - - [26/Dec/2021:06:06:55 -0500] "POST /kwsrmcab/Wsrmcab HTTP/1.1" 200 113917
207.46.13.88 - - [26/Dec/2021:06:08:23 -0500] "GET /bla/resoluciones/resoluciones%202021/2626.pdf HTTP/1.1" 200 464609
207.46.13.88 - - [26/Dec/2021:06:09:03 -0500] "GET /bla/resoluciones/autos%202010/5216.pdf HTTP/1.1" 200 161169
34.91.162.163 - - [26/Dec/2021:06:10:32 -0500] "GET / HTTP/1.1" 200 319
216.245.221.92 - - [26/Dec/2021:06:10:53 -0500] "HEAD / HTTP/1.1" 200 -
207.46.13.88 - - [26/Dec/2021:06:11:03 -0500] "GET /bla/resoluciones/autos%202010/0061.pdf HTTP/1.1" 200 190767
207.46.13.113 - - [26/Dec/2021:06:13:03 -0500] "GET /bla/resoluciones/autos%202010/5478.pdf HTTP/1.1" 200 237973
201.245.192.253 - - [26/Dec/2021:06:12:30 -0500] "POST /kwsrmcab/Wsrmcab HTTP/1.1" 200 113917
157.55.39.106 - - [26/Dec/2021:06:14:57 -0500] "GET /bla/resoluciones/autos%202010/5471.pdf HTTP/1.1" 200 200754
216.245.221.92 - - [26/Dec/2021:06:15:53 -0500] "HEAD / HTTP/1.1" 200 -
205.185.124.100 - - [26/Dec/2021:06:16:36 -0500] "POST /boaform/admin/formLogin HTTP/1.1" 404 1186
207.46.13.108 - - [26/Dec/2021:06:16:56 -0500] "GET /portaldeninos/wp-content/uploads/2019/09/Pino-Romer%C3%B3n-%C3%A1rboles.jpg HTTP/1.1" 200 414717
201.245.192.253 - - [26/Dec/2021:06:16:13 -0500] "POST /kwsrmcab/Wsrmcab HTTP/1.1" 200 113917
216.245.221.92 - - [26/Dec/2021:06:20:53 -0500] "HEAD / HTTP/1.1" 200 -
157.55.39.91 - - [26/Dec/2021:06:22:25 -0500] "GET /bla/resoluciones/autos%202010/1445.pdf HTTP/1.1" 200 170132
40.77.167.55 - - [26/Dec/2021:06:22:29 -0500] "GET /bla/resoluciones/autos%202010/4463.pdf HTTP/1.1" 200 438151
201.245.192.253 - - [26/Dec/2021:06:22:19 -0500] "POST /kwsrmcab/Wsrmcab HTTP/1.1" 200 113917
207.46.13.113 - - [26/Dec/2021:06:23:52 -0500] "GET /galeria/mapa/3MapaBogot%C3%A1.jpg HTTP/1.1" 200 688183
201.245.192.253 - - [26/Dec/2021:06:23:08 -0500] "POST /kwsrmcab/Wsrmcab HTTP/1.1" 200 45356
201.245.192.253 - - [26/Dec/2021:06:23:57 -0500] "POST /kwsrmcab/Wsrmcab HTTP/1.1" 200 44904
216.245.221.92 - - [26/Dec/2021:06:25:53 -0500] "HEAD / HTTP/1.1" 200 -
201.245.192.253 - - [26/Dec/2021:06:26:13 -0500] "POST /kwsrmcab/Wsrmcab HTTP/1.1" 200 113917
198.98.49.124 - - [26/Dec/2021:06:30:24 -0500] "GET / HTTP/1.1" 200 319
106.75.172.167 - - [26/Dec/2021:06:30:27 -0500] "GET / HTTP/1.1" 200 319
106.75.172.167 - - [26/Dec/2021:06:30:28 -0500] "GET /favicon.ico HTTP/1.1" 200 7782
216.245.221.92 - - [26/Dec/2021:06:30:53 -0500] "HEAD / HTTP/1.1" 200 -
157.55.39.91 - - [26/Dec/2021:06:31:46 -0500] "GET /bla/resoluciones/autos%202010/3461.pdf HTTP/1.1" 200 419491
157.55.39.91 - - [26/Dec/2021:06:32:26 -0500] "GET /bla/resoluciones/autos%202010/5570.pdf HTTP/1.1" 200 146856
201.245.192.253 - - [26/Dec/2021:06:33:08 -0500] "POST /kwsrmcab/Wsrmcab HTTP/1.1" 200 45356
207.46.13.232 - - [26/Dec/2021:06:34:01 -0500] "-" 408 -
201.245.192.253 - - [26/Dec/2021:06:33:16 -0500] "POST /kwsrmcab/Wsrmcab HTTP/1.1" 200 113917
201.245.192.253 - - [26/Dec/2021:06:33:57 -0500] "POST /kwsrmcab/Wsrmcab HTTP/1.1" 200 44904
216.245.221.92 - - [26/Dec/2021:06:35:53 -0500] "HEAD / HTTP/1.1" 200 -
201.245.192.253 - - [26/Dec/2021:06:36:34 -0500] "POST /kwsrmcab/Wsrmcab HTTP/1.1" 200 113917
216.245.221.92 - - [26/Dec/2021:06:40:53 -0500] "HEAD / HTTP/1.1" 200 -
23.100.232.233 - - [26/Dec/2021:06:41:23 -0500] "GET /bla/resoluciones/resoluciones%202021/1960.pdf HTTP/1.1" 200 374412
207.46.13.113 - - [26/Dec/2021:06:41:54 -0500] "GET /bla/resoluciones/autos%202010/5246.pdf HTTP/1.1" 200 248769
201.245.192.253 - - [26/Dec/2021:06:42:20 -0500] "POST /kwsrmcab/Wsrmcab HTTP/1.1" 200 113917
201.245.192.253 - - [26/Dec/2021:06:43:07 -0500] "POST /kwsrmcab/Wsrmcab HTTP/1.1" 200 45356
40.77.167.61 - - [26/Dec/2021:06:44:00 -0500] "GET /secretaria-de-ambiente-carolina-urrutia-acompana-a-la-alcaldesa-de-bogota-en-la-cop26.html HTTP/1.1" 200 936
201.245.192.253 - - [26/Dec/2021:06:43:57 -0500] "POST /kwsrmcab/Wsrmcab HTTP/1.1" 200 44904
216.245.221.92 - - [26/Dec/2021:06:45:53 -0500] "HEAD / HTTP/1.1" 200 -
201.245.192.253 - - [26/Dec/2021:06:45:07 -0500] "POST /kwsrmcab/Wsrmcab HTTP/1.1" 200 113917
40.77.167.55 - - [26/Dec/2021:06:46:00 -0500] "GET /bla/resoluciones/autos%202010/0189.pdf HTTP/1.1" 200 266465
207.46.13.113 - - [26/Dec/2021:06:47:46 -0500] "GET /bla/resoluciones/autos%202010/3796.pdf HTTP/1.1" 200 1251296
186.169.193.157 - - [26/Dec/2021:06:50:43 -0500] "GET /galeria/galeria/jquery.fancybox.css?v=2.1.5 HTTP/1.1" 200 4895
216.245.221.92 - - [26/Dec/2021:06:50:53 -0500] "HEAD / HTTP/1.1" 200 -
157.55.39.91 - - [26/Dec/2021:06:51:28 -0500] "GET /bla/resoluciones/autos%202010/4854.pdf HTTP/1.1" 200 252871
66.249.79.238 - - [26/Dec/2021:06:52:58 -0500] "-" 408 -
201.245.192.253 - - [26/Dec/2021:06:53:17 -0500] "POST /kwsrmcab/Wsrmcab HTTP/1.1" 200 113917
216.245.221.92 - - [26/Dec/2021:06:55:53 -0500] "HEAD / HTTP/1.1" 200 -
201.245.192.253 - - [26/Dec/2021:06:56:09 -0500] "POST /kwsrmcab/Wsrmcab HTTP/1.1" 200 113917
157.55.39.91 - - [26/Dec/2021:06:59:08 -0500] "GET /bla/resoluciones/autos%202010/1871.pdf HTTP/1.1" 200 237449
40.77.167.55 - - [26/Dec/2021:07:00:02 -0500] "GET /bla/resoluciones/autos%202010/1435.pdf HTTP/1.1" 200 166272
216.245.221.92 - - [26/Dec/2021:07:00:53 -0500] "HEAD / HTTP/1.1" 200 -
157.55.39.106 - - [26/Dec/2021:07:01:42 -0500] "GET /bla/resoluciones/autos%202010/5571.pdf HTTP/1.1" 200 333107
201.245.192.253 - - [26/Dec/2021:07:01:25 -0500] "POST /kwsrmcab/Wsrmcab HTTP/1.1" 200 113917
66.249.79.236 - - [26/Dec/2021:07:02:19 -0500] "-" 408 -
222.186.19.235 - - [26/Dec/2021:07:02:26 -0500] "\x16\x03\x01" 400 226
222.186.19.235 - - [26/Dec/2021:07:02:26 -0500] "GET http://fuwu.sogou.com/404/index.html HTTP/1.1" 404 1018
222.186.19.235 - - [26/Dec/2021:07:02:26 -0500] "GET http://fuwu.sogou.com/404/index.html HTTP/1.1" 404 1018
40.77.167.55 - - [26/Dec/2021:07:03:42 -0500] "GET /galeria/galeria/fotos/humedal-Burro4G.jpg HTTP/1.1" 200 436973
40.77.167.55 - - [26/Dec/2021:07:04:02 -0500] "GET /bla/resoluciones/autos%202010/5932.pdf HTTP/1.1" 200 163520
216.245.221.92 - - [26/Dec/2021:07:05:53 -0500] "HEAD / HTTP/1.1" 200 -
157.55.39.106 - - [26/Dec/2021:07:07:12 -0500] "GET /bla/resoluciones/autos%202010/4959.pdf HTTP/1.1" 200 203814
190.248.225.119 - - [26/Dec/2021:07:07:12 -0500] "GET /appsia/controlador HTTP/1.1" 200 4799
190.248.225.119 - - [26/Dec/2021:07:07:13 -0500] "GET /appsia/scripts/validarIngreso.js HTTP/1.1" 200 851
190.248.225.119 - - [26/Dec/2021:07:07:13 -0500] "GET /appsia/css/estilos.css HTTP/1.1" 200 4804
190.248.225.119 - - [26/Dec/2021:07:07:13 -0500] "GET /appsia/images/logo_bogota_p.png HTTP/1.1" 200 14951
190.248.225.119 - - [26/Dec/2021:07:07:13 -0500] "GET /appsia/images/cabezoteHojaVida.png HTTP/1.1" 200 32493
190.248.225.119 - - [26/Dec/2021:07:07:13 -0500] "GET /favicon.ico HTTP/1.1" 200 7782
201.245.192.253 - - [26/Dec/2021:07:06:34 -0500] "POST /kwsrmcab/Wsrmcab HTTP/1.1" 200 114325
190.248.225.119 - - [26/Dec/2021:07:07:30 -0500] "POST /appsia/controlador HTTP/1.1" 200 3599
190.248.225.119 - - [26/Dec/2021:07:07:30 -0500] "GET /appsia/jscripts/validarSolicitud.js HTTP/1.1" 404 68
190.248.225.119 - - [26/Dec/2021:07:07:59 -0500] "POST /appsia/controlador HTTP/1.1" 200 4799
190.248.225.119 - - [26/Dec/2021:07:08:13 -0500] "POST /appsia/controlador HTTP/1.1" 200 3599
190.248.225.119 - - [26/Dec/2021:07:08:13 -0500] "GET /appsia/jscripts/validarSolicitud.js HTTP/1.1" 404 68
190.248.225.119 - - [26/Dec/2021:07:08:17 -0500] "POST /appsia/controlador HTTP/1.1" 200 4799
66.249.79.236 - - [26/Dec/2021:07:10:51 -0500] "-" 408 -
216.245.221.92 - - [26/Dec/2021:07:10:53 -0500] "HEAD / HTTP/1.1" 200 -
190.248.225.119 - - [26/Dec/2021:07:12:14 -0500] "GET /appsia/controlador HTTP/1.1" 200 4799
190.248.225.119 - - [26/Dec/2021:07:12:28 -0500] "POST /appsia/controlador HTTP/1.1" 200 4621
190.248.225.119 - - [26/Dec/2021:07:12:34 -0500] "POST /appsia/controlador HTTP/1.1" 200 7722
190.248.225.119 - - [26/Dec/2021:07:12:35 -0500] "GET /appsia/images/logo_escudo.png HTTP/1.1" 200 36965
201.245.192.253 - - [26/Dec/2021:07:13:02 -0500] "POST /kwsrmcab/Wsrmcab HTTP/1.1" 200 114325
34.147.8.220 - - [26/Dec/2021:07:13:56 -0500] "GET / HTTP/1.1" 200 319
216.245.221.92 - - [26/Dec/2021:07:15:53 -0500] "HEAD / HTTP/1.1" 200 -
190.248.225.119 - - [26/Dec/2021:07:16:18 -0500] "POST /appsia/controlador HTTP/1.1" 200 4621
190.248.225.119 - - [26/Dec/2021:07:16:21 -0500] "POST /appsia/controlador HTTP/1.1" 200 4799
201.245.192.253 - - [26/Dec/2021:07:16:15 -0500] "POST /kwsrmcab/Wsrmcab HTTP/1.1" 200 114325
157.55.39.106 - - [26/Dec/2021:07:17:03 -0500] "GET /bla/resoluciones/autos%202010/2281.pdf HTTP/1.1" 200 154731
216.245.221.92 - - [26/Dec/2021:07:20:53 -0500] "HEAD / HTTP/1.1" 200 -
157.55.39.106 - - [26/Dec/2021:07:22:33 -0500] "GET /bla/resoluciones/autos%202010/5490.pdf HTTP/1.1" 200 214781
201.245.192.253 - - [26/Dec/2021:07:22:18 -0500] "POST /kwsrmcab/Wsrmcab HTTP/1.1" 200 114325
201.245.192.253 - - [26/Dec/2021:07:23:07 -0500] "POST /kwsrmcab/Wsrmcab HTTP/1.1" 200 45362
201.245.192.253 - - [26/Dec/2021:07:23:57 -0500] "POST /kwsrmcab/Wsrmcab HTTP/1.1" 200 45069
216.245.221.92 - - [26/Dec/2021:07:25:53 -0500] "HEAD / HTTP/1.1" 200 -
157.55.39.91 - - [26/Dec/2021:07:26:11 -0500] "GET /bla/resoluciones/autos%202010/1042.pdf HTTP/1.1" 200 252853
201.245.192.253 - - [26/Dec/2021:07:26:04 -0500] "POST /kwsrmcab/Wsrmcab HTTP/1.1" 200 114325
118.184.177.27 - - [26/Dec/2021:07:27:18 -0500] "GET / HTTP/1.1" 200 319
207.46.13.52 - - [26/Dec/2021:07:27:21 -0500] "GET /bla/resoluciones/autos%202010/3183.pdf HTTP/1.1" 200 1189150
207.46.13.52 - - [26/Dec/2021:07:29:11 -0500] "GET /bla/resoluciones/autos%202010/5525.pdf HTTP/1.1" 200 247692
207.46.13.113 - - [26/Dec/2021:07:29:39 -0500] "GET /sipse/faces/index.xhtml HTTP/1.1" 200 677
216.245.221.92 - - [26/Dec/2021:07:30:53 -0500] "HEAD / HTTP/1.1" 200 -
201.245.192.253 - - [26/Dec/2021:07:31:45 -0500] "POST /kwsrmcab/Wsrmcab HTTP/1.1" 200 114325
106.75.172.167 - - [26/Dec/2021:07:33:36 -0500] "GET / HTTP/1.1" 200 319
106.75.172.167 - - [26/Dec/2021:07:33:37 -0500] "GET /favicon.ico HTTP/1.1" 200 7782
201.245.192.253 - - [26/Dec/2021:07:33:07 -0500] "POST /kwsrmcab/Wsrmcab HTTP/1.1" 200 45362
201.245.192.253 - - [26/Dec/2021:07:33:56 -0500] "POST /kwsrmcab/Wsrmcab HTTP/1.1" 200 45069
157.55.39.106 - - [26/Dec/2021:07:34:45 -0500] "GET /bla/resoluciones/autos%202010/1121.pdf HTTP/1.1" 200 184039
216.245.221.92 - - [26/Dec/2021:07:35:53 -0500] "HEAD / HTTP/1.1" 200 -
201.245.192.253 - - [26/Dec/2021:07:36:32 -0500] "POST /kwsrmcab/Wsrmcab HTTP/1.1" 200 114325
106.75.177.238 - - [26/Dec/2021:07:38:39 -0500] "GET / HTTP/1.1" 200 319
106.75.177.238 - - [26/Dec/2021:07:38:40 -0500] "GET /favicon.ico HTTP/1.1" 200 7782
66.249.79.164 - - [26/Dec/2021:07:39:22 -0500] "-" 408 -
66.249.79.238 - - [26/Dec/2021:07:39:47 -0500] "-" 408 -
216.245.221.92 - - [26/Dec/2021:07:40:53 -0500] "HEAD / HTTP/1.1" 200 -
201.245.192.253 - - [26/Dec/2021:07:40:56 -0500] "POST /kwsrmcab/Wsrmcab HTTP/1.1" 200 114325
157.55.39.91 - - [26/Dec/2021:07:42:22 -0500] "GET /bla/resoluciones/autos%202010/0176.pdf HTTP/1.1" 200 355064
201.245.192.253 - - [26/Dec/2021:07:43:07 -0500] "POST /kwsrmcab/Wsrmcab HTTP/1.1" 200 45362
201.245.192.253 - - [26/Dec/2021:07:43:56 -0500] "POST /kwsrmcab/Wsrmcab HTTP/1.1" 200 45069
216.245.221.92 - - [26/Dec/2021:07:45:53 -0500] "HEAD / HTTP/1.1" 200 -
201.245.192.253 - - [26/Dec/2021:07:45:07 -0500] "POST /kwsrmcab/Wsrmcab HTTP/1.1" 200 114325
157.55.39.33 - - [26/Dec/2021:07:46:54 -0500] "GET /portaldeninos/noticias/ HTTP/1.1" 200 89436
157.55.39.236 - - [26/Dec/2021:07:47:10 -0500] "GET /portaldeninos/wp-content/themes/betheme/assets/jplayer/jplayer.min.js?ver=20.9.6 HTTP/1.1" 200 52702
157.55.39.33 - - [26/Dec/2021:07:47:11 -0500] "GET /portaldeninos/wp-content/plugins/gallery-videos/CSS/Total-Soft-Gallery-Video-Widget.css?ver=4.9.8 HTTP/1.1" 200 51554
207.46.13.52 - - [26/Dec/2021:07:47:12 -0500] "GET /portaldeninos/wp-content/themes/betheme/assets/animations/animations.min.js?ver=20.9.6 HTTP/1.1" 200 1896
157.55.39.236 - - [26/Dec/2021:07:47:13 -0500] "GET /portaldeninos/wp-content/themes/betheme/fonts/mfn-icons.ttf?93978679 HTTP/1.1" 200 124684
157.55.39.33 - - [26/Dec/2021:07:47:14 -0500] "GET /portaldeninos/wp-content/plugins/gallery-videos/JS/modernizr.custom.js?ver=4.9.8 HTTP/1.1" 200 9019
207.46.13.108 - - [26/Dec/2021:07:47:13 -0500] "GET /portaldeninos/wp-content/themes/betheme/assets/animations/animations.min.css?ver=20.9.6 HTTP/1.1" 200 58508
207.46.13.108 - - [26/Dec/2021:07:47:16 -0500] "GET /portaldeninos/wp-includes/js/jquery/ui/accordion.min.js?ver=1.11.4 HTTP/1.1" 200 8584
207.46.13.52 - - [26/Dec/2021:07:47:16 -0500] "GET /portaldeninos/wp-content/themes/betheme/css/shortcodes.css?ver=20.9.6 HTTP/1.1" 200 138889
157.55.39.33 - - [26/Dec/2021:07:47:17 -0500] "GET /portaldeninos/wp-content/themes/betheme/assets/jplayer/css/jplayer.blue.monday.css?ver=20.9.6 HTTP/1.1" 200 9834
157.55.39.236 - - [26/Dec/2021:07:47:16 -0500] "GET /portaldeninos/wp-content/themes/betheme/js/plugins.js?ver=20.9.6 HTTP/1.1" 200 197151
207.46.13.52 - - [26/Dec/2021:07:47:18 -0500] "GET /portaldeninos/wp-content/themes/betheme/style.css?ver=20.9.6 HTTP/1.1" 200 287
207.46.13.108 - - [26/Dec/2021:07:47:19 -0500] "GET /portaldeninos/wp-includes/js/wp-embed.min.js?ver=4.9.8 HTTP/1.1" 200 1398
157.55.39.236 - - [26/Dec/2021:07:47:19 -0500] "GET /portaldeninos/wp-includes/js/wp-emoji-release.min.js?ver=4.9.8 HTTP/1.1" 200 12026
157.55.39.33 - - [26/Dec/2021:07:47:20 -0500] "GET /portaldeninos/wp-includes/js/jquery/jquery-migrate.min.js?ver=1.4.1 HTTP/1.1" 200 10056
207.46.13.52 - - [26/Dec/2021:07:47:21 -0500] "GET /portaldeninos/wp-includes/js/jquery/ui/core.min.js?ver=1.11.4 HTTP/1.1" 200 4000
40.77.167.61 - - [26/Dec/2021:07:47:21 -0500] "GET /portaldeninos/wp-content/plugins/gallery-videos/CSS/totalsoft.css?ver=4.9.8 HTTP/1.1" 200 40622
40.77.167.61 - - [26/Dec/2021:07:47:24 -0500] "GET /portaldeninos/wp-content/themes/betheme/assets/ui/jquery.ui.all.css?ver=20.9.6 HTTP/1.1" 200 18765
40.77.167.61 - - [26/Dec/2021:07:47:27 -0500] "GET /portaldeninos/wp-content/themes/betheme/css/layout.css?ver=20.9.6 HTTP/1.1" 200 116639
157.55.39.186 - - [26/Dec/2021:07:47:29 -0500] "GET /portaldeninos/wp-includes/js/jquery/ui/mouse.min.js?ver=1.11.4 HTTP/1.1" 200 3148
40.77.167.61 - - [26/Dec/2021:07:47:30 -0500] "GET /portaldeninos/wp-content/themes/betheme/js/scripts.js?ver=20.9.6 HTTP/1.1" 200 77162
40.77.167.61 - - [26/Dec/2021:07:47:33 -0500] "GET /portaldeninos/wp-content/uploads/useanyfont/uaf.css?ver=1589905315 HTTP/1.1" 200 408
216.245.221.92 - - [26/Dec/2021:07:50:53 -0500] "HEAD / HTTP/1.1" 200 -
157.55.39.91 - - [26/Dec/2021:07:52:23 -0500] "GET /bla/resoluciones/autos%202010/0701.pdf HTTP/1.1" 200 184527
201.245.192.253 - - [26/Dec/2021:07:52:29 -0500] "POST /kwsrmcab/Wsrmcab HTTP/1.1" 200 114325
207.46.13.52 - - [26/Dec/2021:07:55:43 -0500] "GET /bla/resoluciones/autos%202010/3732.pdf HTTP/1.1" 200 3622893
216.245.221.92 - - [26/Dec/2021:07:55:53 -0500] "HEAD / HTTP/1.1" 200 -
173.252.107.17 - - [26/Dec/2021:07:56:33 -0500] "GET /plan-de-accion-climatica-pac-de-bogota-aporta-en-cerca-del-90-al-cumplimiento-de-las-acciones-del-acuerdo-de-emergencia-climatica.html HTTP/1.1" 206 1069
173.252.107.120 - - [26/Dec/2021:07:56:33 -0500] "GET /plan-de-accion-climatica-pac-de-bogota-aporta-en-cerca-del-90-al-cumplimiento-de-las-acciones-del-acuerdo-de-emergencia-climatica.html HTTP/1.1" 206 1069
201.245.192.253 - - [26/Dec/2021:07:56:12 -0500] "POST /kwsrmcab/Wsrmcab HTTP/1.1" 200 114325
157.55.39.91 - - [26/Dec/2021:07:57:44 -0500] "GET /bla/resoluciones/autos%202010/6291.pdf HTTP/1.1" 200 389502
207.46.13.52 - - [26/Dec/2021:07:58:04 -0500] "GET /bla/resoluciones/autos%202010/5644.pdf HTTP/1.1" 200 165580
216.245.221.92 - - [26/Dec/2021:08:00:53 -0500] "HEAD / HTTP/1.1" 200 -
195.54.160.149 - - [26/Dec/2021:08:02:34 -0500] "GET /vendor/phpunit/phpunit/src/Util/PHP/eval-stdin.php HTTP/1.1" 404 1018
201.245.192.253 - - [26/Dec/2021:08:02:25 -0500] "POST /kwsrmcab/Wsrmcab HTTP/1.1" 200 114325
66.249.75.109 - - [26/Dec/2021:08:04:26 -0500] "-" 408 -
216.245.221.92 - - [26/Dec/2021:08:05:53 -0500] "HEAD / HTTP/1.1" 200 -
207.46.13.88 - - [26/Dec/2021:08:06:54 -0500] "GET /bla/resoluciones/resoluciones%202021/1847.pdf HTTP/1.1" 200 565343
201.245.192.253 - - [26/Dec/2021:08:06:52 -0500] "POST /kwsrmcab/Wsrmcab HTTP/1.1" 200 114736
191.156.55.35 - - [26/Dec/2021:08:09:20 -0500] "GET /galeria/galeria/jquery.fancybox.css?v=2.1.5 HTTP/1.1" 200 4895
207.46.13.52 - - [26/Dec/2021:08:09:45 -0500] "GET /bla/resoluciones/autos%202010/0780.pdf HTTP/1.1" 200 189963
66.249.75.109 - - [26/Dec/2021:08:10:30 -0500] "-" 408 -
216.245.221.92 - - [26/Dec/2021:08:10:53 -0500] "HEAD / HTTP/1.1" 200 -
207.46.13.113 - - [26/Dec/2021:08:12:24 -0500] "GET /SIIPEV/Diseno%20de%20Elementos%20de%20Mobiliario%20Urbano/Registros/RegistrosOtorgados.html HTTP/1.1" 200 728881
201.245.192.253 - - [26/Dec/2021:08:12:37 -0500] "POST /kwsrmcab/Wsrmcab HTTP/1.1" 200 114736
181.50.145.56 - - [26/Dec/2021:08:14:24 -0500] "GET /sipse/faces/index.xhtml HTTP/1.1" 200 677
181.50.145.56 - - [26/Dec/2021:08:14:24 -0500] "GET /sipse/faces/javax.faces.resource/theme.css?ln=primefaces-sipse HTTP/1.1" 304 -
181.50.145.56 - - [26/Dec/2021:08:14:24 -0500] "GET /sipse/faces/faces/autenticacion.xhtml HTTP/1.1" 200 12175
181.50.145.56 - - [26/Dec/2021:08:14:24 -0500] "GET /sipse/faces/javax.faces.resource/theme.css?ln=primefaces-sipse HTTP/1.1" 304 -
181.50.145.56 - - [26/Dec/2021:08:14:24 -0500] "GET /sipse/faces/javax.faces.resource/layout/layout.css?ln=primefaces&v=4.0 HTTP/1.1" 304 -
181.50.145.56 - - [26/Dec/2021:08:14:24 -0500] "GET /sipse/faces/javax.faces.resource/jquery/jquery.js?ln=primefaces&v=4.0 HTTP/1.1" 304 -
181.50.145.56 - - [26/Dec/2021:08:14:24 -0500] "GET /sipse/faces/javax.faces.resource/primefaces.css?ln=primefaces&v=4.0 HTTP/1.1" 304 -
181.50.145.56 - - [26/Dec/2021:08:14:24 -0500] "GET /sipse/faces/javax.faces.resource/jquery/jquery-plugins.js?ln=primefaces&v=4.0 HTTP/1.1" 304 -
181.50.145.56 - - [26/Dec/2021:08:14:24 -0500] "GET /sipse/faces/javax.faces.resource/primefaces.js?ln=primefaces&v=4.0 HTTP/1.1" 304 -
181.50.145.56 - - [26/Dec/2021:08:14:24 -0500] "GET /sipse/faces/javax.faces.resource/layout/layout.js?ln=primefaces&v=4.0 HTTP/1.1" 304 -
181.50.145.56 - - [26/Dec/2021:08:14:24 -0500] "GET /sipse/css/imagen/logoSDG.png HTTP/1.1" 200 17770
181.50.145.56 - - [26/Dec/2021:08:14:24 -0500] "GET /sipse/faces/javax.faces.resource/images/ui-icons_898989_256x240.png?ln=primefaces-aristo HTTP/1.1" 304 -
181.50.145.56 - - [26/Dec/2021:08:14:28 -0500] "POST /sipse/faces/autenticacion.xhtml HTTP/1.1" 200 16193
181.50.145.56 - - [26/Dec/2021:08:14:28 -0500] "GET /sipse/faces/javax.faces.resource/jquery/jquery.js?ln=primefaces&v=4.0 HTTP/1.1" 304 -
181.50.145.56 - - [26/Dec/2021:08:14:28 -0500] "GET /sipse/faces/javax.faces.resource/jquery/jquery-plugins.js?ln=primefaces&v=4.0 HTTP/1.1" 304 -
181.50.145.56 - - [26/Dec/2021:08:14:28 -0500] "GET /sipse/faces/javax.faces.resource/primefaces.js?ln=primefaces&v=4.0 HTTP/1.1" 304 -
181.50.145.56 - - [26/Dec/2021:08:14:28 -0500] "GET /sipse/faces/javax.faces.resource/layout/layout.js?ln=primefaces&v=4.0 HTTP/1.1" 304 -
181.50.145.56 - - [26/Dec/2021:08:14:28 -0500] "GET /sipse/css/imagen/contrasena.png HTTP/1.1" 404 383
181.50.145.56 - - [26/Dec/2021:08:14:28 -0500] "GET /sipse/faces/javax.faces.resource/messages/messages.png?ln=primefaces&v=4.0 HTTP/1.1" 304 -
40.77.167.55 - - [26/Dec/2021:08:14:29 -0500] "GET /bla/resoluciones/autos%202010/4805.pdf HTTP/1.1" 200 240166
181.50.145.56 - - [26/Dec/2021:08:14:31 -0500] "GET /sipse/faces/javax.faces.resource/images/ui-bg_flat_0_2d5972_40x100.png?ln=primefaces-aristo HTTP/1.1" 304 -
181.50.145.56 - - [26/Dec/2021:08:14:31 -0500] "POST /sipse/faces/bienvenido.xhtml HTTP/1.1" 200 1471
181.50.145.56 - - [26/Dec/2021:08:14:32 -0500] "POST /sipse/faces/bienvenido.xhtml HTTP/1.1" 200 58738
181.50.145.56 - - [26/Dec/2021:08:14:32 -0500] "GET /sipse/faces/javax.faces.resource/jquery/jquery.js?ln=primefaces&v=4.0 HTTP/1.1" 304 -
181.50.145.56 - - [26/Dec/2021:08:14:32 -0500] "GET /sipse/faces/javax.faces.resource/jquery/jquery-plugins.js?ln=primefaces&v=4.0 HTTP/1.1" 304 -
181.50.145.56 - - [26/Dec/2021:08:14:32 -0500] "GET /sipse/faces/javax.faces.resource/primefaces.js?ln=primefaces&v=4.0 HTTP/1.1" 304 -
181.50.145.56 - - [26/Dec/2021:08:14:33 -0500] "GET /sipse/faces/javax.faces.resource/layout/layout.js?ln=primefaces&v=4.0 HTTP/1.1" 304 -
181.50.145.56 - - [26/Dec/2021:08:14:33 -0500] "POST /sipse/faces/presentacion/financiero/solicitudProceso/listarSolicitudProceso.xhtml HTTP/1.1" 200 1448
181.50.145.56 - - [26/Dec/2021:08:14:40 -0500] "POST /sipse/faces/presentacion/financiero/solicitudProceso/listarSolicitudProceso.xhtml HTTP/1.1" 200 30941
181.50.145.56 - - [26/Dec/2021:08:14:41 -0500] "POST /sipse/faces/presentacion/financiero/solicitudProceso/listarSolicitudProceso.xhtml HTTP/1.1" 200 30953
181.50.145.56 - - [26/Dec/2021:08:14:41 -0500] "POST /sipse/faces/presentacion/financiero/solicitudProceso/listarSolicitudProceso.xhtml HTTP/1.1" 200 30941
181.50.145.56 - - [26/Dec/2021:08:14:43 -0500] "POST /sipse/faces/presentacion/financiero/solicitudProceso/listarSolicitudProceso.xhtml HTTP/1.1" 200 5353
181.50.145.56 - - [26/Dec/2021:08:14:46 -0500] "POST /sipse/faces/presentacion/financiero/solicitudProceso/listarSolicitudProceso.xhtml HTTP/1.1" 200 143455
181.50.145.56 - - [26/Dec/2021:08:14:48 -0500] "GET /sipse/faces/javax.faces.resource/jquery/jquery.js?ln=primefaces&v=4.0 HTTP/1.1" 304 -
181.50.145.56 - - [26/Dec/2021:08:14:48 -0500] "GET /sipse/faces/javax.faces.resource/jquery/jquery-plugins.js?ln=primefaces&v=4.0 HTTP/1.1" 304 -
181.50.145.56 - - [26/Dec/2021:08:14:48 -0500] "GET /sipse/faces/javax.faces.resource/primefaces.js?ln=primefaces&v=4.0 HTTP/1.1" 304 -
181.50.145.56 - - [26/Dec/2021:08:14:48 -0500] "GET /sipse/faces/javax.faces.resource/layout/layout.js?ln=primefaces&v=4.0 HTTP/1.1" 304 -
181.50.145.56 - - [26/Dec/2021:08:14:48 -0500] "GET /reportes_sipse/sdg/ServletReporte?reporte=experienia_idoneidad&solicitud=16574&pfdrid_c=false HTTP/1.1" 200 111477
181.50.145.56 - - [26/Dec/2021:08:14:55 -0500] "POST /sipse/faces/presentacion/financiero/solicitudProceso/consultarSolicitudProceso.xhtml HTTP/1.1" 200 3848119
216.245.221.92 - - [26/Dec/2021:08:15:53 -0500] "HEAD / HTTP/1.1" 200 -
77.231.87.115 - - [26/Dec/2021:08:16:05 -0500] "GET /galeria/galeria/jquery.fancybox.css?v=2.1.5 HTTP/1.1" 200 4895
77.231.87.115 - - [26/Dec/2021:08:16:08 -0500] "GET /galeria/galeria/fancybox_sprite.png HTTP/1.1" 200 1362
77.231.87.115 - - [26/Dec/2021:08:16:08 -0500] "GET /galeria/galeria/fancybox_loading.gif HTTP/1.1" 200 6567
77.231.87.115 - - [26/Dec/2021:08:16:08 -0500] "GET /galeria/galeria/blank.gif HTTP/1.1" 200 43
77.231.87.115 - - [26/Dec/2021:08:16:08 -0500] "GET /galeria/galeria/fancybox_overlay.png HTTP/1.1" 200 1003
77.231.87.115 - - [26/Dec/2021:08:16:08 -0500] "GET /galeria/galeria/fancybox_sprite@2x.png HTTP/1.1" 200 6553
77.231.87.115 - - [26/Dec/2021:08:16:08 -0500] "GET /galeria/galeria/fancybox_loading@2x.gif HTTP/1.1" 200 13984
201.245.192.253 - - [26/Dec/2021:08:16:12 -0500] "POST /kwsrmcab/Wsrmcab HTTP/1.1" 200 114736
35.204.138.252 - - [26/Dec/2021:08:17:36 -0500] "GET / HTTP/1.1" 200 319
8.211.0.118 - - [26/Dec/2021:08:17:53 -0500] "GET /galeria/galeria/fotos/2humedal-Burro2P.jpg HTTP/1.1" 200 8996
40.77.188.132 - - [26/Dec/2021:08:18:08 -0500] "GET /portaldeninos/wp-content/themes/betheme/fonts/mfn-icons.woff?93978679 HTTP/1.1" 200 14625
207.46.13.113 - - [26/Dec/2021:08:18:44 -0500] "GET /bla/resoluciones/autos%202010/4562.pdf HTTP/1.1" 200 366456
157.55.39.106 - - [26/Dec/2021:08:19:39 -0500] "GET /bla/resoluciones/autos%202010/5285.pdf HTTP/1.1" 200 203843
216.245.221.92 - - [26/Dec/2021:08:20:53 -0500] "HEAD / HTTP/1.1" 200 -
186.86.52.227 - - [26/Dec/2021:08:22:52 -0500] "GET /documents/10184/2325415/pieza-concurso-buenas-practicas-20-septiembre.jpg HTTP/1.1" 404 1132
66.249.75.109 - - [26/Dec/2021:08:23:20 -0500] "-" 408 -
201.245.192.253 - - [26/Dec/2021:08:22:49 -0500] "POST /kwsrmcab/Wsrmcab HTTP/1.1" 200 114736
207.46.13.113 - - [26/Dec/2021:08:23:44 -0500] "GET /bla/resoluciones/autos%202010/0171.pdf HTTP/1.1" 200 359024
201.245.192.253 - - [26/Dec/2021:08:23:08 -0500] "POST /kwsrmcab/Wsrmcab HTTP/1.1" 200 45374
201.245.192.253 - - [26/Dec/2021:08:23:55 -0500] "POST /kwsrmcab/Wsrmcab HTTP/1.1" 200 45237
157.55.39.106 - - [26/Dec/2021:08:25:09 -0500] "GET /bla/resoluciones/autos%202010/5328.pdf HTTP/1.1" 200 1041679
216.245.221.92 - - [26/Dec/2021:08:25:53 -0500] "HEAD / HTTP/1.1" 200 -
157.55.39.91 - - [26/Dec/2021:08:26:56 -0500] "GET /BLA/resoluciones/index.php?dir=AUTOS+2014%2F HTTP/1.1" 200 872433
201.245.192.253 - - [26/Dec/2021:08:26:13 -0500] "POST /kwsrmcab/Wsrmcab HTTP/1.1" 200 114736
195.54.160.149 - - [26/Dec/2021:08:27:41 -0500] "GET /solr/admin/info/system?wt=json HTTP/1.1" 404 1018
216.245.221.92 - - [26/Dec/2021:08:30:53 -0500] "HEAD / HTTP/1.1" 200 -
201.245.192.253 - - [26/Dec/2021:08:32:50 -0500] "POST /kwsrmcab/Wsrmcab HTTP/1.1" 200 114736
207.46.13.113 - - [26/Dec/2021:08:33:44 -0500] "GET /bla/resoluciones/autos%202010/5444.pdf HTTP/1.1" 200 199381
201.245.192.253 - - [26/Dec/2021:08:33:08 -0500] "POST /kwsrmcab/Wsrmcab HTTP/1.1" 200 45374
201.245.192.253 - - [26/Dec/2021:08:33:55 -0500] "POST /kwsrmcab/Wsrmcab HTTP/1.1" 200 45237
216.245.221.92 - - [26/Dec/2021:08:35:53 -0500] "HEAD / HTTP/1.1" 200 -
181.50.145.56 - - [26/Dec/2021:08:36:38 -0500] "POST /sipse/faces/presentacion/financiero/solicitudProceso/consultarSolicitudProceso.xhtml HTTP/1.1" 200 32406
181.50.145.56 - - [26/Dec/2021:08:36:39 -0500] "GET /sipse/faces/javax.faces.resource/jquery/jquery.js?ln=primefaces&v=4.0 HTTP/1.1" 304 -
181.50.145.56 - - [26/Dec/2021:08:36:39 -0500] "GET /sipse/faces/javax.faces.resource/jquery/jquery-plugins.js?ln=primefaces&v=4.0 HTTP/1.1" 304 -
181.50.145.56 - - [26/Dec/2021:08:36:39 -0500] "GET /sipse/faces/javax.faces.resource/primefaces.js?ln=primefaces&v=4.0 HTTP/1.1" 304 -
181.50.145.56 - - [26/Dec/2021:08:36:39 -0500] "GET /sipse/faces/javax.faces.resource/layout/layout.js?ln=primefaces&v=4.0 HTTP/1.1" 304 -
181.50.145.56 - - [26/Dec/2021:08:36:39 -0500] "POST /sipse/faces/presentacion/financiero/solicitudProceso/listarSolicitudProceso.xhtml HTTP/1.1" 200 25676
181.50.145.56 - - [26/Dec/2021:08:36:39 -0500] "POST /sipse/faces/presentacion/financiero/solicitudProceso/listarSolicitudProceso.xhtml HTTP/1.1" 200 25676
181.50.145.56 - - [26/Dec/2021:08:36:39 -0500] "POST /sipse/faces/presentacion/financiero/solicitudProceso/listarSolicitudProceso.xhtml HTTP/1.1" 200 1344
181.50.145.56 - - [26/Dec/2021:08:36:40 -0500] "POST /sipse/faces/presentacion/financiero/solicitudProceso/listarSolicitudProceso.xhtml HTTP/1.1" 200 1344
181.50.145.56 - - [26/Dec/2021:08:36:40 -0500] "POST /sipse/faces/presentacion/financiero/solicitudProceso/listarSolicitudProceso.xhtml HTTP/1.1" 200 1344
181.50.145.56 - - [26/Dec/2021:08:36:42 -0500] "POST /sipse/faces/presentacion/financiero/solicitudProceso/listarSolicitudProceso.xhtml HTTP/1.1" 200 30497
181.50.145.56 - - [26/Dec/2021:08:36:45 -0500] "POST /sipse/faces/presentacion/financiero/solicitudProceso/listarSolicitudProceso.xhtml HTTP/1.1" 200 30517
181.50.145.56 - - [26/Dec/2021:08:36:47 -0500] "POST /sipse/faces/presentacion/financiero/solicitudProceso/listarSolicitudProceso.xhtml HTTP/1.1" 200 30763
181.50.145.56 - - [26/Dec/2021:08:36:50 -0500] "POST /sipse/faces/presentacion/financiero/solicitudProceso/listarSolicitudProceso.xhtml HTTP/1.1" 200 30422
181.50.145.56 - - [26/Dec/2021:08:36:54 -0500] "POST /sipse/faces/presentacion/financiero/solicitudProceso/listarSolicitudProceso.xhtml HTTP/1.1" 200 5151
181.50.145.56 - - [26/Dec/2021:08:36:57 -0500] "POST /sipse/faces/presentacion/financiero/solicitudProceso/listarSolicitudProceso.xhtml HTTP/1.1" 200 135849
181.50.145.56 - - [26/Dec/2021:08:36:58 -0500] "GET /sipse/faces/javax.faces.resource/jquery/jquery.js?ln=primefaces&v=4.0 HTTP/1.1" 304 -
181.50.145.56 - - [26/Dec/2021:08:36:58 -0500] "GET /sipse/faces/javax.faces.resource/jquery/jquery-plugins.js?ln=primefaces&v=4.0 HTTP/1.1" 304 -
181.50.145.56 - - [26/Dec/2021:08:36:58 -0500] "GET /sipse/faces/javax.faces.resource/primefaces.js?ln=primefaces&v=4.0 HTTP/1.1" 304 -
181.50.145.56 - - [26/Dec/2021:08:36:58 -0500] "GET /sipse/faces/javax.faces.resource/layout/layout.js?ln=primefaces&v=4.0 HTTP/1.1" 304 -
181.50.145.56 - - [26/Dec/2021:08:36:58 -0500] "GET /reportes_sipse/sdg/ServletReporte?reporte=experienia_idoneidad&solicitud=16574&pfdrid_c=false HTTP/1.1" 200 111477
181.50.145.56 - - [26/Dec/2021:08:37:02 -0500] "POST /sipse/faces/presentacion/financiero/solicitudProceso/consultarSolicitudProceso.xhtml HTTP/1.1" 200 8463448
201.245.192.253 - - [26/Dec/2021:08:36:31 -0500] "POST /kwsrmcab/Wsrmcab HTTP/1.1" 200 114736
207.46.13.113 - - [26/Dec/2021:08:37:45 -0500] "GET /bla/resoluciones/autos%202010/4497.pdf HTTP/1.1" 200 486517
40.77.167.55 - - [26/Dec/2021:08:39:51 -0500] "GET /BLA/resoluciones/index.php?dir=RESOLUCIONES+2021%2F HTTP/1.1" 200 209694
66.249.75.109 - - [26/Dec/2021:08:40:51 -0500] "-" 408 -
216.245.221.92 - - [26/Dec/2021:08:40:53 -0500] "HEAD / HTTP/1.1" 200 -
191.156.0.79 - - [26/Dec/2021:08:43:18 -0500] "GET /el-dorado-y-secretaria-de-ambiente-se-unen-para-contrarrestar-el-trafico-de-especies-silvestres-en-bogota.html HTTP/1.1" 200 1289
201.245.192.253 - - [26/Dec/2021:08:42:47 -0500] "POST /kwsrmcab/Wsrmcab HTTP/1.1" 200 114736
201.245.192.253 - - [26/Dec/2021:08:43:07 -0500] "POST /kwsrmcab/Wsrmcab HTTP/1.1" 200 45374
201.245.192.253 - - [26/Dec/2021:08:43:55 -0500] "POST /kwsrmcab/Wsrmcab HTTP/1.1" 200 45237
216.245.221.92 - - [26/Dec/2021:08:45:53 -0500] "HEAD / HTTP/1.1" 200 -
207.46.13.52 - - [26/Dec/2021:08:45:57 -0500] "GET /galeria/galeria/fotos/MeandrodelSay4G.jpg HTTP/1.1" 200 371052
40.77.167.55 - - [26/Dec/2021:08:46:20 -0500] "GET /BLA/resoluciones/RESOLUCIONES%202000/2000%20850-899.tif HTTP/1.1" 200 6189794
201.245.192.253 - - [26/Dec/2021:08:46:10 -0500] "POST /kwsrmcab/Wsrmcab HTTP/1.1" 200 114736
65.49.20.69 - - [26/Dec/2021:08:48:59 -0500] "GET / HTTP/1.1" 200 319
192.227.211.221 - - [26/Dec/2021:08:49:32 -0500] "GET / HTTP/1.1" 200 319
31.13.103.13 - - [26/Dec/2021:08:50:23 -0500] "GET /images/pieza-grafica-semana-ecoempresarial-18-noviemre.jpg HTTP/1.1" 200 316174
195.54.160.149 - - [26/Dec/2021:08:50:24 -0500] "-" 408 -
23.100.232.233 - - [26/Dec/2021:08:50:38 -0500] "GET /BLA/boletinlegal/js/jquery.scrollShow.js HTTP/1.1" 200 4586
23.100.232.233 - - [26/Dec/2021:08:50:38 -0500] "GET /galeria/galeria/jquery.fancybox.js?v=2.1.5 HTTP/1.1" 200 48706
23.100.232.233 - - [26/Dec/2021:08:50:38 -0500] "GET /galeria/galeria/jquery.fancybox.css?v=2.1.5 HTTP/1.1" 200 4895
216.245.221.92 - - [26/Dec/2021:08:50:53 -0500] "HEAD / HTTP/1.1" 200 -
207.46.13.88 - - [26/Dec/2021:08:51:49 -0500] "GET /bla/resoluciones/autos%202010/4821.pdf HTTP/1.1" 200 365934
201.245.192.253 - - [26/Dec/2021:08:51:07 -0500] "POST /kwsrmcab/Wsrmcab HTTP/1.1" 200 114736
216.245.221.92 - - [26/Dec/2021:08:55:53 -0500] "HEAD / HTTP/1.1" 200 -
201.245.192.253 - - [26/Dec/2021:08:55:06 -0500] "POST /kwsrmcab/Wsrmcab HTTP/1.1" 200 114736
207.46.13.52 - - [26/Dec/2021:08:57:50 -0500] "GET /bla/resoluciones/autos%202010/5364.pdf HTTP/1.1" 200 781225
191.158.148.151 - - [26/Dec/2021:08:59:47 -0500] "GET /galeria/galeria/jquery.fancybox.css?v=2.1.5 HTTP/1.1" 200 4895
216.245.221.92 - - [26/Dec/2021:09:00:53 -0500] "HEAD / HTTP/1.1" 200 -
207.46.13.88 - - [26/Dec/2021:09:03:30 -0500] "GET /bla/resoluciones/autos%202010/5489.pdf HTTP/1.1" 200 137517
23.100.232.233 - - [26/Dec/2021:09:03:44 -0500] "GET /galeria/galeria/jquery.fancybox.js?v=2.1.5 HTTP/1.1" 200 48706
23.100.232.233 - - [26/Dec/2021:09:03:44 -0500] "GET /galeria/galeria/jquery.fancybox.css?v=2.1.5 HTTP/1.1" 200 4895
201.245.192.253 - - [26/Dec/2021:09:03:01 -0500] "POST /kwsrmcab/Wsrmcab HTTP/1.1" 200 114736
207.46.13.52 - - [26/Dec/2021:09:04:20 -0500] "GET /bla/resoluciones/autos%202010/6819.pdf HTTP/1.1" 200 145307
207.46.13.52 - - [26/Dec/2021:09:05:20 -0500] "GET /bla/resoluciones/autos%202010/4435.pdf HTTP/1.1" 200 1224063
216.245.221.92 - - [26/Dec/2021:09:05:53 -0500] "HEAD / HTTP/1.1" 200 -
157.55.39.91 - - [26/Dec/2021:09:06:40 -0500] "GET /galeria/nivo-slider/demo/images/Tingua-azul.jpg HTTP/1.1" 200 307638
201.245.192.253 - - [26/Dec/2021:09:06:50 -0500] "POST /kwsrmcab/Wsrmcab HTTP/1.1" 200 114724
157.55.39.106 - - [26/Dec/2021:09:09:24 -0500] "GET /bla/resoluciones/autos%202010/0119.pdf HTTP/1.1" 200 263521
216.245.221.92 - - [26/Dec/2021:09:10:53 -0500] "HEAD / HTTP/1.1" 200 -
40.77.167.55 - - [26/Dec/2021:09:10:53 -0500] "GET /images/SDQS.jpg HTTP/1.1" 200 47976
190.250.134.169 - - [26/Dec/2021:09:12:43 -0500] "GET /appsia/controlador HTTP/1.1" 200 4799
190.250.134.169 - - [26/Dec/2021:09:12:43 -0500] "GET /appsia/scripts/validarIngreso.js HTTP/1.1" 200 851
190.250.134.169 - - [26/Dec/2021:09:12:43 -0500] "GET /appsia/css/estilos.css HTTP/1.1" 200 4804
190.250.134.169 - - [26/Dec/2021:09:12:43 -0500] "GET /appsia/images/logo_bogota_p.png HTTP/1.1" 200 14951
190.250.134.169 - - [26/Dec/2021:09:12:43 -0500] "GET /appsia/images/cabezoteHojaVida.png HTTP/1.1" 200 32493
190.250.134.169 - - [26/Dec/2021:09:12:43 -0500] "GET /favicon.ico HTTP/1.1" 200 7782
201.245.192.253 - - [26/Dec/2021:09:12:21 -0500] "POST /kwsrmcab/Wsrmcab HTTP/1.1" 200 114724
8.209.78.167 - - [26/Dec/2021:09:15:26 -0500] "GET /galeria/galeria/fotos/4humedal-Burro4P.jpg HTTP/1.1" 200 7980
216.245.221.92 - - [26/Dec/2021:09:15:53 -0500] "HEAD / HTTP/1.1" 200 -
40.77.167.55 - - [26/Dec/2021:09:15:55 -0500] "GET /BLA/resoluciones/index.php?dir=RESOLUCIONES+2013%2F HTTP/1.1" 200 236748
157.55.39.91 - - [26/Dec/2021:09:16:02 -0500] "GET /BLA/resoluciones/AUTOS%202020/1464.pdf HTTP/1.1" 304 -
190.250.134.169 - - [26/Dec/2021:09:16:15 -0500] "POST /appsia/controlador HTTP/1.1" 200 3599
190.250.134.169 - - [26/Dec/2021:09:16:15 -0500] "GET /appsia/jscripts/validarSolicitud.js HTTP/1.1" 404 68
190.250.134.169 - - [26/Dec/2021:09:16:21 -0500] "POST /appsia/controlador HTTP/1.1" 200 4799
190.250.134.169 - - [26/Dec/2021:09:16:37 -0500] "POST /appsia/controlador HTTP/1.1" 200 4621
190.250.134.169 - - [26/Dec/2021:09:16:43 -0500] "POST /appsia/controlador HTTP/1.1" 200 7731
190.250.134.169 - - [26/Dec/2021:09:16:43 -0500] "GET /appsia/images/logo_escudo.png HTTP/1.1" 200 36965
201.245.192.253 - - [26/Dec/2021:09:16:15 -0500] "POST /kwsrmcab/Wsrmcab HTTP/1.1" 200 114724
188.166.40.32 - - [26/Dec/2021:09:17:10 -0500] "GET / HTTP/1.1" 200 319
188.166.40.32 - - [26/Dec/2021:09:17:10 -0500] "POST /HNAP1/ HTTP/1.1" 404 1018
191.102.197.180 - - [26/Dec/2021:09:17:54 -0500] "GET /galeria/galeria/jquery.fancybox.css?v=2.1.5 HTTP/1.1" 200 4895
8.209.105.182 - - [26/Dec/2021:09:19:44 -0500] "GET /galeria/galeria/fotos/1humedal-Burro1P.jpg HTTP/1.1" 200 7921
207.46.13.52 - - [26/Dec/2021:09:19:52 -0500] "GET /BLA/resoluciones/Decretos/Decreto%20090%20de%2011%20marzo%20del%202019.pdf HTTP/1.1" 304 -
216.245.221.92 - - [26/Dec/2021:09:20:53 -0500] "HEAD / HTTP/1.1" 200 -
35.204.46.222 - - [26/Dec/2021:09:21:01 -0500] "GET / HTTP/1.1" 200 319
201.245.192.253 - - [26/Dec/2021:09:20:59 -0500] "POST /kwsrmcab/Wsrmcab HTTP/1.1" 200 114724
190.250.134.169 - - [26/Dec/2021:09:22:41 -0500] "POST /appsia/controlador HTTP/1.1" 200 4621
201.245.192.253 - - [26/Dec/2021:09:23:07 -0500] "POST /kwsrmcab/Wsrmcab HTTP/1.1" 200 45379
201.245.192.253 - - [26/Dec/2021:09:23:57 -0500] "POST /kwsrmcab/Wsrmcab HTTP/1.1" 200 45225
181.50.145.56 - - [26/Dec/2021:09:25:12 -0500] "POST /sipse/faces/presentacion/financiero/solicitudProceso/consultarSolicitudProceso.xhtml HTTP/1.1" 200 32212
181.50.145.56 - - [26/Dec/2021:09:25:13 -0500] "GET /sipse/faces/javax.faces.resource/jquery/jquery.js?ln=primefaces&v=4.0 HTTP/1.1" 304 -
181.50.145.56 - - [26/Dec/2021:09:25:13 -0500] "GET /sipse/faces/javax.faces.resource/jquery/jquery-plugins.js?ln=primefaces&v=4.0 HTTP/1.1" 304 -
181.50.145.56 - - [26/Dec/2021:09:25:13 -0500] "GET /sipse/faces/javax.faces.resource/primefaces.js?ln=primefaces&v=4.0 HTTP/1.1" 304 -
181.50.145.56 - - [26/Dec/2021:09:25:13 -0500] "GET /sipse/faces/javax.faces.resource/layout/layout.js?ln=primefaces&v=4.0 HTTP/1.1" 304 -
181.50.145.56 - - [26/Dec/2021:09:25:13 -0500] "POST /sipse/faces/presentacion/financiero/solicitudProceso/listarSolicitudProceso.xhtml HTTP/1.1" 200 25482
181.50.145.56 - - [26/Dec/2021:09:25:13 -0500] "POST /sipse/faces/presentacion/financiero/solicitudProceso/listarSolicitudProceso.xhtml HTTP/1.1" 200 25482
181.50.145.56 - - [26/Dec/2021:09:25:14 -0500] "POST /sipse/faces/presentacion/financiero/solicitudProceso/listarSolicitudProceso.xhtml HTTP/1.1" 200 25482
181.50.145.56 - - [26/Dec/2021:09:25:14 -0500] "POST /sipse/faces/presentacion/financiero/solicitudProceso/listarSolicitudProceso.xhtml HTTP/1.1" 200 25482
181.50.145.56 - - [26/Dec/2021:09:25:14 -0500] "POST /sipse/faces/presentacion/financiero/solicitudProceso/listarSolicitudProceso.xhtml HTTP/1.1" 200 1344
181.50.145.56 - - [26/Dec/2021:09:25:15 -0500] "POST /sipse/faces/presentacion/financiero/solicitudProceso/listarSolicitudProceso.xhtml HTTP/1.1" 200 1344
181.50.145.56 - - [26/Dec/2021:09:25:15 -0500] "POST /sipse/faces/presentacion/financiero/solicitudProceso/listarSolicitudProceso.xhtml HTTP/1.1" 200 1344
181.50.145.56 - - [26/Dec/2021:09:25:16 -0500] "POST /sipse/faces/presentacion/financiero/solicitudProceso/listarSolicitudProceso.xhtml HTTP/1.1" 200 1344
181.50.145.56 - - [26/Dec/2021:09:25:16 -0500] "POST /sipse/faces/presentacion/financiero/solicitudProceso/listarSolicitudProceso.xhtml HTTP/1.1" 200 1344
181.50.145.56 - - [26/Dec/2021:09:25:19 -0500] "POST /sipse/faces/presentacion/financiero/solicitudProceso/listarSolicitudProceso.xhtml HTTP/1.1" 200 30497
181.50.145.56 - - [26/Dec/2021:09:25:22 -0500] "POST /sipse/faces/presentacion/financiero/solicitudProceso/listarSolicitudProceso.xhtml HTTP/1.1" 200 30781
178.176.202.121 - - [26/Dec/2021:09:25:22 -0500] "-" 408 -
178.176.202.121 - - [26/Dec/2021:09:25:23 -0500] "-" 408 -
181.50.145.56 - - [26/Dec/2021:09:25:23 -0500] "POST /sipse/faces/presentacion/financiero/solicitudProceso/listarSolicitudProceso.xhtml HTTP/1.1" 200 16769
178.176.202.121 - - [26/Dec/2021:09:25:23 -0500] "-" 408 -
181.50.145.56 - - [26/Dec/2021:09:25:25 -0500] "POST /sipse/faces/presentacion/financiero/solicitudProceso/listarSolicitudProceso.xhtml HTTP/1.1" 200 5318
181.50.145.56 - - [26/Dec/2021:09:25:27 -0500] "POST /sipse/faces/presentacion/financiero/solicitudProceso/listarSolicitudProceso.xhtml HTTP/1.1" 200 133935
181.50.145.56 - - [26/Dec/2021:09:25:28 -0500] "GET /sipse/faces/javax.faces.resource/jquery/jquery.js?ln=primefaces&v=4.0 HTTP/1.1" 304 -
181.50.145.56 - - [26/Dec/2021:09:25:28 -0500] "GET /sipse/faces/javax.faces.resource/jquery/jquery-plugins.js?ln=primefaces&v=4.0 HTTP/1.1" 304 -
181.50.145.56 - - [26/Dec/2021:09:25:28 -0500] "GET /sipse/faces/javax.faces.resource/primefaces.js?ln=primefaces&v=4.0 HTTP/1.1" 304 -
181.50.145.56 - - [26/Dec/2021:09:25:28 -0500] "GET /sipse/faces/javax.faces.resource/layout/layout.js?ln=primefaces&v=4.0 HTTP/1.1" 304 -
181.50.145.56 - - [26/Dec/2021:09:25:28 -0500] "GET /reportes_sipse/sdg/ServletReporte?reporte=experienia_idoneidad&solicitud=16574&pfdrid_c=false HTTP/1.1" 200 111477
181.50.145.56 - - [26/Dec/2021:09:25:34 -0500] "POST /sipse/faces/presentacion/financiero/solicitudProceso/consultarSolicitudProceso.xhtml HTTP/1.1" 200 4240415
157.55.39.91 - - [26/Dec/2021:09:25:42 -0500] "GET /bla/resoluciones/autos%202010/1405.pdf HTTP/1.1" 200 252713
216.245.221.92 - - [26/Dec/2021:09:25:53 -0500] "HEAD / HTTP/1.1" 200 -
207.46.13.88 - - [26/Dec/2021:09:26:22 -0500] "GET /bla/resoluciones/resoluciones%202021/2625.pdf HTTP/1.1" 200 561655
201.245.192.253 - - [26/Dec/2021:09:26:29 -0500] "POST /kwsrmcab/Wsrmcab HTTP/1.1" 200 114724
190.25.105.59 - - [26/Dec/2021:09:27:53 -0500] "GET /galeria/galeria/jquery.fancybox.css?v=2.1.5 HTTP/1.1" 200 4895
216.245.221.92 - - [26/Dec/2021:09:30:53 -0500] "HEAD / HTTP/1.1" 200 -
207.46.13.52 - - [26/Dec/2021:09:31:53 -0500] "GET /bla/resoluciones/autos%202010/5460.pdf HTTP/1.1" 200 507171
157.55.39.106 - - [26/Dec/2021:09:32:56 -0500] "GET /bla/resoluciones/autos%202010/4412.pdf HTTP/1.1" 200 143429
201.245.192.253 - - [26/Dec/2021:09:32:27 -0500] "POST /kwsrmcab/Wsrmcab HTTP/1.1" 200 114724
201.245.192.253 - - [26/Dec/2021:09:33:07 -0500] "POST /kwsrmcab/Wsrmcab HTTP/1.1" 200 45379
195.54.160.149 - - [26/Dec/2021:09:34:40 -0500] "GET /?a=fetch&content=<php>die(@md5(HelloThinkCMF))</php> HTTP/1.1" 200 319
201.245.192.253 - - [26/Dec/2021:09:33:58 -0500] "POST /kwsrmcab/Wsrmcab HTTP/1.1" 200 45225
216.245.221.92 - - [26/Dec/2021:09:35:53 -0500] "HEAD / HTTP/1.1" 200 -
66.249.75.111 - - [26/Dec/2021:09:36:08 -0500] "-" 408 -
201.245.192.253 - - [26/Dec/2021:09:36:35 -0500] "POST /kwsrmcab/Wsrmcab HTTP/1.1" 200 114724
181.50.145.56 - - [26/Dec/2021:09:39:10 -0500] "POST /sipse/faces/presentacion/financiero/solicitudProceso/consultarSolicitudProceso.xhtml HTTP/1.1" 200 32367
181.50.145.56 - - [26/Dec/2021:09:39:10 -0500] "GET /sipse/faces/javax.faces.resource/jquery/jquery.js?ln=primefaces&v=4.0 HTTP/1.1" 304 -
181.50.145.56 - - [26/Dec/2021:09:39:10 -0500] "GET /sipse/faces/javax.faces.resource/jquery/jquery-plugins.js?ln=primefaces&v=4.0 HTTP/1.1" 304 -
181.50.145.56 - - [26/Dec/2021:09:39:10 -0500] "GET /sipse/faces/javax.faces.resource/primefaces.js?ln=primefaces&v=4.0 HTTP/1.1" 304 -
181.50.145.56 - - [26/Dec/2021:09:39:10 -0500] "GET /sipse/faces/javax.faces.resource/layout/layout.js?ln=primefaces&v=4.0 HTTP/1.1" 304 -
181.50.145.56 - - [26/Dec/2021:09:39:10 -0500] "POST /sipse/faces/presentacion/financiero/solicitudProceso/listarSolicitudProceso.xhtml HTTP/1.1" 200 25637
181.50.145.56 - - [26/Dec/2021:09:39:10 -0500] "POST /sipse/faces/presentacion/financiero/solicitudProceso/listarSolicitudProceso.xhtml HTTP/1.1" 200 25637
181.50.145.56 - - [26/Dec/2021:09:39:11 -0500] "POST /sipse/faces/presentacion/financiero/solicitudProceso/listarSolicitudProceso.xhtml HTTP/1.1" 200 25637
181.50.145.56 - - [26/Dec/2021:09:39:11 -0500] "POST /sipse/faces/presentacion/financiero/solicitudProceso/listarSolicitudProceso.xhtml HTTP/1.1" 200 25637
181.50.145.56 - - [26/Dec/2021:09:39:12 -0500] "POST /sipse/faces/presentacion/financiero/solicitudProceso/listarSolicitudProceso.xhtml HTTP/1.1" 200 25637
181.50.145.56 - - [26/Dec/2021:09:39:12 -0500] "POST /sipse/faces/presentacion/financiero/solicitudProceso/listarSolicitudProceso.xhtml HTTP/1.1" 200 25637
181.50.145.56 - - [26/Dec/2021:09:39:12 -0500] "POST /sipse/faces/presentacion/financiero/solicitudProceso/listarSolicitudProceso.xhtml HTTP/1.1" 200 1344
181.50.145.56 - - [26/Dec/2021:09:39:12 -0500] "POST /sipse/faces/presentacion/financiero/solicitudProceso/listarSolicitudProceso.xhtml HTTP/1.1" 200 1344
181.50.145.56 - - [26/Dec/2021:09:39:12 -0500] "POST /sipse/faces/presentacion/financiero/solicitudProceso/listarSolicitudProceso.xhtml HTTP/1.1" 200 1344
181.50.145.56 - - [26/Dec/2021:09:39:13 -0500] "POST /sipse/faces/presentacion/financiero/solicitudProceso/listarSolicitudProceso.xhtml HTTP/1.1" 200 1344
181.50.145.56 - - [26/Dec/2021:09:39:13 -0500] "POST /sipse/faces/presentacion/financiero/solicitudProceso/listarSolicitudProceso.xhtml HTTP/1.1" 200 1344
181.50.145.56 - - [26/Dec/2021:09:39:13 -0500] "POST /sipse/faces/presentacion/financiero/solicitudProceso/listarSolicitudProceso.xhtml HTTP/1.1" 200 1344
181.50.145.56 - - [26/Dec/2021:09:39:13 -0500] "POST /sipse/faces/presentacion/financiero/solicitudProceso/listarSolicitudProceso.xhtml HTTP/1.1" 200 1344
181.50.145.56 - - [26/Dec/2021:09:39:16 -0500] "POST /sipse/faces/presentacion/financiero/solicitudProceso/listarSolicitudProceso.xhtml HTTP/1.1" 200 30493
181.50.145.56 - - [26/Dec/2021:09:39:18 -0500] "POST /sipse/faces/presentacion/financiero/solicitudProceso/listarSolicitudProceso.xhtml HTTP/1.1" 200 30775
181.50.145.56 - - [26/Dec/2021:09:39:19 -0500] "POST /sipse/faces/presentacion/financiero/solicitudProceso/listarSolicitudProceso.xhtml HTTP/1.1" 200 30763
181.50.145.56 - - [26/Dec/2021:09:39:21 -0500] "POST /sipse/faces/presentacion/financiero/solicitudProceso/listarSolicitudProceso.xhtml HTTP/1.1" 200 30422
181.50.145.56 - - [26/Dec/2021:09:39:21 -0500] "POST /sipse/faces/presentacion/financiero/solicitudProceso/listarSolicitudProceso.xhtml HTTP/1.1" 200 30414
181.50.145.56 - - [26/Dec/2021:09:39:25 -0500] "POST /sipse/faces/presentacion/financiero/solicitudProceso/listarSolicitudProceso.xhtml HTTP/1.1" 200 8308
181.50.145.56 - - [26/Dec/2021:09:39:25 -0500] "POST /sipse/faces/presentacion/financiero/solicitudProceso/listarSolicitudProceso.xhtml HTTP/1.1" 200 8296
181.50.145.56 - - [26/Dec/2021:09:39:28 -0500] "POST /sipse/faces/presentacion/financiero/solicitudProceso/listarSolicitudProceso.xhtml HTTP/1.1" 200 136309
181.50.145.56 - - [26/Dec/2021:09:39:29 -0500] "GET /sipse/faces/javax.faces.resource/jquery/jquery.js?ln=primefaces&v=4.0 HTTP/1.1" 304 -
181.50.145.56 - - [26/Dec/2021:09:39:29 -0500] "GET /sipse/faces/javax.faces.resource/jquery/jquery-plugins.js?ln=primefaces&v=4.0 HTTP/1.1" 304 -
181.50.145.56 - - [26/Dec/2021:09:39:29 -0500] "GET /sipse/faces/javax.faces.resource/primefaces.js?ln=primefaces&v=4.0 HTTP/1.1" 304 -
181.50.145.56 - - [26/Dec/2021:09:39:29 -0500] "GET /sipse/faces/javax.faces.resource/layout/layout.js?ln=primefaces&v=4.0 HTTP/1.1" 304 -
181.50.145.56 - - [26/Dec/2021:09:39:29 -0500] "GET /reportes_sipse/sdg/ServletReporte?reporte=experienia_idoneidad&solicitud=16574&pfdrid_c=false HTTP/1.1" 200 111477
181.50.145.56 - - [26/Dec/2021:09:39:37 -0500] "POST /sipse/faces/presentacion/financiero/solicitudProceso/consultarSolicitudProceso.xhtml HTTP/1.1" 200 5492
181.50.145.56 - - [26/Dec/2021:09:39:38 -0500] "GET /reportes_sipse/sdg/ServletReporte?reporte=experienia_idoneidad&solicitud=17076&pfdrid_c=false HTTP/1.1" 200 123780
