186.148.168.245 - - [26/Dec/2021:20:11:20 -0500] "GET /sipse/faces/javax.faces.resource/jquery/jquery.js?ln=primefaces&v=4.0 HTTP/1.1" 304 -
186.148.168.245 - - [26/Dec/2021:20:11:20 -0500] "GET /sipse/faces/javax.faces.resource/jquery/jquery-plugins.js?ln=primefaces&v=4.0 HTTP/1.1" 304 -
186.148.168.245 - - [26/Dec/2021:20:11:20 -0500] "GET /sipse/faces/javax.faces.resource/primefaces.js?ln=primefaces&v=4.0 HTTP/1.1" 304 -
186.148.168.245 - - [26/Dec/2021:20:11:21 -0500] "GET /sipse/faces/javax.faces.resource/layout/layout.js?ln=primefaces&v=4.0 HTTP/1.1" 304 -
186.148.168.245 - - [26/Dec/2021:20:11:21 -0500] "GET /sipse/imagenes/logoAplicacion.jpg HTTP/1.1" 304 -
186.148.168.245 - - [26/Dec/2021:20:11:21 -0500] "GET /sipse/imagenes/cargando.gif HTTP/1.1" 304 -
186.148.168.245 - - [26/Dec/2021:20:11:21 -0500] "GET /sipse/css/imagen/contrasena.png HTTP/1.1" 404 383
186.148.168.245 - - [26/Dec/2021:20:11:44 -0500] "GET /sipse/faces/javax.faces.resource/images/ui-bg_flat_0_2d5972_40x100.png?ln=primefaces-aristo HTTP/1.1" 304 -
186.148.168.245 - - [26/Dec/2021:20:11:45 -0500] "POST /sipse/faces/bienvenido.xhtml HTTP/1.1" 200 2055
186.148.168.245 - - [26/Dec/2021:20:11:45 -0500] "POST /sipse/faces/bienvenido.xhtml HTTP/1.1" 200 81709
190.249.20.144 - - [26/Dec/2021:20:11:56 -0500] "GET /sipse/faces/javax.faces.resource/images/ui-bg_flat_0_2d5972_40x100.png?ln=primefaces-aristo HTTP/1.1" 304 -
190.249.20.144 - - [26/Dec/2021:20:11:56 -0500] "POST /sipse/faces/bienvenido.xhtml HTTP/1.1" 200 2658
186.148.168.245 - - [26/Dec/2021:20:11:59 -0500] "GET /sipse/faces/javax.faces.resource/theme.css?ln=primefaces-sipse HTTP/1.1" 304 -
186.148.168.245 - - [26/Dec/2021:20:11:59 -0500] "GET /sipse/faces/javax.faces.resource/primefaces.css?ln=primefaces&v=4.0 HTTP/1.1" 304 -
186.148.168.245 - - [26/Dec/2021:20:11:59 -0500] "GET /sipse/faces/javax.faces.resource/jquery/jquery.js?ln=primefaces&v=4.0 HTTP/1.1" 304 -
186.148.168.245 - - [26/Dec/2021:20:11:59 -0500] "GET /sipse/faces/javax.faces.resource/layout/layout.css?ln=primefaces&v=4.0 HTTP/1.1" 304 -
186.148.168.245 - - [26/Dec/2021:20:12:00 -0500] "GET /sipse/faces/javax.faces.resource/jquery/jquery-plugins.js?ln=primefaces&v=4.0 HTTP/1.1" 304 -
186.148.168.245 - - [26/Dec/2021:20:12:00 -0500] "GET /sipse/faces/javax.faces.resource/primefaces.js?ln=primefaces&v=4.0 HTTP/1.1" 304 -
186.148.168.245 - - [26/Dec/2021:20:12:00 -0500] "GET /sipse/faces/javax.faces.resource/layout/layout.js?ln=primefaces&v=4.0 HTTP/1.1" 304 -
190.249.20.144 - - [26/Dec/2021:20:11:58 -0500] "POST /sipse/faces/bienvenido.xhtml HTTP/1.1" 200 61416
190.249.20.144 - - [26/Dec/2021:20:12:01 -0500] "GET /sipse/faces/javax.faces.resource/theme.css?ln=primefaces-sipse HTTP/1.1" 304 -
190.249.20.144 - - [26/Dec/2021:20:12:01 -0500] "GET /sipse/faces/javax.faces.resource/primefaces.css?ln=primefaces&v=4.0 HTTP/1.1" 304 -
190.249.20.144 - - [26/Dec/2021:20:12:01 -0500] "GET /sipse/faces/javax.faces.resource/layout/layout.css?ln=primefaces&v=4.0 HTTP/1.1" 304 -
190.249.20.144 - - [26/Dec/2021:20:12:01 -0500] "GET /sipse/faces/javax.faces.resource/jquery/jquery.js?ln=primefaces&v=4.0 HTTP/1.1" 304 -
190.249.20.144 - - [26/Dec/2021:20:12:01 -0500] "GET /sipse/faces/javax.faces.resource/jquery/jquery-plugins.js?ln=primefaces&v=4.0 HTTP/1.1" 304 -
190.249.20.144 - - [26/Dec/2021:20:12:01 -0500] "GET /sipse/faces/javax.faces.resource/primefaces.js?ln=primefaces&v=4.0 HTTP/1.1" 304 -
190.249.20.144 - - [26/Dec/2021:20:12:01 -0500] "GET /sipse/faces/javax.faces.resource/layout/layout.js?ln=primefaces&v=4.0 HTTP/1.1" 304 -
190.249.20.144 - - [26/Dec/2021:20:12:01 -0500] "POST /sipse/faces/presentacion/financiero/solicitudProceso/listarSolicitudProceso.xhtml HTTP/1.1" 200 1448
186.148.168.245 - - [26/Dec/2021:20:12:06 -0500] "POST /sipse/faces/presentacion/proyectos/proyecto/listarProyecto.xhtml HTTP/1.1" 200 4921
186.148.168.245 - - [26/Dec/2021:20:12:08 -0500] "POST /sipse/faces/presentacion/proyectos/proyecto/listarProyecto.xhtml HTTP/1.1" 200 163
186.148.168.245 - - [26/Dec/2021:20:12:09 -0500] "GET /sipse/faces/javax.faces.resource/primefaces.css?ln=primefaces&v=4.0 HTTP/1.1" 304 -
186.148.168.245 - - [26/Dec/2021:20:12:09 -0500] "GET /sipse/faces/javax.faces.resource/jquery/jquery.js?ln=primefaces&v=4.0 HTTP/1.1" 304 -
186.148.168.245 - - [26/Dec/2021:20:12:09 -0500] "GET /sipse/faces/javax.faces.resource/layout/layout.css?ln=primefaces&v=4.0 HTTP/1.1" 304 -
186.148.168.245 - - [26/Dec/2021:20:12:09 -0500] "GET /sipse/faces/javax.faces.resource/theme.css?ln=primefaces-sipse HTTP/1.1" 304 -
186.148.168.245 - - [26/Dec/2021:20:12:09 -0500] "GET /sipse/faces/javax.faces.resource/layout/layout.js?ln=primefaces&v=4.0 HTTP/1.1" 304 -
186.148.168.245 - - [26/Dec/2021:20:12:09 -0500] "GET /sipse/faces/javax.faces.resource/jquery/jquery-plugins.js?ln=primefaces&v=4.0 HTTP/1.1" 304 -
186.148.168.245 - - [26/Dec/2021:20:12:09 -0500] "GET /sipse/faces/javax.faces.resource/primefaces.js?ln=primefaces&v=4.0 HTTP/1.1" 304 -
186.148.168.245 - - [26/Dec/2021:20:12:08 -0500] "GET /sipse/faces/presentacion/proyectos/proyecto/proyecto.xhtml HTTP/1.1" 200 87387
186.148.168.245 - - [26/Dec/2021:20:12:13 -0500] "POST /sipse/faces/presentacion/proyectos/proyecto/proyecto.xhtml HTTP/1.1" 200 3261
190.249.20.144 - - [26/Dec/2021:20:12:14 -0500] "POST /sipse/faces/presentacion/financiero/solicitudProceso/listarSolicitudProceso.xhtml HTTP/1.1" 200 132913
190.249.20.144 - - [26/Dec/2021:20:12:15 -0500] "GET /sipse/faces/javax.faces.resource/theme.css?ln=primefaces-sipse HTTP/1.1" 304 -
190.249.20.144 - - [26/Dec/2021:20:12:15 -0500] "GET /sipse/faces/javax.faces.resource/primefaces.css?ln=primefaces&v=4.0 HTTP/1.1" 304 -
190.249.20.144 - - [26/Dec/2021:20:12:15 -0500] "GET /sipse/faces/javax.faces.resource/layout/layout.css?ln=primefaces&v=4.0 HTTP/1.1" 304 -
190.249.20.144 - - [26/Dec/2021:20:12:16 -0500] "GET /sipse/faces/javax.faces.resource/jquery/jquery.js?ln=primefaces&v=4.0 HTTP/1.1" 304 -
190.249.20.144 - - [26/Dec/2021:20:12:16 -0500] "GET /sipse/faces/javax.faces.resource/jquery/jquery-plugins.js?ln=primefaces&v=4.0 HTTP/1.1" 304 -
190.249.20.144 - - [26/Dec/2021:20:12:16 -0500] "GET /sipse/faces/javax.faces.resource/primefaces.js?ln=primefaces&v=4.0 HTTP/1.1" 304 -
190.249.20.144 - - [26/Dec/2021:20:12:16 -0500] "GET /sipse/faces/javax.faces.resource/layout/layout.js?ln=primefaces&v=4.0 HTTP/1.1" 304 -
190.249.20.144 - - [26/Dec/2021:20:12:16 -0500] "GET /reportes_sipse/sdg/ServletReporte?reporte=experienia_idoneidad&solicitud=17076&pfdrid_c=false HTTP/1.1" 200 123780
186.148.168.245 - - [26/Dec/2021:20:12:19 -0500] "POST /sipse/faces/presentacion/proyectos/proyecto/proyecto.xhtml HTTP/1.1" 200 46571
186.148.168.245 - - [26/Dec/2021:20:12:23 -0500] "GET /sipse/faces/javax.faces.resource/spacer/dot_clear.gif?ln=primefaces&v=4.0 HTTP/1.1" 304 -
186.148.168.245 - - [26/Dec/2021:20:12:23 -0500] "POST /sipse/faces/presentacion/proyectos/proyecto/proyecto.xhtml HTTP/1.1" 200 3953
190.249.20.144 - - [26/Dec/2021:20:12:33 -0500] "GET /sipse/faces/javax.faces.resource/theme.css?ln=primefaces-sipse HTTP/1.1" 304 -
190.249.20.144 - - [26/Dec/2021:20:12:33 -0500] "GET /sipse/faces/javax.faces.resource/primefaces.css?ln=primefaces&v=4.0 HTTP/1.1" 304 -
190.249.20.144 - - [26/Dec/2021:20:12:33 -0500] "GET /sipse/faces/javax.faces.resource/jquery/jquery.js?ln=primefaces&v=4.0 HTTP/1.1" 304 -
190.249.20.144 - - [26/Dec/2021:20:12:33 -0500] "GET /sipse/faces/javax.faces.resource/primefaces.js?ln=primefaces&v=4.0 HTTP/1.1" 304 -
190.249.20.144 - - [26/Dec/2021:20:12:33 -0500] "GET /sipse/faces/javax.faces.resource/layout/layout.js?ln=primefaces&v=4.0 HTTP/1.1" 304 -
190.249.20.144 - - [26/Dec/2021:20:12:32 -0500] "POST /sipse/faces/presentacion/financiero/solicitudProceso/consultarSolicitudProceso.xhtml HTTP/1.1" 200 34959
190.249.20.144 - - [26/Dec/2021:20:12:33 -0500] "GET /sipse/faces/javax.faces.resource/jquery/jquery-plugins.js?ln=primefaces&v=4.0 HTTP/1.1" 304 -
190.249.20.144 - - [26/Dec/2021:20:12:33 -0500] "GET /sipse/faces/javax.faces.resource/layout/layout.css?ln=primefaces&v=4.0 HTTP/1.1" 304 -
190.249.20.144 - - [26/Dec/2021:20:12:33 -0500] "GET /sipse/css/imagen/contrasena.png HTTP/1.1" 404 383
190.249.20.144 - - [26/Dec/2021:20:12:33 -0500] "GET /sipse/faces/javax.faces.resource/images/ui-icons_898989_256x240.png?ln=primefaces-aristo HTTP/1.1" 304 -
186.148.168.245 - - [26/Dec/2021:20:12:32 -0500] "POST /sipse/faces/presentacion/proyectos/proyecto/proyecto.xhtml HTTP/1.1" 200 75815
190.249.20.144 - - [26/Dec/2021:20:12:43 -0500] "GET /sipse/faces/javax.faces.resource/images/ui-bg_flat_0_2d5972_40x100.png?ln=primefaces-aristo HTTP/1.1" 304 -
190.249.20.144 - - [26/Dec/2021:20:12:43 -0500] "POST /sipse/faces/presentacion/financiero/solicitudProceso/consultarHistorialSolProceso.xhtml HTTP/1.1" 200 61416
190.249.20.144 - - [26/Dec/2021:20:12:44 -0500] "GET /sipse/faces/javax.faces.resource/theme.css?ln=primefaces-sipse HTTP/1.1" 304 -
190.249.20.144 - - [26/Dec/2021:20:12:44 -0500] "GET /sipse/faces/javax.faces.resource/primefaces.css?ln=primefaces&v=4.0 HTTP/1.1" 304 -
190.249.20.144 - - [26/Dec/2021:20:12:44 -0500] "GET /sipse/faces/javax.faces.resource/jquery/jquery.js?ln=primefaces&v=4.0 HTTP/1.1" 304 -
190.249.20.144 - - [26/Dec/2021:20:12:44 -0500] "GET /sipse/faces/javax.faces.resource/jquery/jquery-plugins.js?ln=primefaces&v=4.0 HTTP/1.1" 304 -
190.249.20.144 - - [26/Dec/2021:20:12:44 -0500] "GET /sipse/faces/javax.faces.resource/primefaces.js?ln=primefaces&v=4.0 HTTP/1.1" 304 -
190.249.20.144 - - [26/Dec/2021:20:12:44 -0500] "GET /sipse/faces/javax.faces.resource/layout/layout.js?ln=primefaces&v=4.0 HTTP/1.1" 304 -
190.249.20.144 - - [26/Dec/2021:20:12:44 -0500] "GET /sipse/css/imagen/contrasena.png HTTP/1.1" 404 383
190.249.20.144 - - [26/Dec/2021:20:12:44 -0500] "GET /sipse/faces/javax.faces.resource/layout/layout.css?ln=primefaces&v=4.0 HTTP/1.1" 304 -
190.249.20.144 - - [26/Dec/2021:20:12:44 -0500] "POST /sipse/faces/presentacion/financiero/solicitudProceso/listarSolicitudProceso.xhtml HTTP/1.1" 200 1448
190.249.20.144 - - [26/Dec/2021:20:12:48 -0500] "POST /sipse/faces/presentacion/financiero/solicitudProceso/listarSolicitudProceso.xhtml HTTP/1.1" 200 131195
190.249.20.144 - - [26/Dec/2021:20:12:49 -0500] "GET /sipse/faces/javax.faces.resource/theme.css?ln=primefaces-sipse HTTP/1.1" 304 -
190.249.20.144 - - [26/Dec/2021:20:12:49 -0500] "GET /sipse/faces/javax.faces.resource/primefaces.css?ln=primefaces&v=4.0 HTTP/1.1" 304 -
190.249.20.144 - - [26/Dec/2021:20:12:49 -0500] "GET /sipse/faces/javax.faces.resource/jquery/jquery.js?ln=primefaces&v=4.0 HTTP/1.1" 304 -
190.249.20.144 - - [26/Dec/2021:20:12:49 -0500] "GET /sipse/faces/javax.faces.resource/jquery/jquery-plugins.js?ln=primefaces&v=4.0 HTTP/1.1" 304 -
190.249.20.144 - - [26/Dec/2021:20:12:49 -0500] "GET /sipse/faces/javax.faces.resource/primefaces.js?ln=primefaces&v=4.0 HTTP/1.1" 304 -
190.249.20.144 - - [26/Dec/2021:20:12:50 -0500] "GET /sipse/faces/javax.faces.resource/layout/layout.js?ln=primefaces&v=4.0 HTTP/1.1" 304 -
190.249.20.144 - - [26/Dec/2021:20:12:50 -0500] "GET /sipse/faces/javax.faces.resource/layout/layout.css?ln=primefaces&v=4.0 HTTP/1.1" 304 -
190.249.20.144 - - [26/Dec/2021:20:12:50 -0500] "GET /reportes_sipse/sdg/ServletReporte?reporte=experienia_idoneidad&solicitud=17076&pfdrid_c=false HTTP/1.1" 200 123780
181.55.143.123 - - [26/Dec/2021:20:12:51 -0500] "GET /sipse/faces/javax.faces.resource/theme.css?ln=primefaces-sipse HTTP/1.1" 304 -
181.55.143.123 - - [26/Dec/2021:20:12:51 -0500] "GET /sipse/faces/javax.faces.resource/layout/layout.css?ln=primefaces&v=4.0 HTTP/1.1" 304 -
181.55.143.123 - - [26/Dec/2021:20:12:51 -0500] "GET /sipse/faces/javax.faces.resource/primefaces.css?ln=primefaces&v=4.0 HTTP/1.1" 304 -
181.55.143.123 - - [26/Dec/2021:20:12:51 -0500] "GET /sipse/faces/javax.faces.resource/jquery/jquery.js?ln=primefaces&v=4.0 HTTP/1.1" 304 -
181.55.143.123 - - [26/Dec/2021:20:12:51 -0500] "GET /sipse/faces/javax.faces.resource/jquery/jquery-plugins.js?ln=primefaces&v=4.0 HTTP/1.1" 304 -
181.55.143.123 - - [26/Dec/2021:20:12:51 -0500] "GET /sipse/faces/javax.faces.resource/primefaces.js?ln=primefaces&v=4.0 HTTP/1.1" 304 -
181.55.143.123 - - [26/Dec/2021:20:12:51 -0500] "GET /sipse/faces/javax.faces.resource/layout/layout.js?ln=primefaces&v=4.0 HTTP/1.1" 304 -
181.55.143.123 - - [26/Dec/2021:20:12:50 -0500] "POST /sipse/faces/presentacion/financiero/solicitudProceso/consultarHistorialSolProceso.xhtml HTTP/1.1" 200 177126
181.55.143.123 - - [26/Dec/2021:20:12:51 -0500] "GET /reportes_sipse/sdg/ServletReporte?reporte=experienia_idoneidad&solicitud=17076&pfdrid_c=false HTTP/1.1" 200 123780
157.55.39.91 - - [26/Dec/2021:20:12:54 -0500] "GET /bla/resoluciones/autos%202010/5374.pdf HTTP/1.1" 200 390156
190.249.20.144 - - [26/Dec/2021:20:12:59 -0500] "POST /sipse/faces/presentacion/financiero/solicitudProceso/consultarSolicitudProceso.xhtml HTTP/1.1" 200 33238
190.249.20.144 - - [26/Dec/2021:20:13:00 -0500] "GET /sipse/faces/javax.faces.resource/theme.css?ln=primefaces-sipse HTTP/1.1" 304 -
190.249.20.144 - - [26/Dec/2021:20:13:00 -0500] "GET /sipse/faces/javax.faces.resource/primefaces.css?ln=primefaces&v=4.0 HTTP/1.1" 304 -
190.249.20.144 - - [26/Dec/2021:20:13:00 -0500] "GET /sipse/faces/javax.faces.resource/layout/layout.css?ln=primefaces&v=4.0 HTTP/1.1" 304 -
190.249.20.144 - - [26/Dec/2021:20:13:00 -0500] "GET /sipse/faces/javax.faces.resource/jquery/jquery.js?ln=primefaces&v=4.0 HTTP/1.1" 304 -
190.249.20.144 - - [26/Dec/2021:20:13:00 -0500] "GET /sipse/faces/javax.faces.resource/layout/layout.js?ln=primefaces&v=4.0 HTTP/1.1" 304 -
190.249.20.144 - - [26/Dec/2021:20:13:00 -0500] "GET /sipse/faces/javax.faces.resource/jquery/jquery-plugins.js?ln=primefaces&v=4.0 HTTP/1.1" 304 -
190.249.20.144 - - [26/Dec/2021:20:13:00 -0500] "GET /sipse/faces/javax.faces.resource/primefaces.js?ln=primefaces&v=4.0 HTTP/1.1" 304 -
190.249.20.144 - - [26/Dec/2021:20:13:00 -0500] "GET /sipse/css/imagen/contrasena.png HTTP/1.1" 404 383
190.249.20.144 - - [26/Dec/2021:20:13:00 -0500] "GET /sipse/faces/javax.faces.resource/images/ui-icons_898989_256x240.png?ln=primefaces-aristo HTTP/1.1" 304 -
186.148.168.245 - - [26/Dec/2021:20:13:04 -0500] "POST /sipse/faces/presentacion/proyectos/proyecto/proyecto.xhtml HTTP/1.1" 200 17792
201.245.192.253 - - [26/Dec/2021:20:12:21 -0500] "POST /kwsrmcab/Wsrmcab HTTP/1.1" 200 114994
181.55.143.123 - - [26/Dec/2021:20:13:14 -0500] "POST /sipse/faces/presentacion/financiero/solicitudProceso/consultarSolicitudProceso.xhtml HTTP/1.1" 200 34977
181.55.143.123 - - [26/Dec/2021:20:13:15 -0500] "GET /sipse/faces/javax.faces.resource/theme.css?ln=primefaces-sipse HTTP/1.1" 304 -
181.55.143.123 - - [26/Dec/2021:20:13:15 -0500] "GET /sipse/faces/javax.faces.resource/layout/layout.css?ln=primefaces&v=4.0 HTTP/1.1" 304 -
181.55.143.123 - - [26/Dec/2021:20:13:15 -0500] "GET /sipse/faces/javax.faces.resource/primefaces.css?ln=primefaces&v=4.0 HTTP/1.1" 304 -
181.55.143.123 - - [26/Dec/2021:20:13:15 -0500] "GET /sipse/faces/javax.faces.resource/jquery/jquery.js?ln=primefaces&v=4.0 HTTP/1.1" 304 -
181.55.143.123 - - [26/Dec/2021:20:13:15 -0500] "GET /sipse/faces/javax.faces.resource/jquery/jquery-plugins.js?ln=primefaces&v=4.0 HTTP/1.1" 304 -
181.55.143.123 - - [26/Dec/2021:20:13:15 -0500] "GET /sipse/faces/javax.faces.resource/primefaces.js?ln=primefaces&v=4.0 HTTP/1.1" 304 -
181.55.143.123 - - [26/Dec/2021:20:13:15 -0500] "GET /sipse/faces/javax.faces.resource/layout/layout.js?ln=primefaces&v=4.0 HTTP/1.1" 304 -
181.55.143.123 - - [26/Dec/2021:20:13:15 -0500] "GET /sipse/faces/javax.faces.resource/images/ui-icons_898989_256x240.png?ln=primefaces-aristo HTTP/1.1" 304 -
181.55.143.123 - - [26/Dec/2021:20:13:15 -0500] "GET /sipse/faces/javax.faces.resource/images/ui-bg_flat_0_2d5972_40x100.png?ln=primefaces-aristo HTTP/1.1" 304 -
181.55.143.123 - - [26/Dec/2021:20:13:15 -0500] "POST /sipse/faces/presentacion/financiero/solicitudProceso/listarSolicitudProceso.xhtml HTTP/1.1" 200 1344
181.55.143.123 - - [26/Dec/2021:20:13:16 -0500] "POST /sipse/faces/presentacion/financiero/solicitudProceso/listarSolicitudProceso.xhtml HTTP/1.1" 200 2645
181.55.143.123 - - [26/Dec/2021:20:13:17 -0500] "POST /sipse/faces/presentacion/financiero/solicitudProceso/listarSolicitudProceso.xhtml HTTP/1.1" 200 40851
181.55.143.123 - - [26/Dec/2021:20:13:17 -0500] "GET /sipse/faces/javax.faces.resource/theme.css?ln=primefaces-sipse HTTP/1.1" 304 -
181.55.143.123 - - [26/Dec/2021:20:13:17 -0500] "GET /sipse/faces/javax.faces.resource/primefaces.css?ln=primefaces&v=4.0 HTTP/1.1" 304 -
181.55.143.123 - - [26/Dec/2021:20:13:17 -0500] "GET /sipse/faces/javax.faces.resource/layout/layout.css?ln=primefaces&v=4.0 HTTP/1.1" 304 -
181.55.143.123 - - [26/Dec/2021:20:13:17 -0500] "GET /sipse/faces/javax.faces.resource/jquery/jquery.js?ln=primefaces&v=4.0 HTTP/1.1" 304 -
181.55.143.123 - - [26/Dec/2021:20:13:17 -0500] "GET /sipse/faces/javax.faces.resource/jquery/jquery-plugins.js?ln=primefaces&v=4.0 HTTP/1.1" 304 -
181.55.143.123 - - [26/Dec/2021:20:13:17 -0500] "GET /sipse/faces/javax.faces.resource/primefaces.js?ln=primefaces&v=4.0 HTTP/1.1" 304 -
181.55.143.123 - - [26/Dec/2021:20:13:18 -0500] "GET /sipse/faces/javax.faces.resource/layout/layout.js?ln=primefaces&v=4.0 HTTP/1.1" 304 -
181.55.143.123 - - [26/Dec/2021:20:13:18 -0500] "POST /sipse/faces/presentacion/financiero/solicitudProceso/consultar.xhtml HTTP/1.1" 200 34128
186.148.168.245 - - [26/Dec/2021:20:13:16 -0500] "POST /sipse/faces/presentacion/proyectos/proyecto/proyecto.xhtml HTTP/1.1" 200 75847
181.55.143.123 - - [26/Dec/2021:20:13:20 -0500] "POST /sipse/faces/presentacion/financiero/solicitudProceso/consultar.xhtml HTTP/1.1" 200 12902
190.249.20.144 - - [26/Dec/2021:20:13:21 -0500] "GET /sipse/faces/javax.faces.resource/theme.css?ln=primefaces-sipse HTTP/1.1" 304 -
190.249.20.144 - - [26/Dec/2021:20:13:21 -0500] "GET /sipse/faces/javax.faces.resource/primefaces.js?ln=primefaces&v=4.0 HTTP/1.1" 304 -
190.249.20.144 - - [26/Dec/2021:20:13:21 -0500] "GET /sipse/faces/javax.faces.resource/layout/layout.css?ln=primefaces&v=4.0 HTTP/1.1" 304 -
190.249.20.144 - - [26/Dec/2021:20:13:21 -0500] "GET /sipse/faces/javax.faces.resource/primefaces.css?ln=primefaces&v=4.0 HTTP/1.1" 304 -
190.249.20.144 - - [26/Dec/2021:20:13:21 -0500] "GET /sipse/faces/javax.faces.resource/jquery/jquery.js?ln=primefaces&v=4.0 HTTP/1.1" 304 -
190.249.20.144 - - [26/Dec/2021:20:13:21 -0500] "GET /sipse/faces/javax.faces.resource/layout/layout.js?ln=primefaces&v=4.0 HTTP/1.1" 304 -
190.249.20.144 - - [26/Dec/2021:20:13:20 -0500] "POST /sipse/faces/presentacion/financiero/solicitudProceso/consultarHistorialSolProceso.xhtml HTTP/1.1" 200 176941
190.249.20.144 - - [26/Dec/2021:20:13:21 -0500] "GET /sipse/faces/javax.faces.resource/jquery/jquery-plugins.js?ln=primefaces&v=4.0 HTTP/1.1" 304 -
190.249.20.144 - - [26/Dec/2021:20:13:21 -0500] "GET /sipse/css/imagen/contrasena.png HTTP/1.1" 404 383
190.249.20.144 - - [26/Dec/2021:20:13:21 -0500] "GET /sipse/faces/javax.faces.resource/images/ui-icons_898989_256x240.png?ln=primefaces-aristo HTTP/1.1" 304 -
190.249.20.144 - - [26/Dec/2021:20:13:21 -0500] "GET /reportes_sipse/sdg/ServletReporte?reporte=experienia_idoneidad&solicitud=17076&pfdrid_c=false HTTP/1.1" 200 123780
185.53.90.24 - - [26/Dec/2021:20:13:24 -0500] "GET http://azenv.net/ HTTP/1.1" 200 319
190.249.20.144 - - [26/Dec/2021:20:13:24 -0500] "GET /sipse/faces/javax.faces.resource/images/ui-bg_flat_0_2d5972_40x100.png?ln=primefaces-aristo HTTP/1.1" 304 -
190.249.20.144 - - [26/Dec/2021:20:13:24 -0500] "POST /sipse/faces/presentacion/financiero/solicitudProceso/consultarSolicitudProceso.xhtml HTTP/1.1" 200 61416
190.249.20.144 - - [26/Dec/2021:20:13:25 -0500] "GET /sipse/faces/javax.faces.resource/theme.css?ln=primefaces-sipse HTTP/1.1" 304 -
190.249.20.144 - - [26/Dec/2021:20:13:25 -0500] "GET /sipse/faces/javax.faces.resource/primefaces.css?ln=primefaces&v=4.0 HTTP/1.1" 304 -
190.249.20.144 - - [26/Dec/2021:20:13:25 -0500] "GET /sipse/faces/javax.faces.resource/layout/layout.css?ln=primefaces&v=4.0 HTTP/1.1" 304 -
190.249.20.144 - - [26/Dec/2021:20:13:25 -0500] "GET /sipse/faces/javax.faces.resource/jquery/jquery.js?ln=primefaces&v=4.0 HTTP/1.1" 304 -
190.249.20.144 - - [26/Dec/2021:20:13:25 -0500] "GET /sipse/faces/javax.faces.resource/jquery/jquery-plugins.js?ln=primefaces&v=4.0 HTTP/1.1" 304 -
190.249.20.144 - - [26/Dec/2021:20:13:25 -0500] "GET /sipse/faces/javax.faces.resource/primefaces.js?ln=primefaces&v=4.0 HTTP/1.1" 304 -
190.249.20.144 - - [26/Dec/2021:20:13:25 -0500] "GET /sipse/faces/javax.faces.resource/layout/layout.js?ln=primefaces&v=4.0 HTTP/1.1" 304 -
190.249.20.144 - - [26/Dec/2021:20:13:25 -0500] "GET /sipse/css/imagen/contrasena.png HTTP/1.1" 404 383
190.249.20.144 - - [26/Dec/2021:20:13:25 -0500] "POST /sipse/faces/presentacion/financiero/solicitudProceso/listarSolicitudProceso.xhtml HTTP/1.1" 200 1448
181.55.143.123 - - [26/Dec/2021:20:13:43 -0500] "POST /sipse/faces/presentacion/financiero/solicitudProceso/consultar.xhtml HTTP/1.1" 200 12816
181.55.143.123 - - [26/Dec/2021:20:13:45 -0500] "POST /sipse/faces/presentacion/financiero/solicitudProceso/consultar.xhtml HTTP/1.1" 200 12816
186.144.234.173 - - [26/Dec/2021:20:13:48 -0500] "GET /BLA/resoluciones/ HTTP/1.1" 200 12684
186.144.234.173 - - [26/Dec/2021:20:13:50 -0500] "GET /BLA/resoluciones/index.php?dir=RESOLUCIONES+2021%2F HTTP/1.1" 200 209694
181.55.143.123 - - [26/Dec/2021:20:13:55 -0500] "POST /sipse/faces/presentacion/financiero/solicitudProceso/consultar.xhtml HTTP/1.1" 200 12921
181.55.143.123 - - [26/Dec/2021:20:14:02 -0500] "POST /sipse/faces/presentacion/financiero/solicitudProceso/consultar.xhtml HTTP/1.1" 200 12816
186.144.234.173 - - [26/Dec/2021:20:14:06 -0500] "GET /BLA/resoluciones/RESOLUCIONES%202021/3834.pdf HTTP/1.1" 200 488746
181.55.143.123 - - [26/Dec/2021:20:14:13 -0500] "POST /sipse/faces/presentacion/financiero/solicitudProceso/consultar.xhtml HTTP/1.1" 200 12818
186.148.168.245 - - [26/Dec/2021:20:14:16 -0500] "POST /sipse/faces/presentacion/proyectos/proyecto/proyecto.xhtml HTTP/1.1" 200 17792
186.148.168.245 - - [26/Dec/2021:20:14:27 -0500] "POST /sipse/faces/presentacion/proyectos/proyecto/proyecto.xhtml HTTP/1.1" 200 75847
186.148.168.245 - - [26/Dec/2021:20:14:53 -0500] "POST /sipse/faces/presentacion/proyectos/proyecto/proyecto.xhtml HTTP/1.1" 200 160575
186.148.168.245 - - [26/Dec/2021:20:15:00 -0500] "GET /sipse/faces/javax.faces.resource/theme.css?ln=primefaces-sipse HTTP/1.1" 304 -
186.148.168.245 - - [26/Dec/2021:20:15:00 -0500] "GET /sipse/faces/javax.faces.resource/jquery/jquery.js?ln=primefaces&v=4.0 HTTP/1.1" 304 -
186.148.168.245 - - [26/Dec/2021:20:15:00 -0500] "GET /sipse/faces/javax.faces.resource/primefaces.css?ln=primefaces&v=4.0 HTTP/1.1" 304 -
186.148.168.245 - - [26/Dec/2021:20:15:00 -0500] "GET /sipse/faces/javax.faces.resource/layout/layout.css?ln=primefaces&v=4.0 HTTP/1.1" 304 -
186.148.168.245 - - [26/Dec/2021:20:15:00 -0500] "GET /sipse/faces/javax.faces.resource/jquery/jquery-plugins.js?ln=primefaces&v=4.0 HTTP/1.1" 304 -
186.148.168.245 - - [26/Dec/2021:20:15:00 -0500] "GET /sipse/faces/javax.faces.resource/primefaces.js?ln=primefaces&v=4.0 HTTP/1.1" 304 -
186.148.168.245 - - [26/Dec/2021:20:15:00 -0500] "GET /sipse/faces/javax.faces.resource/layout/layout.js?ln=primefaces&v=4.0 HTTP/1.1" 304 -
181.55.143.123 - - [26/Dec/2021:20:15:06 -0500] "POST /sipse/faces/presentacion/financiero/solicitudProceso/consultar.xhtml HTTP/1.1" 200 12824
181.55.143.123 - - [26/Dec/2021:20:15:25 -0500] "POST /sipse/faces/presentacion/financiero/solicitudProceso/consultar.xhtml HTTP/1.1" 200 12824
181.55.143.123 - - [26/Dec/2021:20:15:34 -0500] "POST /sipse/faces/presentacion/financiero/solicitudProceso/consultar.xhtml HTTP/1.1" 200 12829
181.55.143.123 - - [26/Dec/2021:20:15:41 -0500] "POST /sipse/faces/presentacion/financiero/solicitudProceso/consultar.xhtml HTTP/1.1" 200 12855
216.245.221.92 - - [26/Dec/2021:20:15:51 -0500] "HEAD / HTTP/1.1" 200 -
181.55.143.123 - - [26/Dec/2021:20:15:53 -0500] "POST /sipse/faces/presentacion/financiero/solicitudProceso/consultar.xhtml HTTP/1.1" 200 12844
181.55.143.123 - - [26/Dec/2021:20:15:58 -0500] "POST /sipse/faces/presentacion/financiero/solicitudProceso/consultar.xhtml HTTP/1.1" 200 12836
186.148.168.245 - - [26/Dec/2021:20:16:03 -0500] "POST /sipse/faces/presentacion/proyectos/proyecto/actividad/crearActividad.xhtml HTTP/1.1" 200 92025
186.148.168.245 - - [26/Dec/2021:20:16:06 -0500] "GET /sipse/faces/javax.faces.resource/theme.css?ln=primefaces-sipse HTTP/1.1" 304 -
186.148.168.245 - - [26/Dec/2021:20:16:06 -0500] "GET /sipse/faces/javax.faces.resource/jquery/jquery.js?ln=primefaces&v=4.0 HTTP/1.1" 304 -
186.148.168.245 - - [26/Dec/2021:20:16:06 -0500] "GET /sipse/faces/javax.faces.resource/primefaces.css?ln=primefaces&v=4.0 HTTP/1.1" 304 -
186.148.168.245 - - [26/Dec/2021:20:16:06 -0500] "GET /sipse/faces/javax.faces.resource/layout/layout.css?ln=primefaces&v=4.0 HTTP/1.1" 304 -
186.148.168.245 - - [26/Dec/2021:20:16:06 -0500] "GET /sipse/faces/javax.faces.resource/jquery/jquery-plugins.js?ln=primefaces&v=4.0 HTTP/1.1" 304 -
186.148.168.245 - - [26/Dec/2021:20:16:06 -0500] "GET /sipse/faces/javax.faces.resource/primefaces.js?ln=primefaces&v=4.0 HTTP/1.1" 304 -
186.148.168.245 - - [26/Dec/2021:20:16:07 -0500] "GET /sipse/faces/javax.faces.resource/layout/layout.js?ln=primefaces&v=4.0 HTTP/1.1" 304 -
186.148.168.245 - - [26/Dec/2021:20:16:07 -0500] "GET /sipse/faces/javax.faces.resource/images/ui-icons_898989_256x240.png?ln=primefaces-aristo HTTP/1.1" 304 -
186.148.168.245 - - [26/Dec/2021:20:16:07 -0500] "GET /sipse/faces/javax.faces.resource/images/ui-bg_flat_0_2d5972_40x100.png?ln=primefaces-aristo HTTP/1.1" 304 -
186.148.168.245 - - [26/Dec/2021:20:16:07 -0500] "POST /sipse/faces/presentacion/proyectos/proyecto/proyecto.xhtml HTTP/1.1" 200 3829
186.148.168.245 - - [26/Dec/2021:20:16:08 -0500] "POST /sipse/faces/presentacion/proyectos/proyecto/proyecto.xhtml HTTP/1.1" 200 3829
186.148.168.245 - - [26/Dec/2021:20:16:11 -0500] "POST /sipse/faces/presentacion/proyectos/proyecto/proyecto.xhtml HTTP/1.1" 200 15734
181.55.143.123 - - [26/Dec/2021:20:16:20 -0500] "POST /sipse/faces/presentacion/financiero/solicitudProceso/consultar.xhtml HTTP/1.1" 200 12860
186.148.168.245 - - [26/Dec/2021:20:16:20 -0500] "POST /sipse/faces/presentacion/proyectos/proyecto/proyecto.xhtml HTTP/1.1" 200 143977
186.148.168.245 - - [26/Dec/2021:20:16:27 -0500] "GET /sipse/faces/javax.faces.resource/primefaces.css?ln=primefaces&v=4.0 HTTP/1.1" 304 -
186.148.168.245 - - [26/Dec/2021:20:16:27 -0500] "GET /sipse/faces/javax.faces.resource/theme.css?ln=primefaces-sipse HTTP/1.1" 304 -
186.148.168.245 - - [26/Dec/2021:20:16:27 -0500] "GET /sipse/faces/javax.faces.resource/layout/layout.css?ln=primefaces&v=4.0 HTTP/1.1" 304 -
186.148.168.245 - - [26/Dec/2021:20:16:27 -0500] "GET /sipse/faces/javax.faces.resource/jquery/jquery.js?ln=primefaces&v=4.0 HTTP/1.1" 304 -
186.148.168.245 - - [26/Dec/2021:20:16:27 -0500] "GET /sipse/faces/javax.faces.resource/jquery/jquery-plugins.js?ln=primefaces&v=4.0 HTTP/1.1" 304 -
186.148.168.245 - - [26/Dec/2021:20:16:27 -0500] "GET /sipse/faces/javax.faces.resource/primefaces.js?ln=primefaces&v=4.0 HTTP/1.1" 304 -
186.148.168.245 - - [26/Dec/2021:20:16:28 -0500] "GET /sipse/faces/javax.faces.resource/layout/layout.js?ln=primefaces&v=4.0 HTTP/1.1" 304 -
181.55.143.123 - - [26/Dec/2021:20:16:34 -0500] "POST /sipse/faces/presentacion/financiero/solicitudProceso/consultar.xhtml HTTP/1.1" 200 12860
186.148.168.245 - - [26/Dec/2021:20:16:34 -0500] "POST /sipse/faces/presentacion/proyectos/proyecto/meta/meta.xhtml HTTP/1.1" 200 154681
186.148.168.245 - - [26/Dec/2021:20:16:37 -0500] "GET /sipse/faces/javax.faces.resource/primefaces.css?ln=primefaces&v=4.0 HTTP/1.1" 304 -
186.148.168.245 - - [26/Dec/2021:20:16:37 -0500] "GET /sipse/faces/javax.faces.resource/layout/layout.css?ln=primefaces&v=4.0 HTTP/1.1" 304 -
186.148.168.245 - - [26/Dec/2021:20:16:37 -0500] "GET /sipse/faces/javax.faces.resource/theme.css?ln=primefaces-sipse HTTP/1.1" 304 -
186.148.168.245 - - [26/Dec/2021:20:16:37 -0500] "GET /sipse/faces/javax.faces.resource/jquery/jquery.js?ln=primefaces&v=4.0 HTTP/1.1" 304 -
186.148.168.245 - - [26/Dec/2021:20:16:38 -0500] "GET /sipse/faces/javax.faces.resource/jquery/jquery-plugins.js?ln=primefaces&v=4.0 HTTP/1.1" 304 -
186.148.168.245 - - [26/Dec/2021:20:16:38 -0500] "GET /sipse/faces/javax.faces.resource/primefaces.js?ln=primefaces&v=4.0 HTTP/1.1" 304 -
186.148.168.245 - - [26/Dec/2021:20:16:38 -0500] "GET /sipse/faces/javax.faces.resource/layout/layout.js?ln=primefaces&v=4.0 HTTP/1.1" 304 -
181.55.143.123 - - [26/Dec/2021:20:16:40 -0500] "POST /sipse/faces/presentacion/financiero/solicitudProceso/consultar.xhtml HTTP/1.1" 200 12860
181.55.143.123 - - [26/Dec/2021:20:16:46 -0500] "POST /sipse/faces/presentacion/financiero/solicitudProceso/consultar.xhtml HTTP/1.1" 200 12799
186.148.168.245 - - [26/Dec/2021:20:16:46 -0500] "POST /sipse/faces/presentacion/proyectos/proyecto/actividad/crearActividad.xhtml HTTP/1.1" 200 2544
181.55.143.123 - - [26/Dec/2021:20:16:50 -0500] "POST /sipse/faces/presentacion/financiero/solicitudProceso/consultar.xhtml HTTP/1.1" 200 12900
186.148.168.245 - - [26/Dec/2021:20:16:51 -0500] "POST /sipse/faces/presentacion/proyectos/proyecto/actividad/crearActividad.xhtml HTTP/1.1" 200 2560
181.55.143.123 - - [26/Dec/2021:20:16:55 -0500] "POST /sipse/faces/presentacion/financiero/solicitudProceso/consultar.xhtml HTTP/1.1" 200 12799
186.148.168.245 - - [26/Dec/2021:20:16:57 -0500] "POST /sipse/faces/presentacion/proyectos/proyecto/actividad/crearActividad.xhtml HTTP/1.1" 200 2568
181.55.143.123 - - [26/Dec/2021:20:17:00 -0500] "POST /sipse/faces/presentacion/financiero/solicitudProceso/consultar.xhtml HTTP/1.1" 200 12922
201.245.192.253 - - [26/Dec/2021:20:16:12 -0500] "POST /kwsrmcab/Wsrmcab HTTP/1.1" 200 114994
181.55.143.123 - - [26/Dec/2021:20:17:05 -0500] "POST /sipse/faces/presentacion/financiero/solicitudProceso/consultar.xhtml HTTP/1.1" 200 12799
181.55.143.123 - - [26/Dec/2021:20:17:10 -0500] "POST /sipse/faces/presentacion/financiero/solicitudProceso/consultar.xhtml HTTP/1.1" 200 12799
186.148.168.245 - - [26/Dec/2021:20:17:15 -0500] "POST /sipse/faces/presentacion/proyectos/proyecto/actividad/crearActividad.xhtml HTTP/1.1" 200 2568
181.55.143.123 - - [26/Dec/2021:20:17:15 -0500] "POST /sipse/faces/presentacion/financiero/solicitudProceso/consultar.xhtml HTTP/1.1" 200 12966
181.55.143.123 - - [26/Dec/2021:20:17:20 -0500] "POST /sipse/faces/presentacion/financiero/solicitudProceso/consultar.xhtml HTTP/1.1" 200 12791
207.46.13.52 - - [26/Dec/2021:20:17:36 -0500] "GET /bla/resoluciones/autos%202010/0568.pdf HTTP/1.1" 200 284795
181.55.143.123 - - [26/Dec/2021:20:17:40 -0500] "POST /sipse/faces/presentacion/financiero/solicitudProceso/consultar.xhtml HTTP/1.1" 200 12898
186.148.168.245 - - [26/Dec/2021:20:17:46 -0500] "POST /sipse/faces/presentacion/proyectos/proyecto/actividad/crearActividad.xhtml HTTP/1.1" 200 2580
186.148.168.245 - - [26/Dec/2021:20:17:50 -0500] "POST /sipse/faces/presentacion/proyectos/proyecto/actividad/crearActividad.xhtml HTTP/1.1" 200 2592
186.148.168.245 - - [26/Dec/2021:20:17:53 -0500] "POST /sipse/faces/presentacion/proyectos/proyecto/actividad/crearActividad.xhtml HTTP/1.1" 200 2592
186.148.168.245 - - [26/Dec/2021:20:17:57 -0500] "POST /sipse/faces/presentacion/proyectos/proyecto/actividad/crearActividad.xhtml HTTP/1.1" 200 2592
181.55.143.123 - - [26/Dec/2021:20:18:01 -0500] "POST /sipse/faces/presentacion/financiero/solicitudProceso/consultar.xhtml HTTP/1.1" 200 37247
181.55.143.123 - - [26/Dec/2021:20:18:02 -0500] "POST /sipse/faces/presentacion/financiero/solicitudProceso/consultar.xhtml HTTP/1.1" 200 37247
181.55.143.123 - - [26/Dec/2021:20:18:02 -0500] "POST /sipse/faces/presentacion/financiero/solicitudProceso/consultar.xhtml HTTP/1.1" 200 37247
186.148.168.245 - - [26/Dec/2021:20:18:05 -0500] "POST /sipse/faces/presentacion/proyectos/proyecto/actividad/crearActividad.xhtml HTTP/1.1" 200 2592
181.55.143.123 - - [26/Dec/2021:20:18:12 -0500] "POST /sipse/faces/presentacion/financiero/solicitudProceso/consultar.xhtml HTTP/1.1" 200 12900
186.148.168.245 - - [26/Dec/2021:20:18:18 -0500] "POST /sipse/faces/presentacion/proyectos/proyecto/actividad/crearActividad.xhtml HTTP/1.1" 200 7291
186.148.168.245 - - [26/Dec/2021:20:18:19 -0500] "POST /sipse/faces/presentacion/proyectos/proyecto/actividad/crearActividad.xhtml HTTP/1.1" 200 7298
186.148.168.245 - - [26/Dec/2021:20:18:22 -0500] "POST /sipse/faces/presentacion/proyectos/proyecto/actividad/crearActividad.xhtml HTTP/1.1" 200 7310
186.148.168.245 - - [26/Dec/2021:20:18:24 -0500] "POST /sipse/faces/presentacion/proyectos/proyecto/actividad/crearActividad.xhtml HTTP/1.1" 200 3614
186.148.168.245 - - [26/Dec/2021:20:18:24 -0500] "GET /sipse/faces/javax.faces.resource/messages/messages.png?ln=primefaces&v=4.0 HTTP/1.1" 304 -
186.148.168.245 - - [26/Dec/2021:20:18:30 -0500] "POST /sipse/faces/presentacion/proyectos/proyecto/actividad/crearActividad.xhtml HTTP/1.1" 200 47852
186.148.168.245 - - [26/Dec/2021:20:18:31 -0500] "GET /sipse/faces/javax.faces.resource/theme.css?ln=primefaces-sipse HTTP/1.1" 304 -
186.148.168.245 - - [26/Dec/2021:20:18:31 -0500] "GET /sipse/faces/javax.faces.resource/layout/layout.css?ln=primefaces&v=4.0 HTTP/1.1" 304 -
186.148.168.245 - - [26/Dec/2021:20:18:31 -0500] "GET /sipse/faces/javax.faces.resource/primefaces.css?ln=primefaces&v=4.0 HTTP/1.1" 304 -
186.148.168.245 - - [26/Dec/2021:20:18:31 -0500] "GET /sipse/faces/javax.faces.resource/jquery/jquery.js?ln=primefaces&v=4.0 HTTP/1.1" 304 -
186.148.168.245 - - [26/Dec/2021:20:18:31 -0500] "GET /sipse/faces/javax.faces.resource/jquery/jquery-plugins.js?ln=primefaces&v=4.0 HTTP/1.1" 304 -
186.148.168.245 - - [26/Dec/2021:20:18:31 -0500] "GET /sipse/faces/javax.faces.resource/primefaces.js?ln=primefaces&v=4.0 HTTP/1.1" 304 -
186.148.168.245 - - [26/Dec/2021:20:18:31 -0500] "GET /sipse/faces/javax.faces.resource/layout/layout.js?ln=primefaces&v=4.0 HTTP/1.1" 304 -
186.148.168.245 - - [26/Dec/2021:20:18:37 -0500] "POST /sipse/faces/presentacion/proyectos/proyecto/actividad/ponderacionVertical.xhtml HTTP/1.1" 200 28776
186.148.168.245 - - [26/Dec/2021:20:18:40 -0500] "POST /sipse/faces/presentacion/proyectos/proyecto/actividad/ponderacionVertical.xhtml HTTP/1.1" 200 28785
186.148.168.245 - - [26/Dec/2021:20:18:42 -0500] "GET /sipse/faces/javax.faces.resource/theme.css?ln=primefaces-sipse HTTP/1.1" 304 -
186.148.168.245 - - [26/Dec/2021:20:18:42 -0500] "GET /sipse/faces/javax.faces.resource/primefaces.css?ln=primefaces&v=4.0 HTTP/1.1" 304 -
186.148.168.245 - - [26/Dec/2021:20:18:42 -0500] "GET /sipse/faces/javax.faces.resource/layout/layout.js?ln=primefaces&v=4.0 HTTP/1.1" 304 -
186.148.168.245 - - [26/Dec/2021:20:18:42 -0500] "GET /sipse/faces/javax.faces.resource/jquery/jquery.js?ln=primefaces&v=4.0 HTTP/1.1" 304 -
186.148.168.245 - - [26/Dec/2021:20:18:42 -0500] "GET /sipse/faces/javax.faces.resource/primefaces.js?ln=primefaces&v=4.0 HTTP/1.1" 304 -
186.148.168.245 - - [26/Dec/2021:20:18:42 -0500] "GET /sipse/faces/javax.faces.resource/layout/layout.css?ln=primefaces&v=4.0 HTTP/1.1" 304 -
186.148.168.245 - - [26/Dec/2021:20:18:42 -0500] "GET /sipse/faces/javax.faces.resource/jquery/jquery-plugins.js?ln=primefaces&v=4.0 HTTP/1.1" 304 -
186.148.168.245 - - [26/Dec/2021:20:18:41 -0500] "POST /sipse/faces/presentacion/proyectos/proyecto/actividad/ponderacionVertical.xhtml HTTP/1.1" 200 160776
186.148.168.245 - - [26/Dec/2021:20:18:43 -0500] "GET /sipse/faces/javax.faces.resource/spacer/dot_clear.gif?ln=primefaces&v=4.0 HTTP/1.1" 304 -
186.148.168.245 - - [26/Dec/2021:20:19:08 -0500] "GET /sipse/faces/javax.faces.resource/images/ui-icons_898989_256x240.png?ln=primefaces-aristo HTTP/1.1" 304 -
186.148.168.245 - - [26/Dec/2021:20:19:28 -0500] "POST /sipse/faces/presentacion/proyectos/proyecto/actividad/crearActividad.xhtml HTTP/1.1" 200 145903
186.148.168.245 - - [26/Dec/2021:20:19:31 -0500] "GET /sipse/faces/javax.faces.resource/theme.css?ln=primefaces-sipse HTTP/1.1" 304 -
186.148.168.245 - - [26/Dec/2021:20:19:31 -0500] "GET /sipse/faces/javax.faces.resource/primefaces.css?ln=primefaces&v=4.0 HTTP/1.1" 304 -
186.148.168.245 - - [26/Dec/2021:20:19:31 -0500] "GET /sipse/faces/javax.faces.resource/jquery/jquery.js?ln=primefaces&v=4.0 HTTP/1.1" 304 -
186.148.168.245 - - [26/Dec/2021:20:19:31 -0500] "GET /sipse/faces/javax.faces.resource/layout/layout.css?ln=primefaces&v=4.0 HTTP/1.1" 304 -
186.148.168.245 - - [26/Dec/2021:20:19:31 -0500] "GET /sipse/faces/javax.faces.resource/jquery/jquery-plugins.js?ln=primefaces&v=4.0 HTTP/1.1" 304 -
186.148.168.245 - - [26/Dec/2021:20:19:32 -0500] "GET /sipse/faces/javax.faces.resource/primefaces.js?ln=primefaces&v=4.0 HTTP/1.1" 304 -
186.148.168.245 - - [26/Dec/2021:20:19:32 -0500] "GET /sipse/faces/javax.faces.resource/layout/layout.js?ln=primefaces&v=4.0 HTTP/1.1" 304 -
186.148.168.245 - - [26/Dec/2021:20:20:04 -0500] "POST /sipse/faces/presentacion/proyectos/proyecto/meta/meta.xhtml HTTP/1.1" 200 19654
187.222.247.209 - - [26/Dec/2021:20:20:30 -0500] "GET /galeria/galeria/jquery.fancybox.css?v=2.1.5 HTTP/1.1" 200 4895
216.245.221.92 - - [26/Dec/2021:20:20:51 -0500] "HEAD / HTTP/1.1" 200 -
201.245.192.253 - - [26/Dec/2021:20:22:49 -0500] "POST /kwsrmcab/Wsrmcab HTTP/1.1" 200 114994
201.245.192.253 - - [26/Dec/2021:20:23:05 -0500] "POST /kwsrmcab/Wsrmcab HTTP/1.1" 200 46090
207.46.13.113 - - [26/Dec/2021:20:24:12 -0500] "GET /bla/resoluciones/autos%202010/6622.pdf HTTP/1.1" 200 155113
201.245.192.253 - - [26/Dec/2021:20:23:54 -0500] "POST /kwsrmcab/Wsrmcab HTTP/1.1" 200 45495
40.77.167.55 - - [26/Dec/2021:20:25:18 -0500] "GET /bla/resoluciones/autos%202010/6876.pdf HTTP/1.1" 200 252465
216.245.221.92 - - [26/Dec/2021:20:25:51 -0500] "HEAD / HTTP/1.1" 200 -
207.46.13.113 - - [26/Dec/2021:20:26:11 -0500] "GET /bla/resoluciones/resoluciones%202021/2920.pdf HTTP/1.1" 200 349381
114.119.141.77 - - [26/Dec/2021:20:27:22 -0500] "-" 408 -
181.55.143.123 - - [26/Dec/2021:20:27:24 -0500] "POST /sipse/faces/presentacion/financiero/solicitudProceso/consultar.xhtml HTTP/1.1" 200 12898
181.54.192.89 - - [26/Dec/2021:20:27:36 -0500] "GET /appsia/controlador HTTP/1.1" 200 4799
181.54.192.89 - - [26/Dec/2021:20:27:42 -0500] "POST /appsia/controlador HTTP/1.1" 200 4621
181.54.192.89 - - [26/Dec/2021:20:27:44 -0500] "POST /appsia/controlador HTTP/1.1" 200 12782
181.55.143.123 - - [26/Dec/2021:20:27:56 -0500] "POST /sipse/faces/presentacion/financiero/solicitudProceso/consultar.xhtml HTTP/1.1" 200 36150
181.55.143.123 - - [26/Dec/2021:20:27:57 -0500] "GET /sipse/faces/javax.faces.resource/theme.css?ln=primefaces-sipse HTTP/1.1" 304 -
181.55.143.123 - - [26/Dec/2021:20:27:57 -0500] "GET /sipse/faces/javax.faces.resource/primefaces.css?ln=primefaces&v=4.0 HTTP/1.1" 304 -
181.55.143.123 - - [26/Dec/2021:20:27:57 -0500] "GET /sipse/faces/javax.faces.resource/layout/layout.css?ln=primefaces&v=4.0 HTTP/1.1" 304 -
181.55.143.123 - - [26/Dec/2021:20:27:57 -0500] "GET /sipse/css/imagen/contrasena.png HTTP/1.1" 404 383
181.55.143.123 - - [26/Dec/2021:20:27:57 -0500] "GET /sipse/faces/javax.faces.resource/jquery/jquery.js?ln=primefaces&v=4.0 HTTP/1.1" 304 -
181.55.143.123 - - [26/Dec/2021:20:27:57 -0500] "GET /sipse/faces/javax.faces.resource/jquery/jquery-plugins.js?ln=primefaces&v=4.0 HTTP/1.1" 304 -
181.55.143.123 - - [26/Dec/2021:20:27:57 -0500] "GET /sipse/faces/javax.faces.resource/primefaces.js?ln=primefaces&v=4.0 HTTP/1.1" 304 -
181.55.143.123 - - [26/Dec/2021:20:27:57 -0500] "GET /sipse/faces/javax.faces.resource/layout/layout.js?ln=primefaces&v=4.0 HTTP/1.1" 304 -
181.55.143.123 - - [26/Dec/2021:20:27:57 -0500] "POST /sipse/faces/presentacion/financiero/solicitudProceso/listarSolicitudProceso.xhtml HTTP/1.1" 200 29401
181.55.143.123 - - [26/Dec/2021:20:27:57 -0500] "POST /sipse/faces/presentacion/financiero/solicitudProceso/listarSolicitudProceso.xhtml HTTP/1.1" 200 29401
181.55.143.123 - - [26/Dec/2021:20:27:58 -0500] "POST /sipse/faces/presentacion/financiero/solicitudProceso/listarSolicitudProceso.xhtml HTTP/1.1" 200 1344
181.55.143.123 - - [26/Dec/2021:20:27:58 -0500] "POST /sipse/faces/presentacion/financiero/solicitudProceso/listarSolicitudProceso.xhtml HTTP/1.1" 200 1344
181.55.143.123 - - [26/Dec/2021:20:27:59 -0500] "POST /sipse/faces/presentacion/financiero/solicitudProceso/listarSolicitudProceso.xhtml HTTP/1.1" 200 1344
181.55.143.123 - - [26/Dec/2021:20:28:01 -0500] "POST /sipse/faces/presentacion/financiero/solicitudProceso/listarSolicitudProceso.xhtml HTTP/1.1" 200 9273
181.55.143.123 - - [26/Dec/2021:20:28:03 -0500] "POST /sipse/faces/presentacion/financiero/solicitudProceso/listarSolicitudProceso.xhtml HTTP/1.1" 200 137519
181.55.143.123 - - [26/Dec/2021:20:28:04 -0500] "GET /sipse/faces/javax.faces.resource/theme.css?ln=primefaces-sipse HTTP/1.1" 304 -
181.55.143.123 - - [26/Dec/2021:20:28:04 -0500] "GET /sipse/faces/javax.faces.resource/primefaces.css?ln=primefaces&v=4.0 HTTP/1.1" 304 -
181.55.143.123 - - [26/Dec/2021:20:28:04 -0500] "GET /sipse/faces/javax.faces.resource/layout/layout.css?ln=primefaces&v=4.0 HTTP/1.1" 304 -
181.55.143.123 - - [26/Dec/2021:20:28:04 -0500] "GET /sipse/faces/javax.faces.resource/jquery/jquery.js?ln=primefaces&v=4.0 HTTP/1.1" 304 -
181.55.143.123 - - [26/Dec/2021:20:28:04 -0500] "GET /sipse/faces/javax.faces.resource/jquery/jquery-plugins.js?ln=primefaces&v=4.0 HTTP/1.1" 304 -
181.55.143.123 - - [26/Dec/2021:20:28:04 -0500] "GET /sipse/faces/javax.faces.resource/primefaces.js?ln=primefaces&v=4.0 HTTP/1.1" 304 -
181.55.143.123 - - [26/Dec/2021:20:28:04 -0500] "GET /sipse/faces/javax.faces.resource/layout/layout.js?ln=primefaces&v=4.0 HTTP/1.1" 304 -
181.55.143.123 - - [26/Dec/2021:20:28:04 -0500] "GET /sipse/css/imagen/contrasena.png HTTP/1.1" 404 383
181.55.143.123 - - [26/Dec/2021:20:28:04 -0500] "GET /reportes_sipse/sdg/ServletReporte?reporte=experienia_idoneidad&solicitud=17076&pfdrid_c=false HTTP/1.1" 200 123780
40.77.167.55 - - [26/Dec/2021:20:28:09 -0500] "GET /bla/resoluciones/autos%202010/2523.pdf HTTP/1.1" 200 151309
66.249.75.109 - - [26/Dec/2021:20:28:48 -0500] "-" 408 -
207.46.13.88 - - [26/Dec/2021:20:28:55 -0500] "GET /bla/resoluciones/autos%202010/5475.pdf HTTP/1.1" 200 192674
216.245.221.92 - - [26/Dec/2021:20:30:51 -0500] "HEAD / HTTP/1.1" 200 -
186.144.234.173 - - [26/Dec/2021:20:32:02 -0500] "GET /BLA/resoluciones/ HTTP/1.1" 200 12684
186.144.234.173 - - [26/Dec/2021:20:32:04 -0500] "GET /BLA/resoluciones/index.php?dir=AUTOS+2021%2F HTTP/1.1" 200 243452
186.144.234.173 - - [26/Dec/2021:20:32:18 -0500] "GET /BLA/resoluciones/AUTOS%202021/3924.pdf HTTP/1.1" 200 405901
201.245.192.253 - - [26/Dec/2021:20:32:13 -0500] "POST /kwsrmcab/Wsrmcab HTTP/1.1" 200 114994
201.245.192.253 - - [26/Dec/2021:20:33:05 -0500] "POST /kwsrmcab/Wsrmcab HTTP/1.1" 200 46090
201.245.192.253 - - [26/Dec/2021:20:33:53 -0500] "POST /kwsrmcab/Wsrmcab HTTP/1.1" 200 45495
181.55.143.123 - - [26/Dec/2021:20:34:42 -0500] "POST /sipse/faces/presentacion/financiero/solicitudProceso/consultarSolicitudProceso.xhtml HTTP/1.1" 200 40730
181.55.143.123 - - [26/Dec/2021:20:34:42 -0500] "GET /sipse/faces/javax.faces.resource/theme.css?ln=primefaces-sipse HTTP/1.1" 304 -
181.55.143.123 - - [26/Dec/2021:20:34:42 -0500] "GET /sipse/faces/javax.faces.resource/layout/layout.css?ln=primefaces&v=4.0 HTTP/1.1" 304 -
181.55.143.123 - - [26/Dec/2021:20:34:42 -0500] "GET /sipse/faces/javax.faces.resource/primefaces.css?ln=primefaces&v=4.0 HTTP/1.1" 304 -
181.55.143.123 - - [26/Dec/2021:20:34:42 -0500] "GET /sipse/faces/javax.faces.resource/jquery/jquery.js?ln=primefaces&v=4.0 HTTP/1.1" 304 -
181.55.143.123 - - [26/Dec/2021:20:34:42 -0500] "GET /sipse/faces/javax.faces.resource/jquery/jquery-plugins.js?ln=primefaces&v=4.0 HTTP/1.1" 304 -
181.55.143.123 - - [26/Dec/2021:20:34:42 -0500] "GET /sipse/faces/javax.faces.resource/primefaces.js?ln=primefaces&v=4.0 HTTP/1.1" 304 -
181.55.143.123 - - [26/Dec/2021:20:34:42 -0500] "GET /sipse/faces/javax.faces.resource/layout/layout.js?ln=primefaces&v=4.0 HTTP/1.1" 304 -
181.55.143.123 - - [26/Dec/2021:20:34:43 -0500] "GET /sipse/css/imagen/contrasena.png HTTP/1.1" 404 383
181.55.143.123 - - [26/Dec/2021:20:34:44 -0500] "POST /sipse/faces/presentacion/financiero/estudioPrevio/personalSolicitado/expedirExperienciaIdoneidad.xhtml HTTP/1.1" 200 5677
181.55.143.123 - - [26/Dec/2021:20:34:44 -0500] "POST /sipse/faces/presentacion/financiero/estudioPrevio/personalSolicitado/expedirExperienciaIdoneidad.xhtml HTTP/1.1" 200 44700
181.55.143.123 - - [26/Dec/2021:20:34:45 -0500] "GET /sipse/faces/javax.faces.resource/primefaces.css?ln=primefaces&v=4.0 HTTP/1.1" 304 -
181.55.143.123 - - [26/Dec/2021:20:34:45 -0500] "GET /sipse/faces/javax.faces.resource/theme.css?ln=primefaces-sipse HTTP/1.1" 304 -
181.55.143.123 - - [26/Dec/2021:20:34:45 -0500] "GET /sipse/faces/javax.faces.resource/layout/layout.css?ln=primefaces&v=4.0 HTTP/1.1" 304 -
181.55.143.123 - - [26/Dec/2021:20:34:45 -0500] "GET /sipse/faces/javax.faces.resource/jquery/jquery.js?ln=primefaces&v=4.0 HTTP/1.1" 304 -
181.55.143.123 - - [26/Dec/2021:20:34:45 -0500] "GET /sipse/faces/javax.faces.resource/primefaces.js?ln=primefaces&v=4.0 HTTP/1.1" 304 -
181.55.143.123 - - [26/Dec/2021:20:34:45 -0500] "GET /sipse/faces/javax.faces.resource/jquery/jquery-plugins.js?ln=primefaces&v=4.0 HTTP/1.1" 304 -
181.55.143.123 - - [26/Dec/2021:20:34:45 -0500] "GET /sipse/faces/javax.faces.resource/layout/layout.js?ln=primefaces&v=4.0 HTTP/1.1" 304 -
181.55.143.123 - - [26/Dec/2021:20:34:45 -0500] "GET /sipse/css/imagen/contrasena.png HTTP/1.1" 404 383
181.55.143.123 - - [26/Dec/2021:20:34:45 -0500] "GET /sipse/faces/javax.faces.resource/messages/messages.png?ln=primefaces&v=4.0 HTTP/1.1" 304 -
190.24.55.81 - - [26/Dec/2021:20:35:03 -0500] "GET /appsia/controlador HTTP/1.1" 200 4799
190.24.55.81 - - [26/Dec/2021:20:35:04 -0500] "GET /appsia/css/estilos.css HTTP/1.1" 200 4804
190.24.55.81 - - [26/Dec/2021:20:35:04 -0500] "GET /appsia/scripts/validarIngreso.js HTTP/1.1" 200 851
190.24.55.81 - - [26/Dec/2021:20:35:04 -0500] "GET /appsia/images/logo_bogota_p.png HTTP/1.1" 200 14951
190.24.55.81 - - [26/Dec/2021:20:35:04 -0500] "GET /appsia/images/cabezoteHojaVida.png HTTP/1.1" 200 32493
190.24.55.81 - - [26/Dec/2021:20:35:04 -0500] "GET /favicon.ico HTTP/1.1" 200 7782
190.24.55.81 - - [26/Dec/2021:20:35:18 -0500] "POST /appsia/controlador HTTP/1.1" 200 3597
190.24.55.81 - - [26/Dec/2021:20:35:18 -0500] "GET /appsia/jscripts/validarSolicitud.js HTTP/1.1" 404 68
190.24.55.81 - - [26/Dec/2021:20:35:26 -0500] "POST /appsia/controlador HTTP/1.1" 200 4799
190.24.55.81 - - [26/Dec/2021:20:35:39 -0500] "POST /appsia/controlador HTTP/1.1" 200 3597
190.24.55.81 - - [26/Dec/2021:20:35:39 -0500] "GET /appsia/jscripts/validarSolicitud.js HTTP/1.1" 404 68
190.24.55.81 - - [26/Dec/2021:20:35:43 -0500] "POST /appsia/controlador HTTP/1.1" 200 4799
216.245.221.92 - - [26/Dec/2021:20:35:51 -0500] "HEAD / HTTP/1.1" 200 -
190.24.55.81 - - [26/Dec/2021:20:36:03 -0500] "POST /appsia/controlador HTTP/1.1" 200 4621
190.24.55.81 - - [26/Dec/2021:20:36:09 -0500] "POST /appsia/controlador HTTP/1.1" 200 7728
190.24.55.81 - - [26/Dec/2021:20:36:09 -0500] "GET /appsia/images/logo_escudo.png HTTP/1.1" 200 36965
181.55.143.123 - - [26/Dec/2021:20:36:12 -0500] "POST /sipse/faces/presentacion/financiero/estudioPrevio/personalSolicitado/expedirExperienciaIdoneidad.xhtml HTTP/1.1" 200 5829
181.55.143.123 - - [26/Dec/2021:20:36:12 -0500] "POST /sipse/faces/presentacion/financiero/estudioPrevio/personalSolicitado/expedirExperienciaIdoneidad.xhtml HTTP/1.1" 200 33431
181.55.143.123 - - [26/Dec/2021:20:36:12 -0500] "GET /sipse/faces/javax.faces.resource/primefaces.css?ln=primefaces&v=4.0 HTTP/1.1" 304 -
181.55.143.123 - - [26/Dec/2021:20:36:12 -0500] "GET /sipse/faces/javax.faces.resource/theme.css?ln=primefaces-sipse HTTP/1.1" 304 -
181.55.143.123 - - [26/Dec/2021:20:36:12 -0500] "GET /sipse/faces/javax.faces.resource/layout/layout.css?ln=primefaces&v=4.0 HTTP/1.1" 304 -
181.55.143.123 - - [26/Dec/2021:20:36:12 -0500] "GET /sipse/faces/javax.faces.resource/jquery/jquery.js?ln=primefaces&v=4.0 HTTP/1.1" 304 -
181.55.143.123 - - [26/Dec/2021:20:36:12 -0500] "GET /sipse/faces/javax.faces.resource/layout/layout.js?ln=primefaces&v=4.0 HTTP/1.1" 304 -
181.55.143.123 - - [26/Dec/2021:20:36:12 -0500] "GET /sipse/faces/javax.faces.resource/jquery/jquery-plugins.js?ln=primefaces&v=4.0 HTTP/1.1" 304 -
181.55.143.123 - - [26/Dec/2021:20:36:12 -0500] "GET /sipse/faces/javax.faces.resource/primefaces.js?ln=primefaces&v=4.0 HTTP/1.1" 304 -
181.55.143.123 - - [26/Dec/2021:20:36:13 -0500] "GET /sipse/css/imagen/contrasena.png HTTP/1.1" 404 383
181.55.143.123 - - [26/Dec/2021:20:36:14 -0500] "GET /sipse/faces/javax.faces.resource/images/ui-icons_898989_256x240.png?ln=primefaces-aristo HTTP/1.1" 304 -
181.55.143.123 - - [26/Dec/2021:20:36:15 -0500] "POST /sipse/faces/presentacion/contratacion/procesoContractual/registrarInvitacionContratista.xhtml HTTP/1.1" 200 9693
181.55.143.123 - - [26/Dec/2021:20:36:33 -0500] "POST /sipse/faces/presentacion/contratacion/procesoContractual/registrarInvitacionContratista.xhtml HTTP/1.1" 200 9254
181.55.143.123 - - [26/Dec/2021:20:36:36 -0500] "POST /sipse/faces/presentacion/contratacion/procesoContractual/registrarInvitacionContratista.xhtml HTTP/1.1" 200 41747
181.55.143.123 - - [26/Dec/2021:20:36:37 -0500] "GET /sipse/faces/javax.faces.resource/theme.css?ln=primefaces-sipse HTTP/1.1" 304 -
181.55.143.123 - - [26/Dec/2021:20:36:37 -0500] "GET /sipse/faces/javax.faces.resource/primefaces.css?ln=primefaces&v=4.0 HTTP/1.1" 304 -
181.55.143.123 - - [26/Dec/2021:20:36:37 -0500] "GET /sipse/faces/javax.faces.resource/layout/layout.css?ln=primefaces&v=4.0 HTTP/1.1" 304 -
