181.61.7.90 - - [13/Jan/2022:08:32:13 -0500] "GET /sipse/faces/javax.faces.resource/jquery/jquery.js?ln=primefaces&v=4.0 HTTP/1.1" 304 -
181.61.7.90 - - [13/Jan/2022:08:32:13 -0500] "GET /sipse/faces/javax.faces.resource/jquery/jquery-plugins.js?ln=primefaces&v=4.0 HTTP/1.1" 304 -
181.61.7.90 - - [13/Jan/2022:08:32:13 -0500] "GET /sipse/faces/javax.faces.resource/primefaces.js?ln=primefaces&v=4.0 HTTP/1.1" 304 -
181.61.7.90 - - [13/Jan/2022:08:32:13 -0500] "GET /sipse/faces/javax.faces.resource/layout/layout.js?ln=primefaces&v=4.0 HTTP/1.1" 304 -
190.251.5.32 - - [13/Jan/2022:08:32:14 -0500] "POST /sipse/faces/presentacion/financiero/solicitudProceso/consultarSolicitudProceso.xhtml HTTP/1.1" 200 115550
201.245.192.253 - - [13/Jan/2022:08:32:15 -0500] "POST /sipse/faces/presentacion/financiero/solicitudProceso/consultarSolicitudProceso.xhtml HTTP/1.1" 200 53663
157.55.39.25 - - [13/Jan/2022:08:32:17 -0500] "GET / HTTP/1.1" 200 319
181.53.11.145 - - [13/Jan/2022:08:32:19 -0500] "POST /sipse/faces/presentacion/financiero/solicitudProceso/listarSolicitudProceso.xhtml HTTP/1.1" 200 123327
181.53.11.145 - - [13/Jan/2022:08:32:19 -0500] "GET /sipse/faces/javax.faces.resource/theme.css?ln=primefaces-sipse HTTP/1.1" 304 -
181.53.11.145 - - [13/Jan/2022:08:32:19 -0500] "GET /sipse/faces/javax.faces.resource/primefaces.css?ln=primefaces&v=4.0 HTTP/1.1" 304 -
181.53.11.145 - - [13/Jan/2022:08:32:19 -0500] "GET /sipse/faces/javax.faces.resource/layout/layout.css?ln=primefaces&v=4.0 HTTP/1.1" 304 -
181.53.11.145 - - [13/Jan/2022:08:32:19 -0500] "GET /sipse/faces/javax.faces.resource/jquery/jquery.js?ln=primefaces&v=4.0 HTTP/1.1" 304 -
181.53.11.145 - - [13/Jan/2022:08:32:20 -0500] "GET /sipse/faces/javax.faces.resource/jquery/jquery-plugins.js?ln=primefaces&v=4.0 HTTP/1.1" 304 -
181.53.11.145 - - [13/Jan/2022:08:32:20 -0500] "GET /sipse/faces/javax.faces.resource/primefaces.js?ln=primefaces&v=4.0 HTTP/1.1" 304 -
181.53.11.145 - - [13/Jan/2022:08:32:20 -0500] "GET /sipse/faces/javax.faces.resource/layout/layout.js?ln=primefaces&v=4.0 HTTP/1.1" 304 -
181.53.11.145 - - [13/Jan/2022:08:32:20 -0500] "GET /reportes_sipse/sdg/ServletReporte?reporte=experienia_idoneidad&solicitud=16245&pfdrid_c=false HTTP/1.1" 200 126238
201.245.192.253 - - [13/Jan/2022:08:31:43 -0500] "POST /kwsrmcab/Wsrmcab HTTP/1.1" 200 45238
201.244.251.85 - - [13/Jan/2022:08:32:36 -0500] "GET /sipse/faces/javax.faces.resource/images/ui-bg_flat_0_2d5972_40x100.png?ln=primefaces-aristo HTTP/1.1" 304 -
181.61.7.90 - - [13/Jan/2022:08:32:36 -0500] "POST /sipse/faces/presentacion/financiero/solicitudProceso/consultar.xhtml HTTP/1.1" 200 12824
201.244.251.85 - - [13/Jan/2022:08:32:36 -0500] "POST /sipse/faces/presentacion/financiero/solicitudProceso/consultarSolicitudProceso.xhtml HTTP/1.1" 200 35036
201.244.251.85 - - [13/Jan/2022:08:32:37 -0500] "GET /sipse/css/custom_css_sg.css HTTP/1.1" 304 -
201.244.251.85 - - [13/Jan/2022:08:32:37 -0500] "GET /sipse/css/custom_css_sg_prime.css HTTP/1.1" 304 -
201.244.251.85 - - [13/Jan/2022:08:32:37 -0500] "GET /sipse/js/disable_browser_buttons.js HTTP/1.1" 304 -
201.244.251.85 - - [13/Jan/2022:08:32:37 -0500] "GET /sipse/faces/javax.faces.resource/theme.css?ln=primefaces-sipse HTTP/1.1" 304 -
201.244.251.85 - - [13/Jan/2022:08:32:37 -0500] "GET /sipse/faces/javax.faces.resource/layout/layout.css?ln=primefaces&v=4.0 HTTP/1.1" 304 -
201.244.251.85 - - [13/Jan/2022:08:32:37 -0500] "GET /sipse/faces/javax.faces.resource/primefaces.css?ln=primefaces&v=4.0 HTTP/1.1" 304 -
201.244.251.85 - - [13/Jan/2022:08:32:37 -0500] "GET /sipse/js/jquery.min.js HTTP/1.1" 304 -
201.244.251.85 - - [13/Jan/2022:08:32:37 -0500] "GET /sipse/js/funciones.js HTTP/1.1" 304 -
201.244.251.85 - - [13/Jan/2022:08:32:37 -0500] "GET /sipse/faces/javax.faces.resource/jquery/jquery.js?ln=primefaces&v=4.0 HTTP/1.1" 304 -
201.244.251.85 - - [13/Jan/2022:08:32:37 -0500] "GET /sipse/faces/javax.faces.resource/jquery/jquery-plugins.js?ln=primefaces&v=4.0 HTTP/1.1" 304 -
201.244.251.85 - - [13/Jan/2022:08:32:37 -0500] "GET /sipse/faces/javax.faces.resource/primefaces.js?ln=primefaces&v=4.0 HTTP/1.1" 304 -
201.244.251.85 - - [13/Jan/2022:08:32:37 -0500] "GET /sipse/faces/javax.faces.resource/layout/layout.js?ln=primefaces&v=4.0 HTTP/1.1" 304 -
201.244.251.85 - - [13/Jan/2022:08:32:37 -0500] "GET /sipse/css/imagen/contrasena.png HTTP/1.1" 404 383
201.244.251.85 - - [13/Jan/2022:08:32:37 -0500] "GET /sipse/css/imagen/logoSDG.png HTTP/1.1" 304 -
201.244.251.85 - - [13/Jan/2022:08:32:37 -0500] "POST /sipse/faces/presentacion/financiero/solicitudProceso/listarSolicitudProceso.xhtml HTTP/1.1" 200 1344
181.53.11.145 - - [13/Jan/2022:08:32:36 -0500] "POST /sipse/faces/presentacion/financiero/solicitudProceso/consultarSolicitudProceso.xhtml HTTP/1.1" 200 35057
181.53.11.145 - - [13/Jan/2022:08:32:39 -0500] "GET /sipse/faces/javax.faces.resource/theme.css?ln=primefaces-sipse HTTP/1.1" 304 -
181.53.11.145 - - [13/Jan/2022:08:32:39 -0500] "GET /sipse/faces/javax.faces.resource/primefaces.css?ln=primefaces&v=4.0 HTTP/1.1" 304 -
181.53.11.145 - - [13/Jan/2022:08:32:39 -0500] "GET /sipse/faces/javax.faces.resource/layout/layout.css?ln=primefaces&v=4.0 HTTP/1.1" 304 -
181.53.11.145 - - [13/Jan/2022:08:32:39 -0500] "GET /sipse/faces/javax.faces.resource/jquery/jquery.js?ln=primefaces&v=4.0 HTTP/1.1" 304 -
181.53.11.145 - - [13/Jan/2022:08:32:39 -0500] "GET /sipse/faces/javax.faces.resource/jquery/jquery-plugins.js?ln=primefaces&v=4.0 HTTP/1.1" 304 -
181.53.11.145 - - [13/Jan/2022:08:32:39 -0500] "GET /sipse/faces/javax.faces.resource/primefaces.js?ln=primefaces&v=4.0 HTTP/1.1" 304 -
181.53.11.145 - - [13/Jan/2022:08:32:39 -0500] "GET /sipse/faces/javax.faces.resource/layout/layout.js?ln=primefaces&v=4.0 HTTP/1.1" 304 -
181.53.11.145 - - [13/Jan/2022:08:32:39 -0500] "POST /sipse/faces/presentacion/financiero/solicitudProceso/listarSolicitudProceso.xhtml HTTP/1.1" 200 1344
193.162.143.116 - - [13/Jan/2022:08:32:40 -0500] "GET / HTTP/1.1" 200 319
201.244.251.85 - - [13/Jan/2022:08:32:40 -0500] "POST /sipse/faces/presentacion/financiero/solicitudProceso/listarSolicitudProceso.xhtml HTTP/1.1" 200 36407
181.53.13.193 - - [13/Jan/2022:08:32:45 -0500] "GET /sipse/faces/javax.faces.resource/images/ui-bg_flat_0_2d5972_40x100.png?ln=primefaces-aristo HTTP/1.1" 304 -
181.53.13.193 - - [13/Jan/2022:08:32:45 -0500] "POST /sipse/faces/presentacion/financiero/solicitudProceso/consultarHistorialSolProceso.xhtml HTTP/1.1" 200 184
181.53.13.193 - - [13/Jan/2022:08:32:46 -0500] "GET /sipse/faces/javax.faces.resource/theme.css?ln=primefaces-sipse HTTP/1.1" 304 -
181.53.13.193 - - [13/Jan/2022:08:32:46 -0500] "GET /sipse/faces/javax.faces.resource/primefaces.js?ln=primefaces&v=4.0 HTTP/1.1" 304 -
181.53.13.193 - - [13/Jan/2022:08:32:46 -0500] "GET /sipse/faces/javax.faces.resource/jquery/jquery-plugins.js?ln=primefaces&v=4.0 HTTP/1.1" 304 -
181.53.13.193 - - [13/Jan/2022:08:32:46 -0500] "GET /sipse/faces/javax.faces.resource/layout/layout.css?ln=primefaces&v=4.0 HTTP/1.1" 304 -
181.53.13.193 - - [13/Jan/2022:08:32:46 -0500] "GET /sipse/faces/javax.faces.resource/primefaces.css?ln=primefaces&v=4.0 HTTP/1.1" 304 -
181.53.13.193 - - [13/Jan/2022:08:32:46 -0500] "GET /sipse/faces/javax.faces.resource/jquery/jquery.js?ln=primefaces&v=4.0 HTTP/1.1" 304 -
181.53.13.193 - - [13/Jan/2022:08:32:45 -0500] "GET /sipse/faces/presentacion/financiero/solicitudAnulacion/solicitudAnulacion.xhtml HTTP/1.1" 200 52635
181.53.13.193 - - [13/Jan/2022:08:32:46 -0500] "GET /sipse/faces/javax.faces.resource/layout/layout.js?ln=primefaces&v=4.0 HTTP/1.1" 304 -
181.53.13.193 - - [13/Jan/2022:08:32:46 -0500] "GET /sipse/css/imagen/contrasena.png HTTP/1.1" 404 383
181.53.13.193 - - [13/Jan/2022:08:32:46 -0500] "GET /sipse/faces/javax.faces.resource/images/ui-icons_898989_256x240.png?ln=primefaces-aristo HTTP/1.1" 304 -
181.53.13.193 - - [13/Jan/2022:08:32:46 -0500] "GET /sipse/faces/javax.faces.resource/images/ui-bg_flat_0_2d5972_40x100.png?ln=primefaces-aristo HTTP/1.1" 304 -
181.53.13.193 - - [13/Jan/2022:08:32:46 -0500] "POST /sipse/faces/presentacion/financiero/solicitudAnulacion/solicitudAnulacion.xhtml HTTP/1.1" 200 30796
181.53.13.193 - - [13/Jan/2022:08:32:46 -0500] "POST /sipse/faces/presentacion/financiero/solicitudAnulacion/solicitudAnulacion.xhtml HTTP/1.1" 200 35082
181.53.13.193 - - [13/Jan/2022:08:32:47 -0500] "GET /sipse/faces/javax.faces.resource/theme.css?ln=primefaces-sipse HTTP/1.1" 304 -
181.53.13.193 - - [13/Jan/2022:08:32:47 -0500] "GET /sipse/faces/javax.faces.resource/primefaces.css?ln=primefaces&v=4.0 HTTP/1.1" 304 -
181.53.13.193 - - [13/Jan/2022:08:32:47 -0500] "GET /sipse/faces/javax.faces.resource/layout/layout.css?ln=primefaces&v=4.0 HTTP/1.1" 304 -
181.53.13.193 - - [13/Jan/2022:08:32:47 -0500] "GET /sipse/faces/javax.faces.resource/jquery/jquery.js?ln=primefaces&v=4.0 HTTP/1.1" 304 -
181.53.13.193 - - [13/Jan/2022:08:32:47 -0500] "GET /sipse/faces/javax.faces.resource/jquery/jquery-plugins.js?ln=primefaces&v=4.0 HTTP/1.1" 304 -
181.53.13.193 - - [13/Jan/2022:08:32:47 -0500] "GET /sipse/faces/javax.faces.resource/primefaces.js?ln=primefaces&v=4.0 HTTP/1.1" 304 -
181.53.13.193 - - [13/Jan/2022:08:32:47 -0500] "GET /sipse/faces/javax.faces.resource/layout/layout.js?ln=primefaces&v=4.0 HTTP/1.1" 304 -
181.53.13.193 - - [13/Jan/2022:08:32:47 -0500] "POST /sipse/faces/presentacion/financiero/solicitudProceso/listarSolicitudProceso.xhtml HTTP/1.1" 200 1344
181.53.11.145 - - [13/Jan/2022:08:32:48 -0500] "POST /sipse/faces/presentacion/financiero/solicitudProceso/listarSolicitudProceso.xhtml HTTP/1.1" 200 138318
181.53.11.145 - - [13/Jan/2022:08:32:49 -0500] "GET /sipse/faces/javax.faces.resource/theme.css?ln=primefaces-sipse HTTP/1.1" 304 -
181.53.11.145 - - [13/Jan/2022:08:32:49 -0500] "GET /sipse/faces/javax.faces.resource/layout/layout.css?ln=primefaces&v=4.0 HTTP/1.1" 304 -
181.53.11.145 - - [13/Jan/2022:08:32:49 -0500] "GET /sipse/faces/javax.faces.resource/primefaces.css?ln=primefaces&v=4.0 HTTP/1.1" 304 -
181.53.11.145 - - [13/Jan/2022:08:32:49 -0500] "GET /sipse/css/imagen/contrasena.png HTTP/1.1" 404 383
181.53.11.145 - - [13/Jan/2022:08:32:49 -0500] "GET /sipse/faces/javax.faces.resource/jquery/jquery.js?ln=primefaces&v=4.0 HTTP/1.1" 304 -
181.53.11.145 - - [13/Jan/2022:08:32:49 -0500] "GET /sipse/faces/javax.faces.resource/jquery/jquery-plugins.js?ln=primefaces&v=4.0 HTTP/1.1" 304 -
181.53.11.145 - - [13/Jan/2022:08:32:49 -0500] "GET /sipse/faces/javax.faces.resource/primefaces.js?ln=primefaces&v=4.0 HTTP/1.1" 304 -
181.53.11.145 - - [13/Jan/2022:08:32:49 -0500] "GET /sipse/faces/javax.faces.resource/layout/layout.js?ln=primefaces&v=4.0 HTTP/1.1" 304 -
181.61.7.90 - - [13/Jan/2022:08:32:49 -0500] "POST /sipse/faces/presentacion/financiero/solicitudProceso/consultar.xhtml HTTP/1.1" 200 12860
181.53.11.145 - - [13/Jan/2022:08:32:49 -0500] "GET /reportes_sipse/sdg/ServletReporte?reporte=experienia_idoneidad&solicitud=16245&pfdrid_c=false HTTP/1.1" 200 126238
181.53.13.193 - - [13/Jan/2022:08:32:52 -0500] "POST /sipse/faces/presentacion/financiero/solicitudProceso/listarSolicitudProceso.xhtml HTTP/1.1" 200 9302
186.84.20.3 - - [13/Jan/2022:08:32:56 -0500] "POST /sipse/faces/presentacion/financiero/solicitudProceso/consultarSolicitudProceso.xhtml HTTP/1.1" 200 46793
186.84.20.3 - - [13/Jan/2022:08:32:57 -0500] "GET /sipse/faces/javax.faces.resource/theme.css?ln=primefaces-sipse HTTP/1.1" 304 -
186.84.20.3 - - [13/Jan/2022:08:32:57 -0500] "GET /sipse/faces/javax.faces.resource/layout/layout.css?ln=primefaces&v=4.0 HTTP/1.1" 304 -
186.84.20.3 - - [13/Jan/2022:08:32:57 -0500] "GET /sipse/faces/javax.faces.resource/primefaces.css?ln=primefaces&v=4.0 HTTP/1.1" 304 -
186.84.20.3 - - [13/Jan/2022:08:32:57 -0500] "GET /sipse/faces/javax.faces.resource/jquery/jquery.js?ln=primefaces&v=4.0 HTTP/1.1" 304 -
186.84.20.3 - - [13/Jan/2022:08:32:57 -0500] "GET /sipse/faces/javax.faces.resource/jquery/jquery-plugins.js?ln=primefaces&v=4.0 HTTP/1.1" 304 -
186.84.20.3 - - [13/Jan/2022:08:32:57 -0500] "GET /sipse/faces/javax.faces.resource/primefaces.js?ln=primefaces&v=4.0 HTTP/1.1" 304 -
186.84.20.3 - - [13/Jan/2022:08:32:57 -0500] "GET /sipse/faces/javax.faces.resource/layout/layout.js?ln=primefaces&v=4.0 HTTP/1.1" 304 -
186.84.20.3 - - [13/Jan/2022:08:32:57 -0500] "GET /sipse/css/imagen/contrasena.png HTTP/1.1" 404 383
186.84.20.3 - - [13/Jan/2022:08:32:57 -0500] "POST /sipse/faces/presentacion/financiero/solicitudProceso/consultar.xhtml HTTP/1.1" 200 40090
186.84.20.3 - - [13/Jan/2022:08:32:57 -0500] "POST /sipse/faces/presentacion/financiero/solicitudProceso/consultar.xhtml HTTP/1.1" 200 40090
186.84.20.3 - - [13/Jan/2022:08:32:57 -0500] "POST /sipse/faces/presentacion/financiero/solicitudProceso/consultar.xhtml HTTP/1.1" 200 40090
186.84.20.3 - - [13/Jan/2022:08:32:57 -0500] "POST /sipse/faces/presentacion/financiero/solicitudProceso/consultar.xhtml HTTP/1.1" 200 40090
186.84.20.3 - - [13/Jan/2022:08:32:57 -0500] "POST /sipse/faces/presentacion/financiero/solicitudProceso/consultar.xhtml HTTP/1.1" 200 40090
186.84.20.3 - - [13/Jan/2022:08:32:58 -0500] "POST /sipse/faces/presentacion/financiero/solicitudProceso/consultar.xhtml HTTP/1.1" 200 40090
186.84.20.3 - - [13/Jan/2022:08:32:58 -0500] "POST /sipse/faces/presentacion/financiero/solicitudProceso/consultar.xhtml HTTP/1.1" 200 40090
186.84.20.3 - - [13/Jan/2022:08:32:58 -0500] "POST /sipse/faces/presentacion/financiero/solicitudProceso/consultar.xhtml HTTP/1.1" 200 40090
186.84.20.3 - - [13/Jan/2022:08:32:58 -0500] "POST /sipse/faces/presentacion/financiero/solicitudProceso/consultar.xhtml HTTP/1.1" 200 40090
186.84.20.3 - - [13/Jan/2022:08:32:58 -0500] "POST /sipse/faces/presentacion/financiero/solicitudProceso/consultar.xhtml HTTP/1.1" 200 40090
186.84.20.3 - - [13/Jan/2022:08:32:58 -0500] "POST /sipse/faces/presentacion/financiero/solicitudProceso/consultar.xhtml HTTP/1.1" 200 40090
186.84.20.3 - - [13/Jan/2022:08:32:59 -0500] "POST /sipse/faces/presentacion/financiero/solicitudProceso/consultar.xhtml HTTP/1.1" 200 40090
186.84.20.3 - - [13/Jan/2022:08:32:59 -0500] "POST /sipse/faces/presentacion/financiero/solicitudProceso/consultar.xhtml HTTP/1.1" 200 40090
186.84.20.3 - - [13/Jan/2022:08:32:59 -0500] "POST /sipse/faces/presentacion/financiero/solicitudProceso/consultar.xhtml HTTP/1.1" 200 40090
186.84.20.3 - - [13/Jan/2022:08:33:00 -0500] "POST /sipse/faces/presentacion/financiero/solicitudProceso/consultar.xhtml HTTP/1.1" 200 12928
181.61.7.90 - - [13/Jan/2022:08:33:02 -0500] "POST /sipse/faces/presentacion/financiero/solicitudProceso/consultar.xhtml HTTP/1.1" 200 12974
186.84.20.3 - - [13/Jan/2022:08:33:02 -0500] "POST /sipse/faces/presentacion/financiero/solicitudProceso/consultar.xhtml HTTP/1.1" 200 143992
186.84.20.3 - - [13/Jan/2022:08:33:03 -0500] "GET /sipse/faces/javax.faces.resource/theme.css?ln=primefaces-sipse HTTP/1.1" 304 -
186.84.20.3 - - [13/Jan/2022:08:33:03 -0500] "GET /sipse/faces/javax.faces.resource/layout/layout.css?ln=primefaces&v=4.0 HTTP/1.1" 304 -
186.84.20.3 - - [13/Jan/2022:08:33:03 -0500] "GET /sipse/faces/javax.faces.resource/primefaces.css?ln=primefaces&v=4.0 HTTP/1.1" 304 -
186.84.20.3 - - [13/Jan/2022:08:33:03 -0500] "GET /sipse/faces/javax.faces.resource/jquery/jquery.js?ln=primefaces&v=4.0 HTTP/1.1" 304 -
186.84.20.3 - - [13/Jan/2022:08:33:03 -0500] "GET /sipse/faces/javax.faces.resource/jquery/jquery-plugins.js?ln=primefaces&v=4.0 HTTP/1.1" 304 -
186.84.20.3 - - [13/Jan/2022:08:33:03 -0500] "GET /sipse/faces/javax.faces.resource/primefaces.js?ln=primefaces&v=4.0 HTTP/1.1" 304 -
186.84.20.3 - - [13/Jan/2022:08:33:03 -0500] "GET /sipse/faces/javax.faces.resource/layout/layout.js?ln=primefaces&v=4.0 HTTP/1.1" 304 -
186.84.20.3 - - [13/Jan/2022:08:33:03 -0500] "GET /sipse/css/imagen/contrasena.png HTTP/1.1" 404 383
186.84.20.3 - - [13/Jan/2022:08:33:03 -0500] "GET /reportes_sipse/sdg/ServletReporte?reporte=experienia_idoneidad&solicitud=16245&pfdrid_c=false HTTP/1.1" 200 126238
181.53.13.193 - - [13/Jan/2022:08:33:06 -0500] "POST /sipse/faces/presentacion/financiero/solicitudProceso/listarSolicitudProceso.xhtml HTTP/1.1" 200 127941
181.53.13.193 - - [13/Jan/2022:08:33:07 -0500] "GET /sipse/faces/javax.faces.resource/theme.css?ln=primefaces-sipse HTTP/1.1" 304 -
181.53.13.193 - - [13/Jan/2022:08:33:07 -0500] "GET /sipse/faces/javax.faces.resource/primefaces.css?ln=primefaces&v=4.0 HTTP/1.1" 304 -
181.53.13.193 - - [13/Jan/2022:08:33:07 -0500] "GET /sipse/faces/javax.faces.resource/jquery/jquery.js?ln=primefaces&v=4.0 HTTP/1.1" 304 -
181.53.13.193 - - [13/Jan/2022:08:33:07 -0500] "GET /sipse/faces/javax.faces.resource/layout/layout.css?ln=primefaces&v=4.0 HTTP/1.1" 304 -
181.53.13.193 - - [13/Jan/2022:08:33:07 -0500] "GET /sipse/faces/javax.faces.resource/jquery/jquery-plugins.js?ln=primefaces&v=4.0 HTTP/1.1" 304 -
181.53.13.193 - - [13/Jan/2022:08:33:07 -0500] "GET /sipse/faces/javax.faces.resource/primefaces.js?ln=primefaces&v=4.0 HTTP/1.1" 304 -
181.53.13.193 - - [13/Jan/2022:08:33:07 -0500] "GET /sipse/faces/javax.faces.resource/layout/layout.js?ln=primefaces&v=4.0 HTTP/1.1" 304 -
181.53.13.193 - - [13/Jan/2022:08:33:07 -0500] "GET /reportes_sipse/sdg/ServletReporte?reporte=experienia_idoneidad&solicitud=16245&pfdrid_c=false HTTP/1.1" 200 126238
200.118.62.168 - - [13/Jan/2022:08:33:08 -0500] "POST /sipse/faces/presentacion/financiero/solicitudProceso/consultarSolicitudProceso.xhtml HTTP/1.1" 200 170822
181.53.11.145 - - [13/Jan/2022:08:33:03 -0500] "POST /sipse/faces/presentacion/financiero/solicitudProceso/consultarSolicitudProceso.xhtml HTTP/1.1" 200 32126
181.53.11.145 - - [13/Jan/2022:08:33:10 -0500] "GET /sipse/faces/javax.faces.resource/theme.css?ln=primefaces-sipse HTTP/1.1" 304 -
181.53.11.145 - - [13/Jan/2022:08:33:10 -0500] "GET /sipse/faces/javax.faces.resource/primefaces.css?ln=primefaces&v=4.0 HTTP/1.1" 304 -
181.53.11.145 - - [13/Jan/2022:08:33:10 -0500] "GET /sipse/faces/javax.faces.resource/layout/layout.css?ln=primefaces&v=4.0 HTTP/1.1" 304 -
181.53.11.145 - - [13/Jan/2022:08:33:11 -0500] "GET /sipse/faces/javax.faces.resource/jquery/jquery.js?ln=primefaces&v=4.0 HTTP/1.1" 304 -
181.53.11.145 - - [13/Jan/2022:08:33:11 -0500] "GET /sipse/faces/javax.faces.resource/jquery/jquery-plugins.js?ln=primefaces&v=4.0 HTTP/1.1" 304 -
181.53.11.145 - - [13/Jan/2022:08:33:11 -0500] "GET /sipse/faces/javax.faces.resource/primefaces.js?ln=primefaces&v=4.0 HTTP/1.1" 304 -
181.53.11.145 - - [13/Jan/2022:08:33:11 -0500] "GET /sipse/faces/javax.faces.resource/layout/layout.js?ln=primefaces&v=4.0 HTTP/1.1" 304 -
181.53.11.145 - - [13/Jan/2022:08:33:11 -0500] "GET /sipse/css/imagen/contrasena.png HTTP/1.1" 404 383
181.53.11.145 - - [13/Jan/2022:08:33:11 -0500] "POST /sipse/faces/presentacion/financiero/solicitudProceso/listarSolicitudProceso.xhtml HTTP/1.1" 200 1328
201.245.192.253 - - [13/Jan/2022:08:32:27 -0500] "POST /kwsrmcab/Wsrmcab HTTP/1.1" 200 45190
186.84.20.3 - - [13/Jan/2022:08:33:13 -0500] "POST /sipse/faces/presentacion/financiero/solicitudProceso/consultarSolicitudProceso.xhtml HTTP/1.1" 200 1379726
201.245.192.253 - - [13/Jan/2022:08:33:13 -0500] "POST /sipse/faces/presentacion/financiero/solicitudProceso/consultarSolicitudProceso.xhtml HTTP/1.1" 200 201933
181.61.7.90 - - [13/Jan/2022:08:33:14 -0500] "POST /sipse/faces/presentacion/financiero/solicitudProceso/consultar.xhtml HTTP/1.1" 200 12897
186.84.20.3 - - [13/Jan/2022:08:33:14 -0500] "POST /sipse/faces/presentacion/financiero/solicitudProceso/consultarSolicitudProceso.xhtml HTTP/1.1" 200 105499
186.84.20.3 - - [13/Jan/2022:08:33:15 -0500] "POST /sipse/faces/presentacion/financiero/solicitudProceso/consultarSolicitudProceso.xhtml HTTP/1.1" 200 734098
186.84.20.3 - - [13/Jan/2022:08:33:17 -0500] "POST /sipse/faces/presentacion/financiero/solicitudProceso/consultarSolicitudProceso.xhtml HTTP/1.1" 200 5500
186.84.20.3 - - [13/Jan/2022:08:33:18 -0500] "GET /reportes_sipse/sdg/ServletReporte?reporte=experienia_idoneidad&solicitud=16281&pfdrid_c=false HTTP/1.1" 200 128653
181.61.7.90 - - [13/Jan/2022:08:33:29 -0500] "POST /sipse/faces/presentacion/financiero/solicitudProceso/consultar.xhtml HTTP/1.1" 200 12898
181.61.7.90 - - [13/Jan/2022:08:33:40 -0500] "POST /sipse/faces/presentacion/financiero/solicitudProceso/consultar.xhtml HTTP/1.1" 200 12907
201.245.192.253 - - [13/Jan/2022:08:33:40 -0500] "POST /sipse/faces/presentacion/financiero/solicitudProceso/consultarSolicitudProceso.xhtml HTTP/1.1" 200 6302460
200.118.62.168 - - [13/Jan/2022:08:33:49 -0500] "POST /sipse/faces/presentacion/financiero/solicitudProceso/consultarSolicitudProceso.xhtml HTTP/1.1" 200 5533
200.118.62.168 - - [13/Jan/2022:08:33:50 -0500] "GET /sipse/faces/javax.faces.resource/dynamiccontent.properties?ln=primefaces&pfdrid=XjOR5%2F%2FfPAZAuY9TpWQeCiM0BhlXxYRBGKi%2FQcXXfeA%3D&pfdrid_c=false HTTP/1.1" 200 105722
216.245.221.92 - - [13/Jan/2022:08:33:51 -0500] "HEAD / HTTP/1.1" 200 -
200.118.62.168 - - [13/Jan/2022:08:33:52 -0500] "GET /sipse/faces/javax.faces.resource/dynamiccontent.properties?ln=primefaces&pfdrid=XjOR5%2F%2FfPAZAuY9TpWQeCiM0BhlXxYRBGKi%2FQcXXfeA%3D&pfdrid_c=false HTTP/1.1" 500 383
181.61.7.90 - - [13/Jan/2022:08:33:59 -0500] "POST /sipse/faces/presentacion/financiero/solicitudProceso/consultar.xhtml HTTP/1.1" 200 12903
181.61.7.90 - - [13/Jan/2022:08:34:09 -0500] "POST /sipse/faces/presentacion/financiero/solicitudProceso/consultar.xhtml HTTP/1.1" 200 12931
200.118.62.168 - - [13/Jan/2022:08:34:15 -0500] "POST /sipse/faces/presentacion/financiero/solicitudProceso/consultarSolicitudProceso.xhtml HTTP/1.1" 200 5500
200.118.62.168 - - [13/Jan/2022:08:34:16 -0500] "GET /reportes_sipse/sdg/ServletReporte?reporte=experienia_idoneidad&solicitud=16609&pfdrid_c=false HTTP/1.1" 200 77859
181.61.7.90 - - [13/Jan/2022:08:34:22 -0500] "POST /sipse/faces/presentacion/financiero/solicitudProceso/consultar.xhtml HTTP/1.1" 200 12979
181.61.7.90 - - [13/Jan/2022:08:34:36 -0500] "POST /sipse/faces/presentacion/financiero/solicitudProceso/consultar.xhtml HTTP/1.1" 200 12926
181.61.7.90 - - [13/Jan/2022:08:34:50 -0500] "POST /sipse/faces/presentacion/financiero/solicitudProceso/consultar.xhtml HTTP/1.1" 200 2684
181.61.7.90 - - [13/Jan/2022:08:34:53 -0500] "POST /sipse/faces/presentacion/financiero/solicitudProceso/consultar.xhtml HTTP/1.1" 200 31156
181.61.7.90 - - [13/Jan/2022:08:34:54 -0500] "GET /sipse/faces/javax.faces.resource/jquery/jquery.js?ln=primefaces&v=4.0 HTTP/1.1" 304 -
181.61.7.90 - - [13/Jan/2022:08:34:54 -0500] "GET /sipse/faces/javax.faces.resource/jquery/jquery-plugins.js?ln=primefaces&v=4.0 HTTP/1.1" 304 -
181.61.7.90 - - [13/Jan/2022:08:34:54 -0500] "GET /sipse/faces/javax.faces.resource/primefaces.js?ln=primefaces&v=4.0 HTTP/1.1" 304 -
181.61.7.90 - - [13/Jan/2022:08:34:54 -0500] "GET /sipse/faces/javax.faces.resource/layout/layout.js?ln=primefaces&v=4.0 HTTP/1.1" 304 -
181.61.7.90 - - [13/Jan/2022:08:34:54 -0500] "POST /sipse/faces/presentacion/workflow/reasignarReenrutar.xhtml HTTP/1.1" 200 24471
181.61.7.90 - - [13/Jan/2022:08:34:57 -0500] "POST /sipse/faces/presentacion/workflow/reasignarReenrutar.xhtml HTTP/1.1" 200 15545
181.61.7.90 - - [13/Jan/2022:08:34:58 -0500] "POST /sipse/faces/presentacion/workflow/reasignarReenrutar.xhtml HTTP/1.1" 200 15638
181.61.7.90 - - [13/Jan/2022:08:35:05 -0500] "POST /sipse/faces/presentacion/workflow/reasignarReenrutar.xhtml HTTP/1.1" 200 53475
181.61.7.90 - - [13/Jan/2022:08:35:14 -0500] "POST /sipse/faces/presentacion/workflow/reasignarReenrutar.xhtml HTTP/1.1" 200 53515
181.61.7.90 - - [13/Jan/2022:08:35:34 -0500] "POST /sipse/faces/presentacion/workflow/reasignarReenrutar.xhtml HTTP/1.1" 200 54105
181.61.7.90 - - [13/Jan/2022:08:35:36 -0500] "POST /sipse/faces/presentacion/workflow/reasignarReenrutar.xhtml HTTP/1.1" 200 4925
181.61.7.90 - - [13/Jan/2022:08:35:48 -0500] "POST /sipse/faces/presentacion/workflow/reasignarReenrutar.xhtml HTTP/1.1" 200 15602
181.61.7.90 - - [13/Jan/2022:08:35:50 -0500] "POST /sipse/faces/presentacion/workflow/reasignarReenrutar.xhtml HTTP/1.1" 200 15675
181.61.7.90 - - [13/Jan/2022:08:35:52 -0500] "POST /sipse/faces/presentacion/workflow/reasignarReenrutar.xhtml HTTP/1.1" 200 53501
201.245.192.253 - - [13/Jan/2022:08:35:58 -0500] "POST /sipse/faces/presentacion/financiero/solicitudProceso/consultarSolicitudProceso.xhtml HTTP/1.1" 200 5533
201.245.192.253 - - [13/Jan/2022:08:35:59 -0500] "GET /sipse/faces/javax.faces.resource/dynamiccontent.properties?ln=primefaces&pfdrid=XjOR5%2F%2FfPAZAuY9TpWQeCiM0BhlXxYRBGKi%2FQcXXfeA%3D&pfdrid_c=false HTTP/1.1" 200 105718
186.84.20.3 - - [13/Jan/2022:08:36:01 -0500] "POST /sipse/faces/presentacion/financiero/solicitudProceso/consultarSolicitudProceso.xhtml HTTP/1.1" 200 46894
186.84.20.3 - - [13/Jan/2022:08:36:01 -0500] "GET /sipse/faces/javax.faces.resource/theme.css?ln=primefaces-sipse HTTP/1.1" 304 -
186.84.20.3 - - [13/Jan/2022:08:36:01 -0500] "GET /sipse/faces/javax.faces.resource/layout/layout.css?ln=primefaces&v=4.0 HTTP/1.1" 304 -
186.84.20.3 - - [13/Jan/2022:08:36:01 -0500] "GET /sipse/faces/javax.faces.resource/primefaces.css?ln=primefaces&v=4.0 HTTP/1.1" 304 -
186.84.20.3 - - [13/Jan/2022:08:36:01 -0500] "GET /sipse/faces/javax.faces.resource/jquery/jquery.js?ln=primefaces&v=4.0 HTTP/1.1" 304 -
186.84.20.3 - - [13/Jan/2022:08:36:01 -0500] "GET /sipse/faces/javax.faces.resource/jquery/jquery-plugins.js?ln=primefaces&v=4.0 HTTP/1.1" 304 -
186.84.20.3 - - [13/Jan/2022:08:36:01 -0500] "GET /sipse/faces/javax.faces.resource/primefaces.js?ln=primefaces&v=4.0 HTTP/1.1" 304 -
186.84.20.3 - - [13/Jan/2022:08:36:01 -0500] "GET /sipse/faces/javax.faces.resource/layout/layout.js?ln=primefaces&v=4.0 HTTP/1.1" 304 -
186.84.20.3 - - [13/Jan/2022:08:36:01 -0500] "GET /sipse/css/imagen/contrasena.png HTTP/1.1" 404 383
186.84.20.3 - - [13/Jan/2022:08:36:01 -0500] "POST /sipse/faces/presentacion/financiero/solicitudProceso/consultar.xhtml HTTP/1.1" 200 40191
186.84.20.3 - - [13/Jan/2022:08:36:01 -0500] "POST /sipse/faces/presentacion/financiero/solicitudProceso/consultar.xhtml HTTP/1.1" 200 40191
181.61.7.90 - - [13/Jan/2022:08:36:02 -0500] "POST /sipse/faces/presentacion/workflow/reasignarReenrutar.xhtml HTTP/1.1" 200 53537
186.84.20.3 - - [13/Jan/2022:08:36:02 -0500] "POST /sipse/faces/presentacion/financiero/solicitudProceso/consultar.xhtml HTTP/1.1" 200 40191
186.84.20.3 - - [13/Jan/2022:08:36:02 -0500] "POST /sipse/faces/presentacion/financiero/solicitudProceso/consultar.xhtml HTTP/1.1" 200 40191
186.84.20.3 - - [13/Jan/2022:08:36:02 -0500] "POST /sipse/faces/presentacion/financiero/solicitudProceso/consultar.xhtml HTTP/1.1" 200 40191
186.84.20.3 - - [13/Jan/2022:08:36:02 -0500] "POST /sipse/faces/presentacion/financiero/solicitudProceso/consultar.xhtml HTTP/1.1" 200 40191
186.84.20.3 - - [13/Jan/2022:08:36:02 -0500] "POST /sipse/faces/presentacion/financiero/solicitudProceso/consultar.xhtml HTTP/1.1" 200 40191
186.84.20.3 - - [13/Jan/2022:08:36:03 -0500] "POST /sipse/faces/presentacion/financiero/solicitudProceso/consultar.xhtml HTTP/1.1" 200 40191
186.84.20.3 - - [13/Jan/2022:08:36:03 -0500] "POST /sipse/faces/presentacion/financiero/solicitudProceso/consultar.xhtml HTTP/1.1" 200 40191
186.84.20.3 - - [13/Jan/2022:08:36:03 -0500] "POST /sipse/faces/presentacion/financiero/solicitudProceso/consultar.xhtml HTTP/1.1" 200 40191
186.84.20.3 - - [13/Jan/2022:08:36:03 -0500] "POST /sipse/faces/presentacion/financiero/solicitudProceso/consultar.xhtml HTTP/1.1" 200 40191
186.84.20.3 - - [13/Jan/2022:08:36:03 -0500] "POST /sipse/faces/presentacion/financiero/solicitudProceso/consultar.xhtml HTTP/1.1" 200 40191
186.84.20.3 - - [13/Jan/2022:08:36:03 -0500] "POST /sipse/faces/presentacion/financiero/solicitudProceso/consultar.xhtml HTTP/1.1" 200 40191
186.84.20.3 - - [13/Jan/2022:08:36:04 -0500] "POST /sipse/faces/presentacion/financiero/solicitudProceso/consultar.xhtml HTTP/1.1" 200 40191
186.84.20.3 - - [13/Jan/2022:08:36:04 -0500] "POST /sipse/faces/presentacion/financiero/solicitudProceso/consultar.xhtml HTTP/1.1" 200 40191
186.84.20.3 - - [13/Jan/2022:08:36:04 -0500] "POST /sipse/faces/presentacion/financiero/solicitudProceso/consultar.xhtml HTTP/1.1" 200 40191
181.61.7.90 - - [13/Jan/2022:08:36:05 -0500] "POST /sipse/faces/presentacion/workflow/reasignarReenrutar.xhtml HTTP/1.1" 200 54119
181.61.7.90 - - [13/Jan/2022:08:36:07 -0500] "POST /sipse/faces/presentacion/workflow/reasignarReenrutar.xhtml HTTP/1.1" 200 4925
186.84.20.3 - - [13/Jan/2022:08:36:07 -0500] "POST /sipse/faces/presentacion/financiero/solicitudProceso/consultar.xhtml HTTP/1.1" 200 13021
186.84.20.3 - - [13/Jan/2022:08:36:09 -0500] "POST /sipse/faces/presentacion/financiero/solicitudProceso/consultar.xhtml HTTP/1.1" 200 145871
186.84.20.3 - - [13/Jan/2022:08:36:09 -0500] "GET /sipse/faces/javax.faces.resource/theme.css?ln=primefaces-sipse HTTP/1.1" 304 -
186.84.20.3 - - [13/Jan/2022:08:36:09 -0500] "GET /sipse/faces/javax.faces.resource/layout/layout.css?ln=primefaces&v=4.0 HTTP/1.1" 304 -
186.84.20.3 - - [13/Jan/2022:08:36:09 -0500] "GET /sipse/faces/javax.faces.resource/primefaces.css?ln=primefaces&v=4.0 HTTP/1.1" 304 -
186.84.20.3 - - [13/Jan/2022:08:36:09 -0500] "GET /sipse/faces/javax.faces.resource/jquery/jquery.js?ln=primefaces&v=4.0 HTTP/1.1" 304 -
186.84.20.3 - - [13/Jan/2022:08:36:09 -0500] "GET /sipse/faces/javax.faces.resource/jquery/jquery-plugins.js?ln=primefaces&v=4.0 HTTP/1.1" 304 -
186.84.20.3 - - [13/Jan/2022:08:36:09 -0500] "GET /sipse/faces/javax.faces.resource/primefaces.js?ln=primefaces&v=4.0 HTTP/1.1" 304 -
186.84.20.3 - - [13/Jan/2022:08:36:09 -0500] "GET /sipse/faces/javax.faces.resource/layout/layout.js?ln=primefaces&v=4.0 HTTP/1.1" 304 -
186.84.20.3 - - [13/Jan/2022:08:36:09 -0500] "GET /sipse/css/imagen/contrasena.png HTTP/1.1" 404 383
186.84.20.3 - - [13/Jan/2022:08:36:10 -0500] "GET /sipse/faces/javax.faces.resource/dynamiccontent.properties?ln=primefaces&pfdrid=XjOR5%2F%2FfPAZAuY9TpWQeCiM0BhlXxYRBGKi%2FQcXXfeA%3D&pfdrid_c=false HTTP/1.1" 500 383
186.84.20.3 - - [13/Jan/2022:08:36:15 -0500] "POST /sipse/faces/presentacion/financiero/solicitudProceso/consultarSolicitudProceso.xhtml HTTP/1.1" 200 167363
181.61.7.90 - - [13/Jan/2022:08:36:16 -0500] "POST /sipse/faces/presentacion/workflow/reasignarReenrutar.xhtml HTTP/1.1" 200 15602
186.84.20.3 - - [13/Jan/2022:08:36:16 -0500] "POST /sipse/faces/presentacion/financiero/solicitudProceso/consultarSolicitudProceso.xhtml HTTP/1.1" 200 87843
181.61.7.90 - - [13/Jan/2022:08:36:17 -0500] "POST /sipse/faces/presentacion/workflow/reasignarReenrutar.xhtml HTTP/1.1" 200 15675
186.84.20.3 - - [13/Jan/2022:08:36:17 -0500] "POST /sipse/faces/presentacion/financiero/solicitudProceso/consultarSolicitudProceso.xhtml HTTP/1.1" 200 786794
181.61.7.90 - - [13/Jan/2022:08:36:19 -0500] "POST /sipse/faces/presentacion/workflow/reasignarReenrutar.xhtml HTTP/1.1" 200 53557
181.61.7.90 - - [13/Jan/2022:08:36:27 -0500] "POST /sipse/faces/presentacion/workflow/reasignarReenrutar.xhtml HTTP/1.1" 200 53589
190.25.89.165 - - [13/Jan/2022:08:36:27 -0500] "GET /sipse/faces/presentacion/financiero/solicitudProceso/consultarSolicitudProceso.xhtml HTTP/1.1" 302 -
190.25.89.165 - - [13/Jan/2022:08:36:28 -0500] "GET /sipse/faces/autenticacion.xhtml HTTP/1.1" 200 12178
190.25.89.165 - - [13/Jan/2022:08:36:28 -0500] "GET /sipse/js/disable_browser_buttons.js HTTP/1.1" 304 -
190.25.89.165 - - [13/Jan/2022:08:36:28 -0500] "GET /sipse/js/funciones.js HTTP/1.1" 304 -
190.25.89.165 - - [13/Jan/2022:08:36:28 -0500] "GET /sipse/css/custom_css_sg_prime_login.css HTTP/1.1" 304 -
190.25.89.165 - - [13/Jan/2022:08:36:28 -0500] "GET /sipse/faces/javax.faces.resource/jquery/jquery-plugins.js?ln=primefaces&v=4.0 HTTP/1.1" 304 -
190.25.89.165 - - [13/Jan/2022:08:36:29 -0500] "GET /sipse/css/custom_css_sg.css HTTP/1.1" 304 -
190.25.89.165 - - [13/Jan/2022:08:36:29 -0500] "GET /sipse/faces/javax.faces.resource/theme.css?ln=primefaces-sipse HTTP/1.1" 304 -
190.25.89.165 - - [13/Jan/2022:08:36:29 -0500] "GET /sipse/faces/javax.faces.resource/layout/layout.css?ln=primefaces&v=4.0 HTTP/1.1" 304 -
190.25.89.165 - - [13/Jan/2022:08:36:29 -0500] "GET /sipse/faces/javax.faces.resource/primefaces.css?ln=primefaces&v=4.0 HTTP/1.1" 304 -
190.25.89.165 - - [13/Jan/2022:08:36:29 -0500] "GET /sipse/faces/javax.faces.resource/jquery/jquery.js?ln=primefaces&v=4.0 HTTP/1.1" 304 -
190.25.89.165 - - [13/Jan/2022:08:36:29 -0500] "GET /sipse/faces/javax.faces.resource/primefaces.js?ln=primefaces&v=4.0 HTTP/1.1" 304 -
190.25.89.165 - - [13/Jan/2022:08:36:29 -0500] "GET /sipse/faces/javax.faces.resource/layout/layout.js?ln=primefaces&v=4.0 HTTP/1.1" 304 -
181.61.7.90 - - [13/Jan/2022:08:36:30 -0500] "POST /sipse/faces/presentacion/workflow/reasignarReenrutar.xhtml HTTP/1.1" 200 54179
190.25.89.165 - - [13/Jan/2022:08:36:30 -0500] "GET /sipse/css/imagen/loginimg.png HTTP/1.1" 304 -
190.25.89.165 - - [13/Jan/2022:08:36:30 -0500] "GET /sipse/css/imagen/logoSDG.png HTTP/1.1" 304 -
190.25.89.165 - - [13/Jan/2022:08:36:30 -0500] "GET /sipse/faces/javax.faces.resource/images/ui-icons_898989_256x240.png?ln=primefaces-aristo HTTP/1.1" 304 -
181.61.7.90 - - [13/Jan/2022:08:36:31 -0500] "POST /sipse/faces/presentacion/workflow/reasignarReenrutar.xhtml HTTP/1.1" 200 4929
186.148.168.245 - - [13/Jan/2022:08:36:32 -0500] "GET /sipse/faces/index.xhtml HTTP/1.1" 200 677
190.25.89.165 - - [13/Jan/2022:08:36:32 -0500] "GET /sipse/faces/index.xhtml HTTP/1.1" 200 677
186.148.168.245 - - [13/Jan/2022:08:36:32 -0500] "GET /sipse/faces/javax.faces.resource/theme.css?ln=primefaces-sipse HTTP/1.1" 304 -
186.148.168.245 - - [13/Jan/2022:08:36:32 -0500] "GET /sipse/faces/faces/autenticacion.xhtml HTTP/1.1" 200 12178
186.148.168.245 - - [13/Jan/2022:08:36:32 -0500] "GET /sipse/js/disable_browser_buttons.js HTTP/1.1" 304 -
186.148.168.245 - - [13/Jan/2022:08:36:32 -0500] "GET /sipse/css/custom_css_sg.css HTTP/1.1" 304 -
186.148.168.245 - - [13/Jan/2022:08:36:32 -0500] "GET /sipse/css/custom_css_sg_prime_login.css HTTP/1.1" 304 -
186.148.168.245 - - [13/Jan/2022:08:36:32 -0500] "GET /sipse/faces/javax.faces.resource/theme.css?ln=primefaces-sipse HTTP/1.1" 304 -
186.148.168.245 - - [13/Jan/2022:08:36:32 -0500] "GET /sipse/faces/javax.faces.resource/primefaces.css?ln=primefaces&v=4.0 HTTP/1.1" 304 -
186.148.168.245 - - [13/Jan/2022:08:36:32 -0500] "GET /sipse/faces/javax.faces.resource/jquery/jquery.js?ln=primefaces&v=4.0 HTTP/1.1" 304 -
186.148.168.245 - - [13/Jan/2022:08:36:32 -0500] "GET /sipse/faces/javax.faces.resource/jquery/jquery-plugins.js?ln=primefaces&v=4.0 HTTP/1.1" 304 -
186.148.168.245 - - [13/Jan/2022:08:36:32 -0500] "GET /sipse/js/funciones.js HTTP/1.1" 304 -
186.148.168.245 - - [13/Jan/2022:08:36:32 -0500] "GET /sipse/faces/javax.faces.resource/primefaces.js?ln=primefaces&v=4.0 HTTP/1.1" 304 -
186.148.168.245 - - [13/Jan/2022:08:36:32 -0500] "GET /sipse/faces/javax.faces.resource/layout/layout.css?ln=primefaces&v=4.0 HTTP/1.1" 304 -
186.148.168.245 - - [13/Jan/2022:08:36:32 -0500] "GET /sipse/faces/javax.faces.resource/layout/layout.js?ln=primefaces&v=4.0 HTTP/1.1" 304 -
190.25.89.165 - - [13/Jan/2022:08:36:32 -0500] "GET /sipse/faces/javax.faces.resource/theme.css?ln=primefaces-sipse HTTP/1.1" 304 -
186.148.168.245 - - [13/Jan/2022:08:36:32 -0500] "GET /sipse/css/imagen/loginimg.png HTTP/1.1" 304 -
186.148.168.245 - - [13/Jan/2022:08:36:32 -0500] "GET /sipse/css/imagen/logoSDG.png HTTP/1.1" 304 -
186.148.168.245 - - [13/Jan/2022:08:36:32 -0500] "GET /sipse/faces/javax.faces.resource/images/ui-icons_898989_256x240.png?ln=primefaces-aristo HTTP/1.1" 304 -
186.148.168.245 - - [13/Jan/2022:08:36:34 -0500] "POST /sipse/faces/autenticacion.xhtml HTTP/1.1" 200 12327
186.148.168.245 - - [13/Jan/2022:08:36:35 -0500] "GET /sipse/faces/javax.faces.resource/primefaces.css?ln=primefaces&v=4.0 HTTP/1.1" 304 -
186.148.168.245 - - [13/Jan/2022:08:36:35 -0500] "GET /sipse/faces/javax.faces.resource/theme.css?ln=primefaces-sipse HTTP/1.1" 304 -
186.148.168.245 - - [13/Jan/2022:08:36:35 -0500] "GET /sipse/css/custom_css_sg_prime.css HTTP/1.1" 304 -
186.148.168.245 - - [13/Jan/2022:08:36:35 -0500] "GET /sipse/faces/javax.faces.resource/jquery/jquery.js?ln=primefaces&v=4.0 HTTP/1.1" 304 -
186.148.168.245 - - [13/Jan/2022:08:36:35 -0500] "GET /sipse/faces/javax.faces.resource/layout/layout.css?ln=primefaces&v=4.0 HTTP/1.1" 304 -
186.148.168.245 - - [13/Jan/2022:08:36:35 -0500] "GET /sipse/faces/javax.faces.resource/jquery/jquery-plugins.js?ln=primefaces&v=4.0 HTTP/1.1" 304 -
186.148.168.245 - - [13/Jan/2022:08:36:36 -0500] "GET /sipse/faces/javax.faces.resource/primefaces.js?ln=primefaces&v=4.0 HTTP/1.1" 304 -
186.148.168.245 - - [13/Jan/2022:08:36:36 -0500] "GET /sipse/faces/javax.faces.resource/layout/layout.js?ln=primefaces&v=4.0 HTTP/1.1" 304 -
186.148.168.245 - - [13/Jan/2022:08:36:36 -0500] "GET /sipse/faces/javax.faces.resource/messages/messages.png?ln=primefaces&v=4.0 HTTP/1.1" 304 -
186.84.21.137 - - [13/Jan/2022:08:36:37 -0500] "POST /sipse/faces/presentacion/financiero/solicitudAnulacion/solicitudAnulacion.xhtml HTTP/1.1" 200 184
186.84.21.137 - - [13/Jan/2022:08:36:37 -0500] "POST /sipse/faces/presentacion/financiero/solicitudAnulacion/solicitudAnulacion.xhtml HTTP/1.1" 200 184
186.84.21.137 - - [13/Jan/2022:08:36:37 -0500] "POST /sipse/faces/presentacion/financiero/solicitudAnulacion/solicitudAnulacion.xhtml HTTP/1.1" 200 184
186.84.21.137 - - [13/Jan/2022:08:36:37 -0500] "GET /sipse/faces/presentacion/financiero/solicitudAnulacion/solicitudAnulacion.xhtml HTTP/1.1" 200 16805
186.84.21.137 - - [13/Jan/2022:08:36:37 -0500] "POST /sipse/faces/presentacion/financiero/solicitudAnulacion/solicitudAnulacion.xhtml HTTP/1.1" 200 184
186.84.21.137 - - [13/Jan/2022:08:36:37 -0500] "GET /sipse/faces/presentacion/financiero/solicitudAnulacion/solicitudAnulacion.xhtml HTTP/1.1" 200 12285
186.84.21.137 - - [13/Jan/2022:08:36:37 -0500] "GET /sipse/faces/presentacion/financiero/solicitudAnulacion/solicitudAnulacion.xhtml HTTP/1.1" 200 16113
186.84.21.137 - - [13/Jan/2022:08:36:37 -0500] "GET /sipse/faces/presentacion/financiero/solicitudAnulacion/solicitudAnulacion.xhtml HTTP/1.1" 200 38857
186.84.21.137 - - [13/Jan/2022:08:36:37 -0500] "GET /sipse/faces/javax.faces.resource/jquery/jquery-plugins.js?ln=primefaces&v=4.0 HTTP/1.1" 304 -
186.84.21.137 - - [13/Jan/2022:08:36:37 -0500] "GET /sipse/faces/javax.faces.resource/layout/layout.js?ln=primefaces&v=4.0 HTTP/1.1" 304 -
186.84.21.137 - - [13/Jan/2022:08:36:37 -0500] "GET /sipse/faces/javax.faces.resource/jquery/jquery.js?ln=primefaces&v=4.0 HTTP/1.1" 304 -
186.84.21.137 - - [13/Jan/2022:08:36:37 -0500] "GET /sipse/faces/javax.faces.resource/primefaces.js?ln=primefaces&v=4.0 HTTP/1.1" 304 -
186.84.21.137 - - [13/Jan/2022:08:36:37 -0500] "GET /sipse/faces/javax.faces.resource/primefaces.css?ln=primefaces&v=4.0 HTTP/1.1" 304 -
186.84.21.137 - - [13/Jan/2022:08:36:37 -0500] "GET /sipse/faces/javax.faces.resource/layout/layout.css?ln=primefaces&v=4.0 HTTP/1.1" 304 -
186.84.21.137 - - [13/Jan/2022:08:36:37 -0500] "GET /sipse/faces/javax.faces.resource/theme.css?ln=primefaces-sipse HTTP/1.1" 304 -
186.84.21.137 - - [13/Jan/2022:08:36:37 -0500] "GET /sipse/faces/javax.faces.resource/images/ui-icons_898989_256x240.png?ln=primefaces-aristo HTTP/1.1" 304 -
186.84.21.137 - - [13/Jan/2022:08:36:37 -0500] "GET /sipse/css/imagen/contrasena.png HTTP/1.1" 404 383
186.84.21.137 - - [13/Jan/2022:08:36:37 -0500] "GET /sipse/faces/javax.faces.resource/images/ui-bg_flat_0_2d5972_40x100.png?ln=primefaces-aristo HTTP/1.1" 304 -
186.84.21.137 - - [13/Jan/2022:08:36:37 -0500] "POST /sipse/faces/presentacion/financiero/solicitudAnulacion/solicitudAnulacion.xhtml HTTP/1.1" 200 14796
181.61.7.90 - - [13/Jan/2022:08:36:40 -0500] "POST /sipse/faces/presentacion/workflow/reasignarReenrutar.xhtml HTTP/1.1" 200 15602
186.148.168.245 - - [13/Jan/2022:08:36:43 -0500] "POST /sipse/faces/presentacion/sistema/seguridad/seleccionRol.xhtml HTTP/1.1" 200 6697
201.245.192.253 - - [13/Jan/2022:08:36:43 -0500] "POST /sipse/faces/presentacion/financiero/solicitudProceso/consultarSolicitudProceso.xhtml HTTP/1.1" 200 5500
201.245.192.253 - - [13/Jan/2022:08:36:43 -0500] "GET /reportes_sipse/sdg/ServletReporte?reporte=experienia_idoneidad&solicitud=16344&pfdrid_c=false HTTP/1.1" 200 162118
186.148.168.245 - - [13/Jan/2022:08:36:44 -0500] "POST /sipse/faces/presentacion/sistema/seguridad/seleccionRol.xhtml HTTP/1.1" 200 15132
186.148.168.245 - - [13/Jan/2022:08:36:45 -0500] "GET /sipse/faces/javax.faces.resource/theme.css?ln=primefaces-sipse HTTP/1.1" 304 -
186.148.168.245 - - [13/Jan/2022:08:36:45 -0500] "GET /sipse/faces/javax.faces.resource/layout/layout.css?ln=primefaces&v=4.0 HTTP/1.1" 304 -
186.148.168.245 - - [13/Jan/2022:08:36:45 -0500] "GET /sipse/faces/javax.faces.resource/primefaces.css?ln=primefaces&v=4.0 HTTP/1.1" 304 -
186.148.168.245 - - [13/Jan/2022:08:36:45 -0500] "GET /sipse/js/jquery.min.js HTTP/1.1" 304 -
186.148.168.245 - - [13/Jan/2022:08:36:45 -0500] "GET /sipse/faces/javax.faces.resource/jquery/jquery.js?ln=primefaces&v=4.0 HTTP/1.1" 304 -
186.148.168.245 - - [13/Jan/2022:08:36:45 -0500] "GET /sipse/faces/javax.faces.resource/jquery/jquery-plugins.js?ln=primefaces&v=4.0 HTTP/1.1" 304 -
186.148.168.245 - - [13/Jan/2022:08:36:45 -0500] "GET /sipse/faces/javax.faces.resource/primefaces.js?ln=primefaces&v=4.0 HTTP/1.1" 304 -
186.148.168.245 - - [13/Jan/2022:08:36:45 -0500] "GET /sipse/faces/javax.faces.resource/layout/layout.js?ln=primefaces&v=4.0 HTTP/1.1" 304 -
186.148.168.245 - - [13/Jan/2022:08:36:45 -0500] "GET /sipse/imagenes/logoAplicacion.jpg HTTP/1.1" 304 -
186.148.168.245 - - [13/Jan/2022:08:36:45 -0500] "GET /sipse/imagenes/cargando.gif HTTP/1.1" 304 -
186.148.168.245 - - [13/Jan/2022:08:36:45 -0500] "GET /sipse/css/imagen/contrasena.png HTTP/1.1" 404 383
186.148.168.245 - - [13/Jan/2022:08:36:48 -0500] "GET /sipse/faces/javax.faces.resource/images/ui-bg_flat_0_2d5972_40x100.png?ln=primefaces-aristo HTTP/1.1" 304 -
186.148.168.245 - - [13/Jan/2022:08:36:48 -0500] "POST /sipse/faces/bienvenido.xhtml HTTP/1.1" 200 2073
186.148.168.245 - - [13/Jan/2022:08:36:49 -0500] "POST /sipse/faces/bienvenido.xhtml HTTP/1.1" 200 37865
186.148.168.245 - - [13/Jan/2022:08:36:49 -0500] "GET /sipse/faces/javax.faces.resource/primefaces.css?ln=primefaces&v=4.0 HTTP/1.1" 304 -
186.148.168.245 - - [13/Jan/2022:08:36:49 -0500] "GET /sipse/faces/javax.faces.resource/theme.css?ln=primefaces-sipse HTTP/1.1" 304 -
186.148.168.245 - - [13/Jan/2022:08:36:49 -0500] "GET /sipse/faces/javax.faces.resource/layout/layout.css?ln=primefaces&v=4.0 HTTP/1.1" 304 -
186.148.168.245 - - [13/Jan/2022:08:36:49 -0500] "GET /sipse/faces/javax.faces.resource/jquery/jquery.js?ln=primefaces&v=4.0 HTTP/1.1" 304 -
186.148.168.245 - - [13/Jan/2022:08:36:49 -0500] "GET /sipse/faces/javax.faces.resource/jquery/jquery-plugins.js?ln=primefaces&v=4.0 HTTP/1.1" 304 -
186.148.168.245 - - [13/Jan/2022:08:36:49 -0500] "GET /sipse/faces/javax.faces.resource/primefaces.js?ln=primefaces&v=4.0 HTTP/1.1" 304 -
186.148.168.245 - - [13/Jan/2022:08:36:49 -0500] "GET /sipse/faces/javax.faces.resource/layout/layout.js?ln=primefaces&v=4.0 HTTP/1.1" 304 -
201.245.192.253 - - [13/Jan/2022:08:36:57 -0500] "GET /sipse/faces/javax.faces.resource/images/ui-bg_flat_0_2d5972_40x100.png?ln=primefaces-aristo HTTP/1.1" 304 -
201.245.192.253 - - [13/Jan/2022:08:36:57 -0500] "POST /sipse/faces/presentacion/sistema/reporte/ventanaVerReporteParametros.xhtml HTTP/1.1" 200 38312
201.245.192.253 - - [13/Jan/2022:08:36:57 -0500] "GET /sipse/faces/javax.faces.resource/jquery/jquery.js?ln=primefaces&v=4.0 HTTP/1.1" 304 -
201.245.192.253 - - [13/Jan/2022:08:36:57 -0500] "GET /sipse/faces/javax.faces.resource/jquery/jquery-plugins.js?ln=primefaces&v=4.0 HTTP/1.1" 304 -
201.245.192.253 - - [13/Jan/2022:08:36:57 -0500] "GET /sipse/faces/javax.faces.resource/primefaces.js?ln=primefaces&v=4.0 HTTP/1.1" 304 -
201.245.192.253 - - [13/Jan/2022:08:36:57 -0500] "GET /sipse/faces/javax.faces.resource/layout/layout.js?ln=primefaces&v=4.0 HTTP/1.1" 304 -
201.245.192.253 - - [13/Jan/2022:08:36:57 -0500] "POST /sipse/faces/presentacion/financiero/solicitudProceso/listarSolicitudProceso.xhtml HTTP/1.1" 200 1344
181.61.7.90 - - [13/Jan/2022:08:36:58 -0500] "POST /sipse/faces/presentacion/workflow/reasignarReenrutar.xhtml HTTP/1.1" 200 15675
201.245.192.253 - - [13/Jan/2022:08:37:00 -0500] "POST /sipse/faces/presentacion/financiero/solicitudProceso/listarSolicitudProceso.xhtml HTTP/1.1" 200 31007
181.61.7.90 - - [13/Jan/2022:08:36:59 -0500] "POST /sipse/faces/presentacion/workflow/reasignarReenrutar.xhtml HTTP/1.1" 200 53495
201.245.192.253 - - [13/Jan/2022:08:37:04 -0500] "POST /sipse/faces/presentacion/financiero/solicitudProceso/listarSolicitudProceso.xhtml HTTP/1.1" 200 5445
186.148.168.245 - - [13/Jan/2022:08:37:05 -0500] "POST /sipse/faces/presentacion/financiero/solicitudProceso/consultar.xhtml HTTP/1.1" 200 12968
181.61.7.90 - - [13/Jan/2022:08:37:08 -0500] "POST /sipse/faces/presentacion/workflow/reasignarReenrutar.xhtml HTTP/1.1" 200 53527
201.245.192.253 - - [13/Jan/2022:08:37:08 -0500] "POST /sipse/faces/presentacion/financiero/solicitudProceso/listarSolicitudProceso.xhtml HTTP/1.1" 200 142173
201.245.192.253 - - [13/Jan/2022:08:37:09 -0500] "GET /sipse/faces/javax.faces.resource/jquery/jquery.js?ln=primefaces&v=4.0 HTTP/1.1" 304 -
201.245.192.253 - - [13/Jan/2022:08:37:09 -0500] "GET /sipse/faces/javax.faces.resource/jquery/jquery-plugins.js?ln=primefaces&v=4.0 HTTP/1.1" 304 -
201.245.192.253 - - [13/Jan/2022:08:37:09 -0500] "GET /sipse/faces/javax.faces.resource/primefaces.js?ln=primefaces&v=4.0 HTTP/1.1" 304 -
201.245.192.253 - - [13/Jan/2022:08:37:09 -0500] "GET /sipse/faces/javax.faces.resource/layout/layout.js?ln=primefaces&v=4.0 HTTP/1.1" 304 -
186.148.168.245 - - [13/Jan/2022:08:37:07 -0500] "POST /sipse/faces/presentacion/financiero/solicitudProceso/consultar.xhtml HTTP/1.1" 200 135161
186.148.168.245 - - [13/Jan/2022:08:37:09 -0500] "GET /sipse/faces/javax.faces.resource/theme.css?ln=primefaces-sipse HTTP/1.1" 304 -
186.148.168.245 - - [13/Jan/2022:08:37:09 -0500] "GET /sipse/faces/javax.faces.resource/primefaces.css?ln=primefaces&v=4.0 HTTP/1.1" 304 -
186.148.168.245 - - [13/Jan/2022:08:37:09 -0500] "GET /sipse/faces/javax.faces.resource/jquery/jquery.js?ln=primefaces&v=4.0 HTTP/1.1" 304 -
186.148.168.245 - - [13/Jan/2022:08:37:09 -0500] "GET /sipse/faces/javax.faces.resource/layout/layout.css?ln=primefaces&v=4.0 HTTP/1.1" 304 -
186.148.168.245 - - [13/Jan/2022:08:37:09 -0500] "GET /sipse/faces/javax.faces.resource/jquery/jquery-plugins.js?ln=primefaces&v=4.0 HTTP/1.1" 304 -
186.148.168.245 - - [13/Jan/2022:08:37:09 -0500] "GET /sipse/faces/javax.faces.resource/primefaces.js?ln=primefaces&v=4.0 HTTP/1.1" 304 -
186.148.168.245 - - [13/Jan/2022:08:37:09 -0500] "GET /sipse/faces/javax.faces.resource/layout/layout.js?ln=primefaces&v=4.0 HTTP/1.1" 304 -
201.245.192.253 - - [13/Jan/2022:08:37:09 -0500] "GET /reportes_sipse/sdg/ServletReporte?reporte=experienia_idoneidad&solicitud=16344&pfdrid_c=false HTTP/1.1" 200 162118
186.148.168.245 - - [13/Jan/2022:08:37:09 -0500] "GET /reportes_sipse/sdg/ServletReporte?reporte=experienia_idoneidad&solicitud=16344&pfdrid_c=false HTTP/1.1" 200 162118
181.61.7.90 - - [13/Jan/2022:08:37:11 -0500] "POST /sipse/faces/presentacion/workflow/reasignarReenrutar.xhtml HTTP/1.1" 200 54113
181.61.7.90 - - [13/Jan/2022:08:37:13 -0500] "POST /sipse/faces/presentacion/workflow/reasignarReenrutar.xhtml HTTP/1.1" 200 4925
186.148.168.245 - - [13/Jan/2022:08:37:13 -0500] "POST /sipse/faces/presentacion/financiero/solicitudProceso/consultarSolicitudProceso.xhtml HTTP/1.1" 200 39675
186.148.168.245 - - [13/Jan/2022:08:37:14 -0500] "GET /sipse/faces/javax.faces.resource/theme.css?ln=primefaces-sipse HTTP/1.1" 304 -
186.148.168.245 - - [13/Jan/2022:08:37:14 -0500] "GET /sipse/faces/javax.faces.resource/primefaces.css?ln=primefaces&v=4.0 HTTP/1.1" 304 -
186.148.168.245 - - [13/Jan/2022:08:37:14 -0500] "GET /sipse/faces/javax.faces.resource/layout/layout.css?ln=primefaces&v=4.0 HTTP/1.1" 304 -
186.148.168.245 - - [13/Jan/2022:08:37:14 -0500] "GET /sipse/faces/javax.faces.resource/jquery/jquery.js?ln=primefaces&v=4.0 HTTP/1.1" 304 -
186.148.168.245 - - [13/Jan/2022:08:37:14 -0500] "GET /sipse/faces/javax.faces.resource/jquery/jquery-plugins.js?ln=primefaces&v=4.0 HTTP/1.1" 304 -
186.148.168.245 - - [13/Jan/2022:08:37:14 -0500] "GET /sipse/faces/javax.faces.resource/primefaces.js?ln=primefaces&v=4.0 HTTP/1.1" 304 -
186.148.168.245 - - [13/Jan/2022:08:37:14 -0500] "GET /sipse/faces/javax.faces.resource/layout/layout.js?ln=primefaces&v=4.0 HTTP/1.1" 304 -
201.245.192.253 - - [13/Jan/2022:08:37:17 -0500] "POST /sipse/faces/presentacion/financiero/solicitudProceso/consultarSolicitudProceso.xhtml HTTP/1.1" 200 100504
181.61.7.90 - - [13/Jan/2022:08:37:21 -0500] "POST /sipse/faces/presentacion/workflow/reasignarReenrutar.xhtml HTTP/1.1" 200 15602
181.61.7.90 - - [13/Jan/2022:08:37:25 -0500] "POST /sipse/faces/presentacion/workflow/reasignarReenrutar.xhtml HTTP/1.1" 200 15675
201.245.192.253 - - [13/Jan/2022:08:37:28 -0500] "POST /sipse/faces/presentacion/financiero/solicitudProceso/consultarSolicitudProceso.xhtml HTTP/1.1" 200 106258
181.61.7.90 - - [13/Jan/2022:08:37:26 -0500] "POST /sipse/faces/presentacion/workflow/reasignarReenrutar.xhtml HTTP/1.1" 200 53528
186.148.168.245 - - [13/Jan/2022:08:37:34 -0500] "POST /sipse/faces/presentacion/financiero/solicitudProceso/consultarHistorialSolProceso.xhtml HTTP/1.1" 200 911
186.148.168.245 - - [13/Jan/2022:08:37:35 -0500] "GET /sipse/faces/presentacion/financiero/solicitudProceso/faces/autenticacion HTTP/1.1" 302 -
186.148.168.245 - - [13/Jan/2022:08:37:35 -0500] "GET /sipse/faces/autenticacion.xhtml HTTP/1.1" 200 12178
186.148.168.245 - - [13/Jan/2022:08:37:35 -0500] "GET /sipse/faces/javax.faces.resource/theme.css?ln=primefaces-sipse HTTP/1.1" 304 -
