186.155.98.27 - - [19/Feb/2022:15:47:56 -0500] "GET /sipse/faces/javax.faces.resource/fileupload/fileupload.css?ln=primefaces&v=4.0 HTTP/1.1" 304 -
186.155.98.27 - - [19/Feb/2022:15:47:56 -0500] "GET /sipse/faces/javax.faces.resource/fileupload/fileupload.js?ln=primefaces&v=4.0 HTTP/1.1" 304 -
186.155.98.27 - - [19/Feb/2022:15:47:56 -0500] "GET /sipse/faces/javax.faces.resource/images/ui-icons_898989_256x240.png?ln=primefaces-aristo HTTP/1.1" 304 -
186.155.98.27 - - [19/Feb/2022:15:48:01 -0500] "POST /sipse/faces/presentacion/sistema/anexos/cargarAnexoSolicitudProceso.xhtml HTTP/1.1" 200 196245
186.155.98.27 - - [19/Feb/2022:15:48:02 -0500] "GET /sipse/faces/javax.faces.resource/primefaces.css?ln=primefaces&v=4.0 HTTP/1.1" 304 -
186.155.98.27 - - [19/Feb/2022:15:48:02 -0500] "GET /sipse/faces/javax.faces.resource/jquery/jquery.js?ln=primefaces&v=4.0 HTTP/1.1" 304 -
186.155.98.27 - - [19/Feb/2022:15:48:02 -0500] "GET /sipse/faces/javax.faces.resource/jquery/jquery-plugins.js?ln=primefaces&v=4.0 HTTP/1.1" 304 -
186.155.98.27 - - [19/Feb/2022:15:48:02 -0500] "GET /sipse/faces/javax.faces.resource/primefaces.js?ln=primefaces&v=4.0 HTTP/1.1" 304 -
186.155.98.27 - - [19/Feb/2022:15:48:02 -0500] "GET /sipse/faces/javax.faces.resource/layout/layout.css?ln=primefaces&v=4.0 HTTP/1.1" 304 -
186.155.98.27 - - [19/Feb/2022:15:48:02 -0500] "GET /sipse/faces/javax.faces.resource/theme.css?ln=primefaces-sipse HTTP/1.1" 304 -
186.155.98.27 - - [19/Feb/2022:15:48:02 -0500] "GET /sipse/faces/javax.faces.resource/layout/layout.js?ln=primefaces&v=4.0 HTTP/1.1" 304 -
186.155.98.27 - - [19/Feb/2022:15:48:02 -0500] "GET /sipse/faces/javax.faces.resource/images/ui-icons_898989_256x240.png?ln=primefaces-aristo HTTP/1.1" 304 -
186.155.98.27 - - [19/Feb/2022:15:48:02 -0500] "GET /reportes_sipse/sdg/ServletReporte?reporte=solicitud_cdp&Solicitud=17588&pfdrid_c=false HTTP/1.1" 200 107635
186.155.98.27 - - [19/Feb/2022:15:48:05 -0500] "GET /sipse/faces/javax.faces.resource/images/ui-bg_flat_0_2d5972_40x100.png?ln=primefaces-aristo HTTP/1.1" 304 -
186.155.98.27 - - [19/Feb/2022:15:48:05 -0500] "POST /sipse/faces/presentacion/financiero/solicitudProceso/consultarSolicitudProceso.xhtml HTTP/1.1" 200 34925
186.155.98.27 - - [19/Feb/2022:15:48:09 -0500] "GET /sipse/faces/javax.faces.resource/jquery/jquery.js?ln=primefaces&v=4.0 HTTP/1.1" 304 -
186.155.98.27 - - [19/Feb/2022:15:48:09 -0500] "GET /sipse/faces/javax.faces.resource/jquery/jquery-plugins.js?ln=primefaces&v=4.0 HTTP/1.1" 304 -
186.155.98.27 - - [19/Feb/2022:15:48:09 -0500] "GET /sipse/faces/javax.faces.resource/primefaces.js?ln=primefaces&v=4.0 HTTP/1.1" 304 -
186.155.98.27 - - [19/Feb/2022:15:48:09 -0500] "GET /sipse/faces/javax.faces.resource/layout/layout.js?ln=primefaces&v=4.0 HTTP/1.1" 304 -
186.155.98.27 - - [19/Feb/2022:15:48:09 -0500] "GET /sipse/faces/javax.faces.resource/messages/messages.png?ln=primefaces&v=4.0 HTTP/1.1" 304 -
186.155.98.27 - - [19/Feb/2022:15:48:10 -0500] "POST /sipse/faces/presentacion/financiero/solicitudProceso/listarSolicitudProceso.xhtml HTTP/1.1" 200 1344
186.155.98.27 - - [19/Feb/2022:15:48:14 -0500] "POST /sipse/faces/presentacion/financiero/solicitudProceso/listarSolicitudProceso.xhtml HTTP/1.1" 200 36175
216.245.221.92 - - [19/Feb/2022:15:48:32 -0500] "HEAD / HTTP/1.1" 200 -
181.61.36.226 - - [19/Feb/2022:15:48:44 -0500] "GET /galeria/galeria/jquery.fancybox.css?v=2.1.5 HTTP/1.1" 200 4895
186.155.98.27 - - [19/Feb/2022:15:48:49 -0500] "POST /sipse/faces/presentacion/financiero/solicitudProceso/listarSolicitudProceso.xhtml HTTP/1.1" 200 36175
66.249.66.85 - - [19/Feb/2022:15:49:10 -0500] "-" 408 -
191.156.54.150 - - [19/Feb/2022:15:49:33 -0500] "GET /galeria/galeria/jquery.fancybox.css?v=2.1.5 HTTP/1.1" 200 4895
40.77.167.10 - - [19/Feb/2022:15:50:29 -0500] "GET /con-caminatas-y-recorridos-ecologicos-secretaria-de-ambiente-se-une-a-la-semana-de-la-salud-mental.html HTTP/1.1" 200 966
207.46.13.157 - - [19/Feb/2022:15:51:30 -0500] "GET /galeria/nivo-slider/nivo-slider.css HTTP/1.1" 200 1507
157.55.39.123 - - [19/Feb/2022:15:51:33 -0500] "GET /galeria/nivo-slider/themes/pascal/pascal.css HTTP/1.1" 200 2258
207.46.13.124 - - [19/Feb/2022:15:51:33 -0500] "GET /galeria/nivo-slider/demo/style.css HTTP/1.1" 200 2222
207.46.13.157 - - [19/Feb/2022:15:51:33 -0500] "GET /galeria/nivo-slider/themes/orman/orman.css HTTP/1.1" 200 2152
207.46.13.124 - - [19/Feb/2022:15:51:35 -0500] "GET /galeria/nivo-slider/themes/default/default.css HTTP/1.1" 200 1569
207.46.13.159 - - [19/Feb/2022:15:51:38 -0500] "GET /galeria/carrusel/Carrusel/jquery.thumbnailScroller.css HTTP/1.1" 200 2066
186.155.98.27 - - [19/Feb/2022:15:52:28 -0500] "POST /sipse/faces/presentacion/financiero/solicitudProceso/listarSolicitudProceso.xhtml HTTP/1.1" 200 10656
186.83.128.157 - - [19/Feb/2022:15:52:31 -0500] "GET /galeria/galeria/jquery.fancybox.css?v=2.1.5 HTTP/1.1" 200 4895
186.155.98.27 - - [19/Feb/2022:15:52:31 -0500] "POST /sipse/faces/presentacion/financiero/solicitudProceso/listarSolicitudProceso.xhtml HTTP/1.1" 200 151495
186.155.98.27 - - [19/Feb/2022:15:52:32 -0500] "GET /sipse/faces/javax.faces.resource/jquery/jquery.js?ln=primefaces&v=4.0 HTTP/1.1" 304 -
186.155.98.27 - - [19/Feb/2022:15:52:32 -0500] "GET /sipse/faces/javax.faces.resource/jquery/jquery-plugins.js?ln=primefaces&v=4.0 HTTP/1.1" 304 -
186.155.98.27 - - [19/Feb/2022:15:52:32 -0500] "GET /sipse/faces/javax.faces.resource/primefaces.js?ln=primefaces&v=4.0 HTTP/1.1" 304 -
186.155.98.27 - - [19/Feb/2022:15:52:32 -0500] "GET /sipse/faces/javax.faces.resource/layout/layout.js?ln=primefaces&v=4.0 HTTP/1.1" 304 -
186.155.98.27 - - [19/Feb/2022:15:52:32 -0500] "GET /reportes_sipse/sdg/ServletReporte?reporte=solicitud_cdp&Solicitud=17588&pfdrid_c=false HTTP/1.1" 200 107635
186.155.98.27 - - [19/Feb/2022:15:52:45 -0500] "POST /sipse/faces/presentacion/financiero/solicitudProceso/consultarSolicitudProceso.xhtml HTTP/1.1" 200 441564
201.245.192.253 - - [19/Feb/2022:15:52:18 -0500] "POST /kwsrmcab/Wsrmcab HTTP/1.1" 200 119410
216.245.221.92 - - [19/Feb/2022:15:53:32 -0500] "HEAD / HTTP/1.1" 200 -
40.77.167.10 - - [19/Feb/2022:15:54:20 -0500] "GET /portaldeninos/2021/04/16/secretaria-de-ambiente-apoya-el-reto-planeta-2021-e-invita-a-instituciones-educativas-a-unirse/ HTTP/1.1" 200 97399
186.155.98.27 - - [19/Feb/2022:15:54:25 -0500] "POST /sipse/faces/presentacion/financiero/solicitudProceso/consultarSolicitudProceso.xhtml HTTP/1.1" 200 6196
186.155.98.27 - - [19/Feb/2022:15:54:28 -0500] "POST /sipse/faces/presentacion/financiero/solicitudProceso/consultarSolicitudProceso.xhtml HTTP/1.1" 200 21109
186.155.98.27 - - [19/Feb/2022:15:54:29 -0500] "GET /sipse/faces/javax.faces.resource/theme.css?ln=primefaces-sipse HTTP/1.1" 304 -
186.155.98.27 - - [19/Feb/2022:15:54:29 -0500] "GET /sipse/faces/javax.faces.resource/primefaces.css?ln=primefaces&v=4.0 HTTP/1.1" 304 -
186.155.98.27 - - [19/Feb/2022:15:54:29 -0500] "GET /sipse/faces/javax.faces.resource/primefaces.js?ln=primefaces&v=4.0 HTTP/1.1" 304 -
186.155.98.27 - - [19/Feb/2022:15:54:29 -0500] "GET /sipse/faces/javax.faces.resource/jquery/jquery.js?ln=primefaces&v=4.0 HTTP/1.1" 304 -
186.155.98.27 - - [19/Feb/2022:15:54:29 -0500] "GET /sipse/faces/javax.faces.resource/layout/layout.js?ln=primefaces&v=4.0 HTTP/1.1" 304 -
186.155.98.27 - - [19/Feb/2022:15:54:29 -0500] "GET /sipse/faces/javax.faces.resource/layout/layout.css?ln=primefaces&v=4.0 HTTP/1.1" 304 -
186.155.98.27 - - [19/Feb/2022:15:54:29 -0500] "GET /sipse/faces/javax.faces.resource/jquery/jquery-plugins.js?ln=primefaces&v=4.0 HTTP/1.1" 304 -
186.155.98.27 - - [19/Feb/2022:15:54:29 -0500] "GET /sipse/faces/javax.faces.resource/fileupload/fileupload.css?ln=primefaces&v=4.0 HTTP/1.1" 304 -
186.155.98.27 - - [19/Feb/2022:15:54:29 -0500] "GET /sipse/faces/javax.faces.resource/fileupload/fileupload.js?ln=primefaces&v=4.0 HTTP/1.1" 304 -
186.155.98.27 - - [19/Feb/2022:15:54:29 -0500] "GET /sipse/faces/javax.faces.resource/images/ui-icons_898989_256x240.png?ln=primefaces-aristo HTTP/1.1" 200 5355
186.155.98.27 - - [19/Feb/2022:15:54:29 -0500] "GET /favicon.ico HTTP/1.1" 200 7782
186.155.98.27 - - [19/Feb/2022:15:54:34 -0500] "POST /sipse/faces/presentacion/sistema/anexos/cargarAnexoSolicitudProceso.xhtml HTTP/1.1" 200 199751
186.155.98.27 - - [19/Feb/2022:15:54:35 -0500] "GET /sipse/faces/javax.faces.resource/jquery/jquery.js?ln=primefaces&v=4.0 HTTP/1.1" 304 -
186.155.98.27 - - [19/Feb/2022:15:54:35 -0500] "GET /sipse/faces/javax.faces.resource/jquery/jquery-plugins.js?ln=primefaces&v=4.0 HTTP/1.1" 304 -
186.155.98.27 - - [19/Feb/2022:15:54:35 -0500] "GET /sipse/faces/javax.faces.resource/primefaces.js?ln=primefaces&v=4.0 HTTP/1.1" 304 -
186.155.98.27 - - [19/Feb/2022:15:54:35 -0500] "GET /sipse/faces/javax.faces.resource/theme.css?ln=primefaces-sipse HTTP/1.1" 304 -
186.155.98.27 - - [19/Feb/2022:15:54:35 -0500] "GET /sipse/faces/javax.faces.resource/layout/layout.js?ln=primefaces&v=4.0 HTTP/1.1" 304 -
186.155.98.27 - - [19/Feb/2022:15:54:35 -0500] "GET /sipse/faces/javax.faces.resource/primefaces.css?ln=primefaces&v=4.0 HTTP/1.1" 304 -
186.155.98.27 - - [19/Feb/2022:15:54:35 -0500] "GET /sipse/faces/javax.faces.resource/layout/layout.css?ln=primefaces&v=4.0 HTTP/1.1" 304 -
186.155.98.27 - - [19/Feb/2022:15:54:38 -0500] "GET /sipse/faces/javax.faces.resource/images/ui-icons_898989_256x240.png?ln=primefaces-aristo HTTP/1.1" 304 -
186.155.98.27 - - [19/Feb/2022:15:54:38 -0500] "GET /reportes_sipse/sdg/ServletReporte?reporte=solicitud_cdp&Solicitud=17588&pfdrid_c=false HTTP/1.1" 200 107635
186.155.98.27 - - [19/Feb/2022:15:54:43 -0500] "POST /sipse/faces/presentacion/financiero/solicitudProceso/consultarSolicitudProceso.xhtml HTTP/1.1" 200 21109
186.155.98.27 - - [19/Feb/2022:15:54:43 -0500] "GET /sipse/faces/javax.faces.resource/primefaces.css?ln=primefaces&v=4.0 HTTP/1.1" 304 -
186.155.98.27 - - [19/Feb/2022:15:54:43 -0500] "GET /sipse/faces/javax.faces.resource/primefaces.js?ln=primefaces&v=4.0 HTTP/1.1" 304 -
186.155.98.27 - - [19/Feb/2022:15:54:43 -0500] "GET /sipse/faces/javax.faces.resource/jquery/jquery-plugins.js?ln=primefaces&v=4.0 HTTP/1.1" 304 -
186.155.98.27 - - [19/Feb/2022:15:54:43 -0500] "GET /sipse/faces/javax.faces.resource/jquery/jquery.js?ln=primefaces&v=4.0 HTTP/1.1" 304 -
186.155.98.27 - - [19/Feb/2022:15:54:43 -0500] "GET /sipse/faces/javax.faces.resource/layout/layout.css?ln=primefaces&v=4.0 HTTP/1.1" 304 -
186.155.98.27 - - [19/Feb/2022:15:54:43 -0500] "GET /sipse/faces/javax.faces.resource/theme.css?ln=primefaces-sipse HTTP/1.1" 304 -
186.155.98.27 - - [19/Feb/2022:15:54:43 -0500] "GET /sipse/faces/javax.faces.resource/layout/layout.js?ln=primefaces&v=4.0 HTTP/1.1" 304 -
186.155.98.27 - - [19/Feb/2022:15:54:43 -0500] "GET /sipse/faces/javax.faces.resource/fileupload/fileupload.js?ln=primefaces&v=4.0 HTTP/1.1" 304 -
186.155.98.27 - - [19/Feb/2022:15:54:43 -0500] "GET /sipse/faces/javax.faces.resource/fileupload/fileupload.css?ln=primefaces&v=4.0 HTTP/1.1" 200 1330
186.155.98.27 - - [19/Feb/2022:15:54:44 -0500] "GET /sipse/faces/javax.faces.resource/images/ui-icons_898989_256x240.png?ln=primefaces-aristo HTTP/1.1" 304 -
186.155.98.27 - - [19/Feb/2022:15:54:49 -0500] "POST /sipse/faces/presentacion/sistema/anexos/cargarAnexoSolicitudProceso.xhtml HTTP/1.1" 200 201549
186.155.98.27 - - [19/Feb/2022:15:54:50 -0500] "GET /sipse/faces/javax.faces.resource/layout/layout.css?ln=primefaces&v=4.0 HTTP/1.1" 304 -
186.155.98.27 - - [19/Feb/2022:15:54:50 -0500] "GET /sipse/faces/javax.faces.resource/primefaces.css?ln=primefaces&v=4.0 HTTP/1.1" 304 -
186.155.98.27 - - [19/Feb/2022:15:54:50 -0500] "GET /sipse/faces/javax.faces.resource/theme.css?ln=primefaces-sipse HTTP/1.1" 304 -
186.155.98.27 - - [19/Feb/2022:15:54:50 -0500] "GET /sipse/faces/javax.faces.resource/primefaces.js?ln=primefaces&v=4.0 HTTP/1.1" 304 -
186.155.98.27 - - [19/Feb/2022:15:54:50 -0500] "GET /sipse/faces/javax.faces.resource/jquery/jquery-plugins.js?ln=primefaces&v=4.0 HTTP/1.1" 304 -
186.155.98.27 - - [19/Feb/2022:15:54:50 -0500] "GET /sipse/faces/javax.faces.resource/jquery/jquery.js?ln=primefaces&v=4.0 HTTP/1.1" 304 -
186.155.98.27 - - [19/Feb/2022:15:54:50 -0500] "GET /sipse/faces/javax.faces.resource/layout/layout.js?ln=primefaces&v=4.0 HTTP/1.1" 304 -
186.155.98.27 - - [19/Feb/2022:15:54:50 -0500] "GET /sipse/faces/javax.faces.resource/images/ui-icons_898989_256x240.png?ln=primefaces-aristo HTTP/1.1" 304 -
186.155.98.27 - - [19/Feb/2022:15:54:50 -0500] "GET /reportes_sipse/sdg/ServletReporte?reporte=solicitud_cdp&Solicitud=17588&pfdrid_c=false HTTP/1.1" 200 107635
186.155.98.27 - - [19/Feb/2022:15:54:53 -0500] "GET /sipse/faces/javax.faces.resource/images/ui-bg_flat_0_2d5972_40x100.png?ln=primefaces-aristo HTTP/1.1" 200 183
186.155.98.27 - - [19/Feb/2022:15:54:53 -0500] "POST /sipse/faces/presentacion/financiero/solicitudProceso/consultarSolicitudProceso.xhtml HTTP/1.1" 200 34941
186.155.98.27 - - [19/Feb/2022:15:54:56 -0500] "GET /sipse/faces/javax.faces.resource/jquery/jquery.js?ln=primefaces&v=4.0 HTTP/1.1" 304 -
186.155.98.27 - - [19/Feb/2022:15:54:56 -0500] "GET /sipse/faces/javax.faces.resource/jquery/jquery-plugins.js?ln=primefaces&v=4.0 HTTP/1.1" 304 -
186.155.98.27 - - [19/Feb/2022:15:54:57 -0500] "GET /sipse/faces/javax.faces.resource/primefaces.js?ln=primefaces&v=4.0 HTTP/1.1" 304 -
186.155.98.27 - - [19/Feb/2022:15:54:57 -0500] "GET /sipse/faces/javax.faces.resource/layout/layout.js?ln=primefaces&v=4.0 HTTP/1.1" 304 -
186.155.98.27 - - [19/Feb/2022:15:54:57 -0500] "GET /sipse/faces/javax.faces.resource/messages/messages.png?ln=primefaces&v=4.0 HTTP/1.1" 200 27209
186.155.98.27 - - [19/Feb/2022:15:54:57 -0500] "POST /sipse/faces/presentacion/financiero/solicitudProceso/listarSolicitudProceso.xhtml HTTP/1.1" 200 1344
66.249.66.86 - - [19/Feb/2022:15:55:00 -0500] "-" 408 -
186.155.98.27 - - [19/Feb/2022:15:56:31 -0500] "POST /sipse/faces/presentacion/financiero/solicitudProceso/listarSolicitudProceso.xhtml HTTP/1.1" 200 36239
191.95.50.39 - - [19/Feb/2022:15:57:15 -0500] "GET /bogota-consolida-avances-ambientales-con-el-compromiso-ciudadano-planes-estrategicos-y-acuerdos-con-diversos-sectores.html HTTP/1.1" 200 1348
107.167.107.118 - - [19/Feb/2022:15:57:56 -0500] "GET /galeria/galeria/jquery.fancybox.js?v=2.1.5 HTTP/1.1" 200 48706
107.167.107.118 - - [19/Feb/2022:15:57:56 -0500] "GET /galeria/galeria/jquery.fancybox.css?v=2.1.5 HTTP/1.1" 200 4895
186.83.128.157 - - [19/Feb/2022:15:58:00 -0500] "GET /galeria/galeria/jquery.fancybox.css?v=2.1.5 HTTP/1.1" 200 4895
191.95.57.214 - - [19/Feb/2022:15:58:32 -0500] "GET /galeria/galeria/jquery.fancybox.css?v=2.1.5 HTTP/1.1" 200 4895
216.245.221.92 - - [19/Feb/2022:15:58:32 -0500] "HEAD / HTTP/1.1" 200 -
123.125.109.180 - - [19/Feb/2022:15:58:37 -0500] "-" 408 -
186.155.98.27 - - [19/Feb/2022:15:58:54 -0500] "POST /sipse/faces/presentacion/financiero/solicitudProceso/listarSolicitudProceso.xhtml HTTP/1.1" 200 10499
186.155.98.27 - - [19/Feb/2022:15:58:56 -0500] "POST /sipse/faces/presentacion/financiero/solicitudProceso/listarSolicitudProceso.xhtml HTTP/1.1" 200 148807
186.155.98.27 - - [19/Feb/2022:15:58:58 -0500] "GET /sipse/faces/javax.faces.resource/jquery/jquery.js?ln=primefaces&v=4.0 HTTP/1.1" 304 -
186.155.98.27 - - [19/Feb/2022:15:58:58 -0500] "GET /sipse/faces/javax.faces.resource/jquery/jquery-plugins.js?ln=primefaces&v=4.0 HTTP/1.1" 304 -
186.155.98.27 - - [19/Feb/2022:15:58:58 -0500] "GET /sipse/faces/javax.faces.resource/primefaces.js?ln=primefaces&v=4.0 HTTP/1.1" 304 -
186.155.98.27 - - [19/Feb/2022:15:58:58 -0500] "GET /sipse/faces/javax.faces.resource/layout/layout.js?ln=primefaces&v=4.0 HTTP/1.1" 304 -
186.155.98.27 - - [19/Feb/2022:15:58:58 -0500] "GET /reportes_sipse/sdg/ServletReporte?reporte=solicitud_cdp&Solicitud=17588&pfdrid_c=false HTTP/1.1" 200 107635
186.83.128.157 - - [19/Feb/2022:15:59:10 -0500] "GET /galeria/galeria/jquery.fancybox.css?v=2.1.5 HTTP/1.1" 200 4895
186.155.98.27 - - [19/Feb/2022:15:59:40 -0500] "POST /sipse/faces/presentacion/financiero/solicitudProceso/consultarSolicitudProceso.xhtml HTTP/1.1" 200 6196
186.155.98.27 - - [19/Feb/2022:15:59:47 -0500] "POST /sipse/faces/presentacion/financiero/solicitudProceso/consultarSolicitudProceso.xhtml HTTP/1.1" 200 21109
186.155.98.27 - - [19/Feb/2022:15:59:47 -0500] "GET /sipse/faces/javax.faces.resource/theme.css?ln=primefaces-sipse HTTP/1.1" 304 -
186.155.98.27 - - [19/Feb/2022:15:59:47 -0500] "GET /sipse/faces/javax.faces.resource/primefaces.css?ln=primefaces&v=4.0 HTTP/1.1" 304 -
186.155.98.27 - - [19/Feb/2022:15:59:47 -0500] "GET /sipse/faces/javax.faces.resource/layout/layout.css?ln=primefaces&v=4.0 HTTP/1.1" 304 -
186.155.98.27 - - [19/Feb/2022:15:59:47 -0500] "GET /sipse/faces/javax.faces.resource/jquery/jquery.js?ln=primefaces&v=4.0 HTTP/1.1" 304 -
186.155.98.27 - - [19/Feb/2022:15:59:47 -0500] "GET /sipse/faces/javax.faces.resource/jquery/jquery-plugins.js?ln=primefaces&v=4.0 HTTP/1.1" 304 -
186.155.98.27 - - [19/Feb/2022:15:59:47 -0500] "GET /sipse/faces/javax.faces.resource/primefaces.js?ln=primefaces&v=4.0 HTTP/1.1" 304 -
186.155.98.27 - - [19/Feb/2022:15:59:47 -0500] "GET /sipse/faces/javax.faces.resource/fileupload/fileupload.css?ln=primefaces&v=4.0 HTTP/1.1" 200 1330
186.155.98.27 - - [19/Feb/2022:15:59:47 -0500] "GET /sipse/faces/javax.faces.resource/layout/layout.js?ln=primefaces&v=4.0 HTTP/1.1" 304 -
186.155.98.27 - - [19/Feb/2022:15:59:47 -0500] "GET /sipse/faces/javax.faces.resource/fileupload/fileupload.js?ln=primefaces&v=4.0 HTTP/1.1" 304 -
186.155.98.27 - - [19/Feb/2022:15:59:47 -0500] "GET /sipse/faces/javax.faces.resource/images/ui-icons_898989_256x240.png?ln=primefaces-aristo HTTP/1.1" 200 5355
186.155.98.27 - - [19/Feb/2022:15:59:47 -0500] "GET /favicon.ico HTTP/1.1" 200 7782
186.155.98.27 - - [19/Feb/2022:15:59:52 -0500] "POST /sipse/faces/presentacion/sistema/anexos/cargarAnexoSolicitudProceso.xhtml HTTP/1.1" 200 197050
186.155.98.27 - - [19/Feb/2022:15:59:53 -0500] "GET /sipse/faces/javax.faces.resource/primefaces.css?ln=primefaces&v=4.0 HTTP/1.1" 304 -
186.155.98.27 - - [19/Feb/2022:15:59:53 -0500] "GET /sipse/faces/javax.faces.resource/theme.css?ln=primefaces-sipse HTTP/1.1" 304 -
186.155.98.27 - - [19/Feb/2022:15:59:53 -0500] "GET /sipse/faces/javax.faces.resource/layout/layout.css?ln=primefaces&v=4.0 HTTP/1.1" 304 -
186.155.98.27 - - [19/Feb/2022:15:59:53 -0500] "GET /sipse/faces/javax.faces.resource/jquery/jquery.js?ln=primefaces&v=4.0 HTTP/1.1" 304 -
186.155.98.27 - - [19/Feb/2022:15:59:53 -0500] "GET /sipse/faces/javax.faces.resource/jquery/jquery-plugins.js?ln=primefaces&v=4.0 HTTP/1.1" 304 -
186.155.98.27 - - [19/Feb/2022:15:59:53 -0500] "GET /sipse/faces/javax.faces.resource/primefaces.js?ln=primefaces&v=4.0 HTTP/1.1" 304 -
186.155.98.27 - - [19/Feb/2022:15:59:53 -0500] "GET /sipse/faces/javax.faces.resource/layout/layout.js?ln=primefaces&v=4.0 HTTP/1.1" 304 -
186.155.98.27 - - [19/Feb/2022:15:59:54 -0500] "GET /sipse/faces/javax.faces.resource/images/ui-icons_898989_256x240.png?ln=primefaces-aristo HTTP/1.1" 304 -
186.155.98.27 - - [19/Feb/2022:15:59:54 -0500] "GET /reportes_sipse/sdg/ServletReporte?reporte=solicitud_cdp&Solicitud=17588&pfdrid_c=false HTTP/1.1" 200 107635
186.155.98.27 - - [19/Feb/2022:15:59:58 -0500] "POST /sipse/faces/presentacion/financiero/solicitudProceso/consultarSolicitudProceso.xhtml HTTP/1.1" 200 21109
186.155.98.27 - - [19/Feb/2022:15:59:59 -0500] "GET /sipse/faces/javax.faces.resource/theme.css?ln=primefaces-sipse HTTP/1.1" 304 -
186.155.98.27 - - [19/Feb/2022:15:59:59 -0500] "GET /sipse/faces/javax.faces.resource/layout/layout.css?ln=primefaces&v=4.0 HTTP/1.1" 304 -
186.155.98.27 - - [19/Feb/2022:15:59:59 -0500] "GET /sipse/faces/javax.faces.resource/primefaces.css?ln=primefaces&v=4.0 HTTP/1.1" 304 -
186.155.98.27 - - [19/Feb/2022:15:59:59 -0500] "GET /sipse/faces/javax.faces.resource/jquery/jquery-plugins.js?ln=primefaces&v=4.0 HTTP/1.1" 304 -
186.155.98.27 - - [19/Feb/2022:15:59:59 -0500] "GET /sipse/faces/javax.faces.resource/jquery/jquery.js?ln=primefaces&v=4.0 HTTP/1.1" 304 -
186.155.98.27 - - [19/Feb/2022:15:59:59 -0500] "GET /sipse/faces/javax.faces.resource/primefaces.js?ln=primefaces&v=4.0 HTTP/1.1" 304 -
186.155.98.27 - - [19/Feb/2022:15:59:59 -0500] "GET /sipse/faces/javax.faces.resource/layout/layout.js?ln=primefaces&v=4.0 HTTP/1.1" 304 -
186.155.98.27 - - [19/Feb/2022:15:59:59 -0500] "GET /sipse/faces/javax.faces.resource/fileupload/fileupload.js?ln=primefaces&v=4.0 HTTP/1.1" 304 -
186.155.98.27 - - [19/Feb/2022:15:59:59 -0500] "GET /sipse/faces/javax.faces.resource/fileupload/fileupload.css?ln=primefaces&v=4.0 HTTP/1.1" 304 -
186.155.98.27 - - [19/Feb/2022:15:59:59 -0500] "GET /sipse/faces/javax.faces.resource/images/ui-icons_898989_256x240.png?ln=primefaces-aristo HTTP/1.1" 304 -
186.155.98.27 - - [19/Feb/2022:16:00:04 -0500] "POST /sipse/faces/presentacion/sistema/anexos/cargarAnexoSolicitudProceso.xhtml HTTP/1.1" 200 198849
186.155.98.27 - - [19/Feb/2022:16:00:06 -0500] "GET /sipse/faces/javax.faces.resource/primefaces.css?ln=primefaces&v=4.0 HTTP/1.1" 304 -
186.155.98.27 - - [19/Feb/2022:16:00:06 -0500] "GET /sipse/faces/javax.faces.resource/theme.css?ln=primefaces-sipse HTTP/1.1" 304 -
186.155.98.27 - - [19/Feb/2022:16:00:06 -0500] "GET /sipse/faces/javax.faces.resource/layout/layout.css?ln=primefaces&v=4.0 HTTP/1.1" 304 -
186.155.98.27 - - [19/Feb/2022:16:00:06 -0500] "GET /sipse/faces/javax.faces.resource/jquery/jquery.js?ln=primefaces&v=4.0 HTTP/1.1" 304 -
186.155.98.27 - - [19/Feb/2022:16:00:06 -0500] "GET /sipse/faces/javax.faces.resource/jquery/jquery-plugins.js?ln=primefaces&v=4.0 HTTP/1.1" 304 -
186.155.98.27 - - [19/Feb/2022:16:00:06 -0500] "GET /sipse/faces/javax.faces.resource/primefaces.js?ln=primefaces&v=4.0 HTTP/1.1" 304 -
186.155.98.27 - - [19/Feb/2022:16:00:06 -0500] "GET /sipse/faces/javax.faces.resource/layout/layout.js?ln=primefaces&v=4.0 HTTP/1.1" 304 -
186.155.98.27 - - [19/Feb/2022:16:00:06 -0500] "GET /sipse/faces/javax.faces.resource/images/ui-icons_898989_256x240.png?ln=primefaces-aristo HTTP/1.1" 304 -
186.155.98.27 - - [19/Feb/2022:16:00:06 -0500] "GET /reportes_sipse/sdg/ServletReporte?reporte=solicitud_cdp&Solicitud=17588&pfdrid_c=false HTTP/1.1" 200 107635
186.155.98.27 - - [19/Feb/2022:16:00:11 -0500] "GET /sipse/faces/javax.faces.resource/images/ui-bg_flat_0_2d5972_40x100.png?ln=primefaces-aristo HTTP/1.1" 200 183
186.155.98.27 - - [19/Feb/2022:16:00:11 -0500] "POST /sipse/faces/presentacion/financiero/solicitudProceso/consultarSolicitudProceso.xhtml HTTP/1.1" 200 34784
186.155.98.27 - - [19/Feb/2022:16:00:15 -0500] "GET /sipse/faces/javax.faces.resource/jquery/jquery.js?ln=primefaces&v=4.0 HTTP/1.1" 304 -
186.155.98.27 - - [19/Feb/2022:16:00:15 -0500] "GET /sipse/faces/javax.faces.resource/jquery/jquery-plugins.js?ln=primefaces&v=4.0 HTTP/1.1" 304 -
186.155.98.27 - - [19/Feb/2022:16:00:15 -0500] "GET /sipse/faces/javax.faces.resource/primefaces.js?ln=primefaces&v=4.0 HTTP/1.1" 304 -
186.155.98.27 - - [19/Feb/2022:16:00:15 -0500] "GET /sipse/faces/javax.faces.resource/layout/layout.js?ln=primefaces&v=4.0 HTTP/1.1" 304 -
186.155.98.27 - - [19/Feb/2022:16:00:15 -0500] "GET /sipse/faces/javax.faces.resource/messages/messages.png?ln=primefaces&v=4.0 HTTP/1.1" 200 27209
186.155.98.27 - - [19/Feb/2022:16:00:15 -0500] "POST /sipse/faces/presentacion/financiero/solicitudProceso/listarSolicitudProceso.xhtml HTTP/1.1" 200 1344
186.155.98.27 - - [19/Feb/2022:16:00:19 -0500] "POST /sipse/faces/presentacion/financiero/solicitudProceso/listarSolicitudProceso.xhtml HTTP/1.1" 200 36098
66.249.66.85 - - [19/Feb/2022:16:01:39 -0500] "-" 408 -
216.245.221.92 - - [19/Feb/2022:16:03:32 -0500] "HEAD / HTTP/1.1" 200 -
201.245.192.253 - - [19/Feb/2022:16:03:01 -0500] "POST /kwsrmcab/Wsrmcab HTTP/1.1" 200 119410
207.46.13.124 - - [19/Feb/2022:16:03:48 -0500] "GET /bla/resoluciones/autos%202021/4508.pdf HTTP/1.1" 200 347602
181.62.52.233 - - [19/Feb/2022:16:04:44 -0500] "GET /galeria/galeria/jquery.fancybox.css?v=2.1.5 HTTP/1.1" 200 4895
207.46.13.157 - - [19/Feb/2022:16:05:53 -0500] "GET /forest/ HTTP/1.1" 200 12041
216.245.221.92 - - [19/Feb/2022:16:08:32 -0500] "HEAD / HTTP/1.1" 200 -
207.46.13.159 - - [19/Feb/2022:16:08:57 -0500] "GET /bla/resoluciones/autos%202021/2622.pdf HTTP/1.1" 200 360090
66.249.66.85 - - [19/Feb/2022:16:09:06 -0500] "-" 408 -
181.51.34.52 - - [19/Feb/2022:16:09:16 -0500] "GET /galeria/galeria/jquery.fancybox.css?v=2.1.5 HTTP/1.1" 200 4895
190.158.204.55 - - [19/Feb/2022:16:09:58 -0500] "GET /BLA/resoluciones/AUTOS%202020/0121.pdf HTTP/1.1" 200 307562
190.158.204.55 - - [19/Feb/2022:16:10:27 -0500] "GET /BLA/resoluciones/AUTOS%202020/0197.pdf HTTP/1.1" 404 1120
190.158.204.55 - - [19/Feb/2022:16:10:33 -0500] "GET /BLA/resoluciones/AUTOS%202020/0189.pdf HTTP/1.1" 404 1120
207.46.13.124 - - [19/Feb/2022:16:10:38 -0500] "GET /bla/resoluciones/autos%202021/2699.pdf HTTP/1.1" 200 364694
190.158.204.55 - - [19/Feb/2022:16:10:46 -0500] "GET /BLA/resoluciones/AUTOS%202020/0231.pdf HTTP/1.1" 200 268455
190.158.204.55 - - [19/Feb/2022:16:11:22 -0500] "GET /BLA/resoluciones/AUTOS%202020/0887.pdf HTTP/1.1" 404 1120
190.158.204.55 - - [19/Feb/2022:16:11:25 -0500] "GET / HTTP/1.1" 200 319
190.158.204.55 - - [19/Feb/2022:16:11:45 -0500] "GET /BLA/resoluciones/AUTOS%202020/1047.pdf HTTP/1.1" 404 1120
190.158.204.55 - - [19/Feb/2022:16:12:12 -0500] "GET /BLA/resoluciones/AUTOS%202020/1072.pdf HTTP/1.1" 200 386671
191.156.61.168 - - [19/Feb/2022:16:12:31 -0500] "GET /sipse/js/funciones.js HTTP/1.1" 304 -
191.156.49.192 - - [19/Feb/2022:16:12:31 -0500] "GET /sipse/js/disable_browser_buttons.js HTTP/1.1" 304 -
157.55.39.139 - - [19/Feb/2022:16:12:31 -0500] "GET /mas-de-80-entidades-publicas-en-bogota-estan-implementando-procesos-sostenibles-en-su-gestion.html HTTP/1.1" 200 971
69.63.184.4 - - [19/Feb/2022:16:13:01 -0500] "GET /images/reciclaton-fontibon-17-febrero.jpg HTTP/1.1" 200 56077
190.158.204.55 - - [19/Feb/2022:16:13:04 -0500] "GET /BLA/resoluciones/AUTOS%202020/1267.pdf HTTP/1.1" 200 347180
216.245.221.92 - - [19/Feb/2022:16:13:32 -0500] "HEAD / HTTP/1.1" 200 -
190.28.194.74 - - [19/Feb/2022:16:13:42 -0500] "GET /galeria/galeria/jquery.fancybox.css?v=2.1.5 HTTP/1.1" 200 4895
201.245.192.253 - - [19/Feb/2022:16:13:05 -0500] "POST /kwsrmcab/Wsrmcab HTTP/1.1" 200 118630
190.158.204.55 - - [19/Feb/2022:16:14:05 -0500] "GET /BLA/resoluciones/AUTOS%202020/1304.pdf HTTP/1.1" 200 350446
181.154.128.101 - - [19/Feb/2022:16:14:18 -0500] "GET /programa-mujeres-que-reverdecen-tiene-cerca-de-200-cupos-disponibles.html HTTP/1.1" 200 1059
181.154.128.101 - - [19/Feb/2022:16:14:18 -0500] "GET /images/pieza-grafica-mujeres-25-enero.jpg HTTP/1.1" 200 45386
190.158.204.55 - - [19/Feb/2022:16:15:00 -0500] "GET /BLA/resoluciones/AUTOS%202020/2307.pdf HTTP/1.1" 200 335569
66.249.66.85 - - [19/Feb/2022:16:15:27 -0500] "-" 408 -
190.158.204.55 - - [19/Feb/2022:16:16:02 -0500] "GET /BLA/resoluciones/AUTOS%202020/2320.pdf HTTP/1.1" 200 334481
186.102.59.92 - - [19/Feb/2022:16:17:05 -0500] "GET /galeria/galeria/jquery.fancybox.css?v=2.1.5 HTTP/1.1" 200 4895
190.158.204.55 - - [19/Feb/2022:16:17:28 -0500] "GET /BLA/resoluciones/AUTOS%202020/2323.pdf HTTP/1.1" 200 346948
190.158.204.55 - - [19/Feb/2022:16:18:26 -0500] "GET /BLA/resoluciones/AUTOS%202020/2347.pdf HTTP/1.1" 200 334082
216.245.221.92 - - [19/Feb/2022:16:18:32 -0500] "HEAD / HTTP/1.1" 200 -
190.158.204.55 - - [19/Feb/2022:16:18:51 -0500] "GET /BLA/resoluciones/AUTOS%202020/2349.pdf HTTP/1.1" 200 349675
123.125.109.180 - - [19/Feb/2022:16:19:37 -0500] "-" 408 -
66.249.66.85 - - [19/Feb/2022:16:21:05 -0500] "-" 408 -
190.158.204.55 - - [19/Feb/2022:16:21:06 -0500] "GET /BLA/resoluciones/AUTOS%202020/2354.pdf HTTP/1.1" 200 332334
190.158.204.55 - - [19/Feb/2022:16:22:18 -0500] "GET /BLA/resoluciones/AUTOS%202020/2358.pdf HTTP/1.1" 200 346866
201.245.192.253 - - [19/Feb/2022:16:21:48 -0500] "POST /kwsrmcab/Wsrmcab HTTP/1.1" 200 46785
201.245.192.253 - - [19/Feb/2022:16:22:32 -0500] "POST /kwsrmcab/Wsrmcab HTTP/1.1" 200 46944
190.158.204.62 - - [19/Feb/2022:16:23:24 -0500] "GET /galeria/galeria/jquery.fancybox.css?v=2.1.5 HTTP/1.1" 200 4895
216.245.221.92 - - [19/Feb/2022:16:23:32 -0500] "HEAD / HTTP/1.1" 200 -
40.77.167.98 - - [19/Feb/2022:16:24:18 -0500] "-" 408 -
190.158.204.55 - - [19/Feb/2022:16:25:35 -0500] "GET /BLA/resoluciones/AUTOS%202020/2362.pdf HTTP/1.1" 200 336639
204.93.180.6 - - [19/Feb/2022:16:25:57 -0500] "GET / HTTP/1.0" 200 319
31.13.103.6 - - [19/Feb/2022:16:26:36 -0500] "GET /images/mujeres-reverdecen-humedales-2-febrero.jpg HTTP/1.1" 200 47327
190.158.204.55 - - [19/Feb/2022:16:27:21 -0500] "GET /BLA/resoluciones/AUTOS%202020/2368.pdf HTTP/1.1" 200 371334
34.147.82.235 - - [19/Feb/2022:16:27:27 -0500] "GET / HTTP/1.1" 200 319
157.55.39.123 - - [19/Feb/2022:16:27:36 -0500] "GET /BLA/resoluciones/RESOLUCIONES%202000/2000%201500-1549.tif HTTP/1.1" 200 4831289
216.245.221.92 - - [19/Feb/2022:16:28:32 -0500] "HEAD / HTTP/1.1" 200 -
190.158.204.55 - - [19/Feb/2022:16:29:25 -0500] "GET /BLA/resoluciones/AUTOS%202020/3317.pdf HTTP/1.1" 200 337579
66.249.66.85 - - [19/Feb/2022:16:30:44 -0500] "-" 408 -
66.220.149.36 - - [19/Feb/2022:16:31:16 -0500] "GET /images/mujeres-reverdecen-humedales-2-febrero.jpg HTTP/1.1" 200 47327
173.252.107.11 - - [19/Feb/2022:16:32:31 -0500] "GET /fontibon-entrego-mas-de-58-kilogramos-de-residuos-especiales-y-peligrosos-en-reciclaton.html HTTP/1.1" 206 1010
201.245.192.253 - - [19/Feb/2022:16:31:49 -0500] "POST /kwsrmcab/Wsrmcab HTTP/1.1" 200 46785
201.245.192.253 - - [19/Feb/2022:16:32:35 -0500] "POST /kwsrmcab/Wsrmcab HTTP/1.1" 200 46944
216.245.221.92 - - [19/Feb/2022:16:33:32 -0500] "HEAD / HTTP/1.1" 200 -
201.245.192.253 - - [19/Feb/2022:16:32:59 -0500] "POST /kwsrmcab/Wsrmcab HTTP/1.1" 200 118630
66.249.66.85 - - [19/Feb/2022:16:36:52 -0500] "-" 408 -
216.245.221.92 - - [19/Feb/2022:16:38:32 -0500] "HEAD / HTTP/1.1" 200 -
123.125.109.180 - - [19/Feb/2022:16:40:36 -0500] "-" 408 -
201.245.192.253 - - [19/Feb/2022:16:41:49 -0500] "POST /kwsrmcab/Wsrmcab HTTP/1.1" 200 46785
201.245.192.253 - - [19/Feb/2022:16:42:35 -0500] "POST /kwsrmcab/Wsrmcab HTTP/1.1" 200 46944
201.245.192.253 - - [19/Feb/2022:16:42:44 -0500] "POST /kwsrmcab/Wsrmcab HTTP/1.1" 200 118630
216.245.221.92 - - [19/Feb/2022:16:43:32 -0500] "HEAD / HTTP/1.1" 200 -
66.249.66.85 - - [19/Feb/2022:16:45:11 -0500] "-" 408 -
107.22.159.209 - - [19/Feb/2022:16:45:44 -0500] "GET /reporte-calidad-del-aire-jueves.html HTTP/1.1" 200 750
107.22.159.209 - - [19/Feb/2022:16:45:54 -0500] "GET /reporte-calidad-del-aire-jueves.html HTTP/1.1" 200 750
40.77.167.10 - - [19/Feb/2022:16:46:42 -0500] "GET /bla/resoluciones/autos%202021/6169.pdf HTTP/1.1" 200 3559618
216.245.221.92 - - [19/Feb/2022:16:48:32 -0500] "HEAD / HTTP/1.1" 200 -
191.156.61.41 - - [19/Feb/2022:16:49:53 -0500] "GET /sipse/js/disable_browser_buttons.js HTTP/1.1" 304 -
191.156.59.84 - - [19/Feb/2022:16:49:53 -0500] "GET /sipse/js/funciones.js HTTP/1.1" 304 -
191.156.50.189 - - [19/Feb/2022:16:49:53 -0500] "GET /sipse/css/custom_css_sg.css HTTP/1.1" 304 -
191.156.61.41 - - [19/Feb/2022:16:49:53 -0500] "GET /sipse/faces/javax.faces.resource/primefaces.css?ln=primefaces&v=4.0 HTTP/1.1" 304 -
191.156.53.197 - - [19/Feb/2022:16:49:53 -0500] "GET /sipse/faces/javax.faces.resource/theme.css?ln=primefaces-sipse HTTP/1.1" 304 -
191.156.61.41 - - [19/Feb/2022:16:49:53 -0500] "GET /sipse/faces/javax.faces.resource/layout/layout.css?ln=primefaces&v=4.0 HTTP/1.1" 304 -
191.156.63.242 - - [19/Feb/2022:16:49:53 -0500] "GET /sipse/css/custom_css_sg_prime_login.css HTTP/1.1" 304 -
191.156.59.84 - - [19/Feb/2022:16:49:53 -0500] "GET /sipse/faces/javax.faces.resource/jquery/jquery-plugins.js?ln=primefaces&v=4.0 HTTP/1.1" 304 -
191.156.50.189 - - [19/Feb/2022:16:49:53 -0500] "GET /sipse/faces/javax.faces.resource/primefaces.js?ln=primefaces&v=4.0 HTTP/1.1" 304 -
191.156.61.41 - - [19/Feb/2022:16:49:53 -0500] "GET /sipse/faces/javax.faces.resource/layout/layout.js?ln=primefaces&v=4.0 HTTP/1.1" 304 -
191.156.53.197 - - [19/Feb/2022:16:49:53 -0500] "GET /sipse/faces/javax.faces.resource/jquery/jquery.js?ln=primefaces&v=4.0 HTTP/1.1" 304 -
186.30.69.225 - - [19/Feb/2022:16:50:07 -0500] "GET /BLA/resoluciones/AUTOS%202014/6251.pdf HTTP/1.1" 200 521776
186.30.69.225 - - [19/Feb/2022:16:50:07 -0500] "GET /BLA/resoluciones/AUTOS%202014/6251.pdf HTTP/1.1" 200 521776
186.30.69.225 - - [19/Feb/2022:16:50:07 -0500] "GET /BLA/resoluciones/AUTOS%202014/6251.pdf HTTP/1.1" 206 1025
40.77.167.55 - - [19/Feb/2022:16:50:44 -0500] "GET /bla/resoluciones/autos%202021/2625.pdf HTTP/1.1" 200 372514
66.249.66.85 - - [19/Feb/2022:16:51:43 -0500] "-" 408 -
5.161.66.107 - - [19/Feb/2022:16:52:33 -0500] "GET /BLA/resoluciones/RESOLUCIONES%202021/2903.pdf HTTP/1.1" 200 474460
201.245.192.253 - - [19/Feb/2022:16:52:19 -0500] "POST /kwsrmcab/Wsrmcab HTTP/1.1" 200 118630
216.245.221.92 - - [19/Feb/2022:16:53:32 -0500] "HEAD / HTTP/1.1" 200 -
54.39.177.48 - - [19/Feb/2022:16:55:23 -0500] "GET /fontibon-entrego-mas-de-58-kilogramos-de-residuos-especiales-y-peligrosos-en-reciclaton.html HTTP/1.1" 200 1010
66.249.66.85 - - [19/Feb/2022:16:58:09 -0500] "-" 408 -
216.245.221.92 - - [19/Feb/2022:16:58:32 -0500] "HEAD / HTTP/1.1" 200 -
167.94.138.46 - - [19/Feb/2022:17:01:16 -0500] "GET / HTTP/1.1" 200 319
167.94.138.46 - - [19/Feb/2022:17:01:16 -0500] "GET / HTTP/1.1" 200 319
167.94.138.46 - - [19/Feb/2022:17:01:16 -0500] "PRI * HTTP/2.0" 400 946
123.125.109.180 - - [19/Feb/2022:17:01:35 -0500] "-" 408 -
207.46.13.128 - - [19/Feb/2022:17:01:56 -0500] "GET /portaldeninos/corresponsal-ambiental/ HTTP/1.1" 200 86590
201.245.192.253 - - [19/Feb/2022:17:02:09 -0500] "POST /kwsrmcab/Wsrmcab HTTP/1.1" 200 118630
190.14.134.98 - - [19/Feb/2022:17:02:58 -0500] "GET /galeria/galeria/jquery.fancybox.css?v=2.1.5 HTTP/1.1" 200 4895
216.245.221.92 - - [19/Feb/2022:17:03:32 -0500] "HEAD / HTTP/1.1" 200 -
66.249.66.85 - - [19/Feb/2022:17:03:48 -0500] "-" 408 -
31.13.103.11 - - [19/Feb/2022:17:05:20 -0500] "GET /images/reciclaton-fontibon-17-febrero.jpg HTTP/1.1" 200 56077
191.156.189.104 - - [19/Feb/2022:17:05:54 -0500] "GET /galeria/galeria/jquery.fancybox.css?v=2.1.5 HTTP/1.1" 200 4895
181.140.210.205 - - [19/Feb/2022:17:07:51 -0500] "GET /mesa/contrasena.pdf HTTP/1.1" 200 443199
216.245.221.92 - - [19/Feb/2022:17:08:32 -0500] "HEAD / HTTP/1.1" 200 -
181.140.210.205 - - [19/Feb/2022:17:08:37 -0500] "GET /mesa/contrasena.pdf HTTP/1.1" 200 443199
181.140.210.205 - - [19/Feb/2022:17:08:44 -0500] "GET /favicon.ico HTTP/1.1" 200 7782
198.74.59.35 - - [19/Feb/2022:17:10:00 -0500] "GET /BLA/boletinlegal/js/jquery.scrollShow.js HTTP/1.1" 200 4586
198.74.59.35 - - [19/Feb/2022:17:10:00 -0500] "GET /galeria/galeria/jquery.fancybox.js?v=2.1.5 HTTP/1.1" 200 48706
198.74.59.35 - - [19/Feb/2022:17:10:00 -0500] "GET /galeria/galeria/jquery.fancybox.css?v=2.1.5 HTTP/1.1" 200 4895
191.156.54.11 - - [19/Feb/2022:17:10:42 -0500] "GET /galeria/galeria/jquery.fancybox.css?v=2.1.5 HTTP/1.1" 200 4895
201.245.192.253 - - [19/Feb/2022:17:12:23 -0500] "POST /kwsrmcab/Wsrmcab HTTP/1.1" 200 118652
66.220.149.12 - - [19/Feb/2022:17:13:14 -0500] "GET /images/reciclaton-fontibon-17-febrero.jpg HTTP/1.1" 200 56077
207.46.13.159 - - [19/Feb/2022:17:13:19 -0500] "GET /bla/resoluciones/index.php?dir=notificaciones/registros%202018/&sort=size&order=asc HTTP/1.1" 200 11383
216.245.221.92 - - [19/Feb/2022:17:13:32 -0500] "HEAD / HTTP/1.1" 200 -
207.46.13.124 - - [19/Feb/2022:17:13:52 -0500] "GET /bla/resoluciones/notificaciones/autos%202017/01606.pdf HTTP/1.1" 200 323043
157.55.39.123 - - [19/Feb/2022:17:15:04 -0500] "GET /bla/resoluciones/autos%202021/2750.pdf HTTP/1.1" 200 788447
216.245.221.92 - - [19/Feb/2022:17:18:32 -0500] "HEAD / HTTP/1.1" 200 -
123.125.109.180 - - [19/Feb/2022:17:22:34 -0500] "-" 408 -
201.245.192.253 - - [19/Feb/2022:17:21:48 -0500] "POST /kwsrmcab/Wsrmcab HTTP/1.1" 200 46646
114.119.141.133 - - [19/Feb/2022:17:22:46 -0500] "-" 408 -
114.119.130.167 - - [19/Feb/2022:17:23:16 -0500] "-" 408 -
201.245.192.253 - - [19/Feb/2022:17:22:37 -0500] "POST /kwsrmcab/Wsrmcab HTTP/1.1" 200 118652
201.245.192.253 - - [19/Feb/2022:17:22:37 -0500] "POST /kwsrmcab/Wsrmcab HTTP/1.1" 200 46966
216.245.221.92 - - [19/Feb/2022:17:23:32 -0500] "HEAD / HTTP/1.1" 200 -
114.119.139.42 - - [19/Feb/2022:17:23:47 -0500] "-" 408 -
186.84.91.109 - - [19/Feb/2022:17:24:01 -0500] "GET /mesa/contrasena.pdf HTTP/1.1" 200 443199
186.84.91.109 - - [19/Feb/2022:17:24:35 -0500] "GET /mesa/contrasena.pdf HTTP/1.1" 200 443199
186.84.91.109 - - [19/Feb/2022:17:24:37 -0500] "GET /favicon.ico HTTP/1.1" 200 7782
190.60.34.58 - - [19/Feb/2022:17:25:28 -0500] "GET /galeria/galeria/jquery.fancybox.css?v=2.1.5 HTTP/1.1" 200 4895
186.155.19.229 - - [19/Feb/2022:17:25:40 -0500] "GET /galeria/galeria/jquery.fancybox.css?v=2.1.5 HTTP/1.1" 200 4895
207.46.13.124 - - [19/Feb/2022:17:27:43 -0500] "GET /isolucionsda/PaginaLogin.aspx HTTP/1.1" 200 21800
216.245.221.92 - - [19/Feb/2022:17:28:32 -0500] "HEAD / HTTP/1.1" 200 -
201.245.192.253 - - [19/Feb/2022:17:31:48 -0500] "POST /kwsrmcab/Wsrmcab HTTP/1.1" 200 46646
201.245.192.253 - - [19/Feb/2022:17:32:35 -0500] "POST /kwsrmcab/Wsrmcab HTTP/1.1" 200 46966
216.245.221.92 - - [19/Feb/2022:17:33:32 -0500] "HEAD / HTTP/1.1" 200 -
201.245.192.253 - - [19/Feb/2022:17:33:09 -0500] "POST /kwsrmcab/Wsrmcab HTTP/1.1" 200 118652
216.245.221.92 - - [19/Feb/2022:17:38:32 -0500] "HEAD / HTTP/1.1" 200 -
40.77.167.55 - - [19/Feb/2022:17:38:39 -0500] "GET /bla/resoluciones/autos%202021/3624.pdf HTTP/1.1" 200 739402
201.245.192.253 - - [19/Feb/2022:17:41:48 -0500] "POST /kwsrmcab/Wsrmcab HTTP/1.1" 200 46646
201.245.192.253 - - [19/Feb/2022:17:42:06 -0500] "POST /kwsrmcab/Wsrmcab HTTP/1.1" 200 118652
207.46.13.124 - - [19/Feb/2022:17:43:05 -0500] "GET /bla/resoluciones/autos%202021/5987.pdf HTTP/1.1" 200 359027
201.245.192.253 - - [19/Feb/2022:17:42:33 -0500] "POST /kwsrmcab/Wsrmcab HTTP/1.1" 200 46966
216.245.221.92 - - [19/Feb/2022:17:43:32 -0500] "HEAD / HTTP/1.1" 200 -
123.125.109.180 - - [19/Feb/2022:17:43:33 -0500] "-" 408 -
157.55.39.139 - - [19/Feb/2022:17:45:50 -0500] "GET /portaldeninos/2021/06/05/celebracion-del-dia-mundial-del-medio-ambiente-comenzo-desde-uno-de-los-pulmones-de-bogota/ HTTP/1.1" 200 97179
66.249.66.87 - - [19/Feb/2022:17:48:06 -0500] "-" 408 -
66.249.66.27 - - [19/Feb/2022:17:48:07 -0500] "-" 408 -
216.245.221.92 - - [19/Feb/2022:17:48:32 -0500] "HEAD / HTTP/1.1" 200 -
179.1.128.45 - - [19/Feb/2022:17:48:34 -0500] "GET /galeria/galeria/jquery.fancybox.css?v=2.1.5 HTTP/1.1" 200 4895
201.245.192.253 - - [19/Feb/2022:17:52:25 -0500] "POST /kwsrmcab/Wsrmcab HTTP/1.1" 200 118652
216.245.221.92 - - [19/Feb/2022:17:53:32 -0500] "HEAD / HTTP/1.1" 200 -
40.77.167.55 - - [19/Feb/2022:17:53:33 -0500] "GET /bla/resoluciones/autos%202021/4720.pdf HTTP/1.1" 200 367413
207.46.13.157 - - [19/Feb/2022:17:54:33 -0500] "GET /bla/resoluciones/index.php?dir=notificaciones/registros%202015/&sort=size&order=asc HTTP/1.1" 200 19557
66.220.149.11 - - [19/Feb/2022:17:55:53 -0500] "GET /images/pieza-grafica-arboles-12-febrero.jpg HTTP/1.1" 200 41257
66.220.149.27 - - [19/Feb/2022:17:57:31 -0500] "GET /images/feria-bosa-17-febrero.jpg HTTP/1.1" 200 45917
34.91.145.131 - - [19/Feb/2022:17:57:42 -0500] "GET / HTTP/1.1" 200 319
216.245.221.92 - - [19/Feb/2022:17:58:32 -0500] "HEAD / HTTP/1.1" 200 -
128.14.134.134 - - [19/Feb/2022:17:58:37 -0500] "GET / HTTP/1.1" 200 319
49.179.62.63 - - [19/Feb/2022:17:58:42 -0500] "GET /galeria/galeria/jquery.fancybox.css?v=2.1.5 HTTP/1.1" 200 4895
181.251.86.195 - - [19/Feb/2022:18:02:19 -0500] "GET /fontibon-entrego-mas-de-58-kilogramos-de-residuos-especiales-y-peligrosos-en-reciclaton.html HTTP/1.1" 200 1010
216.245.221.92 - - [19/Feb/2022:18:03:32 -0500] "HEAD / HTTP/1.1" 200 -
201.245.192.253 - - [19/Feb/2022:18:03:15 -0500] "POST /kwsrmcab/Wsrmcab HTTP/1.1" 200 213
123.125.109.180 - - [19/Feb/2022:18:04:32 -0500] "-" 408 -
173.252.95.24 - - [19/Feb/2022:18:07:09 -0500] "GET /juntos-cuidamos-bogota-mas-de-65-kilogramos-de-residuos-especiales-y-peligrosos-fueron-recolectados-en-engativa.html HTTP/1.1" 206 994
191.95.18.139 - - [19/Feb/2022:18:08:20 -0500] "GET /galeria/galeria/jquery.fancybox.css?v=2.1.5 HTTP/1.1" 200 4895
216.245.221.92 - - [19/Feb/2022:18:08:32 -0500] "HEAD / HTTP/1.1" 200 -
161.10.17.59 - - [19/Feb/2022:18:09:35 -0500] "GET /galeria/galeria/jquery.fancybox.css?v=2.1.5 HTTP/1.1" 200 4895
40.77.167.55 - - [19/Feb/2022:18:11:25 -0500] "GET /bla/resoluciones/autos%202021/2619.pdf HTTP/1.1" 200 377172
201.245.192.253 - - [19/Feb/2022:18:12:31 -0500] "POST /kwsrmcab/Wsrmcab HTTP/1.1" 200 119048
216.245.221.92 - - [19/Feb/2022:18:13:32 -0500] "HEAD / HTTP/1.1" 200 -
66.249.66.86 - - [19/Feb/2022:18:15:50 -0500] "-" 408 -
181.53.12.22 - - [19/Feb/2022:18:16:41 -0500] "GET /galeria/galeria/jquery.fancybox.css?v=2.1.5 HTTP/1.1" 200 4895
207.46.13.157 - - [19/Feb/2022:18:17:53 -0500] "GET /BLA/resoluciones/RESOLUCIONES%202000/2000%20350-399.tif HTTP/1.1" 200 4678251
216.245.221.92 - - [19/Feb/2022:18:18:32 -0500] "HEAD / HTTP/1.1" 200 -
207.46.13.157 - - [19/Feb/2022:18:21:17 -0500] "GET /bla/resoluciones/autos%202021/2698.pdf HTTP/1.1" 200 362545
186.154.120.247 - - [19/Feb/2022:18:22:01 -0500] "GET /BLA/resoluciones/ HTTP/1.1" 200 13093
186.154.120.247 - - [19/Feb/2022:18:22:04 -0500] "GET /BLA/resoluciones/index.php?dir=AUTOS+2020%2F HTTP/1.1" 200 315895
179.51.119.56 - - [19/Feb/2022:18:22:19 -0500] "GET /galeria/galeria/jquery.fancybox.css?v=2.1.5 HTTP/1.1" 200 4895
45.70.202.152 - - [19/Feb/2022:18:23:30 -0500] "GET /galeria/galeria/jquery.fancybox.css?v=2.1.5 HTTP/1.1" 200 4895
216.245.221.92 - - [19/Feb/2022:18:23:32 -0500] "HEAD / HTTP/1.1" 200 -
201.245.192.253 - - [19/Feb/2022:18:22:48 -0500] "POST /kwsrmcab/Wsrmcab HTTP/1.1" 200 47119
123.125.109.180 - - [19/Feb/2022:18:25:31 -0500] "-" 408 -
173.252.83.118 - - [19/Feb/2022:18:26:12 -0500] "GET /images/reciclaton-fontibon-17-febrero.jpg HTTP/1.1" 200 56077
173.252.95.8 - - [19/Feb/2022:18:27:12 -0500] "GET /images/reciclaton-fontibon-17-febrero.jpg HTTP/1.1" 200 56077
216.245.221.92 - - [19/Feb/2022:18:28:32 -0500] "HEAD / HTTP/1.1" 200 -
175.100.20.245 - - [19/Feb/2022:18:29:23 -0500] "GET /.env HTTP/1.1" 404 1018
175.100.20.245 - - [19/Feb/2022:18:29:24 -0500] "POST / HTTP/1.1" 200 319
201.245.192.253 - - [19/Feb/2022:18:31:49 -0500] "POST /kwsrmcab/Wsrmcab HTTP/1.1" 200 46791
191.156.76.44 - - [19/Feb/2022:18:32:41 -0500] "GET /galeria/galeria/jquery.fancybox.css?v=2.1.5 HTTP/1.1" 200 4895
201.245.192.253 - - [19/Feb/2022:18:32:35 -0500] "POST /kwsrmcab/Wsrmcab HTTP/1.1" 200 47119
216.245.221.92 - - [19/Feb/2022:18:33:32 -0500] "HEAD / HTTP/1.1" 200 -
201.245.192.253 - - [19/Feb/2022:18:33:08 -0500] "POST /kwsrmcab/Wsrmcab HTTP/1.1" 200 119048
54.39.177.48 - - [19/Feb/2022:18:35:08 -0500] "-" 408 -
179.1.7.139 - - [19/Feb/2022:18:35:21 -0500] "GET /galeria/galeria/jquery.fancybox.css?v=2.1.5 HTTP/1.1" 200 4895
181.71.18.84 - - [19/Feb/2022:18:35:24 -0500] "GET /BLA/resoluciones/ HTTP/1.1" 200 13093
181.71.18.84 - - [19/Feb/2022:18:35:24 -0500] "GET /BLA/resoluciones/dlf/styles.css HTTP/1.1" 200 3049
181.71.18.84 - - [19/Feb/2022:18:35:24 -0500] "GET /BLA/resoluciones/dlf/bg.gif HTTP/1.1" 200 54
181.71.18.84 - - [19/Feb/2022:18:35:29 -0500] "GET /BLA/resoluciones/dlf/dirup.png HTTP/1.1" 200 644
181.71.18.84 - - [19/Feb/2022:18:35:29 -0500] "GET /BLA/resoluciones/dlf/pdf.gif HTTP/1.1" 200 272
181.71.18.84 - - [19/Feb/2022:18:35:29 -0500] "GET /BLA/resoluciones/dlf/unknown.png HTTP/1.1" 200 266
181.71.18.84 - - [19/Feb/2022:18:35:29 -0500] "GET /BLA/resoluciones/index.php?dir=AUTOS+2021%2F HTTP/1.1" 200 271664
69.171.251.6 - - [19/Feb/2022:18:35:36 -0500] "GET /bogota-consolida-avances-ambientales-con-el-compromiso-ciudadano-planes-estrategicos-y-acuerdos-con-diversos-sectores.html?fbclid=IwAR3vjeS6s7k1V_uGcnT_3c6lxjJ1WNsppLbNKQD1p1qtY4jOF0Cw-DjHxwM HTTP/1.1" 200 1348
181.71.18.84 - - [19/Feb/2022:18:35:44 -0500] "GET /BLA/resoluciones/AUTOS%202021/4747.pdf HTTP/1.1" 200 435533
173.252.107.23 - - [19/Feb/2022:18:36:40 -0500] "GET /ojo-a-los-arboles-en-riesgo.html HTTP/1.1" 206 791
173.252.107.13 - - [19/Feb/2022:18:36:40 -0500] "GET /ojo-a-los-arboles-en-riesgo.html HTTP/1.1" 206 791
69.171.251.11 - - [19/Feb/2022:18:36:42 -0500] "GET /ojo-a-los-arboles-en-riesgo.html HTTP/1.1" 206 791
69.171.251.2 - - [19/Feb/2022:18:36:43 -0500] "GET /ojo-a-los-arboles-en-riesgo.html HTTP/1.1" 206 791
207.46.13.157 - - [19/Feb/2022:18:37:47 -0500] "GET /bla/resoluciones/notificaciones/autos%202017/3394.pdf HTTP/1.1" 200 282702
173.252.127.5 - - [19/Feb/2022:18:37:48 -0500] "GET /fontibon-entrego-mas-de-58-kilogramos-de-residuos-especiales-y-peligrosos-en-reciclaton.html HTTP/1.1" 206 1010
173.252.127.118 - - [19/Feb/2022:18:37:48 -0500] "GET /fontibon-entrego-mas-de-58-kilogramos-de-residuos-especiales-y-peligrosos-en-reciclaton.html HTTP/1.1" 206 1010
173.252.127.4 - - [19/Feb/2022:18:37:48 -0500] "GET /fontibon-entrego-mas-de-58-kilogramos-de-residuos-especiales-y-peligrosos-en-reciclaton.html HTTP/1.1" 206 1010
173.252.127.5 - - [19/Feb/2022:18:37:48 -0500] "GET /fontibon-entrego-mas-de-58-kilogramos-de-residuos-especiales-y-peligrosos-en-reciclaton.html HTTP/1.1" 206 1010
173.252.127.9 - - [19/Feb/2022:18:37:48 -0500] "GET /fontibon-entrego-mas-de-58-kilogramos-de-residuos-especiales-y-peligrosos-en-reciclaton.html HTTP/1.1" 206 1010
173.252.127.12 - - [19/Feb/2022:18:37:48 -0500] "GET /fontibon-entrego-mas-de-58-kilogramos-de-residuos-especiales-y-peligrosos-en-reciclaton.html HTTP/1.1" 206 1010
31.13.115.8 - - [19/Feb/2022:18:37:48 -0500] "GET /generadores-de-residuos-hospitalarios-son-responsables-solidarios-sobre-la-correcta-disposicion.html?fbclid=IwAR3NFVYP5f1Fvqz1MSh4kh5USvaWRDZ1ZswMz4ow8A3UR1DpqYuzl2v6LWM HTTP/1.1" 200 974
216.245.221.92 - - [19/Feb/2022:18:38:32 -0500] "HEAD / HTTP/1.1" 200 -
173.252.95.14 - - [19/Feb/2022:18:38:45 -0500] "GET /fontibon-entrego-mas-de-58-kilogramos-de-residuos-especiales-y-peligrosos-en-reciclaton.html?fbclid=IwAR3ztCE-EtiaIJBd2CQQkIZwgGvdF3UeFgBBjUEIfGNk87KfDToV-ILpsU8 HTTP/1.1" 200 1010
181.53.12.122 - - [19/Feb/2022:18:39:35 -0500] "GET /galeria/galeria/jquery.fancybox.css?v=2.1.5 HTTP/1.1" 200 4895
173.252.107.118 - - [19/Feb/2022:18:40:13 -0500] "GET /images/feria-servicios-movil-atencion-10-febrero.jpg HTTP/1.1" 200 36829
31.13.103.118 - - [19/Feb/2022:18:41:45 -0500] "GET /images/reciclaton-fontibon-17-febrero.jpg HTTP/1.1" 200 56077
201.245.192.253 - - [19/Feb/2022:18:41:48 -0500] "POST /kwsrmcab/Wsrmcab HTTP/1.1" 200 46791
201.245.192.253 - - [19/Feb/2022:18:42:02 -0500] "POST /kwsrmcab/Wsrmcab HTTP/1.1" 200 119048
201.245.192.253 - - [19/Feb/2022:18:42:37 -0500] "POST /kwsrmcab/Wsrmcab HTTP/1.1" 200 47119
216.245.221.92 - - [19/Feb/2022:18:43:32 -0500] "HEAD / HTTP/1.1" 200 -
157.55.39.123 - - [19/Feb/2022:18:45:03 -0500] "GET /appsia/controlador HTTP/1.1" 200 4799
157.55.39.139 - - [19/Feb/2022:18:46:05 -0500] "GET /modelos-de-desarrollo-sostenibles-para-reducir-la-huella-de-carbono.html HTTP/1.1" 200 891
123.125.109.180 - - [19/Feb/2022:18:46:29 -0500] "-" 408 -
69.63.184.4 - - [19/Feb/2022:18:47:09 -0500] "GET /images/reciclaton-fontibon-17-febrero.jpg HTTP/1.1" 200 56077
205.169.39.161 - - [19/Feb/2022:18:48:03 -0500] "GET /galeria/galeria/jquery.fancybox.js?v=2.1.5 HTTP/1.1" 200 48706
186.84.90.135 - - [19/Feb/2022:18:48:27 -0500] "GET /galeria/galeria/jquery.fancybox.js?v=2.1.5 HTTP/1.1" 200 48706
186.84.90.135 - - [19/Feb/2022:18:48:27 -0500] "GET /BLA/boletinlegal/js/jquery.scrollShow.js HTTP/1.1" 200 4586
186.84.90.135 - - [19/Feb/2022:18:48:27 -0500] "GET /galeria/galeria/jquery.fancybox.css?v=2.1.5 HTTP/1.1" 200 4895
216.245.221.92 - - [19/Feb/2022:18:48:32 -0500] "HEAD / HTTP/1.1" 200 -
190.29.65.242 - - [19/Feb/2022:18:51:21 -0500] "GET /galeria/galeria/jquery.fancybox.css?v=2.1.5 HTTP/1.1" 200 4895
181.56.107.113 - - [19/Feb/2022:18:51:48 -0500] "GET /galeria/galeria/jquery.fancybox.css?v=2.1.5 HTTP/1.1" 200 4895
201.245.192.253 - - [19/Feb/2022:18:51:58 -0500] "POST /kwsrmcab/Wsrmcab HTTP/1.1" 200 119048
177.245.152.55 - - [19/Feb/2022:18:52:46 -0500] "GET /galeria/galeria/jquery.fancybox.css?v=2.1.5 HTTP/1.1" 200 4895
177.245.152.55 - - [19/Feb/2022:18:52:46 -0500] "GET /BLA/boletinlegal/js/jquery.scrollShow.js HTTP/1.1" 200 4586
177.245.152.55 - - [19/Feb/2022:18:52:46 -0500] "GET /galeria/galeria/jquery.fancybox.js?v=2.1.5 HTTP/1.1" 200 48706
216.245.221.92 - - [19/Feb/2022:18:53:32 -0500] "HEAD / HTTP/1.1" 200 -
69.63.184.3 - - [19/Feb/2022:18:53:40 -0500] "GET /images/pieza-reciclaton-findesemana-febrero-15.jpg HTTP/1.1" 200 35558
181.71.18.84 - - [19/Feb/2022:18:58:20 -0500] "GET /BLA/resoluciones/index.php HTTP/1.1" 200 13093
181.71.18.84 - - [19/Feb/2022:18:58:22 -0500] "GET /BLA/resoluciones/index.php?dir=AUTOS+2020%2F HTTP/1.1" 200 315895
216.245.221.92 - - [19/Feb/2022:18:58:32 -0500] "HEAD / HTTP/1.1" 200 -
107.189.5.162 - - [19/Feb/2022:18:59:25 -0500] "GET / HTTP/1.1" 200 319
107.189.5.162 - - [19/Feb/2022:18:59:26 -0500] "POST /HNAP1/ HTTP/1.1" 404 1018
31.148.131.219 - - [19/Feb/2022:19:01:11 -0500] "GET /BLA/resoluciones/AUTOS%202020/2641.pdf HTTP/1.1" 200 401085
207.46.13.159 - - [19/Feb/2022:19:02:08 -0500] "GET /bla/resoluciones/autos%202021/1309.pdf HTTP/1.1" 200 335033
54.39.50.78 - - [19/Feb/2022:19:02:54 -0500] "GET /fontibon-entrego-mas-de-58-kilogramos-de-residuos-especiales-y-peligrosos-en-reciclaton.html HTTP/1.1" 200 1010
51.161.115.227 - - [19/Feb/2022:19:02:54 -0500] "GET /bogota-consolida-avances-ambientales-con-el-compromiso-ciudadano-planes-estrategicos-y-acuerdos-con-diversos-sectores.html HTTP/1.1" 200 1348
201.245.192.253 - - [19/Feb/2022:19:02:11 -0500] "POST /kwsrmcab/Wsrmcab HTTP/1.1" 200 119048
216.245.221.92 - - [19/Feb/2022:19:03:31 -0500] "HEAD / HTTP/1.1" 200 -
186.84.90.14 - - [19/Feb/2022:19:03:59 -0500] "GET /galeria/galeria/jquery.fancybox.css?v=2.1.5 HTTP/1.1" 200 4895
