173.231.60.194 - - [03/Mar/2022:10:38:59 -0500] "GET /BLA/resoluciones/index.php?dir=RESOLUCIONES%202005%2FRES%202005%201-50%2F HTTP/1.1" 200 12563
186.102.24.123 - - [03/Mar/2022:10:39:03 -0500] "GET /kwssiamovil/sm/ldap/au?x=U2FsdGVkX1/BWE7VWsds4hHhZvtOeRrzJOjdfoTlCFE8EjFhHZaPRNI14kBNCJiA&y=U2FsdGVkX19pfe42MyQ+GO9pdi8n7PoR+xQCrm7TJ0p9m4nQbNcu3WCCkhnezalp HTTP/1.1" 200 31
181.48.224.160 - - [03/Mar/2022:10:39:04 -0500] "GET /BLA/boletinlegal/js/jquery.scrollShow.js HTTP/1.1" 200 4586
181.48.224.160 - - [03/Mar/2022:10:39:04 -0500] "GET /galeria/galeria/jquery.fancybox.css?v=2.1.5 HTTP/1.1" 200 4895
181.48.224.160 - - [03/Mar/2022:10:39:04 -0500] "GET /galeria/galeria/jquery.fancybox.js?v=2.1.5 HTTP/1.1" 200 48706
186.102.24.123 - - [03/Mar/2022:10:39:05 -0500] "GET /kwssiamovil/sm/ldap/au?x=U2FsdGVkX1+Dtl1GKlYnYSEv/zRShsMrKrbZPU9js/TIUSHP+MNgEIhWjz4zQwg3&y=U2FsdGVkX18clP7WcZwoH9d4b5CB5IxECi8uWwNtGoUrc+TiTqTRsc94AbdMbav/ HTTP/1.1" 200 31
181.48.224.160 - - [03/Mar/2022:10:39:05 -0500] "GET /galeria/carrusel/Carrusel/jquery.thumbnailScroller.css HTTP/1.1" 200 2066
181.48.224.160 - - [03/Mar/2022:10:39:05 -0500] "GET /galeria/carrusel/Carrusel/jquery-ui-1.8.13.custom.min.js HTTP/1.1" 200 10800
181.48.224.160 - - [03/Mar/2022:10:39:05 -0500] "GET /galeria/carrusel/Carrusel/jquery.thumbnailScroller.js HTTP/1.1" 200 8157
186.80.57.111 - - [03/Mar/2022:10:39:05 -0500] "GET /sipse/faces/index.xhtml HTTP/1.1" 503 1124
181.48.224.160 - - [03/Mar/2022:10:39:05 -0500] "GET /galeria/nivo-slider/demo/banner.html HTTP/1.1" 200 5446
181.48.224.160 - - [03/Mar/2022:10:39:05 -0500] "GET /galeria/nivo-slider/themes/default/default.css HTTP/1.1" 200 1569
181.48.224.160 - - [03/Mar/2022:10:39:05 -0500] "GET /galeria/nivo-slider/themes/pascal/pascal.css HTTP/1.1" 200 2258
181.48.224.160 - - [03/Mar/2022:10:39:05 -0500] "GET /galeria/nivo-slider/themes/orman/orman.css HTTP/1.1" 200 2152
181.48.224.160 - - [03/Mar/2022:10:39:05 -0500] "GET /galeria/nivo-slider/nivo-slider.css HTTP/1.1" 200 1507
181.48.224.160 - - [03/Mar/2022:10:39:05 -0500] "GET /galeria/nivo-slider/demo/style.css HTTP/1.1" 200 2222
181.48.224.160 - - [03/Mar/2022:10:39:05 -0500] "GET /galeria/nivo-slider/jquery.nivo.slider.pack.js HTTP/1.1" 200 11561
181.48.224.160 - - [03/Mar/2022:10:39:05 -0500] "GET /galeria/nivo-slider/demo/scripts/jquery-1.7.1.min.js HTTP/1.1" 200 93868
181.48.224.160 - - [03/Mar/2022:10:39:05 -0500] "GET /galeria/nivo-slider/demo/images/bannertortuga_optimized.jpg HTTP/1.1" 200 39066
181.48.224.160 - - [03/Mar/2022:10:39:05 -0500] "GET /galeria/nivo-slider/demo/images/bannertrafico_optimized.jpg HTTP/1.1" 200 42578
181.48.224.160 - - [03/Mar/2022:10:39:05 -0500] "GET /galeria/nivo-slider/demo/images/Bannermujeresquereverdecen.jpg HTTP/1.1" 200 46558
181.48.224.160 - - [03/Mar/2022:10:39:05 -0500] "GET /galeria/nivo-slider/themes/default/loading.gif HTTP/1.1" 200 1737
181.48.224.160 - - [03/Mar/2022:10:39:05 -0500] "GET /galeria/nivo-slider/demo/images/4Simple_Slider.png HTTP/1.1" 200 11722
181.48.224.160 - - [03/Mar/2022:10:39:05 -0500] "GET /galeria/nivo-slider/demo/images/Bannersedeelectronica.jpg HTTP/1.1" 200 40383
181.48.224.160 - - [03/Mar/2022:10:39:05 -0500] "GET /galeria/nivo-slider/demo/images/bannerrutaesperanza.jpg HTTP/1.1" 200 55560
181.48.224.160 - - [03/Mar/2022:10:39:05 -0500] "GET /galeria/nivo-slider/demo/images/banneraire2021.jpg HTTP/1.1" 200 265101
181.48.224.160 - - [03/Mar/2022:10:39:05 -0500] "GET /galeria/nivo-slider/demo/images/Bannerplasticosseptiembre.jpg HTTP/1.1" 200 45633
181.48.224.160 - - [03/Mar/2022:10:39:05 -0500] "GET /galeria/nivo-slider/demo/images/bannerresiduoshospitalariosagosto.jpg HTTP/1.1" 200 36499
173.231.60.194 - - [03/Mar/2022:10:39:05 -0500] "GET /BLA/resoluciones/index.php?dir=RESOLUCIONES%202006%2FRES%202006%201-50%2F HTTP/1.1" 200 11867
181.48.224.160 - - [03/Mar/2022:10:39:05 -0500] "GET /galeria/nivo-slider/demo/images/banneraccionpopularcrr68.jpg HTTP/1.1" 200 51887
181.48.224.160 - - [03/Mar/2022:10:39:05 -0500] "GET /galeria/nivo-slider/demo/images/banneraccionpopular.jpeg HTTP/1.1" 200 41707
181.48.224.160 - - [03/Mar/2022:10:39:05 -0500] "GET /galeria/nivo-slider/demo/images/bannerclases2021.jpg HTTP/1.1" 200 68230
181.48.224.160 - - [03/Mar/2022:10:39:06 -0500] "GET /galeria/nivo-slider/demo/images/bannercapacitacionesbogota.jpg HTTP/1.1" 200 42416
181.48.224.160 - - [03/Mar/2022:10:39:06 -0500] "GET /galeria/nivo-slider/demo/images/Bannerenvases.jpg HTTP/1.1" 200 37316
181.48.224.160 - - [03/Mar/2022:10:39:06 -0500] "GET /galeria/nivo-slider/demo/images/Bannervirtualescanales.jpg HTTP/1.1" 200 174544
181.48.224.160 - - [03/Mar/2022:10:39:06 -0500] "GET /galeria/nivo-slider/themes/default/arrows.png HTTP/1.1" 200 824
181.48.224.160 - - [03/Mar/2022:10:39:06 -0500] "GET /galeria/nivo-slider/themes/default/bullets.png HTTP/1.1" 200 1281
216.245.221.92 - - [03/Mar/2022:10:39:07 -0500] "HEAD / HTTP/1.1" 200 -
173.231.60.194 - - [03/Mar/2022:10:39:11 -0500] "GET /BLA/resoluciones/index.php?dir=AUTOS%202006%2FAUTOS%202006%201801-%201900%2F HTTP/1.1" 200 22159
186.102.24.123 - - [03/Mar/2022:10:39:17 -0500] "GET /kwssiamovil/sm/ldap/au?x=U2FsdGVkX1/RUNmYCzgIVLvdVUwGQZ/HenfUGvJNxDF0LnEqJ7H574e3jJ8eLD5T&y=U2FsdGVkX1+th2dZkJTsoQw8laKd2qdD1xBV+LuwhpPvwmwFIdDw3M/Wg0iz+58u HTTP/1.1" 200 31
173.231.60.194 - - [03/Mar/2022:10:39:17 -0500] "GET /BLA/resoluciones/index.php?dir=Notificaciones%2FRESOLUCIONES%200020%2F HTTP/1.1" 200 2077
173.231.60.194 - - [03/Mar/2022:10:39:22 -0500] "GET /BLA/resoluciones/index.php?dir=Notificaciones%2FRESOLUCIONES%202012%2F HTTP/1.1" 200 2077
173.231.60.194 - - [03/Mar/2022:10:39:28 -0500] "GET /BLA/resoluciones/index.php?dir=Notificaciones%2FRESOLUCIONES%202013%2F HTTP/1.1" 200 2817
186.102.24.123 - - [03/Mar/2022:10:39:30 -0500] "GET /kwssiamovil/sm/ldap/au?x=U2FsdGVkX1+7Aie7ZZVT4k1le31aKl1B2eJciTWBKvDj8i8HIq0WYZ9GUYqzOuUs&y=U2FsdGVkX18e7R9JZfB87KNPBI1RJ+u/S24xaPu4g1vNCikCkPee/iFkpHfrajoj HTTP/1.1" 200 31
173.231.60.194 - - [03/Mar/2022:10:39:34 -0500] "GET /BLA/resoluciones/index.php?dir=Notificaciones%2FRESOLUCIONES%202014%2F HTTP/1.1" 200 13932
66.249.64.109 - - [03/Mar/2022:10:39:34 -0500] "-" 408 -
186.102.24.123 - - [03/Mar/2022:10:39:36 -0500] "GET /kwssiamovil/sm/ldap/au?x=U2FsdGVkX19T7r83as+5/nfu5ifwl3RJ1vyV3XFyw5MYE4mNfEN5ziowayt8/QGc&y=U2FsdGVkX18sCeSfCnSwr1W5sFg8okPk9GbJH7AIk4jPk2NbfOT/EYpaZqjuziWO HTTP/1.1" 200 31
173.231.60.194 - - [03/Mar/2022:10:39:40 -0500] "GET /BLA/resoluciones/index.php?dir=Notificaciones%2FRESOLUCIONES%202015%2F HTTP/1.1" 200 14394
186.102.24.123 - - [03/Mar/2022:10:39:42 -0500] "GET /kwssiamovil/sm/ldap/au?x=U2FsdGVkX1+HUHFBcEkaeqxAerk3U7aKTk1xbrN7eLjYrX+mSchEKBf7831INIfa&y=U2FsdGVkX1/Kpr0GDv2TY2BfDuoLu4CEsjfiUQ6gsu5VD1mZnuWnN28VPoscmz64 HTTP/1.1" 200 31
186.102.24.123 - - [03/Mar/2022:10:39:42 -0500] "GET /kwssiamovil/sm/ldap/au?x=U2FsdGVkX18se8eOxe4RKzIEhCaK5hZEHP+DdrTO11KBdPVYWFS31FZzLnz/lKHD&y=U2FsdGVkX1982bW7UbtomVrmw3pKAbrr0EFNNjXLyCB+utzFg7xlQ0xVVrkrI3tv HTTP/1.1" 200 31
186.102.24.123 - - [03/Mar/2022:10:39:44 -0500] "GET /kwssiamovil/sm/ldap/au?x=U2FsdGVkX1/FWiskvR6fXCQELmENSNfwln0IeUJCoIao5XYruF4xBXkpemEUTfM1&y=U2FsdGVkX1987bwkib9Fc2V3ENPF0OAspTpeJc/vDoxDOhpLQLDSEoCJJfsmHhbP HTTP/1.1" 200 31
186.102.24.123 - - [03/Mar/2022:10:39:44 -0500] "GET /kwssiamovil/sm/ldap/au?x=U2FsdGVkX19AJ8nRRpSg6aEZZVRAvwDaspLcvEs/r2hqoECEoeQGmmt9C4lAEaDD&y=U2FsdGVkX1+a5gxIxWoZy6iSI84F+ZiVKET0GKvj1mVHaz9/MuI2vuVZmyzpLcZC HTTP/1.1" 200 31
201.245.192.253 - - [03/Mar/2022:10:39:44 -0500] "GET /BLA/boletinlegal/js/jquery.scrollShow.js HTTP/1.1" 200 4586
201.245.192.253 - - [03/Mar/2022:10:39:44 -0500] "GET /galeria/galeria/jquery.fancybox.css?v=2.1.5 HTTP/1.1" 200 4895
201.245.192.253 - - [03/Mar/2022:10:39:44 -0500] "GET /galeria/galeria/jquery.fancybox.js?v=2.1.5 HTTP/1.1" 200 48706
201.245.192.253 - - [03/Mar/2022:10:39:45 -0500] "GET /galeria/carrusel/Carrusel/jquery.thumbnailScroller.css HTTP/1.1" 200 2066
201.245.192.253 - - [03/Mar/2022:10:39:45 -0500] "GET /galeria/carrusel/Carrusel/jquery.thumbnailScroller.js HTTP/1.1" 200 8157
201.245.192.253 - - [03/Mar/2022:10:39:45 -0500] "GET /galeria/carrusel/Carrusel/jquery-ui-1.8.13.custom.min.js HTTP/1.1" 200 10800
201.245.192.253 - - [03/Mar/2022:10:39:45 -0500] "GET /galeria/nivo-slider/demo/banner.html HTTP/1.1" 200 5446
201.245.192.253 - - [03/Mar/2022:10:39:45 -0500] "GET /galeria/nivo-slider/themes/default/default.css HTTP/1.1" 200 1569
201.245.192.253 - - [03/Mar/2022:10:39:45 -0500] "GET /galeria/nivo-slider/themes/orman/orman.css HTTP/1.1" 200 2152
201.245.192.253 - - [03/Mar/2022:10:39:45 -0500] "GET /galeria/nivo-slider/jquery.nivo.slider.pack.js HTTP/1.1" 200 11561
201.245.192.253 - - [03/Mar/2022:10:39:45 -0500] "GET /galeria/nivo-slider/themes/pascal/pascal.css HTTP/1.1" 200 2258
201.245.192.253 - - [03/Mar/2022:10:39:45 -0500] "GET /galeria/nivo-slider/demo/images/bannertortuga_optimized.jpg HTTP/1.1" 200 39066
201.245.192.253 - - [03/Mar/2022:10:39:45 -0500] "GET /galeria/nivo-slider/nivo-slider.css HTTP/1.1" 200 1507
201.245.192.253 - - [03/Mar/2022:10:39:45 -0500] "GET /galeria/nivo-slider/demo/style.css HTTP/1.1" 200 2222
201.245.192.253 - - [03/Mar/2022:10:39:45 -0500] "GET /galeria/nivo-slider/demo/scripts/jquery-1.7.1.min.js HTTP/1.1" 200 93868
201.245.192.253 - - [03/Mar/2022:10:39:45 -0500] "GET /galeria/nivo-slider/demo/images/bannertrafico_optimized.jpg HTTP/1.1" 200 42578
201.245.192.253 - - [03/Mar/2022:10:39:45 -0500] "GET /galeria/nivo-slider/demo/images/Bannermujeresquereverdecen.jpg HTTP/1.1" 200 46558
201.245.192.253 - - [03/Mar/2022:10:39:45 -0500] "GET /galeria/nivo-slider/demo/images/Bannersedeelectronica.jpg HTTP/1.1" 200 40383
201.245.192.253 - - [03/Mar/2022:10:39:45 -0500] "GET /galeria/nivo-slider/demo/images/bannerrutaesperanza.jpg HTTP/1.1" 200 55560
201.245.192.253 - - [03/Mar/2022:10:39:45 -0500] "GET /galeria/nivo-slider/demo/images/banneraire2021.jpg HTTP/1.1" 200 265101
201.245.192.253 - - [03/Mar/2022:10:39:45 -0500] "GET /galeria/nivo-slider/demo/images/Bannerplasticosseptiembre.jpg HTTP/1.1" 200 45633
201.245.192.253 - - [03/Mar/2022:10:39:45 -0500] "GET /galeria/nivo-slider/demo/images/bannerresiduoshospitalariosagosto.jpg HTTP/1.1" 200 36499
201.245.192.253 - - [03/Mar/2022:10:39:45 -0500] "GET /galeria/nivo-slider/themes/default/loading.gif HTTP/1.1" 200 1737
201.245.192.253 - - [03/Mar/2022:10:39:45 -0500] "GET /galeria/nivo-slider/demo/images/4Simple_Slider.png HTTP/1.1" 200 11722
201.245.192.253 - - [03/Mar/2022:10:39:45 -0500] "GET /galeria/nivo-slider/demo/images/banneraccionpopularcrr68.jpg HTTP/1.1" 200 51887
201.245.192.253 - - [03/Mar/2022:10:39:45 -0500] "GET /galeria/nivo-slider/demo/images/banneraccionpopular.jpeg HTTP/1.1" 200 41707
201.245.192.253 - - [03/Mar/2022:10:39:45 -0500] "GET /galeria/nivo-slider/demo/images/bannerclases2021.jpg HTTP/1.1" 200 68230
201.245.192.253 - - [03/Mar/2022:10:39:45 -0500] "GET /galeria/nivo-slider/demo/images/bannercapacitacionesbogota.jpg HTTP/1.1" 200 42416
201.245.192.253 - - [03/Mar/2022:10:39:45 -0500] "GET /galeria/nivo-slider/demo/images/Bannerenvases.jpg HTTP/1.1" 200 37316
201.245.192.253 - - [03/Mar/2022:10:39:45 -0500] "GET /galeria/nivo-slider/demo/images/Bannervirtualescanales.jpg HTTP/1.1" 200 174544
201.245.192.253 - - [03/Mar/2022:10:39:45 -0500] "GET /galeria/nivo-slider/themes/default/arrows.png HTTP/1.1" 200 824
201.245.192.253 - - [03/Mar/2022:10:39:45 -0500] "GET /galeria/nivo-slider/themes/default/bullets.png HTTP/1.1" 200 1281
173.231.60.194 - - [03/Mar/2022:10:39:45 -0500] "GET /BLA/resoluciones/index.php?dir=Notificaciones%2FRESOLUCIONES%202016%2F HTTP/1.1" 200 17834
173.231.60.194 - - [03/Mar/2022:10:39:51 -0500] "GET /BLA/resoluciones/index.php?dir=Notificaciones%2FRESOLUCIONES%202017%2F HTTP/1.1" 200 10844
173.231.60.194 - - [03/Mar/2022:10:39:56 -0500] "GET /BLA/resoluciones/index.php?dir=Notificaciones%2FRESOLUCIONES%202018%2F HTTP/1.1" 200 18234
186.102.24.123 - - [03/Mar/2022:10:40:00 -0500] "GET /kwssiamovil/sm/ldap/au?x=U2FsdGVkX18ubO+29e6ioEKt3DLey6ja8WpBCfAkJVVAOWULoCT1FeFnlbE9w1/d&y=U2FsdGVkX18FHgZHnlvdXQ+fpchGd6F0Tss5CGpw68iw6XEV9+vn46TylW+L2lHs HTTP/1.1" 200 31
173.231.60.194 - - [03/Mar/2022:10:40:02 -0500] "GET /BLA/resoluciones/index.php?dir=Notificaciones%2FRESOLUCIONES%202019%2F HTTP/1.1" 200 37596
173.231.60.194 - - [03/Mar/2022:10:40:08 -0500] "GET /BLA/resoluciones/index.php?dir=Notificaciones%2FRESOLUCIONES%202020%2F HTTP/1.1" 200 51314
173.231.60.194 - - [03/Mar/2022:10:40:15 -0500] "GET /BLA/resoluciones/index.php?dir=Notificaciones%2FRESOLUCIONES%202021%2F HTTP/1.1" 200 95416
173.231.60.194 - - [03/Mar/2022:10:40:21 -0500] "GET /BLA/resoluciones/index.php?dir=RESOLUCIONES%202002%2FRES%202002%2001-50%2F HTTP/1.1" 200 13729
173.231.60.194 - - [03/Mar/2022:10:40:27 -0500] "GET /BLA/resoluciones/index.php?dir=AUTOS%202006%2FAUTOS%202006%201401%20-%201500%2F HTTP/1.1" 200 13545
191.95.49.129 - - [03/Mar/2022:10:40:31 -0500] "GET /BLA/boletinlegal/ HTTP/1.1" 200 5704
191.95.49.129 - - [03/Mar/2022:10:40:33 -0500] "GET /BLA/boletinlegal/style.css HTTP/1.1" 200 9406
191.95.49.129 - - [03/Mar/2022:10:40:33 -0500] "GET /BLA/boletinlegal/styles2.css HTTP/1.1" 200 1838
191.95.49.129 - - [03/Mar/2022:10:40:33 -0500] "GET /BLA/boletinlegal/js/jquery.js HTTP/1.1" 200 57254
173.231.60.194 - - [03/Mar/2022:10:40:33 -0500] "GET /BLA/resoluciones/index.php?dir=AUTOS%202006%2FAUTOS%202006%201501%20-%201600%2F HTTP/1.1" 200 22232
191.95.49.129 - - [03/Mar/2022:10:40:34 -0500] "GET /BLA/boletinlegal/js/jquery.scrollTo-min.js HTTP/1.1" 200 1150
191.95.49.129 - - [03/Mar/2022:10:40:34 -0500] "GET /BLA/boletinlegal/js/jquery.scrollShow.js HTTP/1.1" 200 4586
186.102.24.123 - - [03/Mar/2022:10:40:34 -0500] "GET /kwssiamovil/sm/ldap/au?x=U2FsdGVkX1/bnCa1ICN9iWS7T/Ufz4Re145n9nTH+Q4bumj0JwGPXPiQd+RQA57b&y=U2FsdGVkX1+21boCy9qzI3NujQmOas8WJH4SdTnpwGE2zQ+IOOQUd9Ke8fIJqGlg HTTP/1.1" 200 31
191.95.49.129 - - [03/Mar/2022:10:40:34 -0500] "GET /BLA/boletinlegal/images/body_bg.jpg HTTP/1.1" 200 1601
186.102.24.123 - - [03/Mar/2022:10:40:36 -0500] "GET /kwssiamovil/sm/ldap/au?x=U2FsdGVkX18rC5wL6LGMEcEE5aypeITIqPu0H/wNagXU6J/TZxiN8B0R9er1JG2v&y=U2FsdGVkX1/BLUHsA9zB8ay8iWE7mDyhgLEiWwWLspFOhvnI55Qhe5LcoCdSguYb HTTP/1.1" 200 31
186.102.24.123 - - [03/Mar/2022:10:40:37 -0500] "GET /kwssiamovil/sm/ldap/au?x=U2FsdGVkX1/HuXjjVA4muyfwML8O4GsdlkmcGCiDv0P49JRTHziS2yigBqV5XC89&y=U2FsdGVkX18ak7BdMCI1MtAcglRwIpZFKbCJSLL7/hM3p3i+51Oa+zIViDevRJfr HTTP/1.1" 200 31
173.231.60.194 - - [03/Mar/2022:10:40:39 -0500] "GET /BLA/resoluciones/index.php?dir=AUTOS%202006%2FAUTOS%202006%201601%20-%201700%2F HTTP/1.1" 200 22248
173.231.60.194 - - [03/Mar/2022:10:40:46 -0500] "GET /BLA/resoluciones/index.php?dir=AUTOS%202006%2FAUTOS%202006%201701%20-%201800%2F HTTP/1.1" 200 22247
201.245.192.253 - - [03/Mar/2022:10:40:53 -0500] "POST /kwsrmcab/Wsrmcab HTTP/1.1" 503 1020
201.245.192.253 - - [03/Mar/2022:10:40:53 -0500] "POST /kwsrmcab/Wsrmcab HTTP/1.1" 503 1020
173.231.60.194 - - [03/Mar/2022:10:40:55 -0500] "GET /BLA/resoluciones/index.php?dir=AUTOS%202006%2FAUTOS%202006%201901%20-%202000%2F HTTP/1.1" 200 22186
173.231.60.194 - - [03/Mar/2022:10:41:00 -0500] "GET /BLA/resoluciones/index.php?dir=AUTOS%202006%2FAUTOS%202006%202001%20-%202100%2F HTTP/1.1" 200 22199
173.231.60.194 - - [03/Mar/2022:10:41:06 -0500] "GET /BLA/resoluciones/index.php?dir=AUTOS%202006%2FAUTOS%202006%202101%20-%202200%2F HTTP/1.1" 200 22204
173.231.60.194 - - [03/Mar/2022:10:41:12 -0500] "GET /BLA/resoluciones/index.php?dir=AUTOS%202006%2FAUTOS%202006%202201%20-%202300%2F HTTP/1.1" 200 22194
173.231.60.194 - - [03/Mar/2022:10:41:18 -0500] "GET /BLA/resoluciones/index.php?dir=AUTOS%202006%2FAUTOS%202006%202301%20-%202400%2F HTTP/1.1" 200 22197
186.80.57.111 - - [03/Mar/2022:10:41:19 -0500] "GET /sipse/ HTTP/1.1" 503 1124
186.80.57.111 - - [03/Mar/2022:10:41:20 -0500] "GET /sipse/ HTTP/1.1" 503 1124
186.80.57.111 - - [03/Mar/2022:10:41:21 -0500] "GET /sipse/ HTTP/1.1" 503 1124
186.80.57.111 - - [03/Mar/2022:10:41:21 -0500] "GET /sipse/ HTTP/1.1" 503 1124
186.80.57.111 - - [03/Mar/2022:10:41:22 -0500] "GET /sipse/ HTTP/1.1" 503 1124
186.80.57.111 - - [03/Mar/2022:10:41:22 -0500] "GET /sipse/ HTTP/1.1" 503 1124
186.80.57.111 - - [03/Mar/2022:10:41:22 -0500] "GET /sipse/ HTTP/1.1" 503 1124
186.80.57.111 - - [03/Mar/2022:10:41:22 -0500] "GET /sipse/ HTTP/1.1" 503 1124
191.95.163.31 - - [03/Mar/2022:10:41:23 -0500] "GET /secretaria-de-ambiente-abre-inscripciones-para-la-ruta-de-emprendimiento-verde-2022.html HTTP/1.1" 200 902
173.231.60.194 - - [03/Mar/2022:10:41:24 -0500] "GET /BLA/resoluciones/index.php?dir=AUTOS%202006%2FAUTOS%202006%202401%20-%202500%2F HTTP/1.1" 200 22199
186.102.24.123 - - [03/Mar/2022:10:41:27 -0500] "GET /kwssiamovil/sm/ldap/au?x=U2FsdGVkX18mLcBgDhxInb1Vc5F/oo3/1UKvI4i3tC+zTSxFtxDRHUI3VxLBsD95&y=U2FsdGVkX1/IlyjrJx8XuWZMyirHYtNwBenj9MO7rB2Rf8LVh+Gk+YWq4VRt28Xh HTTP/1.1" 200 31
173.231.60.194 - - [03/Mar/2022:10:41:30 -0500] "GET /BLA/resoluciones/index.php?dir=RESOLUCIONES%202002%2FRES%202002%201901-1950%2F&sort=size&order=desc HTTP/1.1" 200 12148
186.102.24.123 - - [03/Mar/2022:10:41:31 -0500] "GET /kwssiamovil/sm/ldap/au?x=U2FsdGVkX19Yl6bqfZHxL41XprL5V4KCNxJ1lKlb3pwIpEGnZ7UNBn//lJ+wF1I1&y=U2FsdGVkX1+xKr2HTzVs2yP0Wm6RbjkDEpXtRv/osBHwLmcJMgyq7szADdgEgjep HTTP/1.1" 200 31
186.102.24.123 - - [03/Mar/2022:10:41:32 -0500] "GET /kwssiamovil/sm/ldap/au?x=U2FsdGVkX1/c6yUcKzuhl0H6QnNTxd5DCRxSWKP30swdzlS1PxR/41iUhoPYdbw9&y=U2FsdGVkX1/cCJo+CsyFAGQMAWasTQ5kuNlqlBzpIIVlAR9ojP1Vv4XUAyjLfld+ HTTP/1.1" 200 31
173.231.60.194 - - [03/Mar/2022:10:41:36 -0500] "GET /BLA/resoluciones/index.php?dir=RESOLUCIONES%202002%2FRES%202002%201951-1971%2F&sort=date&order=desc HTTP/1.1" 200 6224
181.53.13.71 - - [03/Mar/2022:10:41:38 -0500] "GET /kwssiamovil/sm/ldap/au?x=U2FsdGVkX1+BOK6AHXDK+i+OoFxvzSNIIlwl5MDYaNZRpr+i/74Ap+mlrQ+Eucyg&y=U2FsdGVkX1/wHuTaTNozymfc+nUZhwSLdp+y5I2qlXRs9cD+kQquAKyblzTUWLfZ HTTP/1.1" 200 30
181.53.13.71 - - [03/Mar/2022:10:41:38 -0500] "GET /kwssiamovil/sm/acme/s?s=U2FsdGVkX19cRsvr0tm9kztfeE4ZQtTdSWQX9Cgk+tH07INTxs8otMxTKZKjkBSd919U7E5SKxv/cjdmQn6KpTVaFE3OYdmmDvbQt4thV9I=&u=U2FsdGVkX1+T/80nD4AA/ZRLnQW5HjzBRagAMmd1zJI=&y=U2FsdGVkX1/wHuTaTNozymfc+nUZhwSLdp+y5I2qlXRs9cD+kQquAKyblzTUWLfZ HTTP/1.1" 200 97
181.53.13.71 - - [03/Mar/2022:10:41:38 -0500] "GET /kwssiamovil/sm/acme/s?s=U2FsdGVkX18GpUAR/hXm0vEoUN8Aa8ttQTRIS3mgtB6LKnelln5jdG012hQC6sd6jxsx/ZZDwHpJlFqBSL4JixtxHAUdZcVBBSzv3N360EXt5hc5uJv1x7L3FDMfML91J7dHYDq/5e5aiMEaPO0tH9N+GXj/SlNk+/IfIsq/nUwlmnrM6kudBgAMDY7B1efdThB7TTVwa2QgR6sIIWMrJcvb+zrh9GurrqrPX1LuP4bwDRVoWIkQIg/hUsL3F6+U78jPgx9pEV/mEY8X2jI2HCozPk0F96jQl6deIYRAPEpLjMDZvvYbM4q5HWTTQqnKWzMOccuhDiXpIhlPslCexCiI6H6opbTb7TeDA7aFPEx+XI4wZX9/YeX9FxfCuPA/Fb7ZsXykrPUzoBzvyo/aeX/73VfcKqyuivuqp9jFh9O/13YhNlYGX/ONas2YXjoJVJs9jMyrFLguMJnmMcnzn6w2yUHl5aOr5+WHw0bSmFskR06A+Z7oxfyhQnK01I4RupOnDfuTSWVCYanlP+Htlif0C8r/gJ2hG0Xvns/O6enK/Ba6LnHPhjKEXCkY7UVghfYibPa37C0X2c2Y0OOYrHAH/eEzZoe1Brit9s+9uKgCdMPMnx5Jab4jgnkGHN+k1VCjsoDRgP5PkUIPz4UY+FF712IYp/qvgGbYzj/fHyQ2nrB72os9F7ysMdH+JDaEie+IbZi+47H4Xx+ZP+U5HFf2DgGS2UB4VvlmD+DSko5fHkJnKtmzY6Y+pKTZi+iLgp0XtvCsrAgDYeb/YgkZYE7x7h2poyelVp5EYda3tEoHwIE+uthx83I5rMarHKw5wVTQgEJDXShvYKECJVPb2BDm1xCt/1RswH8ribUZEDFnxerhkHZuUTnQ7ln4gnXS4A4A+hpLTqhbiAd+jEyO5fUjfY5ckKwwBUFshRy/CRvudqHV9VFMgFAB4qhNTLWvFuwbfKuj1RJpXSlHhLz0AdeTUAp2WljwdGj7xkl9w55pcSbpjUJ63SUB1q1WDPlO6/LRWXl26PLtXAJHymf+6UJDKcY1cbzfUa9ekzAHRbw+kTcqbYKMQIiS3OixJcnyEQsftHKX1Fa7uBxuNYAa1AD81sVpqRbed0wnMRzbeYM=&u=U2FsdGVkX1+T/80nD4AA/ZRLnQW5HjzBRagAMmd1zJI=&y=U2FsdGVkX1/wHuTaTNozymfc+nUZhwSLdp+y5I2qlXRs9cD+kQquAKyblzTUWLfZ HTTP/1.1" 200 72
181.53.13.71 - - [03/Mar/2022:10:41:39 -0500] "GET /kwssiamovil/sm/acme/s?s=U2FsdGVkX1+tWVZce9IHS7wAE5IVXbwbAYc+EQoaR6wEPpPY/ZwvGHVpWtcpM9BPTytY7N26TJUH1XrwJGMYur8IyTOYcf0cyGWxXpc0r24s9cRlnh+0D9LYK2D+T6yv/aDIY0lS9xQZ9ZPBy0yGM4WjTIs81QUJDIwE0G4Xi6NRtBc0aIEZq6qifNmbhbQQA2pETibvsWSW3gnBkKHWaZFyLDbNrIlzI1toshd/EYDvZATTyHJ1F7XKyP8CmpoC3Tpb8ovdeLAOL7enQZUMCQReX/9/ItmzbnWzUIBi6CvrJzF4pE5jRUy3Njz9ZpYc/kQ3QzWwxE4Y0hoML9AHrA==&u=U2FsdGVkX1+T/80nD4AA/ZRLnQW5HjzBRagAMmd1zJI=&y=U2FsdGVkX1/wHuTaTNozymfc+nUZhwSLdp+y5I2qlXRs9cD+kQquAKyblzTUWLfZ HTTP/1.1" 200 70
173.231.60.194 - - [03/Mar/2022:10:41:42 -0500] "GET /BLA/resoluciones/index.php?dir=RESOLUCIONES%202002%2FRES%202002%201951-1971%2F&sort=size&order=desc HTTP/1.1" 200 6224
201.245.192.253 - - [03/Mar/2022:10:41:45 -0500] "POST /kwsrmcab/Wsrmcab HTTP/1.1" 503 1020
186.102.24.123 - - [03/Mar/2022:10:41:47 -0500] "GET /kwssiamovil/sm/ldap/au?x=U2FsdGVkX1/FmJNAAWlSayVZ2G1/VZQcq4wYe+B1J+eFuzaoG78+c9xMnvDP/O0o&y=U2FsdGVkX19otygu0MoRKFDL3FAYMEBNrLUXQZPQ6AOUxlmeuxUZkhBZ+VrxmY8i HTTP/1.1" 200 31
186.102.24.123 - - [03/Mar/2022:10:41:48 -0500] "GET /kwssiamovil/sm/ldap/au?x=U2FsdGVkX182i6UQEBzkEcdxwq2gNMrtB/aDYgXnuZ5PQR7Ic+dYvLYfaaAu6Ry7&y=U2FsdGVkX1/Zi4qiG4x//0Gljzr+/OqBirjKo5EAbZcYg15FG9FOyW5Hi3svV6J3 HTTP/1.1" 200 31
173.231.60.194 - - [03/Mar/2022:10:41:47 -0500] "GET /BLA/resoluciones/index.php?dir=RESOLUCIONES%202003%2FRES%202003%201001-1050%2F&sort=date&order=desc HTTP/1.1" 200 11565
186.102.24.123 - - [03/Mar/2022:10:41:48 -0500] "GET /kwssiamovil/sm/ldap/au?x=U2FsdGVkX18hnBLrmYzk3dHK7Mk5pMDHwyowCkMNB3XlTlgFyVwXuxEmtxBvk04u&y=U2FsdGVkX183jsDEG7NkAsizE0JI5kZpS8MZUgR93onJgB9OePcEPtzpUs2UU+ZM HTTP/1.1" 200 31
186.102.24.123 - - [03/Mar/2022:10:41:49 -0500] "GET /kwssiamovil/sm/ldap/au?x=U2FsdGVkX1/LNEkgWS3dl/XEXtYtulyFMaTssErCLxP6lwv2nSMDrf9W747xbCjC&y=U2FsdGVkX1+hpfU1FB/bXIx9FAkTB+hELrmNuQibTNbO1yzrP/spAWRf/ChoqucB HTTP/1.1" 200 31
186.102.24.123 - - [03/Mar/2022:10:41:50 -0500] "GET /kwssiamovil/sm/ldap/au?x=U2FsdGVkX1/+ebq1GATGkiQ5FR0kJMYvUnXMF9BIPObc9+sADC49UH080leWNaPm&y=U2FsdGVkX1/fMaZiaMs59i5Lbpt+HXy6kMr489ivEZq1/nLspYRQtqQMm3B5tQ8z HTTP/1.1" 200 31
186.102.24.123 - - [03/Mar/2022:10:41:50 -0500] "GET /kwssiamovil/sm/ldap/au?x=U2FsdGVkX19JVlfSFw+Eunk4xLc43xu+FdRGx+khL6n3MhoCVsCBDKvgxVjvKluQ&y=U2FsdGVkX18ASAee+rmsfekYT8KHX9O+WC6XG+Kjlocug66sfHvKiqEc95uIstfx HTTP/1.1" 200 31
186.102.24.123 - - [03/Mar/2022:10:41:51 -0500] "GET /kwssiamovil/sm/ldap/au?x=U2FsdGVkX18iCAtcuzj7WAkEEEoetR2wVcgTWj1yAGXSzJ5Wlrev+CYK5K8PK6m4&y=U2FsdGVkX1/mhbhjY06XGpWL1c4KsNfbqHQlFVcHX1fEdr97GWtZih9BTI4vi+zq HTTP/1.1" 200 31
186.102.24.123 - - [03/Mar/2022:10:41:52 -0500] "GET /kwssiamovil/sm/ldap/au?x=U2FsdGVkX1+qikD1/tTNV3JuXpQbh9NxlY+b6ge6ZFmGOosFgisDYp2NEGJ7eJn1&y=U2FsdGVkX1+0fpo4KzyidWDRb8sp8PdNzblwQZUF1fe7ZDyldUrR+nYxjpX5MRx/ HTTP/1.1" 200 31
186.102.30.32 - - [03/Mar/2022:10:41:52 -0500] "GET /kwssiamovil/sm/ldap/au?x=U2FsdGVkX182S4/5C/myBQnGZ1YYusiXOCx4R/sSHW/bheAQhCcRAKQBWPEs44J1pewudrYj2EwTNyKvfS1iDJGD7NqB8mEjMjA68I/+c58=&y=U2FsdGVkX1+rzjvg475CGATDcD7iqXHcaIObj6oiOG8ZAeQeBwnIBEDqL0VYIShMQ2SORwcQzMT0wUZ00iT88A== HTTP/1.1" 200 31
186.102.24.123 - - [03/Mar/2022:10:41:58 -0500] "GET /kwssiamovil/sm/ldap/au?x=U2FsdGVkX181YVCfpwFXhuNXVnWry99Kygr9BZJg6+Su0IhfZleJ/Od933I+sjdM&y=U2FsdGVkX18HyCewOj5h4V1fs/0NgvS2iYFx2KKryPHA2rXKh+F1mVd98fNKU5Jw HTTP/1.1" 200 31
186.102.24.123 - - [03/Mar/2022:10:42:00 -0500] "GET /kwssiamovil/sm/ldap/au?x=U2FsdGVkX1/FoBpJUOtIwimodFLmI+JRGgp2lsV9wviX6Zvqb7Q/2fceMP/aRl5G&y=U2FsdGVkX19QPqt4IXE6O82uYbJc6rl6JZ6WTqZw9uTmdoR2K+KXyovxE0qd5Vt/ HTTP/1.1" 200 31
186.102.24.123 - - [03/Mar/2022:10:42:02 -0500] "GET /kwssiamovil/sm/ldap/au?x=U2FsdGVkX1+I5x8gsoAXU/8+BlnbtwS6qeZVfNwh9+KUtxk1r0sBq11/mJ9WNi8F&y=U2FsdGVkX19N/qPm+rUd1Cv/G1KBirMDZ+Jtq7MXuDUr3wWbpuFLdy1gwrkvKDNy HTTP/1.1" 200 31
186.102.24.123 - - [03/Mar/2022:10:42:02 -0500] "GET /kwssiamovil/sm/ldap/au?x=U2FsdGVkX18I03KFyDHWVr6U5Swgm+EH7FbHl2vRFTx5sCa/ytnRJl5/MSp9gzAR&y=U2FsdGVkX19UiE3Lpqk25uXw4+lF0tJJQpyC9qWQZA9wojh2lgGhDgyTfrKXz/Ns HTTP/1.1" 200 31
186.102.24.123 - - [03/Mar/2022:10:42:03 -0500] "GET /kwssiamovil/sm/ldap/au?x=U2FsdGVkX1/xDqDV05o26jGwg+WNpfjYMRnkiuyJaWCwLLWZNvVxo+Wo7E0divAw&y=U2FsdGVkX19wyk3pdX+Titj5Iv608WaTlmTwGMaPjEYilCV3DASbOcM/3r9VeM7I HTTP/1.1" 200 31
186.102.24.123 - - [03/Mar/2022:10:42:03 -0500] "GET /kwssiamovil/sm/ldap/au?x=U2FsdGVkX1/IG+XAPgHVjw+RJyLAKkXaROgvc6Zgue4CQAXcgiEDSHaUio66A7rk&y=U2FsdGVkX18eeqP8hDBBb1JH/t0zlksPrDktvVz7N7cDg7Bqp6/MajlvX/aaRGX4 HTTP/1.1" 200 31
186.102.30.32 - - [03/Mar/2022:10:42:09 -0500] "GET /kwssiamovil/sm/ldap/au?x=U2FsdGVkX1+9tj9/YyE9zEO5lpxN5OMOnZu2r7+Ra4/s+0tXlcK354o5ZfvGYr5cyyfp5BqNK3FOi2S2ykVGEwqNjHj3mWu8PmyvRDCyEpg=&y=U2FsdGVkX19mkDj32IsY3kO//BaoG/SmJoNA+C4tbO/POTuys6EEBexJyngIOTO8J/+A7FnqeAwFUtKgcT82Ew== HTTP/1.1" 200 31
186.102.24.123 - - [03/Mar/2022:10:42:17 -0500] "GET /kwssiamovil/sm/ldap/au?x=U2FsdGVkX1+I/2WxJUPxTK/h5OpITIkA3p651czhiPJY6uqwvHImxToGxpyfX7jG&y=U2FsdGVkX1+zNsFrRwMUTwCmELFtfdmlMkIKBPqNeXrssJXtcSjnUeQMhXLJ3qcs HTTP/1.1" 200 31
181.53.13.71 - - [03/Mar/2022:10:42:18 -0500] "GET /kwssiamovil/sm/ldap/au?x=U2FsdGVkX1+rh/Kluq6IRckIBSvVsgCb2jMPg3WktSU=&y=U2FsdGVkX19o6UuT2q40yxn1oCrv08CrJb/ESvAM9ug= HTTP/1.1" 200 31
186.102.24.123 - - [03/Mar/2022:10:42:18 -0500] "GET /kwssiamovil/sm/ldap/au?x=U2FsdGVkX1/S4wDJHanD4PBgOoMhZIofnhGbOlro26a/ZFL4I9MbySQg4K8/E/4O&y=U2FsdGVkX1+xoOp0bpuedcc//hkyaK+Uo/v+SMMIgK+NVPXufEDPypTX8VWypC3v HTTP/1.1" 200 31
186.102.24.123 - - [03/Mar/2022:10:42:19 -0500] "GET /kwssiamovil/sm/ldap/au?x=U2FsdGVkX18WSKJD1bZX4SRb/oWeQEwNeqpfV5FiKUcPaV+TTmB1BCTkVrskctB6&y=U2FsdGVkX1+hD6ijaNQ00JsMMgYs9YCpC3gi4oKSiIoZzGhrUOoKVgYjleuAsF05 HTTP/1.1" 200 31
186.102.30.32 - - [03/Mar/2022:10:42:19 -0500] "GET /kwssiamovil/sm/ldap/au?x=U2FsdGVkX19SunKUXh5jdXj58BOqgReAJBOlOCHQtD64heANpLSYUW5VyCsGHs+LokZi8ZVIQnUhGSiO6tpon8TnQDfvoVRVNLiOpw0Av1g=&y=U2FsdGVkX19Sy+VdY6gvS/gKQBiJpSRUckw7k0A6yFG/ZsmOQxASHkUsavScp7Xnu8MrxJVkAHKZ9ct4b3Hzbw== HTTP/1.1" 200 31
173.231.60.194 - - [03/Mar/2022:10:42:26 -0500] "GET /BLA/resoluciones/index.php?dir=RESOLUCIONES%202003%2FRES%202003%201001-1050%2F&sort=size&order=desc HTTP/1.1" 200 11565
201.245.192.253 - - [03/Mar/2022:10:42:31 -0500] "GET /sipse/faces/faces/autenticacion.xhtml HTTP/1.1" 503 1124
173.231.60.194 - - [03/Mar/2022:10:42:32 -0500] "GET /BLA/resoluciones/index.php?dir=RESOLUCIONES%202003%2FRES%202003%201051-1100%2F&sort=date&order=desc HTTP/1.1" 200 11570
173.231.60.194 - - [03/Mar/2022:10:42:38 -0500] "GET /BLA/resoluciones/index.php?dir=RESOLUCIONES%202003%2FRES%202003%201051-1100%2F&sort=size&order=desc HTTP/1.1" 200 11570
173.231.60.194 - - [03/Mar/2022:10:42:43 -0500] "GET /BLA/resoluciones/index.php?dir=RESOLUCIONES%202003%2FRES%202003%201101-1150%2F&sort=date&order=desc HTTP/1.1" 200 11571
186.102.63.175 - - [03/Mar/2022:10:42:47 -0500] "GET /kwssiamovil/sm/ldap/au?x=U2FsdGVkX1/pvuoOdYg7RDVX6N/9sk47g7Popa8p4N9uZ+nBRuRcJawBpVwtbHBN&y=U2FsdGVkX189VhudHlt0MMXqcw1So8uYyOwA+UBbZ10ZPWEBCzAol68nz2WQu0Z8 HTTP/1.1" 200 30
186.102.63.175 - - [03/Mar/2022:10:42:48 -0500] "GET /kwssiamovil/sm/acme/s?s=U2FsdGVkX1+YRZ0l5hnfv/cBNwapt4oGrmvNGtdATSI8akqjdqpwYPXGLP0wIYjEgypc1nPx6fgdV71MzbSt8xlI0rsGkKN7pvo2MlQW45I=&u=U2FsdGVkX1/19CwopN97/pvucu2q3sgf1D+BvXNizvwthTIRIBoqZC8YlVhcpp0v&y=U2FsdGVkX189VhudHlt0MMXqcw1So8uYyOwA+UBbZ10ZPWEBCzAol68nz2WQu0Z8 HTTP/1.1" 200 97
186.102.63.175 - - [03/Mar/2022:10:42:48 -0500] "GET /kwssiamovil/sm/acme/s?s=U2FsdGVkX1/7+C+vV9467yCypw2g6w35WbzShbRgeAlQUfOHs5j2G6goQKXPdccOAcq3XZE+W1in+A7cv5MfqhPQ/GYSFwF9MVMvzJ/OKF5qDkm0i8eSo1sq723Jl2mU5FQNNCYi5ppx8sR7qRdN1tN765B65SfripDjxswW6nE/ntbJuEdOZSCqQkV4aiyo6ZooXALbY3Qs9Ra5BhLNfzL76A0a0IEkCITgRmqQ7N9utFc6k6aXwC4U1tASrspfBx1OFa+jnDke0exaPEWTKxKWs/yB4MoYuhdSvRaNx196zb4r6sAjXGuciKxYmGD7OFQ1BSZpbCjJLOX/Q1S4oD7TDAZhX1wPo+22AjDCOtUAJbp7S52x3v5XDV9/zNOMZj7FCyFE8dLJsDV+uf/5HN7wBf2AJGAWeQGUEsMGkP0Ht/+gJNQKMwW+ZtG36BkzgX31nCwi81C/w/45fYWOOwNrq7cza6o9OnRqhYqT3SDq/AwFUFRFAjev5vW7O38M5ek61r/aLIu3Jstxi2sxIN6ai3B4U65D3nz9Id0JUfZ8fTcOCmrVKp9cDaEx+wABj7U4gd4X5FksV/GYLqhVUcDRTjg+csuwq89VT2n5lQszflh89tTo7naRghe78fVBP8MCOni4pDeyzAzum9/ZumdUciiulDnu7/C95odOyRqj8AMAL3f3KrwUjLmPliU0GXOiHAxhCMwdWotD/PofWz8IOm5eeU6m+V2GnQ7Y86MWIIZkCqZJXfOHjDjy+WbJNbYIsoEh4zBosboIeEHmL9pz4IkJZR0UfyDcx/hWSvWtaWi6NJ9Sydbe53B9waMhpMpEPr2C+zHhEJOFzzFhM1MpA+SQzRtK926u2Exu8mxw9Uc3LtVaPwUnCDvMgoyeVQFcZK1pP1VHxrNAegifnOlu+5zTH33J2Fw8U+1+FDIRko1ZAislSIeO+2X4SoiTiZkDreSE45kguK7L0jxnd4gYds77U8qIvFEIYXmUU4LN+RtdwC+MoKwwNyzlwcat32Z3NtgBkpZbxEcHzUZwix8Qpdlh/eu1sMltYrf/6P3pggsvK279rKTqj7b3BXsi7Ju7A/VuavpnuoGcLHxw9hHgl8Az4CuP2vS3QXTQUsM=&u=U2FsdGVkX1/19CwopN97/pvucu2q3sgf1D+BvXNizvwthTIRIBoqZC8YlVhcpp0v&y=U2FsdGVkX189VhudHlt0MMXqcw1So8uYyOwA+UBbZ10ZPWEBCzAol68nz2WQu0Z8 HTTP/1.1" 200 72
186.102.63.175 - - [03/Mar/2022:10:42:48 -0500] "GET /kwssiamovil/sm/acme/s?s=U2FsdGVkX18gPt+YFpA1buSOCHFQjdYdQUfE4WFEnssXuVmm0WxgqtGmO53ph8NVMpjeTG2HPup2cQJxn6XlqhUrxKEZoPjx6ndn9sZIqelU7vnejHS9+WTLwlMkfD6uVarQbaz9alI4ts+TUsHwoDBfwJbmsOajEra93XamN292YBmCzCD/my1IT7bxrpVSYvDKy3RvnpiOArmufW/r1w8rvxE5zZew+UFvmZ3t64mVsEQ1hdWDpJODgx95/aiaJ/IM3md1xdpzepZ4jWq/nEvp8ssSqxBBNh0s++9glDacGAcuQ2fdVDqRwRmmX7599DOsb25AeH88a57/BrAZwgsTafDPXFbGuSmE/EmHnEA=&u=U2FsdGVkX1/19CwopN97/pvucu2q3sgf1D+BvXNizvwthTIRIBoqZC8YlVhcpp0v&y=U2FsdGVkX189VhudHlt0MMXqcw1So8uYyOwA+UBbZ10ZPWEBCzAol68nz2WQu0Z8 HTTP/1.1" 200 70
173.231.60.194 - - [03/Mar/2022:10:42:50 -0500] "GET /BLA/resoluciones/index.php?dir=RESOLUCIONES%202003%2FRES%202003%201101-1150%2F&sort=size&order=desc HTTP/1.1" 200 11571
173.231.60.194 - - [03/Mar/2022:10:42:55 -0500] "GET /BLA/resoluciones/index.php?dir=RESOLUCIONES%202003%2FRES%202003%201151-1200%2F&sort=date&order=desc HTTP/1.1" 200 11569
190.26.220.58 - - [03/Mar/2022:10:43:00 -0500] "GET /catalogoisis/ HTTP/1.1" 404 211
190.26.220.58 - - [03/Mar/2022:10:43:00 -0500] "GET /favicon.ico HTTP/1.1" 200 7782
173.231.60.194 - - [03/Mar/2022:10:43:01 -0500] "GET /BLA/resoluciones/index.php?dir=RESOLUCIONES%202003%2FRES%202003%201151-1200%2F&sort=size&order=desc HTTP/1.1" 200 11569
173.231.60.194 - - [03/Mar/2022:10:43:12 -0500] "GET /BLA/resoluciones/index.php?dir=RESOLUCIONES%202003%2FRES%202003%201201-1250%2F&sort=size&order=desc HTTP/1.1" 200 12625
191.95.49.129 - - [03/Mar/2022:10:43:18 -0500] "GET /BLA/boletinlegal/images/cabezote%20BLEGAL.jpg HTTP/1.1" 200 118164
191.95.49.129 - - [03/Mar/2022:10:43:18 -0500] "GET /BLA/boletinlegal/images/subscribe-icon-big.png HTTP/1.1" 200 47702
191.95.49.129 - - [03/Mar/2022:10:43:18 -0500] "GET /BLA/boletinlegal/images/menu_lft.gif HTTP/1.1" 200 1713
191.95.49.129 - - [03/Mar/2022:10:43:18 -0500] "GET /BLA/boletinlegal/images/bg_top.jpg HTTP/1.1" 200 522
191.95.49.129 - - [03/Mar/2022:10:43:18 -0500] "GET /BLA/boletinlegal/images/text.jpg HTTP/1.1" 200 568
173.231.60.194 - - [03/Mar/2022:10:43:18 -0500] "GET /BLA/resoluciones/index.php?dir=RESOLUCIONES%202003%2FRES%202003%201251-1300%2F&sort=date&order=desc HTTP/1.1" 200 12201
191.95.49.129 - - [03/Mar/2022:10:43:18 -0500] "GET /BLA/boletinlegal/images/hover.jpg HTTP/1.1" 200 640
191.95.49.129 - - [03/Mar/2022:10:43:19 -0500] "GET /BLA/boletinlegal/images/menu_rght.gif HTTP/1.1" 200 1627
191.95.49.129 - - [03/Mar/2022:10:43:19 -0500] "GET /BLA/boletinlegal/images/launch.jpg HTTP/1.1" 200 14577
191.95.49.129 - - [03/Mar/2022:10:43:19 -0500] "GET /BLA/boletinlegal/images/historia.png HTTP/1.1" 200 52775
191.95.49.129 - - [03/Mar/2022:10:43:19 -0500] "GET /BLA/boletinlegal/images/registro-usuarios.png HTTP/1.1" 200 8106
191.95.49.129 - - [03/Mar/2022:10:43:19 -0500] "GET /BLA/boletinlegal/images/arr_l.jpg HTTP/1.1" 200 1979
191.95.49.129 - - [03/Mar/2022:10:43:19 -0500] "GET /BLA/boletinlegal/images/screen_1.png HTTP/1.1" 200 202547
173.231.60.194 - - [03/Mar/2022:10:43:24 -0500] "GET /BLA/resoluciones/index.php?dir=RESOLUCIONES%202003%2FRES%202003%201251-1300%2F&sort=size&order=desc HTTP/1.1" 200 12201
186.155.145.254 - - [03/Mar/2022:10:43:26 -0500] "GET /sipse/faces/index.xhtml HTTP/1.1" 200 677
186.155.145.254 - - [03/Mar/2022:10:43:26 -0500] "GET /sipse/faces/javax.faces.resource/theme.css?ln=primefaces-sipse HTTP/1.1" 304 -
186.155.145.254 - - [03/Mar/2022:10:43:26 -0500] "GET /sipse/faces/faces/autenticacion.xhtml HTTP/1.1" 200 12169
186.155.145.254 - - [03/Mar/2022:10:43:27 -0500] "GET /sipse/faces/javax.faces.resource/theme.css?ln=primefaces-sipse HTTP/1.1" 304 -
186.155.145.254 - - [03/Mar/2022:10:43:27 -0500] "GET /sipse/faces/javax.faces.resource/primefaces.css?ln=primefaces&v=4.0 HTTP/1.1" 304 -
186.155.145.254 - - [03/Mar/2022:10:43:27 -0500] "GET /sipse/faces/javax.faces.resource/jquery/jquery-plugins.js?ln=primefaces&v=4.0 HTTP/1.1" 304 -
186.155.145.254 - - [03/Mar/2022:10:43:27 -0500] "GET /sipse/faces/javax.faces.resource/jquery/jquery.js?ln=primefaces&v=4.0 HTTP/1.1" 304 -
186.155.145.254 - - [03/Mar/2022:10:43:27 -0500] "GET /sipse/faces/javax.faces.resource/layout/layout.js?ln=primefaces&v=4.0 HTTP/1.1" 304 -
186.155.145.254 - - [03/Mar/2022:10:43:27 -0500] "GET /sipse/faces/javax.faces.resource/primefaces.js?ln=primefaces&v=4.0 HTTP/1.1" 304 -
186.155.145.254 - - [03/Mar/2022:10:43:27 -0500] "GET /sipse/faces/javax.faces.resource/layout/layout.css?ln=primefaces&v=4.0 HTTP/1.1" 304 -
186.155.145.254 - - [03/Mar/2022:10:43:27 -0500] "GET /sipse/faces/javax.faces.resource/images/ui-icons_898989_256x240.png?ln=primefaces-aristo HTTP/1.1" 304 -
173.231.60.194 - - [03/Mar/2022:10:43:30 -0500] "GET /BLA/resoluciones/index.php?dir=RESOLUCIONES%202003%2FRES%202003%201301-1350%2F&sort=date&order=desc HTTP/1.1" 200 12155
186.155.145.254 - - [03/Mar/2022:10:43:31 -0500] "POST /sipse/faces/autenticacion.xhtml HTTP/1.1" 200 2221
186.155.145.254 - - [03/Mar/2022:10:43:31 -0500] "GET /sipse/faces/javax.faces.resource/messages/messages.png?ln=primefaces&v=4.0 HTTP/1.1" 304 -
186.102.30.32 - - [03/Mar/2022:10:43:31 -0500] "GET /kwssiamovil/sm/ldap/au?x=U2FsdGVkX1+m+2zW6uw+nClgpC5Y9jd139FIh/+mlqv4Y905c01/HIYjovnu1MFDJqRpM/lcvImtzaLZWJ+uAa6t4XTMiL/7B++/bNdRYjk=&y=U2FsdGVkX19kqHOzHbepeU5Hp8gycwRJtfiN7y9tESfEUNwf4cW05Hmx4kkoV/C3dpwPxPNSZah5+K93EourOg== HTTP/1.1" 200 31
186.155.145.254 - - [03/Mar/2022:10:43:32 -0500] "POST /sipse/faces/autenticacion.xhtml HTTP/1.1" 200 16229
186.155.145.254 - - [03/Mar/2022:10:43:32 -0500] "GET /sipse/faces/javax.faces.resource/layout/layout.css?ln=primefaces&v=4.0 HTTP/1.1" 304 -
186.155.145.254 - - [03/Mar/2022:10:43:32 -0500] "GET /sipse/faces/javax.faces.resource/theme.css?ln=primefaces-sipse HTTP/1.1" 304 -
186.155.145.254 - - [03/Mar/2022:10:43:32 -0500] "GET /sipse/faces/javax.faces.resource/primefaces.css?ln=primefaces&v=4.0 HTTP/1.1" 304 -
186.155.145.254 - - [03/Mar/2022:10:43:32 -0500] "GET /sipse/faces/javax.faces.resource/jquery/jquery.js?ln=primefaces&v=4.0 HTTP/1.1" 304 -
186.155.145.254 - - [03/Mar/2022:10:43:32 -0500] "GET /sipse/faces/javax.faces.resource/jquery/jquery-plugins.js?ln=primefaces&v=4.0 HTTP/1.1" 304 -
186.155.145.254 - - [03/Mar/2022:10:43:32 -0500] "GET /sipse/faces/javax.faces.resource/primefaces.js?ln=primefaces&v=4.0 HTTP/1.1" 304 -
186.155.145.254 - - [03/Mar/2022:10:43:32 -0500] "GET /sipse/faces/javax.faces.resource/layout/layout.js?ln=primefaces&v=4.0 HTTP/1.1" 304 -
186.155.145.254 - - [03/Mar/2022:10:43:32 -0500] "GET /sipse/css/imagen/contrasena.png HTTP/1.1" 404 383
186.102.30.32 - - [03/Mar/2022:10:43:33 -0500] "GET /kwssiamovil/sm/ldap/au?x=U2FsdGVkX1+QzLCw2qub5rB2Z8UZ9mNioSEA2bnGBedMUmlzPXHtUMwuyc5E3RvWeaf68PS0JrOw8ADo2vHCZMznscpgleq6ST8z4PUh3jA=&y=U2FsdGVkX183PTHgkaQ1rEroE3qzRJydhjB/wR2q/Vz3FCCPbzRj7KaIZgKTXWO0v+zY5CEI3NEKo8v1fjmL9A== HTTP/1.1" 200 31
186.155.145.254 - - [03/Mar/2022:10:43:34 -0500] "GET /sipse/faces/javax.faces.resource/images/ui-bg_flat_0_2d5972_40x100.png?ln=primefaces-aristo HTTP/1.1" 304 -
186.155.145.254 - - [03/Mar/2022:10:43:34 -0500] "POST /sipse/faces/bienvenido.xhtml HTTP/1.1" 200 2658
173.231.60.194 - - [03/Mar/2022:10:43:35 -0500] "GET /BLA/resoluciones/index.php?dir=RESOLUCIONES%202003%2FRES%202003%201301-1350%2F&sort=size&order=desc HTTP/1.1" 200 12155
191.95.49.129 - - [03/Mar/2022:10:43:18 -0500] "GET /BLA/boletinlegal/ HTTP/1.1" 200 16331
186.155.145.254 - - [03/Mar/2022:10:43:35 -0500] "POST /sipse/faces/bienvenido.xhtml HTTP/1.1" 200 61418
186.155.145.254 - - [03/Mar/2022:10:43:37 -0500] "GET /sipse/faces/javax.faces.resource/primefaces.css?ln=primefaces&v=4.0 HTTP/1.1" 304 -
186.155.145.254 - - [03/Mar/2022:10:43:37 -0500] "GET /sipse/faces/javax.faces.resource/layout/layout.css?ln=primefaces&v=4.0 HTTP/1.1" 304 -
186.155.145.254 - - [03/Mar/2022:10:43:37 -0500] "GET /sipse/faces/javax.faces.resource/theme.css?ln=primefaces-sipse HTTP/1.1" 304 -
186.155.145.254 - - [03/Mar/2022:10:43:37 -0500] "GET /sipse/faces/javax.faces.resource/jquery/jquery.js?ln=primefaces&v=4.0 HTTP/1.1" 304 -
186.155.145.254 - - [03/Mar/2022:10:43:37 -0500] "GET /sipse/faces/javax.faces.resource/jquery/jquery-plugins.js?ln=primefaces&v=4.0 HTTP/1.1" 304 -
186.155.145.254 - - [03/Mar/2022:10:43:37 -0500] "GET /sipse/faces/javax.faces.resource/primefaces.js?ln=primefaces&v=4.0 HTTP/1.1" 304 -
186.155.145.254 - - [03/Mar/2022:10:43:37 -0500] "GET /sipse/faces/javax.faces.resource/layout/layout.js?ln=primefaces&v=4.0 HTTP/1.1" 304 -
186.155.145.254 - - [03/Mar/2022:10:43:37 -0500] "GET /sipse/css/imagen/contrasena.png HTTP/1.1" 404 383
186.155.145.254 - - [03/Mar/2022:10:43:37 -0500] "POST /sipse/faces/presentacion/financiero/solicitudProceso/listarSolicitudProceso.xhtml HTTP/1.1" 200 1452
191.95.49.129 - - [03/Mar/2022:10:43:40 -0500] "GET /sipse/ HTTP/1.1" 302 -
191.95.49.129 - - [03/Mar/2022:10:43:40 -0500] "GET /sipse/faces/autenticacion.xhtml HTTP/1.1" 200 12169
191.95.49.129 - - [03/Mar/2022:10:43:40 -0500] "GET /sipse/js/disable_browser_buttons.js HTTP/1.1" 200 3230
191.95.49.129 - - [03/Mar/2022:10:43:41 -0500] "GET /sipse/css/custom_css_sg.css HTTP/1.1" 200 9694
191.95.49.129 - - [03/Mar/2022:10:43:41 -0500] "GET /sipse/css/custom_css_sg_prime_login.css HTTP/1.1" 200 443
191.95.49.129 - - [03/Mar/2022:10:43:41 -0500] "GET /sipse/faces/javax.faces.resource/theme.css?ln=primefaces-sipse HTTP/1.1" 200 50058
186.155.145.254 - - [03/Mar/2022:10:43:41 -0500] "POST /sipse/faces/presentacion/financiero/solicitudProceso/listarSolicitudProceso.xhtml HTTP/1.1" 200 10690
191.95.49.129 - - [03/Mar/2022:10:43:41 -0500] "GET /sipse/js/funciones.js HTTP/1.1" 200 12592
191.95.49.129 - - [03/Mar/2022:10:43:41 -0500] "GET /sipse/faces/javax.faces.resource/layout/layout.css?ln=primefaces&v=4.0 HTTP/1.1" 200 542
191.95.49.129 - - [03/Mar/2022:10:43:41 -0500] "GET /sipse/faces/javax.faces.resource/primefaces.css?ln=primefaces&v=4.0 HTTP/1.1" 200 53295
191.95.49.129 - - [03/Mar/2022:10:43:41 -0500] "GET /sipse/faces/javax.faces.resource/jquery/jquery.js?ln=primefaces&v=4.0 HTTP/1.1" 200 105384
191.95.49.129 - - [03/Mar/2022:10:43:41 -0500] "GET /sipse/faces/javax.faces.resource/layout/layout.js?ln=primefaces&v=4.0 HTTP/1.1" 200 87560
191.95.49.129 - - [03/Mar/2022:10:43:41 -0500] "GET /sipse/faces/javax.faces.resource/primefaces.js?ln=primefaces&v=4.0 HTTP/1.1" 200 276924
191.95.49.129 - - [03/Mar/2022:10:43:41 -0500] "GET /sipse/faces/javax.faces.resource/jquery/jquery-plugins.js?ln=primefaces&v=4.0 HTTP/1.1" 200 220526
191.95.49.129 - - [03/Mar/2022:10:43:42 -0500] "GET /sipse/css/imagen/logoSDG.png HTTP/1.1" 200 53064
173.231.60.194 - - [03/Mar/2022:10:43:41 -0500] "GET /BLA/resoluciones/index.php?dir=RESOLUCIONES%202003%2FRES%202003%201351-1400%2F&sort=date&order=desc HTTP/1.1" 200 12156
186.155.145.254 - - [03/Mar/2022:10:43:43 -0500] "POST /sipse/faces/presentacion/financiero/solicitudProceso/listarSolicitudProceso.xhtml HTTP/1.1" 200 154805
186.155.145.254 - - [03/Mar/2022:10:43:43 -0500] "GET /sipse/faces/javax.faces.resource/theme.css?ln=primefaces-sipse HTTP/1.1" 304 -
186.155.145.254 - - [03/Mar/2022:10:43:43 -0500] "GET /sipse/faces/javax.faces.resource/primefaces.css?ln=primefaces&v=4.0 HTTP/1.1" 304 -
186.155.145.254 - - [03/Mar/2022:10:43:43 -0500] "GET /sipse/faces/javax.faces.resource/layout/layout.css?ln=primefaces&v=4.0 HTTP/1.1" 304 -
186.155.145.254 - - [03/Mar/2022:10:43:43 -0500] "GET /sipse/faces/javax.faces.resource/jquery/jquery.js?ln=primefaces&v=4.0 HTTP/1.1" 304 -
186.155.145.254 - - [03/Mar/2022:10:43:43 -0500] "GET /sipse/faces/javax.faces.resource/jquery/jquery-plugins.js?ln=primefaces&v=4.0 HTTP/1.1" 304 -
186.155.145.254 - - [03/Mar/2022:10:43:43 -0500] "GET /sipse/faces/javax.faces.resource/primefaces.js?ln=primefaces&v=4.0 HTTP/1.1" 304 -
186.155.145.254 - - [03/Mar/2022:10:43:43 -0500] "GET /sipse/faces/javax.faces.resource/layout/layout.js?ln=primefaces&v=4.0 HTTP/1.1" 304 -
66.220.149.23 - - [03/Mar/2022:10:43:46 -0500] "GET /secretaria-de-ambiente-abre-inscripciones-para-la-ruta-de-emprendimiento-verde-2022.html?fbclid=IwAR3rfsTBML0WoueMhZ08WPxYG_VNCk9JKb46Ji99BM41YuCNBLmxZDxQAUg HTTP/1.1" 200 902
173.231.60.194 - - [03/Mar/2022:10:43:47 -0500] "GET /BLA/resoluciones/index.php?dir=RESOLUCIONES%202003%2FRES%202003%201351-1400%2F&sort=size&order=desc HTTP/1.1" 200 12156
186.155.145.254 - - [03/Mar/2022:10:43:48 -0500] "POST /sipse/faces/presentacion/financiero/solicitudProceso/consultarSolicitudProceso.xhtml HTTP/1.1" 200 86432
190.26.220.58 - - [03/Mar/2022:10:43:49 -0500] "GET /catalogoisis/ HTTP/1.1" 404 211
190.26.220.58 - - [03/Mar/2022:10:43:49 -0500] "GET /favicon.ico HTTP/1.1" 200 7782
191.95.49.129 - - [03/Mar/2022:10:43:49 -0500] "GET /sipse/faces/javax.faces.resource/images/ui-icons_898989_256x240.png?ln=primefaces-aristo HTTP/1.1" 200 5355
191.95.49.129 - - [03/Mar/2022:10:43:49 -0500] "GET /sipse/css/imagen/loginimg.png HTTP/1.1" 200 71635
191.95.49.129 - - [03/Mar/2022:10:43:49 -0500] "GET /sipse/faces/index.xhtml HTTP/1.1" 200 677
191.95.49.129 - - [03/Mar/2022:10:43:50 -0500] "GET /sipse/faces/javax.faces.resource/theme.css?ln=primefaces-sipse HTTP/1.1" 304 -
173.231.60.194 - - [03/Mar/2022:10:43:53 -0500] "GET /BLA/resoluciones/index.php?dir=RESOLUCIONES%202003%2FRES%202003%201401-1450%2F&sort=date&order=desc HTTP/1.1" 200 12155
186.28.189.230 - - [03/Mar/2022:10:43:55 -0500] "GET /sipse/faces/index.xhtml HTTP/1.1" 200 677
186.28.189.230 - - [03/Mar/2022:10:43:56 -0500] "GET /sipse/faces/javax.faces.resource/theme.css?ln=primefaces-sipse HTTP/1.1" 200 50058
186.28.189.230 - - [03/Mar/2022:10:43:56 -0500] "GET /favicon.ico HTTP/1.1" 200 7782
186.28.189.230 - - [03/Mar/2022:10:43:56 -0500] "GET /sipse/faces/faces/autenticacion.xhtml HTTP/1.1" 200 12169
186.28.189.230 - - [03/Mar/2022:10:43:57 -0500] "GET /sipse/js/disable_browser_buttons.js HTTP/1.1" 200 3230
186.28.189.230 - - [03/Mar/2022:10:43:57 -0500] "GET /sipse/js/funciones.js HTTP/1.1" 200 12592
186.28.189.230 - - [03/Mar/2022:10:43:57 -0500] "GET /sipse/css/custom_css_sg_prime_login.css HTTP/1.1" 200 443
186.28.189.230 - - [03/Mar/2022:10:43:57 -0500] "GET /sipse/css/custom_css_sg.css HTTP/1.1" 200 9694
186.28.189.230 - - [03/Mar/2022:10:43:57 -0500] "GET /sipse/faces/javax.faces.resource/theme.css?ln=primefaces-sipse HTTP/1.1" 304 -
186.28.189.230 - - [03/Mar/2022:10:43:57 -0500] "GET /sipse/faces/javax.faces.resource/layout/layout.css?ln=primefaces&v=4.0 HTTP/1.1" 200 542
186.28.189.230 - - [03/Mar/2022:10:43:57 -0500] "GET /sipse/faces/javax.faces.resource/jquery/jquery.js?ln=primefaces&v=4.0 HTTP/1.1" 200 105384
186.28.189.230 - - [03/Mar/2022:10:43:57 -0500] "GET /sipse/faces/javax.faces.resource/jquery/jquery-plugins.js?ln=primefaces&v=4.0 HTTP/1.1" 200 220526
186.28.189.230 - - [03/Mar/2022:10:43:57 -0500] "GET /sipse/faces/javax.faces.resource/primefaces.css?ln=primefaces&v=4.0 HTTP/1.1" 200 53295
186.28.189.230 - - [03/Mar/2022:10:43:57 -0500] "GET /sipse/faces/javax.faces.resource/layout/layout.js?ln=primefaces&v=4.0 HTTP/1.1" 200 87560
186.28.189.230 - - [03/Mar/2022:10:43:57 -0500] "GET /sipse/faces/javax.faces.resource/primefaces.js?ln=primefaces&v=4.0 HTTP/1.1" 200 276924
186.28.189.230 - - [03/Mar/2022:10:43:57 -0500] "GET /sipse/css/imagen/logoSDG.png HTTP/1.1" 200 53064
186.28.189.230 - - [03/Mar/2022:10:43:57 -0500] "GET /sipse/css/imagen/loginimg.png HTTP/1.1" 200 71635
186.28.189.230 - - [03/Mar/2022:10:43:57 -0500] "GET /sipse/faces/javax.faces.resource/images/ui-icons_898989_256x240.png?ln=primefaces-aristo HTTP/1.1" 200 5355
173.231.60.194 - - [03/Mar/2022:10:43:59 -0500] "GET /BLA/resoluciones/index.php?dir=RESOLUCIONES%202003%2FRES%202003%201401-1450%2F&sort=size&order=desc HTTP/1.1" 200 12155
173.231.60.194 - - [03/Mar/2022:10:44:04 -0500] "GET /BLA/resoluciones/index.php?dir=RESOLUCIONES%202003%2FRES%202003%201451-1500%2F&sort=date&order=desc HTTP/1.1" 200 12158
216.245.221.92 - - [03/Mar/2022:10:44:07 -0500] "HEAD / HTTP/1.1" 200 -
173.231.60.194 - - [03/Mar/2022:10:44:10 -0500] "GET /BLA/resoluciones/index.php?dir=RESOLUCIONES%202003%2FRES%202003%201451-1500%2F&sort=size&order=desc HTTP/1.1" 200 12158
173.231.60.194 - - [03/Mar/2022:10:44:16 -0500] "GET /BLA/resoluciones/index.php?dir=RESOLUCIONES%202003%2FRES%202003%201501-1550%2F&sort=date&order=desc HTTP/1.1" 200 12136
173.231.60.194 - - [03/Mar/2022:10:44:22 -0500] "GET /BLA/resoluciones/index.php?dir=RESOLUCIONES%202003%2FRES%202003%201501-1550%2F&sort=size&order=desc HTTP/1.1" 200 12136
191.156.30.150 - - [03/Mar/2022:10:44:26 -0500] "GET /galeria/galeria/jquery.fancybox.css?v=2.1.5 HTTP/1.1" 200 4895
190.27.245.107 - - [03/Mar/2022:10:44:27 -0500] "GET /sipse HTTP/1.1" 404 1120
173.231.60.194 - - [03/Mar/2022:10:44:28 -0500] "GET /BLA/resoluciones/index.php?dir=RESOLUCIONES%202003%2FRES%202003%201551-1601%2F&sort=date&order=desc HTTP/1.1" 200 12155
190.27.245.107 - - [03/Mar/2022:10:44:32 -0500] "GET /sipse/ HTTP/1.1" 302 -
191.95.49.129 - - [03/Mar/2022:10:44:32 -0500] "GET /sipse/faces/autenticacion.xhtml HTTP/1.1" 200 12169
191.95.49.129 - - [03/Mar/2022:10:44:32 -0500] "GET /sipse/faces/javax.faces.resource/theme.css?ln=primefaces-sipse HTTP/1.1" 304 -
191.95.49.129 - - [03/Mar/2022:10:44:32 -0500] "GET /sipse/faces/javax.faces.resource/primefaces.css?ln=primefaces&v=4.0 HTTP/1.1" 304 -
191.95.49.129 - - [03/Mar/2022:10:44:32 -0500] "GET /sipse/faces/javax.faces.resource/jquery/jquery.js?ln=primefaces&v=4.0 HTTP/1.1" 304 -
191.95.49.129 - - [03/Mar/2022:10:44:32 -0500] "GET /sipse/faces/javax.faces.resource/jquery/jquery-plugins.js?ln=primefaces&v=4.0 HTTP/1.1" 304 -
191.95.49.129 - - [03/Mar/2022:10:44:32 -0500] "GET /sipse/faces/javax.faces.resource/layout/layout.js?ln=primefaces&v=4.0 HTTP/1.1" 304 -
191.95.49.129 - - [03/Mar/2022:10:44:40 -0500] "GET /sipse/faces/javax.faces.resource/primefaces.js?ln=primefaces&v=4.0 HTTP/1.1" 304 -
191.95.49.129 - - [03/Mar/2022:10:44:48 -0500] "GET /sipse/faces/javax.faces.resource/layout/layout.css?ln=primefaces&v=4.0 HTTP/1.1" 304 -
181.237.32.15 - - [03/Mar/2022:10:44:48 -0500] "GET /sipse/faces/index.xhtml HTTP/1.1" 200 677
181.237.32.15 - - [03/Mar/2022:10:44:48 -0500] "GET /sipse/faces/javax.faces.resource/theme.css?ln=primefaces-sipse HTTP/1.1" 200 50058
191.95.49.129 - - [03/Mar/2022:10:44:48 -0500] "GET /sipse/faces/javax.faces.resource/images/ui-icons_898989_256x240.png?ln=primefaces-aristo HTTP/1.1" 304 -
181.237.32.15 - - [03/Mar/2022:10:44:48 -0500] "GET /sipse/faces/faces/autenticacion.xhtml HTTP/1.1" 200 12169
181.237.32.15 - - [03/Mar/2022:10:44:48 -0500] "GET /sipse/faces/javax.faces.resource/theme.css?ln=primefaces-sipse HTTP/1.1" 304 -
181.237.32.15 - - [03/Mar/2022:10:44:48 -0500] "GET /sipse/css/custom_css_sg.css HTTP/1.1" 200 9694
181.237.32.15 - - [03/Mar/2022:10:44:48 -0500] "GET /sipse/faces/javax.faces.resource/primefaces.css?ln=primefaces&v=4.0 HTTP/1.1" 304 -
181.237.32.15 - - [03/Mar/2022:10:44:48 -0500] "GET /sipse/faces/javax.faces.resource/layout/layout.css?ln=primefaces&v=4.0 HTTP/1.1" 304 -
181.237.32.15 - - [03/Mar/2022:10:44:48 -0500] "GET /sipse/faces/javax.faces.resource/jquery/jquery.js?ln=primefaces&v=4.0 HTTP/1.1" 304 -
181.237.32.15 - - [03/Mar/2022:10:44:48 -0500] "GET /sipse/faces/javax.faces.resource/layout/layout.js?ln=primefaces&v=4.0 HTTP/1.1" 304 -
181.237.32.15 - - [03/Mar/2022:10:44:48 -0500] "GET /sipse/faces/javax.faces.resource/jquery/jquery-plugins.js?ln=primefaces&v=4.0 HTTP/1.1" 304 -
181.237.32.15 - - [03/Mar/2022:10:44:48 -0500] "GET /sipse/faces/javax.faces.resource/primefaces.js?ln=primefaces&v=4.0 HTTP/1.1" 304 -
181.237.32.15 - - [03/Mar/2022:10:44:48 -0500] "GET /sipse/faces/javax.faces.resource/images/ui-icons_898989_256x240.png?ln=primefaces-aristo HTTP/1.1" 304 -
191.95.49.129 - - [03/Mar/2022:10:44:48 -0500] "GET /sipse/faces/index.xhtml HTTP/1.1" 200 677
191.95.49.129 - - [03/Mar/2022:10:44:49 -0500] "GET /sipse/faces/javax.faces.resource/theme.css?ln=primefaces-sipse HTTP/1.1" 304 -
181.237.32.15 - - [03/Mar/2022:10:44:53 -0500] "POST /sipse/faces/autenticacion.xhtml HTTP/1.1" 200 11693
181.237.32.15 - - [03/Mar/2022:10:44:53 -0500] "GET /sipse/faces/javax.faces.resource/jquery/jquery.js?ln=primefaces&v=4.0 HTTP/1.1" 304 -
181.237.32.15 - - [03/Mar/2022:10:44:53 -0500] "GET /sipse/faces/javax.faces.resource/jquery/jquery-plugins.js?ln=primefaces&v=4.0 HTTP/1.1" 304 -
181.237.32.15 - - [03/Mar/2022:10:44:53 -0500] "GET /sipse/faces/javax.faces.resource/primefaces.js?ln=primefaces&v=4.0 HTTP/1.1" 304 -
181.237.32.15 - - [03/Mar/2022:10:44:53 -0500] "GET /sipse/faces/javax.faces.resource/layout/layout.js?ln=primefaces&v=4.0 HTTP/1.1" 304 -
181.237.32.15 - - [03/Mar/2022:10:44:53 -0500] "GET /sipse/faces/javax.faces.resource/messages/messages.png?ln=primefaces&v=4.0 HTTP/1.1" 304 -
190.27.245.107 - - [03/Mar/2022:10:44:54 -0500] "GET /sipse/ HTTP/1.1" 302 -
186.84.89.157 - - [03/Mar/2022:10:44:54 -0500] "GET /sipse/faces/autenticacion.xhtml HTTP/1.1" 200 12491
186.84.89.157 - - [03/Mar/2022:10:44:55 -0500] "GET /sipse/js/disable_browser_buttons.js HTTP/1.1" 200 3230
186.84.89.157 - - [03/Mar/2022:10:44:55 -0500] "GET /sipse/faces/javax.faces.resource/layout/layout.css;jsessionid=UMbXNcvM1IFhg-K1uClTpOgK.undefined?ln=primefaces&v=4.0 HTTP/1.1" 200 542
186.84.89.157 - - [03/Mar/2022:10:44:55 -0500] "GET /sipse/css/custom_css_sg.css HTTP/1.1" 200 9694
186.84.89.157 - - [03/Mar/2022:10:44:55 -0500] "GET /sipse/js/funciones.js HTTP/1.1" 200 12592
186.84.89.157 - - [03/Mar/2022:10:44:55 -0500] "GET /sipse/faces/javax.faces.resource/primefaces.css;jsessionid=UMbXNcvM1IFhg-K1uClTpOgK.undefined?ln=primefaces&v=4.0 HTTP/1.1" 200 53295
