173.231.60.194 - - [12/Mar/2022:12:51:23 -0500] "GET /BLA/resoluciones/index.php?dir=RESOLUCIONES%202005%2FRES%202005%202451-2500%2F&sort=size&order=desc HTTP/1.1" 200 12369
173.231.60.194 - - [12/Mar/2022:12:51:29 -0500] "GET /BLA/resoluciones/index.php?dir=RESOLUCIONES%202005%2FRES%202005%202501-2550%2F&sort=date&order=desc HTTP/1.1" 200 12364
173.231.60.194 - - [12/Mar/2022:12:51:34 -0500] "GET /BLA/resoluciones/index.php?dir=RESOLUCIONES%202005%2FRES%202005%202501-2550%2F&sort=size&order=desc HTTP/1.1" 200 12364
173.231.60.194 - - [12/Mar/2022:12:51:40 -0500] "GET /BLA/resoluciones/index.php?dir=RESOLUCIONES%202005%2FRES%202005%202551-2600%2F&sort=date&order=desc HTTP/1.1" 200 12366
173.231.60.194 - - [12/Mar/2022:12:51:47 -0500] "GET /BLA/resoluciones/index.php?dir=RESOLUCIONES%202005%2FRES%202005%202551-2600%2F&sort=size&order=desc HTTP/1.1" 200 12366
173.231.60.194 - - [12/Mar/2022:12:51:53 -0500] "GET /BLA/resoluciones/index.php?dir=RESOLUCIONES%202005%2FRES%202005%202601-2650%2F&sort=date&order=desc HTTP/1.1" 200 12160
173.231.60.194 - - [12/Mar/2022:12:51:59 -0500] "GET /BLA/resoluciones/index.php?dir=RESOLUCIONES%202005%2FRES%202005%202601-2650%2F&sort=size&order=desc HTTP/1.1" 200 12160
173.231.60.194 - - [12/Mar/2022:12:52:08 -0500] "GET /BLA/resoluciones/index.php?dir=RESOLUCIONES%202005%2FRES%202005%202651-2700%2F&sort=date&order=desc HTTP/1.1" 200 12368
173.231.60.194 - - [12/Mar/2022:12:52:13 -0500] "GET /BLA/resoluciones/index.php?dir=RESOLUCIONES%202005%2FRES%202005%202651-2700%2F&sort=size&order=desc HTTP/1.1" 200 12368
173.231.60.194 - - [12/Mar/2022:12:52:19 -0500] "GET /BLA/resoluciones/index.php?dir=RESOLUCIONES%202005%2FRES%202005%202751-2800%2F&sort=date&order=desc HTTP/1.1" 200 12344
201.245.192.253 - - [12/Mar/2022:12:51:34 -0500] "POST /kwsrmcab/Wsrmcab HTTP/1.1" 200 116195
213.180.203.138 - - [12/Mar/2022:12:52:24 -0500] "-" 408 -
173.231.60.194 - - [12/Mar/2022:12:52:25 -0500] "GET /BLA/resoluciones/index.php?dir=RESOLUCIONES%202005%2FRES%202005%202751-2800%2F&sort=size&order=desc HTTP/1.1" 200 12344
173.231.60.194 - - [12/Mar/2022:12:52:31 -0500] "GET /BLA/resoluciones/index.php?dir=RESOLUCIONES%202005%2FRES%202005%202801-2850%2F&sort=date&order=desc HTTP/1.1" 200 11938
173.231.60.194 - - [12/Mar/2022:12:52:37 -0500] "GET /BLA/resoluciones/index.php?dir=RESOLUCIONES%202005%2FRES%202005%202801-2850%2F&sort=size&order=desc HTTP/1.1" 200 11938
173.231.60.194 - - [12/Mar/2022:12:52:43 -0500] "GET /BLA/resoluciones/index.php?dir=RESOLUCIONES%202005%2FRES%202005%202851-2900%2F&sort=date&order=desc HTTP/1.1" 200 12155
173.231.60.194 - - [12/Mar/2022:12:52:49 -0500] "GET /BLA/resoluciones/index.php?dir=RESOLUCIONES%202005%2FRES%202005%202851-2900%2F&sort=size&order=desc HTTP/1.1" 200 12155
173.231.60.194 - - [12/Mar/2022:12:52:56 -0500] "GET /BLA/resoluciones/index.php?dir=RESOLUCIONES%202005%2FRES%202005%202901-2950%2F&sort=date&order=desc HTTP/1.1" 200 12330
173.231.60.194 - - [12/Mar/2022:12:53:02 -0500] "GET /BLA/resoluciones/index.php?dir=RESOLUCIONES%202005%2FRES%202005%202901-2950%2F&sort=size&order=desc HTTP/1.1" 200 12330
173.231.60.194 - - [12/Mar/2022:12:53:10 -0500] "GET /BLA/resoluciones/index.php?dir=RESOLUCIONES%202005%2FRES%202005%202951-3000%2F&sort=date&order=desc HTTP/1.1" 200 11936
216.245.221.92 - - [12/Mar/2022:12:53:10 -0500] "HEAD / HTTP/1.1" 200 -
173.231.60.194 - - [12/Mar/2022:12:53:16 -0500] "GET /BLA/resoluciones/index.php?dir=RESOLUCIONES%202005%2FRES%202005%202951-3000%2F&sort=size&order=desc HTTP/1.1" 200 11936
173.231.60.194 - - [12/Mar/2022:12:53:22 -0500] "GET /BLA/resoluciones/index.php?dir=RESOLUCIONES%202005%2FRES%202005%203001-3050%2F&sort=date&order=desc HTTP/1.1" 200 12363
173.231.60.194 - - [12/Mar/2022:12:53:28 -0500] "GET /BLA/resoluciones/index.php?dir=RESOLUCIONES%202005%2FRES%202005%203001-3050%2F&sort=size&order=desc HTTP/1.1" 200 12363
173.231.60.194 - - [12/Mar/2022:12:53:35 -0500] "GET /BLA/resoluciones/index.php?dir=RESOLUCIONES%202005%2FRES%202005%203051-3100%2F&sort=date&order=desc HTTP/1.1" 200 12359
173.231.60.194 - - [12/Mar/2022:12:53:42 -0500] "GET /BLA/resoluciones/index.php?dir=RESOLUCIONES%202005%2FRES%202005%203051-3100%2F&sort=size&order=desc HTTP/1.1" 200 12359
173.231.60.194 - - [12/Mar/2022:12:53:48 -0500] "GET /BLA/resoluciones/index.php?dir=RESOLUCIONES%202005%2FRES%202005%203101-3150%2F&sort=date&order=desc HTTP/1.1" 200 12366
173.231.60.194 - - [12/Mar/2022:12:53:53 -0500] "GET /BLA/resoluciones/index.php?dir=RESOLUCIONES%202005%2FRES%202005%203101-3150%2F&sort=size&order=desc HTTP/1.1" 200 12366
173.231.60.194 - - [12/Mar/2022:12:53:59 -0500] "GET /BLA/resoluciones/index.php?dir=RESOLUCIONES%202005%2FRES%202005%203151-3180%2F&sort=date&order=desc HTTP/1.1" 200 8262
201.244.232.41 - - [12/Mar/2022:12:54:04 -0500] "GET /BLA/resoluciones/ HTTP/1.1" 200 13093
173.231.60.194 - - [12/Mar/2022:12:54:05 -0500] "GET /BLA/resoluciones/index.php?dir=RESOLUCIONES%202005%2FRES%202005%203151-3180%2F&sort=size&order=desc HTTP/1.1" 200 8262
201.244.232.41 - - [12/Mar/2022:12:54:10 -0500] "GET /BLA/resoluciones/index.php?dir=AUTOS+2021%2F HTTP/1.1" 200 12235
201.244.232.41 - - [12/Mar/2022:12:54:10 -0500] "GET /BLA/resoluciones/index.php?dir=AUTOS+2021%2F HTTP/1.1" 200 319933
173.231.60.194 - - [12/Mar/2022:12:54:11 -0500] "GET /BLA/resoluciones/index.php?dir=RESOLUCIONES%202006%2FRES%202006%201001-1050%2F&sort=date&order=desc HTTP/1.1" 200 12340
173.231.60.194 - - [12/Mar/2022:12:54:17 -0500] "GET /BLA/resoluciones/index.php?dir=RESOLUCIONES%202006%2FRES%202006%201001-1050%2F&sort=size&order=desc HTTP/1.1" 200 12340
173.231.60.194 - - [12/Mar/2022:12:54:23 -0500] "GET /BLA/resoluciones/index.php?dir=RESOLUCIONES%202006%2FRES%202006%201051-1100%2F&sort=date&order=desc HTTP/1.1" 200 12368
173.231.60.194 - - [12/Mar/2022:12:54:29 -0500] "GET /BLA/resoluciones/index.php?dir=RESOLUCIONES%202006%2FRES%202006%201051-1100%2F&sort=size&order=desc HTTP/1.1" 200 12368
69.171.251.18 - - [12/Mar/2022:12:54:32 -0500] "GET /caminos-de-los-cerros-estaran-cerrados-este-fin-de-semana-en-bogota.html?fbclid=IwAR2-A5d2Ldnkz_th7WUjFvSQAEix8a4Mg-RZH0HDo5uELpONIIEvoFvm02g HTTP/1.1" 200 813
173.231.60.194 - - [12/Mar/2022:12:54:35 -0500] "GET /BLA/resoluciones/index.php?dir=RESOLUCIONES%202006%2FRES%202006%201101-1150%2F&sort=date&order=desc HTTP/1.1" 200 12367
173.231.60.194 - - [12/Mar/2022:12:54:42 -0500] "GET /BLA/resoluciones/index.php?dir=RESOLUCIONES%202006%2FRES%202006%201101-1150%2F&sort=size&order=desc HTTP/1.1" 200 12367
201.244.232.41 - - [12/Mar/2022:12:54:44 -0500] "GET /BLA/resoluciones/index.php?dir=AUTOS+2015%2F HTTP/1.1" 200 12235
201.244.232.41 - - [12/Mar/2022:12:54:44 -0500] "GET /BLA/resoluciones/index.php?dir=AUTOS+2015%2F HTTP/1.1" 200 576181
31.13.103.10 - - [12/Mar/2022:12:54:46 -0500] "GET /images/carro-carga-movilidad-4-febrero.jpg HTTP/1.1" 200 46258
173.231.60.194 - - [12/Mar/2022:12:54:48 -0500] "GET /BLA/resoluciones/index.php?dir=RESOLUCIONES%202006%2FRES%202006%201151-1200%2F&sort=date&order=desc HTTP/1.1" 200 12364
173.231.60.194 - - [12/Mar/2022:12:54:54 -0500] "GET /BLA/resoluciones/index.php?dir=RESOLUCIONES%202006%2FRES%202006%201151-1200%2F&sort=size&order=desc HTTP/1.1" 200 12364
201.244.232.41 - - [12/Mar/2022:12:54:57 -0500] "GET /BLA/resoluciones/AUTOS%202015/6803.pdf HTTP/1.1" 200 478575
173.231.60.194 - - [12/Mar/2022:12:55:00 -0500] "GET /BLA/resoluciones/index.php?dir=RESOLUCIONES%202006%2FRES%202006%201201-1250%2F&sort=date&order=desc HTTP/1.1" 200 12345
173.231.60.194 - - [12/Mar/2022:12:55:05 -0500] "GET /BLA/resoluciones/index.php?dir=RESOLUCIONES%202006%2FRES%202006%201201-1250%2F&sort=size&order=desc HTTP/1.1" 200 12345
173.231.60.194 - - [12/Mar/2022:12:55:13 -0500] "GET /BLA/resoluciones/index.php?dir=RESOLUCIONES%202006%2FRES%202006%201251-1300%2F&sort=date&order=desc HTTP/1.1" 200 12367
173.231.60.194 - - [12/Mar/2022:12:55:19 -0500] "GET /BLA/resoluciones/index.php?dir=RESOLUCIONES%202006%2FRES%202006%201251-1300%2F&sort=size&order=desc HTTP/1.1" 200 12367
213.180.203.13 - - [12/Mar/2022:12:55:24 -0500] "-" 408 -
173.231.60.194 - - [12/Mar/2022:12:55:25 -0500] "GET /BLA/resoluciones/index.php?dir=RESOLUCIONES%202006%2FRES%202006%201301-1350%2F&sort=date&order=desc HTTP/1.1" 200 12364
179.19.195.219 - - [12/Mar/2022:12:55:28 -0500] "GET /alcaldesa-claudia-lopez-les-dio-la-bienvenida-a-las-sembradoras-por-la-reactivaccion.html HTTP/1.1" 200 1264
173.231.60.194 - - [12/Mar/2022:12:55:31 -0500] "GET /BLA/resoluciones/index.php?dir=RESOLUCIONES%202006%2FRES%202006%201301-1350%2F&sort=size&order=desc HTTP/1.1" 200 12364
173.231.60.194 - - [12/Mar/2022:12:55:37 -0500] "GET /BLA/resoluciones/index.php?dir=RESOLUCIONES%202006%2FRES%202006%201351-1400%2F&sort=date&order=desc HTTP/1.1" 200 12366
173.231.60.194 - - [12/Mar/2022:12:55:43 -0500] "GET /BLA/resoluciones/index.php?dir=RESOLUCIONES%202006%2FRES%202006%201351-1400%2F&sort=size&order=desc HTTP/1.1" 200 12366
173.231.60.194 - - [12/Mar/2022:12:55:49 -0500] "GET /BLA/resoluciones/index.php?dir=RESOLUCIONES%202006%2FRES%202006%201401-1450%2F&sort=date&order=desc HTTP/1.1" 200 12366
173.231.60.194 - - [12/Mar/2022:12:55:55 -0500] "GET /BLA/resoluciones/index.php?dir=RESOLUCIONES%202006%2FRES%202006%201401-1450%2F&sort=size&order=desc HTTP/1.1" 200 12366
207.46.13.157 - - [12/Mar/2022:12:55:56 -0500] "GET /bla/resoluciones/resoluciones%202021/0243.pdf HTTP/1.1" 200 385602
173.231.60.194 - - [12/Mar/2022:12:56:01 -0500] "GET /BLA/resoluciones/index.php?dir=RESOLUCIONES%202006%2FRES%202006%201451-1500%2F&sort=date&order=desc HTTP/1.1" 200 12369
173.231.60.194 - - [12/Mar/2022:12:56:07 -0500] "GET /BLA/resoluciones/index.php?dir=RESOLUCIONES%202006%2FRES%202006%201451-1500%2F&sort=size&order=desc HTTP/1.1" 200 12369
173.231.60.194 - - [12/Mar/2022:12:56:13 -0500] "GET /BLA/resoluciones/index.php?dir=RESOLUCIONES%202006%2FRES%202006%201501-1550%2F&sort=date&order=desc HTTP/1.1" 200 12369
173.231.60.194 - - [12/Mar/2022:12:56:19 -0500] "GET /BLA/resoluciones/index.php?dir=Notificaciones%2FAUTOS%202022%2F HTTP/1.1" 200 2024
173.231.60.194 - - [12/Mar/2022:12:56:25 -0500] "GET /BLA/resoluciones/index.php?dir=Notificaciones%2FRESOLUCIONES%200217%2F HTTP/1.1" 200 2268
201.244.232.41 - - [12/Mar/2022:12:56:25 -0500] "GET /BLA/resoluciones/index.php?dir=AUTOS+2015%2F HTTP/1.1" 200 12235
201.244.232.41 - - [12/Mar/2022:12:56:25 -0500] "GET /BLA/resoluciones/index.php?dir=AUTOS+2015%2F HTTP/1.1" 200 576181
173.231.60.194 - - [12/Mar/2022:12:56:32 -0500] "GET /BLA/resoluciones/index.php?dir=RESOLUCIONES%202004%2FRES%202004%202201-2250%2F&sort=date&order=desc HTTP/1.1" 200 12357
173.231.60.194 - - [12/Mar/2022:12:56:38 -0500] "GET /BLA/resoluciones/index.php?dir=RESOLUCIONES%202004%2FRES%202004%202201-2250%2F&sort=size&order=desc HTTP/1.1" 200 12357
191.95.51.211 - - [12/Mar/2022:12:57:08 -0500] "GET /galeria/galeria/jquery.fancybox.css?v=2.1.5 HTTP/1.1" 200 4895
45.146.165.37 - - [12/Mar/2022:12:57:26 -0500] "-" 408 -
216.245.221.92 - - [12/Mar/2022:12:58:10 -0500] "HEAD / HTTP/1.1" 200 -
173.252.127.8 - - [12/Mar/2022:12:59:53 -0500] "GET /images/liberacion-aves-10-marzo.jpg HTTP/1.1" 200 55386
173.252.87.6 - - [12/Mar/2022:12:59:53 -0500] "GET /images/liberacion-aves-10-marzo.jpg HTTP/1.1" 200 55386
186.31.181.10 - - [12/Mar/2022:13:00:02 -0500] "GET / HTTP/1.1" 200 4720
186.31.181.10 - - [12/Mar/2022:13:00:02 -0500] "GET /fonts/icomoon/style.css HTTP/1.1" 200 79820
186.31.181.10 - - [12/Mar/2022:13:00:02 -0500] "GET /js/url.js HTTP/1.1" 404 1294
186.31.181.10 - - [12/Mar/2022:13:00:02 -0500] "GET /css/bootstrap.min.css HTTP/1.1" 200 178212
186.31.181.10 - - [12/Mar/2022:13:00:02 -0500] "GET /css/style.css HTTP/1.1" 200 3473
109.10.51.115 - - [12/Mar/2022:13:01:28 -0500] "GET /secretaria-de-ambiente-abre-ciclo-de-capacitaciones-sobre-techos-verdes-y-jardines-verticales.html?fbclid=IwAR2x7Epkkpkq69ZKsxXVkndwlvV5kx0TmiPK12ZByIxsgCb_OFn-yU5mM3U HTTP/1.1" 200 1078
201.245.192.253 - - [12/Mar/2022:13:01:39 -0500] "POST /kwsrmcab/Wsrmcab HTTP/1.1" 200 116195
66.249.66.86 - - [12/Mar/2022:13:02:56 -0500] "-" 408 -
216.245.221.92 - - [12/Mar/2022:13:03:10 -0500] "HEAD / HTTP/1.1" 200 -
186.84.88.234 - - [12/Mar/2022:13:04:51 -0500] "GET /galeria/galeria/jquery.fancybox.css?v=2.1.5 HTTP/1.1" 200 4895
34.141.199.1 - - [12/Mar/2022:13:04:58 -0500] "GET / HTTP/1.1" 200 319
207.46.13.159 - - [12/Mar/2022:13:05:29 -0500] "GET /silvicultura/6.pdf HTTP/1.1" 304 -
186.85.122.57 - - [12/Mar/2022:13:05:57 -0500] "GET /galeria/galeria/jquery.fancybox.css?v=2.1.5 HTTP/1.1" 200 4895
191.156.139.195 - - [12/Mar/2022:13:07:57 -0500] "GET /se-abre-convocatoria-a-organizaciones-ambientales-para-generar-1-070-empleos-verdes-dirigidos-a-mujeres.html HTTP/1.1" 200 1128
216.245.221.92 - - [12/Mar/2022:13:08:10 -0500] "HEAD / HTTP/1.1" 200 -
186.30.137.123 - - [12/Mar/2022:13:08:24 -0500] "GET /BLA/resoluciones/index.php?dir=RESOLUCIONES+2009%2F HTTP/1.1" 200 1694101
186.30.137.123 - - [12/Mar/2022:13:09:28 -0500] "GET /favicon.ico HTTP/1.1" 200 7782
114.119.141.51 - - [12/Mar/2022:13:10:35 -0500] "GET /BLA/resoluciones/RESOLUCIONES%202017/1738.pdf HTTP/1.1" 200 5114631
181.61.206.105 - - [12/Mar/2022:13:10:45 -0500] "GET /alcaldesa-claudia-lopez-les-dio-la-bienvenida-a-las-sembradoras-por-la-reactivaccion.html HTTP/1.1" 200 1264
186.28.209.35 - - [12/Mar/2022:13:10:57 -0500] "GET /galeria/galeria/jquery.fancybox.css?v=2.1.5 HTTP/1.1" 200 4895
66.220.149.1 - - [12/Mar/2022:13:12:17 -0500] "GET /caminos-de-los-cerros-estaran-cerrados-este-fin-de-semana-en-bogota.html HTTP/1.1" 206 813
157.55.39.123 - - [12/Mar/2022:13:12:46 -0500] "GET /sipse/faces/faces/autenticacion.xhtml HTTP/1.1" 200 12493
216.245.221.92 - - [12/Mar/2022:13:13:10 -0500] "HEAD / HTTP/1.1" 200 -
201.245.192.253 - - [12/Mar/2022:13:12:24 -0500] "POST /kwsrmcab/Wsrmcab HTTP/1.1" 200 115801
186.30.137.123 - - [12/Mar/2022:13:14:35 -0500] "GET /BLA/resoluciones/index.php?dir=RESOLUCIONES+2008%2F HTTP/1.1" 200 12235
186.30.137.123 - - [12/Mar/2022:13:14:35 -0500] "GET /BLA/resoluciones/index.php?dir=RESOLUCIONES+2008%2F HTTP/1.1" 200 976272
186.30.137.123 - - [12/Mar/2022:13:15:34 -0500] "GET /BLA/resoluciones/RESOLUCIONES%202008/3720.pdf HTTP/1.1" 200 423552
186.30.137.123 - - [12/Mar/2022:13:15:34 -0500] "GET /BLA/resoluciones/RESOLUCIONES%202008/3720.pdf HTTP/1.1" 200 423552
186.30.137.123 - - [12/Mar/2022:13:15:34 -0500] "GET /BLA/resoluciones/RESOLUCIONES%202008/3720.pdf HTTP/1.1" 206 1025
216.245.221.92 - - [12/Mar/2022:13:18:10 -0500] "HEAD / HTTP/1.1" 200 -
207.46.13.159 - - [12/Mar/2022:13:18:31 -0500] "GET /bla/resoluciones/resoluciones%202021/2889.pdf HTTP/1.1" 200 629291
181.51.104.58 - - [12/Mar/2022:13:21:36 -0500] "-" 408 -
201.245.192.253 - - [12/Mar/2022:13:20:56 -0500] "POST /kwsrmcab/Wsrmcab HTTP/1.1" 200 45686
201.245.192.253 - - [12/Mar/2022:13:21:45 -0500] "POST /kwsrmcab/Wsrmcab HTTP/1.1" 200 45816
201.245.192.253 - - [12/Mar/2022:13:22:02 -0500] "POST /kwsrmcab/Wsrmcab HTTP/1.1" 200 115801
216.245.221.92 - - [12/Mar/2022:13:23:10 -0500] "HEAD / HTTP/1.1" 200 -
181.51.104.58 - - [12/Mar/2022:13:23:36 -0500] "-" 408 -
191.156.139.195 - - [12/Mar/2022:13:24:36 -0500] "GET /alcaldesa-claudia-lopez-les-dio-la-bienvenida-a-las-sembradoras-por-la-reactivaccion.html HTTP/1.1" 200 1264
186.86.33.57 - - [12/Mar/2022:13:24:37 -0500] "GET /galeria/galeria/jquery.fancybox.css?v=2.1.5 HTTP/1.1" 200 4895
179.19.9.20 - - [12/Mar/2022:13:26:56 -0500] "GET /si-eres-mujer-en-situacion-de-vulnerabilidad-y-cumples-estos-requisitos-ingresa-y-conoce-como-puedes-ser-una-mujer-que-reverdece.html HTTP/1.1" 200 1227
179.19.9.20 - - [12/Mar/2022:13:26:56 -0500] "GET /images/pieza-convocatoria-sda-mujeres-que-reverdecen-participacion-6-septiembre.jpg HTTP/1.1" 200 55415
216.245.221.92 - - [12/Mar/2022:13:28:10 -0500] "HEAD / HTTP/1.1" 200 -
109.194.255.99 - - [12/Mar/2022:13:28:16 -0500] "GET / HTTP/1.0" 200 319
179.51.118.140 - - [12/Mar/2022:13:28:56 -0500] "GET /galeria/galeria/jquery.fancybox.css?v=2.1.5 HTTP/1.1" 200 4895
190.26.160.30 - - [12/Mar/2022:13:29:10 -0500] "GET /alcaldesa-claudia-lopez-les-dio-la-bienvenida-a-las-sembradoras-por-la-reactivaccion.html HTTP/1.1" 200 1264
185.156.72.3 - - [12/Mar/2022:13:30:43 -0500] "\x03" 400 226
181.61.77.154 - - [12/Mar/2022:13:31:23 -0500] "GET /alcaldesa-claudia-lopez-les-dio-la-bienvenida-a-las-sembradoras-por-la-reactivaccion.html HTTP/1.1" 200 1264
201.245.192.253 - - [12/Mar/2022:13:30:56 -0500] "POST /kwsrmcab/Wsrmcab HTTP/1.1" 200 45686
45.146.165.37 - - [12/Mar/2022:13:31:47 -0500] "GET /?a=fetch&content=<php>die(@md5(HelloThinkCMF))</php> HTTP/1.1" 200 319
201.245.192.253 - - [12/Mar/2022:13:31:37 -0500] "POST /kwsrmcab/Wsrmcab HTTP/1.1" 200 115801
201.245.192.253 - - [12/Mar/2022:13:31:46 -0500] "POST /kwsrmcab/Wsrmcab HTTP/1.1" 200 45816
216.245.221.92 - - [12/Mar/2022:13:33:10 -0500] "HEAD / HTTP/1.1" 200 -
157.55.39.214 - - [12/Mar/2022:13:33:58 -0500] "GET /bla/resoluciones/resoluciones%202021/4754.pdf HTTP/1.1" 200 334957
186.29.238.84 - - [12/Mar/2022:13:34:19 -0500] "GET /galeria/galeria/jquery.fancybox.css?v=2.1.5 HTTP/1.1" 200 4895
181.132.32.3 - - [12/Mar/2022:13:37:45 -0500] "GET /secretaria-de-ambiente-abre-ciclo-de-capacitaciones-sobre-techos-verdes-y-jardines-verticales.html HTTP/1.1" 200 1078
216.245.221.92 - - [12/Mar/2022:13:38:10 -0500] "HEAD / HTTP/1.1" 200 -
173.252.127.36 - - [12/Mar/2022:13:38:18 -0500] "GET /secretaria-de-ambiente-abre-ciclo-de-capacitaciones-sobre-techos-verdes-y-jardines-verticales.html?fbclid=IwAR36FrtTv-5z_cljt3hR2x9Ru8PRb8xHyBNfkD0y8WjR__DntuKf_ee4m70 HTTP/1.1" 200 1078
66.249.66.85 - - [12/Mar/2022:13:40:21 -0500] "-" 408 -
201.245.192.253 - - [12/Mar/2022:13:40:57 -0500] "POST /kwsrmcab/Wsrmcab HTTP/1.1" 200 45686
201.245.192.253 - - [12/Mar/2022:13:41:46 -0500] "POST /kwsrmcab/Wsrmcab HTTP/1.1" 200 45816
216.245.221.92 - - [12/Mar/2022:13:43:10 -0500] "HEAD / HTTP/1.1" 200 -
186.84.20.207 - - [12/Mar/2022:13:43:23 -0500] "GET /galeria/galeria/jquery.fancybox.css?v=2.1.5 HTTP/1.1" 200 4895
201.245.192.253 - - [12/Mar/2022:13:43:06 -0500] "POST /kwsrmcab/Wsrmcab HTTP/1.1" 200 115801
186.84.20.11 - - [12/Mar/2022:13:44:38 -0500] "GET /secretaria-de-ambiente-abre-ciclo-de-capacitaciones-sobre-techos-verdes-y-jardines-verticales.html HTTP/1.1" 200 1078
66.249.66.85 - - [12/Mar/2022:13:46:31 -0500] "-" 408 -
216.245.221.92 - - [12/Mar/2022:13:48:10 -0500] "HEAD / HTTP/1.1" 200 -
41.215.134.60 - - [12/Mar/2022:13:48:15 -0500] "GET /boaform/admin/formLogin?username=adminisp&psd=adminisp HTTP/1.0" 404 1019
40.77.167.6 - - [12/Mar/2022:13:51:04 -0500] "GET /portaldeninos/2021/06/01/secretaria-de-ambiente-invita-a-ciudadania-a-participar-en-concurso-de-relatos-sobre-ecosistemas-bogotanos/ HTTP/1.1" 200 98531
114.119.141.51 - - [12/Mar/2022:13:51:11 -0500] "GET /BLA/resoluciones/RESOLUCIONES%202012/1465.pdf HTTP/1.1" 200 1122371
191.95.165.100 - - [12/Mar/2022:13:51:12 -0500] "GET /galeria/galeria/jquery.fancybox.css?v=2.1.5 HTTP/1.1" 200 4895
191.95.165.100 - - [12/Mar/2022:13:51:12 -0500] "GET /galeria/galeria/jquery.fancybox.js?v=2.1.5 HTTP/1.1" 200 48706
191.95.165.100 - - [12/Mar/2022:13:51:12 -0500] "GET /BLA/boletinlegal/js/jquery.scrollShow.js HTTP/1.1" 200 4586
190.130.77.34 - - [12/Mar/2022:13:52:31 -0500] "GET /secretaria-de-ambiente-abre-ciclo-de-capacitaciones-sobre-techos-verdes-y-jardines-verticales.html HTTP/1.1" 200 1078
216.245.221.92 - - [12/Mar/2022:13:53:10 -0500] "HEAD / HTTP/1.1" 200 -
45.146.165.37 - - [12/Mar/2022:13:53:40 -0500] "GET /?XDEBUG_SESSION_START=phpstorm HTTP/1.1" 200 319
66.249.66.85 - - [12/Mar/2022:13:53:58 -0500] "-" 408 -
201.245.192.253 - - [12/Mar/2022:13:53:21 -0500] "POST /kwsrmcab/Wsrmcab HTTP/1.1" 200 115801
186.155.70.2 - - [12/Mar/2022:13:54:15 -0500] "GET /BLA/resoluciones/ HTTP/1.1" 200 13093
186.155.70.2 - - [12/Mar/2022:13:54:15 -0500] "GET /BLA/resoluciones/dlf/styles.css HTTP/1.1" 200 3049
186.155.70.2 - - [12/Mar/2022:13:54:15 -0500] "GET /favicon.ico HTTP/1.1" 200 7782
186.155.70.2 - - [12/Mar/2022:13:54:17 -0500] "GET /BLA/resoluciones/index.php?dir=AUTOS+2021%2F HTTP/1.1" 200 319933
186.155.70.2 - - [12/Mar/2022:13:54:33 -0500] "GET /BLA/resoluciones/AUTOS%202021/5503.pdf HTTP/1.1" 200 1057505
37.0.10.28 - - [12/Mar/2022:13:56:07 -0500] "GET / HTTP/1.1" 200 319
216.245.221.92 - - [12/Mar/2022:13:58:10 -0500] "HEAD / HTTP/1.1" 200 -
66.249.66.85 - - [12/Mar/2022:14:00:13 -0500] "-" 408 -
191.95.60.165 - - [12/Mar/2022:14:01:24 -0500] "-" 408 -
186.155.70.2 - - [12/Mar/2022:14:02:31 -0500] "GET /BLA/resoluciones/ HTTP/1.1" 200 13093
186.155.70.2 - - [12/Mar/2022:14:02:33 -0500] "GET /BLA/resoluciones/index.php?dir=AUTOS+2021%2F HTTP/1.1" 200 319933
186.155.70.2 - - [12/Mar/2022:14:02:41 -0500] "GET /BLA/resoluciones/AUTOS%202021/1498.pdf HTTP/1.1" 200 981549
201.245.192.253 - - [12/Mar/2022:14:02:01 -0500] "POST /kwsrmcab/Wsrmcab HTTP/1.1" 200 115801
190.27.23.175 - - [12/Mar/2022:14:03:00 -0500] "GET /BLA/resoluciones/ HTTP/1.1" 200 13093
190.27.23.175 - - [12/Mar/2022:14:03:06 -0500] "GET /BLA/resoluciones/index.php?dir=RESOLUCIONES+2008%2F HTTP/1.1" 200 976272
216.245.221.92 - - [12/Mar/2022:14:03:10 -0500] "HEAD / HTTP/1.1" 200 -
190.27.23.175 - - [12/Mar/2022:14:03:12 -0500] "GET /BLA/resoluciones/RESOLUCIONES%202008/4780.pdf HTTP/1.1" 200 171831
207.46.13.157 - - [12/Mar/2022:14:05:32 -0500] "GET /bla/resoluciones/resoluciones%202021/0952.pdf HTTP/1.1" 200 662395
66.249.66.85 - - [12/Mar/2022:14:07:41 -0500] "-" 408 -
216.245.221.92 - - [12/Mar/2022:14:08:10 -0500] "HEAD / HTTP/1.1" 200 -
31.13.115.19 - - [12/Mar/2022:14:08:50 -0500] "GET /alcaldesa-claudia-lopez-les-dio-la-bienvenida-a-las-sembradoras-por-la-reactivaccion.html?fbclid=IwAR0JBlKfPBWS0zBpfOWhzcCT7l-dXk3P0GgFuDVM9UHs4uq14-50uOc8FLM HTTP/1.1" 200 1264
186.102.41.158 - - [12/Mar/2022:14:09:40 -0500] "GET /kwssiamovil/sm/ldap/au?x=U2FsdGVkX18noRfeOGCjreKQWzPic+RbcVWviudBblGkdyiLhTLJDUbww6TkWWB+&y=U2FsdGVkX1+Ez1qoiU0nIGWOqMlXJlHNSZURf7yDH+w= HTTP/1.1" 200 30
186.102.41.158 - - [12/Mar/2022:14:09:41 -0500] "GET /kwssiamovil/sm/acme/s?s=U2FsdGVkX1927TK7P1rVRISfN5MnBbA0y/m3o83AngLaxjL/MAm0r4F/58BkQw8zZfezDYhUxqtjtwGfP/MVgFQa5doKq67SaA/oRMc+nmM=&u=U2FsdGVkX1/jqscpooDgD5qhTGqZ9sOLSzfVbDUXXUU=&y=U2FsdGVkX1+Ez1qoiU0nIGWOqMlXJlHNSZURf7yDH+w= HTTP/1.1" 200 97
186.102.41.158 - - [12/Mar/2022:14:09:41 -0500] "GET /kwssiamovil/sm/acme/s?s=U2FsdGVkX1+Dthi8q728Y2GuFKxoG8i8Iob4yyJlZcEma7fbTP/CNx9EaCFHtLxtnfe4nmZXURKC2gaYxaVfCvGFH1SdwbFYZh09rGC6058IzUCwQi8zldy4GOC1sM4o1s7eRnZNCK1mNP8q4sUwwuVQRc/iv3NwE7OLAg3sKmPL10Laij1IMaVrpqrJwQ9HKDe7oLeN7uHRuFj2W7n2t2pouHXSvmh+8p0yC+0r7ZMr0LZz8h5Gf5Vbl3kaRJSeJSmix6wHVUX/WRrlxUAlbWmLHrfb/gTdUy71tECVsnB1VeBaCX5+8YNR7/E/xLSbz8itswrG/789VktwP4F91qJ3wfzMG3KntUpR6tYm8FyH+GR8FwloSR1ES5Zuz0BvLnlh2Rtm4Psc8vXG/z6iD8FaX/xNvIyYIt9IuJ4dc6dIZ9v2iHeN284IOQ6VEKWT3yMf5BRY5OgwbK9L5nt5ez+x7lYYU5H1eIW3p10y8zwGKoMd1rPhjVusY8y20EMqn7uD5a03t/05FviHiOMCA9ZZLcJSjq4cdg4jdZzhkYVwPKagWG69milBK+Me7R3/pGLkqx/+MxsJEPeVA+nmDKKyOc5iSfMZKqDDVOzbaTlGc2Fm2nZRjGDLWILQFn364Gkgqg7XXS9KCyEMoy7moTG4NXV0uwkjKBSVe+TGK08e1ZCQ2F18wAwCnhOVQtv15n7BV2tvSkE8PliLRKtVW29qrHphKNgkIQ+FkEHpu+eF1RlNzgb2mLAWrBpRzEgEtfhOLeVU24Ic0HJz1fNnDjRzNZGVoF083fwOAtFkd3aRau3dMsK0Zlu/JR0YV67w8nrQmHSil9PF6s/hjLSVqMr/9gwQFhy3qkaVqIijSKhJayJy1JKS09fnm/NrfTRRfyhK50AhynfQyTcRwCBGjOAEEl8Cp6ox/+MqhRq5RKEuq43TATiy0PW42jgjtv5Ydw5gHzS36/MqUeCUE+WLXWD7tV54/UOznYlcvOcoY8u3N+yoqw38urRaz/Jr5ZBiuh10a0d5DgQXBSpd6Dw5bcWoqFPo/GPiD8RzA/nXfKkra1rE+jnCCvlTN9SjLJcSowo7gTtUg7JebbgKq/E5kcvpgM3UFB+J/6zMQeeTdnc=&u=U2FsdGVkX1/jqscpooDgD5qhTGqZ9sOLSzfVbDUXXUU=&y=U2FsdGVkX1+Ez1qoiU0nIGWOqMlXJlHNSZURf7yDH+w= HTTP/1.1" 200 1349
186.102.41.158 - - [12/Mar/2022:14:09:41 -0500] "GET /kwssiamovil/sm/acme/s?s=U2FsdGVkX18o0CRRGXgZKEAwOKaZYCqHLYtr95U13LUZLWqDb020DRwaG6b67Myf&u=U2FsdGVkX1/jqscpooDgD5qhTGqZ9sOLSzfVbDUXXUU=&y=U2FsdGVkX1+Ez1qoiU0nIGWOqMlXJlHNSZURf7yDH+w= HTTP/1.1" 200 70
186.102.41.158 - - [12/Mar/2022:14:09:41 -0500] "GET /kwssiamovil/sm/acme/s?s=U2FsdGVkX1+/RGzitVHiTBd/XGK5vhkmOFlw3Oz0WQMk15NVl/eLHcqjhLde9IW4&u=U2FsdGVkX1/jqscpooDgD5qhTGqZ9sOLSzfVbDUXXUU=&y=U2FsdGVkX1+Ez1qoiU0nIGWOqMlXJlHNSZURf7yDH+w= HTTP/1.1" 200 70
186.102.41.158 - - [12/Mar/2022:14:09:41 -0500] "GET /kwssiamovil/sm/acme/s?s=U2FsdGVkX19zgZFctZUxcvXc+uNq5q3/dwoz+QXvKMWqAauUOqnAwiBP5x66PyVI&u=U2FsdGVkX1/jqscpooDgD5qhTGqZ9sOLSzfVbDUXXUU=&y=U2FsdGVkX1+Ez1qoiU0nIGWOqMlXJlHNSZURf7yDH+w= HTTP/1.1" 200 70
186.102.41.158 - - [12/Mar/2022:14:09:41 -0500] "GET /kwssiamovil/sm/acme/s?s=U2FsdGVkX1/3q96XrKC4lQ0yQKQqS9dTYfeupj05KTK8dHdMudwWBoy8yaY+FPkp&u=U2FsdGVkX1/jqscpooDgD5qhTGqZ9sOLSzfVbDUXXUU=&y=U2FsdGVkX1+Ez1qoiU0nIGWOqMlXJlHNSZURf7yDH+w= HTTP/1.1" 200 70
186.102.41.158 - - [12/Mar/2022:14:09:42 -0500] "GET /kwssiamovil/sm/acme/s?s=U2FsdGVkX188xO/qLnHU4ET77yIHqPHFACqFzXKw0bK6vKLHqMlW12voH4fEzrTr&u=U2FsdGVkX1/jqscpooDgD5qhTGqZ9sOLSzfVbDUXXUU=&y=U2FsdGVkX1+Ez1qoiU0nIGWOqMlXJlHNSZURf7yDH+w= HTTP/1.1" 200 70
186.102.41.158 - - [12/Mar/2022:14:09:42 -0500] "GET /kwssiamovil/sm/acme/s?s=U2FsdGVkX19Tg2Okn3exq/jW5PO8+Y0TVtPhuHM+H8YNP6+2jPl5tBY6jxJNcOMB9hbnmMDg1N6yrNCJc89b17+36WGYWMal0fE7zswVgC1eH40G2JITCDm6XqVtn5QKbKmP9vbIDmZPAIUgaNExaVRmgnzZUPBGuI08inPYuD3Pn50boJrU+Xqlw2Kfbb3O94i69cCd6GjDA/mL9GdxXh8A/O8J2fAIjgzghK8gCx+l4Lxv/9FHqTeokw9XzlBURFYka2HSK3VZ3BPr7kaRn4O9C3Vj7R/tVkwUG8YIxXQ=&u=U2FsdGVkX1/jqscpooDgD5qhTGqZ9sOLSzfVbDUXXUU=&y=U2FsdGVkX1+Ez1qoiU0nIGWOqMlXJlHNSZURf7yDH+w= HTTP/1.1" 200 176
186.102.41.158 - - [12/Mar/2022:14:09:42 -0500] "GET /kwssiamovil/sm/cjson/pre?f=1&x=U2FsdGVkX18noRfeOGCjreKQWzPic+RbcVWviudBblGkdyiLhTLJDUbww6TkWWB+ HTTP/1.1" 200 30975
186.102.41.158 - - [12/Mar/2022:14:12:22 -0500] "OPTIONS /kwssiamovil/sm/setfile/f? HTTP/1.1" 200 13
186.102.41.158 - - [12/Mar/2022:14:12:22 -0500] "POST /kwssiamovil/sm/setfile/f? HTTP/1.1" 200 381
186.102.41.158 - - [12/Mar/2022:14:12:29 -0500] "OPTIONS /kwssiamovil/sm/setfile/f? HTTP/1.1" 200 13
186.102.41.158 - - [12/Mar/2022:14:12:29 -0500] "POST /kwssiamovil/sm/setfile/f? HTTP/1.1" 200 381
186.102.41.158 - - [12/Mar/2022:14:12:35 -0500] "OPTIONS /kwssiamovil/sm/setfile/f? HTTP/1.1" 200 13
186.102.41.158 - - [12/Mar/2022:14:12:36 -0500] "POST /kwssiamovil/sm/setfile/f? HTTP/1.1" 200 381
186.102.41.158 - - [12/Mar/2022:14:12:44 -0500] "OPTIONS /kwssiamovil/sm/setfile/f? HTTP/1.1" 200 13
186.102.41.158 - - [12/Mar/2022:14:12:44 -0500] "POST /kwssiamovil/sm/setfile/f? HTTP/1.1" 200 381
186.102.41.158 - - [12/Mar/2022:14:13:01 -0500] "OPTIONS /kwssiamovil/sm/setfile/f? HTTP/1.1" 200 13
216.245.221.92 - - [12/Mar/2022:14:13:10 -0500] "HEAD / HTTP/1.1" 200 -
186.102.41.158 - - [12/Mar/2022:14:13:02 -0500] "POST /kwssiamovil/sm/setfile/f? HTTP/1.1" 200 381
186.102.41.158 - - [12/Mar/2022:14:13:13 -0500] "OPTIONS /kwssiamovil/sm/setfile/f? HTTP/1.1" 200 13
186.102.41.158 - - [12/Mar/2022:14:13:13 -0500] "POST /kwssiamovil/sm/setfile/f? HTTP/1.1" 200 381
186.102.41.158 - - [12/Mar/2022:14:13:17 -0500] "OPTIONS /kwssiamovil/sm/setfile/f? HTTP/1.1" 200 13
186.102.41.158 - - [12/Mar/2022:14:13:17 -0500] "POST /kwssiamovil/sm/setfile/f? HTTP/1.1" 200 381
186.102.41.158 - - [12/Mar/2022:14:13:29 -0500] "GET /kwssiamovil/sm/acme/a?s=U2FsdGVkX1+HsA6KOF2RfQvJ0V0N0cQ7/5kLwreYgHr0BKZdswpzNJI+TBpsSuITfmf3N4kXVFXer7adXC+cQJje2gwHaftG+JYuSTYOLTog0GDscbue8n+RJItV08AClix4A59qkT2EnUoe/A+LjBoPZ1PWaYuPD4w24CsLeJvBnkCIfdcZfGmLI4OBiIPSiEH5PkdBJf+iwVlhlq00rKmj4GJs4h9X5IGQXXxXYXOGgM23pSdPvXwXtodHcU2wYMtMPHB/QMHNpXHMZvFGMA==&u=U2FsdGVkX1/jqscpooDgD5qhTGqZ9sOLSzfVbDUXXUU=&y=U2FsdGVkX1+Ez1qoiU0nIGWOqMlXJlHNSZURf7yDH+w= HTTP/1.1" 200 25
186.102.41.158 - - [12/Mar/2022:14:13:30 -0500] "GET /kwssiamovil/sm/acme/a?s=U2FsdGVkX19o/xIIOAIUFhaHpNH3fkIBTgk9FHO6O+Io4qM3ZMG3e6pfk0zLiJa5iz1k8j5qlSUwHao8at34xNs9GE2sogK0F7GhyNhT/dN4o0MNIVSoyUkP4n/0IueiPh39J6BRqSQeaN43ItqESHRYF9ek+I2pQO6ST6G0whVf5cp5i9ANcDlw3UV8TY140BXoDp8eeaY9ELXHV6FrEFiHSzI3GaIJn9axyyu6JpJwa3vi3+TCO7w+x9xvT4mfpSBNN878fMYhsElWAG62C5Z+K3jfNudjjXIAYdjJ8wkQOPDPk21bzShoNlSSjIxziqjVQ6H7UKYIei0u82xfDIxIQIzhf4XN4aG1rGbteJNnahXkrnK1QjpO3ib2ptBteLhGKEVOS+vHjnY1rPUwWnQDiMK0o4UF8YkcqhJ5WrSdQnmI3k4DuKgGFAActeq64DtznoYlAPcJ18LNGBo7SuTfPbYUMN1ojRzWM+/7nqSngvTpxU6djyaQqFRl6O7bW3uj5qSx2Eq/MwgYCQuzoP9TB2aEYSgMs3eywv5Vet+H2k62zrHck2zM2equMz6da8nU3YOR4VKJ1nFa+VOe4MrPOEiL3WLNknDo3PHfDwQsoa+tSqp8OiQKjOqL65ya6HW1JLBdJ0ORDQNbzMIHoB04wFuhE3gBsb6/HrkwNxGfzelqCG0vLWiguDXcnVUqPD1XF9dodc5sAuT2G+mw8qr9AM98T8ALNfEpwN1SgsTa4w4r79+bJ3Zq70qAdK6cS85Mg7Wr2Xd8bwe3TDUoMVunA+AAowmyJeSXPoM8GfkVPPgxwn/ZfcA9M6/RrvdmHnESAOB6DXdazhbk351hghagx4gdDBzsYmDiqCh3kMhWPal86ksZQu9kPZWHvh7VewT4fzyRyz3Am0lSgsBkoHOT13/LJvWktXjXb0vbexfGO8sKRmQeeN/t8nox5sYa+UHmU52rpywOdlL+QSafCa/RrIqEn6IuGN8NCrlSFI3WKBQPnNCXHOPxPdjppq3R4PQcNAti3dBaI2PPYuyhtnNo+Ahk22JDCT6F3Trdm3RLbACUhpbk6UcxwR7bqZt9+bZQRAx9TOa+j69iMFCkNKljzTJfMFL/WNlB4NSoudBKbF+sec1FjqwbOgB22Is5Y+7Rj4dC97jMsQ/z4lNIFDAInQC/DkaEnWG8lG4KZk7HNERt0I2ii6edPWGtXtrjM4pv5VSiPRUKiax7ISYmFw/ouOQDPrvbdD+O+0H4z0eWH9jBn/z0TK9GAu1SnqSWhf7yOGXaeXzRtM1Gztrb5xE1KYCnFx8VB5AUYkvs1hwP9Koej7q93YIW8wzKNKcqocZ5r7jhyQjdJt5Ym/rXMHeYgPbSKI7pQ+O15n5JUoNMQf6bZaF7AsgqMre54jw4rEblwOSWtKiiqeROoUz5s7ngbkRxWNK9TLyCtnvMiU8=&u=U2FsdGVkX1/jqscpooDgD5qhTGqZ9sOLSzfVbDUXXUU=&y=U2FsdGVkX1+Ez1qoiU0nIGWOqMlXJlHNSZURf7yDH+w= HTTP/1.1" 200 25
186.102.41.158 - - [12/Mar/2022:14:13:31 -0500] "GET /kwssiamovil/sm/acme/a?s=U2FsdGVkX18im1BuEi5/XycuRRrw5BSDtREMrGxETwTT82RKg9ViTDJDPsA9/yfKfj6Y7jo3CKgCiYyTK4N8FlcH4mCHLlMhYHV27GfTC6C6fZEVt8KWdbF35PUGW8b4qa7b3FiW0oWTpTZJqBx91ZvTFRSFkTTGVn9qHByAQ1g=&u=U2FsdGVkX1/jqscpooDgD5qhTGqZ9sOLSzfVbDUXXUU=&y=U2FsdGVkX1+Ez1qoiU0nIGWOqMlXJlHNSZURf7yDH+w= HTTP/1.1" 200 25
186.102.41.158 - - [12/Mar/2022:14:13:31 -0500] "GET /kwssiamovil/sm/acme/a?s=U2FsdGVkX18gYtf+FaVsb5rrXmmN5940tjNYkFyArvv1jOvrExnhOcqMpKkwE9VfTyzE0xsUF9FmOW1zUIa7cVoTpZBPWguNFl0o6VDCu0mpipoPlQ9kx+0GQ6JROX0BB1OY59DIyaPIbNwFUXFnvRLem1QJASUjuCOnRAGDR1o=&u=U2FsdGVkX1/jqscpooDgD5qhTGqZ9sOLSzfVbDUXXUU=&y=U2FsdGVkX1+Ez1qoiU0nIGWOqMlXJlHNSZURf7yDH+w= HTTP/1.1" 200 25
201.245.192.253 - - [12/Mar/2022:14:12:42 -0500] "POST /kwsrmcab/Wsrmcab HTTP/1.1" 200 116177
186.102.41.158 - - [12/Mar/2022:14:13:31 -0500] "GET /kwssiamovil/sm/acme/a?s=U2FsdGVkX1/wgqL3002YA8r8jwQ+xhWkPqvnrHaaTH7o52myRTQyVlMj4rdc/H9DdjB60ZmW9L/sLH5hoEpFnJez8nvSwGqHcIoarqKDCCYcDPGAQ4BqKhR52Dez7wVoAWTpXXiFDJiURrnr9y4RoqzbhKZ/kd+eYVMioGq5ewQ=&u=U2FsdGVkX1/jqscpooDgD5qhTGqZ9sOLSzfVbDUXXUU=&y=U2FsdGVkX1+Ez1qoiU0nIGWOqMlXJlHNSZURf7yDH+w= HTTP/1.1" 200 25
186.102.41.158 - - [12/Mar/2022:14:13:32 -0500] "GET /kwssiamovil/sm/acme/a?s=U2FsdGVkX1+DoY/opvlXQVwmbZfD62FAiyjCpYNkCbeN5QHBm6UkVdsGsmk1BMf7HGXax62daogQjjQeoW/Jjmy0e3YzBl+TuGRcKfflqYuIa/Q8CqrNnbXWJ45xXz4RGfcgu+u7yM3645YksdjGh2Tjp1SRmfBmoJaHLz/t/a0dfyYi2agbqwr3SB1bf5Md&u=U2FsdGVkX1/jqscpooDgD5qhTGqZ9sOLSzfVbDUXXUU=&y=U2FsdGVkX1+Ez1qoiU0nIGWOqMlXJlHNSZURf7yDH+w= HTTP/1.1" 200 24
186.102.41.158 - - [12/Mar/2022:14:13:32 -0500] "GET /kwssiamovil/sm/acme/a?s=U2FsdGVkX1/Mav2hG8sHYF7u9e9+wXFKtgoBK0kW4TQ1X5NEmai4ltx70Ni9KxXCu0DjuiivCv+7wIIb3gV/oFSfbacvIS3Saqrrk8HRMwounNvelK55iK0n4SLHEDw+GRksXVa3lJZcA0s4+YznCDvkmKJxMb1kth0Wp60z6Btw4SkaTdKIsP8Qab9l/xZRUsKUeLRjW12MeSC+UFr7brEnBCE0XLap6pipJ2u0BRV5/5mP9JsNsJVJOMT9hJ14&u=U2FsdGVkX1/jqscpooDgD5qhTGqZ9sOLSzfVbDUXXUU=&y=U2FsdGVkX1+Ez1qoiU0nIGWOqMlXJlHNSZURf7yDH+w= HTTP/1.1" 200 25
186.102.41.158 - - [12/Mar/2022:14:13:32 -0500] "GET /kwssiamovil/sm/acme/a?s=U2FsdGVkX199Mj9h+uBXASZidSFiApjS91JnAbGBlggVBsdGem1KEMPnmI0jUIFsYBukeNMSP/R9DU6xSMyLNj343ngQccEIRLnIxq9uAYAygqI78qNempl0VKQ/3tIu+6LdmfB7LYjexHk0YdX9hej8s2E5lvvwzgoW74lH/umpJ16MMXR+RxBXSknjFus7LFdG2IYa6nodCZnezNPDjjB1shj7bDbC/pEhIqRK0jQ=&u=U2FsdGVkX1/jqscpooDgD5qhTGqZ9sOLSzfVbDUXXUU=&y=U2FsdGVkX1+Ez1qoiU0nIGWOqMlXJlHNSZURf7yDH+w= HTTP/1.1" 200 25
186.102.41.158 - - [12/Mar/2022:14:13:33 -0500] "GET /kwssiamovil/sm/acme/a?s=U2FsdGVkX19cVcFybppfpjB0SLOTrrWR44hPT51urYL/Kgm7qk4D90p0Ps6SaylZZblhurtveXWNupizz716LmeftsDrssJ32U4+zdT41ei9CyaS3dvLBono5PYKQEtSsfth9f4FB589iEEUr2hIRA8Io9Fvi7UnvLYedPIJP1Lrm9IdIXe0zb3zmdmbbyiv5ddTJrTTJGSsLhq8/LxP8ZWT9thh94V18Fw1+UX0B2STDz3S4bMzoLMq2Todzsmk&u=U2FsdGVkX1/jqscpooDgD5qhTGqZ9sOLSzfVbDUXXUU=&y=U2FsdGVkX1+Ez1qoiU0nIGWOqMlXJlHNSZURf7yDH+w= HTTP/1.1" 200 25
186.102.41.158 - - [12/Mar/2022:14:13:33 -0500] "GET /kwssiamovil/sm/acme/a?s=U2FsdGVkX1+q9ZfE1CiMaOfSdkaqO1NvcbLWxhEsTss1jN3gBjQ1i2Gjo+Pmp0LpDnidzriJzEo/CwwCTa+HkO3ZqlvVCHsQP0WMCfWVf62Q2CbuY0nLtdyjkTqW24Qf5DRlT5jbpGpkxr8pJxBaFjjaTHmWzpcQzCDT3K3TZEBLny3YZnOwungelaEkyUQPszSyF4vLOQXT1KAiL4CzqizaQmAuW21kHUlthXjtyvA=&u=U2FsdGVkX1/jqscpooDgD5qhTGqZ9sOLSzfVbDUXXUU=&y=U2FsdGVkX1+Ez1qoiU0nIGWOqMlXJlHNSZURf7yDH+w= HTTP/1.1" 200 25
186.102.41.158 - - [12/Mar/2022:14:13:34 -0500] "GET /kwssiamovil/sm/acme/a?s=U2FsdGVkX1/CZwnK83u5e8S0vCxZYS5zGF3eO3/7iajSl68nRGfeksm7DJChqEirCl+P3iQWHvuoOaKruQYPwo0JbTA5mKYf8uxwT4lS3vGYxLYCodzh5YJrWfEO+JcATM6r1CjRNl0a3p8KwXuhXnn9dGFUhyRY8Ayz4wyrMDSiQ/40Riyefcvt2iAdskN1uCmlELexdV2Z+hU/LvJW2dYxsJCftjA5wFBOXjPJ15E=&u=U2FsdGVkX1/jqscpooDgD5qhTGqZ9sOLSzfVbDUXXUU=&y=U2FsdGVkX1+Ez1qoiU0nIGWOqMlXJlHNSZURf7yDH+w= HTTP/1.1" 200 25
186.102.41.158 - - [12/Mar/2022:14:13:34 -0500] "GET /kwssiamovil/sm/acme/a?s=U2FsdGVkX19IUsuMi0bRzCLItFolKUOJacLgExW0RHv4//LZ0sS5qiNm8ve8Tev+EecXnBpYScAEb9v80wAFfPiFq+BYTGnZut5osvurG1rjIh5JtGjErxvolWO19TzgViq1STANbmEN3WEmiuT5CBXVll5iu/LZqKcsm/Bxyh+yOQZOv4pF5XLQF9DnywYHuMjLk4jmPMDlswrkeV/a37dI1HLp7/9LfIN1EpGkv9k=&u=U2FsdGVkX1/jqscpooDgD5qhTGqZ9sOLSzfVbDUXXUU=&y=U2FsdGVkX1+Ez1qoiU0nIGWOqMlXJlHNSZURf7yDH+w= HTTP/1.1" 200 25
186.102.41.158 - - [12/Mar/2022:14:13:34 -0500] "GET /kwssiamovil/sm/acme/a?s=U2FsdGVkX18F7cpS1XdEI0dz1Rk1Mxy4F2bGp0/V5L27hvkCOnrKTSXoSn04WQz63Fth5XnsdEUgpc+aNNs9H7m7EfI2pc8P6PKyGY/P7+4/KD+F9qQO8Stl8zIS4V7w2XqSrOp5RTJ8POR+XXaSv5hl6denRixQQbjHigHUu2PsgXzrUZ2s7Q9GokcHc+Dr8TOFwW/WPEvk6S3bAu6OMA4msJlLkfNjx+2/Qrdt7OA=&u=U2FsdGVkX1/jqscpooDgD5qhTGqZ9sOLSzfVbDUXXUU=&y=U2FsdGVkX1+Ez1qoiU0nIGWOqMlXJlHNSZURf7yDH+w= HTTP/1.1" 200 25
186.102.41.158 - - [12/Mar/2022:14:13:34 -0500] "GET /kwssiamovil/sm/acme/a?s=U2FsdGVkX1+YCgEmj7none7iONwZt5pLrmBh0/FNh+Tz7k6RChAM2iduUzxUE7h4FUlQ8rkqInu8IA/vt0+mc2JW8rOEfCNIEEi3AD0QI64rM6o+pysDg+igA2MhlSNbZF1OgcBa5JPJNXjpmeR/t4mp1cRgWrTNXl5tpsRRpIw3Q/9tnUFF7ebNQ5Zrs6eTRNH8xJ+kNwDhZX9j6WmOQg==&u=U2FsdGVkX1/jqscpooDgD5qhTGqZ9sOLSzfVbDUXXUU=&y=U2FsdGVkX1+Ez1qoiU0nIGWOqMlXJlHNSZURf7yDH+w= HTTP/1.1" 200 25
186.102.41.158 - - [12/Mar/2022:14:13:35 -0500] "GET /kwssiamovil/sm/acme/a?s=U2FsdGVkX19xVHRLGjzUlg6ptLeAMUe+38riBqP52Kh4wCDoucYezOckkRrcb1s039Svhm3K1wXOJuxT+T9SnJOrwvY4wwTZZo4rf39hMPdYiYRl6mTLbl53GWYQIKHh3Pdi7YufmBcnbM6hf7SVt7h6XU2rD4sL7NNSUS34WuJxD7fFNPtJj6c1YNfRyXNa90ZlmRJcA78Evc9ZRpvChEBjSxrZDehTogROH2eUh5I6iO05s6F72CMEU1k0n40d&u=U2FsdGVkX1/jqscpooDgD5qhTGqZ9sOLSzfVbDUXXUU=&y=U2FsdGVkX1+Ez1qoiU0nIGWOqMlXJlHNSZURf7yDH+w= HTTP/1.1" 200 25
186.102.41.158 - - [12/Mar/2022:14:13:35 -0500] "GET /kwssiamovil/sm/acme/a?s=U2FsdGVkX19qqPKX9PcKiNI5wjsBN4cGocBHofCyQsmWekg8Edw/K5HbzRNVepDGZR6DslAa94iJBcTe+cBxoKEd11TL1pmOSv7cbeIr+Do1Stkbc/ipg8HX+/euxNOd6Aq7Kc2OJRclW+pljSSnlujthWLE5jy9QeUtSGeyQg6imrldB9fQxan6h2U+E7BdjMDUdo7JTEi1B1nzrtJbU62aDlToVtXeJ1/clvTPgc0=&u=U2FsdGVkX1/jqscpooDgD5qhTGqZ9sOLSzfVbDUXXUU=&y=U2FsdGVkX1+Ez1qoiU0nIGWOqMlXJlHNSZURf7yDH+w= HTTP/1.1" 200 25
186.102.41.158 - - [12/Mar/2022:14:13:36 -0500] "GET /kwssiamovil/sm/acme/a?s=U2FsdGVkX1/kgqPD18/FhXtzSbNwpckoa93YrD/4g2gR9E511+Vnev+2ABny1ussMIsSfB1GkZ/kMtXVjIvgxFPr7NCBn1UJ31dWReE2W0SFlOGCHMEI/EU7KfrBHRjq/UAmCFoMiB7XV93d64N/WWH7HTjqkoiw9v15IV0naMnf2vGi02M4hdmL1Ru/myjbS9RJtJTTKwVFGCw9Zpl2Z5J6wUdbOqgaHIMtIcrnhOo=&u=U2FsdGVkX1/jqscpooDgD5qhTGqZ9sOLSzfVbDUXXUU=&y=U2FsdGVkX1+Ez1qoiU0nIGWOqMlXJlHNSZURf7yDH+w= HTTP/1.1" 200 25
186.102.41.158 - - [12/Mar/2022:14:13:36 -0500] "GET /kwssiamovil/sm/acme/a?s=U2FsdGVkX1+Ev6jLVaDT/6H9cm33un+So9C30O+XAxgoj9ut1caLld32Su8G8RXOpM4vVrOdQiTbjbP7HLZzBGcEONBkxY1kZIvS5GHYTu0eA+HztiChTHqHcSLVcFETWCJfRRSfNa4ZKtrvGUoFztjB0qkotaBI5d01TSmIzHmJE5NoQsRLoMvztenjwFT0IrWfhTAWsb34Bu3KoJlt+553qlkUgjRAK8lrXgNb2rc=&u=U2FsdGVkX1/jqscpooDgD5qhTGqZ9sOLSzfVbDUXXUU=&y=U2FsdGVkX1+Ez1qoiU0nIGWOqMlXJlHNSZURf7yDH+w= HTTP/1.1" 200 25
186.102.41.158 - - [12/Mar/2022:14:13:36 -0500] "GET /kwssiamovil/sm/acme/a?s=U2FsdGVkX19YiYoLlU+3RHfJS338+tjM5q776sT6PRi88wP3Y6k6NomaMVwI9/LICo3C0vbAhpf1ilFkt81cd/K4oBkr4DiQqZhsoSiNgi8N7Gbzv/YKP53KPV3mxfxWWs8KgIOotlC+FvR261tsn08ikie6XdCqIeWpbnjNGevU3Xq3k/yhfNPJIn8l7RSnagXMIEdR5LqBYTE0Jhv6Q0//x5FkEamq2LsaiIfj6qw=&u=U2FsdGVkX1/jqscpooDgD5qhTGqZ9sOLSzfVbDUXXUU=&y=U2FsdGVkX1+Ez1qoiU0nIGWOqMlXJlHNSZURf7yDH+w= HTTP/1.1" 200 25
186.102.41.158 - - [12/Mar/2022:14:13:36 -0500] "GET /kwssiamovil/sm/acme/a?s=U2FsdGVkX19SFdMuF8ycWXLdxCj9zbIfjhRfujfprWLtyHA3a6Y4oS1JWMne9wKHwuMeRYYPIlvphNh3dG09m/z89r1GKqorh6k1emP8sV3VSRzDOY4pNLUlfh+tX7K+NlrmtlhTrrJEMmnN28VbMVBxSWBw9oo03dhSNFx+dI57Rxn4EIG/6qOO5KcUCYTf+UvlrPHL6NRaxkAtwcFHaA==&u=U2FsdGVkX1/jqscpooDgD5qhTGqZ9sOLSzfVbDUXXUU=&y=U2FsdGVkX1+Ez1qoiU0nIGWOqMlXJlHNSZURf7yDH+w= HTTP/1.1" 200 25
186.102.41.158 - - [12/Mar/2022:14:13:54 -0500] "GET /kwssiamovil/sm/acme/u?s=U2FsdGVkX18yBGOgdX4UliKRSwZhXPl8ZbDOJsQtB+ZbmJyHRWbjycVyADzch7HG8Sd/frsk8mY8211MXagHLZvgfCAzZU27pcJSw+D+WLNwQNSZoPwSFP5KSrsddaRopakE0PpeVq9rPiQG2eEe0Q==&u=U2FsdGVkX1/jqscpooDgD5qhTGqZ9sOLSzfVbDUXXUU=&y=U2FsdGVkX1+Ez1qoiU0nIGWOqMlXJlHNSZURf7yDH+w= HTTP/1.1" 200 60
186.102.41.158 - - [12/Mar/2022:14:13:59 -0500] "GET /kwssiamovil/sm/acme/u?s=U2FsdGVkX1/UGC0Yvmh1FPC0CnlfrDOxdB8retaUhm7xvcB+5uCD0wYprjZCihGwa5o8AZ+LTUFWuZIiTnUNQIcbJuUPgArAXVVBEikIiKxMA3dvoiDgb99PcUAStXyWFZFuNYHM1qRktx3GMQZpaQ==&u=U2FsdGVkX1/jqscpooDgD5qhTGqZ9sOLSzfVbDUXXUU=&y=U2FsdGVkX1+Ez1qoiU0nIGWOqMlXJlHNSZURf7yDH+w= HTTP/1.1" 200 60
186.102.47.205 - - [12/Mar/2022:14:14:36 -0500] "GET /secretaria-de-ambiente-abre-ciclo-de-capacitaciones-sobre-techos-verdes-y-jardines-verticales.html HTTP/1.1" 200 1078
186.29.65.234 - - [12/Mar/2022:14:15:34 -0500] "GET /kwssiamovil/sm/ldap/au?x=U2FsdGVkX18jS5XxHeUSQhH+WcSN2lDX7zwu7mHHsci9JbwdVP9f/GdJmot2h+9s&y=U2FsdGVkX1/SXx3SJzwRzhImlDtCL4aVYZgS1xuCmAbJOxv/rz/lA9gVboAc88kH HTTP/1.1" 200 30
186.29.65.234 - - [12/Mar/2022:14:15:34 -0500] "GET /kwssiamovil/sm/acme/s?s=U2FsdGVkX18RXQ3EM52RPaynBdpHAFJjG3wY1k+6k6y83CGpe6tgxJUqNxffsvu3eKaLvik+gYSMYBZ74YwUR5k8kYsg+7tpDIzZHngcq74=&u=U2FsdGVkX19EIeDz0wg14gYrNW5U+auJDAQbE6pG/YHePhkDowLv+ICn0TjUW3Yq&y=U2FsdGVkX1/SXx3SJzwRzhImlDtCL4aVYZgS1xuCmAbJOxv/rz/lA9gVboAc88kH HTTP/1.1" 200 97
186.29.65.234 - - [12/Mar/2022:14:15:34 -0500] "GET /kwssiamovil/sm/acme/s?s=U2FsdGVkX187kcpxF0A7HX+h4GcW/Clh60N4Nx7L+NaHniWOL72FFyNW4WN17MvaQr4stRcWOsZj2/NaRqHwS5HWyO92mMTUf5i3sU7QZ1XCH0224i93AONSHcwp3nTdojH/rZNfZLA7SYKClhcGMnCZQYlHMW8wVKuAcZ9brBZ9yVG15btrQT/C18HR1JV81a7KPa+saCsTM+FNwCyAJL7WiqVeeF/E7Y6KxqCh2t/7z62Vl0LC7H0uRDdCGNesvJhWNe9H6WTO1qMg4V2Gzktfvab0FA04GPt+6KfgIHpw/j4yakaMyyfEb+16k2jbAsOu7RQwke+tpBFZfrpJDR1tSStA7p8NCDrwIvr2ogYZq4AXAmOofRH11KAU0NUChqpE+naUhB9EUQRhqqfn6LEmPp5WJUXyVzZ3G3zqaZzC5tXmke5Z4+Im0Ymk8spo2uRiZ1LnwbPO/mbb2S7M5yhJ3c1K/kKzYy3sTjoFzBXIRV3IEmsTcjLzvtS+LUSNv3oFi2DvHKL/Y3LMhUL5sB5ebzD3QS8q7A4Ba8VE8xcOJ7fydyVbnci0KyWxPw2xpUh9vBS4P3YFewvmBuOwpGXdl4fx2OPe5cg3m3hljKXCBM9fy5zZV5bXolacHmtvTdqID2x0O+BwIeJh71zWFjyMhf/FnYACq8imPASDMrEj0jbWbM3B936klGxVBeX3uYyVlryJ8QQLLqdhJwbUwtj2A1ScGscNR7lv+KR6ajsdjK+UxmnoUy0Rer8gWiq7pnrAIP05ANhSTjdRuDNXPN9pCtT3GHlNFBafHs6hvEfwbkf3L/PVHt9kVPMajIF262XspmJQJrYi20NY+2JepHPttX4ptcb83BvXjzmhibbLpNA7Rnru3zMdw8PY8AcsNMkJeupo+J57t10nImzis4v3zRRJs8KgrEkZpXfGjiy33Il4BMHanFM5sszc0rOjBE1+0ZHuxas8gnKQ46zrs/8rsL2X3Zh1aKxa2UBnRBMrWq6KGDqLaH0JdfmX7pNSARMtFiOWbfLE325h2a+0yccIM3zSCasl8IJF4Wo54oH/YsPwLqX99OjUu6BgGkoQiGydWid+2NWwiabQ9Bcc66PPuvRIKXtbMvc7pjRZ5gE=&u=U2FsdGVkX19EIeDz0wg14gYrNW5U+auJDAQbE6pG/YHePhkDowLv+ICn0TjUW3Yq&y=U2FsdGVkX1/SXx3SJzwRzhImlDtCL4aVYZgS1xuCmAbJOxv/rz/lA9gVboAc88kH HTTP/1.1" 200 2000
186.29.65.234 - - [12/Mar/2022:14:15:34 -0500] "GET /kwssiamovil/sm/acme/s?s=U2FsdGVkX18JqZbU61dP8T36ZL7riSTQF67Lhw8YJItahJKtv60I++8j5GPP3dNM&u=U2FsdGVkX19EIeDz0wg14gYrNW5U+auJDAQbE6pG/YHePhkDowLv+ICn0TjUW3Yq&y=U2FsdGVkX1/SXx3SJzwRzhImlDtCL4aVYZgS1xuCmAbJOxv/rz/lA9gVboAc88kH HTTP/1.1" 200 70
186.29.65.234 - - [12/Mar/2022:14:15:34 -0500] "GET /kwssiamovil/sm/acme/s?s=U2FsdGVkX1+OBD20tvq4ppAHRnLTnkcYBMpXjrYF8Nf90evFznm8jWpvqRIio7w9&u=U2FsdGVkX19EIeDz0wg14gYrNW5U+auJDAQbE6pG/YHePhkDowLv+ICn0TjUW3Yq&y=U2FsdGVkX1/SXx3SJzwRzhImlDtCL4aVYZgS1xuCmAbJOxv/rz/lA9gVboAc88kH HTTP/1.1" 200 70
186.29.65.234 - - [12/Mar/2022:14:15:34 -0500] "GET /kwssiamovil/sm/acme/s?s=U2FsdGVkX18X2aWttUawapRO5Y12p193EgjFWuSj+KIa/bqd2+L8ScFlXJ2DRaG4&u=U2FsdGVkX19EIeDz0wg14gYrNW5U+auJDAQbE6pG/YHePhkDowLv+ICn0TjUW3Yq&y=U2FsdGVkX1/SXx3SJzwRzhImlDtCL4aVYZgS1xuCmAbJOxv/rz/lA9gVboAc88kH HTTP/1.1" 200 70
186.29.65.234 - - [12/Mar/2022:14:15:35 -0500] "GET /kwssiamovil/sm/acme/s?s=U2FsdGVkX19D6NoDW7GqZLzX8qJJqTyoGtkz3dJAZEBuO3Oiq8k+jihu6sFk6XNj&u=U2FsdGVkX19EIeDz0wg14gYrNW5U+auJDAQbE6pG/YHePhkDowLv+ICn0TjUW3Yq&y=U2FsdGVkX1/SXx3SJzwRzhImlDtCL4aVYZgS1xuCmAbJOxv/rz/lA9gVboAc88kH HTTP/1.1" 200 70
186.29.65.234 - - [12/Mar/2022:14:15:35 -0500] "GET /kwssiamovil/sm/acme/s?s=U2FsdGVkX1/RytVJ9PefOzBRiogCsJUCpjBPvZtdgf8Qw6Ew8/QBhqKcXGzMBvQs&u=U2FsdGVkX19EIeDz0wg14gYrNW5U+auJDAQbE6pG/YHePhkDowLv+ICn0TjUW3Yq&y=U2FsdGVkX1/SXx3SJzwRzhImlDtCL4aVYZgS1xuCmAbJOxv/rz/lA9gVboAc88kH HTTP/1.1" 200 70
186.29.65.234 - - [12/Mar/2022:14:15:35 -0500] "GET /kwssiamovil/sm/acme/s?s=U2FsdGVkX19XYjn0oC2n7SPI2mCzIyTb/VqDDQCw2pAWt9SNMOOP0Ed4+UFWcmGX&u=U2FsdGVkX19EIeDz0wg14gYrNW5U+auJDAQbE6pG/YHePhkDowLv+ICn0TjUW3Yq&y=U2FsdGVkX1/SXx3SJzwRzhImlDtCL4aVYZgS1xuCmAbJOxv/rz/lA9gVboAc88kH HTTP/1.1" 200 70
186.29.65.234 - - [12/Mar/2022:14:15:35 -0500] "GET /kwssiamovil/sm/acme/s?s=U2FsdGVkX19oAEXEQTp+GE9plDoHfkHOJZ3mh95BqEgDREpebdHzB51IASj1Fe3c&u=U2FsdGVkX19EIeDz0wg14gYrNW5U+auJDAQbE6pG/YHePhkDowLv+ICn0TjUW3Yq&y=U2FsdGVkX1/SXx3SJzwRzhImlDtCL4aVYZgS1xuCmAbJOxv/rz/lA9gVboAc88kH HTTP/1.1" 200 70
186.29.65.234 - - [12/Mar/2022:14:15:35 -0500] "GET /kwssiamovil/sm/acme/s?s=U2FsdGVkX19aiO0GSJFy6F5JyNBUFNqveS1RVLQX9zXt33NwZo8c3zfaM3xtFWSGYkWUu0bB2h5UIxH0L35RC6lgQdHtJr/isWvsbGpVn2XWnHuvOqlaNYj3DcjYUAi2sO4cnZDMR9kIXIqinMhgmWG8ooSc4Cx4pib4QaTyEq26wZyG6DeyjdIH86yY4z8Iqm5CIMwfMzpKQbElqR/4Asd7ChcVMNbaq4XKFFgCoGkNxz+ljA07EFj4T6ysjKQJkWiZVHnZKWNE46bQJcsSZG+NG3bVxMOC7BqBXW35I7KlpqC3fNrCy2TSQcZhc0t5FPu1vUv/B6RyE4XKUZTSRBOYgEoENqzMu/6GE8k34+s=&u=U2FsdGVkX19EIeDz0wg14gYrNW5U+auJDAQbE6pG/YHePhkDowLv+ICn0TjUW3Yq&y=U2FsdGVkX1/SXx3SJzwRzhImlDtCL4aVYZgS1xuCmAbJOxv/rz/lA9gVboAc88kH HTTP/1.1" 200 196
186.29.65.234 - - [12/Mar/2022:14:15:35 -0500] "GET /kwssiamovil/sm/cjson/pre?f=1&x=U2FsdGVkX18jS5XxHeUSQhH+WcSN2lDX7zwu7mHHsci9JbwdVP9f/GdJmot2h+9s HTTP/1.1" 200 30975
216.245.221.92 - - [12/Mar/2022:14:18:10 -0500] "HEAD / HTTP/1.1" 200 -
157.55.39.123 - - [12/Mar/2022:14:20:13 -0500] "GET /bla/resoluciones/resoluciones%202021/1547.pdf HTTP/1.1" 200 464461
186.28.156.197 - - [12/Mar/2022:14:21:03 -0500] "GET /galeria/galeria/jquery.fancybox.css?v=2.1.5 HTTP/1.1" 200 4895
201.245.192.253 - - [12/Mar/2022:14:20:56 -0500] "POST /kwsrmcab/Wsrmcab HTTP/1.1" 200 46128
173.252.83.119 - - [12/Mar/2022:14:22:00 -0500] "GET /images/Memo1.jpg HTTP/1.1" 200 91151
173.252.107.9 - - [12/Mar/2022:14:22:06 -0500] "GET /images/humedal-observatorio-26-febrero.jpg HTTP/1.1" 200 21641
173.252.107.26 - - [12/Mar/2022:14:22:10 -0500] "GET /images/pieza-residuos-hospitalarios-11-febrero.jpg HTTP/1.1" 200 38755
173.252.87.3 - - [12/Mar/2022:14:22:16 -0500] "GET /images/pieza-grafica-arboles-12-febrero.jpg HTTP/1.1" 200 41257
201.245.192.253 - - [12/Mar/2022:14:21:46 -0500] "POST /kwsrmcab/Wsrmcab HTTP/1.1" 200 45949
191.156.129.209 - - [12/Mar/2022:14:22:48 -0500] "GET /galeria/galeria/jquery.fancybox.css?v=2.1.5 HTTP/1.1" 200 4895
216.245.221.92 - - [12/Mar/2022:14:23:10 -0500] "HEAD / HTTP/1.1" 200 -
186.80.52.31 - - [12/Mar/2022:14:24:19 -0500] "GET /secretaria-de-ambiente-abre-ciclo-de-capacitaciones-sobre-techos-verdes-y-jardines-verticales.html HTTP/1.1" 200 1078
181.51.104.58 - - [12/Mar/2022:14:26:28 -0500] "-" 408 -
40.77.167.55 - - [12/Mar/2022:14:26:48 -0500] "GET /bla/resoluciones/resoluciones%202021/1537.pdf HTTP/1.1" 200 2202689
114.119.141.71 - - [12/Mar/2022:14:27:05 -0500] "GET /BLA/resoluciones/RESOLUCIONES%202010/2803.pdf HTTP/1.1" 200 541315
216.245.221.92 - - [12/Mar/2022:14:28:10 -0500] "HEAD / HTTP/1.1" 200 -
179.19.232.218 - - [12/Mar/2022:14:28:39 -0500] "GET /galeria/galeria/jquery.fancybox.css?v=2.1.5 HTTP/1.1" 200 4895
66.249.66.85 - - [12/Mar/2022:14:29:38 -0500] "-" 408 -
40.77.167.55 - - [12/Mar/2022:14:30:59 -0500] "GET /bla/resoluciones/resoluciones%202021/1203.pdf HTTP/1.1" 200 428158
201.245.192.253 - - [12/Mar/2022:14:30:56 -0500] "POST /kwsrmcab/Wsrmcab HTTP/1.1" 200 46128
201.245.192.253 - - [12/Mar/2022:14:31:46 -0500] "POST /kwsrmcab/Wsrmcab HTTP/1.1" 200 45949
216.245.221.92 - - [12/Mar/2022:14:33:10 -0500] "HEAD / HTTP/1.1" 200 -
201.245.192.253 - - [12/Mar/2022:14:32:41 -0500] "POST /kwsrmcab/Wsrmcab HTTP/1.1" 200 116177
192.241.214.123 - - [12/Mar/2022:14:33:39 -0500] "MGLNDD_190.27.245.106_80" 501 953
181.51.33.28 - - [12/Mar/2022:14:33:47 -0500] "GET /galeria/galeria/jquery.fancybox.css?v=2.1.5 HTTP/1.1" 200 4895
40.77.167.55 - - [12/Mar/2022:14:37:49 -0500] "GET /bla/resoluciones/resoluciones%202021/5571.pdf HTTP/1.1" 200 420355
216.245.221.92 - - [12/Mar/2022:14:38:10 -0500] "HEAD / HTTP/1.1" 200 -
201.245.192.253 - - [12/Mar/2022:14:40:56 -0500] "POST /kwsrmcab/Wsrmcab HTTP/1.1" 200 46128
181.53.12.55 - - [12/Mar/2022:14:41:52 -0500] "GET /secretaria-de-ambiente-abre-ciclo-de-capacitaciones-sobre-techos-verdes-y-jardines-verticales.html HTTP/1.1" 200 1078
190.156.172.182 - - [12/Mar/2022:14:42:20 -0500] "GET /alcaldesa-claudia-lopez-les-dio-la-bienvenida-a-las-sembradoras-por-la-reactivaccion.html HTTP/1.1" 200 1264
186.102.52.46 - - [12/Mar/2022:14:42:21 -0500] "GET /secretaria-de-ambiente-abre-ciclo-de-capacitaciones-sobre-techos-verdes-y-jardines-verticales.html?fbclid=IwAR2FS45DUpwnVFaz3iOZ8qE0QY4vbK2aQpkhtyku18cIRkSssrTQsjJNDag HTTP/1.1" 200 1078
201.245.192.253 - - [12/Mar/2022:14:41:35 -0500] "POST /kwsrmcab/Wsrmcab HTTP/1.1" 200 116177
201.245.192.253 - - [12/Mar/2022:14:41:46 -0500] "POST /kwsrmcab/Wsrmcab HTTP/1.1" 200 45949
181.51.104.58 - - [12/Mar/2022:14:42:37 -0500] "GET /BLA/resoluciones/ HTTP/1.1" 200 13093
181.51.104.58 - - [12/Mar/2022:14:42:46 -0500] "GET /BLA/resoluciones/index.php?dir=RESOLUCIONES+2014%2F HTTP/1.1" 200 329931
216.245.221.92 - - [12/Mar/2022:14:43:10 -0500] "HEAD / HTTP/1.1" 200 -
181.53.12.55 - - [12/Mar/2022:14:43:16 -0500] "GET /galeria/galeria/jquery.fancybox.css?v=2.1.5 HTTP/1.1" 200 4895
186.102.18.238 - - [12/Mar/2022:14:43:28 -0500] "GET /galeria/galeria/jquery.fancybox.css?v=2.1.5 HTTP/1.1" 200 4895
186.102.25.14 - - [12/Mar/2022:14:44:01 -0500] "GET /kwssiamovil/sm/ldap/au?x=U2FsdGVkX19T6mypw8XwgVEdANxLS1JYH+7+0oOJKHBOUIBUoFcAy+JJXCZMD0p0&y=U2FsdGVkX18mL3h2ZNY+tdFde4POHPYsJ0x8jXZVmdO14MllfhhgjLSmTYnndzHz HTTP/1.1" 200 30
186.102.25.14 - - [12/Mar/2022:14:44:01 -0500] "GET /kwssiamovil/sm/ldap/au?x=U2FsdGVkX18vF0Pta0Xt/FDGb4Z9Aa/yxU4g2Cgdppm1DWQu4jIJMhxyp0WekxD3&y=U2FsdGVkX1/HS9Qe0xWiOTlb53pFI+cccTWs0zw1Li0cSlw48ztxo2z6puF1b/wY HTTP/1.1" 200 30
186.102.25.14 - - [12/Mar/2022:14:44:01 -0500] "GET /kwssiamovil/sm/ldap/au?x=U2FsdGVkX18WMiMWy3phBI572H5DF7WRi5vvYs3v6LXRnwg8P5kl98CObhzbfZsj&y=U2FsdGVkX19ewf1+HfXOkWW/sm9Ew7r9k7X97Lg9IA4/1hcAJ/ixejB9WqcNM0y4 HTTP/1.1" 200 30
186.102.25.14 - - [12/Mar/2022:14:44:02 -0500] "GET /kwssiamovil/sm/acme/s?s=U2FsdGVkX192ClP++iHVw9egN9GcfwZHwRTU2kHVg2YwKJDRcsvKORbkBf/0ATpsjLWRA2rPj8vkampu2VpRCt4yqlGjfNnMpgkmYz0yHfo=&u=U2FsdGVkX19Qrw1k7N0DlILxeHoncqrImzZm0QN6f6A=&y=U2FsdGVkX18mL3h2ZNY+tdFde4POHPYsJ0x8jXZVmdO14MllfhhgjLSmTYnndzHz HTTP/1.1" 200 66
186.102.25.14 - - [12/Mar/2022:14:44:02 -0500] "GET /kwssiamovil/sm/acme/s?s=U2FsdGVkX19RDaXT/Ky60vCtW+GKBqovu289SIHdTrL4Tqz+WA+Ap0d8MB0tE7TPN9stuN9XxHWxw2TOZmp2cQAHH4/yqYaCn7o1ggmhDWQ=&u=U2FsdGVkX1+ZjHgxj/tlCJ4R41FErLPb6O94T6wMgng=&y=U2FsdGVkX1/HS9Qe0xWiOTlb53pFI+cccTWs0zw1Li0cSlw48ztxo2z6puF1b/wY HTTP/1.1" 200 66
186.102.25.14 - - [12/Mar/2022:14:44:02 -0500] "GET /kwssiamovil/sm/acme/s?s=U2FsdGVkX19l5I0shlGcsCtVCbpiOMw9GvHANQE9HEvW54MGdHmntaOOcWx7eUbhsxEmbEysWLYcMVsoXh8zxffTT5bsvmU7SgoTHjoUHK4=&u=U2FsdGVkX1/5JOZhghkVYySjZpkvfh5un2DJKWEqhz4=&y=U2FsdGVkX19ewf1+HfXOkWW/sm9Ew7r9k7X97Lg9IA4/1hcAJ/ixejB9WqcNM0y4 HTTP/1.1" 200 97
186.102.25.14 - - [12/Mar/2022:14:44:02 -0500] "GET /kwssiamovil/sm/acme/s?s=U2FsdGVkX18LRfJ/jpGhjC7y595BctawR6e8cEax6ImZnjOrigo3tfDeVhA8PqBLE2ozA4gu9u+msacwfGyFFXA2z1bvLgf61JoQr7YElZtSNZtLIp93GX9237c5h0V5nVUqJ16OBL1yLva1m2D3uGQ0hARXNggaa5TtvEDo7V4uuNY7bOpAtB4jWkTWcNKQfxS7tzGSwqgf5dQB/YFt/TWGOGzUZwid75jHT0J4ffvUUd69dvBtF8hMQ7l8QMiCsVyZH61X4i5i30sGzGM/rGTk+m5nkjBHUvBfUgtJgy5nWhslzZDc62CBbSI5XvyNu8i5E/GKod/K2U+sSia0KC8v/hUMXrlWl/yZzXDosAjUkYDQHfLlT2lyd3hD/3IEk3lU/CwQxHQRsdeAurRmcBJISs6eZvGlmPpckV7T6g5o0qaHCzddQ6Oyr5PaVSIi7t/qhskzGxHcQJ1ERfwaaLsKJW2eg9mAtP4bIxlyheeDq9/cATDYhQUEw7Y7UDNY1589NQUM6s85NGjcgyQ04lx1Gla8oIqecA6vLkg2mpQp/cYfqQs6jrxYX2pu0Dnd9nRqVgIoN+pViIcFTryRXUwpXQ0R4klTxLPAG6LwzsOYGmFyo17x5wyDR79cUtSz4Lae7adWPUM01pGPkbTJNYVX/t8bFXEUIi+Qh9jsDR2tkBEl109yYix9wFBcu81vFaE04MDOdQD4VHbV+XuR4/gmNOd6IaSdGmFziUmspfjo+onqU/2MyYaG/1ARgWFZo4sDL+0wOsXUD1Rr7QPk67MWm49WiNtG1oixYEwTTuz4lv0QEoYSNVv7ZAAJIVzvz5FcL3MT/jjBkItOsLfQANxvpWtQewHbjJNuscbrm8TuBjb7fMmwV3rdNcrRtznsFsRjTBaBX8uXtUAcqmIucZbqsBA1zEOGk19HVA8Zu7ZdjGB+a01TZxmVPPrD5Oi/VI74l+ChUd/OQPN+I4ZUf3PKnWD/PMphoeUyfx9zFUvHE7kj2pR9S7AhxRPm3OG7+GvcV6Z7H8o21XwVzb70I1yMsVCHNFYCzgxA0gafwq+HfO53T8PhjlGOuXzTVWTDRtH35CNGCxNqp/CoaS9biGE3K7XTe+lJelNVNexP2OA=&u=U2FsdGVkX19Qrw1k7N0DlILxeHoncqrImzZm0QN6f6A=&y=U2FsdGVkX18mL3h2ZNY+tdFde4POHPYsJ0x8jXZVmdO14MllfhhgjLSmTYnndzHz HTTP/1.1" 200 66
