200.118.64.109 - - [16/Mar/2022:13:35:32 -0500] "POST /forms/lservlet;jsessionid=ac16012b30d63077b4725951413fb544d417df1945b1.e3iSbxaKaheRe3qTch0LbxeTa41ynknvrkLOlQzNp65In0 HTTP/1.1" 200 2
200.118.64.109 - - [16/Mar/2022:13:35:32 -0500] "GET /reports/rwservlet/getjobid72901?server=repnomi HTTP/1.1" 200 47753
216.245.221.92 - - [16/Mar/2022:13:36:10 -0500] "HEAD / HTTP/1.1" 200 -
66.249.73.100 - - [16/Mar/2022:13:36:10 -0500] "-" 408 -
200.118.64.109 - - [16/Mar/2022:13:36:18 -0500] "POST /forms/lservlet;jsessionid=ac16012b30d63077b4725951413fb544d417df1945b1.e3iSbxaKaheRe3qTch0LbxeTa41ynknvrkLOlQzNp65In0 HTTP/1.1" 200 2
200.118.64.109 - - [16/Mar/2022:13:36:18 -0500] "POST /forms/lservlet;jsessionid=ac16012b30d63077b4725951413fb544d417df1945b1.e3iSbxaKaheRe3qTch0LbxeTa41ynknvrkLOlQzNp65In0 HTTP/1.1" 200 14
200.118.64.109 - - [16/Mar/2022:13:36:19 -0500] "POST /forms/lservlet;jsessionid=ac16012b30d63077b4725951413fb544d417df1945b1.e3iSbxaKaheRe3qTch0LbxeTa41ynknvrkLOlQzNp65In0 HTTP/1.1" 200 14
200.118.64.109 - - [16/Mar/2022:13:36:20 -0500] "POST /forms/lservlet;jsessionid=ac16012b30d63077b4725951413fb544d417df1945b1.e3iSbxaKaheRe3qTch0LbxeTa41ynknvrkLOlQzNp65In0 HTTP/1.1" 200 112
200.118.64.109 - - [16/Mar/2022:13:36:20 -0500] "POST /forms/lservlet;jsessionid=ac16012b30d63077b4725951413fb544d417df1945b1.e3iSbxaKaheRe3qTch0LbxeTa41ynknvrkLOlQzNp65In0 HTTP/1.1" 200 2
200.118.64.109 - - [16/Mar/2022:13:36:21 -0500] "GET /reports/rwservlet/getjobid72902?server=repnomi HTTP/1.1" 200 47671
191.156.183.174 - - [16/Mar/2022:13:36:25 -0500] "GET /galeria/galeria/jquery.fancybox.css?v=2.1.5 HTTP/1.1" 200 4895
191.156.183.174 - - [16/Mar/2022:13:36:25 -0500] "GET /BLA/boletinlegal/js/jquery.scrollShow.js HTTP/1.1" 200 4586
191.156.186.21 - - [16/Mar/2022:13:36:25 -0500] "GET /galeria/galeria/jquery.fancybox.js?v=2.1.5 HTTP/1.1" 200 48706
181.237.182.186 - - [16/Mar/2022:13:36:31 -0500] "GET /BLA/resoluciones/ HTTP/1.1" 200 13093
103.161.17.249 - - [16/Mar/2022:13:36:39 -0500] "POST /boaform/admin/formLogin HTTP/1.1" 404 1186
200.118.64.109 - - [16/Mar/2022:13:36:53 -0500] "POST /forms/lservlet;jsessionid=ac16012b30d63077b4725951413fb544d417df1945b1.e3iSbxaKaheRe3qTch0LbxeTa41ynknvrkLOlQzNp65In0 HTTP/1.1" 200 2
200.118.64.109 - - [16/Mar/2022:13:36:56 -0500] "POST /forms/lservlet;jsessionid=ac16012b30d63077b4725951413fb544d417df1945b1.e3iSbxaKaheRe3qTch0LbxeTa41ynknvrkLOlQzNp65In0 HTTP/1.1" 200 14
200.118.64.109 - - [16/Mar/2022:13:36:57 -0500] "POST /forms/lservlet;jsessionid=ac16012b30d63077b4725951413fb544d417df1945b1.e3iSbxaKaheRe3qTch0LbxeTa41ynknvrkLOlQzNp65In0 HTTP/1.1" 200 14
200.118.64.109 - - [16/Mar/2022:13:36:59 -0500] "POST /forms/lservlet;jsessionid=ac16012b30d63077b4725951413fb544d417df1945b1.e3iSbxaKaheRe3qTch0LbxeTa41ynknvrkLOlQzNp65In0 HTTP/1.1" 200 109
200.118.64.109 - - [16/Mar/2022:13:37:00 -0500] "POST /forms/lservlet;jsessionid=ac16012b30d63077b4725951413fb544d417df1945b1.e3iSbxaKaheRe3qTch0LbxeTa41ynknvrkLOlQzNp65In0 HTTP/1.1" 200 2
200.118.64.109 - - [16/Mar/2022:13:37:00 -0500] "GET /reports/rwservlet/getjobid72903?server=repnomi HTTP/1.1" 200 519071
200.118.64.109 - - [16/Mar/2022:13:37:29 -0500] "POST /forms/lservlet;jsessionid=ac16012b30d63077b4725951413fb544d417df1945b1.e3iSbxaKaheRe3qTch0LbxeTa41ynknvrkLOlQzNp65In0 HTTP/1.1" 200 2
200.118.64.109 - - [16/Mar/2022:13:38:09 -0500] "POST /forms/lservlet;jsessionid=ac16012b30d63077b4725951413fb544d417df1945b1.e3iSbxaKaheRe3qTch0LbxeTa41ynknvrkLOlQzNp65In0 HTTP/1.1" 200 2
200.118.64.109 - - [16/Mar/2022:13:38:09 -0500] "POST /forms/lservlet;jsessionid=ac16012b30d63077b4725951413fb544d417df1945b1.e3iSbxaKaheRe3qTch0LbxeTa41ynknvrkLOlQzNp65In0 HTTP/1.1" 200 2284
200.118.64.109 - - [16/Mar/2022:13:38:09 -0500] "POST /forms/lservlet;jsessionid=ac16012b30d63077b4725951413fb544d417df1945b1.e3iSbxaKaheRe3qTch0LbxeTa41ynknvrkLOlQzNp65In0 HTTP/1.1" 200 10
200.118.64.109 - - [16/Mar/2022:13:38:11 -0500] "POST /forms/lservlet;jsessionid=ac16012b30d63077b4725951413fb544d417df1945b1.e3iSbxaKaheRe3qTch0LbxeTa41ynknvrkLOlQzNp65In0 HTTP/1.1" 200 26
200.118.64.109 - - [16/Mar/2022:13:38:12 -0500] "POST /forms/lservlet;jsessionid=ac16012b30d63077b4725951413fb544d417df1945b1.e3iSbxaKaheRe3qTch0LbxeTa41ynknvrkLOlQzNp65In0 HTTP/1.1" 200 14
200.118.64.109 - - [16/Mar/2022:13:38:13 -0500] "POST /forms/lservlet;jsessionid=ac16012b30d63077b4725951413fb544d417df1945b1.e3iSbxaKaheRe3qTch0LbxeTa41ynknvrkLOlQzNp65In0 HTTP/1.1" 200 3733
200.118.64.109 - - [16/Mar/2022:13:38:13 -0500] "POST /forms/lservlet;jsessionid=ac16012b30d63077b4725951413fb544d417df1945b1.e3iSbxaKaheRe3qTch0LbxeTa41ynknvrkLOlQzNp65In0 HTTP/1.1" 200 2
207.46.13.159 - - [16/Mar/2022:13:38:25 -0500] "GET /catalogoisis/ HTTP/1.1" 404 211
200.118.64.109 - - [16/Mar/2022:13:38:26 -0500] "POST /forms/lservlet;jsessionid=ac16012b30d63077b4725951413fb544d417df1945b1.e3iSbxaKaheRe3qTch0LbxeTa41ynknvrkLOlQzNp65In0 HTTP/1.1" 200 2
200.118.64.109 - - [16/Mar/2022:13:38:26 -0500] "POST /forms/lservlet;jsessionid=ac16012b30d63077b4725951413fb544d417df1945b1.e3iSbxaKaheRe3qTch0LbxeTa41ynknvrkLOlQzNp65In0 HTTP/1.1" 200 14
200.118.64.109 - - [16/Mar/2022:13:38:28 -0500] "POST /forms/lservlet;jsessionid=ac16012b30d63077b4725951413fb544d417df1945b1.e3iSbxaKaheRe3qTch0LbxeTa41ynknvrkLOlQzNp65In0 HTTP/1.1" 200 14
200.118.64.109 - - [16/Mar/2022:13:38:29 -0500] "POST /forms/lservlet;jsessionid=ac16012b30d63077b4725951413fb544d417df1945b1.e3iSbxaKaheRe3qTch0LbxeTa41ynknvrkLOlQzNp65In0 HTTP/1.1" 200 14
200.118.64.109 - - [16/Mar/2022:13:38:30 -0500] "POST /forms/lservlet;jsessionid=ac16012b30d63077b4725951413fb544d417df1945b1.e3iSbxaKaheRe3qTch0LbxeTa41ynknvrkLOlQzNp65In0 HTTP/1.1" 200 14
200.118.64.109 - - [16/Mar/2022:13:38:32 -0500] "POST /forms/lservlet;jsessionid=ac16012b30d63077b4725951413fb544d417df1945b1.e3iSbxaKaheRe3qTch0LbxeTa41ynknvrkLOlQzNp65In0 HTTP/1.1" 200 108
200.118.64.109 - - [16/Mar/2022:13:38:33 -0500] "POST /forms/lservlet;jsessionid=ac16012b30d63077b4725951413fb544d417df1945b1.e3iSbxaKaheRe3qTch0LbxeTa41ynknvrkLOlQzNp65In0 HTTP/1.1" 200 2
200.118.64.109 - - [16/Mar/2022:13:38:34 -0500] "GET /reports/rwservlet/getjobid72904?server=repnomi HTTP/1.1" 200 47713
186.155.232.65 - - [16/Mar/2022:13:38:58 -0500] "GET /galeria/galeria/jquery.fancybox.css?v=2.1.5 HTTP/1.1" 200 4895
179.19.59.88 - - [16/Mar/2022:13:39:09 -0500] "POST /sipse/faces/presentacion/financiero/solicitudProceso/listarSolicitudProceso.xhtml HTTP/1.1" 200 31502
179.19.59.88 - - [16/Mar/2022:13:39:10 -0500] "POST /sipse/faces/presentacion/financiero/solicitudProceso/listarSolicitudProceso.xhtml HTTP/1.1" 200 31506
200.118.64.109 - - [16/Mar/2022:13:39:22 -0500] "POST /forms/lservlet;jsessionid=ac16012b30d63077b4725951413fb544d417df1945b1.e3iSbxaKaheRe3qTch0LbxeTa41ynknvrkLOlQzNp65In0 HTTP/1.1" 200 2
179.19.59.88 - - [16/Mar/2022:13:39:23 -0500] "POST /sipse/faces/presentacion/financiero/solicitudProceso/listarSolicitudProceso.xhtml HTTP/1.1" 200 31502
200.118.64.109 - - [16/Mar/2022:13:39:23 -0500] "POST /forms/lservlet;jsessionid=ac16012b30d63077b4725951413fb544d417df1945b1.e3iSbxaKaheRe3qTch0LbxeTa41ynknvrkLOlQzNp65In0 HTTP/1.1" 200 14
200.118.64.109 - - [16/Mar/2022:13:39:24 -0500] "POST /forms/lservlet;jsessionid=ac16012b30d63077b4725951413fb544d417df1945b1.e3iSbxaKaheRe3qTch0LbxeTa41ynknvrkLOlQzNp65In0 HTTP/1.1" 200 14
200.118.64.109 - - [16/Mar/2022:13:39:25 -0500] "POST /forms/lservlet;jsessionid=ac16012b30d63077b4725951413fb544d417df1945b1.e3iSbxaKaheRe3qTch0LbxeTa41ynknvrkLOlQzNp65In0 HTTP/1.1" 200 112
200.118.64.109 - - [16/Mar/2022:13:39:25 -0500] "POST /forms/lservlet;jsessionid=ac16012b30d63077b4725951413fb544d417df1945b1.e3iSbxaKaheRe3qTch0LbxeTa41ynknvrkLOlQzNp65In0 HTTP/1.1" 200 2
200.118.64.109 - - [16/Mar/2022:13:39:25 -0500] "GET /reports/rwservlet/getjobid72905?server=repnomi HTTP/1.1" 200 47681
200.118.64.109 - - [16/Mar/2022:13:39:29 -0500] "POST /forms/lservlet;jsessionid=ac16012b30d63077b4725951413fb544d417df1945b1.e3iSbxaKaheRe3qTch0LbxeTa41ynknvrkLOlQzNp65In0 HTTP/1.1" 200 2
207.46.13.43 - - [16/Mar/2022:13:39:45 -0500] "GET /bla/resoluciones/autos%202014/0068.pdf HTTP/1.1" 200 982884
200.118.64.109 - - [16/Mar/2022:13:40:07 -0500] "POST /forms/lservlet;jsessionid=ac16012b30d63077b4725951413fb544d417df1945b1.e3iSbxaKaheRe3qTch0LbxeTa41ynknvrkLOlQzNp65In0 HTTP/1.1" 200 2
200.118.64.109 - - [16/Mar/2022:13:40:08 -0500] "POST /forms/lservlet;jsessionid=ac16012b30d63077b4725951413fb544d417df1945b1.e3iSbxaKaheRe3qTch0LbxeTa41ynknvrkLOlQzNp65In0 HTTP/1.1" 200 14
200.118.64.109 - - [16/Mar/2022:13:40:09 -0500] "POST /forms/lservlet;jsessionid=ac16012b30d63077b4725951413fb544d417df1945b1.e3iSbxaKaheRe3qTch0LbxeTa41ynknvrkLOlQzNp65In0 HTTP/1.1" 200 109
200.118.64.109 - - [16/Mar/2022:13:40:10 -0500] "POST /forms/lservlet;jsessionid=ac16012b30d63077b4725951413fb544d417df1945b1.e3iSbxaKaheRe3qTch0LbxeTa41ynknvrkLOlQzNp65In0 HTTP/1.1" 200 2
179.19.59.88 - - [16/Mar/2022:13:40:11 -0500] "POST /sipse/faces/presentacion/financiero/solicitudProceso/listarSolicitudProceso.xhtml HTTP/1.1" 200 31506
200.118.64.109 - - [16/Mar/2022:13:40:10 -0500] "GET /reports/rwservlet/getjobid72906?server=repnomi HTTP/1.1" 200 731184
200.118.64.109 - - [16/Mar/2022:13:40:41 -0500] "POST /forms/lservlet;jsessionid=ac16012b30d63077b4725951413fb544d417df1945b1.e3iSbxaKaheRe3qTch0LbxeTa41ynknvrkLOlQzNp65In0 HTTP/1.1" 200 2
200.118.64.109 - - [16/Mar/2022:13:40:41 -0500] "POST /forms/lservlet;jsessionid=ac16012b30d63077b4725951413fb544d417df1945b1.e3iSbxaKaheRe3qTch0LbxeTa41ynknvrkLOlQzNp65In0 HTTP/1.1" 200 2346
200.118.64.109 - - [16/Mar/2022:13:40:41 -0500] "POST /forms/lservlet;jsessionid=ac16012b30d63077b4725951413fb544d417df1945b1.e3iSbxaKaheRe3qTch0LbxeTa41ynknvrkLOlQzNp65In0 HTTP/1.1" 200 10
200.118.64.109 - - [16/Mar/2022:13:40:44 -0500] "POST /forms/lservlet;jsessionid=ac16012b30d63077b4725951413fb544d417df1945b1.e3iSbxaKaheRe3qTch0LbxeTa41ynknvrkLOlQzNp65In0 HTTP/1.1" 200 26
200.118.64.109 - - [16/Mar/2022:13:40:44 -0500] "POST /forms/lservlet;jsessionid=ac16012b30d63077b4725951413fb544d417df1945b1.e3iSbxaKaheRe3qTch0LbxeTa41ynknvrkLOlQzNp65In0 HTTP/1.1" 200 14
200.118.64.109 - - [16/Mar/2022:13:40:45 -0500] "POST /forms/lservlet;jsessionid=ac16012b30d63077b4725951413fb544d417df1945b1.e3iSbxaKaheRe3qTch0LbxeTa41ynknvrkLOlQzNp65In0 HTTP/1.1" 200 3798
200.118.64.109 - - [16/Mar/2022:13:40:46 -0500] "POST /forms/lservlet;jsessionid=ac16012b30d63077b4725951413fb544d417df1945b1.e3iSbxaKaheRe3qTch0LbxeTa41ynknvrkLOlQzNp65In0 HTTP/1.1" 200 2
200.118.64.109 - - [16/Mar/2022:13:40:50 -0500] "POST /forms/lservlet;jsessionid=ac16012b30d63077b4725951413fb544d417df1945b1.e3iSbxaKaheRe3qTch0LbxeTa41ynknvrkLOlQzNp65In0 HTTP/1.1" 200 2
200.118.64.109 - - [16/Mar/2022:13:40:50 -0500] "POST /forms/lservlet;jsessionid=ac16012b30d63077b4725951413fb544d417df1945b1.e3iSbxaKaheRe3qTch0LbxeTa41ynknvrkLOlQzNp65In0 HTTP/1.1" 200 14
200.118.64.109 - - [16/Mar/2022:13:40:51 -0500] "POST /forms/lservlet;jsessionid=ac16012b30d63077b4725951413fb544d417df1945b1.e3iSbxaKaheRe3qTch0LbxeTa41ynknvrkLOlQzNp65In0 HTTP/1.1" 200 14
200.118.64.109 - - [16/Mar/2022:13:40:53 -0500] "POST /forms/lservlet;jsessionid=ac16012b30d63077b4725951413fb544d417df1945b1.e3iSbxaKaheRe3qTch0LbxeTa41ynknvrkLOlQzNp65In0 HTTP/1.1" 200 14
200.118.64.109 - - [16/Mar/2022:13:40:55 -0500] "POST /forms/lservlet;jsessionid=ac16012b30d63077b4725951413fb544d417df1945b1.e3iSbxaKaheRe3qTch0LbxeTa41ynknvrkLOlQzNp65In0 HTTP/1.1" 200 14
200.118.64.109 - - [16/Mar/2022:13:40:57 -0500] "POST /forms/lservlet;jsessionid=ac16012b30d63077b4725951413fb544d417df1945b1.e3iSbxaKaheRe3qTch0LbxeTa41ynknvrkLOlQzNp65In0 HTTP/1.1" 200 108
200.118.64.109 - - [16/Mar/2022:13:40:57 -0500] "POST /forms/lservlet;jsessionid=ac16012b30d63077b4725951413fb544d417df1945b1.e3iSbxaKaheRe3qTch0LbxeTa41ynknvrkLOlQzNp65In0 HTTP/1.1" 200 2
200.118.64.109 - - [16/Mar/2022:13:40:57 -0500] "GET /reports/rwservlet/getjobid72907?server=repnomi HTTP/1.1" 200 48004
216.245.221.92 - - [16/Mar/2022:13:41:09 -0500] "HEAD / HTTP/1.1" 200 -
201.245.192.253 - - [16/Mar/2022:13:40:37 -0500] "POST /kwsrmcab/Wsrmcab HTTP/1.1" 200 45651
200.118.64.109 - - [16/Mar/2022:13:41:33 -0500] "POST /forms/lservlet;jsessionid=ac16012b30d63077b4725951413fb544d417df1945b1.e3iSbxaKaheRe3qTch0LbxeTa41ynknvrkLOlQzNp65In0 HTTP/1.1" 200 2
186.113.76.73 - - [16/Mar/2022:13:42:00 -0500] "GET /sipse/faces/faces/index.xhtml HTTP/1.1" 200 677
186.113.76.73 - - [16/Mar/2022:13:42:00 -0500] "GET /sipse/faces/javax.faces.resource/theme.css?ln=primefaces-sipse HTTP/1.1" 304 -
186.113.76.73 - - [16/Mar/2022:13:42:00 -0500] "GET /sipse/faces/faces/faces/autenticacion.xhtml HTTP/1.1" 200 12174
186.113.76.73 - - [16/Mar/2022:13:42:00 -0500] "GET /sipse/js/disable_browser_buttons.js HTTP/1.1" 304 -
186.113.76.73 - - [16/Mar/2022:13:42:00 -0500] "GET /sipse/js/funciones.js HTTP/1.1" 304 -
186.113.76.73 - - [16/Mar/2022:13:42:00 -0500] "GET /sipse/css/custom_css_sg.css HTTP/1.1" 304 -
186.113.76.73 - - [16/Mar/2022:13:42:00 -0500] "GET /sipse/faces/javax.faces.resource/layout/layout.css?ln=primefaces&v=4.0 HTTP/1.1" 304 -
186.113.76.73 - - [16/Mar/2022:13:42:00 -0500] "GET /sipse/css/custom_css_sg_prime_login.css HTTP/1.1" 304 -
186.113.76.73 - - [16/Mar/2022:13:42:00 -0500] "GET /sipse/faces/javax.faces.resource/primefaces.css?ln=primefaces&v=4.0 HTTP/1.1" 304 -
186.113.76.73 - - [16/Mar/2022:13:42:00 -0500] "GET /sipse/faces/javax.faces.resource/jquery/jquery.js?ln=primefaces&v=4.0 HTTP/1.1" 304 -
186.113.76.73 - - [16/Mar/2022:13:42:00 -0500] "GET /sipse/faces/javax.faces.resource/theme.css?ln=primefaces-sipse HTTP/1.1" 304 -
186.113.76.73 - - [16/Mar/2022:13:42:00 -0500] "GET /sipse/faces/javax.faces.resource/jquery/jquery-plugins.js?ln=primefaces&v=4.0 HTTP/1.1" 304 -
186.113.76.73 - - [16/Mar/2022:13:42:00 -0500] "GET /sipse/faces/javax.faces.resource/primefaces.js?ln=primefaces&v=4.0 HTTP/1.1" 304 -
186.113.76.73 - - [16/Mar/2022:13:42:00 -0500] "GET /sipse/faces/javax.faces.resource/layout/layout.js?ln=primefaces&v=4.0 HTTP/1.1" 304 -
186.113.76.73 - - [16/Mar/2022:13:42:01 -0500] "GET /sipse/css/imagen/logoSDG.png HTTP/1.1" 304 -
186.113.76.73 - - [16/Mar/2022:13:42:01 -0500] "GET /sipse/css/imagen/loginimg.png HTTP/1.1" 304 -
186.113.76.73 - - [16/Mar/2022:13:42:01 -0500] "GET /sipse/faces/javax.faces.resource/images/ui-icons_898989_256x240.png?ln=primefaces-aristo HTTP/1.1" 304 -
201.245.192.253 - - [16/Mar/2022:13:41:22 -0500] "POST /kwsrmcab/Wsrmcab HTTP/1.1" 200 111829
201.245.192.253 - - [16/Mar/2022:13:41:23 -0500] "POST /kwsrmcab/Wsrmcab HTTP/1.1" 200 44274
186.113.76.73 - - [16/Mar/2022:13:42:09 -0500] "POST /sipse/faces/autenticacion.xhtml HTTP/1.1" 200 2223
186.113.76.73 - - [16/Mar/2022:13:42:09 -0500] "GET /sipse/faces/javax.faces.resource/messages/messages.png?ln=primefaces&v=4.0 HTTP/1.1" 304 -
186.113.76.73 - - [16/Mar/2022:13:42:10 -0500] "POST /sipse/faces/autenticacion.xhtml HTTP/1.1" 200 16241
186.113.76.73 - - [16/Mar/2022:13:42:10 -0500] "GET /sipse/css/custom_css_sg_prime.css HTTP/1.1" 304 -
186.113.76.73 - - [16/Mar/2022:13:42:10 -0500] "GET /sipse/faces/javax.faces.resource/theme.css?ln=primefaces-sipse HTTP/1.1" 304 -
186.113.76.73 - - [16/Mar/2022:13:42:10 -0500] "GET /sipse/faces/javax.faces.resource/primefaces.css?ln=primefaces&v=4.0 HTTP/1.1" 304 -
186.113.76.73 - - [16/Mar/2022:13:42:10 -0500] "GET /sipse/faces/javax.faces.resource/layout/layout.css?ln=primefaces&v=4.0 HTTP/1.1" 304 -
186.113.76.73 - - [16/Mar/2022:13:42:10 -0500] "GET /sipse/js/jquery.min.js HTTP/1.1" 304 -
186.113.76.73 - - [16/Mar/2022:13:42:10 -0500] "GET /sipse/faces/javax.faces.resource/jquery/jquery.js?ln=primefaces&v=4.0 HTTP/1.1" 304 -
186.113.76.73 - - [16/Mar/2022:13:42:10 -0500] "GET /sipse/faces/javax.faces.resource/jquery/jquery-plugins.js?ln=primefaces&v=4.0 HTTP/1.1" 304 -
186.113.76.73 - - [16/Mar/2022:13:42:10 -0500] "GET /sipse/faces/javax.faces.resource/primefaces.js?ln=primefaces&v=4.0 HTTP/1.1" 304 -
186.113.76.73 - - [16/Mar/2022:13:42:11 -0500] "GET /sipse/faces/javax.faces.resource/layout/layout.js?ln=primefaces&v=4.0 HTTP/1.1" 304 -
186.113.76.73 - - [16/Mar/2022:13:42:11 -0500] "GET /sipse/imagenes/cargando.gif HTTP/1.1" 304 -
186.113.76.73 - - [16/Mar/2022:13:42:11 -0500] "GET /sipse/imagenes/logoAplicacion.jpg HTTP/1.1" 304 -
186.113.76.73 - - [16/Mar/2022:13:42:11 -0500] "GET /sipse/css/imagen/contrasena.png HTTP/1.1" 404 383
66.249.73.127 - - [16/Mar/2022:13:42:27 -0500] "-" 408 -
186.113.76.73 - - [16/Mar/2022:13:42:59 -0500] "GET /sipse/faces/javax.faces.resource/images/ui-bg_flat_0_2d5972_40x100.png?ln=primefaces-aristo HTTP/1.1" 304 -
186.113.76.73 - - [16/Mar/2022:13:42:59 -0500] "POST /sipse/faces/bienvenido.xhtml HTTP/1.1" 200 9754
186.113.76.73 - - [16/Mar/2022:13:43:00 -0500] "POST /sipse/faces/bienvenido.xhtml HTTP/1.1" 200 2073
186.113.76.73 - - [16/Mar/2022:13:43:01 -0500] "POST /sipse/faces/bienvenido.xhtml HTTP/1.1" 200 38966
186.113.76.73 - - [16/Mar/2022:13:43:01 -0500] "GET /sipse/faces/javax.faces.resource/theme.css?ln=primefaces-sipse HTTP/1.1" 304 -
186.113.76.73 - - [16/Mar/2022:13:43:01 -0500] "GET /sipse/faces/javax.faces.resource/primefaces.css?ln=primefaces&v=4.0 HTTP/1.1" 304 -
186.113.76.73 - - [16/Mar/2022:13:43:01 -0500] "GET /sipse/faces/javax.faces.resource/layout/layout.css?ln=primefaces&v=4.0 HTTP/1.1" 304 -
186.113.76.73 - - [16/Mar/2022:13:43:01 -0500] "GET /sipse/css/imagen/contrasena.png HTTP/1.1" 404 383
186.113.76.73 - - [16/Mar/2022:13:43:01 -0500] "GET /sipse/faces/javax.faces.resource/jquery/jquery.js?ln=primefaces&v=4.0 HTTP/1.1" 304 -
186.113.76.73 - - [16/Mar/2022:13:43:01 -0500] "GET /sipse/faces/javax.faces.resource/jquery/jquery-plugins.js?ln=primefaces&v=4.0 HTTP/1.1" 304 -
186.113.76.73 - - [16/Mar/2022:13:43:01 -0500] "GET /sipse/faces/javax.faces.resource/primefaces.js?ln=primefaces&v=4.0 HTTP/1.1" 304 -
186.113.76.73 - - [16/Mar/2022:13:43:01 -0500] "GET /sipse/faces/javax.faces.resource/layout/layout.js?ln=primefaces&v=4.0 HTTP/1.1" 304 -
186.113.76.73 - - [16/Mar/2022:13:43:07 -0500] "POST /sipse/faces/presentacion/financiero/solicitudProceso/consultar.xhtml HTTP/1.1" 200 12856
186.102.29.131 - - [16/Mar/2022:13:43:10 -0500] "OPTIONS /kwssiamovil/sm/setfile/f? HTTP/1.1" 200 13
186.113.76.73 - - [16/Mar/2022:13:43:12 -0500] "POST /sipse/faces/presentacion/financiero/solicitudProceso/consultar.xhtml HTTP/1.1" 200 163475
186.113.76.73 - - [16/Mar/2022:13:43:13 -0500] "GET /sipse/faces/javax.faces.resource/theme.css?ln=primefaces-sipse HTTP/1.1" 304 -
186.113.76.73 - - [16/Mar/2022:13:43:13 -0500] "GET /sipse/faces/javax.faces.resource/primefaces.css?ln=primefaces&v=4.0 HTTP/1.1" 304 -
186.113.76.73 - - [16/Mar/2022:13:43:13 -0500] "GET /sipse/faces/javax.faces.resource/layout/layout.css?ln=primefaces&v=4.0 HTTP/1.1" 304 -
186.113.76.73 - - [16/Mar/2022:13:43:13 -0500] "GET /sipse/faces/javax.faces.resource/jquery/jquery.js?ln=primefaces&v=4.0 HTTP/1.1" 304 -
186.113.76.73 - - [16/Mar/2022:13:43:13 -0500] "GET /sipse/faces/javax.faces.resource/jquery/jquery-plugins.js?ln=primefaces&v=4.0 HTTP/1.1" 304 -
186.113.76.73 - - [16/Mar/2022:13:43:13 -0500] "GET /sipse/faces/javax.faces.resource/primefaces.js?ln=primefaces&v=4.0 HTTP/1.1" 304 -
186.113.76.73 - - [16/Mar/2022:13:43:13 -0500] "GET /sipse/faces/javax.faces.resource/layout/layout.js?ln=primefaces&v=4.0 HTTP/1.1" 304 -
186.113.76.73 - - [16/Mar/2022:13:43:14 -0500] "GET /sipse/css/imagen/contrasena.png HTTP/1.1" 404 383
186.102.29.131 - - [16/Mar/2022:13:43:10 -0500] "POST /kwssiamovil/sm/setfile/f? HTTP/1.1" 200 381
186.102.29.131 - - [16/Mar/2022:13:43:20 -0500] "OPTIONS /kwssiamovil/sm/setfile/f? HTTP/1.1" 200 13
186.102.29.131 - - [16/Mar/2022:13:43:21 -0500] "POST /kwssiamovil/sm/setfile/f? HTTP/1.1" 200 381
186.102.29.131 - - [16/Mar/2022:13:43:27 -0500] "OPTIONS /kwssiamovil/sm/setfile/f? HTTP/1.1" 200 13
190.24.106.244 - - [16/Mar/2022:13:43:30 -0500] "GET /forest/ HTTP/1.1" 200 12041
200.118.64.109 - - [16/Mar/2022:13:43:36 -0500] "POST /forms/lservlet;jsessionid=ac16012b30d63077b4725951413fb544d417df1945b1.e3iSbxaKaheRe3qTch0LbxeTa41ynknvrkLOlQzNp65In0 HTTP/1.1" 200 2
186.102.29.131 - - [16/Mar/2022:13:43:27 -0500] "POST /kwssiamovil/sm/setfile/f? HTTP/1.1" 200 381
186.113.76.73 - - [16/Mar/2022:13:43:41 -0500] "POST /sipse/faces/presentacion/financiero/solicitudProceso/consultarSolicitudProceso.xhtml HTTP/1.1" 200 6134315
186.102.29.131 - - [16/Mar/2022:13:43:59 -0500] "GET /kwssiamovil/sm/acme/a?s=U2FsdGVkX18cGfKQGAwgXf9ud93zSNGThsqxd1KMR6eLZXb03qS6RD6Mflq+T4baR1BIHf5qJauh+QhJ0fYCT9dlr6SaaHZIHpnuBh/mV7FseXiRQtSOdn+jiRqIgoKWXBTu0iVNT1WvmiQ8SKHClK/CH1k1/I0gfu1XG1/CR0TFcaNjYwrfwpuYh6y5RZrFfbjx9IrH9tuZlK1vUnW0KHL97wiqrDfAocG92Tv2IFepRCNovpgsIfbADlEF6tXKemX3ghDOQX3yZxezelsZCA==&u=U2FsdGVkX1+Mzle0TX32UWa7NDh3v9ckq/M5a7JmiRJVtht+VapVrHadNs7sU5bs&y=U2FsdGVkX1/fis4XLPGt+z905y3xt6CuoMJQPANFQadd8zvp+EDi6+G4EDYBAU1Y HTTP/1.1" 200 25
186.102.29.131 - - [16/Mar/2022:13:44:00 -0500] "GET /kwssiamovil/sm/acme/a?s=U2FsdGVkX1+eLm1fkZkF9XnP6BOQB7sc3qvSGZyosuuEbFEpUFQSAlgl4w2n13Hb0dGAOQ4jA/uXwSEALfwfvtE6eYPJkZbZ7nCdVgGk/8iYTASu8n1ZQy7/9NIeFdEcdltZx1ZXnLvqAl7A8wkM9tRrXegotr39OF3wGFYa71wHZcUHvuTzp+JwNC62NNorV5FO+p+ehEv0YcgcJVOEcFXEpe+fY8AubNLd+HvsRydlSjln6AKq1WFUxJwkcxOuEjU20I8Svu1dRocoNU4hggGC5sYgQiZksgKkjohBkpHID8gqGPse4WttWcGq9nKEY/qEySMRwywdbkRy8UiFm/56PQe2BT5ektOXehZdl0GVwR8r8BYIpAFlA6KBjIqASOzJ2BVAUqqeCYBURiav0gTnjkxthX8CFJyW1TC5MIqm9Bh4BrLKZ8DZKb+f7YWHi1IleYxtrf7vbBtVhUzaODgelONbchR2I6AxXbem/1A5u8nTrhE+319kmYqs1l+ziKR4gg1Xo00nl5KKDecO3LfXlfO0OomeMjKadJmHGwWn0Sq1/dtWORr8rWpXDmX7t221TKAc0ESsO6U5iXb2GV++RONQi0L/FR2GColMKROEwT/611CStFmribbhwk60C78KtaN8SMuw1CNnE37jDTkIOZxmX6ZvbBJtUa2bzs1LsFBt7hg2oWVpQjPUlaYqg/v/GyiZS6VmmXmDPK4lMY3hGUs7+cjBEsnJzhIWdmHquKUkdWP2+hbQdSxw1EfnM6XhTJc/MmrGCDzSZEk0bKGrNkI+LrOXp4gck56z15GmgFoLQVCHIbUbejvTHwvoLIlhQv+XEmTzBR/uWePB67+p4XG/KfUiEqMsj2WLQwi8ZDrM63cBLeDAhvwyWbiP/1vSOFJuu1NWNRKJ6oIdb92CVnKMbJNU5i3fgFmroYykuocg3W78ZhetlAOcJ+b42WJk3+/MN7nGtYTTuwsswWLUt48dSZn7xIeoGECrOt0KKd8yTdZOSYGxg4bHJ2CslzR4a0Udn74s/xKO1O/dYu4eh9P7S9uFV09ZWpUrUxGizqGpysbfalcdtUGU8boHMLW3BP6q1GuijjEmJjnMVX6jW89VAbyG56zth/y0Ba6m9l+kz8oiBK/JRzHinAdZGk030hq4n8G4hmnFGh9dRCTBt6t4X0d/X58eDtVSdZuj6i+tdn03j1WRLPYlO0WIVkaKPyArDNK2vr2H8kwx/ILA4oOjFNOLsJ/BSyFtZLLUqTQvdyyKYdWmyeDz80Od7BObID5C446jLeizEAn7NT8U6TQVtIbhdbJ1INIpLj0h0bxs+mSL1T+D7Hv2XO9dGp88SE9tJPNTMK4DzDADaIk51/oaWLa2ExDNiC9HtxK/QUWLXuw/1onoBTirFkLUMyTfvWP9gD7p1zy1A90oTJJl1RmtxLZiBbjg6NOPA8aYBMCluF93B/YwbvJUOOPndplLClRJhH5/S0NxSVI2sk1FsGqmwOZmBWWD4YY7/Ao6B+Mu/cXD5jrGoxvapHdyR5syb72Zv3OEVre+ZBE/pGpGMid6wM5/MOf492ghMpI7Ljd4aM4Njy6f0iweUhIpcXKzdtHjLEdipXL5rqIX4YCzoG8jqj3M14pKWZ4OwhwN47wzN7mdhC2HixrTMfSu1febxlAD+vsQdKkfoBiMyu8RXvc7fe7jQih6D0dRnqpmw4gtDSGXqSnI+euD8PNTTkdqtOyhLUd+2o+TwaAT3aMSInkLZWyOA672SHIenbGQrfkPi/aEUKq+RbNwqsK8g9UaGYjhGuOssiJm50tHvz+WqyJfgyAs0Xvc4ydfsbR08Iw4tFBkPeE7oAKdje2fI4WZNxLuMSjHnmuOYzpIeaJGskzvGxIUdufTkWZxalKTPTvsqosHerjUSYLFcIRCgS8mmU1X8l/YT6EsXKZzUVV5RQeJG7vCeW6SMws6DQYGLxjYu6Lp1RAz0nNPPI9hPrQ0IPmCN57pTZgGsNwWKXgUaBEj1N3z2WT4mRohJaY=&u=U2FsdGVkX1+Mzle0TX32UWa7NDh3v9ckq/M5a7JmiRJVtht+VapVrHadNs7sU5bs&y=U2FsdGVkX1/fis4XLPGt+z905y3xt6CuoMJQPANFQadd8zvp+EDi6+G4EDYBAU1Y HTTP/1.1" 200 25
186.102.29.131 - - [16/Mar/2022:13:44:01 -0500] "GET /kwssiamovil/sm/acme/a?s=U2FsdGVkX18z8bwishN8eeWQFO1qxplUKgTM9ZRQgFaqO6QIMfefSj3B9SCDaGwhY+yrAIP+wK4GW7NFSWaRZiCsqYW/f2j001kmfO0jdss9budCQRoOxlNDIsbT4xtDfWIWDcdJ+45tHMZY1hA9sEqcQENlFR4YsgvUrkIWLK8=&u=U2FsdGVkX1+Mzle0TX32UWa7NDh3v9ckq/M5a7JmiRJVtht+VapVrHadNs7sU5bs&y=U2FsdGVkX1/fis4XLPGt+z905y3xt6CuoMJQPANFQadd8zvp+EDi6+G4EDYBAU1Y HTTP/1.1" 200 25
186.102.29.131 - - [16/Mar/2022:13:44:02 -0500] "GET /kwssiamovil/sm/acme/a?s=U2FsdGVkX1/I/HgH70ynl8B0UppSCIL4ojbUzZD/pkgDqF4yEeDlm/DI7X5b8UxrvenyY0aDJ427taU3re7zQUSsJ1buSswb3UNidtixEL2odhBhnskALtZclQB9nCjeRpi5vQEx1iSxyGMGfpZ5UOAFlMCDujE9jzxaj3YQ398=&u=U2FsdGVkX1+Mzle0TX32UWa7NDh3v9ckq/M5a7JmiRJVtht+VapVrHadNs7sU5bs&y=U2FsdGVkX1/fis4XLPGt+z905y3xt6CuoMJQPANFQadd8zvp+EDi6+G4EDYBAU1Y HTTP/1.1" 200 25
186.102.29.131 - - [16/Mar/2022:13:44:02 -0500] "GET /kwssiamovil/sm/acme/a?s=U2FsdGVkX19pW9hVKyiajVoB3ENF/CWHCpqZi1Nyp19Z0k9k4/Pj9s9KGhxm7vrZh3nPoux8RTS8S1vzM4Vw/XxpHyQXrBOLK9bDLlbFSQCFo3HvXActs2g3S3KRTsFkQXXWiOo8TuB/klkbSL7eiDzMBJTyv00CarHmtEezRX0=&u=U2FsdGVkX1+Mzle0TX32UWa7NDh3v9ckq/M5a7JmiRJVtht+VapVrHadNs7sU5bs&y=U2FsdGVkX1/fis4XLPGt+z905y3xt6CuoMJQPANFQadd8zvp+EDi6+G4EDYBAU1Y HTTP/1.1" 200 25
186.102.29.131 - - [16/Mar/2022:13:44:03 -0500] "GET /kwssiamovil/sm/acme/a?s=U2FsdGVkX1/VKAT8IUaVOZu+orXmPLzjVP3FpHzDlMBLcox+Lcm9IVCOzci4gvrLk3j2fTTUcp+xZdJ23I+WXzdLk8UEHiS6OXfidC71efgYQjbt9+pwY52IAdz/w1kNa+5dYV+hcL3SJ6BM4xysewiU4ykS6keA6bkq7Yr60yGRdP7wc9l10sx6fQINwTDlwWc7HDqhrm1L6GLWmUA2Bg==&u=U2FsdGVkX1+Mzle0TX32UWa7NDh3v9ckq/M5a7JmiRJVtht+VapVrHadNs7sU5bs&y=U2FsdGVkX1/fis4XLPGt+z905y3xt6CuoMJQPANFQadd8zvp+EDi6+G4EDYBAU1Y HTTP/1.1" 200 24
186.102.29.131 - - [16/Mar/2022:13:44:03 -0500] "GET /kwssiamovil/sm/acme/a?s=U2FsdGVkX1/m3wudmRfGbBueo+72EnKZKTBw5X3Gtsa1oFuMCxNJrrYEHH4tLo8O4Wgy6c5M54409mG+uew6rjcf41gpSLyB9yWmc70dGOrfKT7V8+jbSbTAEiWyyfjTV2296IRwzjtnS8PGK4+bwcyqM6PAZlP1GKU2BgbQbhAhWQFjgSqB5ZJgmHPEKzCtgFBYhHl4xg2ZQ2O1KSDAZg==&u=U2FsdGVkX1+Mzle0TX32UWa7NDh3v9ckq/M5a7JmiRJVtht+VapVrHadNs7sU5bs&y=U2FsdGVkX1/fis4XLPGt+z905y3xt6CuoMJQPANFQadd8zvp+EDi6+G4EDYBAU1Y HTTP/1.1" 200 25
186.102.29.131 - - [16/Mar/2022:13:44:04 -0500] "GET /kwssiamovil/sm/acme/a?s=U2FsdGVkX18DOjcv6CgPexymEOu+fwLn65VfbF9A7USqi0Sc9fgdLqnYrvYmXv7M73hr+FddGkyAwotrj/dZ0SysknW3DPJaVj9Nq46VaLvrxgyZ8PmruKQVFX36DaAGFahxJx2Mr+dfX9zn9UQRs7+mPG7VJq0qLsav/PxTE7kN8JfdJX8LkvxtE9n9hGdS&u=U2FsdGVkX1+Mzle0TX32UWa7NDh3v9ckq/M5a7JmiRJVtht+VapVrHadNs7sU5bs&y=U2FsdGVkX1/fis4XLPGt+z905y3xt6CuoMJQPANFQadd8zvp+EDi6+G4EDYBAU1Y HTTP/1.1" 200 25
186.102.29.131 - - [16/Mar/2022:13:44:05 -0500] "GET /kwssiamovil/sm/acme/a?s=U2FsdGVkX19x5h86DS4hyXaVTAd8hLQWJKS05qK4fTLMmn17PYGCBYbfk5wZ5sccgf1ts0wrlkxZ8LLm2zUQ3U6IpiPz2XIfP5OLGLB61UJp+82geiNnY4vvAJFyTtaLER7lQPPLZfFloXQrsz081qcoM70FR+a1Orcg4abglY2j/MTZwxOg/XLE5CYJgMTZkuyPG+vH5MOZwaQfky2Vqg==&u=U2FsdGVkX1+Mzle0TX32UWa7NDh3v9ckq/M5a7JmiRJVtht+VapVrHadNs7sU5bs&y=U2FsdGVkX1/fis4XLPGt+z905y3xt6CuoMJQPANFQadd8zvp+EDi6+G4EDYBAU1Y HTTP/1.1" 200 25
186.102.29.131 - - [16/Mar/2022:13:44:06 -0500] "GET /kwssiamovil/sm/acme/a?s=U2FsdGVkX199QUdVjGrBCW2RrbPGE5UIwC49c9hLod/lw6lXIRCT+N4xujgdsIzqRqPGHq3nnKib9P9a8oKLKDVAgzSJZxUSHqm7Py0ICZZcmmIUPS5Qe8IrNsYypDn3oor/B2NxGkDUjVkCXpVI4AntYO4lU/cf0p/e9PRE9o7QfMQvfuuyxeti8hIGaVvT&u=U2FsdGVkX1+Mzle0TX32UWa7NDh3v9ckq/M5a7JmiRJVtht+VapVrHadNs7sU5bs&y=U2FsdGVkX1/fis4XLPGt+z905y3xt6CuoMJQPANFQadd8zvp+EDi6+G4EDYBAU1Y HTTP/1.1" 200 25
186.102.29.131 - - [16/Mar/2022:13:44:07 -0500] "GET /kwssiamovil/sm/acme/a?s=U2FsdGVkX18AyiA+HZZ4Bj1L1E3RqRwPfEiKQ8LYbsPx5kqA/OtCSkdNbrvbVi/8u5B2Yvg7bwI+8bS2phaNjHM0tOZKG/9oU30uxvOK7tOn5q5UQnCOKZvffVFUkeUJ6iVwmpbQ98fNNtFEVijZFQ5rvcCbGvwg40V+jzO1mM3OWu9cEZ28HFjeQNKXz4GNLGuK+Ku2MV2pExtGQBAQKQ==&u=U2FsdGVkX1+Mzle0TX32UWa7NDh3v9ckq/M5a7JmiRJVtht+VapVrHadNs7sU5bs&y=U2FsdGVkX1/fis4XLPGt+z905y3xt6CuoMJQPANFQadd8zvp+EDi6+G4EDYBAU1Y HTTP/1.1" 200 25
190.24.106.244 - - [16/Mar/2022:13:44:07 -0500] "POST /forest/index.php HTTP/1.1" 200 12268
186.102.29.131 - - [16/Mar/2022:13:44:08 -0500] "GET /kwssiamovil/sm/acme/a?s=U2FsdGVkX18IZqzozp2mrpo42lvfJ5Ant/qIF3YiZR6fl6gwFCqQNts7GyvTK5vw34niWaEjuc1M8PWJQrTpT+1jMe32CS5GhVtdBs9s5rovmVazBKSwZ606Fyi/Uk3+nudY7Znp9RGsfmDYwEp2aUUHpaz2NrlKIfKgVB+WbTqQQNYDXqdgcQTD9NteNcZR&u=U2FsdGVkX1+Mzle0TX32UWa7NDh3v9ckq/M5a7JmiRJVtht+VapVrHadNs7sU5bs&y=U2FsdGVkX1/fis4XLPGt+z905y3xt6CuoMJQPANFQadd8zvp+EDi6+G4EDYBAU1Y HTTP/1.1" 200 25
186.102.29.131 - - [16/Mar/2022:13:44:09 -0500] "GET /kwssiamovil/sm/acme/a?s=U2FsdGVkX19v/X6/5DSfKLIJu6/a83jUsoDhxYvanWrdxubCzAGs4LUcGpiInN9ZuvCtHIbyME8KpnEaxloZ/8v3fgDvW78mQz3vTE8uBaYrclexw5Ca+0IdzsBgFEjaZjyS0oU1wCggNA0JUpb8oQjrl4QkOuZVu4JPQUtKK5c4JJW9RYpC3KMM+ITJbyDCpRZsCK9I2AhX+k14mQAKcSWbMc+MCB0ndOxylQWEgLw=&u=U2FsdGVkX1+Mzle0TX32UWa7NDh3v9ckq/M5a7JmiRJVtht+VapVrHadNs7sU5bs&y=U2FsdGVkX1/fis4XLPGt+z905y3xt6CuoMJQPANFQadd8zvp+EDi6+G4EDYBAU1Y HTTP/1.1" 200 25
186.102.29.131 - - [16/Mar/2022:13:44:09 -0500] "GET /kwssiamovil/sm/acme/a?s=U2FsdGVkX1/HuNzXRwnqydeUL3oA7XAD9JvvFD1ZlEEmPv7Y8C/YJUIXZVxRP7gGQresXUiJMwlrNSEJWoeS8vg0noaysqUkqh7fUu1ShQGHfXbiZvJUoSGjwODg2eznipVVMTYFYfl4Q99zkBxlMkeCMeTjlKhIdsQnkZlX1tooxu/WqwN/n++uvOczqozmVeNdyjirNNaQLz/h3Hl+FA==&u=U2FsdGVkX1+Mzle0TX32UWa7NDh3v9ckq/M5a7JmiRJVtht+VapVrHadNs7sU5bs&y=U2FsdGVkX1/fis4XLPGt+z905y3xt6CuoMJQPANFQadd8zvp+EDi6+G4EDYBAU1Y HTTP/1.1" 200 25
186.102.29.131 - - [16/Mar/2022:13:44:11 -0500] "GET /kwssiamovil/sm/acme/a?s=U2FsdGVkX1+Kmak/YWQXrbcREMB/sK6KcpoLB8kKzhbvjWwLjL2OwiW6/4J61LP7z42Z0SVyjRGtJfPsI2opph3Fx8J1f9F2vdeWdhtrtuhwaV4JyLwkalErqVjawgQOlkJsC+8p8PFzzVgcw1BFwGCLZaeV75beZkz/VPuhDokPn0ZktdfzQisfu9ASyyid/VkbCrqV4II3gYxjJuKTEQ==&u=U2FsdGVkX1+Mzle0TX32UWa7NDh3v9ckq/M5a7JmiRJVtht+VapVrHadNs7sU5bs&y=U2FsdGVkX1/fis4XLPGt+z905y3xt6CuoMJQPANFQadd8zvp+EDi6+G4EDYBAU1Y HTTP/1.1" 200 25
186.102.29.131 - - [16/Mar/2022:13:44:11 -0500] "GET /kwssiamovil/sm/acme/a?s=U2FsdGVkX18z5IaIgR02E1ow7nx18Y8UItiZEYrDjkRqLcYTHodiJBv8LMPq7cZq0apyJ5FGej7oPJR1i2iDS0kCYUmL6e0XzCP4/bX0Cz1n8aMwcoNYi7TMncCOQsvo4+5tw8x2eI+R7NFv9HL95DV5SuKoK8yzDcnB1UJMCW0MTtjv6aIp2lcP8KvvGH1v&u=U2FsdGVkX1+Mzle0TX32UWa7NDh3v9ckq/M5a7JmiRJVtht+VapVrHadNs7sU5bs&y=U2FsdGVkX1/fis4XLPGt+z905y3xt6CuoMJQPANFQadd8zvp+EDi6+G4EDYBAU1Y HTTP/1.1" 200 25
186.102.29.131 - - [16/Mar/2022:13:44:12 -0500] "GET /kwssiamovil/sm/acme/a?s=U2FsdGVkX1/4ycjPuAgc/j7PU9dBJiwNVjWsrRFNXvIyQLCnKyw5Ac+1crhH4dCfpdb9/5UzPs/eQae0b0IP2dxpWEuQDoAHwSRwMaK65VaCe+3YucyE0XZXcyjtx1rDpZWbgK19iNj6JmuKVtIiCsM4SChfJyEuyfXi+zDSm/ymOuKgycAs516xDL/czXdMtoZMTOZWlQtf32uAw6YJPg==&u=U2FsdGVkX1+Mzle0TX32UWa7NDh3v9ckq/M5a7JmiRJVtht+VapVrHadNs7sU5bs&y=U2FsdGVkX1/fis4XLPGt+z905y3xt6CuoMJQPANFQadd8zvp+EDi6+G4EDYBAU1Y HTTP/1.1" 200 25
186.102.29.131 - - [16/Mar/2022:13:44:12 -0500] "GET /kwssiamovil/sm/acme/a?s=U2FsdGVkX1+sN8fuIyBGdtgFlBTG2ZFbo9KrC2VEkIGGNcFXq9zpZ0DSiJou/0K56QAkNDucthHqiv3cyefhAfmqlfDc5lMnVYHax95xfjyLSv3fctUd46iNFqrG8bhThqbQZmUA0dHZRNZv/CVk6EVJEukiKDnXM75YJZss1YkHyDddYziB8+Vt0WQCl19j&u=U2FsdGVkX1+Mzle0TX32UWa7NDh3v9ckq/M5a7JmiRJVtht+VapVrHadNs7sU5bs&y=U2FsdGVkX1/fis4XLPGt+z905y3xt6CuoMJQPANFQadd8zvp+EDi6+G4EDYBAU1Y HTTP/1.1" 200 25
186.102.29.131 - - [16/Mar/2022:13:44:13 -0500] "GET /kwssiamovil/sm/acme/a?s=U2FsdGVkX19UCB3tB/0DX1Pnt0v3StT2L6eFq0ODhyNJ8bp+iLuiU9vklskcyjlecnjsv3+/bm90ZSQ0SkWFpapEt8tl10Ve4e7FQX0dFjugmz/wDHvJZZuZspOCOO33HkJ0+TAWe8kpSISyKnwLCKImcGLYzYQfYwa1CKNJmTQTf8JuCyV/GNKaFB3aK/hJXNkDN/CHIy6ow3xrBIBkVjyUGqyOQxsH5spxEcpYDe4=&u=U2FsdGVkX1+Mzle0TX32UWa7NDh3v9ckq/M5a7JmiRJVtht+VapVrHadNs7sU5bs&y=U2FsdGVkX1/fis4XLPGt+z905y3xt6CuoMJQPANFQadd8zvp+EDi6+G4EDYBAU1Y HTTP/1.1" 200 25
186.102.29.131 - - [16/Mar/2022:13:44:14 -0500] "GET /kwssiamovil/sm/acme/a?s=U2FsdGVkX1/x9JupZBdtyJqxlBb8dIrqn0u8CA8XpkWsFSFAhTL1Dd09GGA0hzu0/7PFIUMVO1GhuOy2MfHLKJaONbYx58Mx9NUQEKw1ifwZWUd/IB7EzzDOYeHZoprWhFH6Jq1ccfLzv7b6fU9CM+NnHq16DgRpDwCzVU+W3KtbnLzwRu/I3mGLmeIZlKgni/VBZk9JcEqIfIJfIfSOyw==&u=U2FsdGVkX1+Mzle0TX32UWa7NDh3v9ckq/M5a7JmiRJVtht+VapVrHadNs7sU5bs&y=U2FsdGVkX1/fis4XLPGt+z905y3xt6CuoMJQPANFQadd8zvp+EDi6+G4EDYBAU1Y HTTP/1.1" 200 25
186.102.29.131 - - [16/Mar/2022:13:44:15 -0500] "GET /kwssiamovil/sm/acme/a?s=U2FsdGVkX1+LBTqcqtbJEXAf8gLhGmW/L72q3fBTk/YGNWDX81ebSbQORhupq9fV11H9stuo3vjFZE2KH/p7zQgx8oYkynG2rxjDQmPqC9bOIVzE8v5LDEWyTl58Lj6xwIyz55ZJ3yHeL+CfZ4chHnUgIfCLQfN5CFtLGcPCCU912YDvh2S+9xQ8K9JngsSO7IN4CedE5DWL4TAQBto+BA==&u=U2FsdGVkX1+Mzle0TX32UWa7NDh3v9ckq/M5a7JmiRJVtht+VapVrHadNs7sU5bs&y=U2FsdGVkX1/fis4XLPGt+z905y3xt6CuoMJQPANFQadd8zvp+EDi6+G4EDYBAU1Y HTTP/1.1" 200 25
186.102.29.131 - - [16/Mar/2022:13:44:16 -0500] "GET /kwssiamovil/sm/acme/a?s=U2FsdGVkX18TULav17Z55s2LgPk4wDFr/f1Bg4R0BW1JgthchxpxjTmc4YSIEj3wnykWwg/KlG8kOZNrIkwBe+8qdf+VtiUWc88dXuhhOFIU10KqBJWP4WGMzXLWlcOBXYJMB7sKelMc55CNwD+zPD9g73Kw5BGnYunAhkvirCAIiSz/T8h8K2PNZnnlbmA7&u=U2FsdGVkX1+Mzle0TX32UWa7NDh3v9ckq/M5a7JmiRJVtht+VapVrHadNs7sU5bs&y=U2FsdGVkX1/fis4XLPGt+z905y3xt6CuoMJQPANFQadd8zvp+EDi6+G4EDYBAU1Y HTTP/1.1" 200 25
186.113.76.73 - - [16/Mar/2022:13:44:18 -0500] "POST /sipse/faces/presentacion/financiero/solicitudProceso/consultarSolicitudProceso.xhtml HTTP/1.1" 200 2361100
179.33.237.69 - - [16/Mar/2022:13:44:46 -0500] "GET /mesa/contrasena.pdf HTTP/1.1" 200 443199
179.33.237.69 - - [16/Mar/2022:13:44:46 -0500] "GET /mesa/contrasena.pdf HTTP/1.1" 206 1
179.33.237.69 - - [16/Mar/2022:13:44:46 -0500] "GET /mesa/contrasena.pdf HTTP/1.1" 206 292271
200.118.64.109 - - [16/Mar/2022:13:45:36 -0500] "POST /forms/lservlet;jsessionid=ac16012b30d63077b4725951413fb544d417df1945b1.e3iSbxaKaheRe3qTch0LbxeTa41ynknvrkLOlQzNp65In0 HTTP/1.1" 200 2
216.245.221.92 - - [16/Mar/2022:13:46:09 -0500] "HEAD / HTTP/1.1" 200 -
201.221.172.4 - - [16/Mar/2022:13:46:09 -0500] "GET /BLA/resoluciones/RESOLUCIONES%202009/7848.pdf HTTP/1.1" 200 377536
200.69.82.146 - - [16/Mar/2022:13:46:14 -0500] "-" 408 -
186.155.232.65 - - [16/Mar/2022:13:46:30 -0500] "GET /galeria/galeria/jquery.fancybox.css?v=2.1.5 HTTP/1.1" 200 4895
173.252.95.2 - - [16/Mar/2022:13:47:17 -0500] "GET /participa-en-las-actividades-del-dia-mundial-de-humedales.html HTTP/1.1" 206 874
173.252.95.18 - - [16/Mar/2022:13:47:17 -0500] "GET /participa-en-las-actividades-del-dia-mundial-de-humedales.html HTTP/1.1" 206 874
200.118.64.109 - - [16/Mar/2022:13:47:36 -0500] "POST /forms/lservlet;jsessionid=ac16012b30d63077b4725951413fb544d417df1945b1.e3iSbxaKaheRe3qTch0LbxeTa41ynknvrkLOlQzNp65In0 HTTP/1.1" 200 2
34.141.134.133 - - [16/Mar/2022:13:49:06 -0500] "GET / HTTP/1.1" 200 319
207.46.13.209 - - [16/Mar/2022:13:49:21 -0500] "GET /sipse/ HTTP/1.1" 302 -
168.90.13.146 - - [16/Mar/2022:13:49:24 -0500] "-" 408 -
207.46.13.209 - - [16/Mar/2022:13:49:31 -0500] "GET /sipse/faces/autenticacion.xhtml HTTP/1.1" 200 12174
200.118.64.109 - - [16/Mar/2022:13:49:36 -0500] "POST /forms/lservlet;jsessionid=ac16012b30d63077b4725951413fb544d417df1945b1.e3iSbxaKaheRe3qTch0LbxeTa41ynknvrkLOlQzNp65In0 HTTP/1.1" 200 2
179.49.161.195 - - [16/Mar/2022:13:50:27 -0500] "GET /galeria/galeria/jquery.fancybox.css?v=2.1.5 HTTP/1.1" 200 4895
201.244.172.93 - - [16/Mar/2022:13:50:48 -0500] "GET /sipse/faces/faces/faces/faces/autenticacion.xhtml HTTP/1.1" 200 12174
216.245.221.92 - - [16/Mar/2022:13:51:09 -0500] "HEAD / HTTP/1.1" 200 -
179.19.88.22 - - [16/Mar/2022:13:51:12 -0500] "GET /galeria/galeria/jquery.fancybox.css?v=2.1.5 HTTP/1.1" 200 4895
201.244.172.93 - - [16/Mar/2022:13:51:20 -0500] "GET /sipse/js/disable_browser_buttons.js HTTP/1.1" 200 3230
201.244.172.93 - - [16/Mar/2022:13:51:20 -0500] "GET /sipse/css/custom_css_sg.css HTTP/1.1" 200 9694
201.244.172.93 - - [16/Mar/2022:13:51:20 -0500] "GET /sipse/css/custom_css_sg_prime_login.css HTTP/1.1" 200 443
201.244.172.93 - - [16/Mar/2022:13:51:20 -0500] "GET /sipse/faces/javax.faces.resource/layout/layout.css?ln=primefaces&v=4.0 HTTP/1.1" 200 542
201.244.172.93 - - [16/Mar/2022:13:51:20 -0500] "GET /sipse/faces/javax.faces.resource/theme.css?ln=primefaces-sipse HTTP/1.1" 200 50058
201.244.172.93 - - [16/Mar/2022:13:51:20 -0500] "GET /sipse/faces/javax.faces.resource/primefaces.css?ln=primefaces&v=4.0 HTTP/1.1" 200 53295
201.244.172.93 - - [16/Mar/2022:13:51:20 -0500] "GET /sipse/js/funciones.js HTTP/1.1" 200 12592
201.244.172.93 - - [16/Mar/2022:13:51:20 -0500] "GET /sipse/faces/javax.faces.resource/layout/layout.js?ln=primefaces&v=4.0 HTTP/1.1" 200 87560
201.244.172.93 - - [16/Mar/2022:13:51:20 -0500] "GET /sipse/faces/javax.faces.resource/jquery/jquery.js?ln=primefaces&v=4.0 HTTP/1.1" 200 105384
201.244.172.93 - - [16/Mar/2022:13:51:20 -0500] "GET /sipse/faces/javax.faces.resource/jquery/jquery-plugins.js?ln=primefaces&v=4.0 HTTP/1.1" 200 220526
201.244.172.93 - - [16/Mar/2022:13:51:20 -0500] "GET /sipse/faces/javax.faces.resource/primefaces.js?ln=primefaces&v=4.0 HTTP/1.1" 200 276924
201.244.172.93 - - [16/Mar/2022:13:51:23 -0500] "GET /sipse/css/imagen/logoSDG.png HTTP/1.1" 200 53064
201.244.172.93 - - [16/Mar/2022:13:51:23 -0500] "GET /sipse/css/imagen/loginimg.png HTTP/1.1" 200 71635
201.244.172.93 - - [16/Mar/2022:13:51:23 -0500] "GET /sipse/faces/javax.faces.resource/images/ui-icons_898989_256x240.png?ln=primefaces-aristo HTTP/1.1" 200 5355
201.244.172.93 - - [16/Mar/2022:13:51:27 -0500] "GET /sipse/faces/faces/faces/faces/index.xhtml HTTP/1.1" 200 677
201.244.172.93 - - [16/Mar/2022:13:51:28 -0500] "GET /sipse/faces/javax.faces.resource/theme.css?ln=primefaces-sipse HTTP/1.1" 304 -
201.244.172.93 - - [16/Mar/2022:13:51:30 -0500] "GET /sipse/faces/faces/faces/faces/faces/autenticacion.xhtml HTTP/1.1" 200 12174
201.244.172.93 - - [16/Mar/2022:13:51:30 -0500] "GET /favicon.ico HTTP/1.1" 200 7782
201.244.172.93 - - [16/Mar/2022:13:51:33 -0500] "GET /sipse/faces/javax.faces.resource/jquery/jquery.js?ln=primefaces&v=4.0 HTTP/1.1" 304 -
201.244.172.93 - - [16/Mar/2022:13:51:33 -0500] "GET /sipse/faces/javax.faces.resource/primefaces.css?ln=primefaces&v=4.0 HTTP/1.1" 304 -
201.244.172.93 - - [16/Mar/2022:13:51:33 -0500] "GET /sipse/faces/javax.faces.resource/layout/layout.css?ln=primefaces&v=4.0 HTTP/1.1" 304 -
201.244.172.93 - - [16/Mar/2022:13:51:33 -0500] "GET /sipse/faces/javax.faces.resource/theme.css?ln=primefaces-sipse HTTP/1.1" 304 -
201.244.172.93 - - [16/Mar/2022:13:51:33 -0500] "GET /sipse/faces/javax.faces.resource/jquery/jquery-plugins.js?ln=primefaces&v=4.0 HTTP/1.1" 304 -
201.244.172.93 - - [16/Mar/2022:13:51:33 -0500] "GET /sipse/faces/javax.faces.resource/primefaces.js?ln=primefaces&v=4.0 HTTP/1.1" 304 -
201.244.172.93 - - [16/Mar/2022:13:51:34 -0500] "GET /sipse/faces/javax.faces.resource/layout/layout.js?ln=primefaces&v=4.0 HTTP/1.1" 304 -
200.118.64.109 - - [16/Mar/2022:13:51:37 -0500] "POST /forms/lservlet;jsessionid=ac16012b30d63077b4725951413fb544d417df1945b1.e3iSbxaKaheRe3qTch0LbxeTa41ynknvrkLOlQzNp65In0 HTTP/1.1" 200 2
201.244.172.93 - - [16/Mar/2022:13:51:38 -0500] "GET /sipse/faces/javax.faces.resource/images/ui-icons_898989_256x240.png?ln=primefaces-aristo HTTP/1.1" 304 -
201.244.172.93 - - [16/Mar/2022:13:52:03 -0500] "POST /sipse/faces/autenticacion.xhtml HTTP/1.1" 200 2224
201.244.172.93 - - [16/Mar/2022:13:52:04 -0500] "GET /sipse/faces/javax.faces.resource/messages/messages.png?ln=primefaces&v=4.0 HTTP/1.1" 200 27209
201.245.192.253 - - [16/Mar/2022:13:51:34 -0500] "POST /kwsrmcab/Wsrmcab HTTP/1.1" 200 111829
201.244.172.93 - - [16/Mar/2022:13:52:26 -0500] "POST /sipse/faces/autenticacion.xhtml HTTP/1.1" 200 16258
201.244.172.93 - - [16/Mar/2022:13:52:31 -0500] "GET /sipse/css/custom_css_sg_prime.css HTTP/1.1" 200 5201
201.244.172.93 - - [16/Mar/2022:13:52:31 -0500] "GET /sipse/faces/javax.faces.resource/theme.css?ln=primefaces-sipse HTTP/1.1" 304 -
201.244.172.93 - - [16/Mar/2022:13:52:31 -0500] "GET /sipse/faces/javax.faces.resource/primefaces.css?ln=primefaces&v=4.0 HTTP/1.1" 304 -
201.244.172.93 - - [16/Mar/2022:13:52:31 -0500] "GET /sipse/faces/javax.faces.resource/layout/layout.css?ln=primefaces&v=4.0 HTTP/1.1" 304 -
201.244.172.93 - - [16/Mar/2022:13:52:31 -0500] "GET /sipse/js/jquery.min.js HTTP/1.1" 200 85582
201.244.172.93 - - [16/Mar/2022:13:52:31 -0500] "GET /sipse/faces/javax.faces.resource/jquery/jquery.js?ln=primefaces&v=4.0 HTTP/1.1" 304 -
201.244.172.93 - - [16/Mar/2022:13:52:31 -0500] "GET /sipse/faces/javax.faces.resource/jquery/jquery-plugins.js?ln=primefaces&v=4.0 HTTP/1.1" 304 -
201.244.172.93 - - [16/Mar/2022:13:52:32 -0500] "GET /sipse/faces/javax.faces.resource/primefaces.js?ln=primefaces&v=4.0 HTTP/1.1" 304 -
201.244.172.93 - - [16/Mar/2022:13:52:32 -0500] "GET /sipse/faces/javax.faces.resource/layout/layout.js?ln=primefaces&v=4.0 HTTP/1.1" 304 -
201.244.172.93 - - [16/Mar/2022:13:52:32 -0500] "GET /sipse/imagenes/cargando.gif HTTP/1.1" 200 36959
201.244.172.93 - - [16/Mar/2022:13:52:32 -0500] "GET /sipse/imagenes/logoAplicacion.jpg HTTP/1.1" 200 155084
201.244.172.93 - - [16/Mar/2022:13:52:32 -0500] "GET /sipse/css/imagen/contrasena.png HTTP/1.1" 404 383
200.118.64.109 - - [16/Mar/2022:13:53:37 -0500] "POST /forms/lservlet;jsessionid=ac16012b30d63077b4725951413fb544d417df1945b1.e3iSbxaKaheRe3qTch0LbxeTa41ynknvrkLOlQzNp65In0 HTTP/1.1" 200 2
66.249.73.127 - - [16/Mar/2022:13:54:46 -0500] "-" 408 -
36.37.185.81 - - [16/Mar/2022:13:55:05 -0500] "GET /.env HTTP/1.1" 404 1018
36.37.185.81 - - [16/Mar/2022:13:55:08 -0500] "POST / HTTP/1.1" 200 319
200.118.64.109 - - [16/Mar/2022:13:55:37 -0500] "POST /forms/lservlet;jsessionid=ac16012b30d63077b4725951413fb544d417df1945b1.e3iSbxaKaheRe3qTch0LbxeTa41ynknvrkLOlQzNp65In0 HTTP/1.1" 200 2
216.245.221.92 - - [16/Mar/2022:13:56:09 -0500] "HEAD / HTTP/1.1" 200 -
207.46.13.209 - - [16/Mar/2022:13:57:03 -0500] "GET /bla/resoluciones/autos%202014/0909.pdf HTTP/1.1" 200 571675
207.46.13.43 - - [16/Mar/2022:13:57:07 -0500] "GET /bla/resoluciones/autos%202014/0286.pdf HTTP/1.1" 200 842518
200.118.64.109 - - [16/Mar/2022:13:57:37 -0500] "POST /forms/lservlet;jsessionid=ac16012b30d63077b4725951413fb544d417df1945b1.e3iSbxaKaheRe3qTch0LbxeTa41ynknvrkLOlQzNp65In0 HTTP/1.1" 200 2
186.30.52.114 - - [16/Mar/2022:13:58:42 -0500] "GET /BLA/resoluciones/RESOLUCIONES%202007/RES%202007%20701%20AL%20800/RESOLUCION%200705%20DE%202007.pdf?msclkid=96880caba55a11ec8df4908a4d7a4894 HTTP/1.1" 200 1060513
186.30.52.114 - - [16/Mar/2022:13:58:42 -0500] "GET /favicon.ico HTTP/1.1" 200 7782
190.25.224.10 - - [16/Mar/2022:13:59:36 -0500] "GET /forest/ HTTP/1.1" 200 12041
200.118.64.109 - - [16/Mar/2022:13:59:37 -0500] "POST /forms/lservlet;jsessionid=ac16012b30d63077b4725951413fb544d417df1945b1.e3iSbxaKaheRe3qTch0LbxeTa41ynknvrkLOlQzNp65In0 HTTP/1.1" 200 2
190.25.224.10 - - [16/Mar/2022:13:59:44 -0500] "POST /forest/index.php HTTP/1.1" 200 12268
66.249.73.127 - - [16/Mar/2022:14:00:26 -0500] "-" 408 -
216.245.221.92 - - [16/Mar/2022:14:01:09 -0500] "HEAD / HTTP/1.1" 200 -
200.118.64.109 - - [16/Mar/2022:14:01:37 -0500] "POST /forms/lservlet;jsessionid=ac16012b30d63077b4725951413fb544d417df1945b1.e3iSbxaKaheRe3qTch0LbxeTa41ynknvrkLOlQzNp65In0 HTTP/1.1" 200 2
201.245.192.253 - - [16/Mar/2022:14:01:42 -0500] "POST /kwsrmcab/Wsrmcab HTTP/1.1" 200 111829
199.16.157.182 - - [16/Mar/2022:14:02:34 -0500] "GET /documents/10184/2325415/pieza-concurso-buenas-practicas-20-septiembre.jpg HTTP/1.1" 404 1030
152.228.167.63 - - [16/Mar/2022:14:03:03 -0500] "GET /documents/10184/2325415/pieza-concurso-buenas-practicas-20-septiembre.jpg HTTP/1.1" 404 1030
200.118.64.109 - - [16/Mar/2022:14:03:37 -0500] "POST /forms/lservlet;jsessionid=ac16012b30d63077b4725951413fb544d417df1945b1.e3iSbxaKaheRe3qTch0LbxeTa41ynknvrkLOlQzNp65In0 HTTP/1.1" 200 2
200.118.64.109 - - [16/Mar/2022:14:05:37 -0500] "POST /forms/lservlet;jsessionid=ac16012b30d63077b4725951413fb544d417df1945b1.e3iSbxaKaheRe3qTch0LbxeTa41ynknvrkLOlQzNp65In0 HTTP/1.1" 200 2
216.245.221.92 - - [16/Mar/2022:14:06:09 -0500] "HEAD / HTTP/1.1" 200 -
190.26.56.162 - - [16/Mar/2022:14:06:37 -0500] "GET /galeria/galeria/jquery.fancybox.css?v=2.1.5 HTTP/1.1" 200 4895
200.118.64.109 - - [16/Mar/2022:14:07:37 -0500] "POST /forms/lservlet;jsessionid=ac16012b30d63077b4725951413fb544d417df1945b1.e3iSbxaKaheRe3qTch0LbxeTa41ynknvrkLOlQzNp65In0 HTTP/1.1" 200 2
66.249.73.127 - - [16/Mar/2022:14:09:13 -0500] "-" 408 -
200.118.64.109 - - [16/Mar/2022:14:09:38 -0500] "POST /forms/lservlet;jsessionid=ac16012b30d63077b4725951413fb544d417df1945b1.e3iSbxaKaheRe3qTch0LbxeTa41ynknvrkLOlQzNp65In0 HTTP/1.1" 200 2
157.55.39.218 - - [16/Mar/2022:14:10:37 -0500] "GET /bla/resoluciones/resoluciones%202021/0045.pdf HTTP/1.1" 200 421757
207.46.13.159 - - [16/Mar/2022:14:10:58 -0500] "GET /bla/resoluciones/autos%202014/2369.pdf HTTP/1.1" 200 2563016
216.245.221.92 - - [16/Mar/2022:14:11:09 -0500] "HEAD / HTTP/1.1" 200 -
207.46.13.179 - - [16/Mar/2022:14:11:09 -0500] "GET /forest/ HTTP/1.1" 200 12041
200.118.64.109 - - [16/Mar/2022:14:11:38 -0500] "POST /forms/lservlet;jsessionid=ac16012b30d63077b4725951413fb544d417df1945b1.e3iSbxaKaheRe3qTch0LbxeTa41ynknvrkLOlQzNp65In0 HTTP/1.1" 200 2
201.245.192.253 - - [16/Mar/2022:14:11:29 -0500] "POST /kwsrmcab/Wsrmcab HTTP/1.1" 200 111845
200.118.64.109 - - [16/Mar/2022:14:13:38 -0500] "POST /forms/lservlet;jsessionid=ac16012b30d63077b4725951413fb544d417df1945b1.e3iSbxaKaheRe3qTch0LbxeTa41ynknvrkLOlQzNp65In0 HTTP/1.1" 200 2
201.221.172.181 - - [16/Mar/2022:14:13:40 -0500] "GET /BLA/resoluciones/RESOLUCIONES%202019/0347.pdf HTTP/1.1" 200 311293
201.221.172.181 - - [16/Mar/2022:14:13:40 -0500] "GET /favicon.ico HTTP/1.1" 200 7782
186.148.168.245 - - [16/Mar/2022:14:14:13 -0500] "GET /sipse/faces/index.xhtml HTTP/1.1" 200 677
186.148.168.245 - - [16/Mar/2022:14:14:13 -0500] "GET /sipse/faces/javax.faces.resource/theme.css?ln=primefaces-sipse HTTP/1.1" 304 -
186.148.168.245 - - [16/Mar/2022:14:14:13 -0500] "GET /sipse/faces/javax.faces.resource/theme.css?ln=primefaces-sipse HTTP/1.1" 304 -
186.148.168.245 - - [16/Mar/2022:14:14:13 -0500] "GET /sipse/faces/faces/autenticacion.xhtml HTTP/1.1" 200 12179
186.148.168.245 - - [16/Mar/2022:14:14:13 -0500] "GET /sipse/faces/javax.faces.resource/primefaces.css?ln=primefaces&v=4.0 HTTP/1.1" 304 -
186.148.168.245 - - [16/Mar/2022:14:14:13 -0500] "GET /sipse/faces/javax.faces.resource/layout/layout.css?ln=primefaces&v=4.0 HTTP/1.1" 304 -
186.148.168.245 - - [16/Mar/2022:14:14:13 -0500] "GET /sipse/faces/javax.faces.resource/jquery/jquery.js?ln=primefaces&v=4.0 HTTP/1.1" 304 -
186.148.168.245 - - [16/Mar/2022:14:14:13 -0500] "GET /sipse/faces/javax.faces.resource/jquery/jquery-plugins.js?ln=primefaces&v=4.0 HTTP/1.1" 304 -
186.148.168.245 - - [16/Mar/2022:14:14:13 -0500] "GET /sipse/faces/javax.faces.resource/primefaces.js?ln=primefaces&v=4.0 HTTP/1.1" 304 -
186.148.168.245 - - [16/Mar/2022:14:14:13 -0500] "GET /sipse/faces/javax.faces.resource/layout/layout.js?ln=primefaces&v=4.0 HTTP/1.1" 304 -
186.148.168.245 - - [16/Mar/2022:14:14:13 -0500] "GET /sipse/faces/javax.faces.resource/images/ui-icons_898989_256x240.png?ln=primefaces-aristo HTTP/1.1" 304 -
186.148.168.245 - - [16/Mar/2022:14:14:21 -0500] "POST /sipse/faces/autenticacion.xhtml HTTP/1.1" 200 12264
186.148.168.245 - - [16/Mar/2022:14:14:21 -0500] "GET /sipse/faces/javax.faces.resource/jquery/jquery.js?ln=primefaces&v=4.0 HTTP/1.1" 304 -
186.148.168.245 - - [16/Mar/2022:14:14:21 -0500] "GET /sipse/faces/javax.faces.resource/primefaces.css?ln=primefaces&v=4.0 HTTP/1.1" 304 -
186.148.168.245 - - [16/Mar/2022:14:14:21 -0500] "GET /sipse/faces/javax.faces.resource/theme.css?ln=primefaces-sipse HTTP/1.1" 304 -
186.148.168.245 - - [16/Mar/2022:14:14:21 -0500] "GET /sipse/faces/javax.faces.resource/layout/layout.css?ln=primefaces&v=4.0 HTTP/1.1" 304 -
186.148.168.245 - - [16/Mar/2022:14:14:22 -0500] "GET /sipse/faces/javax.faces.resource/jquery/jquery-plugins.js?ln=primefaces&v=4.0 HTTP/1.1" 304 -
186.148.168.245 - - [16/Mar/2022:14:14:22 -0500] "GET /sipse/faces/javax.faces.resource/primefaces.js?ln=primefaces&v=4.0 HTTP/1.1" 304 -
186.148.168.245 - - [16/Mar/2022:14:14:22 -0500] "GET /sipse/faces/javax.faces.resource/layout/layout.js?ln=primefaces&v=4.0 HTTP/1.1" 304 -
186.148.168.245 - - [16/Mar/2022:14:14:22 -0500] "GET /sipse/faces/javax.faces.resource/messages/messages.png?ln=primefaces&v=4.0 HTTP/1.1" 304 -
201.221.172.4 - - [16/Mar/2022:14:14:27 -0500] "-" 408 -
186.102.11.94 - - [16/Mar/2022:14:14:52 -0500] "GET /kwssiamovil/sm/ldap/au?x=U2FsdGVkX1/NNHVvou8d3H15mF2tQdxY0pR3YV2gblIFiGZ7aCMgfM/fw1YN7pRJ&y=U2FsdGVkX1/1JQou4gqMCerio7Y2VBf/qZFAbtC/OAZy0l+zKqRRHgfTPkk+4O54 HTTP/1.1" 200 30
66.249.73.127 - - [16/Mar/2022:14:14:53 -0500] "-" 408 -
186.102.11.94 - - [16/Mar/2022:14:14:53 -0500] "GET /kwssiamovil/sm/ldap/au?x=U2FsdGVkX1+gHbtbPLFdpYYLeZUo5YyBNpb1SxikrgCvmcnZiNK3sVV9ynmXTI7R&y=U2FsdGVkX1+mCFsakvTi+vOTtbTpq+zsBRdyJwhDqp9ELDfyeQx2aUWRUGY0AuUO HTTP/1.1" 200 30
186.102.11.94 - - [16/Mar/2022:14:14:54 -0500] "GET /kwssiamovil/sm/acme/s?s=U2FsdGVkX18wJ66MRl9Bj1Wqon0Gp5e3tMSlGnG05mlWIKrGJDDv+lvbh2OpgXEqFRuEwHFH8ymS6V8kvyQyRM7eo/acRIGUmhu12kpof1g=&u=U2FsdGVkX19PnmGq2qHc6M+DJk5VjUsjCbnTSO7yvLJlHXfUlmqaXpQIe455WT2L&y=U2FsdGVkX1/1JQou4gqMCerio7Y2VBf/qZFAbtC/OAZy0l+zKqRRHgfTPkk+4O54 HTTP/1.1" 200 66
186.102.11.94 - - [16/Mar/2022:14:14:56 -0500] "GET /kwssiamovil/sm/acme/s?s=U2FsdGVkX185vlbHinMcNcHTG/9/xIJxalYNAbFmhb1eTP2LZ0cKsiGZJxid4JCa0VkmyO1tR20084ez40ob9WJfiSeGxJM/RNINXBtQ3Zg=&u=U2FsdGVkX19PXZ8Gh0DqKZ1skY1UNthTnly+VS6oPlWcKf1kgPJT/RWUYcA1biDu&y=U2FsdGVkX1+mCFsakvTi+vOTtbTpq+zsBRdyJwhDqp9ELDfyeQx2aUWRUGY0AuUO HTTP/1.1" 200 97
186.102.11.94 - - [16/Mar/2022:14:14:58 -0500] "GET /kwssiamovil/sm/acme/s?s=U2FsdGVkX1+JHQXQCMK/aVml9qk0flXybn1hCX4tRbBkIRtXYER4OWLpQgh5ArkLy/Syoc3Ep4wD3vNrYNIcet0XO0GIhNayu3oy5wY/UcpZ3hTe8iA8vYFjMVVyzjqvfJCbGme1K6vuGOph0W4WHvsd78ZWVQ1fWYSBQ1z+E6Xjv29ZdqFeRsUAlZs76/zVJye4LoUVNmMaiG4G2XR82CaRhQ0Nmq0+eDhj0x7MVPLNH6QMK6pH2JbpR4m2tLlJ5B90k8fvlHhBKOhfLknVIrBK0EhfOg7rOAPyej5oYtKLvs0D8mqXTP8VMbpR+CSWQ6TRophmwmdl/CZJPNyUOye+k/nt+zWr1PchJB5jgFLgwBXsgSyQ6IFhM++PUEdlR4VaK6ZOwxGVVYx7DdJpEVCd8E6Fyx2e6DCqPsYUBzlTaqZ1kBT54Tgf6HlTlryWKOQgOed0r+v+gyBcHhhrZKuMlxEV0x3hlA3JjYWSRB1v+L+/LHzLRTR8fNNBBl34F3Ux5SqUFnTJ3VYEvdtNeJjvLvqt80aTFDjVreIDTH2RoC6BwlrRSGbp3vVBaZKkhw0JlloAGT9a7dqdkOhx6MUNBpHiysaH9hPgB9XzpPqx2fyM+HXUqybXRj+//z9ioZOXkrMMUFwbeqAuvnJOuKyej5iRH7LnZFDa0QU5lt8I4T6DoW6DUdk/zpt2F7zlB4fBIzHXkVT7hcXKilZCz+y/+iT3D7G64PVV034rBK1n3m2eTwqVSo+eyve9mjmz7fHsUSCR1Y07aKAOp34hjHenKkJx4ZSyhFI+KXNkyHhttIKtLbjb5S3zqngau4qCBU766VS12ysDthiX0mNgjsk8Y3WCa89Jr9kM44BKrcthJmIGxXR9pnSjw927chE3c+/4DOfax23wh1AWy0Kk4MXI4ThZI57O40aqu6dWYaCQ9alP2g6a13v0qt4usGnN0bYg3JyD0yfGK3zAYc8zMTJPPWUIblHXM1FMaJhxPRZ5b83dmMNxNs0fJBvj7YkagdiJ124eOearWS5syjPG+rv1lRkw/SL3nEYfyz4OEyYnqf49ueJSyCoi4ZJ8A82X2lHGpvUZ+KHkAq+iTzKcWuUgY/oDB/X0JP0OsnG8gdM=&u=U2FsdGVkX19PnmGq2qHc6M+DJk5VjUsjCbnTSO7yvLJlHXfUlmqaXpQIe455WT2L&y=U2FsdGVkX1/1JQou4gqMCerio7Y2VBf/qZFAbtC/OAZy0l+zKqRRHgfTPkk+4O54 HTTP/1.1" 200 66
