!C99Shell v. 1.0 pre-release build #13!

Software: Apache. PHP/5.5.15 

uname -a: Windows NT SVR-DMZ 6.1 build 7600 (Windows Server 2008 R2 Enterprise Edition) i586 

SYSTEM 

Safe-mode: OFF (not secure)

E:\nuevo\apache\logs\   drwxrwxrwx
Free 7.33 GB of 239.26 GB (3.06%)
Detected drives: [ a ] [ c ] [ d ] [ e ] [ f ]
Home    Back    Forward    UPDIR    Refresh    Search    Buffer    Encoder    Tools    Proc.    FTP brute    Sec.    SQL    PHP-code    Update    Feedback    Self remove    Logout    


Viewing file:     access.2022.03.20.log (258.76 KB)      -rw-rw-rw-
Select action/file-type:
(+) | (+) | (+) | Code (+) | Session (+) | (+) | SDB (+) | (+) | (+) | (+) | (+) | (+) |
216.245.221.92 - - [20/Mar/2022:00:01:16 -0500] "HEAD / HTTP/1.1" 200 -
186.114.114.8 - - [20/Mar/2022:00:02:22 -0500] "GET /BLA/resoluciones/index.php?dir=RESOLUCIONES+2014%2F HTTP/1.1" 200 330271
34.141.254.201 - - [20/Mar/2022:00:03:23 -0500] "GET / HTTP/1.1" 200 319
157.55.39.218 - - [20/Mar/2022:00:06:05 -0500] "GET /BLA/resoluciones/index.php?dir=RESOLUCIONES+2021%2F HTTP/1.1" 200 290979
216.245.221.92 - - [20/Mar/2022:00:06:16 -0500] "HEAD / HTTP/1.1" 200 -
201.245.192.253 - - [20/Mar/2022:00:06:48 -0500] "POST /kwsrmcab/Wsrmcab HTTP/1.1" 200 114292
186.114.114.8 - - [20/Mar/2022:00:08:45 -0500] "GET /BLA/resoluciones/index.php?dir=RESOLUCIONES+2014%2F HTTP/1.1" 200 330271
152.61.192.232 - - [20/Mar/2022:00:11:02 -0500] "GET / HTTP/1.1" 200 319
216.245.221.92 - - [20/Mar/2022:00:11:16 -0500] "HEAD / HTTP/1.1" 200 -
186.102.60.54 - - [20/Mar/2022:00:13:38 -0500] "GET /kwssiamovil/sm/acme/a?s=U2FsdGVkX1/c+s3Mr/P9JVM2Eg7gadQkv7MNTh6x7b3RwxSwIiNf3O25BQsQqJjl88JQDUyr+jX+0AsopAgWeqTegEIOH33sheAgiWDuFrqG915LlccYJpkGHqEwjxAIOs0ihXLK8lRhSgDFm5PokrJ5yTaC3l3gUApcnXE99AVoIKeENR4uZl1cZWD3t+ToV3DuyaIQ44ftEtDVNsfM3+CsoRXSrYMBerNdICwOp7ERVK0vHq6uHlj2daJP4KD5N7+mO0WtbnuJYLLfI2b2TA==&u=U2FsdGVkX1+uY7l3r9w1KVg1XjHGJfL0XeL9k14/P50=&y=U2FsdGVkX18wfcMefI3QXMnDGhC5bnZSs+pFsqpCruh5iRFSBg6+jkeJfRjxQK4j HTTP/1.1" 200 25
186.102.60.54 - - [20/Mar/2022:00:13:39 -0500] "GET /kwssiamovil/sm/acme/a?s=U2FsdGVkX189M6piboj2tvV+PuXm5KojkOr5PI0MYx+lH7Ix7j885U1r3V7Xqw/kBoVkG4H6MYUo0Lo+BsBnWJSLFeT7rubyojVBrZNHd+ILDhKiq8w/cdYBvDOimra4KwSioor2A0bFdvUjOi6uwJC61YkeK7/NDbT5lEQBEogatgOeQu93K34HhJR9zj6P9vddp/iNvelYT420o3ajhLH+iFiC8FwFmXJ6QeGOZi4Ya1129Ms9tyTinc+Mp8CYBcpbwBFQZuik85OvyXjS7EmJi8dC6YvExK91q0qUMA2vuQA3gpOccexbJdPcCxtO6Vk84s0amO7GCu1KLS8LTAt3sIBYS70JIL4x6CypqnLGvT9roTwTSJQzdYjy+2JbNxNu7lkuMdcIuy673ESNUACr4QbNP5BjiMHYyBJavz5+QuFPNAl8Q/qy7idfV/5fVRgLORU8TjTNkX980778D+2ofbdHa5zsJa06mESaY46cfS9Qj/LkKrBcd2WJ7+RMXxDRb7xo7PNZgEc4IhuT55uxtvxXK+2+vUhO5RGxecXHtlDhs4L8+K2Zof66XwbzvSSKW2xPppoi1KsW7MwtA4dLGQu/AL0MIQ+9APqoyDCd7u7Q55qN0LfoaGUtvu/Fu2hWWIqbrwrDT6XsFpLklpovi52XoRGb/nRLBrZjXDfDIvPZ+DcevVBRF783jeKq3PAheXjK1anNN4dhqaYrIXNCN4uQhbLOaq616qI/vUk1/hhceTD28HAYk+75gZu+/dZN9mXFSFy4xodgIp4lCFpGUkrcz/raN9C+yt7FFLVwWFEuKxYJI8h5gsUShzhNVZXOgaUNPyw1gm4gpBSLjLrKZ/sH1W005IsQ3rguCKvWmq5Qlc4L4XhKirIv3OZ3DOB2Fj1KXhTUw6BaZ/WL/GfHyeu1JGAYYCJU14q9XX9jNbpy+jgidNbRGERw0SbeIQ4r/1PLdRQeG15cj66traa6A+vh+W5fpubbavkNpQozU6NkvxmP7V7n08JHlOYEvRqT+pE+TZPNV3QfpEill9a0dTO6rEulLtPT0G7utkc1o4OZUYFLh+fj3eozmVMeVP1gg2mcbZt2gOXiwdpX+lKCjH5Uqp0w/oMhs+tPVKLUSyEucVH22OZUBlfBM93r/MpwshHoElJD49vCGR8aRe5W/We6BtOeAEEbgUhUpBQiqZ9k6ZhsYsJDAoJZbUG0kmVzckM2dQvaT9zYVkW5G4Xu/Ai+Az8jZBXiccXygUG9ZUFcnQoZ8Lgr0siu242kC3KuAnGQ7krSO72VdOQDM5X2ZAnVXCLGEwX7WJOOx5q87RJbeECwEoTHuNjvO6rE&u=U2FsdGVkX1+uY7l3r9w1KVg1XjHGJfL0XeL9k14/P50=&y=U2FsdGVkX18wfcMefI3QXMnDGhC5bnZSs+pFsqpCruh5iRFSBg6+jkeJfRjxQK4j HTTP/1.1" 200 25
186.102.60.54 - - [20/Mar/2022:00:13:39 -0500] "GET /kwssiamovil/sm/acme/a?s=U2FsdGVkX18RcVzE4PcOcdrUkcP8VQ059lt9wRZ+5oQBo6IeVY9BvnCHQkJKToM2F09UNUdi8tmgmGD6v00aG+HFaBwKVMZxi8DzCURORMZX9hfZkaeQzaQ39rgC2CIXY7/hSIt1lftLpHIf4d23XlhAacYrtL9ShvgnnqqATJ4=&u=U2FsdGVkX1+uY7l3r9w1KVg1XjHGJfL0XeL9k14/P50=&y=U2FsdGVkX18wfcMefI3QXMnDGhC5bnZSs+pFsqpCruh5iRFSBg6+jkeJfRjxQK4j HTTP/1.1" 200 25
186.102.60.54 - - [20/Mar/2022:00:13:39 -0500] "GET /kwssiamovil/sm/acme/a?s=U2FsdGVkX1815CXwq2dysP0FKn/9dTdy73r3kC4uAtVnYAc/rz4TnoPs5Att1Uga3Orhy0SeOXBmEN76Tr5Qa6OYuUBavZwRxiR0evcNIWrIJ2fOGe1FY+rPqFfshp4GwYknAm/uX2MIdC1ZpvE6VnnIZIsMMsIrX2Lko2hyijU=&u=U2FsdGVkX1+uY7l3r9w1KVg1XjHGJfL0XeL9k14/P50=&y=U2FsdGVkX18wfcMefI3QXMnDGhC5bnZSs+pFsqpCruh5iRFSBg6+jkeJfRjxQK4j HTTP/1.1" 200 25
186.102.60.54 - - [20/Mar/2022:00:13:40 -0500] "GET /kwssiamovil/sm/acme/a?s=U2FsdGVkX18hXR7AnPtjtChN9JHGcCkLhOvtzYbm3tSjhaD79acuQmO1OYIx6JGF2Tu/YjcKg62P+Dyt6KqO9mo2tml0CCKtlFORhgKBizxzfbQqr1iVEAqkZwZqi8Qb36vej3GpJy8xAWyBWAkP108iqouoYTfgA9FbC6YHJew=&u=U2FsdGVkX1+uY7l3r9w1KVg1XjHGJfL0XeL9k14/P50=&y=U2FsdGVkX18wfcMefI3QXMnDGhC5bnZSs+pFsqpCruh5iRFSBg6+jkeJfRjxQK4j HTTP/1.1" 200 25
186.102.60.54 - - [20/Mar/2022:00:13:40 -0500] "GET /kwssiamovil/sm/acme/a?s=U2FsdGVkX19knwoOFVoRgWw8q6RcAynDaPNXbmIjafvxJ465ch936ikAK8SlYrTeiHpWOoiuvwd3VfzPElehZ58CogR26SIPnqfQzBybjYjUPHXw3Sj9m53nwqi/KeHtpF5NtIfOpqKHlDnXs9jZheaOzyr3YrNkBI9GOhokBEZB8SUhiQRx8+XRTs9L08FT&u=U2FsdGVkX1+uY7l3r9w1KVg1XjHGJfL0XeL9k14/P50=&y=U2FsdGVkX18wfcMefI3QXMnDGhC5bnZSs+pFsqpCruh5iRFSBg6+jkeJfRjxQK4j HTTP/1.1" 200 25
207.46.13.43 - - [20/Mar/2022:00:15:42 -0500] "GET /bla/resoluciones/resoluciones%202014/1114.pdf HTTP/1.1" 200 1738878
152.61.128.50 - - [20/Mar/2022:00:16:15 -0500] "GET / HTTP/1.1" 200 319
216.245.221.92 - - [20/Mar/2022:00:16:16 -0500] "HEAD / HTTP/1.1" 200 -
201.245.192.253 - - [20/Mar/2022:00:16:52 -0500] "POST /kwsrmcab/Wsrmcab HTTP/1.1" 200 114292
202.100.212.115 - - [20/Mar/2022:00:19:42 -0500] "GET / HTTP/1.1" 200 319
66.249.75.63 - - [20/Mar/2022:00:20:17 -0500] "-" 408 -
201.245.192.253 - - [20/Mar/2022:00:20:21 -0500] "POST /kwsrmcab/Wsrmcab HTTP/1.1" 200 45459
216.245.221.92 - - [20/Mar/2022:00:21:16 -0500] "HEAD / HTTP/1.1" 200 -
201.245.192.253 - - [20/Mar/2022:00:21:06 -0500] "POST /kwsrmcab/Wsrmcab HTTP/1.1" 200 45036
201.245.192.253 - - [20/Mar/2022:00:23:15 -0500] "POST /kwsrmcab/Wsrmcab HTTP/1.1" 200 114292
216.245.221.92 - - [20/Mar/2022:00:26:16 -0500] "HEAD / HTTP/1.1" 200 -
216.245.221.92 - - [20/Mar/2022:00:31:16 -0500] "HEAD / HTTP/1.1" 200 -
201.245.192.253 - - [20/Mar/2022:00:30:21 -0500] "POST /kwsrmcab/Wsrmcab HTTP/1.1" 200 45459
201.245.192.253 - - [20/Mar/2022:00:31:29 -0500] "POST /kwsrmcab/Wsrmcab HTTP/1.1" 200 45036
1.38.188.4 - - [20/Mar/2022:00:32:20 -0500] "GET /galeria/galeria/jquery.fancybox.css?v=2.1.5 HTTP/1.1" 200 4895
1.38.188.4 - - [20/Mar/2022:00:32:20 -0500] "GET /BLA/boletinlegal/js/jquery.scrollShow.js HTTP/1.1" 200 4586
1.38.188.4 - - [20/Mar/2022:00:32:20 -0500] "GET /galeria/galeria/jquery.fancybox.js?v=2.1.5 HTTP/1.1" 200 48706
201.245.192.253 - - [20/Mar/2022:00:34:48 -0500] "POST /kwsrmcab/Wsrmcab HTTP/1.1" 200 114292
186.114.114.8 - - [20/Mar/2022:00:35:51 -0500] "GET /BLA/resoluciones/index.php?dir=RESOLUCIONES+2015%2F HTTP/1.1" 200 129010
186.114.114.8 - - [20/Mar/2022:00:36:03 -0500] "GET /BLA/resoluciones/RESOLUCIONES%202015/2732.pdf HTTP/1.1" 200 954584
216.245.221.92 - - [20/Mar/2022:00:36:15 -0500] "HEAD / HTTP/1.1" 200 -
186.114.114.8 - - [20/Mar/2022:00:40:03 -0500] "GET /BLA/resoluciones/RESOLUCIONES%202015/2729.pdf HTTP/1.1" 200 1191229
186.114.114.8 - - [20/Mar/2022:00:40:06 -0500] "GET /BLA/resoluciones/RESOLUCIONES%202015/2730.pdf HTTP/1.1" 200 1088332
201.245.192.253 - - [20/Mar/2022:00:40:21 -0500] "POST /kwsrmcab/Wsrmcab HTTP/1.1" 200 45459
173.252.107.6 - - [20/Mar/2022:00:41:14 -0500] "GET /images/humedal-agua-lluvias-bogota-18-marzo.jpg HTTP/1.1" 200 146923
216.245.221.92 - - [20/Mar/2022:00:41:15 -0500] "HEAD / HTTP/1.1" 200 -
54.39.16.124 - - [20/Mar/2022:00:41:59 -0500] "GET /no-uses-las-palmas-silvestres-en-celebraciones-de-semana-santa-protegelas.html HTTP/1.1" 200 980
201.245.192.253 - - [20/Mar/2022:00:41:12 -0500] "POST /kwsrmcab/Wsrmcab HTTP/1.1" 200 45036
66.249.75.36 - - [20/Mar/2022:00:42:14 -0500] "-" 408 -
186.114.114.8 - - [20/Mar/2022:00:42:17 -0500] "GET /BLA/resoluciones/RESOLUCIONES%202015/2728.pdf HTTP/1.1" 200 1174753
216.245.221.92 - - [20/Mar/2022:00:46:15 -0500] "HEAD / HTTP/1.1" 200 -
207.46.13.209 - - [20/Mar/2022:00:48:09 -0500] "GET /bla/boletinlegal/actos.php/niceforms.js HTTP/1.1" 200 9559
201.245.192.253 - - [20/Mar/2022:00:47:51 -0500] "POST /kwsrmcab/Wsrmcab HTTP/1.1" 200 114292
66.249.75.63 - - [20/Mar/2022:00:49:55 -0500] "-" 408 -
216.245.221.92 - - [20/Mar/2022:00:51:15 -0500] "HEAD / HTTP/1.1" 200 -
186.114.114.8 - - [20/Mar/2022:00:51:51 -0500] "GET /BLA/resoluciones/RESOLUCIONES%202015/2681.pdf HTTP/1.1" 200 756058
186.114.114.8 - - [20/Mar/2022:00:53:41 -0500] "GET /BLA/resoluciones/index.php?dir=RESOLUCIONES+2016%2F HTTP/1.1" 200 163824
201.245.192.253 - - [20/Mar/2022:00:52:58 -0500] "POST /kwsrmcab/Wsrmcab HTTP/1.1" 200 114292
186.114.114.8 - - [20/Mar/2022:00:53:54 -0500] "GET /BLA/resoluciones/RESOLUCIONES%202016/2055.pdf HTTP/1.1" 200 688625
17.121.112.84 - - [20/Mar/2022:00:55:27 -0500] "-" 408 -
216.245.221.92 - - [20/Mar/2022:00:56:15 -0500] "HEAD / HTTP/1.1" 200 -
66.249.75.63 - - [20/Mar/2022:00:56:27 -0500] "-" 408 -
186.114.114.8 - - [20/Mar/2022:00:56:35 -0500] "GET /BLA/resoluciones/RESOLUCIONES%202016/1644.pdf HTTP/1.1" 200 893205
152.61.192.232 - - [20/Mar/2022:00:57:02 -0500] "GET /arcgis/services/Calidad_del_Agua_WQI/MapServer/WMSServer?request=GetCapabilities&service=WMS HTTP/1.1" 503 1020
152.61.192.232 - - [20/Mar/2022:00:57:03 -0500] "GET /arcgis/services/Calidad_del_Agua_WQI/MapServer/WMSServer?SERVICE=WMS&REQUEST=GetCapabilities HTTP/1.1" 503 1020
152.61.192.232 - - [20/Mar/2022:00:57:03 -0500] "GET /arcgis/services/Calidad_del_Agua_WQI/MapServer/WMSServer?WMTVER=1.0.0&REQUEST=capabilities HTTP/1.1" 503 1020
186.102.40.54 - - [20/Mar/2022:00:58:44 -0500] "GET /kwssiamovil/sm/acme/a?s=U2FsdGVkX1+brC3HhTGX/r3YkatzeT6PSY8qebQmkb1Jc8QyMA+XAUnNT8QP5J+440fDkg0HcjbDqvN/t9xmY3MVwPs4OTMOMn72Y4404ogE9lgMJO+Lnqnry2mg1YcWIlbTIHcr+9TFpkP3zCHzp72JQEmRW5JdRgUuG0H81OYDxzcOdlPvwyDBtE81fwbDPtVTg2cdo1Cr8qKaDwgLHmHBRjE4vnjC1LiT02tzsYPecbqyV7wY6j32WJMovxef5XPhHhdKs1EZ0V8crc+xoA==&u=U2FsdGVkX1+uY7l3r9w1KVg1XjHGJfL0XeL9k14/P50=&y=U2FsdGVkX18wfcMefI3QXMnDGhC5bnZSs+pFsqpCruh5iRFSBg6+jkeJfRjxQK4j HTTP/1.1" 200 25
186.102.40.54 - - [20/Mar/2022:00:58:44 -0500] "GET /kwssiamovil/sm/acme/a?s=U2FsdGVkX1/dIi1crfsEWWQaxmJozW7p/p/A6skp3b7KIJZD0zh0yZ1XMeLyn6vksHN7foM2YX/rXIZ7rTbMJ7rbCyt2Wk8F149/MzMqcbgDvVb99CCv+nbU6CDl1x74r2jTjRQYoTK4F10OB6Qeix7icKxWWUC2Ydl0NFvrsnisvoyVbFBenFIeNXAwS8P5cXQllEM4a1rt1kcv15ZXZZiI1DWf4wb2lkLgrFNT7Rw72vbxtruziBbk0fs/IqpzzKR46EjtVsNQE8hcfNG/9+BJbSppmQ6u8IehMknHN+tgQu7RdiCOnT55Nz8jji17IH4RdIMB45pvltts60Um609oGM55aSH4GvqHZjCANu3NnZLWPr1ThFtBcdrZcUVJeJHrYfExNGvX5wYwzdnq507SSJz73Ltn7TRNyfHUmF5alpe0TV+o5KmOJdGBcW/wIcmkkr+2R+QGfmDPitPPmnu7Koi1ovI88Mc7NHjSdTl5Ovf023d8g8h/+5t0GcQRwbuc8kHu+NukFZF5cYsstken5vVAEOa4I+UQTCF4xdsYvEvRXWBVWGZ4peyaaagqsD22SVabUhRl0UPbU0epYZLrRyr6hWnQ+bYxsj75lL550IuaXNdVxG+i6ypuGogVgsZxMUH8TUiiFvaRgIwM06NOVN0D7QMFKNU8wuEy4FCmpoPzEV96JG5j58THr+tjWiCu0QV4+IhVJbtdbV//g0wy/ADOVHcxkmpv2SEPI0l9tn70b05LPDpCVYBP5w0LICyTwfGDFt1anZiUDMOJebGiO1IfuuJu7XvNfhN7wCzmlaYP1/D9PHI8HeelWMXXwG/FumgKEBp92Gc/IJms9OOHUVEFqeDEaVhB+Fv2SCu1XSHObqC1mYKqJIvrqLqpwFTT7YhIi76z0+b9RQwJdoGGn4xgg7gpuaIlEgWaQmmd0ict9SbqqOTydVXi7EkGIRrrXTejEmABmXpFbZrSOUvX1sEtufyhPgPd5x8OK5Y1ivu7u9KNEHB3Gujm6cgIvOpodEdLV/oYq1qsbFifdeFTtVhSgKg3mjT8BtYbtwXqO4En/k49EB4tmkuLJZlgYGQy1iTbH1kpUfBFHRLEyfm8l28m9tTxi9C/tnV6NDU=&u=U2FsdGVkX1+uY7l3r9w1KVg1XjHGJfL0XeL9k14/P50=&y=U2FsdGVkX18wfcMefI3QXMnDGhC5bnZSs+pFsqpCruh5iRFSBg6+jkeJfRjxQK4j HTTP/1.1" 200 25
186.102.40.54 - - [20/Mar/2022:00:58:44 -0500] "GET /kwssiamovil/sm/acme/a?s=U2FsdGVkX1+WUlZeCkJ4+z4yArLc3XDm2dBg5Hz3zI47ZPV6xMD76soihG3idKTcfy/daKo7d9OtOjNZHd21s4ItV3gaYdzBCD7CM+4Sj7b4EGJPebDu0p8WyqiedJAPpnT2Qv1T5wMLP4oBYnPlZr6IkfnH8PvQcseFeGeztug=&u=U2FsdGVkX1+uY7l3r9w1KVg1XjHGJfL0XeL9k14/P50=&y=U2FsdGVkX18wfcMefI3QXMnDGhC5bnZSs+pFsqpCruh5iRFSBg6+jkeJfRjxQK4j HTTP/1.1" 200 25
186.102.40.54 - - [20/Mar/2022:00:58:45 -0500] "GET /kwssiamovil/sm/acme/a?s=U2FsdGVkX18iRDpaY89GlmBT6nRQkhg4zteFpKjeXMAhG8kdpWrcv5TagNJCX39z4tNsKzI2J3b12SEwRCEIUg6UK7kn9H8guPqV+RJ1OL9kaBJobValyKPiL0/6fTDUTXIHK6cRW71Q1VdDJx4/hM2iPY+chS8xOFaANmhN5sY=&u=U2FsdGVkX1+uY7l3r9w1KVg1XjHGJfL0XeL9k14/P50=&y=U2FsdGVkX18wfcMefI3QXMnDGhC5bnZSs+pFsqpCruh5iRFSBg6+jkeJfRjxQK4j HTTP/1.1" 200 25
186.102.40.54 - - [20/Mar/2022:00:58:45 -0500] "GET /kwssiamovil/sm/acme/a?s=U2FsdGVkX1+gYj5xuSBmWBTJP+KEAgWN4FA3FwABH6AvwP1hoygiZ9niMJZgM18+SoXvFL3YYUav+XuNszuP6b+pNbrOh3kPXpntsD00rYPCBiL3mXaxSYQgYocjpH4q+Rnc/TDVqBudOjEqozkG5V7BQi8LzVWSEMM4mUoU0tI=&u=U2FsdGVkX1+uY7l3r9w1KVg1XjHGJfL0XeL9k14/P50=&y=U2FsdGVkX18wfcMefI3QXMnDGhC5bnZSs+pFsqpCruh5iRFSBg6+jkeJfRjxQK4j HTTP/1.1" 200 25
186.102.40.54 - - [20/Mar/2022:00:58:45 -0500] "GET /kwssiamovil/sm/acme/a?s=U2FsdGVkX1/RlWgkRvIzBfw8wBNPjsc5Hc0qJxDuTGKc/XjY6ZYvkhSZXAAQcUa9PJCcYDxBnxCYgW3feItX/bKFEQNngQQH4hbriE/yDUYaUms5S4RjZF9GWJdRG8v6ld2+QA2Iv8ZWfnME4MDTwpPcD8rlKg8+lPzPDrJBCx1Qh2NwVJe4qanW/woUNH52&u=U2FsdGVkX1+uY7l3r9w1KVg1XjHGJfL0XeL9k14/P50=&y=U2FsdGVkX18wfcMefI3QXMnDGhC5bnZSs+pFsqpCruh5iRFSBg6+jkeJfRjxQK4j HTTP/1.1" 200 25
186.114.114.8 - - [20/Mar/2022:01:00:10 -0500] "GET /BLA/resoluciones/RESOLUCIONES%202016/0146.pdf HTTP/1.1" 200 1414563
207.46.13.179 - - [20/Mar/2022:01:00:23 -0500] "GET /BLA/resoluciones/AUTOS%202019/4270.pdf HTTP/1.1" 304 -
216.245.221.92 - - [20/Mar/2022:01:01:15 -0500] "HEAD / HTTP/1.1" 200 -
66.249.75.63 - - [20/Mar/2022:01:02:09 -0500] "-" 408 -
186.114.114.8 - - [20/Mar/2022:01:02:58 -0500] "GET /BLA/resoluciones/index.php?dir=RESOLUCIONES+2016%2F HTTP/1.1" 200 163824
167.94.138.46 - - [20/Mar/2022:01:03:27 -0500] "GET / HTTP/1.1" 200 319
167.94.138.46 - - [20/Mar/2022:01:03:27 -0500] "PRI * HTTP/2.0" 400 946
152.61.128.50 - - [20/Mar/2022:01:04:23 -0500] "GET /arcgis/services/Calidad_del_Agua_WQI/MapServer/WMSServer?request=GetCapabilities&service=WMS HTTP/1.1" 503 1020
152.61.128.50 - - [20/Mar/2022:01:04:24 -0500] "GET /arcgis/services/Calidad_del_Agua_WQI/MapServer/WMSServer?SERVICE=WMS&REQUEST=GetCapabilities HTTP/1.1" 503 1020
152.61.128.50 - - [20/Mar/2022:01:04:25 -0500] "GET /arcgis/services/Calidad_del_Agua_WQI/MapServer/WMSServer?WMTVER=1.0.0&REQUEST=capabilities HTTP/1.1" 503 1020
201.245.192.253 - - [20/Mar/2022:01:04:02 -0500] "POST /kwsrmcab/Wsrmcab HTTP/1.1" 200 213
216.245.221.92 - - [20/Mar/2022:01:06:15 -0500] "HEAD / HTTP/1.1" 200 -
186.114.114.8 - - [20/Mar/2022:01:06:22 -0500] "GET /BLA/resoluciones/index.php?dir=RESOLUCIONES+2018%2F HTTP/1.1" 200 258002
186.114.114.8 - - [20/Mar/2022:01:06:30 -0500] "GET /BLA/resoluciones/RESOLUCIONES%202018/0957.pdf HTTP/1.1" 200 357043
66.249.75.63 - - [20/Mar/2022:01:08:02 -0500] "-" 408 -
186.114.114.8 - - [20/Mar/2022:01:09:57 -0500] "GET /BLA/resoluciones/RESOLUCIONES%202018/0930.pdf HTTP/1.1" 200 345623
216.245.221.92 - - [20/Mar/2022:01:11:15 -0500] "HEAD / HTTP/1.1" 200 -
69.63.184.5 - - [20/Mar/2022:01:11:23 -0500] "GET /images/oso-peresozo-25-nov.jpg HTTP/1.1" 200 301880
69.63.184.4 - - [20/Mar/2022:01:11:24 -0500] "GET /images/oso-peresozo-25-nov.jpg HTTP/1.1" 200 301880
207.46.13.43 - - [20/Mar/2022:01:11:27 -0500] "GET /bla/resoluciones/resoluciones%202014/2842.pdf HTTP/1.1" 200 398877
186.114.114.8 - - [20/Mar/2022:01:12:38 -0500] "GET /BLA/resoluciones/index.php?dir=RESOLUCIONES+2017%2F HTTP/1.1" 200 277135
186.114.114.8 - - [20/Mar/2022:01:12:44 -0500] "GET /BLA/resoluciones/RESOLUCIONES%202017/0897.pdf HTTP/1.1" 200 388870
173.252.107.4 - - [20/Mar/2022:01:13:16 -0500] "GET /images/humedal-agua-lluvias-bogota-18-marzo.jpg HTTP/1.1" 200 146923
201.245.192.253 - - [20/Mar/2022:01:13:29 -0500] "POST /kwsrmcab/Wsrmcab HTTP/1.1" 200 114297
186.114.114.8 - - [20/Mar/2022:01:14:24 -0500] "GET /BLA/resoluciones/RESOLUCIONES%202017/0087.pdf HTTP/1.1" 200 397993
186.102.40.54 - - [20/Mar/2022:01:14:46 -0500] "GET /kwssiamovil/sm/acme/a?s=U2FsdGVkX1/4NPM+3Ud1iJGyZQMI3wGiRQ+VNx+bCXID2lHINAteRFwm20L/P3EXwWaXUn+0ZZ4lM22/3WKS7XyGzElOe290r7hVucupyHppKg8GAf83Tm7v2H16hW2/mPO1SZl0hBua/vHp59FqcsD/MJ05jSAqf4z5HaubsJR9XFsXS/E4gCd29sRCSKLZHlpCkXDbMhqwIYQbpnrXnrYvrdA93nVWK8aEtBqIU3n2ZmUmLrxMK+1UaUiWYfANS5t1sRxWdta+mTlrX65sBg==&u=U2FsdGVkX1+uY7l3r9w1KVg1XjHGJfL0XeL9k14/P50=&y=U2FsdGVkX18wfcMefI3QXMnDGhC5bnZSs+pFsqpCruh5iRFSBg6+jkeJfRjxQK4j HTTP/1.1" 200 25
186.102.40.54 - - [20/Mar/2022:01:14:46 -0500] "GET /kwssiamovil/sm/acme/a?s=U2FsdGVkX19/CAqAMq+SeC/rzbNOD5a+VDm1j1vBa/BrEfvyPy8ngZEkJr+QrWCvaxVnkK1XvdgacqqQVJcbOtMSD+6GD6cE92VsDWF5eDitsYX6G+CF9Le+emTt8ugPRZo/bqg7aR3H6vrbOhkPe/KFmuotBvyjnMfe2q3AZcTK973GjWIjS+KHgr0rtidoeLn3WVI/P792hLDzRO/L/2k4FCx+je4cdePJbDNnCXWYdg7BgRh7ILzBFPvVLrRaGMZvVedX2HqirWBTmF40E3KfUeZc10QcTIs68BzX0R4mpTxve+yJjjJ5REhDi7vFJMEwGMzdalaO2NYZ1qghsYre/8tDDVJKWw+n1dHRq9XGoaIR6zZp8pELaeW+ordndAIRyWMXWJr/UdU9J7FIRIVBvCVr2sJgvE90bqsmzOLHAFW8AelQEpkTTKd5vJFiHxPVhQEQBo1OvX3fqzzMtMFvKQL8ryWD8/ifPWAPELiwHWIc6hP+PSIBuHng2fZRgDdGwNS+xTW1ILvqiT0fa0lmn/RF/AeIgYxgMhPARpSNMbiMOwmoTRp+l6gpZTPM0ohMBXiFMg+ga5vb2YuF/VCgZx+Zy9pCQg3gIxwWwIfrmBNexQeRECEJYRdtmOR6MLie/P8u3CcfltZ7rmqELBE+708GUhFQO7sbjBev3fzyWJSBiYHZUOkqHAWyotz1DNBiI7vektFDEn9Ce95blfB98QaUI88IqhABOOd+aZCnydYsFWotSccDIn0ZSS5qaL/AEVPnmXfBIhrD1rqvVmkmR5c5tcVhjWYB32LuG3smMA+Ww+C+D+M6Kd9Ts0GIv05Nq5uniCSevFF/DgutxpCJLZF3G1kTxf5f0B2KetlfaYhlfYrRQvDQGhk6LAfejjFB2moboy2IoB3LRijtHHzW6kCRtNXUWszncfseX8Dy9ZdQBHdaC5pRBF4CmlNtQOG0g15f5zxP3mPkD37rQAyG7WArCJAv+6EjGw6CGi4jCV/f1M9UU8S4ssduBu36OskkxeqLhcN9rz5vK0er9Ywo+HitFMdkgznIcJFllpn535iPJudWYM9p8W537KCdOcssazvMfCI3TODmsnRN2rSae8WOjvfoN61VZFxOl9pBjYi9dViq31LV1d+jX2G08URwvXPuQ1mBcKbOfsljpSIjyYf5vINL7/6AcIJicjPrCOZQzaMzsPDuBEsCInJBpBrs/ioUCZrvdS7M4qvQQfsb4FmsYn0tnaWly6Q2ecwNZLK15kteQS/F2HR3BuLq&u=U2FsdGVkX1+uY7l3r9w1KVg1XjHGJfL0XeL9k14/P50=&y=U2FsdGVkX18wfcMefI3QXMnDGhC5bnZSs+pFsqpCruh5iRFSBg6+jkeJfRjxQK4j HTTP/1.1" 200 25
186.102.40.54 - - [20/Mar/2022:01:14:47 -0500] "GET /kwssiamovil/sm/acme/a?s=U2FsdGVkX19322KjDVhcHBQPo/8swNXUnjnFZdrdlLfc8AUYg7zLoq/gR6ae63wHIujMxTRBZtjAHeQ5P+xR+he1WdKdzq3D5uesaQjKN4stvCWvEDKuqBRLSmIMLzXmAZJhN01kJqE/cI4qBCvcf+8PAuNh8lB/6PJbZqBzUSk=&u=U2FsdGVkX1+uY7l3r9w1KVg1XjHGJfL0XeL9k14/P50=&y=U2FsdGVkX18wfcMefI3QXMnDGhC5bnZSs+pFsqpCruh5iRFSBg6+jkeJfRjxQK4j HTTP/1.1" 200 25
186.102.40.54 - - [20/Mar/2022:01:14:47 -0500] "GET /kwssiamovil/sm/acme/a?s=U2FsdGVkX1/MZaKxa6qDXWPrI0Wrt1UDim6UqTjqL3yhvtQto8vXSn07kpuej/7XNVpPVpSECubxpdK2u3TCZ0NSPok3/RqD37zEnoy2uJ1p28+94y7FQ52QHrRpTERa/hAkQiKF9gvRACTqkKHxZFAXD6gzlSQ8T3ujlV8Gxx4=&u=U2FsdGVkX1+uY7l3r9w1KVg1XjHGJfL0XeL9k14/P50=&y=U2FsdGVkX18wfcMefI3QXMnDGhC5bnZSs+pFsqpCruh5iRFSBg6+jkeJfRjxQK4j HTTP/1.1" 200 25
186.102.40.54 - - [20/Mar/2022:01:14:47 -0500] "GET /kwssiamovil/sm/acme/a?s=U2FsdGVkX1/0zfORSjturVLW1+h/Z6e0dRz65rE3cqufuHynJ3Z26bhpCB13jROQmTlTXUD3jS70mEkB9ogShDTMZ2wbY0TCoOxZUublIuyoLVr0zMG/mGXN81OdYR2GXXTEHZIhRd01O9vatxj2lrVdHViGGyL7VpuEuJ+3WLs=&u=U2FsdGVkX1+uY7l3r9w1KVg1XjHGJfL0XeL9k14/P50=&y=U2FsdGVkX18wfcMefI3QXMnDGhC5bnZSs+pFsqpCruh5iRFSBg6+jkeJfRjxQK4j HTTP/1.1" 200 25
186.102.40.54 - - [20/Mar/2022:01:14:47 -0500] "GET /kwssiamovil/sm/acme/a?s=U2FsdGVkX1//G9PCm5KFGXZRsPBqO6sd4OlBHDqPS+p6Xm5kFm0tQXMlxHgu+dBzz5HQ63RVLkj6+uq+EmyXo8oSgwp7Sg2TlY3loznnVaeUctQyK/Ejr7W2r9Mrm+fFDbHMySDEoyqH7vtG9cvRDe74+302mre1zJ/UoLr+HgzDOuvivfabz3b0e31fDK2f&u=U2FsdGVkX1+uY7l3r9w1KVg1XjHGJfL0XeL9k14/P50=&y=U2FsdGVkX18wfcMefI3QXMnDGhC5bnZSs+pFsqpCruh5iRFSBg6+jkeJfRjxQK4j HTTP/1.1" 200 25
186.114.114.8 - - [20/Mar/2022:01:15:30 -0500] "GET /BLA/resoluciones/index.php?dir=RESOLUCIONES+2018%2F HTTP/1.1" 200 258002
186.114.114.8 - - [20/Mar/2022:01:15:41 -0500] "GET /BLA/resoluciones/RESOLUCIONES%202018/0801.pdf HTTP/1.1" 200 400031
216.245.221.92 - - [20/Mar/2022:01:16:15 -0500] "HEAD / HTTP/1.1" 200 -
186.114.114.8 - - [20/Mar/2022:01:16:36 -0500] "GET /BLA/resoluciones/RESOLUCIONES%202018/0672.pdf HTTP/1.1" 200 378764
186.114.114.8 - - [20/Mar/2022:01:17:24 -0500] "GET /BLA/resoluciones/index.php?dir=RESOLUCIONES+2017%2F HTTP/1.1" 200 277135
186.114.114.8 - - [20/Mar/2022:01:17:38 -0500] "GET /BLA/resoluciones/RESOLUCIONES%202017/0561.pdf HTTP/1.1" 200 607309
157.55.39.218 - - [20/Mar/2022:01:19:31 -0500] "GET /bla/resoluciones/resoluciones%202014/1718.pdf HTTP/1.1" 200 424973
190.237.29.235 - - [20/Mar/2022:01:20:20 -0500] "GET /galeria/galeria/jquery.fancybox.css?v=2.1.5 HTTP/1.1" 200 4895
190.237.29.235 - - [20/Mar/2022:01:20:20 -0500] "GET /galeria/galeria/jquery.fancybox.js?v=2.1.5 HTTP/1.1" 200 48706
201.245.192.253 - - [20/Mar/2022:01:20:21 -0500] "POST /kwsrmcab/Wsrmcab HTTP/1.1" 200 45285
216.245.221.92 - - [20/Mar/2022:01:21:15 -0500] "HEAD / HTTP/1.1" 200 -
186.114.114.8 - - [20/Mar/2022:01:21:20 -0500] "GET /BLA/resoluciones/RESOLUCIONES%202017/0446.pdf HTTP/1.1" 200 696401
201.245.192.253 - - [20/Mar/2022:01:21:10 -0500] "POST /kwsrmcab/Wsrmcab HTTP/1.1" 200 45041
45.83.67.245 - - [20/Mar/2022:01:23:35 -0500] "GET / HTTP/1.1" 200 319
45.83.67.213 - - [20/Mar/2022:01:23:35 -0500] "GET /favicon.ico HTTP/1.1" 200 7782
201.245.192.253 - - [20/Mar/2022:01:23:04 -0500] "POST /kwsrmcab/Wsrmcab HTTP/1.1" 200 114297
207.46.13.157 - - [20/Mar/2022:01:24:52 -0500] "GET /bla/resoluciones/resoluciones%202014/0140.pdf HTTP/1.1" 200 873620
216.245.221.92 - - [20/Mar/2022:01:26:15 -0500] "HEAD / HTTP/1.1" 200 -
186.114.114.8 - - [20/Mar/2022:01:26:21 -0500] "GET /BLA/resoluciones/RESOLUCIONES%202017/3641.pdf HTTP/1.1" 200 530391
207.46.13.209 - - [20/Mar/2022:01:29:43 -0500] "GET /bla/resoluciones/resoluciones%202014/1429.pdf HTTP/1.1" 200 839648
207.46.13.209 - - [20/Mar/2022:01:29:45 -0500] "GET /bla/resoluciones/resoluciones%202021/3105.pdf HTTP/1.1" 200 369410
186.114.114.8 - - [20/Mar/2022:01:30:16 -0500] "GET /BLA/resoluciones/RESOLUCIONES%202017/3317.pdf HTTP/1.1" 200 257977
186.114.114.8 - - [20/Mar/2022:01:30:24 -0500] "GET /BLA/resoluciones/RESOLUCIONES%202017/3533.pdf HTTP/1.1" 200 401562
201.245.192.253 - - [20/Mar/2022:01:30:21 -0500] "POST /kwsrmcab/Wsrmcab HTTP/1.1" 200 45285
216.245.221.92 - - [20/Mar/2022:01:31:15 -0500] "HEAD / HTTP/1.1" 200 -
201.245.192.253 - - [20/Mar/2022:01:31:10 -0500] "POST /kwsrmcab/Wsrmcab HTTP/1.1" 200 45041
186.114.114.8 - - [20/Mar/2022:01:33:05 -0500] "GET /BLA/resoluciones/RESOLUCIONES%202017/3363.pdf HTTP/1.1" 200 363182
173.252.107.18 - - [20/Mar/2022:01:33:39 -0500] "GET /images/feria-servicios-atencion-24-febrero.jpg HTTP/1.1" 200 31800
173.252.107.120 - - [20/Mar/2022:01:33:39 -0500] "GET /images/humedal-observatorio-26-febrero.jpg HTTP/1.1" 200 21641
69.63.189.1 - - [20/Mar/2022:01:33:42 -0500] "GET /images/pieza-residuos-hospitalarios-11-febrero.jpg HTTP/1.1" 200 38755
173.252.107.5 - - [20/Mar/2022:01:33:42 -0500] "GET /images/reciclaton-fontibon-17-febrero.jpg HTTP/1.1" 200 56077
66.249.75.36 - - [20/Mar/2022:01:34:41 -0500] "-" 408 -
216.245.221.92 - - [20/Mar/2022:01:36:15 -0500] "HEAD / HTTP/1.1" 200 -
201.245.192.253 - - [20/Mar/2022:01:35:47 -0500] "POST /kwsrmcab/Wsrmcab HTTP/1.1" 200 114297
186.114.114.8 - - [20/Mar/2022:01:38:47 -0500] "GET /BLA/resoluciones/RESOLUCIONES%202017/2981.pdf HTTP/1.1" 200 382855
186.114.114.8 - - [20/Mar/2022:01:41:03 -0500] "GET /BLA/resoluciones/RESOLUCIONES%202017/2973.pdf HTTP/1.1" 200 333418
201.245.192.253 - - [20/Mar/2022:01:40:21 -0500] "POST /kwsrmcab/Wsrmcab HTTP/1.1" 200 45285
216.245.221.92 - - [20/Mar/2022:01:41:15 -0500] "HEAD / HTTP/1.1" 200 -
201.245.192.253 - - [20/Mar/2022:01:41:11 -0500] "POST /kwsrmcab/Wsrmcab HTTP/1.1" 200 45041
86.190.197.99 - - [20/Mar/2022:01:42:08 -0500] "GET /mysql/pMA/index.php?lang=en HTTP/1.1" 404 1018
86.190.197.99 - - [20/Mar/2022:01:42:09 -0500] "GET /PMA2011/index.php?lang=en HTTP/1.1" 404 1018
86.190.197.99 - - [20/Mar/2022:01:42:09 -0500] "GET /sql/phpmanager/index.php?lang=en HTTP/1.1" 404 1018
86.190.197.99 - - [20/Mar/2022:01:42:09 -0500] "GET /sql/sql/index.php?lang=en HTTP/1.1" 404 1018
86.190.197.99 - - [20/Mar/2022:01:42:09 -0500] "GET /mysql/web/index.php?lang=en HTTP/1.1" 404 1018
86.190.197.99 - - [20/Mar/2022:01:42:09 -0500] "GET /sql/php-myadmin/index.php?lang=en HTTP/1.1" 404 1018
86.190.197.99 - - [20/Mar/2022:01:42:09 -0500] "GET /administrator/phpmyadmin/index.php?lang=en HTTP/1.1" 404 1018
86.190.197.99 - - [20/Mar/2022:01:42:10 -0500] "GET /admin/sqladmin/index.php?lang=en HTTP/1.1" 404 1018
86.190.197.99 - - [20/Mar/2022:01:42:10 -0500] "GET /phpmyadmin2017/index.php?lang=en HTTP/1.1" 403 1165
86.190.197.99 - - [20/Mar/2022:01:42:10 -0500] "GET /sql/sql-admin/index.php?lang=en HTTP/1.1" 404 1018
86.190.197.99 - - [20/Mar/2022:01:42:10 -0500] "GET /db/webdb/index.php?lang=en HTTP/1.1" 404 1018
86.190.197.99 - - [20/Mar/2022:01:42:10 -0500] "GET /mysqlmanager/index.php?lang=en HTTP/1.1" 404 1018
86.190.197.99 - - [20/Mar/2022:01:42:10 -0500] "GET /phpMyAdmin1/index.php?lang=en HTTP/1.1" 403 1165
86.190.197.99 - - [20/Mar/2022:01:42:11 -0500] "GET /phpMyAdmin-5.1.1/index.php?lang=en HTTP/1.1" 403 1165
86.190.197.99 - - [20/Mar/2022:01:42:11 -0500] "GET /phpMyAdmin-4.9.7/index.php?lang=en HTTP/1.1" 403 1165
86.190.197.99 - - [20/Mar/2022:01:42:11 -0500] "GET /phpmyadmin2/index.php?lang=en HTTP/1.1" 403 1165
86.190.197.99 - - [20/Mar/2022:01:42:11 -0500] "GET /admin/pMA/index.php?lang=en HTTP/1.1" 404 1018
86.190.197.99 - - [20/Mar/2022:01:42:11 -0500] "GET /sql/sqladmin/index.php?lang=en HTTP/1.1" 404 1018
86.190.197.99 - - [20/Mar/2022:01:42:11 -0500] "GET /sql/phpMyAdmin2/index.php?lang=en HTTP/1.1" 404 1018
86.190.197.99 - - [20/Mar/2022:01:42:12 -0500] "GET /mysql/index.php?lang=en HTTP/1.1" 404 1018
86.190.197.99 - - [20/Mar/2022:01:42:12 -0500] "GET /phpMyAdmin5/index.php?lang=en HTTP/1.1" 403 1165
86.190.197.99 - - [20/Mar/2022:01:42:12 -0500] "GET /db/myadmin/index.php?lang=en HTTP/1.1" 404 1018
86.190.197.99 - - [20/Mar/2022:01:42:12 -0500] "GET /mysql/sqlmanager/index.php?lang=en HTTP/1.1" 404 1018
86.190.197.99 - - [20/Mar/2022:01:42:12 -0500] "GET /php-my-admin/index.php?lang=en HTTP/1.1" 404 1018
86.190.197.99 - - [20/Mar/2022:01:42:12 -0500] "GET /mysql/pma/index.php?lang=en HTTP/1.1" 404 1018
86.190.197.99 - - [20/Mar/2022:01:42:13 -0500] "GET /pma2012/index.php?lang=en HTTP/1.1" 404 1018
86.190.197.99 - - [20/Mar/2022:01:42:13 -0500] "GET /phpmyAdmin/index.php?lang=en HTTP/1.1" 403 1165
86.190.197.99 - - [20/Mar/2022:01:42:13 -0500] "GET /db/phpMyAdmin/index.php?lang=en HTTP/1.1" 404 1018
86.190.197.99 - - [20/Mar/2022:01:42:13 -0500] "GET /PMA2017/index.php?lang=en HTTP/1.1" 404 1018
86.190.197.99 - - [20/Mar/2022:01:42:13 -0500] "GET /2phpmyadmin/index.php?lang=en HTTP/1.1" 404 1018
86.190.197.99 - - [20/Mar/2022:01:42:13 -0500] "GET /administrator/pma/index.php?lang=en HTTP/1.1" 404 1018
86.190.197.99 - - [20/Mar/2022:01:42:14 -0500] "GET /db/phpmyadmin3/index.php?lang=en HTTP/1.1" 404 1018
86.190.197.99 - - [20/Mar/2022:01:42:14 -0500] "GET /phpMyAdmin-5/index.php?lang=en HTTP/1.1" 403 1165
86.190.197.99 - - [20/Mar/2022:01:42:14 -0500] "GET /PMA/index.php?lang=en HTTP/1.1" 404 1018
86.190.197.99 - - [20/Mar/2022:01:42:14 -0500] "GET /pma2016/index.php?lang=en HTTP/1.1" 404 1018
86.190.197.99 - - [20/Mar/2022:01:42:14 -0500] "GET /db/index.php?lang=en HTTP/1.1" 404 1018
86.190.197.99 - - [20/Mar/2022:01:42:14 -0500] "GET /pma2018/index.php?lang=en HTTP/1.1" 404 1018
86.190.197.99 - - [20/Mar/2022:01:42:15 -0500] "GET /phpmyadmin3/index.php?lang=en HTTP/1.1" 403 1165
86.190.197.99 - - [20/Mar/2022:01:42:15 -0500] "GET /sql/phpMyAdmin/index.php?lang=en HTTP/1.1" 404 1018
86.190.197.99 - - [20/Mar/2022:01:42:15 -0500] "GET /PMA2019/index.php?lang=en HTTP/1.1" 404 1018
86.190.197.99 - - [20/Mar/2022:01:42:15 -0500] "GET /dbadmin/index.php?lang=en HTTP/1.1" 404 1018
86.190.197.99 - - [20/Mar/2022:01:42:15 -0500] "GET /admin/phpMyAdmin/index.php?lang=en HTTP/1.1" 404 1018
86.190.197.99 - - [20/Mar/2022:01:42:15 -0500] "GET /db/dbadmin/index.php?lang=en HTTP/1.1" 404 1018
86.190.197.99 - - [20/Mar/2022:01:42:16 -0500] "GET /phpmyadmin2013/index.php?lang=en HTTP/1.1" 403 1165
86.190.197.99 - - [20/Mar/2022:01:42:16 -0500] "GET /phpMyAdmin4/index.php?lang=en HTTP/1.1" 403 1165
86.190.197.99 - - [20/Mar/2022:01:42:16 -0500] "GET /phpmy/index.php?lang=en HTTP/1.1" 404 1018
86.190.197.99 - - [20/Mar/2022:01:42:16 -0500] "GET /PMA2021/index.php?lang=en HTTP/1.1" 404 1018
86.190.197.99 - - [20/Mar/2022:01:42:16 -0500] "GET /phpMyadmin/index.php?lang=en HTTP/1.1" 403 1165
86.190.197.99 - - [20/Mar/2022:01:42:16 -0500] "GET /admin/sysadmin/index.php?lang=en HTTP/1.1" 404 1018
86.190.197.99 - - [20/Mar/2022:01:42:17 -0500] "GET /pma2015/index.php?lang=en HTTP/1.1" 404 1018
86.190.197.99 - - [20/Mar/2022:01:42:17 -0500] "GET /PMA2018/index.php?lang=en HTTP/1.1" 404 1018
86.190.197.99 - - [20/Mar/2022:01:42:17 -0500] "GET /_phpmyadmin/index.php?lang=en HTTP/1.1" 404 1018
86.190.197.99 - - [20/Mar/2022:01:42:17 -0500] "GET /phpmyadmin2016/index.php?lang=en HTTP/1.1" 403 1165
86.190.197.99 - - [20/Mar/2022:01:42:17 -0500] "GET /phpMyAdmin/index.php?lang=en HTTP/1.1" 403 1165
86.190.197.99 - - [20/Mar/2022:01:42:17 -0500] "GET /pma/index.php?lang=en HTTP/1.1" 404 1018
86.190.197.99 - - [20/Mar/2022:01:42:18 -0500] "GET /sql/phpmy-admin/index.php?lang=en HTTP/1.1" 404 1018
86.190.197.99 - - [20/Mar/2022:01:42:18 -0500] "GET /phpmy-admin/index.php?lang=en HTTP/1.1" 404 1018
86.190.197.99 - - [20/Mar/2022:01:42:18 -0500] "GET /phpMyAdmin_/index.php?lang=en HTTP/1.1" 403 1165
86.190.197.99 - - [20/Mar/2022:01:42:18 -0500] "GET /phpmyadmin2011/index.php?lang=en HTTP/1.1" 403 1165
86.190.197.99 - - [20/Mar/2022:01:42:18 -0500] "GET /mysql/dbadmin/index.php?lang=en HTTP/1.1" 404 1018
86.190.197.99 - - [20/Mar/2022:01:42:19 -0500] "GET /PMA2012/index.php?lang=en HTTP/1.1" 404 1018
86.190.197.99 - - [20/Mar/2022:01:42:19 -0500] "GET /phpmyadmin5/index.php?lang=en HTTP/1.1" 403 1165
86.190.197.99 - - [20/Mar/2022:01:42:19 -0500] "GET /phpmyadmin2018/index.php?lang=en HTTP/1.1" 403 1165
86.190.197.99 - - [20/Mar/2022:01:42:19 -0500] "GET /phpMyAdmin-4/index.php?lang=en HTTP/1.1" 403 1165
86.190.197.99 - - [20/Mar/2022:01:42:19 -0500] "GET /phppma/index.php?lang=en HTTP/1.1" 404 1018
86.190.197.99 - - [20/Mar/2022:01:42:19 -0500] "GET /admin/phpmyadmin/index.php?lang=en HTTP/1.1" 404 1018
86.190.197.99 - - [20/Mar/2022:01:42:20 -0500] "GET /db/dbweb/index.php?lang=en HTTP/1.1" 404 1018
86.190.197.99 - - [20/Mar/2022:01:42:20 -0500] "GET /admin/db/index.php?lang=en HTTP/1.1" 404 1018
86.190.197.99 - - [20/Mar/2022:01:42:20 -0500] "GET /mysql/mysqlmanager/index.php?lang=en HTTP/1.1" 404 1018
86.190.197.99 - - [20/Mar/2022:01:42:20 -0500] "GET /phpmyadmin2021/index.php?lang=en HTTP/1.1" 403 1165
86.190.197.99 - - [20/Mar/2022:01:42:20 -0500] "GET /pma2021/index.php?lang=en HTTP/1.1" 404 1018
86.190.197.99 - - [20/Mar/2022:01:42:20 -0500] "GET /sql/webdb/index.php?lang=en HTTP/1.1" 404 1018
86.190.197.99 - - [20/Mar/2022:01:42:21 -0500] "GET /admin/index.php?lang=en HTTP/1.1" 404 1018
86.190.197.99 - - [20/Mar/2022:01:42:21 -0500] "GET /pma2011/index.php?lang=en HTTP/1.1" 404 1018
86.190.197.99 - - [20/Mar/2022:01:42:21 -0500] "GET /sql/sqlweb/index.php?lang=en HTTP/1.1" 404 1018
86.190.197.99 - - [20/Mar/2022:01:42:21 -0500] "GET /db/webadmin/index.php?lang=en HTTP/1.1" 404 1018
86.190.197.99 - - [20/Mar/2022:01:42:21 -0500] "GET /administrator/web/index.php?lang=en HTTP/1.1" 404 1018
86.190.197.99 - - [20/Mar/2022:01:42:21 -0500] "GET /administrator/phpMyAdmin/index.php?lang=en HTTP/1.1" 404 1018
86.190.197.99 - - [20/Mar/2022:01:42:22 -0500] "GET /pma2019/index.php?lang=en HTTP/1.1" 404 1018
86.190.197.99 - - [20/Mar/2022:01:42:22 -0500] "GET /phpMyAdmin-3/index.php?lang=en HTTP/1.1" 403 1165
86.190.197.99 - - [20/Mar/2022:01:42:22 -0500] "GET /sql/myadmin/index.php?lang=en HTTP/1.1" 404 1018
86.190.197.99 - - [20/Mar/2022:01:42:22 -0500] "GET /db/phpMyAdmin-3/index.php?lang=en HTTP/1.1" 404 1018
86.190.197.99 - - [20/Mar/2022:01:42:22 -0500] "GET /PMA2015/index.php?lang=en HTTP/1.1" 404 1018
86.190.197.99 - - [20/Mar/2022:01:42:22 -0500] "GET /myadmin/index.php?lang=en HTTP/1.1" 404 1018
86.190.197.99 - - [20/Mar/2022:01:42:23 -0500] "GET /phpmyadmin/index.php?lang=en HTTP/1.1" 403 1165
86.190.197.99 - - [20/Mar/2022:01:42:23 -0500] "GET /sql/phpmyadmin5/index.php?lang=en HTTP/1.1" 404 1018
86.190.197.99 - - [20/Mar/2022:01:42:23 -0500] "GET /db/phpmyadmin/index.php?lang=en HTTP/1.1" 404 1018
86.190.197.99 - - [20/Mar/2022:01:42:23 -0500] "GET /phpmyadmin1/index.php?lang=en HTTP/1.1" 403 1165
86.190.197.99 - - [20/Mar/2022:01:42:23 -0500] "GET /PMA2013/index.php?lang=en HTTP/1.1" 404 1018
86.190.197.99 - - [20/Mar/2022:01:42:24 -0500] "GET /db/phpMyAdmin3/index.php?lang=en HTTP/1.1" 404 1018
86.190.197.99 - - [20/Mar/2022:01:42:24 -0500] "GET /database/index.php?lang=en HTTP/1.1" 404 1018
86.190.197.99 - - [20/Mar/2022:01:42:24 -0500] "GET /pma2017/index.php?lang=en HTTP/1.1" 404 1018
86.190.197.99 - - [20/Mar/2022:01:42:24 -0500] "GET /phpMyAdmin-5.1.1-english/index.php?lang=en HTTP/1.1" 403 1165
86.190.197.99 - - [20/Mar/2022:01:42:24 -0500] "GET /mysql/db/index.php?lang=en HTTP/1.1" 404 1018
86.190.197.99 - - [20/Mar/2022:01:42:24 -0500] "GET /phpMyAdmin-5.1.0-english/index.php?lang=en HTTP/1.1" 403 1165
86.190.197.99 - - [20/Mar/2022:01:42:25 -0500] "GET /PMA2020/index.php?lang=en HTTP/1.1" 404 1018
86.190.197.99 - - [20/Mar/2022:01:42:25 -0500] "GET /phpmyadmin2015/index.php?lang=en HTTP/1.1" 403 1165
86.190.197.99 - - [20/Mar/2022:01:42:25 -0500] "GET /db/db-admin/index.php?lang=en HTTP/1.1" 404 1018
86.190.197.99 - - [20/Mar/2022:01:42:25 -0500] "GET /phpMyAdmin2/index.php?lang=en HTTP/1.1" 403 1165
86.190.197.99 - - [20/Mar/2022:01:42:25 -0500] "GET /mysqladmin/index.php?lang=en HTTP/1.1" 404 1018
86.190.197.99 - - [20/Mar/2022:01:42:25 -0500] "GET /pma2013/index.php?lang=en HTTP/1.1" 404 1018
86.190.197.99 - - [20/Mar/2022:01:42:26 -0500] "GET /pma2020/index.php?lang=en HTTP/1.1" 404 1018
86.190.197.99 - - [20/Mar/2022:01:42:26 -0500] "GET /sql/phpmyadmin4/index.php?lang=en HTTP/1.1" 404 1018
86.190.197.99 - - [20/Mar/2022:01:42:26 -0500] "GET /php-myadmin/index.php?lang=en HTTP/1.1" 404 1018
86.190.197.99 - - [20/Mar/2022:01:42:26 -0500] "GET /phpmyadmin2012/index.php?lang=en HTTP/1.1" 403 1165
86.190.197.99 - - [20/Mar/2022:01:42:26 -0500] "GET /pma2014/index.php?lang=en HTTP/1.1" 404 1018
86.190.197.99 - - [20/Mar/2022:01:42:26 -0500] "GET /phpmyadmin2020/index.php?lang=en HTTP/1.1" 403 1165
86.190.197.99 - - [20/Mar/2022:01:42:27 -0500] "GET /phpMyAdmin3/index.php?lang=en HTTP/1.1" 403 1165
86.190.197.99 - - [20/Mar/2022:01:42:27 -0500] "GET /PMA2016/index.php?lang=en HTTP/1.1" 404 1018
86.190.197.99 - - [20/Mar/2022:01:42:27 -0500] "GET /administrator/PMA/index.php?lang=en HTTP/1.1" 404 1018
86.190.197.99 - - [20/Mar/2022:01:42:27 -0500] "GET /phpMyAdmin-5.1.0/index.php?lang=en HTTP/1.1" 403 1165
86.190.197.99 - - [20/Mar/2022:01:42:27 -0500] "GET /phpmyadmin2019/index.php?lang=en HTTP/1.1" 403 1165
86.190.197.99 - - [20/Mar/2022:01:42:27 -0500] "GET /phpmyadmin4/index.php?lang=en HTTP/1.1" 403 1165
86.190.197.99 - - [20/Mar/2022:01:42:28 -0500] "GET /mysql-admin/index.php?lang=en HTTP/1.1" 404 1018
86.190.197.99 - - [20/Mar/2022:01:42:28 -0500] "GET /phpmyadmin2014/index.php?lang=en HTTP/1.1" 403 1165
86.190.197.99 - - [20/Mar/2022:01:42:28 -0500] "GET /program/index.php?lang=en HTTP/1.1" 404 1018
86.190.197.99 - - [20/Mar/2022:01:42:28 -0500] "GET /sqlmanager/index.php?lang=en HTTP/1.1" 404 1018
86.190.197.99 - - [20/Mar/2022:01:42:28 -0500] "GET /sql/websql/index.php?lang=en HTTP/1.1" 404 1018
86.190.197.99 - - [20/Mar/2022:01:42:29 -0500] "GET /admin/web/index.php?lang=en HTTP/1.1" 404 1018
86.190.197.99 - - [20/Mar/2022:01:42:29 -0500] "GET /sql/webadmin/index.php?lang=en HTTP/1.1" 404 1018
86.190.197.99 - - [20/Mar/2022:01:42:29 -0500] "GET /mysql/admin/index.php?lang=en HTTP/1.1" 404 1018
86.190.197.99 - - [20/Mar/2022:01:42:29 -0500] "GET /PMA2014/index.php?lang=en HTTP/1.1" 404 1018
86.190.197.99 - - [20/Mar/2022:01:42:29 -0500] "GET /administrator/db/index.php?lang=en HTTP/1.1" 404 1018
86.190.197.99 - - [20/Mar/2022:01:42:29 -0500] "GET /_phpMyAdmin/index.php?lang=en HTTP/1.1" 404 1018
86.190.197.99 - - [20/Mar/2022:01:42:30 -0500] "GET /db/websql/index.php?lang=en HTTP/1.1" 404 1018
86.190.197.99 - - [20/Mar/2022:01:42:30 -0500] "GET /shopdb/index.php?lang=en HTTP/1.1" 404 1018
86.190.197.99 - - [20/Mar/2022:01:42:30 -0500] "GET /sql/phpmyadmin3/index.php?lang=en HTTP/1.1" 404 1018
86.190.197.99 - - [20/Mar/2022:01:42:30 -0500] "GET /phpMyAdmin-4.9.7-english/index.php?lang=en HTTP/1.1" 403 1165
86.190.197.99 - - [20/Mar/2022:01:42:30 -0500] "GET /administrator/admin/index.php?lang=en HTTP/1.1" 404 1018
86.190.197.99 - - [20/Mar/2022:01:42:30 -0500] "GET /phpmyadmin_/index.php?lang=en HTTP/1.1" 403 1165
86.190.197.99 - - [20/Mar/2022:01:42:31 -0500] "GET /MyAdmin/index.php?lang=en HTTP/1.1" 404 1018
86.190.197.99 - - [20/Mar/2022:01:42:31 -0500] "GET /wp-content/plugins/portable-phpmyadmin/wp-pma-mod/index.php?lang=en HTTP/1.1" 404 1018
186.114.114.8 - - [20/Mar/2022:01:43:04 -0500] "GET /BLA/resoluciones/RESOLUCIONES%202017/2925.pdf HTTP/1.1" 200 388752
207.46.13.179 - - [20/Mar/2022:01:43:07 -0500] "GET /bla/resoluciones/resoluciones%202014/0725.pdf HTTP/1.1" 200 566417
66.249.75.63 - - [20/Mar/2022:01:44:17 -0500] "-" 408 -
186.114.114.8 - - [20/Mar/2022:01:44:40 -0500] "GET /BLA/resoluciones/RESOLUCIONES%202017/2436.pdf HTTP/1.1" 200 364263
186.114.114.8 - - [20/Mar/2022:01:45:45 -0500] "GET /BLA/resoluciones/RESOLUCIONES%202017/2351.pdf HTTP/1.1" 200 375058
216.245.221.92 - - [20/Mar/2022:01:46:15 -0500] "HEAD / HTTP/1.1" 200 -
201.245.192.253 - - [20/Mar/2022:01:46:47 -0500] "POST /kwsrmcab/Wsrmcab HTTP/1.1" 200 114297
186.114.114.8 - - [20/Mar/2022:01:48:06 -0500] "GET /BLA/resoluciones/RESOLUCIONES%202017/2347.pdf HTTP/1.1" 200 562381
66.249.75.63 - - [20/Mar/2022:01:50:30 -0500] "-" 408 -
186.114.114.8 - - [20/Mar/2022:01:51:09 -0500] "GET /BLA/resoluciones/RESOLUCIONES%202017/2114.pdf HTTP/1.1" 200 696394
216.245.221.92 - - [20/Mar/2022:01:51:15 -0500] "HEAD / HTTP/1.1" 200 -
201.245.192.253 - - [20/Mar/2022:01:52:12 -0500] "POST /kwsrmcab/Wsrmcab HTTP/1.1" 200 114297
186.102.13.54 - - [20/Mar/2022:01:54:13 -0500] "GET /kwssiamovil/sm/acme/a?s=U2FsdGVkX1/JW+hU87BrxjZ2g12OSkcWvKN8U3e+NyOVZv6k/LSt8jym4WBWYuGC+xHNjV5VG5BxZgsVk30VeQVqb/HjgKzjj0EdHHgxwPWp467hosi9sUx28cdnqoRP65iDnoqMFBS5QCMHGvL3ksR6UfjE4T+Cn4PKLcONJkOugZN+oysm1/UqmxVSo1gUsXHgxOY1bEJ7XdekC2u/XcTIvIHgLiMmbWKzU70+Jp0DCKrVR9dl5CyKOwMkSYbh7CxOgYkSh3vq9HwH0HxYPg==&u=U2FsdGVkX1+uY7l3r9w1KVg1XjHGJfL0XeL9k14/P50=&y=U2FsdGVkX18wfcMefI3QXMnDGhC5bnZSs+pFsqpCruh5iRFSBg6+jkeJfRjxQK4j HTTP/1.1" 200 25
186.102.13.54 - - [20/Mar/2022:01:54:14 -0500] "GET /kwssiamovil/sm/acme/a?s=U2FsdGVkX19UM6ljUBMa3oClld+m7xNF53TQEoDgKAFEmbgvn7FbwzivyJDgOQeXUbIgeTY9C8NDZw6OSmfZggpakAInOPLqG3pCdnIeVi1zNxPpyLfkHPofND34Pniof9W20KLIlElfI34gjy8bv83+kBUFl31WHnQkHoCHcVfsS9KBct9Mra2dtOHZoa8/ImtIBF12T3AnflRzUeht99+GNu7wcRXvjI9OWLkOa6MsFnyafCQPfyXUMaAxv7KYLeoMu4rpP6FFQqf/THRxS4UxCdpj71AjfDeO6R0hz6PyMd8uaOuLpvnc6TY9H9GKpZAcbnddv9TGoUWRQDkVkq1GMH4GzQhxyR5aS3VpV/eVsYoHo5uq0Q4YnD7Vrrvf/vKMjBJmv2qG6ub3PFi/VsQJwHE4NWOClQP+6qeB8sm5xUHz/3/yRN2Xm10bG7U7Vu0WoZTiMvtACrbN3LGQ/FbLILA8akSs0+WyjNoiWyxyRoeiK1wBh3Scnr+lt5TOf5oce6ci7Z6a5GftBCD1DLnUUXnJWxSANq84vVOaLxP87VsvUlZOfsZ1dgkPdPH3U/echAYrc3iU59X0PNXmh5CwNyjF2ew9ePEBtDDWRk7mpQJYYp78Is0FYD2f3OG3F5HvMe+3zxzNzEL70EFSpsC2ooeGlixiKFyhTnX5Aienjx9AhwUtp3GIgNAMMjuzrBK17iOkojuv78LA3Gu0L9CvXGMaOpY59UsMDk/HWVv4njg4Gsl27lv50yOMAWfRVCT8EaDQ2/Li2XAz9PB8wkTPnQNBUrCMPNu1W49W9YwcGpnvzvSfu/uKfD0nhCuxZnb5wt3NCIYp/hlGkDE8sxkvhsNL8Lus7BRDhQcVA0CpBVpPLtJdrz5V7apbIcX5SmnLzG1JDDnTGlgDLt8LFuW3A+1sRMsoOs2XCdsRM4dnoB7Yymg4KeP3SpmH+7swtcc6k9GvdO/tceNBw4vDum1krGjUbfiuOKy97M6qo48PCdWr9Fhm+6HiICUd/uzg3mP3pXUhtdvIGE7hbM4Zagb77kyMkA5UF9Mu3MNxZjoH7yYr9P99xLERxobN4OMeNh19F/HJlqnnwzY6+UqYS863nmBY2l7+V7/Y6+kPP73C0gx2U6YiP+uPL5vdY0cNAtqL/tC4UjfV3Xp0061ocFvum40AVch19cIdDB6vj6TjJ9tE7/1Ewh8DFGuyGm4vs33ONEEU4FaM/gwozBTNeaURWJnhgcAl7bn0mQwn3W2kljQKpf/JbW/rIyug7Ge7spJJPIJoh2e4IijfXaNAiL5KzICQ/luDEJt8itqHXCFKZwuE3Icv4V0EjkUrtdtB&u=U2FsdGVkX1+uY7l3r9w1KVg1XjHGJfL0XeL9k14/P50=&y=U2FsdGVkX18wfcMefI3QXMnDGhC5bnZSs+pFsqpCruh5iRFSBg6+jkeJfRjxQK4j HTTP/1.1" 200 25
186.102.13.54 - - [20/Mar/2022:01:54:14 -0500] "GET /kwssiamovil/sm/acme/a?s=U2FsdGVkX1+jkPgxRfbJTM1ldN9/E/u3PjN0lvoAH5wHs1br6A1CDB7uZ5KjwR+dGwc0CmzuakAtlZNoTNfQiLgSnh8NbooYMlJn2oJmFmgNk7ORATu6PHYhFamgaMzZyRtQrswvosExklbdehqTfi4S+h96ULiA0NpVjToFrqk=&u=U2FsdGVkX1+uY7l3r9w1KVg1XjHGJfL0XeL9k14/P50=&y=U2FsdGVkX18wfcMefI3QXMnDGhC5bnZSs+pFsqpCruh5iRFSBg6+jkeJfRjxQK4j HTTP/1.1" 200 25
186.102.13.54 - - [20/Mar/2022:01:54:15 -0500] "GET /kwssiamovil/sm/acme/a?s=U2FsdGVkX18VEoJbYktCiy3bsg0btvCtpUtQ6OZuQyuE3lMBHM17awdzWn6wosdkd8tbWen+w8ST3oNcrzEFua9AXeHVj7MDBYr9FxmbKdoXK03eqL1g9VXYqkoHnRIjIpeb6V1Uq0hnkV4q5egth9dBHQM+o9eTevvwX1bT7Cc=&u=U2FsdGVkX1+uY7l3r9w1KVg1XjHGJfL0XeL9k14/P50=&y=U2FsdGVkX18wfcMefI3QXMnDGhC5bnZSs+pFsqpCruh5iRFSBg6+jkeJfRjxQK4j HTTP/1.1" 200 25
186.102.13.54 - - [20/Mar/2022:01:54:15 -0500] "GET /kwssiamovil/sm/acme/a?s=U2FsdGVkX1+Hg1F4CpGqq9/2pWBV6lpBoRpfYI+pBFu8/SDw/MGP63tIKBHDba4ZCMUl7Rt1y7zAQuxgGydhrVZR7pBF6LkoC1zKewICUJb3v5i2wz4m5CkC8C14lDRa0ImwcW1DoOMkFtTSu23Ec5xtX6K4nre2zKKpx7SfFmk=&u=U2FsdGVkX1+uY7l3r9w1KVg1XjHGJfL0XeL9k14/P50=&y=U2FsdGVkX18wfcMefI3QXMnDGhC5bnZSs+pFsqpCruh5iRFSBg6+jkeJfRjxQK4j HTTP/1.1" 200 25
186.102.13.54 - - [20/Mar/2022:01:54:15 -0500] "GET /kwssiamovil/sm/acme/a?s=U2FsdGVkX1+dHBWee0J5ycO5C0WW1QV2PL+C87EPqfi7obcG5Gmb8kFysBRSXebclkOyg+5MqrbavxsCr1pPE9WshlGKDQNL+Slh/TEmRK3+Cws07e6Imig7TPtKCW4eDtQBez8eQ4cOU9j5mQlJVxa71oZprZzgimmDelFWJKybXyBw9AWKOQVS5wGo6tMs&u=U2FsdGVkX1+uY7l3r9w1KVg1XjHGJfL0XeL9k14/P50=&y=U2FsdGVkX18wfcMefI3QXMnDGhC5bnZSs+pFsqpCruh5iRFSBg6+jkeJfRjxQK4j HTTP/1.1" 200 25
186.114.114.8 - - [20/Mar/2022:01:54:19 -0500] "GET /BLA/resoluciones/RESOLUCIONES%202017/0195.pdf HTTP/1.1" 200 714822
186.114.114.8 - - [20/Mar/2022:01:55:38 -0500] "GET /BLA/resoluciones/RESOLUCIONES%202017/1727.pdf HTTP/1.1" 200 407090
216.245.221.92 - - [20/Mar/2022:01:56:15 -0500] "HEAD / HTTP/1.1" 200 -
66.249.75.63 - - [20/Mar/2022:01:56:17 -0500] "-" 408 -
44.197.58.32 - - [20/Mar/2022:01:56:38 -0500] "GET / HTTP/1.1" 200 319
44.197.58.32 - - [20/Mar/2022:01:56:39 -0500] "GET /HNAP1/ HTTP/1.1" 404 1150
186.114.114.8 - - [20/Mar/2022:02:00:33 -0500] "GET /BLA/resoluciones/RESOLUCIONES%202017/0155.pdf HTTP/1.1" 200 350123
207.46.13.157 - - [20/Mar/2022:02:00:45 -0500] "GET /BLA/resoluciones/RESOLUCIONES%202021/1953.pdf HTTP/1.1" 200 503176
216.245.221.92 - - [20/Mar/2022:02:01:15 -0500] "HEAD / HTTP/1.1" 200 -
201.245.192.253 - - [20/Mar/2022:02:02:15 -0500] "POST /kwsrmcab/Wsrmcab HTTP/1.1" 200 114297
186.102.13.54 - - [20/Mar/2022:02:03:13 -0500] "GET /kwssiamovil/sm/acme/a?s=U2FsdGVkX1+aNToru9kctzNt8Ug9fYeEQ2W9zKke0smauBT6nUXbGQTw007h6T6Q/zkD9b0aXNqrmXPNYDme+OdsLkGIX2uj+NRD19SA+4MmGyO+0KN29EJnjZ1/ozXa/e6pFlTNxv1GMmPHqiR8wUonSmg22D6BCISXmzFM1r06tL1EvsckFVeB6tpVISr7PZG1z6ridDvErJ++oixgT8qXPq7tlxuEDM7Siz1IRLuo4NqG1a4E+is/isjJonW/wkcI6jiL5++1EAW1tiTdSA==&u=U2FsdGVkX1+uY7l3r9w1KVg1XjHGJfL0XeL9k14/P50=&y=U2FsdGVkX18wfcMefI3QXMnDGhC5bnZSs+pFsqpCruh5iRFSBg6+jkeJfRjxQK4j HTTP/1.1" 200 25
186.102.13.54 - - [20/Mar/2022:02:03:13 -0500] "GET /kwssiamovil/sm/acme/a?s=U2FsdGVkX18Vc6mUJLEsnysrwHF5CqHyqTwbYw0lmJJbAGWf8UiM6WXqYcpgErN3ZKStyH09RbbPg3CWxnUUcFYbTxqsg9FslAyKEEydi1yfUutayXFcpuu3uiu1+iSTMWrsFFYnv5bZLgK/SYw/7SzOx4yULJYdruMhnZ+2DlGFDW8Sf7XzHDqHOh1Pg4Jga06yIwe4gn3ytpY8NQj6guqgf862MUBF+1iNL+qLeZc7xfcEAoLvD0gYDEYtpOTXtR/uVtK7iyMukaJQePJyawQ7131soa+9cmQ2tR8siJG0dN5yc3VhNy+wNnI32KXSCoO3ePShUUgBhJraydyx6PljhEBRpjoKZoP9+KEDmEQRKlNVKNcyQK/9cQQZ2rgW0iyfbIAsoXjRLPKfcRqFd38Zf6Mh995tjE9Xe2q92+WlgKRmpXxXuX9p+jZN3vraQYYATTlg3kaKRa9kfz0NmEE4wBLvN7aejXCnbopYhFqpHwc36AF1QXj7Z0pZXvRIuljgu1kfbEHekhKdVrXk0P6oiaYKMGC9NVSLmRek1/eiCEDrGfSoBvd1gW6ahXOo9NvMsdp1zrD2XYJZJluYO7ZFXLwr3F4w/p2ONqkG5i9zMmGcBoed1mWaOVUSaZza15o5iMltP0jjgJdGW4JzQnkFRTb7B2d3YDyyEf8EVjqKRp5cuxHIBBZgwTuu/EnpQvYcOJCpBlp2IB5wlCU5Z1CDs4tN6WIJlQpEsD/4ZIzQVCCLRabxX9S0sUNNg7gBDC71Ry0CyoQBqZ42QUDHgjRweDqUswi/JtZR9QPoUFJc41R0I25+iUjMe5r/j0FwmnfgpwErBQlC03qA0xK4/IUQ/DpKA72t2ThLBQuQNR78wKKnHifdD2kUqV8u/vZ1LLK4qxzINfidfbsB60UNKAgMt5rXtP4ISjjKraRpRxdFc+OdZazHo0boM6GYyrWeG2hcBWHyzJzEKEtPgsycXjIV7hMt++nda8IcofVnYZk5GbsFVFqdCJ36Rk9kBMMzVNzKrYHoXTFFD3/MpC8K8gzuDX9o+ixPkElGlHAreguvIMOmtLuTsJdQ0cgtIQm5YmuR/WofwxYfbUg0A8lAoB3BOWQ+NzyEDy+frASnGU9SktGr/8304UwLnDBkW+Taz7e4TlqPI7/OzuwHz92rGoav7AIM0SxXuZ4DIevA84BdSCST4wTuQf3rUdokBDLTWZ+xlYUAJu/t66ZRmcbU/Q+xFmkjnJYE7OrMTGlhVwEYubp+pT4m8px5XuDvYkCL7PdR3GAKD0B/U6HoNG/UN6WcoW+EC+x4PPVppmBvgj8mIGwZc+we66YR5IAAJZfI385eX/ZxfkH7UKpm3D494YRi5w75k7LtMy17B+T+iJ4ZmHqMSGBNnTIzoM2SbIOAs+oVCk+AThxWbmgmvttJQ1lcfbftwAved6t/+005qTNrGnPWkiaRQQniwg6UxX9H20JtaP+gVP46AfXguTwv6w==&u=U2FsdGVkX1+uY7l3r9w1KVg1XjHGJfL0XeL9k14/P50=&y=U2FsdGVkX18wfcMefI3QXMnDGhC5bnZSs+pFsqpCruh5iRFSBg6+jkeJfRjxQK4j HTTP/1.1" 200 25
186.102.13.54 - - [20/Mar/2022:02:03:13 -0500] "GET /kwssiamovil/sm/acme/a?s=U2FsdGVkX18AEJpLr7TaFymQXmOaUpE0SZI+u5b58qVxfQoiXndtNj8o0cia+faIM8psdQYw66a78lWGjUF5E+JNLD5L58kymxE/No/tYBxSzqr4GJmYiIRbHYk+4YysFQY12/WZd57pTHyefp7h4iLNPBXYA7RAFXHDnKkjMU8=&u=U2FsdGVkX1+uY7l3r9w1KVg1XjHGJfL0XeL9k14/P50=&y=U2FsdGVkX18wfcMefI3QXMnDGhC5bnZSs+pFsqpCruh5iRFSBg6+jkeJfRjxQK4j HTTP/1.1" 200 25
186.102.13.54 - - [20/Mar/2022:02:03:14 -0500] "GET /kwssiamovil/sm/acme/a?s=U2FsdGVkX18vdFs1OJ6gdIS9zGkqjSHdMfPYtybdWdeiEmjarqRSU8qmUi/dQZ6pObZmMJ8j6QBCeTG9mboDqT2bIOWrcggRicR+T+KrEjBQv0iWVG6Iljagt37waoKWR/E6+qXzroxoJlkJ/FuHImIPtmz5V3+gQfwwxU9phzY=&u=U2FsdGVkX1+uY7l3r9w1KVg1XjHGJfL0XeL9k14/P50=&y=U2FsdGVkX18wfcMefI3QXMnDGhC5bnZSs+pFsqpCruh5iRFSBg6+jkeJfRjxQK4j HTTP/1.1" 200 25
186.102.13.54 - - [20/Mar/2022:02:03:14 -0500] "GET /kwssiamovil/sm/acme/a?s=U2FsdGVkX19/FyWp0YOQFNdFAoawsumeSP/r/c5zHHo/5gMxwL16zjit3n5y9WsVTO70RFyyx3FWho08fq01ewdzJ5eVjQoiWqc/PrXhcO1S6KUaXJP8k92hwtOULRQKThK7xZA4TdOePE8nw+7Yb767z2y0Vs3PnNVD2JB3MVk=&u=U2FsdGVkX1+uY7l3r9w1KVg1XjHGJfL0XeL9k14/P50=&y=U2FsdGVkX18wfcMefI3QXMnDGhC5bnZSs+pFsqpCruh5iRFSBg6+jkeJfRjxQK4j HTTP/1.1" 200 25
186.102.13.54 - - [20/Mar/2022:02:03:14 -0500] "GET /kwssiamovil/sm/acme/a?s=U2FsdGVkX1/RAx+aqdsGSHCEK+Jw9eiR7DnLkKbM1R0OgOUasYKwhZvLGAA8QEINxbRJzLYG0PQbJEth0LQC18Lh+mlxrFBYbUF55mnSv59psBrcvEJVJcL7zvujXj8O6rGT4VTiKGFHJjXALRZfFDHElQPHf5VEL4HOlHbrQGILdVRT7vUNbyhp2OJfY2Wd&u=U2FsdGVkX1+uY7l3r9w1KVg1XjHGJfL0XeL9k14/P50=&y=U2FsdGVkX18wfcMefI3QXMnDGhC5bnZSs+pFsqpCruh5iRFSBg6+jkeJfRjxQK4j HTTP/1.1" 200 25
66.249.75.63 - - [20/Mar/2022:02:05:25 -0500] "-" 408 -
216.245.221.92 - - [20/Mar/2022:02:06:15 -0500] "HEAD / HTTP/1.1" 200 -
190.156.90.221 - - [20/Mar/2022:02:08:43 -0500] "GET /BLA/resoluciones/index.php?dir=AUTOS+2021%2F HTTP/1.1" 200 329069
190.156.90.221 - - [20/Mar/2022:02:09:08 -0500] "GET /BLA/resoluciones/AUTOS%202021/4503.pdf HTTP/1.1" 200 363736
34.91.207.179 - - [20/Mar/2022:02:10:40 -0500] "GET / HTTP/1.1" 200 319
216.245.221.92 - - [20/Mar/2022:02:11:15 -0500] "HEAD / HTTP/1.1" 200 -
66.249.75.63 - - [20/Mar/2022:02:12:12 -0500] "-" 408 -
207.46.13.209 - - [20/Mar/2022:02:15:47 -0500] "GET /bla/resoluciones/resoluciones%202014/3146.pdf HTTP/1.1" 200 479852
216.245.221.92 - - [20/Mar/2022:02:16:15 -0500] "HEAD / HTTP/1.1" 200 -
207.46.13.179 - - [20/Mar/2022:02:16:20 -0500] "GET /bla/resoluciones/resoluciones%202021/1250.pdf HTTP/1.1" 200 511288
201.245.192.253 - - [20/Mar/2022:02:15:51 -0500] "POST /kwsrmcab/Wsrmcab HTTP/1.1" 200 114303
66.249.75.63 - - [20/Mar/2022:02:18:07 -0500] "-" 408 -
40.77.167.61 - - [20/Mar/2022:02:20:15 -0500] "GET / HTTP/1.1" 200 319
201.245.192.253 - - [20/Mar/2022:02:20:20 -0500] "POST /kwsrmcab/Wsrmcab HTTP/1.1" 200 45476
216.245.221.92 - - [20/Mar/2022:02:21:15 -0500] "HEAD / HTTP/1.1" 200 -
201.245.192.253 - - [20/Mar/2022:02:21:05 -0500] "POST /kwsrmcab/Wsrmcab HTTP/1.1" 200 45047
66.249.75.63 - - [20/Mar/2022:02:25:54 -0500] "-" 408 -
216.245.221.92 - - [20/Mar/2022:02:26:15 -0500] "HEAD / HTTP/1.1" 200 -
191.95.48.112 - - [20/Mar/2022:02:26:17 -0500] "GET /galeria/galeria/jquery.fancybox.css?v=2.1.5 HTTP/1.1" 200 4895
201.245.192.253 - - [20/Mar/2022:02:25:50 -0500] "POST /kwsrmcab/Wsrmcab HTTP/1.1" 200 114303
201.245.192.253 - - [20/Mar/2022:02:30:21 -0500] "POST /kwsrmcab/Wsrmcab HTTP/1.1" 200 45476
216.245.221.92 - - [20/Mar/2022:02:31:15 -0500] "HEAD / HTTP/1.1" 200 -
201.245.192.253 - - [20/Mar/2022:02:31:06 -0500] "POST /kwsrmcab/Wsrmcab HTTP/1.1" 200 45047
66.249.75.63 - - [20/Mar/2022:02:32:07 -0500] "-" 408 -
201.245.192.253 - - [20/Mar/2022:02:32:05 -0500] "POST /kwsrmcab/Wsrmcab HTTP/1.1" 200 114303
20.36.244.102 - - [20/Mar/2022:02:32:32 -0500] "GET /noticias/rssambiente.php HTTP/1.1" 406 -
216.245.221.92 - - [20/Mar/2022:02:36:15 -0500] "HEAD / HTTP/1.1" 200 -
66.249.75.63 - - [20/Mar/2022:02:38:00 -0500] "-" 408 -
49.7.21.90 - - [20/Mar/2022:02:39:53 -0500] "GET / HTTP/1.1" 200 319
109.237.103.118 - - [20/Mar/2022:02:40:35 -0500] "\x16\x03\x01\x01D\x01" 400 226
109.237.103.118 - - [20/Mar/2022:02:40:35 -0500] "GET /.env HTTP/1.1" 404 1018
201.245.192.253 - - [20/Mar/2022:02:40:20 -0500] "POST /kwsrmcab/Wsrmcab HTTP/1.1" 200 45476
216.245.221.92 - - [20/Mar/2022:02:41:15 -0500] "HEAD / HTTP/1.1" 200 -
201.245.192.253 - - [20/Mar/2022:02:41:10 -0500] "POST /kwsrmcab/Wsrmcab HTTP/1.1" 200 45047
207.46.13.179 - - [20/Mar/2022:02:42:13 -0500] "GET /bla/resoluciones/resoluciones%202014/0750.pdf HTTP/1.1" 200 574614
201.245.192.253 - - [20/Mar/2022:02:41:56 -0500] "POST /kwsrmcab/Wsrmcab HTTP/1.1" 200 114303
66.249.75.63 - - [20/Mar/2022:02:45:15 -0500] "-" 408 -
216.245.221.92 - - [20/Mar/2022:02:46:15 -0500] "HEAD / HTTP/1.1" 200 -
186.102.13.54 - - [20/Mar/2022:02:46:29 -0500] "GET /kwssiamovil/sm/acme/a?s=U2FsdGVkX18QmkOQJsqIqEHTrMXQFz9MFxJE2+o0wmgBl4w1SSdIVzSkQMakizG0Wj1qiRb9I/fLftCE3hbqrG/XE4yV3ivI8CSkE/bl4J4ucXojJb2U3rDy39BDYI++Nzc6n5ww9z5Hx2Qy05WAIyYLGgh/zZ1HpLlBVCbI3mmayoonJwtw9lW/PP83Jp/TGQJnXZEFO4DBBkys3SpQLsTroTLAi30meVYjC/rZtSBXDKazU9/E+5u7Zjxc741ynfxBseqpxdeSJrgXqwdT8g==&u=U2FsdGVkX1+uY7l3r9w1KVg1XjHGJfL0XeL9k14/P50=&y=U2FsdGVkX18wfcMefI3QXMnDGhC5bnZSs+pFsqpCruh5iRFSBg6+jkeJfRjxQK4j HTTP/1.1" 200 25
