186.102.76.61 - - [29/Mar/2022:20:33:53 -0500] "GET /kwssiamovil/sm/acme/s?s=U2FsdGVkX1/r2ZFy7S7ZJBw/ey18i+jZHkj3eiC5wRFNTpsG1Vw6hv5vqZdfA7Gp2vUKfpvWwWME+Ogkol7QXS2ZeCLMdi1YFKwGqFvPj0ANVY4JwoQf4sX3D4mOb8pkzXj6uQHy7LvH5qTlzj3zmqG/rHpKEoJdb1ARWSdjs8YyaIVpPUvk7VxHuwlXUXI1lTQuL77A0rxNhXk/eb1bNF3fYbW86bvLdnXCO2phQ50SBp6yNytVzEYfJjFLGt9f8pUSwI2mWyfm8Zv61nO741sM5J5zQq0fnKOteM5MlX+Nk++BddshDLYvR9MuPsDpTBOPbh3zI9sSWuCbhZxPmXl8DZOpG27tSWFLEMmaGO4NmRXlfOIGzwRRSWzTqiToaZ3ZBiR03IXoBJ/MsmjnS9h3d0mBQvbkf1LhWzR/n7vM80y33+V/zSZr2EzY9QfUNxWP+2AtrOlOk8TkD3FPGUbUoLFVsPOqCtp3eb1QfeC1wwmzayNU2fgA5UilDVhcq1avPXoIeHEfvP8uZ1arjC8ZafO/mzMfBs7MSh+otIzSUsB9Vr1kFAeAITNSAULUFCyzInm8KV2uWBs4jhnKyiN16b5Z9a4w1tpcBFmOD4aqEy3oZlytWt2+MIcIwIhhlZA4S3IQ7tGspUiJg/DICsHg2K5r/bbw9TtYts4pJM2IqAliLSxh82PqS6AsqkceviiAs+h+g97RAjjdmHHuF0Ireu/+Xnp5OzgHFDDO3E0UrPGQ+P3rvSncOGoytiTxpmgKGfKInQhgheahobqUqe+pLX7sDbBWp7diTEDVlpFS9kAhtR73ORI4hDEKV2IS1LQeYQXD+WEPAh8pIR0/Itrjw2w46+kk8TZ8c03jkBJn6rVvd8RF9mzZYna2wpFWWbV0TApGPo2E73bkHugUtbT1nt+6FbkbeDP4FxF6OlePNuW/tjLRY/q1k+Rz5QE5oVWSYye/AlDe7Im7hYg9Brc67wZAVauhThEaYvuxRYDMb5+UcAc7b1nIlNhl3jyPrV+o15TNh3/Y5R5Scj3o29/MZ/Nz3A2A+jTnT4n8+O4hGGnZkZ0hkGfqslexbYd4zHPADVMhbtEfkmvpyr6cujkCd5RbGLZiUWBtXKdeOP8=&u=U2FsdGVkX18CoGsDYTJEy0NZByyaHXDISXcD6lOZ8bQ=&y=U2FsdGVkX18koS9DFt/fBRgG1k1wl85H2qHpm4EEtWc= HTTP/1.1" 200 396
186.102.76.61 - - [29/Mar/2022:20:33:53 -0500] "GET /kwssiamovil/sm/acme/s?s=U2FsdGVkX1+pkbYqiVQ4vRTseHSEee1D/kbRj9bnXUdm+u5f2wlOW2PlQvFF+Fxj&u=U2FsdGVkX18CoGsDYTJEy0NZByyaHXDISXcD6lOZ8bQ=&y=U2FsdGVkX18koS9DFt/fBRgG1k1wl85H2qHpm4EEtWc= HTTP/1.1" 200 70
186.102.76.61 - - [29/Mar/2022:20:33:53 -0500] "GET /kwssiamovil/sm/acme/s?s=U2FsdGVkX18ZJjzWcrcrAAmODmqvIhI9YTHuShNUMruS8sukDS3uSEnJRQyuBUbeqvDxbrzNPo82za7NKquXivMokzHn7FGcDn4Klr7bVaQSgbREsEiyltn5SJg5T5Wb/ra898YlRWaJui2RxGHkcnyIaC1RlBnSC67IpnybrPh4KKbZpqjjvRtgsWaho6gDKz/FI2VZd+RSknoPxugBOtdXle51CWipeF6cc9NV/0+/D71VzRFLWQ6gC7U6Me4FjutkOAf+n9f8ETA1AkvrC3OLkjiOP2e7b8KTNbHkac7sKHim+0MQXpw5Led0C1digyucYvrX8lXceoM7azkQig==&u=U2FsdGVkX18CoGsDYTJEy0NZByyaHXDISXcD6lOZ8bQ=&y=U2FsdGVkX18koS9DFt/fBRgG1k1wl85H2qHpm4EEtWc= HTTP/1.1" 200 196
186.102.76.61 - - [29/Mar/2022:20:33:53 -0500] "GET /kwssiamovil/sm/cjson/pre?f=1&x=U2FsdGVkX18Buh3np5SGIWJZXlyfLtfxSeDDFlZmCn8VMqt+g7cYqBDmg3cc9X+w HTTP/1.1" 200 30975
172.22.2.4 - - [29/Mar/2022:20:34:21 -0500] "POST /BLA/boletinlegal/admin/actos/ingresar.php HTTP/1.1" 200 7236
201.244.142.165 - - [29/Mar/2022:20:34:35 -0500] "GET /BLA/resoluciones/RESOLUCIONES%202019/1461.pdf HTTP/1.1" 200 365965
201.244.142.165 - - [29/Mar/2022:20:34:36 -0500] "GET /favicon.ico HTTP/1.1" 200 7782
172.22.2.4 - - [29/Mar/2022:20:35:39 -0500] "POST /BLA/boletinlegal/admin/actos/ingresar.php HTTP/1.1" 200 7236
172.22.2.4 - - [29/Mar/2022:20:36:23 -0500] "GET /BLA/boletinlegal/Directivas/2019/Directiva%20008%20del%2001%20de%20noviembre%20de%202019.pdf HTTP/1.1" 200 1382642
172.22.2.4 - - [29/Mar/2022:20:36:47 -0500] "GET /BLA/boletinlegal/circulares/2013/circular%20no.%202%20del%2022%20de%20enero%20de%202013.pdf HTTP/1.1" 200 85466
172.22.2.4 - - [29/Mar/2022:20:37:09 -0500] "POST /BLA/boletinlegal/admin/actos/ingresar.php HTTP/1.1" 200 7236
40.77.167.46 - - [29/Mar/2022:20:37:42 -0500] "GET /bla/resoluciones/resoluciones%202021/4147.pdf HTTP/1.1" 200 352243
172.22.2.4 - - [29/Mar/2022:20:36:42 -0500] "GET /BLA/boletinlegal/ HTTP/1.1" 200 57044
216.245.221.92 - - [29/Mar/2022:20:38:24 -0500] "HEAD / HTTP/1.1" 200 -
172.22.2.4 - - [29/Mar/2022:20:38:26 -0500] "POST /BLA/boletinlegal/admin/actos/ingresar.php HTTP/1.1" 200 7236
172.22.2.4 - - [29/Mar/2022:20:37:06 -0500] "HEAD /BLA/boletinlegal/ HTTP/1.1" 200 -
172.22.2.4 - - [29/Mar/2022:20:37:57 -0500] "GET /BLA/boletinlegal/ HTTP/1.1" 200 54457
173.252.107.118 - - [29/Mar/2022:20:39:59 -0500] "GET /images/humedal-agua-lluvias-bogota-18-marzo.jpg HTTP/1.1" 200 146923
172.22.2.4 - - [29/Mar/2022:20:40:33 -0500] "GET /BLA/boletinlegal/Circulares/2022/CIRCULAR%20No.%2000003%20DEL%2007%20DE%20MARZO%20DEL%202022.pdf HTTP/1.1" 404 1038
172.22.2.4 - - [29/Mar/2022:20:40:36 -0500] "GET /BLA/boletinlegal/Circulares/2021/CIRCULAR%20No.%2000009%20DEL%2001%20DE%20OCTUBRE%20DEL%202021.pdf HTTP/1.1" 200 320793
172.22.2.4 - - [29/Mar/2022:20:40:53 -0500] "GET /BLA/boletinlegal/Circulares/2021/CIRCULAR%20No.%2000007%20DEL%2010%20DE%20AGOSTO%20DEL%202021.pdf HTTP/1.1" 200 266364
201.245.192.253 - - [29/Mar/2022:20:40:35 -0500] "POST /kwsrmcab/Wsrmcab HTTP/1.1" 200 45260
172.22.2.4 - - [29/Mar/2022:20:41:19 -0500] "GET /BLA/boletinlegal/Circulares/2021/CIRCULAR%20No.%2000006%20DEL%2005%20DE%20AGOSTO%20DEL%202021.pdf HTTP/1.1" 200 249615
172.22.2.4 - - [29/Mar/2022:20:41:23 -0500] "GET /BLA/boletinlegal/Circulares/2020/Circular%20No.%2000018%20del%2002%20de%20diciembre%20del%202020.pdf HTTP/1.1" 200 276868
172.22.2.4 - - [29/Mar/2022:20:41:35 -0500] "GET /BLA/boletinlegal/Circulares/2020/Circular%2000010%20del%2027%20de%20julio%20de%202020.pdf HTTP/1.1" 200 422655
172.22.2.4 - - [29/Mar/2022:20:41:45 -0500] "GET /BLA/boletinlegal/Circulares/2020/CIRCULAR%20No.%2000019%20DEL%2018%20DE%20DICIEMBRE%20DEL%202020.pdf HTTP/1.1" 200 307959
201.245.192.253 - - [29/Mar/2022:20:41:20 -0500] "POST /kwsrmcab/Wsrmcab HTTP/1.1" 200 43359
172.22.2.4 - - [29/Mar/2022:20:42:05 -0500] "GET /BLA/boletinlegal/Circulares/2020/CIRCULAR%20No.%2000014%20del%2001%20de%20septiembre%20del%202020.pdf HTTP/1.1" 200 320826
172.22.2.4 - - [29/Mar/2022:20:42:13 -0500] "GET /BLA/boletinlegal/Circulares/2019/Circular%20No.%2012%20del%2014%20de%20Marzo%20de%202019.pdf HTTP/1.1" 200 344384
201.245.192.253 - - [29/Mar/2022:20:41:36 -0500] "POST /kwsrmcab/Wsrmcab HTTP/1.1" 200 109699
172.22.2.4 - - [29/Mar/2022:20:42:28 -0500] "GET /BLA/boletinlegal/Circulares/2019/Circular%20No.%20006%20del%2008%20de%20Febrero%20de%202019.pdf HTTP/1.1" 200 674401
172.22.2.4 - - [29/Mar/2022:20:42:41 -0500] "GET /BLA/boletinlegal/Circulares/2019/Circular%20No.%200015%20del%2003%20de%20Octubre%20de%202019.pdf HTTP/1.1" 200 165608
172.22.2.4 - - [29/Mar/2022:20:42:53 -0500] "GET /BLA/boletinlegal/Circulares/2019/Circular%20No.%200005%20del%2020%20de%20Marzo%20de%202019.pdf HTTP/1.1" 200 159877
172.22.2.4 - - [29/Mar/2022:20:43:05 -0500] "GET /BLA/boletinlegal/Circulares/2019/Circular%20No.%200003%20del%2031%20de%20Enero%20de%202019.pdf HTTP/1.1" 200 164676
172.22.2.4 - - [29/Mar/2022:20:43:12 -0500] "GET /BLA/boletinlegal/Circulares/2019/Circular%2000020%20del%2020%20de%20diciembre%20de%202019.pdf HTTP/1.1" 200 145170
172.22.2.4 - - [29/Mar/2022:20:43:23 -0500] "GET /BLA/boletinlegal/Circulares/2019/Circular%2000018%20del%2020%20de%20noviembre%20de%202019.pdf HTTP/1.1" 200 158030
216.245.221.92 - - [29/Mar/2022:20:43:24 -0500] "HEAD / HTTP/1.1" 200 -
172.22.2.4 - - [29/Mar/2022:20:43:46 -0500] "GET /BLA/boletinlegal/Circulares/2019/.pdf HTTP/1.1" 404 1218
172.22.2.4 - - [29/Mar/2022:20:43:49 -0500] "GET /BLA/boletinlegal/Circulares/2018/Circular%20No.%2011%20del%2024%20de%20Septiembre%20de%202018.pdf HTTP/1.1" 200 169541
172.22.2.4 - - [29/Mar/2022:20:44:08 -0500] "GET /BLA/boletinlegal/Circulares/2018/Circular%20No.%2010%20del%2021%20de%20Septiembre%20de%202018.pdf HTTP/1.1" 200 163426
172.22.2.4 - - [29/Mar/2022:20:44:30 -0500] "GET /BLA/boletinlegal/Circulares/2018/Circular%20No.%200015%20del%207%20de%20Diciembre%20de%202018.pdf HTTP/1.1" 200 165305
172.22.2.4 - - [29/Mar/2022:20:42:56 -0500] "HEAD /BLA/boletinlegal/ HTTP/1.1" 200 -
172.22.2.4 - - [29/Mar/2022:20:44:46 -0500] "GET /BLA/boletinlegal/Circulares/2018/CIRCULAR%20COJUNTA%20042%20DE%202018.pdf HTTP/1.1" 200 515008
172.22.2.4 - - [29/Mar/2022:20:44:57 -0500] "GET /BLA/boletinlegal/Circulares/2017/Circular%20No.%202%20del%201%20de%20Septiembre%20de%202017.pdf HTTP/1.1" 200 152575
172.22.2.4 - - [29/Mar/2022:20:45:09 -0500] "GET /BLA/boletinlegal/directivas/2011/directiva%20no.%201%20del%205%20de%20abril%20de%202011.pdf HTTP/1.1" 200 971292
172.22.2.4 - - [29/Mar/2022:20:45:10 -0500] "GET /BLA/boletinlegal/Circulares/2017/Circular%20No.%201%20del%2030%20de%20Marzo%20de%202017.pdf HTTP/1.1" 200 668532
172.22.2.4 - - [29/Mar/2022:20:45:24 -0500] "GET /BLA/boletinlegal/Circulares/2017/Circular%20No.%2007%20del%2028%20de%20Abril%20de%202017.pdf HTTP/1.1" 200 309906
172.22.2.4 - - [29/Mar/2022:20:43:46 -0500] "GET /BLA/boletinlegal/ HTTP/1.1" 200 59170
172.22.2.4 - - [29/Mar/2022:20:45:36 -0500] "GET /BLA/boletinlegal/Circulares/2017/Circular%20No.%20011%20del%2005%20de%20julio%20de%202017.pdf HTTP/1.1" 200 965526
172.22.2.4 - - [29/Mar/2022:20:45:51 -0500] "GET /BLA/boletinlegal/Circulares/2015/Circular%20No.%202%20del%201%20de%20julio%20de%202015.pdf HTTP/1.1" 200 752890
172.22.2.4 - - [29/Mar/2022:20:46:14 -0500] "GET /BLA/boletinlegal/Circulares/2015/Circular%20No.%201%20del%2010%20de%20Febrero%20de%202015.pdf HTTP/1.1" 200 660637
172.22.2.4 - - [29/Mar/2022:20:46:17 -0500] "GET /BLA/boletinlegal/Circulares/2014/Circular%20No.%203%20del%2014%20de%20Noviembre%20de%202014.pdf HTTP/1.1" 200 104132
172.22.2.4 - - [29/Mar/2022:20:46:30 -0500] "GET /BLA/boletinlegal/Circulares/2014/Circular%20No.%202%20del%2021%20de%20septiembre%20de%202014.pdf HTTP/1.1" 200 143376
66.249.73.100 - - [29/Mar/2022:20:46:46 -0500] "-" 408 -
172.22.2.4 - - [29/Mar/2022:20:46:48 -0500] "GET /BLA/boletinlegal/Circulares/2014/Circular%20No.%201%20del%2008%20de%20Mayo%20de%202014.pdf HTTP/1.1" 200 180124
172.22.2.4 - - [29/Mar/2022:20:47:03 -0500] "GET /BLA/boletinlegal/Circulares/2013/Circular%20No.%208%20del%201%20de%20Noviembre%20de%202013.pdf HTTP/1.1" 200 385156
172.22.2.4 - - [29/Mar/2022:20:47:12 -0500] "GET /BLA/boletinlegal/Circulares/2013/Circular%20No.%207%20del%201%20de%20Agosto%20de%202013.pdf HTTP/1.1" 200 340934
172.22.2.4 - - [29/Mar/2022:20:47:25 -0500] "GET /BLA/boletinlegal/Circulares/2013/Circular%20No.%206%20del%2019%20de%20julio%20de%202013.pdf HTTP/1.1" 200 4210437
172.22.2.4 - - [29/Mar/2022:20:47:48 -0500] "GET /BLA/boletinlegal/Circulares/2013/Circular%20No.%205%20del%2013%20de%20junio%20de%202013.pdf HTTP/1.1" 200 110904
172.22.2.4 - - [29/Mar/2022:20:48:21 -0500] "GET /BLA/boletinlegal/Circulares/2013/Circular%20No.%204%20del%2005%20de%20junio%20de%202013.pdf HTTP/1.1" 200 130461
216.245.221.92 - - [29/Mar/2022:20:48:24 -0500] "HEAD / HTTP/1.1" 200 -
172.22.2.4 - - [29/Mar/2022:20:48:39 -0500] "GET /BLA/boletinlegal/Circulares/2013/Circular%20No.%203%20del%2005%20de%20abril%20de%202013.pdf HTTP/1.1" 200 93580
172.22.2.4 - - [29/Mar/2022:20:48:49 -0500] "GET /BLA/boletinlegal/Circulares/2013/Circular%20No.%202%20del%2022%20de%20enero%20de%202013.pdf HTTP/1.1" 200 85466
201.244.96.219 - - [29/Mar/2022:20:49:05 -0500] "GET /BLA/resoluciones/index.php?dir=AUTOS+2010%2F HTTP/1.1" 200 273028
172.22.2.4 - - [29/Mar/2022:20:49:08 -0500] "GET /BLA/boletinlegal/Circulares/2013/Circular%20No.%201%20del%2014%20de%20enero%20de%202013.pdf HTTP/1.1" 200 1298384
172.22.2.4 - - [29/Mar/2022:20:49:13 -0500] "GET /BLA/boletinlegal/Circulares/2012/Circular%20No.%209%20del%2021%20de%20Agosto%20de%202012.pdf HTTP/1.1" 200 1402289
172.22.2.4 - - [29/Mar/2022:20:49:32 -0500] "GET /BLA/boletinlegal/Circulares/2012/Circular%20No.%208%20del%2021%20de%20Agosto%20de%202012.pdf HTTP/1.1" 200 963197
201.244.96.219 - - [29/Mar/2022:20:49:37 -0500] "GET /BLA/resoluciones/AUTOS%202010/5506.pdf HTTP/1.1" 200 237729
54.39.177.173 - - [29/Mar/2022:20:49:40 -0500] "GET /interpretes-de-humedales-guias-para-la-educacion-ambiental.html HTTP/1.1" 200 894
172.22.2.4 - - [29/Mar/2022:20:49:42 -0500] "GET /BLA/boletinlegal/Circulares/2012/Circular%20No.%207%20del%2008%20de%20Agosto%20de%202012.pdf HTTP/1.1" 200 972955
172.22.2.4 - - [29/Mar/2022:20:50:03 -0500] "GET /BLA/boletinlegal/Circulares/2012/Circular%20No.%206%20del%2025%20de%20Mayo%20de%202012.pdf HTTP/1.1" 200 387391
207.46.13.157 - - [29/Mar/2022:20:48:27 -0500] "GET /BLA/boletinlegal/ HTTP/1.1" 200 49718
172.22.2.4 - - [29/Mar/2022:20:50:08 -0500] "GET /BLA/boletinlegal/Circulares/2012/Circular%20No.%205%20del%2027%20de%20Abril%20de%202012.pdf HTTP/1.1" 200 216613
207.46.13.43 - - [29/Mar/2022:20:50:21 -0500] "GET /BLA/boletinlegal/style.css HTTP/1.1" 200 9406
40.77.167.46 - - [29/Mar/2022:20:50:24 -0500] "GET /BLA/boletinlegal/js/jquery.js HTTP/1.1" 200 57254
40.77.167.46 - - [29/Mar/2022:20:50:26 -0500] "GET /BLA/boletinlegal/js/jquery.scrollTo-min.js HTTP/1.1" 200 1150
172.22.2.4 - - [29/Mar/2022:20:50:26 -0500] "GET /BLA/boletinlegal/Circulares/2012/Circular%20No.%204%20del%2019%20de%20abril%20de%202012.pdf HTTP/1.1" 200 253045
172.22.2.4 - - [29/Mar/2022:20:48:46 -0500] "HEAD /BLA/boletinlegal/ HTTP/1.1" 200 -
40.77.167.46 - - [29/Mar/2022:20:50:29 -0500] "GET /BLA/boletinlegal/styles2.css HTTP/1.1" 200 1838
172.22.2.4 - - [29/Mar/2022:20:50:36 -0500] "GET /BLA/boletinlegal/Circulares/2012/Circular%20No.%203%20del%2023%20de%20Marzo%20de%202012.pdf HTTP/1.1" 200 572950
172.22.2.4 - - [29/Mar/2022:20:50:49 -0500] "GET /BLA/boletinlegal/Circulares/2012/Circular%20No.%202%20del%2014%20de%20Marzo%20de%202012.pdf HTTP/1.1" 200 113666
172.22.2.4 - - [29/Mar/2022:20:51:06 -0500] "GET /BLA/boletinlegal/Circulares/2012/Circular%20No.%2016%20del%2022%20de%20octubre%20de%202012.pdf HTTP/1.1" 200 381186
172.22.2.4 - - [29/Mar/2022:20:49:36 -0500] "GET /BLA/boletinlegal/ HTTP/1.1" 200 53344
172.22.2.4 - - [29/Mar/2022:20:51:19 -0500] "GET /BLA/boletinlegal/Circulares/2012/Circular%20No.%2015%20del%2022%20de%20octubre%20de%202012.pdf HTTP/1.1" 200 486506
172.22.2.4 - - [29/Mar/2022:20:51:37 -0500] "GET /BLA/boletinlegal/Circulares/2012/Circular%20No.%2014%20del%2011%20de%20Septiembre%20de%202012.pdf HTTP/1.1" 200 3427471
172.22.2.4 - - [29/Mar/2022:20:51:54 -0500] "GET /BLA/boletinlegal/Circulares/2012/Circular%20No.%2013%20del%2006%20de%20Septiembre%20de%202012.pdf HTTP/1.1" 200 351421
172.22.2.4 - - [29/Mar/2022:20:52:11 -0500] "GET /BLA/boletinlegal/Circulares/2012/Circular%20No.%2012%20del%2028%20de%20Agosto%20de%202012.pdf HTTP/1.1" 200 369945
172.22.2.4 - - [29/Mar/2022:20:52:25 -0500] "GET /BLA/boletinlegal/Circulares/2012/Circular%20No.%2011%20del%2027%20de%20Agosto%20de%202012.pdf HTTP/1.1" 200 526945
201.245.192.253 - - [29/Mar/2022:20:51:40 -0500] "POST /kwsrmcab/Wsrmcab HTTP/1.1" 200 109699
172.22.2.4 - - [29/Mar/2022:20:52:39 -0500] "GET /BLA/boletinlegal/Circulares/2012/Circular%20No.%2010%20del%2026%20de%20Enero%20de%202012.pdf HTTP/1.1" 404 1218
172.22.2.4 - - [29/Mar/2022:20:52:41 -0500] "GET /BLA/boletinlegal/Circulares/2012/Circular%20No.%2010%20del%2022%20de%20Agosto%20de%202012.pdf HTTP/1.1" 200 1563219
172.22.2.4 - - [29/Mar/2022:20:52:41 -0500] "GET /BLA/boletinlegal/jurisprudencia/analisis/analisis%20sentencia%20t-1077,%202%20corregida.doc HTTP/1.1" 200 47616
172.22.2.4 - - [29/Mar/2022:20:52:51 -0500] "GET /BLA/boletinlegal/Circulares/2012/Circular%20No.%201%20del%2017%20de%20Enero%20de%202012.pdf HTTP/1.1" 200 1118749
172.22.2.4 - - [29/Mar/2022:20:53:04 -0500] "GET /BLA/boletinlegal/Circulares/2011/Circular%20No.%209%20del%2003%20de%20Noviembre%20de%202011.pdf HTTP/1.1" 200 54568
216.245.221.92 - - [29/Mar/2022:20:53:24 -0500] "HEAD / HTTP/1.1" 200 -
172.22.2.4 - - [29/Mar/2022:20:53:30 -0500] "GET /BLA/boletinlegal/Circulares/2011/Circular%20No.%208%20del%2020%20de%20Septiembre%20de%202011.pdf HTTP/1.1" 200 285158
172.22.2.4 - - [29/Mar/2022:20:53:42 -0500] "GET /BLA/boletinlegal/Circulares/2011/Circular%20No.%207%20del%2023%20de%20Diciembre%20de%202011.pdf HTTP/1.1" 200 1107785
172.22.2.4 - - [29/Mar/2022:20:54:01 -0500] "GET /BLA/boletinlegal/Circulares/2011/Circular%20No.%207%20del%2015%20de%20Septiembre%20de%202011.pdf HTTP/1.1" 200 314873
172.22.2.4 - - [29/Mar/2022:20:54:16 -0500] "GET /BLA/boletinlegal/Circulares/2011/Circular%20No.%206%20del%2023%20de%20Septiembre%20de%202011.pdf HTTP/1.1" 200 252800
172.22.2.4 - - [29/Mar/2022:20:54:30 -0500] "GET /BLA/boletinlegal/Circulares/2021/CIRCULAR%20No.%2000006%20DEL%2005%20DE%20AGOSTO%20DEL%202021.pdf HTTP/1.1" 200 249615
31.13.127.3 - - [29/Mar/2022:20:54:30 -0500] "GET /images/humedal-agua-lluvias-bogota-18-marzo.jpg HTTP/1.1" 200 146923
172.22.2.4 - - [29/Mar/2022:20:54:45 -0500] "GET /BLA/boletinlegal/robots.txt HTTP/1.1" 404 1038
172.22.2.4 - - [29/Mar/2022:20:54:46 -0500] "GET /BLA/boletinlegal/jurisprudencia.php HTTP/1.1" 200 17573
172.22.2.4 - - [29/Mar/2022:20:54:54 -0500] "GET /BLA/boletinlegal/Circulares/2015/Circular%20No.%201%20del%2010%20de%20Febrero%20de%202015.pdf HTTP/1.1" 200 660637
172.22.2.4 - - [29/Mar/2022:20:55:07 -0500] "GET /BLA/boletinlegal/Circulares/2013/Circular%20No.%201%20del%2014%20de%20enero%20de%202013.pdf HTTP/1.1" 200 1298384
66.249.73.127 - - [29/Mar/2022:20:55:33 -0500] "-" 408 -
172.22.2.4 - - [29/Mar/2022:20:54:36 -0500] "HEAD /BLA/boletinlegal/ HTTP/1.1" 200 -
172.22.2.4 - - [29/Mar/2022:20:55:26 -0500] "GET /BLA/boletinlegal/ HTTP/1.1" 200 58588
217.182.175.162 - - [29/Mar/2022:20:58:22 -0500] "HEAD /interpretes-de-humedales-guias-para-la-educacion-ambiental.html HTTP/1.1" 200 -
217.182.175.162 - - [29/Mar/2022:20:58:22 -0500] "HEAD /oso-melero-recuperado-en-bogota-fue-liberado-exitosamente-en-el-meta.html HTTP/1.1" 200 -
217.182.175.162 - - [29/Mar/2022:20:58:22 -0500] "HEAD /engativa-tendra-jornada-de-recoleccion-de-llantas-este-miercoles.html HTTP/1.1" 200 -
216.245.221.92 - - [29/Mar/2022:20:58:24 -0500] "HEAD / HTTP/1.1" 200 -
172.22.2.4 - - [29/Mar/2022:21:00:26 -0500] "HEAD /BLA/boletinlegal/ HTTP/1.1" 200 -
201.245.192.253 - - [29/Mar/2022:21:01:35 -0500] "POST /kwsrmcab/Wsrmcab HTTP/1.1" 200 109699
172.22.2.4 - - [29/Mar/2022:21:01:16 -0500] "GET /BLA/boletinlegal/ HTTP/1.1" 200 57044
216.245.221.92 - - [29/Mar/2022:21:03:24 -0500] "HEAD / HTTP/1.1" 200 -
173.252.87.11 - - [29/Mar/2022:21:04:34 -0500] "GET /oso-melero-recuperado-en-bogota-fue-liberado-exitosamente-en-el-meta.html?fbclid=IwAR1E-RLcs8w1ongluROwQVKXYYkABbHL1BWQ7KfLT-vG7MkMbA3wyX7OReE HTTP/1.1" 200 948
201.244.96.219 - - [29/Mar/2022:21:04:46 -0500] "GET /BLA/resoluciones/index.php?dir=AUTOS+2010%2F HTTP/1.1" 200 273028
201.244.96.219 - - [29/Mar/2022:21:05:17 -0500] "GET /BLA/resoluciones/AUTOS%202010/5526.pdf HTTP/1.1" 200 195896
186.84.90.196 - - [29/Mar/2022:21:05:42 -0500] "GET /en-epoca-de-lluvias-algunos-animales-silvestres-pueden-ser-mas-visibles-en-zonas-de-la-ciudad-cuidalos.html HTTP/1.1" 200 976
172.22.2.4 - - [29/Mar/2022:21:06:16 -0500] "HEAD /BLA/boletinlegal/ HTTP/1.1" 200 -
173.252.95.116 - - [29/Mar/2022:21:08:03 -0500] "GET /images/mujeres-reverdecen-humedales-2-febrero.jpg HTTP/1.1" 200 47327
66.249.73.127 - - [29/Mar/2022:21:08:09 -0500] "-" 408 -
216.245.221.92 - - [29/Mar/2022:21:08:24 -0500] "HEAD / HTTP/1.1" 200 -
172.22.2.4 - - [29/Mar/2022:21:07:06 -0500] "GET /BLA/boletinlegal/ HTTP/1.1" 200 58588
172.22.2.4 - - [29/Mar/2022:21:09:00 -0500] "HEAD /BLA/boletinlegal/icons/sphere1.png HTTP/1.1" 404 -
172.22.2.4 - - [29/Mar/2022:21:08:43 -0500] "GET /BLA/boletinlegal/ HTTP/1.1" 200 24523
114.119.133.234 - - [29/Mar/2022:21:10:00 -0500] "-" 408 -
186.84.21.218 - - [29/Mar/2022:21:10:26 -0500] "GET /bogota-reconocida-internacionalmente-por-sus-acciones-para-mejorar-la-calidad-del-aire-y-enfrentar-la-crisis-climatica.html HTTP/1.1" 200 1011
114.119.133.191 - - [29/Mar/2022:21:10:31 -0500] "-" 408 -
114.119.138.130 - - [29/Mar/2022:21:11:01 -0500] "-" 408 -
172.22.2.4 - - [29/Mar/2022:21:11:14 -0500] "GET /BLA/boletinlegal/jurisprudencia/analisis/CUADRO%20ANALISIS%20SENTENCIA%20T-411%20DE%201992.doc HTTP/1.1" 200 41984
186.84.21.218 - - [29/Mar/2022:21:12:07 -0500] "GET /bogota-reconocida-internacionalmente-por-sus-acciones-para-mejorar-la-calidad-del-aire-y-enfrentar-la-crisis-climatica.html HTTP/1.1" 200 1011
201.245.192.253 - - [29/Mar/2022:21:12:22 -0500] "POST /kwsrmcab/Wsrmcab HTTP/1.1" 200 109696
217.182.175.162 - - [29/Mar/2022:21:13:21 -0500] "HEAD /bogota-reconocida-internacionalmente-por-sus-acciones-para-mejorar-la-calidad-del-aire-y-enfrentar-la-crisis-climatica.html HTTP/1.1" 200 -
216.245.221.92 - - [29/Mar/2022:21:13:24 -0500] "HEAD / HTTP/1.1" 200 -
186.84.21.218 - - [29/Mar/2022:21:13:27 -0500] "GET /bogota-reconocida-internacionalmente-por-sus-acciones-para-mejorar-la-calidad-del-aire-y-enfrentar-la-crisis-climatica.html HTTP/1.1" 200 1011
172.22.2.4 - - [29/Mar/2022:21:12:06 -0500] "HEAD /BLA/boletinlegal/ HTTP/1.1" 200 -
151.139.63.9 - - [29/Mar/2022:21:13:48 -0500] "GET /bogota-reconocida-internacionalmente-por-sus-acciones-para-mejorar-la-calidad-del-aire-y-enfrentar-la-crisis-climatica.html HTTP/1.0" 200 1011
179.51.101.42 - - [29/Mar/2022:21:14:30 -0500] "GET /un-animal-adulto-espera-renacer-de-tu-mano-adopta.html HTTP/1.1" 200 1028
151.139.47.12 - - [29/Mar/2022:21:14:32 -0500] "GET /bogota-reconocida-internacionalmente-por-sus-acciones-para-mejorar-la-calidad-del-aire-y-enfrentar-la-crisis-climatica.html HTTP/1.0" 200 1011
172.22.2.4 - - [29/Mar/2022:21:12:56 -0500] "GET /BLA/boletinlegal/ HTTP/1.1" 200 59170
69.63.184.117 - - [29/Mar/2022:21:15:36 -0500] "GET /images/rueda-prensa-lluvias-secretaria-principal-23-marzo.jpg HTTP/1.1" 200 42664
66.249.73.127 - - [29/Mar/2022:21:16:05 -0500] "-" 408 -
186.102.51.29 - - [29/Mar/2022:21:16:24 -0500] "-" 408 -
186.102.51.29 - - [29/Mar/2022:21:16:30 -0500] "-" 408 -
186.102.65.78 - - [29/Mar/2022:21:18:09 -0500] "GET /kwssiamovil/sm/ldap/au?x=U2FsdGVkX1/S9VzFw5TkE825fxiXiYOHVvSP9PTelF514a10JX1qW9KeWhdxNgNi&y=U2FsdGVkX1+VPUUFwWQPew0FDVvcUdoxv9y+L3RWc79TXlvkDBhkD/+I5fqASKDv HTTP/1.1" 200 30
186.102.65.78 - - [29/Mar/2022:21:18:23 -0500] "OPTIONS /kwssiamovil/sm/setfile/f? HTTP/1.1" 200 13
216.245.221.92 - - [29/Mar/2022:21:18:24 -0500] "HEAD / HTTP/1.1" 200 -
186.102.65.78 - - [29/Mar/2022:21:18:24 -0500] "POST /kwssiamovil/sm/setfile/f? HTTP/1.1" 200 381
186.102.65.78 - - [29/Mar/2022:21:18:29 -0500] "OPTIONS /kwssiamovil/sm/setfile/f? HTTP/1.1" 200 13
186.102.65.78 - - [29/Mar/2022:21:18:29 -0500] "POST /kwssiamovil/sm/setfile/f? HTTP/1.1" 200 381
186.102.65.78 - - [29/Mar/2022:21:18:36 -0500] "OPTIONS /kwssiamovil/sm/setfile/f? HTTP/1.1" 200 13
186.102.65.78 - - [29/Mar/2022:21:18:36 -0500] "POST /kwssiamovil/sm/setfile/f? HTTP/1.1" 200 381
186.102.65.78 - - [29/Mar/2022:21:18:45 -0500] "OPTIONS /kwssiamovil/sm/setfile/f? HTTP/1.1" 200 13
186.102.65.78 - - [29/Mar/2022:21:18:45 -0500] "POST /kwssiamovil/sm/setfile/f? HTTP/1.1" 200 381
186.102.65.78 - - [29/Mar/2022:21:18:55 -0500] "OPTIONS /kwssiamovil/sm/setfile/f? HTTP/1.1" 200 13
186.102.65.78 - - [29/Mar/2022:21:18:55 -0500] "POST /kwssiamovil/sm/setfile/f? HTTP/1.1" 200 381
186.102.65.78 - - [29/Mar/2022:21:19:06 -0500] "OPTIONS /kwssiamovil/sm/setfile/f? HTTP/1.1" 200 13
186.102.65.78 - - [29/Mar/2022:21:19:06 -0500] "POST /kwssiamovil/sm/setfile/f? HTTP/1.1" 200 381
186.102.65.78 - - [29/Mar/2022:21:19:13 -0500] "OPTIONS /kwssiamovil/sm/setfile/f? HTTP/1.1" 200 13
186.102.65.78 - - [29/Mar/2022:21:19:13 -0500] "POST /kwssiamovil/sm/setfile/f? HTTP/1.1" 200 381
186.102.65.78 - - [29/Mar/2022:21:19:22 -0500] "OPTIONS /kwssiamovil/sm/setfile/f? HTTP/1.1" 200 13
186.102.65.78 - - [29/Mar/2022:21:19:23 -0500] "POST /kwssiamovil/sm/setfile/f? HTTP/1.1" 200 381
172.22.2.4 - - [29/Mar/2022:21:17:56 -0500] "HEAD /BLA/boletinlegal/ HTTP/1.1" 200 -
186.102.65.78 - - [29/Mar/2022:21:20:02 -0500] "GET /kwssiamovil/sm/ldap/au?x=U2FsdGVkX1+vr/xccmpPv/9th4zDsn0FUIE3CELVNneVsO3OVmNXviqe0gmhG2K8&y=U2FsdGVkX1+/gVJUp4iv56MieHo6AzQchaBGOxa0h2VCG8XLklFvB4e49pnYSeag HTTP/1.1" 200 30
186.102.65.78 - - [29/Mar/2022:21:20:02 -0500] "GET /kwssiamovil/sm/acme/s?s=U2FsdGVkX18/Pmw+CZwSPXmLnK6OSNehCSk8UXhYu74Zw6iBC/1KijpIlUh54OLtmarWRVjMoDsAzMkObe3IAiNEEXkZ9odzvEVcpoYlfik=&u=U2FsdGVkX18vJYKHs+4hR509SFGPsk7cJ/AwnY5ABDqn0/8D/72dslpLspEzMgHB&y=U2FsdGVkX1+/gVJUp4iv56MieHo6AzQchaBGOxa0h2VCG8XLklFvB4e49pnYSeag HTTP/1.1" 200 97
186.102.65.78 - - [29/Mar/2022:21:20:02 -0500] "GET /kwssiamovil/sm/acme/s?s=U2FsdGVkX1+znE0irBp3c9C0pA3A3QKPQmOcHdXT2aJFqs3P7uUn+CKFxT+dMbrOJwpqj3EjQbkzBY3uFyxywjFk+7hWvei8H7jtZbxnaidA+s6/0oVwa7pMyeCPGSVVGfcy4M23QRoVSsjDaIEy+3MtlIsp1++12Th3xhZXJxgr07dzQlLSVTnG/IpO9XzZZQBiV4LL8H4t/0d71FJAC78fa1f2bnaPOu8O/tNxCyeLp1ldriR+J0AjN/g9i21kkz2SmpD4NAq7sy7hZXUigP9Ol2OIENCItFhnLIguOgomU9mkAb3hkpf1bwZZsXBVvz+yrRUD9C8pjvEaOzcNVIcLTgPD5rofuyXLjGZ3YcJGc1KK7jZMbCxu/3adRg5BeTRRu2jSdU9ooz8S8cm0uerVe9PAssd0g3crpTIn/0LoNimdYP3cTuOGfvHWCR0CNAK3oPPROZgNxwsBINvKOmaHZVxTjcH8hKpqXsgjuQm3E8kfsJuCGz5qW8LZG812BQnlTyHsAVQXDbrZ+wpli7sW0iRY6Cp0/LtsnS+RIbpozswbxFHvo7Ge2Ch75kud/YYMaZfeZJneV4SujRJ3ZPqkBGN4hxT/wE9GpOH6FPXvlU/1PasYLw6L3Ytucws8OsdWnbu0Ww1u0VMKS2d/IdoXoTJMv4HuIp6tBLHVUpotUmS20U39goPyzgy67RCAUdDSCfWmxQSSYj+rCctQqA3hIidkvH1CtaIkirIYO5/1wZm0vyCj3c8EW+mCxWoeFQbkwMPRdqvRU2svhJsqyKzNUX1rA8Hhv1TqIIyfJOGezglzULaIwidMDFqvFI/4zsgldY3o2QBFKWCtR9rbVEnTKyzBFI5zO7QEhJewKiAwc3JV1znYNt9e35gLcXcHPB8ykMdHQ+nuDodrLiY9+m86wVxzzNT4svTDNUjC59V7ALvCpXUW/LWj4TV8h4juBU7388J+ebM3rA9Nk+icQIXdMy5PQUsi1pm5JNrJzCiE/l6XE3uj8R4tSfhLHOXKp3cixt8GgzLHe1s7IAC67mHxY89ahRdLZitNRbzRnUS1Pw8hq04cnoK+xg/pCsdeteHvnuNFCLO28SMBxEYiYRp5mkP5zI0RyvcDAFNhjL0=&u=U2FsdGVkX18vJYKHs+4hR509SFGPsk7cJ/AwnY5ABDqn0/8D/72dslpLspEzMgHB&y=U2FsdGVkX1+/gVJUp4iv56MieHo6AzQchaBGOxa0h2VCG8XLklFvB4e49pnYSeag HTTP/1.1" 200 4942
186.102.65.78 - - [29/Mar/2022:21:20:02 -0500] "GET /kwssiamovil/sm/acme/s?s=U2FsdGVkX1+iVMJZAtK0zLETgmbNbyrPcdFJ/fVNasDv/D+8gkJrKU11ZeAOzGXe&u=U2FsdGVkX18vJYKHs+4hR509SFGPsk7cJ/AwnY5ABDqn0/8D/72dslpLspEzMgHB&y=U2FsdGVkX1+/gVJUp4iv56MieHo6AzQchaBGOxa0h2VCG8XLklFvB4e49pnYSeag HTTP/1.1" 200 70
186.102.65.78 - - [29/Mar/2022:21:20:02 -0500] "GET /kwssiamovil/sm/acme/s?s=U2FsdGVkX1+TbTxm9lxvbQe95Rk7XiBIqCQp+E9OrBOqr2difzo7vPjOBvydok4g&u=U2FsdGVkX18vJYKHs+4hR509SFGPsk7cJ/AwnY5ABDqn0/8D/72dslpLspEzMgHB&y=U2FsdGVkX1+/gVJUp4iv56MieHo6AzQchaBGOxa0h2VCG8XLklFvB4e49pnYSeag HTTP/1.1" 200 70
186.102.65.78 - - [29/Mar/2022:21:20:02 -0500] "GET /kwssiamovil/sm/acme/s?s=U2FsdGVkX19uGzeqpKusDB5n3tC51bRJdfybt3HNwHIq0/fAPPcMzdQfRo7AWqMO&u=U2FsdGVkX18vJYKHs+4hR509SFGPsk7cJ/AwnY5ABDqn0/8D/72dslpLspEzMgHB&y=U2FsdGVkX1+/gVJUp4iv56MieHo6AzQchaBGOxa0h2VCG8XLklFvB4e49pnYSeag HTTP/1.1" 200 70
186.102.65.78 - - [29/Mar/2022:21:20:02 -0500] "GET /kwssiamovil/sm/acme/s?s=U2FsdGVkX1/cEKz+PA8ybL7tfESbR/QLWn+G74L52Z+H/y+Vus2Rjfrws6hQOVX9&u=U2FsdGVkX18vJYKHs+4hR509SFGPsk7cJ/AwnY5ABDqn0/8D/72dslpLspEzMgHB&y=U2FsdGVkX1+/gVJUp4iv56MieHo6AzQchaBGOxa0h2VCG8XLklFvB4e49pnYSeag HTTP/1.1" 200 70
186.102.65.78 - - [29/Mar/2022:21:20:03 -0500] "GET /kwssiamovil/sm/acme/s?s=U2FsdGVkX1+fns3PLNWjDXf0faf4iQ+04Kt4ofI/AwXDeucrynGng1NiiP7uLh5j&u=U2FsdGVkX18vJYKHs+4hR509SFGPsk7cJ/AwnY5ABDqn0/8D/72dslpLspEzMgHB&y=U2FsdGVkX1+/gVJUp4iv56MieHo6AzQchaBGOxa0h2VCG8XLklFvB4e49pnYSeag HTTP/1.1" 200 70
186.102.65.78 - - [29/Mar/2022:21:20:03 -0500] "GET /kwssiamovil/sm/acme/s?s=U2FsdGVkX1+DoaAUp+5CtQzC/WqHxG0lYrz1BY8XjF2hyaFaQcnzxqA8PxZvm/Ui&u=U2FsdGVkX18vJYKHs+4hR509SFGPsk7cJ/AwnY5ABDqn0/8D/72dslpLspEzMgHB&y=U2FsdGVkX1+/gVJUp4iv56MieHo6AzQchaBGOxa0h2VCG8XLklFvB4e49pnYSeag HTTP/1.1" 200 70
186.102.65.78 - - [29/Mar/2022:21:20:03 -0500] "GET /kwssiamovil/sm/acme/s?s=U2FsdGVkX1/GH6ouTyCqmzr3qtyey0Il1JY9QF5XZIiOB1WmBHTpxRdI/yrthrgL&u=U2FsdGVkX18vJYKHs+4hR509SFGPsk7cJ/AwnY5ABDqn0/8D/72dslpLspEzMgHB&y=U2FsdGVkX1+/gVJUp4iv56MieHo6AzQchaBGOxa0h2VCG8XLklFvB4e49pnYSeag HTTP/1.1" 200 70
186.102.65.78 - - [29/Mar/2022:21:20:03 -0500] "GET /kwssiamovil/sm/acme/s?s=U2FsdGVkX1/IPDVCWxb99BMToVIxhvmUakD5+ZGR7EdtQfkjd+XSBejNWtdSmEQG&u=U2FsdGVkX18vJYKHs+4hR509SFGPsk7cJ/AwnY5ABDqn0/8D/72dslpLspEzMgHB&y=U2FsdGVkX1+/gVJUp4iv56MieHo6AzQchaBGOxa0h2VCG8XLklFvB4e49pnYSeag HTTP/1.1" 200 70
186.102.65.78 - - [29/Mar/2022:21:20:03 -0500] "GET /kwssiamovil/sm/acme/s?s=U2FsdGVkX19ni7uXd31hPu9+KmkuwxogiQ2LM78D3ilPPtC5esEiXlhOei4nI0HQ&u=U2FsdGVkX18vJYKHs+4hR509SFGPsk7cJ/AwnY5ABDqn0/8D/72dslpLspEzMgHB&y=U2FsdGVkX1+/gVJUp4iv56MieHo6AzQchaBGOxa0h2VCG8XLklFvB4e49pnYSeag HTTP/1.1" 200 70
186.102.65.78 - - [29/Mar/2022:21:20:03 -0500] "GET /kwssiamovil/sm/acme/s?s=U2FsdGVkX1/Xa0mtVqiVUnrq8VLJLN+YjVFSKjuopVnwPZJ5Jsap4CK0N22hrUKA&u=U2FsdGVkX18vJYKHs+4hR509SFGPsk7cJ/AwnY5ABDqn0/8D/72dslpLspEzMgHB&y=U2FsdGVkX1+/gVJUp4iv56MieHo6AzQchaBGOxa0h2VCG8XLklFvB4e49pnYSeag HTTP/1.1" 200 70
186.102.65.78 - - [29/Mar/2022:21:20:03 -0500] "GET /kwssiamovil/sm/acme/s?s=U2FsdGVkX1+ueIA4LoYFCi3A3UKZGEhjPdkeBeXchw/WvH3D7rOu7M5yJhBt4IO/&u=U2FsdGVkX18vJYKHs+4hR509SFGPsk7cJ/AwnY5ABDqn0/8D/72dslpLspEzMgHB&y=U2FsdGVkX1+/gVJUp4iv56MieHo6AzQchaBGOxa0h2VCG8XLklFvB4e49pnYSeag HTTP/1.1" 200 70
186.102.65.78 - - [29/Mar/2022:21:20:03 -0500] "GET /kwssiamovil/sm/acme/s?s=U2FsdGVkX1+7Da+vLKPf8XVrvZO+LMIapZzHFm7fZaEByuioOfVV+BZRnD4YvqU/&u=U2FsdGVkX18vJYKHs+4hR509SFGPsk7cJ/AwnY5ABDqn0/8D/72dslpLspEzMgHB&y=U2FsdGVkX1+/gVJUp4iv56MieHo6AzQchaBGOxa0h2VCG8XLklFvB4e49pnYSeag HTTP/1.1" 200 70
186.102.65.78 - - [29/Mar/2022:21:20:03 -0500] "GET /kwssiamovil/sm/acme/s?s=U2FsdGVkX19uJVfTjM3E/UtX3ItWoAjbbyemy2UsWgoQvm9A5a4nsWyoulrKQGQ0&u=U2FsdGVkX18vJYKHs+4hR509SFGPsk7cJ/AwnY5ABDqn0/8D/72dslpLspEzMgHB&y=U2FsdGVkX1+/gVJUp4iv56MieHo6AzQchaBGOxa0h2VCG8XLklFvB4e49pnYSeag HTTP/1.1" 200 70
186.102.65.78 - - [29/Mar/2022:21:20:03 -0500] "GET /kwssiamovil/sm/ldap/au?x=U2FsdGVkX18Q+a3vTgwV3vfD6sXVNjOW8VwgRQfUkyYwtlMoSAKvDjhCyFRoozIN&y=U2FsdGVkX1/LB20Vrcg+zwA4O7BKvGB34U71oN1M+UkFqL+aU8YwJyeADUYjy62W HTTP/1.1" 200 30
186.102.65.78 - - [29/Mar/2022:21:20:03 -0500] "GET /kwssiamovil/sm/acme/s?s=U2FsdGVkX1/lBqI5+WvKybxnQAhnt93/kUuH3tHC9bisqo122KtUGgzKTZptuO7B&u=U2FsdGVkX18vJYKHs+4hR509SFGPsk7cJ/AwnY5ABDqn0/8D/72dslpLspEzMgHB&y=U2FsdGVkX1+/gVJUp4iv56MieHo6AzQchaBGOxa0h2VCG8XLklFvB4e49pnYSeag HTTP/1.1" 200 66
186.102.65.78 - - [29/Mar/2022:21:20:03 -0500] "GET /kwssiamovil/sm/acme/s?s=U2FsdGVkX190bDbAzUw4QnKVNpZBy80uR9a1dfLpnwqK1lO0xrZwfce3HYNV8FD8&u=U2FsdGVkX18vJYKHs+4hR509SFGPsk7cJ/AwnY5ABDqn0/8D/72dslpLspEzMgHB&y=U2FsdGVkX1+/gVJUp4iv56MieHo6AzQchaBGOxa0h2VCG8XLklFvB4e49pnYSeag HTTP/1.1" 200 66
186.102.65.78 - - [29/Mar/2022:21:20:03 -0500] "GET /kwssiamovil/sm/acme/s?s=U2FsdGVkX1/+u2bh3mieFES7uV69rSy1XROVHpU8fweUeRAu9t4iiSTyso+CYQV8FJQNG/cvoB/sfPFnj90g16F5JwHYC/af2I7lDamVlEs=&u=U2FsdGVkX18RUsEcaKKQVEvuy5x5ss19Vk/pFrh4z1z80hc84+rgcqVQUPxQcSLy&y=U2FsdGVkX1/LB20Vrcg+zwA4O7BKvGB34U71oN1M+UkFqL+aU8YwJyeADUYjy62W HTTP/1.1" 200 97
186.102.65.78 - - [29/Mar/2022:21:20:04 -0500] "GET /kwssiamovil/sm/acme/s?s=U2FsdGVkX1+zXD/R7+JT8I1m7Sxw7LFG+99mzTUdQTvoKS4ppXDJsS7Lpm3r86QFBhCBrBf8VPaI6ysRHQJ7XCOHcYMnbif/jviA8Ij3OdLCvR2NnzxdsTRuxsMBAkbqFXCPykVUwdhTXa+zXi0TnZSbbKPSmqT0kMDw/6pRsPMtOBojywG4GZQWy45yxlGVSiE3q2wf4IMiFH6FyI1ssIGAKEfppqGjBPNxswyqoecMLJoM5YVv1yCKUYjclvmvBOMXj2laiYss2ZiewMeyAO2zd+u2pDRPO53+gIsEqNsdMWAsiZecNkhIePt7ddQEYtBPL3sjB+oqZNJZFnKy7atAxWvZvl6SKPXYKQE4Umgmcff/2qO+R9z9nzxpGeOEQCLWb2eDEBuJtbcGEUkRQyTmrNPAGgtRaoBqAy4s/guwggh+VN/3Lg1s9pJJp1YjaCijKXLbh/vy9Nz6RJtTbkMd8O+j/l/YoK0yf9Lx96dEnGiS4w0dtbfOLidIYTVA/eKN/zF+NK3XLhiucXiNMTjDv7sF6JR5UNHl3MCOWHJBzVxlV8RoYU3wrtFz+4c23+J74EUbT12+7SZPA5aVsXbOpOOYn71AHjuQ4SvgYB1F5bCBnrfjzBDFJSi0QZba7NNbLA/zL2Vm2JMVJd+3ahYynWidznQVUEkc0HRmxZM8mVKiT1CxB7+NVuE3DY7h6qzxXocnpQC7xXPkvn3E3kEpgv1x7SwQcQgeMH2K95kVsQCSZXNKryl33iSMNqkzCrZEAh0ssv4BlJvrc3wCs26yHxDfg+5wwEmQ2fZR3XAnCB5YhpceD0UIkhCyPhnMlKulz0b4w1/62DfNu92bGhpqK3i6F8sJvyQ5Mc3sOrEyWssrYrMis0bSIJcce41m3fgAVJjtG/tprV3pqGI5PLlDLhhoWues/HqhiNsnLzqrjgoPLnurX50MKaLvILWO6YUxoVyx3cQCkWfGKDwpxWhRQK3DQWdwemEp03lMYrYnfTqIC41zsL4bvStSgzKgZXXB21uoOt9f1Mmp/shVNgL3EW0pPlf+3YbWcXw/5Tf5NDqcDQUa5Ybh46JXjkPZ4ZBwKgCjHVDpwZs68cu0okZ1fxL3p9COmWaBJG/qoIM=&u=U2FsdGVkX18RUsEcaKKQVEvuy5x5ss19Vk/pFrh4z1z80hc84+rgcqVQUPxQcSLy&y=U2FsdGVkX1/LB20Vrcg+zwA4O7BKvGB34U71oN1M+UkFqL+aU8YwJyeADUYjy62W HTTP/1.1" 200 4942
186.102.65.78 - - [29/Mar/2022:21:20:04 -0500] "GET /kwssiamovil/sm/acme/s?s=U2FsdGVkX1+CE6VGFOHLuP4SHFaKcb1/cseoOiLJX5ZVPzsfsJGXVtThoi/2zyhU&u=U2FsdGVkX18vJYKHs+4hR509SFGPsk7cJ/AwnY5ABDqn0/8D/72dslpLspEzMgHB&y=U2FsdGVkX1+/gVJUp4iv56MieHo6AzQchaBGOxa0h2VCG8XLklFvB4e49pnYSeag HTTP/1.1" 200 66
186.102.65.78 - - [29/Mar/2022:21:20:04 -0500] "GET /kwssiamovil/sm/acme/s?s=U2FsdGVkX1/wAAn5mjor3iF7GYet4mTlaSZNzd1U6TV7pL4SmA4tD8b/Msq6qPPD&u=U2FsdGVkX18vJYKHs+4hR509SFGPsk7cJ/AwnY5ABDqn0/8D/72dslpLspEzMgHB&y=U2FsdGVkX1+/gVJUp4iv56MieHo6AzQchaBGOxa0h2VCG8XLklFvB4e49pnYSeag HTTP/1.1" 200 66
186.102.65.78 - - [29/Mar/2022:21:20:04 -0500] "GET /kwssiamovil/sm/acme/s?s=U2FsdGVkX1+mrHLaxy83PXuCZ/PzPnLjm0v/YeM31YUWuJbBed5RwILYJYS/XCNr&u=U2FsdGVkX18RUsEcaKKQVEvuy5x5ss19Vk/pFrh4z1z80hc84+rgcqVQUPxQcSLy&y=U2FsdGVkX1/LB20Vrcg+zwA4O7BKvGB34U71oN1M+UkFqL+aU8YwJyeADUYjy62W HTTP/1.1" 200 70
186.102.65.78 - - [29/Mar/2022:21:20:04 -0500] "GET /kwssiamovil/sm/acme/s?s=U2FsdGVkX1+705Haxva3qLT7oT3m2Q/GHOJ/TzKEeYBd/6/jnfWPMrjB8nH8tPDDEHG8ouMaFguFXMLE063Fbtbh8AST4DHAPNsrvllxrFrvIQTUJFGSpSplzm+et3bvujFCCwE9Wu7p8mRg4mkmJ2XE6VW4L6tsZybPKZn/NF0XlP6m4HlzPmvdHwaN6QZTj30EW3CtSA0Yq08cZXXFebWrkcejxzdwjsea9riNaZvH4N5DRhuRGlh+QUFghjc++nYI+0x8EcAgv+2k5fBJMNKddBRLp4kShyeytNuRnR7xE7rwHOkl+4c+NXF9Rro5ni7Q9pb+MZGy/zHPU/jcu9+jr2/Z5qnVvs4IdLyyXBU=&u=U2FsdGVkX18vJYKHs+4hR509SFGPsk7cJ/AwnY5ABDqn0/8D/72dslpLspEzMgHB&y=U2FsdGVkX1+/gVJUp4iv56MieHo6AzQchaBGOxa0h2VCG8XLklFvB4e49pnYSeag HTTP/1.1" 200 66
186.102.65.78 - - [29/Mar/2022:21:20:04 -0500] "GET /kwssiamovil/sm/acme/s?s=U2FsdGVkX1+KNATnnGugz8a5SZqTHqdUo1/gRUfM0aeylIZCo6lV+oE/306SOACE&u=U2FsdGVkX18RUsEcaKKQVEvuy5x5ss19Vk/pFrh4z1z80hc84+rgcqVQUPxQcSLy&y=U2FsdGVkX1/LB20Vrcg+zwA4O7BKvGB34U71oN1M+UkFqL+aU8YwJyeADUYjy62W HTTP/1.1" 200 70
186.102.65.78 - - [29/Mar/2022:21:20:04 -0500] "GET /kwssiamovil/sm/acme/s?s=U2FsdGVkX19wAV6FUM8tSjQCUZKHPzWioKfDDSgRTrOP2l3059C1VqhCemlplYRy&u=U2FsdGVkX18RUsEcaKKQVEvuy5x5ss19Vk/pFrh4z1z80hc84+rgcqVQUPxQcSLy&y=U2FsdGVkX1/LB20Vrcg+zwA4O7BKvGB34U71oN1M+UkFqL+aU8YwJyeADUYjy62W HTTP/1.1" 200 70
186.102.65.78 - - [29/Mar/2022:21:20:04 -0500] "GET /kwssiamovil/sm/acme/s?s=U2FsdGVkX18bx8/jVnhZHMjrUu7SGFCodqsZS99GDGDgLYX1CAwkktqn7rSC8XvJ&u=U2FsdGVkX18RUsEcaKKQVEvuy5x5ss19Vk/pFrh4z1z80hc84+rgcqVQUPxQcSLy&y=U2FsdGVkX1/LB20Vrcg+zwA4O7BKvGB34U71oN1M+UkFqL+aU8YwJyeADUYjy62W HTTP/1.1" 200 70
186.102.65.78 - - [29/Mar/2022:21:20:04 -0500] "GET /kwssiamovil/sm/acme/s?s=U2FsdGVkX1/4TLVYPKT29k/LDlM7tUkVlAPKZsDaxIhcwVa6I6JqlTqT708JUbFC&u=U2FsdGVkX18RUsEcaKKQVEvuy5x5ss19Vk/pFrh4z1z80hc84+rgcqVQUPxQcSLy&y=U2FsdGVkX1/LB20Vrcg+zwA4O7BKvGB34U71oN1M+UkFqL+aU8YwJyeADUYjy62W HTTP/1.1" 200 70
186.102.65.78 - - [29/Mar/2022:21:20:04 -0500] "GET /kwssiamovil/sm/acme/s?s=U2FsdGVkX19qapYfJFqbXe4tiZi13QV73+68NW0F06MT7SxckuliE49DBAoSlozP&u=U2FsdGVkX18RUsEcaKKQVEvuy5x5ss19Vk/pFrh4z1z80hc84+rgcqVQUPxQcSLy&y=U2FsdGVkX1/LB20Vrcg+zwA4O7BKvGB34U71oN1M+UkFqL+aU8YwJyeADUYjy62W HTTP/1.1" 200 70
186.102.65.78 - - [29/Mar/2022:21:20:04 -0500] "GET /kwssiamovil/sm/acme/s?s=U2FsdGVkX19a96a/G7vobRIr5x7jJJfS17GlOICIZ11mEs4ryt/IQDMJHuxoA+q8&u=U2FsdGVkX18RUsEcaKKQVEvuy5x5ss19Vk/pFrh4z1z80hc84+rgcqVQUPxQcSLy&y=U2FsdGVkX1/LB20Vrcg+zwA4O7BKvGB34U71oN1M+UkFqL+aU8YwJyeADUYjy62W HTTP/1.1" 200 70
186.102.65.78 - - [29/Mar/2022:21:20:04 -0500] "GET /kwssiamovil/sm/acme/s?s=U2FsdGVkX1+EHnVd7KzCpM2wcDGcVtppZSSk9vXkEGwPLDvUUMHXez+/n/nzbIK7&u=U2FsdGVkX18RUsEcaKKQVEvuy5x5ss19Vk/pFrh4z1z80hc84+rgcqVQUPxQcSLy&y=U2FsdGVkX1/LB20Vrcg+zwA4O7BKvGB34U71oN1M+UkFqL+aU8YwJyeADUYjy62W HTTP/1.1" 200 70
186.102.65.78 - - [29/Mar/2022:21:20:04 -0500] "GET /kwssiamovil/sm/acme/s?s=U2FsdGVkX18ulRtWNk+pKmIiy6y9EI3K7afS3IFBP+dFrqZBVXZO3FltjHqTm1cU&u=U2FsdGVkX18RUsEcaKKQVEvuy5x5ss19Vk/pFrh4z1z80hc84+rgcqVQUPxQcSLy&y=U2FsdGVkX1/LB20Vrcg+zwA4O7BKvGB34U71oN1M+UkFqL+aU8YwJyeADUYjy62W HTTP/1.1" 200 70
186.102.65.78 - - [29/Mar/2022:21:20:05 -0500] "GET /kwssiamovil/sm/acme/s?s=U2FsdGVkX18uKhvblZgXThdg3E/ei7rOFSQo+m9bxnTDHLv+4nalvu82dRE98LxW&u=U2FsdGVkX18RUsEcaKKQVEvuy5x5ss19Vk/pFrh4z1z80hc84+rgcqVQUPxQcSLy&y=U2FsdGVkX1/LB20Vrcg+zwA4O7BKvGB34U71oN1M+UkFqL+aU8YwJyeADUYjy62W HTTP/1.1" 200 70
186.102.65.78 - - [29/Mar/2022:21:20:05 -0500] "GET /kwssiamovil/sm/acme/s?s=U2FsdGVkX1/vE4Ro0Jo+OXeCvd+3jIgJonUftrgctQRRSSCi2HuGztlmt6klxwCo&u=U2FsdGVkX18RUsEcaKKQVEvuy5x5ss19Vk/pFrh4z1z80hc84+rgcqVQUPxQcSLy&y=U2FsdGVkX1/LB20Vrcg+zwA4O7BKvGB34U71oN1M+UkFqL+aU8YwJyeADUYjy62W HTTP/1.1" 200 70
186.102.65.78 - - [29/Mar/2022:21:20:05 -0500] "GET /kwssiamovil/sm/acme/s?s=U2FsdGVkX1+16NQT9WNANlFrDgm/yNVvTwar8wJVCfs9HScQQOMFbuiyQCVCeYnS&u=U2FsdGVkX18RUsEcaKKQVEvuy5x5ss19Vk/pFrh4z1z80hc84+rgcqVQUPxQcSLy&y=U2FsdGVkX1/LB20Vrcg+zwA4O7BKvGB34U71oN1M+UkFqL+aU8YwJyeADUYjy62W HTTP/1.1" 200 70
186.102.65.78 - - [29/Mar/2022:21:20:05 -0500] "GET /kwssiamovil/sm/acme/s?s=U2FsdGVkX1+oYW31sttPF5Vy5PKflPnHBTOAYYepkRBDfDfs+tIXerwKsG2DTHzj&u=U2FsdGVkX18RUsEcaKKQVEvuy5x5ss19Vk/pFrh4z1z80hc84+rgcqVQUPxQcSLy&y=U2FsdGVkX1/LB20Vrcg+zwA4O7BKvGB34U71oN1M+UkFqL+aU8YwJyeADUYjy62W HTTP/1.1" 200 70
186.102.65.78 - - [29/Mar/2022:21:20:05 -0500] "GET /kwssiamovil/sm/acme/s?s=U2FsdGVkX1/Qkbi8oYSfW6LCFFtE1PDOerxKvvGcCrVjpUq6bw3NtcJTIRuTnHSa&u=U2FsdGVkX18RUsEcaKKQVEvuy5x5ss19Vk/pFrh4z1z80hc84+rgcqVQUPxQcSLy&y=U2FsdGVkX1/LB20Vrcg+zwA4O7BKvGB34U71oN1M+UkFqL+aU8YwJyeADUYjy62W HTTP/1.1" 200 70
186.102.65.78 - - [29/Mar/2022:21:20:05 -0500] "GET /kwssiamovil/sm/acme/s?s=U2FsdGVkX192w/GQ7PQyCvrEFvWkolIPP+RSMX1w5bFt57Q9kIa75En+n3tpzfdx&u=U2FsdGVkX18RUsEcaKKQVEvuy5x5ss19Vk/pFrh4z1z80hc84+rgcqVQUPxQcSLy&y=U2FsdGVkX1/LB20Vrcg+zwA4O7BKvGB34U71oN1M+UkFqL+aU8YwJyeADUYjy62W HTTP/1.1" 200 70
186.102.65.78 - - [29/Mar/2022:21:20:05 -0500] "GET /kwssiamovil/sm/acme/s?s=U2FsdGVkX18QiuWaerNHHcBJ+K6PkBQro8I24iv0F7NLu/NrwamlZmtl9PExeTYz&u=U2FsdGVkX18RUsEcaKKQVEvuy5x5ss19Vk/pFrh4z1z80hc84+rgcqVQUPxQcSLy&y=U2FsdGVkX1/LB20Vrcg+zwA4O7BKvGB34U71oN1M+UkFqL+aU8YwJyeADUYjy62W HTTP/1.1" 200 70
186.102.65.78 - - [29/Mar/2022:21:20:06 -0500] "GET /kwssiamovil/sm/acme/s?s=U2FsdGVkX1/LIBMgO73yHTYLt5ZcnKtHPS6miaJgOfJ70Tioxvvd78v5XfUYOS9V&u=U2FsdGVkX18RUsEcaKKQVEvuy5x5ss19Vk/pFrh4z1z80hc84+rgcqVQUPxQcSLy&y=U2FsdGVkX1/LB20Vrcg+zwA4O7BKvGB34U71oN1M+UkFqL+aU8YwJyeADUYjy62W HTTP/1.1" 200 70
186.102.65.78 - - [29/Mar/2022:21:20:06 -0500] "GET /kwssiamovil/sm/acme/s?s=U2FsdGVkX19gfUdt1eCAsF7vrZDS6nd9WAcj9nDE0G16+X0BYpIx3GBKIqprB0/jhRpgrYrZPgpHlc07RUJViLSbPcw+V8rFXdePSG6X4zJRL5jVxypI00OdQ1q1Od41VVrulHISMEAO9TjGs1ZlzsOylk2R2boT5WVEBT/mycZUG9ePKA31KKqNiz2PnDZpWQTgqbb1n/8JiqzVkOxuVZGj1otKnS25LfzKhfQPADytpB7nLffsKW4jl0Ug/EUlfAN61oL9rWlKomy2u1wOXQhXMalOprflsLVhJ8IY9QhqvQeLe191QVUTKr36WuFZbGR1jEVKoMYJz36F4uW5Vor3Qz09lVG2WtLo4j7ppFM=&u=U2FsdGVkX18RUsEcaKKQVEvuy5x5ss19Vk/pFrh4z1z80hc84+rgcqVQUPxQcSLy&y=U2FsdGVkX1/LB20Vrcg+zwA4O7BKvGB34U71oN1M+UkFqL+aU8YwJyeADUYjy62W HTTP/1.1" 200 196
186.102.65.78 - - [29/Mar/2022:21:20:06 -0500] "GET /kwssiamovil/sm/cjson/pre?f=1&x=U2FsdGVkX18Q+a3vTgwV3vfD6sXVNjOW8VwgRQfUkyYwtlMoSAKvDjhCyFRoozIN HTTP/1.1" 200 30975
172.22.2.4 - - [29/Mar/2022:21:18:46 -0500] "GET /BLA/boletinlegal/ HTTP/1.1" 200 58588
186.102.65.78 - - [29/Mar/2022:21:20:35 -0500] "GET /kwssiamovil/sm/acme/a?s=U2FsdGVkX19XHHJgHwtD98iD2GTqzSTg8xBgVPWsBWvP2pIACEKhekeEHEnhc73aW/F9WogKN65JmmQYNP0qPCvQQkA1ZfcVsTGb2OkXutJFsW8Ke2iiS9YAodzIwKESROnnj1X9vcKYrlivLZAqjEQ1tw0m8I20ueghbKR11lD/vXYQGyjwq+FHhN1v47ZOqePcPdPrkK0NqPV7aQevcjjaz8bSW5CS+feeEr/aiPWbhPpLI71a8etKp+LU0HhsFxfAEubgWegcDYHN8Zpb2w==&u=U2FsdGVkX18RUsEcaKKQVEvuy5x5ss19Vk/pFrh4z1z80hc84+rgcqVQUPxQcSLy&y=U2FsdGVkX1/LB20Vrcg+zwA4O7BKvGB34U71oN1M+UkFqL+aU8YwJyeADUYjy62W HTTP/1.1" 200 25
186.102.65.78 - - [29/Mar/2022:21:20:35 -0500] "GET /kwssiamovil/sm/acme/a?s=U2FsdGVkX19wePGmGrQE/iaxFvEsgU3+Gq9CHhckBoMvySMOHz6ITz1ej86OQ2DfTxLVQB/H4KvA+noyvDuNE7wNbRfjuqbJGQfel3Zo9UpVX9gUoA4NYAGYDh2CE2dwaggYL2v/cCK3a/SfTYfrEo1tVYDaYw9a0M2vEA25oxoHacyulH13H4GVrLjKp45zb7Fez4cVJZGyLT8Iv7TAGgfkhhRaJA6yrIaEORb9Rv8kNWns99UpN+REgaMQsJngXw01H+tLoh9EnFGQpnYoNQVfLCt5D+Xsvkz6W3+dneaKAvDkJPqVFTjvvyOMxiQyGp7Olk9CXBol6v2GmoOVzI23fKpjebCc0JIaeHmPOa8lC/moTJLzDV6etWC6Kzfy7XGJj9BUQ95lD2CNR2KzB3edhqjnEWepn2K/U9qXaKAcoTiYjvCKLIZDa15aQ+CUOAL+6hzVra7dEOD2cbfMIxn423W+yt/S1+O/aC7KZDctO5N0Mw7xOFEygbqcMJheXiEseySd8tCkWTMxyQKGcpzcGGPhCAfHTnFaEoC+88VV26wr4z1BdiVr41gj7w57erIGEh1HmiPJkFjS9knlyJwhDYPSpjpLoKXzJBwaKsuv5NoJfjpQ0p0EYis1aK0MuBqrC/ybhwhJNnAcLGe6oKcGHSgdQYjxu7DkXXbc5dI591pUmtFQM4kA+SHmLlkDoPAQekZ0yeVA1Ne3AA/U0WsiqLss2nxpreL8sJDs/jPJ5HTf+rc5AowgxrAeOsVLrQg3l/L63cCVuMGpxJn8K4V8n2Is6/34K1ozHcViESIcmg5phrpPmU6dcgJHZPbD1IEWpysFyomGrEVM2FeZr5Y7LB1ANPh9UzhDJPDiOFtmcFRevlpIpMqH68jEcRnv+oGw0xKSlxhtO5xVNXAIvQ0DWWU7s7qJjb79BSxJUcAubDH04izgnKGU+7+plmJERgUjMbuOp8iisX1bDCO2AXwCf24u0LuR/JhRpwoYCcSX7bUxXr5aP/LlKwMLnXzloIjOILPQPLEzqdaJsDz8nn/itw1Mc+1AQ4v8Z2hIYZf1eezpxO4GlgpaqoDgBsMf/t1tN+fWQyynfCAFvVasAIuwtPrOVwRMClEfPx2PXTVB98N2XRv57h711DlBaPCX0p1xphne7uuWdX+kTCmpLXaLPX/waW5bru3rCYHyywNOXkyUqKdZK6V8Jx0VwVdS07mWk4wdEYsuvSJHS7L9dUs4ax4R4Hb85CWggMorz4qLmR08mxZ32cyIn/hpwbBencGZFZs1MSNGKFf97mzLxD39jIz6YoX+AgeiyRpjA7Wgl6/Tr8crAZGHKK4ilmCWw4eHiDK3EjI1QTzOpwLNS33ilvGXPFwuXvfoSq9MIrdv41/pLrabB+dBQgF/F82iO/6bVeoDDYzVcZ0YB8LnZBrPMm4B81K0JyTRQai+4KNEEyYAd5GXv+uwO3nuvRQ1eBBfYcYyJSOtm+1Xh+UpWqisyzil6SDtpa/PCX/uaiEF9hKmRwVazbxfWRIvBZi4y+cKMlprTWYtEXNMIqhFYGbO5JB0cm7+d6x5XHgT0ciJWvmzxWdpaYsjPqFsAvdRo0uINruh8XDZ/j7PP+g9cRxwVY5lpt2o4NeXJS/kHKI81/BsLyHDtEq3CuH+u0tGPr61v8zKUApdW9ga0bexU+IKtaktyf+IKi6YzdT3Wdcc2TOZL1il//COZRopdbBPHJQBeuSMz9MMEKl2imvfuOMQLnD3CBLGcT3dKHh6zY5uSBaZGHUCik8z8a9WodM+h43IMRxnzqItS9m0mpRYFqeEXzSCaj8U48jG9qhoehLVPkt3JTC8FktIbGfuYZg0hJgUnRotxqciYc7ETUTndg7vFE5jWzLMuxZccuCHBgMDJMCF3XDzfKLW0XqvtXB+XI6myVXsL0pEFTutUBh08J8a0mNy8IZ5kwf/vsqw6QmL+ZjxAHhEgunJNsikUhTjpqhOsr+BmN7KbTcnu50QJivTjYRetscfJT+4cTxdyj98OGm65F8xI6fO1Y84xNpGjA8+PcAyYE/xXJm6aUVFsAFJ8ijgWFKhfhqwjVNkCsULr9vIwNArO767VfyuO+Dw&u=U2FsdGVkX18RUsEcaKKQVEvuy5x5ss19Vk/pFrh4z1z80hc84+rgcqVQUPxQcSLy&y=U2FsdGVkX1/LB20Vrcg+zwA4O7BKvGB34U71oN1M+UkFqL+aU8YwJyeADUYjy62W HTTP/1.1" 200 25
186.102.65.78 - - [29/Mar/2022:21:20:36 -0500] "GET /kwssiamovil/sm/acme/a?s=U2FsdGVkX1+giToRYL+faVe0u3vvgIgUTC49ooIqfWxOOqRyXkloQWpHTsZjN1rcmijQ5drtHZV4TIjT4UdGrJcz0McQwOyJ++MrknGAwm4rl4viXx2RjPjcG/LwjsY1grXdh53+rBA+JMbzSunIS1MdPobrboy6GccsFraAMqU=&u=U2FsdGVkX18RUsEcaKKQVEvuy5x5ss19Vk/pFrh4z1z80hc84+rgcqVQUPxQcSLy&y=U2FsdGVkX1/LB20Vrcg+zwA4O7BKvGB34U71oN1M+UkFqL+aU8YwJyeADUYjy62W HTTP/1.1" 200 25
186.102.65.78 - - [29/Mar/2022:21:20:36 -0500] "GET /kwssiamovil/sm/acme/a?s=U2FsdGVkX1+qoXmb6xnb99H88HZoLPLc/ZzCxIbOMX5UIy7nRZjaaNlsqSLbplRXuHKac0mBJ+GRBDFhIDB1FwErRzIxRP+Fqg51eu8z4/Hk2ubYXXnBF9gt4nXJE/h2TBuoodKI2xjVOSqcO8gj4wzUX6Z/tQ9t0ELdRDM6FnM=&u=U2FsdGVkX18RUsEcaKKQVEvuy5x5ss19Vk/pFrh4z1z80hc84+rgcqVQUPxQcSLy&y=U2FsdGVkX1/LB20Vrcg+zwA4O7BKvGB34U71oN1M+UkFqL+aU8YwJyeADUYjy62W HTTP/1.1" 200 25
186.102.65.78 - - [29/Mar/2022:21:20:36 -0500] "GET /kwssiamovil/sm/acme/a?s=U2FsdGVkX19Wp54EKUPAOHzzbBttkDR61bIY7AmgCFdo0Lx55zz0VDUrXgngZyEe0vyRLt8us/+F/VUUCLumORpK3NGY7zXfoA7TsNx3dnw116+FHwDtd9E1/K7/M3UfdjbZxExAA4Or2RBieX/7EtoI1PlDxUsA4IGZ/iP5WVE=&u=U2FsdGVkX18RUsEcaKKQVEvuy5x5ss19Vk/pFrh4z1z80hc84+rgcqVQUPxQcSLy&y=U2FsdGVkX1/LB20Vrcg+zwA4O7BKvGB34U71oN1M+UkFqL+aU8YwJyeADUYjy62W HTTP/1.1" 200 25
186.102.65.78 - - [29/Mar/2022:21:20:37 -0500] "GET /kwssiamovil/sm/acme/a?s=U2FsdGVkX1/jvKd2hgy6eHR3srdhF15Vm0FOiEP4YiVJhLm81kB3df/Rmw01myxWljMh5oC6GaM9hozrEvfSnl+Z5l1Pvoqy/EwOZ+TSwm7lMc77RIXCC1SveQEgSU4irOeLL/NTlV1mIjdbmcqWCaLnOFcvCXJgyAYrl8oi0bfvvqJC8qZMlBavfE2R2x4f&u=U2FsdGVkX18RUsEcaKKQVEvuy5x5ss19Vk/pFrh4z1z80hc84+rgcqVQUPxQcSLy&y=U2FsdGVkX1/LB20Vrcg+zwA4O7BKvGB34U71oN1M+UkFqL+aU8YwJyeADUYjy62W HTTP/1.1" 200 25
186.102.65.78 - - [29/Mar/2022:21:20:37 -0500] "GET /kwssiamovil/sm/acme/a?s=U2FsdGVkX18BmPwTL/r7vFRluNB417iOlX90WK/iWoj/52WZgrqxOC8QbTudeLRVG3yMMXyKne+3vbpxcyFwjgbNDIwzdcCe+W7TDfM0DXbAJz2a0UtUwBArRS5KmrcT0dZnYmqWuEUA4hCcrmvq9TwqbtBXUBBmJEeWvpBZQXCf1sg4K/BAyZ2ympEtNy77jq0WqpLLgsiZEb90i5omVQ==&u=U2FsdGVkX18RUsEcaKKQVEvuy5x5ss19Vk/pFrh4z1z80hc84+rgcqVQUPxQcSLy&y=U2FsdGVkX1/LB20Vrcg+zwA4O7BKvGB34U71oN1M+UkFqL+aU8YwJyeADUYjy62W HTTP/1.1" 200 25
186.102.65.78 - - [29/Mar/2022:21:20:37 -0500] "GET /kwssiamovil/sm/acme/a?s=U2FsdGVkX1940hOCGERNj4aCezXPvj2k1RLfKc7VjpSriMdDrX4aBl4ZXY8ZLCfG67Y8Zs9dwTfVMYOP49ZvIfn0KPOx0GIt/g6SyYzsYwRSY+rjt/tWrgFp2TyGXDU7KQ5uvzm7II9wGEXDbpB60ZJY5yeWVXrC7SCfwLkUl3YSR6JSNMounSqqYERuClVVdFRCabOp+SpbAM8Yv4SF2viv/X09eAIqyJnR2pzcYOeoCU96wivUIFqG0Ybv2oDSw0p3cgcgQSB83VPlT5s8V8KqBxLTRTWpcD8HKBXPZ4DTkXqGfVj9YpemMNQ/8P1UAkvbNPApDxiZsflPwj529t0hLN7mPrRPzj5E26CzfUUL2uuTDWI9mlxbghOv90V5&u=U2FsdGVkX18RUsEcaKKQVEvuy5x5ss19Vk/pFrh4z1z80hc84+rgcqVQUPxQcSLy&y=U2FsdGVkX1/LB20Vrcg+zwA4O7BKvGB34U71oN1M+UkFqL+aU8YwJyeADUYjy62W HTTP/1.1" 200 24
186.102.65.78 - - [29/Mar/2022:21:20:37 -0500] "GET /kwssiamovil/sm/acme/a?s=U2FsdGVkX19lVQOAj56x2APDgyYUIQspX2MJcUarq1IMz1Ftn/jZM0Avvr/kVl/WotNvzkK9a86V5kIaDrqjs8r+CXJIyooYTy0ctqMPo6lg77Wt3J+cUVes+oWTNPLbR+O3pvmwZC/l1TjsjSum590gfyTtgcfBcWqmSOS9so3aDfErjq8Dpz1O8wmbWoa3sQOkJPOc/cwl0lFlBzPH0w==&u=U2FsdGVkX18RUsEcaKKQVEvuy5x5ss19Vk/pFrh4z1z80hc84+rgcqVQUPxQcSLy&y=U2FsdGVkX1/LB20Vrcg+zwA4O7BKvGB34U71oN1M+UkFqL+aU8YwJyeADUYjy62W HTTP/1.1" 200 25
186.102.65.78 - - [29/Mar/2022:21:20:38 -0500] "GET /kwssiamovil/sm/acme/a?s=U2FsdGVkX190rSG7YY9ARGdOJAhKYWRu3nDuKBjJBJYLJpQndgEoUF+ZapAaMp87epiqgA8OVOgOqBNrOzpeQwK/TOsjvUmt8X/WrWoo8YtXq3Y8Ef/F1YDK9qdWvGtYt2hGIh9T9nJPUSFoyP+88DoUoN4l/sG6BQibEFUwTYoTw4CJc5m5VcirM60r7cNPGZi43KxFqYsAotkT3KIXzatFWzWXlEFtvhLAMgQ8d8spMX2N+ePJxUea4mLLMjhNGUN9AuMUcBkOoELw3wrsQWNvvRTzS76LwMmD/sW0xvTUcxV4yMQZOTEUTEb9ZsxSz/aB3uvqWM5BvavT5b1lQg==&u=U2FsdGVkX18RUsEcaKKQVEvuy5x5ss19Vk/pFrh4z1z80hc84+rgcqVQUPxQcSLy&y=U2FsdGVkX1/LB20Vrcg+zwA4O7BKvGB34U71oN1M+UkFqL+aU8YwJyeADUYjy62W HTTP/1.1" 200 24
186.102.65.78 - - [29/Mar/2022:21:20:38 -0500] "GET /kwssiamovil/sm/acme/a?s=U2FsdGVkX19TvDxNaYJRkwG+BjVn7fv2iKdOiUJSra+e/Fu7sb5ouiC0A9sqi8pnTi/rh8iSZSYmgc3BqDvkHfmxXqgDRiOyEHEES3kjwGArWLa1Z3Bm2kwCFxm8pyvUd/80ijQlqaPtOEfn87fKPG0EkhBJmoUMu+ZVmAtKJhZ/ZyRR8+w9yqcjzY22+OEMSfgyqfplIuo2wbHS/3Y9eg==&u=U2FsdGVkX18RUsEcaKKQVEvuy5x5ss19Vk/pFrh4z1z80hc84+rgcqVQUPxQcSLy&y=U2FsdGVkX1/LB20Vrcg+zwA4O7BKvGB34U71oN1M+UkFqL+aU8YwJyeADUYjy62W HTTP/1.1" 200 25
186.102.65.78 - - [29/Mar/2022:21:20:38 -0500] "GET /kwssiamovil/sm/acme/a?s=U2FsdGVkX1+KEIamt756WzOehuG6Yv83nbxB4bKXPBe68PgsQ6jFbC/mzZFP3D9BkSX0WDXHVZyKVfOupnMWp9jFExLjOqywumc8Dzj5xTdAk/9oda6oCXcd82DxCPT+kwDl6yc91o1anApZVX5t12zbWEhmWK/DzIPDGPzBV1Mm5gerxD4Efm3AjYCeakrJlhD+N2msXhLAJc5e+BjSbQ==&u=U2FsdGVkX18RUsEcaKKQVEvuy5x5ss19Vk/pFrh4z1z80hc84+rgcqVQUPxQcSLy&y=U2FsdGVkX1/LB20Vrcg+zwA4O7BKvGB34U71oN1M+UkFqL+aU8YwJyeADUYjy62W HTTP/1.1" 200 25
186.102.65.78 - - [29/Mar/2022:21:20:38 -0500] "GET /kwssiamovil/sm/acme/a?s=U2FsdGVkX184lstQHhJ7I+Q0YeWkCvhgZ80Lj3nfcNAnG4W7qMslbn6PDyj+29Cs9ZExVP/PxmyZWTUmvpG7nzirQWOPDcOCj5mi1+voG4VOOrRJ2FAyh6hJONGuZ8DbAPnAUpKl+IQp3zlVIxRR7oV1EJfZdTqGGYWXpd6aN6g=&u=U2FsdGVkX18RUsEcaKKQVEvuy5x5ss19Vk/pFrh4z1z80hc84+rgcqVQUPxQcSLy&y=U2FsdGVkX1/LB20Vrcg+zwA4O7BKvGB34U71oN1M+UkFqL+aU8YwJyeADUYjy62W HTTP/1.1" 200 25
186.102.65.78 - - [29/Mar/2022:21:20:39 -0500] "GET /kwssiamovil/sm/acme/a?s=U2FsdGVkX19UCEBRBVjsKT1jGpHJ8t7peFwDfKCmugaEUnVsVht9sqlppMAqDMvhovE9jXAv3lCVfYVvkB4JqEDJdK3SVkXUbMYsG+aOaYHtvP4nGnZ2GP00bSvKf3VbasSCx/lvgIjpC79+LVgNwKqcuDoXJX8zpWoAxS4BL1ZmuwKeWoaup/xN/ODpHZkh2OBC7AIWKCG7hL5XbxdS1g==&u=U2FsdGVkX18RUsEcaKKQVEvuy5x5ss19Vk/pFrh4z1z80hc84+rgcqVQUPxQcSLy&y=U2FsdGVkX1/LB20Vrcg+zwA4O7BKvGB34U71oN1M+UkFqL+aU8YwJyeADUYjy62W HTTP/1.1" 200 25
186.102.65.78 - - [29/Mar/2022:21:20:39 -0500] "GET /kwssiamovil/sm/acme/a?s=U2FsdGVkX1/KZMr+O22TMCQ/DB/X2b9hJ5znGNO9JurL50JEpFyF4SkjcPDuYFAb9hMYcBajlvcmp5nQ7gplh74o7yMcfF8FV6Px3YXPa4HVqeViByO+Ze1SJwx6H1FoFvjHBoxL+3UCuR/vtCUpuhiZUPQNj4AuyUjFs3WkLxqkdsATLTvgiQgTgm9aNduwiWRXWQV6RPEhGXKEEj47rg==&u=U2FsdGVkX18RUsEcaKKQVEvuy5x5ss19Vk/pFrh4z1z80hc84+rgcqVQUPxQcSLy&y=U2FsdGVkX1/LB20Vrcg+zwA4O7BKvGB34U71oN1M+UkFqL+aU8YwJyeADUYjy62W HTTP/1.1" 200 25
186.102.65.78 - - [29/Mar/2022:21:20:39 -0500] "GET /kwssiamovil/sm/acme/a?s=U2FsdGVkX1/fogw9XyesGi+SLgVinN97b619h0B+K1xyrh8LY/06jQ1jdfe5DfaIWi9oQ1p91G9cOG/aVezyesBlTCRsb18guICeeBPrrCpm2nH5/Tvu4biCGAIzDTBtB7A58fLhXCGx9V8ONes7AxqnOYj4ftwwS8eDlpZpfnfGLftUcL9o12BUpPW7HCp11eNJRd/kJsdZaPnbNLVpgg==&u=U2FsdGVkX18RUsEcaKKQVEvuy5x5ss19Vk/pFrh4z1z80hc84+rgcqVQUPxQcSLy&y=U2FsdGVkX1/LB20Vrcg+zwA4O7BKvGB34U71oN1M+UkFqL+aU8YwJyeADUYjy62W HTTP/1.1" 200 25
186.102.65.78 - - [29/Mar/2022:21:20:39 -0500] "GET /kwssiamovil/sm/acme/a?s=U2FsdGVkX19E4V5VCG4x1xG0miqA/OU1MzuM48dGix7J2AF1akbBMP8Mkp7YU+pTubAMeMOj9aUV+8hQTLl82dJMm5LijfVaM//PS1adugLeIgDjy8KUAk63DUcY+aOqwSv0d8+jfqRnXmf7mmbyeNx7VcBncmrLKCBZYa2aiGDWVUpb6NDlkFw9ImdXaHyLY+dvHIF8OwNQqvwu7oKBZg==&u=U2FsdGVkX18RUsEcaKKQVEvuy5x5ss19Vk/pFrh4z1z80hc84+rgcqVQUPxQcSLy&y=U2FsdGVkX1/LB20Vrcg+zwA4O7BKvGB34U71oN1M+UkFqL+aU8YwJyeADUYjy62W HTTP/1.1" 200 25
186.102.65.78 - - [29/Mar/2022:21:20:40 -0500] "GET /kwssiamovil/sm/acme/a?s=U2FsdGVkX18+6QU38ePIzuWC5XtmBcr4/XAEzmFmpHLtX3SzblFsZr56IqZXZj0jKuA5gp0XH7A+saRkLvFCHYi2doUtpwfY9gayZLo9Zjo7kZN3GyB3s3nzq7621M7OPV3Zm7VzfZgUseJ5Mh+ucJWD/KAU9ETjlovwaTaj3M+GTOOlB4nTTqHFwjMBgRfSxJWfgUVdwMS4nSvDsg3Ijw==&u=U2FsdGVkX18RUsEcaKKQVEvuy5x5ss19Vk/pFrh4z1z80hc84+rgcqVQUPxQcSLy&y=U2FsdGVkX1/LB20Vrcg+zwA4O7BKvGB34U71oN1M+UkFqL+aU8YwJyeADUYjy62W HTTP/1.1" 200 25
186.102.65.78 - - [29/Mar/2022:21:20:40 -0500] "GET /kwssiamovil/sm/acme/a?s=U2FsdGVkX1+aPp/f+VJ9i6emYCUERX/SkPCTL/ulqhVC8JdY7aWHXdhQ67a/+ByHPUUgmkkrY4NSkKAxYtCLTwGHc9ExJs5+zDhrw5qrKMkELAeOXE3eachQ2ihclvOjfSstIMoyOWcb3b/6d/BGMnqgCt5fjq6Yv44d09rAn+cbt/wOvNuQk84TOmw//CtiQwwAv5DlmhQ1BfvwgY3CLw==&u=U2FsdGVkX18RUsEcaKKQVEvuy5x5ss19Vk/pFrh4z1z80hc84+rgcqVQUPxQcSLy&y=U2FsdGVkX1/LB20Vrcg+zwA4O7BKvGB34U71oN1M+UkFqL+aU8YwJyeADUYjy62W HTTP/1.1" 200 25
186.102.65.78 - - [29/Mar/2022:21:20:40 -0500] "GET /kwssiamovil/sm/acme/a?s=U2FsdGVkX1+63LPQH1cTy6nKUWFq/HvrWudzWkfyhs35Vp76TaXJ2f3MeBlxUXYPpeUxyszvycQDN5KPaIbyoX2lN/Me5pvR4+R8+uVnodJut0MdhyytFC5mKCwwUatCLeP42mksDvzlhDGviRu50NjLcR4gcxyIls4txzdjHiZ2bALblnla9OCyOFtGfsJsq3aBY1FU5LVe2ZLExFIP3w==&u=U2FsdGVkX18RUsEcaKKQVEvuy5x5ss19Vk/pFrh4z1z80hc84+rgcqVQUPxQcSLy&y=U2FsdGVkX1/LB20Vrcg+zwA4O7BKvGB34U71oN1M+UkFqL+aU8YwJyeADUYjy62W HTTP/1.1" 200 25
186.102.65.78 - - [29/Mar/2022:21:20:40 -0500] "GET /kwssiamovil/sm/acme/a?s=U2FsdGVkX18BHVxEu5txDVfdkLBXMbZtc+ZFh4Cg6JBq6IVajNlRNU4iBsfKW173XODTEDmzvASOhkld1FBeinK/wufUJIjpKiYNIx+JdgSzoHUa3awNGpi8Bgqp9s8PbzSFphKr/Bw4dK+dD9OM2fyJo3BGzJpyYULSiQuEnC237mRfQIbeOA0qZmOEGjf7GZzAgZxMWGchVmH9SVdw7w==&u=U2FsdGVkX18RUsEcaKKQVEvuy5x5ss19Vk/pFrh4z1z80hc84+rgcqVQUPxQcSLy&y=U2FsdGVkX1/LB20Vrcg+zwA4O7BKvGB34U71oN1M+UkFqL+aU8YwJyeADUYjy62W HTTP/1.1" 200 25
