186.102.65.78 - - [29/Mar/2022:21:20:41 -0500] "GET /kwssiamovil/sm/acme/a?s=U2FsdGVkX1+dktQMkFL63HMMbMguH1ulwOyriqfgYWbLaULqOFIHSHgRI8VUxEGqLChhOFlooZj5GWpCMSBxsd1ej+kSdu3t/w1Rx8jsq8q7RuOt3zhISZ8+90aMfV7JMZXi0k8isBId69nLonA6NHg47bKNVeHyWFvuLjKTyC27waivF2b3u15iFVDVLuN4&u=U2FsdGVkX18RUsEcaKKQVEvuy5x5ss19Vk/pFrh4z1z80hc84+rgcqVQUPxQcSLy&y=U2FsdGVkX1/LB20Vrcg+zwA4O7BKvGB34U71oN1M+UkFqL+aU8YwJyeADUYjy62W HTTP/1.1" 200 25
186.102.65.78 - - [29/Mar/2022:21:20:41 -0500] "GET /kwssiamovil/sm/acme/a?s=U2FsdGVkX1+ZLXiRPvy5emgQ7EGLga4ot4jg6dGu8nSEWnu2KwxL1s5SasjHeN/bCLP/TUI8nFlqoeRgfY0bDDynEX/pCuWmb/16YilKDPLC21sZxBNWRJz6I/0j4x2zn4PJBlZXT6oVKX3TWBuC2xUaqZ6y8qNTpKpiNufIf+6jP+8k+yhPI4R602rAlOjKjUVafct51wQxophg/fYfnQ==&u=U2FsdGVkX18RUsEcaKKQVEvuy5x5ss19Vk/pFrh4z1z80hc84+rgcqVQUPxQcSLy&y=U2FsdGVkX1/LB20Vrcg+zwA4O7BKvGB34U71oN1M+UkFqL+aU8YwJyeADUYjy62W HTTP/1.1" 200 25
186.102.65.78 - - [29/Mar/2022:21:20:41 -0500] "GET /kwssiamovil/sm/acme/a?s=U2FsdGVkX1+XX4E+QmKGLWLG/2b3HqB739UwmtupsnPoHhrnlUGopwOLvqnCbitv/jpWR+cPjAVGNQF9aSHBDO8JnlhbVcC83Alcz/WjrDNQiBOyXyK1ENduknQGij4i/N8Pb66ZOde8bU29tI6DcfOfGY0ErDWNtUklf4+gV0cS9XcTnPD+cc4N5PiQy7DH&u=U2FsdGVkX18RUsEcaKKQVEvuy5x5ss19Vk/pFrh4z1z80hc84+rgcqVQUPxQcSLy&y=U2FsdGVkX1/LB20Vrcg+zwA4O7BKvGB34U71oN1M+UkFqL+aU8YwJyeADUYjy62W HTTP/1.1" 200 25
201.245.192.253 - - [29/Mar/2022:21:20:35 -0500] "POST /kwsrmcab/Wsrmcab HTTP/1.1" 200 45254
201.245.192.253 - - [29/Mar/2022:21:21:22 -0500] "POST /kwsrmcab/Wsrmcab HTTP/1.1" 200 43356
201.245.192.253 - - [29/Mar/2022:21:21:47 -0500] "POST /kwsrmcab/Wsrmcab HTTP/1.1" 200 109696
172.22.2.4 - - [29/Mar/2022:21:22:33 -0500] "GET /BLA/boletinlegal/actos.php HTTP/1.1" 200 9555
172.22.2.4 - - [29/Mar/2022:21:22:33 -0500] "GET /BLA/boletinlegal/styles2.css HTTP/1.1" 200 1838
172.22.2.4 - - [29/Mar/2022:21:22:33 -0500] "GET /BLA/boletinlegal/niceforms-default.css HTTP/1.1" 200 6694
172.22.2.4 - - [29/Mar/2022:21:22:33 -0500] "GET /BLA/boletinlegal/style.css HTTP/1.1" 200 9406
172.22.2.4 - - [29/Mar/2022:21:22:33 -0500] "GET /BLA/boletinlegal/js/ajax_actos.js HTTP/1.1" 200 1322
172.22.2.4 - - [29/Mar/2022:21:22:33 -0500] "GET /BLA/boletinlegal/niceforms.js HTTP/1.1" 200 22876
172.22.2.4 - - [29/Mar/2022:21:22:33 -0500] "GET /BLA/boletinlegal/js/lib.js HTTP/1.1" 200 6474
172.22.2.4 - - [29/Mar/2022:21:22:33 -0500] "GET /BLA/boletinlegal/js/popup.js HTTP/1.1" 200 1270
172.22.2.4 - - [29/Mar/2022:21:22:33 -0500] "GET /BLA/boletinlegal/js/jquery1.js HTTP/1.1" 200 29846
172.22.2.4 - - [29/Mar/2022:21:22:33 -0500] "GET /BLA/boletinlegal/images/cabezote%20BLEGAL.jpg HTTP/1.1" 200 118164
172.22.2.4 - - [29/Mar/2022:21:22:33 -0500] "GET /BLA/boletinlegal/images/subscribe-icon-big.png HTTP/1.1" 200 47702
172.22.2.4 - - [29/Mar/2022:21:22:33 -0500] "GET /BLA/boletinlegal/images/historia.png HTTP/1.1" 200 52775
172.22.2.4 - - [29/Mar/2022:21:22:34 -0500] "GET /BLA/boletinlegal/images/green-yellow-blue-pink-th.png HTTP/1.1" 200 7394
172.22.2.4 - - [29/Mar/2022:21:22:34 -0500] "GET /BLA/boletinlegal/images/registro-usuarios.png HTTP/1.1" 200 8106
172.22.2.4 - - [29/Mar/2022:21:22:34 -0500] "GET /BLA/boletinlegal/images/abajo.png HTTP/1.1" 200 96676
172.22.2.4 - - [29/Mar/2022:21:22:34 -0500] "GET /BLA/boletinlegal/images/tel.png HTTP/1.1" 200 14477
172.22.2.4 - - [29/Mar/2022:21:22:34 -0500] "GET /BLA/boletinlegal/images/icono-email.png HTTP/1.1" 200 5544
172.22.2.4 - - [29/Mar/2022:21:22:34 -0500] "GET /BLA/boletinlegal/images/body_bg.jpg HTTP/1.1" 200 1601
172.22.2.4 - - [29/Mar/2022:21:22:34 -0500] "GET /BLA/boletinlegal/images/menu_lft.gif HTTP/1.1" 200 1713
172.22.2.4 - - [29/Mar/2022:21:22:34 -0500] "GET /BLA/boletinlegal/images/menu_rght.gif HTTP/1.1" 200 1627
172.22.2.4 - - [29/Mar/2022:21:22:34 -0500] "GET /BLA/boletinlegal/images/bg_top.jpg HTTP/1.1" 200 522
172.22.2.4 - - [29/Mar/2022:21:22:34 -0500] "GET /BLA/boletinlegal/images/menu_bg.jpg HTTP/1.1" 200 620
172.22.2.4 - - [29/Mar/2022:21:22:34 -0500] "GET /BLA/boletinlegal/images/hover.jpg HTTP/1.1" 200 640
172.22.2.4 - - [29/Mar/2022:21:22:34 -0500] "GET /BLA/boletinlegal/images/footer_bg.jpg HTTP/1.1" 200 586
172.22.2.4 - - [29/Mar/2022:21:22:34 -0500] "GET /BLA/boletinlegal/images/text.jpg HTTP/1.1" 200 568
172.22.2.4 - - [29/Mar/2022:21:22:34 -0500] "GET /BLA/boletinlegal/images/footer_bg_l.jpg HTTP/1.1" 200 776
172.22.2.4 - - [29/Mar/2022:21:22:34 -0500] "GET /BLA/boletinlegal/img/0.png HTTP/1.1" 200 110
172.22.2.4 - - [29/Mar/2022:21:22:34 -0500] "GET /BLA/boletinlegal/img/select-left.png HTTP/1.1" 200 263
172.22.2.4 - - [29/Mar/2022:21:22:34 -0500] "GET /BLA/boletinlegal/img/select-right.png HTTP/1.1" 200 44019
172.22.2.4 - - [29/Mar/2022:21:22:34 -0500] "GET /BLA/boletinlegal/img/button-left.png HTTP/1.1" 200 57071
172.22.2.4 - - [29/Mar/2022:21:22:34 -0500] "GET /BLA/boletinlegal/img/button.png HTTP/1.1" 200 43241
172.22.2.4 - - [29/Mar/2022:21:22:34 -0500] "GET /BLA/boletinlegal/img/button-right.png HTTP/1.1" 200 57878
172.22.2.4 - - [29/Mar/2022:21:22:34 -0500] "GET /BLA/boletinlegal/favicon.ico HTTP/1.1" 404 1326
191.108.0.187 - - [29/Mar/2022:21:22:44 -0500] "OPTIONS /kwssiamovil/sm/setfile/f? HTTP/1.1" 200 13
191.108.0.187 - - [29/Mar/2022:21:22:44 -0500] "POST /kwssiamovil/sm/setfile/f? HTTP/1.1" 200 381
191.108.0.187 - - [29/Mar/2022:21:22:46 -0500] "OPTIONS /kwssiamovil/sm/setfile/f? HTTP/1.1" 200 13
191.108.0.187 - - [29/Mar/2022:21:22:47 -0500] "POST /kwssiamovil/sm/setfile/f? HTTP/1.1" 200 381
191.108.0.187 - - [29/Mar/2022:21:22:49 -0500] "OPTIONS /kwssiamovil/sm/setfile/f? HTTP/1.1" 200 13
191.108.0.187 - - [29/Mar/2022:21:22:49 -0500] "POST /kwssiamovil/sm/setfile/f? HTTP/1.1" 200 381
191.108.0.187 - - [29/Mar/2022:21:22:51 -0500] "OPTIONS /kwssiamovil/sm/setfile/f? HTTP/1.1" 200 13
191.108.0.187 - - [29/Mar/2022:21:22:52 -0500] "POST /kwssiamovil/sm/setfile/f? HTTP/1.1" 200 381
191.108.0.187 - - [29/Mar/2022:21:22:54 -0500] "OPTIONS /kwssiamovil/sm/setfile/f? HTTP/1.1" 200 13
191.108.0.187 - - [29/Mar/2022:21:22:54 -0500] "POST /kwssiamovil/sm/setfile/f? HTTP/1.1" 200 381
191.108.0.187 - - [29/Mar/2022:21:22:56 -0500] "OPTIONS /kwssiamovil/sm/setfile/f? HTTP/1.1" 200 13
191.108.0.187 - - [29/Mar/2022:21:22:56 -0500] "POST /kwssiamovil/sm/setfile/f? HTTP/1.1" 200 381
191.108.0.187 - - [29/Mar/2022:21:22:58 -0500] "OPTIONS /kwssiamovil/sm/setfile/f? HTTP/1.1" 200 13
172.22.2.4 - - [29/Mar/2022:21:22:58 -0500] "GET /BLA/boletinlegal/consulta_actos.php?tipo=resoluciones&no=&usuario=&sector=&fecha=2011&resuelve=Sanci%F3n HTTP/1.1" 200 710923
172.22.2.4 - - [29/Mar/2022:21:22:59 -0500] "GET /BLA/boletinlegal/images/pdf.gif HTTP/1.1" 200 567
172.22.2.4 - - [29/Mar/2022:21:22:59 -0500] "GET /BLA/boletinlegal/images/background.gif HTTP/1.1" 200 -
191.108.0.187 - - [29/Mar/2022:21:22:58 -0500] "POST /kwssiamovil/sm/setfile/f? HTTP/1.1" 200 381
191.108.0.187 - - [29/Mar/2022:21:23:00 -0500] "OPTIONS /kwssiamovil/sm/setfile/f? HTTP/1.1" 200 13
191.108.0.187 - - [29/Mar/2022:21:23:00 -0500] "POST /kwssiamovil/sm/setfile/f? HTTP/1.1" 200 381
172.22.2.4 - - [29/Mar/2022:21:23:03 -0500] "GET /BLA/boletinlegal/circulares/2012/circular%20no.%2010%20del%2022%20de%20agosto%20de%202012.pdf HTTP/1.1" 200 1563219
216.245.221.92 - - [29/Mar/2022:21:23:24 -0500] "HEAD / HTTP/1.1" 200 -
191.108.0.187 - - [29/Mar/2022:21:23:44 -0500] "GET /kwssiamovil/sm/acme/a?s=U2FsdGVkX19kGXW9rfqcctx4cS9BXYNveYU0sMQcwCq1H/rO52YRc7pz2HWY1PDpAkY3I6qi3Yiy62w93TL9AM2T9Zjg8x+CJ2V8aCLgXileXF1X8Iw7vX0BK/KoQ2M6CxceCf1lWLUe+j7kRcWH2u7PogjPWvpP2/VI1VUB5574fOiXbDRB/dxx0QtzDlj2SBMRneZBTKo7sYNPVSJxL6ioigJDE8XmXgjfycKjprT4EPUErFgxy4lM6uEV27meal/AKY5GSGGehAdT7Zy9+w==&u=U2FsdGVkX1+4W/A4T9nFGChd/vM+lVSCAeObk1veKdPynKm9UHTbM66SAYJnWclN&y=U2FsdGVkX1/zHmKZW4qvDeiXt/NjikxmQfPbNQsKo/keBK5WPOEWDCZCfTazpiRf HTTP/1.1" 200 25
191.108.0.187 - - [29/Mar/2022:21:23:45 -0500] "GET /kwssiamovil/sm/acme/a?s=U2FsdGVkX19fOeCQGKMFO+Loa+i2vEaRhkAAI8fk70urUe28ItPSjb+Ii6GP6nTYIMlSGzOyTFH8uSDUAazfapErrn4AIiMw+XjaBurZQJKAkGlL7QjKAyMNQYinUuSpD+Qu4EpsuJI5WpWbRlQD1h72lMniGUq7+ZzJXhaAAUb8n2AhJgPrZTR6tCI4gI+HqVvmrU7txjR1+Kjk5GuBl+FDhjIJMGNnxnZoa2WDK7JQpppmV8ccuJvHDaDrkQ6yrf76nRz1ZSTlxrkJGZWrKmWpLhz4Z3R1MU4EVVtYfLjWUD8HUGY+LNguvrbJLOd7vKKUNTH4o3+8ni41SDYhreihI+5CDOPYLn3Nqc942Fju6IWv9RBPmUtGpuq2DuDXqU5jMIyxDpkVOxL+0KczSh93iLvlR6ToNzdEnS3FBDZ+2wUlWOxmkrIW8iNj7o0xZGCY1mqZEYSPP+SxaCFhaD/mfaBSPeWOW72+xXFPw0M7JvGFYk0AEJXTXodwnyxV9JBokWNadq0qxcm9u3guJohtSEJ0lAH8bobySf9wkfQfRa0IdHo6WKaTGIbpy3nIE95N5ZfgyOJxj32O03uuaCJlqfBR0acQ19jtT2wvgYuG54kbzAGEIMXVpCgESwYQB5X/EotebOBWt7g2dIEX68/y+pqp7Akj6ksFInWjKp1byfEUlCn2IE317nfpb8d7XUZB+PIjn7muuekAyzIaLqve0dyQ6LKxIepUhpjd1vNdqPZiU+s8Ogkf3OaJhMGkSmXuxfXzv0Gp1VX+3uIpeVFibzy3JkK7ugthmhhF3WFta5ctkQmPYmDguwz2e8ElUqWbbeeg6n8zgadCTcJm/eYr4j89c8evNsD3Oa3Yfo/Qr0gHXu/IZt3aU5ZwWmXbKvBJB+FcyLF1qOAQvP/L4venzV/oVB269KCxCf7iAjRAPbJ4k9tfZOEXkfyKg4hQuPAvgbuyZaUV3Lh5KbCBNh0YWAcOdGQb+Hf4myic75izHMB72FZkdYtot3GMswS8zvY81hJ1BjA1MF0HbxTUEWtj1UsKCNq8PjNOYq8gVftQehqRax0qwaeFW+aQcKx/Lia0iICmy2mCNu35BsfTw8i4F2aK0r41QcqIyc80NN/y8XiVygBvIpNRj7URBRxHmQpcN/LfW6yraz/tZYzN7P8OAW/IGRUBg+ioUng13Je8ti+NnA0HyjbBxtR0q/cn7+nQ9/umQuXrAY56j7T/4RHIJ+OSyhdLw5TazTD5WfHHPGSzcIRMidkl2Y7K9cusQ731k29SEhQmwueG/fZRVNLiHi5INQ5gVV04eihDeSjdiiaIB5CJLmntHcfgJec1Eu9UuQjDCMBDI7U0yrgfeatgvsq/Q64OhNZ0ZbQMOmvQw1NZ+GlzzO4rB9c0sUh6STOhZC8O0p7hZFy2iK/L490uIxq7kJTXeDT1GfS2chEvi7C8dRnI2oDgLCO+5FIsCEAvN3yOiXFitd+gWYx+4+ZA9uLEcZd1IYIofBnYSjA=&u=U2FsdGVkX1+4W/A4T9nFGChd/vM+lVSCAeObk1veKdPynKm9UHTbM66SAYJnWclN&y=U2FsdGVkX1/zHmKZW4qvDeiXt/NjikxmQfPbNQsKo/keBK5WPOEWDCZCfTazpiRf HTTP/1.1" 200 25
191.108.0.187 - - [29/Mar/2022:21:23:45 -0500] "GET /kwssiamovil/sm/acme/a?s=U2FsdGVkX19BDb4HST6i92QVFgMX0QRPk6MvVi88OM6mNUugOPRNd3V+D72e3ugMYeSQCDA0VeXxOzkZvhlB3KbGrncpmu56eXqDKxffqpthUDK4SDhenfwdASxXLfcu3eo3nu3NWltCFCpilSqNwotF27S2PRjbwLNEIoW4zUM=&u=U2FsdGVkX1+4W/A4T9nFGChd/vM+lVSCAeObk1veKdPynKm9UHTbM66SAYJnWclN&y=U2FsdGVkX1/zHmKZW4qvDeiXt/NjikxmQfPbNQsKo/keBK5WPOEWDCZCfTazpiRf HTTP/1.1" 200 25
191.108.0.187 - - [29/Mar/2022:21:23:45 -0500] "GET /kwssiamovil/sm/acme/a?s=U2FsdGVkX18aAVnAvPNOILaoUXi2g8WViBLa7Gkm/w+wQTThpNimUaTr++go3YwY4GbE8rwr9ugu65xrLp/C9xoX2sDIiE3dUpWQOiHqVtFLDnhzuDjaElk5TMDG5Mzpzj3WUrQP8ei06QFDyrjwHSI82DEpAPpPlecnvNgSNpQ=&u=U2FsdGVkX1+4W/A4T9nFGChd/vM+lVSCAeObk1veKdPynKm9UHTbM66SAYJnWclN&y=U2FsdGVkX1/zHmKZW4qvDeiXt/NjikxmQfPbNQsKo/keBK5WPOEWDCZCfTazpiRf HTTP/1.1" 200 25
191.108.0.187 - - [29/Mar/2022:21:23:45 -0500] "GET /kwssiamovil/sm/acme/a?s=U2FsdGVkX1+JtXIgcJ4icar2dj4S9qMV8e0ZeuqLkhFel41jwSKvlilWtVibTeVgLIMC8Nyj2s/YsoNZTdBur+OozwECQfQD+zyiiD2OzfgFCLT0kVCLw/ZUoHnfYCKN3yG8Vm3Z5/dwEwzZDjHLLNHw4da4+ioa6zeXUMko0Oc=&u=U2FsdGVkX1+4W/A4T9nFGChd/vM+lVSCAeObk1veKdPynKm9UHTbM66SAYJnWclN&y=U2FsdGVkX1/zHmKZW4qvDeiXt/NjikxmQfPbNQsKo/keBK5WPOEWDCZCfTazpiRf HTTP/1.1" 200 25
191.108.0.187 - - [29/Mar/2022:21:23:45 -0500] "GET /kwssiamovil/sm/acme/a?s=U2FsdGVkX19j+k0ofoqwT/spJKm4E+PWE74gZc7nPtuBw70kv9WnSvWnJIYSp0RXvNDT98Cq3TczIUM6e4BD/jDSGxEwCmyucPj6LIodHrHSMuE/iwiy2r+0F53YhItscNbVTogZH1E1P9pzQhFTQ9bK93eW7UnU1H5fPHbPBl92JERQGGhmNxU/FLxgBLD5JTj273axvyzZHSlvFnuAJw==&u=U2FsdGVkX1+4W/A4T9nFGChd/vM+lVSCAeObk1veKdPynKm9UHTbM66SAYJnWclN&y=U2FsdGVkX1/zHmKZW4qvDeiXt/NjikxmQfPbNQsKo/keBK5WPOEWDCZCfTazpiRf HTTP/1.1" 200 25
191.108.0.187 - - [29/Mar/2022:21:23:45 -0500] "GET /kwssiamovil/sm/acme/a?s=U2FsdGVkX18gK80eu77jFqJH8Qzu2yINwLBAeHqPNTQea9UnBoELoUf5o3z5CsHgqQYj8jCKEh3kuF9nnEat1pOZEOjO6l2CIysWtKFxyoKaXHmxI0/Rxpp5N6cU1Pg14p9ONXWgHXLil2lUGMnIsT07ZFcr61Ekf7l9XuytmIFt9jO4i9I/qbg55nvpvdpo66+PgksF2TdE0AKhe/R3HA==&u=U2FsdGVkX1+4W/A4T9nFGChd/vM+lVSCAeObk1veKdPynKm9UHTbM66SAYJnWclN&y=U2FsdGVkX1/zHmKZW4qvDeiXt/NjikxmQfPbNQsKo/keBK5WPOEWDCZCfTazpiRf HTTP/1.1" 200 25
191.108.0.187 - - [29/Mar/2022:21:23:45 -0500] "GET /kwssiamovil/sm/acme/a?s=U2FsdGVkX18T8gyQm9PqJ4rTfIbnDGRQg/2qDx7SRF0xI2PGlgMzRTKFrGDpi+wZzQZ6BdjA1jiOfNxfNZ851pzWOoAfn1tbkTTVxRaxaf0S82osv4HiDjnLBKLnJ/vd2IZJwdCj8JX6MewTNkUFYFr5r51x8Z0AwXFCuKo2qxx40zb2IaPSiDbDd6FVpD8S&u=U2FsdGVkX1+4W/A4T9nFGChd/vM+lVSCAeObk1veKdPynKm9UHTbM66SAYJnWclN&y=U2FsdGVkX1/zHmKZW4qvDeiXt/NjikxmQfPbNQsKo/keBK5WPOEWDCZCfTazpiRf HTTP/1.1" 200 25
191.108.0.187 - - [29/Mar/2022:21:23:46 -0500] "GET /kwssiamovil/sm/acme/a?s=U2FsdGVkX18NMeiRLtPaX0CGrgFNa/53pY3BlOF5PyJ+G0EmhtNNFHoOLTiXBi8agDzRFdVXrGm4Ep0iINBRkL8tOI3IM8AUSZ3+yMK3G9msj4DyoMtA49WW9Cmsce0jtqyOb7ebxbcv8ZyDB27ycGCBg3so++V34WFsZPTcEFmOmIVx7uEF4xRamDZvbl10n7imBIozolOX5ORKBOY6OQ==&u=U2FsdGVkX1+4W/A4T9nFGChd/vM+lVSCAeObk1veKdPynKm9UHTbM66SAYJnWclN&y=U2FsdGVkX1/zHmKZW4qvDeiXt/NjikxmQfPbNQsKo/keBK5WPOEWDCZCfTazpiRf HTTP/1.1" 200 25
191.108.0.187 - - [29/Mar/2022:21:23:46 -0500] "GET /kwssiamovil/sm/acme/a?s=U2FsdGVkX190yzAFySw0VYqv6Ya67TkeA5azLa5xqxX6FcqAaVqLQtLmS0VkktJuWYmmsAjQ9Mh2oRHYd9asiFQ3XfWTkjS1yd/7BbyIx1qRuDFG7FkRZOB4UWCGO+lcjI3hJH06I4GRjyX03DHoVE6TtIYJTTKsPQ9vTBpKRGV+LD0vZkNr7GyOuNTnyEU4&u=U2FsdGVkX1+4W/A4T9nFGChd/vM+lVSCAeObk1veKdPynKm9UHTbM66SAYJnWclN&y=U2FsdGVkX1/zHmKZW4qvDeiXt/NjikxmQfPbNQsKo/keBK5WPOEWDCZCfTazpiRf HTTP/1.1" 200 25
191.108.0.187 - - [29/Mar/2022:21:23:46 -0500] "GET /kwssiamovil/sm/acme/a?s=U2FsdGVkX1+v033NaHcmb/Mjk+/IXJwExS093JlwptUAMlvmttTLY2p3Elmf6Sy4Mbc0iWYvWn3vnLEUL8PUhYIVd828pu1lbo4F+y5LYLehBCw6vv5duR9H4Ic7n30SVls0me2ILRHMM75BgNPk8RPYGp3Z5+DVVrxsSAp7UKXTsMhRHvPVZd1CMgKVAohf8XNloMWH1rb+HivJiHY6Ow==&u=U2FsdGVkX1+4W/A4T9nFGChd/vM+lVSCAeObk1veKdPynKm9UHTbM66SAYJnWclN&y=U2FsdGVkX1/zHmKZW4qvDeiXt/NjikxmQfPbNQsKo/keBK5WPOEWDCZCfTazpiRf HTTP/1.1" 200 25
191.108.0.187 - - [29/Mar/2022:21:23:46 -0500] "GET /kwssiamovil/sm/acme/a?s=U2FsdGVkX1/AtY0szX9bVcDCXaUdNluxMl1Uf4UmOpZ2fLR8NaouS35MX9xDcVG2FYrpFZF7Z857OzTrhv/eaZrsqToT2dDT1xYk+oUiiKJC6WT4ghYm9LxeaW1c+bsU9AqxwTQ036rCS8fTbZXnmEXrGmN8+k7+/bkt325tk8XohuikxQ7ZzuXudhc/+aNc&u=U2FsdGVkX1+4W/A4T9nFGChd/vM+lVSCAeObk1veKdPynKm9UHTbM66SAYJnWclN&y=U2FsdGVkX1/zHmKZW4qvDeiXt/NjikxmQfPbNQsKo/keBK5WPOEWDCZCfTazpiRf HTTP/1.1" 200 25
191.108.0.187 - - [29/Mar/2022:21:23:46 -0500] "GET /kwssiamovil/sm/acme/a?s=U2FsdGVkX1/LWS24R8HAsiK2WfmA3HvJ1c6WT8dfLrrMd58y8KkdS4kc457JAK78gIhx/cPGCsoZoWB+XCIVN9Pz/hJd1fkk8hbLK1CMGgeTPHo7XSFimpxRo0LAV0UFPtj/a8rUKGGYZ6CvGB/FAKwgMjjVHM0QdkWgfSOqrNsJQUGwtFYRh6m3X6GknfWvtt1lmHzmRzHhVm5vG/9Zkg==&u=U2FsdGVkX1+4W/A4T9nFGChd/vM+lVSCAeObk1veKdPynKm9UHTbM66SAYJnWclN&y=U2FsdGVkX1/zHmKZW4qvDeiXt/NjikxmQfPbNQsKo/keBK5WPOEWDCZCfTazpiRf HTTP/1.1" 200 25
191.108.0.187 - - [29/Mar/2022:21:23:47 -0500] "GET /kwssiamovil/sm/acme/a?s=U2FsdGVkX19i9Phh2VUu0NSuj1Aj1juvbHjnX+lCc8DD3Z624ttNjzaQYCLnGMsB5GddJtpeDN+ju8ai8yziD0aZ847xL6tMF/9qfGuYn5E25OKyS8hELUtBDSMBEd1wkmtnog727BI/QXmAcZeWf0os+K6IGe5sl/FTH8tMACKQFcQd5lMW6Z2cdAchlH/W&u=U2FsdGVkX1+4W/A4T9nFGChd/vM+lVSCAeObk1veKdPynKm9UHTbM66SAYJnWclN&y=U2FsdGVkX1/zHmKZW4qvDeiXt/NjikxmQfPbNQsKo/keBK5WPOEWDCZCfTazpiRf HTTP/1.1" 200 25
191.108.0.187 - - [29/Mar/2022:21:23:47 -0500] "GET /kwssiamovil/sm/acme/a?s=U2FsdGVkX1+OvEr6u3XJ5aayDyINByn+Z7/FB41PncWHUuIk8VgiEKnmIsNl1I2VRmk8xC68oO79pirP2AfUiHb0bEcK4IIU5T6TS51feKJHHu8nUtEHyPTs7pclXbGPk0NaMvMRtu3OoNT4yOd1Aiz/VNNXvv5Vcbd4Cd+FpL/qj6ItMa/p43TCwtwaImaL9ypBf7dBSftW0LAXbk0dTw==&u=U2FsdGVkX1+4W/A4T9nFGChd/vM+lVSCAeObk1veKdPynKm9UHTbM66SAYJnWclN&y=U2FsdGVkX1/zHmKZW4qvDeiXt/NjikxmQfPbNQsKo/keBK5WPOEWDCZCfTazpiRf HTTP/1.1" 200 25
191.108.0.187 - - [29/Mar/2022:21:23:47 -0500] "GET /kwssiamovil/sm/acme/a?s=U2FsdGVkX1+26CaxvG5mUFXDbofgGoctn8AWOP1kHZ7Mye9yYM2WSQyEktfNILxvna4dlhrXk5Z98pXQKJNwnAjxCzuzpQ2UEA24/hEIBwKJColcazN73EDhz0TPK932MpAs76kIrfU5u38WidDBHUs+4MKoNnepEx5GocmZXQZv7+QyFV5LMiSC904ePkF2&u=U2FsdGVkX1+4W/A4T9nFGChd/vM+lVSCAeObk1veKdPynKm9UHTbM66SAYJnWclN&y=U2FsdGVkX1/zHmKZW4qvDeiXt/NjikxmQfPbNQsKo/keBK5WPOEWDCZCfTazpiRf HTTP/1.1" 200 25
191.108.0.187 - - [29/Mar/2022:21:23:47 -0500] "GET /kwssiamovil/sm/acme/a?s=U2FsdGVkX1+OYV0ta1TkhO/0q0xWnSsATjiwXR6hhYnYIo4SKCNEisKjMaq97RJz8byDn4hBUC9LoVvNlrBWBUKOF40Gfd7eR7tb2QZabDLz8d7hxsOo8XVgzDVL1nXmksPeEIvKBEf4XHlBVZj7qxVkTn8Itrow1ok3FeIS4vzLtqKifiHcQ7xXGJETXPQt4G34jyxBD/KZ5Bu8rTVtMQ==&u=U2FsdGVkX1+4W/A4T9nFGChd/vM+lVSCAeObk1veKdPynKm9UHTbM66SAYJnWclN&y=U2FsdGVkX1/zHmKZW4qvDeiXt/NjikxmQfPbNQsKo/keBK5WPOEWDCZCfTazpiRf HTTP/1.1" 200 25
191.108.0.187 - - [29/Mar/2022:21:23:47 -0500] "GET /kwssiamovil/sm/acme/a?s=U2FsdGVkX1804tmObYRx2oWSEHzDHxUa7Y7OBknEhNsnpELSEFJ5WIZB/5rwy2FOgRFWj5Kn6Sn1DsJOzCgKnkLgAUaQWFOScRNCjlICQDiLdJgHUNkx/QUH956lOY0SgQOOHYHIRdVVjFjOjMrCprJe5bGoGA6dEHXiGjFzU/Fwd1pkSxARAmfYY2fvglC5&u=U2FsdGVkX1+4W/A4T9nFGChd/vM+lVSCAeObk1veKdPynKm9UHTbM66SAYJnWclN&y=U2FsdGVkX1/zHmKZW4qvDeiXt/NjikxmQfPbNQsKo/keBK5WPOEWDCZCfTazpiRf HTTP/1.1" 200 25
191.108.0.187 - - [29/Mar/2022:21:23:47 -0500] "GET /kwssiamovil/sm/acme/a?s=U2FsdGVkX1+F1Ou4viPYTrDA6UXlcMriHoPIINMlrDfIiqD6una/KjFzfmW+c/FAHE/92QGaIiIvTS2wgmX0LivAK9ALvtgCTbF2x/2ymMOBXR9I4eXZbZYdKL0EljMJHeaLojPD7mxyks7FnpO1/zaBlEF8gsD9AuBedFOHMIYyrRvxFIb51SN28oxDbrtl9JlWSfKYBPq0VUx46bUnWw==&u=U2FsdGVkX1+4W/A4T9nFGChd/vM+lVSCAeObk1veKdPynKm9UHTbM66SAYJnWclN&y=U2FsdGVkX1/zHmKZW4qvDeiXt/NjikxmQfPbNQsKo/keBK5WPOEWDCZCfTazpiRf HTTP/1.1" 200 25
191.108.0.187 - - [29/Mar/2022:21:23:47 -0500] "GET /kwssiamovil/sm/acme/a?s=U2FsdGVkX1/ZDUK98MLABuat3Wa7XWCpnvfEXQo1JHB3XEr2tdvPp2Z/nE+DUHs0lBTVikE/GHYGsrM+B/KXmeHtMQ3R/+Gl9mh4MRFC1gi6WYSpaHNFRO0e9BXQbheIaM7KD6aNq2FrLfTPES6fTcsYQk+0L7Qe0NSpq+s3Lw5KB9dgZDmrZrfbLqICWxyE&u=U2FsdGVkX1+4W/A4T9nFGChd/vM+lVSCAeObk1veKdPynKm9UHTbM66SAYJnWclN&y=U2FsdGVkX1/zHmKZW4qvDeiXt/NjikxmQfPbNQsKo/keBK5WPOEWDCZCfTazpiRf HTTP/1.1" 200 25
191.108.0.187 - - [29/Mar/2022:21:23:48 -0500] "GET /kwssiamovil/sm/acme/a?s=U2FsdGVkX18ph7TVbtqhOj1hhyDJEXa2a0Xe1Ijm2TDCPth5bScEk3b9hQV8I70RkqFW8Osw6fESnAUAmPjsZJ+yNYT1speia2yYb6iLd7hxq7rVYS5tOURHk/gMQWQX0/bwljCKL2kqpQVvtn0Xsj7eQ5EIyJcH7oZidTnKREZ1kyTMGNLgVTkbwpLt/b+tzCQ/eUXv2ZCqsaBtLkEIJ9v9WG1o4QQrnV7VwSaE7aw=&u=U2FsdGVkX1+4W/A4T9nFGChd/vM+lVSCAeObk1veKdPynKm9UHTbM66SAYJnWclN&y=U2FsdGVkX1/zHmKZW4qvDeiXt/NjikxmQfPbNQsKo/keBK5WPOEWDCZCfTazpiRf HTTP/1.1" 200 25
191.108.0.187 - - [29/Mar/2022:21:23:48 -0500] "GET /kwssiamovil/sm/acme/a?s=U2FsdGVkX1+fLPKwoJ9//idLB7epOEh67m1fKR6WRaAQJ/7OEFiRnxu+qzRVo5c4ZsynLcI0hDXxRK1HAO884mDKxtnF77HbYVLnSyAXHpPMl6lEVSoHBCHEgSvH4VCRDnUrHnZzCfQHhc8y8Xx6OrYO5cJAIEIfdQVi0L1nzT0OECp2eYI1ya0A+1TVXy8c7Ez129J272DcLgs0sV8Fww==&u=U2FsdGVkX1+4W/A4T9nFGChd/vM+lVSCAeObk1veKdPynKm9UHTbM66SAYJnWclN&y=U2FsdGVkX1/zHmKZW4qvDeiXt/NjikxmQfPbNQsKo/keBK5WPOEWDCZCfTazpiRf HTTP/1.1" 200 25
191.111.41.210 - - [29/Mar/2022:21:24:01 -0500] "GET /oso-melero-recuperado-en-bogota-fue-liberado-exitosamente-en-el-meta.html HTTP/1.1" 200 948
186.155.43.97 - - [29/Mar/2022:21:24:40 -0500] "GET /BLA/resoluciones/RESOLUCIONES%202011/6453.pdf HTTP/1.1" 200 242272
172.22.2.4 - - [29/Mar/2022:21:23:46 -0500] "HEAD /BLA/boletinlegal/ HTTP/1.1" 200 -
40.88.21.235 - - [29/Mar/2022:21:25:55 -0500] "GET / HTTP/1.1" 200 319
40.88.21.235 - - [29/Mar/2022:21:25:55 -0500] "GET /favicon.ico HTTP/1.1" 200 7782
172.22.2.4 - - [29/Mar/2022:21:24:36 -0500] "GET /BLA/boletinlegal/ HTTP/1.1" 200 58588
172.22.2.4 - - [29/Mar/2022:21:26:25 -0500] "GET /BLA/boletinlegal/actos.php HTTP/1.1" 200 9555
172.22.2.4 - - [29/Mar/2022:21:26:11 -0500] "GET /BLA/boletinlegal/ HTTP/1.1" 200 32715
216.245.221.92 - - [29/Mar/2022:21:28:24 -0500] "HEAD / HTTP/1.1" 200 -
191.108.0.187 - - [29/Mar/2022:21:28:51 -0500] "GET /kwssiamovil/sm/acme/a?s=U2FsdGVkX1/3qISgl3Sfu4lKb8EHsCgYXsFpBKOhOjI9tjnujomRG6QZAy5ZAVc6HlvP9m7Iq6F2vD0yPfWMMLbhV2tMS3tZDuXvwxG9LGiozxoamsKhNZpL5kaGuegbTEzUqU8H8hHZAEm+QkD4/WpdKK7bNztUTC8K4oGHZ5ouyVR/0BSmb2m1T75NBvzio0JQA2laqBDcjsRu5++392XVs4eJ1DmqWIchXKDe9C3KgThlbBsip+w4Is6Jwkw9IgIOd7bI2Ylh92JFMM+0Vg==&u=U2FsdGVkX1+4W/A4T9nFGChd/vM+lVSCAeObk1veKdPynKm9UHTbM66SAYJnWclN&y=U2FsdGVkX1/zHmKZW4qvDeiXt/NjikxmQfPbNQsKo/keBK5WPOEWDCZCfTazpiRf HTTP/1.1" 200 25
191.108.0.187 - - [29/Mar/2022:21:28:51 -0500] "GET /kwssiamovil/sm/acme/a?s=U2FsdGVkX18wCMP5PcRuk9swxCkn1ET4dKfqVpKty5Di7OuHjd8ryWpKsKMbokvGf2liIvc//3aLNnvPWJVsK81LsbCcKL2RUA1yfEdV+8BlFHOk8Ly4UbuQ19chAzT/KIEYX2sajXcNSXoMFStvqxU6rU7hXhB8rk3Sfqe3ijF/ASGiSCIN4KyYFjLILGtDAstvekm6fud6ZLi5GfbE7LX9MBQszL+OPW2TQAVPnJC6/ZtXieZV6i0okviFU+D04aaup9zRBgFU3uiGqVxv1gqbunrtTpFYTNbvm+Dgss4Ky3Yh4MtnvKkXOr3niwar6VUpMr6h2DiKIEePEV27/oXFq+FHnYpm5Jk7viTBzCfWZM3yxL0yZmeQPlWPHj2b4taNGHT0tCCtF1O8bcoV7/2klcKDZCPwQQDmdBkafSnftt/6JOd/Ljv51M71xNFaTVxIWUJBbF7ATz3K01BjrJ4OHNkpWlIrJKjVuIFWXgKNVXaq9wo1R11aZN2Bn10iYO7vYU9y82bWIasIahyAVXh3x6+FOBU1rXO3NFPYL2C6vu+NZ8EyXudnfb5v6JYWxs06CglCNTVLRaaJIvwe2RdzCusjT1iaJ7SRvLSl4tdLOf0vES9ghV6wT+h2Y99GU29l5OQC5xKXVvufgexeScLpBNxziWpJoFksrs4yooTCv6a64wa4pbZ1otXck5ApbJg3iDDSGozXRS8Fk5DwVapluhbMP6dCnKX2LVo1tCaqCjHg+fgiuockR7w4uvLUhU8ChNDp28m/HX9z719yV/ptpOaRKuhY2aP9L4DRuaWAiC2UAgvkHrLFL8Ney7dtQrt5CwrL3Y9lz3RMzK4fAD/OYyaccR8J5sr4B+WmpgsMhx2owiTjpclJnQJWFj3X1E8dVPKdIGUPsV8h/YDP1Ioz/tVNojgsL4bgSA63ixvc2xsmoX+pyhrNI/h2G0UTOlf5os1XEppdUCkK0WFl6guRPmqVwEU/gcUGzJFauU/xW0xTc11O6hiQSKNxxFJtX7nIOvvzHJWWs282OOECoNxVqgZ5wMjRSw/qI29lRMBqBX9GIwJoNpH7DR6mYGHBw/jT2ByjBulGunmGwNA5/VYLh1vLQOYuSC8J/IWUfYdLQMKp3hzivxW+cYM0FRq0EqIqSnG3kzrgVrjaFe/jEnUXU0FLmoEYl9NZkaNvQAoWTNCvLomruzQKsFBtuIEaZnsz5VJD4TIGsvxpeHVLHMyBv74ove2nPiupd0To0bRtgSpsiXLggW85ZzPkYwkoD9c3ujEJkKAUTijqFbr/+4Y3T+5cI2nog+5/9V8qseH0iBeX8dq9pN0zUY/S2gmfDsRRXBiP3WbiIi3DeiHk0Du+CIXhTcfPwN5fQ8hcfbdORtk0CPmCyHMNTC16NDcysFh3xwmYtq5UpsZLFVTfQnHACKzIAshlveqjLGz/FfukG6akiXmOtUfHJIVYgCEPV+3QioMDEDxg1L8VlJqMkKtwn9GtFd8JXLVIbCvzc41lSr9X3SaB4TdOfEt/51fAivLUD16HeSVxW86ujy2f4Q==&u=U2FsdGVkX1+4W/A4T9nFGChd/vM+lVSCAeObk1veKdPynKm9UHTbM66SAYJnWclN&y=U2FsdGVkX1/zHmKZW4qvDeiXt/NjikxmQfPbNQsKo/keBK5WPOEWDCZCfTazpiRf HTTP/1.1" 200 25
191.108.0.187 - - [29/Mar/2022:21:28:51 -0500] "GET /kwssiamovil/sm/acme/a?s=U2FsdGVkX1+iBopDn4xU1qwX8y6QVSYl8ehmu5a+ap+FR7OrLTnTHYvLsB64TAFweQjUAeACTx/vBkjL8vlShOaUK6w7ecNAtdWPLkFy8C/dklaVPeQvbtVEoaZJ7sesK++Ew00tjNSDb7s0a6SMr55jFrhJJ/1cTYYc36uZfHE=&u=U2FsdGVkX1+4W/A4T9nFGChd/vM+lVSCAeObk1veKdPynKm9UHTbM66SAYJnWclN&y=U2FsdGVkX1/zHmKZW4qvDeiXt/NjikxmQfPbNQsKo/keBK5WPOEWDCZCfTazpiRf HTTP/1.1" 200 25
191.108.0.187 - - [29/Mar/2022:21:28:52 -0500] "GET /kwssiamovil/sm/acme/a?s=U2FsdGVkX186as0mym4+MzIfU3JbQFq+q5ShXCHjktbJEzVdy/P132/wEwx6sqSTR8IRzOlOkwqOZVZ/uIGFDizcpmnbglKpmOG6toJns4qMMpPGS2ZwI62JwhdJp2TosvgjKrK2MkEYfSx30M6s7EVTqTYFI6ILXwCQigYjOPE=&u=U2FsdGVkX1+4W/A4T9nFGChd/vM+lVSCAeObk1veKdPynKm9UHTbM66SAYJnWclN&y=U2FsdGVkX1/zHmKZW4qvDeiXt/NjikxmQfPbNQsKo/keBK5WPOEWDCZCfTazpiRf HTTP/1.1" 200 25
191.108.0.187 - - [29/Mar/2022:21:28:52 -0500] "GET /kwssiamovil/sm/acme/a?s=U2FsdGVkX1/P44crVExSH+ixe9wr2X/cOi1aqoz5mr2o/U/OFnQP03n2N0pJQQGyRSKoK8yeojV5689A5aPM+ZAuN9N6rTv6Nj+LRSiJfPb8WmIFpoNh1TWoGL2T+nnDKHQ1q5E/s/WKAJOIkyEO40aMw8hcalqzKiIWV6hSR7c=&u=U2FsdGVkX1+4W/A4T9nFGChd/vM+lVSCAeObk1veKdPynKm9UHTbM66SAYJnWclN&y=U2FsdGVkX1/zHmKZW4qvDeiXt/NjikxmQfPbNQsKo/keBK5WPOEWDCZCfTazpiRf HTTP/1.1" 200 25
191.108.0.187 - - [29/Mar/2022:21:28:52 -0500] "GET /kwssiamovil/sm/acme/a?s=U2FsdGVkX19J73vrSBk6ZMA3OsJjxtzGL6dHJgZQVPv6mMSZbNIdjEHV/3Pl1lVvp3OODxoyKb6jIu+pXPI2IHrR5jRHMy66OWlOhlhzqzB5JivCBSdW6vzy0Qo8XJNhPP5P6cMjM3qzPdslo5XBURVgJd9bU9ALegYymJ0UWRDlun+5Sv6BV3pPDvb0XQVsp/ijE0xDVWr8bhr4ilS1uA==&u=U2FsdGVkX1+4W/A4T9nFGChd/vM+lVSCAeObk1veKdPynKm9UHTbM66SAYJnWclN&y=U2FsdGVkX1/zHmKZW4qvDeiXt/NjikxmQfPbNQsKo/keBK5WPOEWDCZCfTazpiRf HTTP/1.1" 200 25
186.155.43.97 - - [29/Mar/2022:21:30:42 -0500] "GET /BLA/resoluciones/RESOLUCIONES%202011/6045.pdf HTTP/1.1" 200 936212
172.22.2.4 - - [29/Mar/2022:21:29:36 -0500] "HEAD /BLA/boletinlegal/ HTTP/1.1" 200 -
201.245.192.253 - - [29/Mar/2022:21:30:35 -0500] "POST /kwsrmcab/Wsrmcab HTTP/1.1" 200 45254
201.245.192.253 - - [29/Mar/2022:21:31:20 -0500] "POST /kwsrmcab/Wsrmcab HTTP/1.1" 200 43356
172.22.2.4 - - [29/Mar/2022:21:30:26 -0500] "GET /BLA/boletinlegal/ HTTP/1.1" 200 59170
201.245.192.253 - - [29/Mar/2022:21:31:54 -0500] "POST /kwsrmcab/Wsrmcab HTTP/1.1" 200 109696
186.155.43.97 - - [29/Mar/2022:21:33:12 -0500] "GET /BLA/resoluciones/RESOLUCIONES%202011/5889.pdf HTTP/1.1" 200 688238
69.171.251.9 - - [29/Mar/2022:21:33:22 -0500] "GET /engativa-tendra-jornada-de-recoleccion-de-llantas-este-miercoles.html?fbclid=IwAR0LEWJGMOd0XZV_gwe170Ml53oHYRuVpMt_xWGoOjBb-Q5ujTzRR6caux8 HTTP/1.1" 200 933
216.245.221.92 - - [29/Mar/2022:21:33:24 -0500] "HEAD / HTTP/1.1" 200 -
172.22.2.4 - - [29/Mar/2022:21:35:26 -0500] "HEAD /BLA/boletinlegal/ HTTP/1.1" 200 -
172.22.2.4 - - [29/Mar/2022:21:35:46 -0500] "GET /BLA/boletinlegal/ HTTP/1.1" 200 51004
172.22.2.4 - - [29/Mar/2022:21:36:16 -0500] "GET /BLA/boletinlegal/ HTTP/1.1" 200 53739
216.245.221.92 - - [29/Mar/2022:21:38:24 -0500] "HEAD / HTTP/1.1" 200 -
191.108.0.187 - - [29/Mar/2022:21:39:14 -0500] "GET /kwssiamovil/sm/acme/a?s=U2FsdGVkX1/xpVguQEoZ2PY3Rt6inz9F947DYxdIzO8xiXWMPOIlo0eochw7V2mF04ZgY6wm3GNnrySuEwLe1Pir8gyHYDMVx8w9j8+rK5dN9OTr1nbK4mAkaZ7WIJ2pOcY2j2zfnvkKKAyQmXx6USLN6n/XfqsSssAfCs8ZsnruoV+fAufy/DExsIjdC0dy3AY5LmIMvFv+tjsW2htzpGTcwfp8knGhtEkCnr+JRnUUcprVVy9SocBMwd3xZbCGbr1yCrB3gCGs0EJxLl3+uA==&u=U2FsdGVkX1+4W/A4T9nFGChd/vM+lVSCAeObk1veKdPynKm9UHTbM66SAYJnWclN&y=U2FsdGVkX1/zHmKZW4qvDeiXt/NjikxmQfPbNQsKo/keBK5WPOEWDCZCfTazpiRf HTTP/1.1" 200 25
191.108.0.187 - - [29/Mar/2022:21:39:15 -0500] "GET /kwssiamovil/sm/acme/a?s=U2FsdGVkX1/YC7XYxlk2SxrFLf59faKRL0w32HAX46e54VFf/LR93LbCYK77Ad1SJu3bnUPvwiVW7g58+Fsvc04+mf2sQ2aXDVj4mOpwzOb85fkSKCPzH4880pcs5emMM2Vt687/TlB+hWcEt9RdsIdih/b3sMW59NicgtlAxcurJYKfLxSZi5/82tXlhUVejoL1mAXCBdmEaz6rV+sn872bHvvZkt9w/ucvA2dM5KdutgdF5OGeupOgGA3iEWxEvYMifY5ZBdwwuQJ8YK1lh/Cbprx0nSC0/eFVxWB3yktCDCy0XHbP/wtKwGDEU2Tk5KICaF2zCp6Cpvbc4+ndadbdgWnESRiQgUpHg9XaYR1T5yUcDZjYuv1gGX7y+xd1x1cMiu6ejhgEiet80vfDKuUqhnLjazr6Gt4o2txkxYQYZa0Fe0S4y00GCIDWUl+F5qZM/C2I9oNNwWq8bZGHxRo5r/uN3ro8wSEDWQNealSkgn9yBBJj69/FwlGKHhoCXh+L9dOREk8GX8gSbfGcVxgO0o7Hv7Z8A/S6IdwZ3LwtAGRu9X40sysmYtCxK/eprCviGiNHgNbmSiGeJ71DNd32trPgA6LtKTkoaWNCZFWQthwCs9Sj+SrQ0E2F6zV+FYQ5Umk+VBH5ctraJ2cTJZxxtuwuVO322cgl6vG2cHJ/h+E+vC/CJ9/Q5dtd3+OjOulFQV5it9WEXbGVKX9/LW74UXfMi4RhOSZ8k3RfwrkCSHG5Wgx2opLIc1ACWpQmudNRXMaLAspkc4iAly75O3gAw5wUatG2tioKwyuYYi/kvBnDSSwxKnCttKdEJh/csXprBlihHO6wn4TdKkVbBcVH2kFVphU61O1GWpLW38/UR2/7vdiOyEohhrhp93TvfAQ539bEkZsyI/IRW/LSG+HZ775k4uYbd3i9xBLJGJsj1oxOJHOtOdmzLwB51v8tjPKvIZcAHjupRvrZiWmiIXHRJwOBvAHZTHfLVCsFBaOizSCey0vvHdsjwn71MG6gZr++BsPPeWjjWnL4DhsrgvuW6+lMizU8rwdKHkQ36ZAXTpfzKsOsmPYb2s7XZy4MLBcpC+Rwxy0FhHY83+lD3T+sh3g7jFsCdfRrPlF39+elK1IaxsMZmYrkIFm9ejEnNnxWidIeVKQ4qM42lB3n+DJ/tGTLjJmKficXOrZK9JtlrdPNiUROIxbTu6Gy7uCDHW4LzDMizmxHoIaMFuf6a/3FZ2SMIP21H9BYItyJxsZwce8Q2H51UKy9my9pvSbUbYTXltNFxeKI6xPpW1NSCwrB3eTevBtQnV5/qjXnRCWBp1Wa+/J6+dH0MwFW/oGBvqoLPt0K/5kxklmTIpWxmemWe9Bb0bxGI9IuhcUmp+i7hNwbmH34F/VlagJioGBUTFuhuYcUcGC/1wnPfLF/ZJb1RLkJPbl6lcKzYKZqgPcwrzYhSVWPqCgWmwB6rqeMdb3oakG1KupUHCgGhElJHeUdqDSi4ijDrOUfjDO6eB9M0DaC5bkcwdy43GfuHydfwvjGOx800jzywsZvQJoDPdTDhXvCun2lKut40aVmhzY=&u=U2FsdGVkX1+4W/A4T9nFGChd/vM+lVSCAeObk1veKdPynKm9UHTbM66SAYJnWclN&y=U2FsdGVkX1/zHmKZW4qvDeiXt/NjikxmQfPbNQsKo/keBK5WPOEWDCZCfTazpiRf HTTP/1.1" 200 25
191.108.0.187 - - [29/Mar/2022:21:39:15 -0500] "GET /kwssiamovil/sm/acme/a?s=U2FsdGVkX19p+U3VYZPogRNajpCooP7ogjLKM+rSbNf2FkdTg/1HAeK7keZP3aC5gJg1mKBJ0URZ9vYIUk09CnohgeZxc+H1CslVTUDvYQYdYQmcnK7farFNK6rd6VGQ5g9RUzSqq89YiHMO6MKYhQD6bFqy9nFJ5RBtIbJ3n8o=&u=U2FsdGVkX1+4W/A4T9nFGChd/vM+lVSCAeObk1veKdPynKm9UHTbM66SAYJnWclN&y=U2FsdGVkX1/zHmKZW4qvDeiXt/NjikxmQfPbNQsKo/keBK5WPOEWDCZCfTazpiRf HTTP/1.1" 200 25
191.108.0.187 - - [29/Mar/2022:21:39:15 -0500] "GET /kwssiamovil/sm/acme/a?s=U2FsdGVkX1+0zRvojzbgJF/VYfIJzC4xXjY/XY0ClQNSj3pBLc0uzvuFN6gxG+8bj/2yXEANMfOHyPklPEszSHv/UzaI5RuaEVqYSD39iYzp4ulKZJbf3hzMqDuBeIg0p60ejztQw6Avf9DVpw8Jp7uMim8qe1zU+QgXndEjseM=&u=U2FsdGVkX1+4W/A4T9nFGChd/vM+lVSCAeObk1veKdPynKm9UHTbM66SAYJnWclN&y=U2FsdGVkX1/zHmKZW4qvDeiXt/NjikxmQfPbNQsKo/keBK5WPOEWDCZCfTazpiRf HTTP/1.1" 200 25
191.108.0.187 - - [29/Mar/2022:21:39:15 -0500] "GET /kwssiamovil/sm/acme/a?s=U2FsdGVkX19tnV4EiXWuxxm3NwedewtASM3REUu264bBvNo4UfnxASBO19lR8QCt5SbafwLaKZxdG5y1pfLTHt+ppaJxzgyefgAxhC/BreaEDxAUlDeLBnKLtpr6KbVgGu0gvgo2lC5BzhgvBgja3YltKFFsNcF+pnBYBWEUcpY=&u=U2FsdGVkX1+4W/A4T9nFGChd/vM+lVSCAeObk1veKdPynKm9UHTbM66SAYJnWclN&y=U2FsdGVkX1/zHmKZW4qvDeiXt/NjikxmQfPbNQsKo/keBK5WPOEWDCZCfTazpiRf HTTP/1.1" 200 25
191.108.0.187 - - [29/Mar/2022:21:39:15 -0500] "GET /kwssiamovil/sm/acme/a?s=U2FsdGVkX1+sL45oJ3i5T8vdrSaAI9UYZcTCr1Q9V/WJQmxiPk2PpzlGggwg0hnW4tJP6yQfn/gC2eqVm2QzsJ9NfDeoG9zJ8x1/f2uegDLHkhrA/VZxMnqXPHoN673pqtsPcnE8ryRWrJFhQm6OT6iq5wwBFQGEbEcjB/T6LLB4HJ0peTLGIjuiw+nnHtMy55Ik40cOBjrPzef0fLJ0sg==&u=U2FsdGVkX1+4W/A4T9nFGChd/vM+lVSCAeObk1veKdPynKm9UHTbM66SAYJnWclN&y=U2FsdGVkX1/zHmKZW4qvDeiXt/NjikxmQfPbNQsKo/keBK5WPOEWDCZCfTazpiRf HTTP/1.1" 200 25
172.22.2.4 - - [29/Mar/2022:21:40:06 -0500] "GET /BLA/boletinlegal/Circulares/2022/CIRCULAR%20No.%2000003%20DEL%2007%20DE%20MARZO%20DEL%202022.pdf HTTP/1.1" 404 1038
172.22.2.4 - - [29/Mar/2022:21:40:09 -0500] "GET /BLA/boletinlegal/Circulares/2021/CIRCULAR%20No.%2000009%20DEL%2001%20DE%20OCTUBRE%20DEL%202021.pdf HTTP/1.1" 200 320793
172.22.2.4 - - [29/Mar/2022:21:40:26 -0500] "GET /BLA/boletinlegal/Circulares/2021/CIRCULAR%20No.%2000007%20DEL%2010%20DE%20AGOSTO%20DEL%202021.pdf HTTP/1.1" 200 266364
186.155.43.97 - - [29/Mar/2022:21:40:33 -0500] "GET /BLA/resoluciones/RESOLUCIONES%202011/5698.pdf HTTP/1.1" 200 678076
172.22.2.4 - - [29/Mar/2022:21:40:39 -0500] "GET /BLA/boletinlegal/Circulares/2021/CIRCULAR%20No.%2000006%20DEL%2005%20DE%20AGOSTO%20DEL%202021.pdf HTTP/1.1" 200 249615
172.22.2.4 - - [29/Mar/2022:21:40:45 -0500] "GET /BLA/boletinlegal/Circulares/2020/Circular%20No.%2000018%20del%2002%20de%20diciembre%20del%202020.pdf HTTP/1.1" 200 276868
172.22.2.4 - - [29/Mar/2022:21:41:06 -0500] "GET /BLA/boletinlegal/Circulares/2020/Circular%2000010%20del%2027%20de%20julio%20de%202020.pdf HTTP/1.1" 200 422655
201.245.192.253 - - [29/Mar/2022:21:40:34 -0500] "POST /kwsrmcab/Wsrmcab HTTP/1.1" 200 45254
172.22.2.4 - - [29/Mar/2022:21:41:36 -0500] "GET /BLA/boletinlegal/Circulares/2020/CIRCULAR%20No.%2000019%20DEL%2018%20DE%20DICIEMBRE%20DEL%202020.pdf HTTP/1.1" 200 307959
34.147.54.88 - - [29/Mar/2022:21:41:38 -0500] "GET / HTTP/1.1" 200 319
172.22.2.4 - - [29/Mar/2022:21:41:40 -0500] "GET /BLA/boletinlegal/Circulares/2020/CIRCULAR%20No.%2000014%20del%2001%20de%20septiembre%20del%202020.pdf HTTP/1.1" 200 320826
172.22.2.4 - - [29/Mar/2022:21:41:55 -0500] "GET /BLA/boletinlegal/Circulares/2019/Circular%20No.%2012%20del%2014%20de%20Marzo%20de%202019.pdf HTTP/1.1" 200 344384
66.249.73.127 - - [29/Mar/2022:21:42:01 -0500] "-" 408 -
172.22.2.4 - - [29/Mar/2022:21:42:06 -0500] "GET /BLA/boletinlegal/Circulares/2019/Circular%20No.%20006%20del%2008%20de%20Febrero%20de%202019.pdf HTTP/1.1" 200 674401
201.245.192.253 - - [29/Mar/2022:21:41:22 -0500] "POST /kwsrmcab/Wsrmcab HTTP/1.1" 200 43356
201.245.192.253 - - [29/Mar/2022:21:41:35 -0500] "POST /kwsrmcab/Wsrmcab HTTP/1.1" 200 109696
172.22.2.4 - - [29/Mar/2022:21:42:20 -0500] "GET /BLA/boletinlegal/Circulares/2019/Circular%20No.%200015%20del%2003%20de%20Octubre%20de%202019.pdf HTTP/1.1" 200 165608
172.22.2.4 - - [29/Mar/2022:21:42:22 -0500] "GET /BLA/boletinlegal/Circulares/2019/Circular%20No.%200005%20del%2020%20de%20Marzo%20de%202019.pdf HTTP/1.1" 200 159877
172.22.2.4 - - [29/Mar/2022:21:42:43 -0500] "GET /BLA/boletinlegal/Circulares/2019/Circular%20No.%200003%20del%2031%20de%20Enero%20de%202019.pdf HTTP/1.1" 200 164676
172.22.2.4 - - [29/Mar/2022:21:41:16 -0500] "HEAD /BLA/boletinlegal/ HTTP/1.1" 200 -
172.22.2.4 - - [29/Mar/2022:21:43:08 -0500] "GET /BLA/boletinlegal/Circulares/2019/Circular%2000020%20del%2020%20de%20diciembre%20de%202019.pdf HTTP/1.1" 200 145170
172.22.2.4 - - [29/Mar/2022:21:43:20 -0500] "GET /BLA/boletinlegal/Circulares/2019/Circular%2000018%20del%2020%20de%20noviembre%20de%202019.pdf HTTP/1.1" 200 158030
216.245.221.92 - - [29/Mar/2022:21:43:24 -0500] "HEAD / HTTP/1.1" 200 -
172.22.2.4 - - [29/Mar/2022:21:43:30 -0500] "GET /BLA/boletinlegal/Circulares/2019/.pdf HTTP/1.1" 404 1218
172.22.2.4 - - [29/Mar/2022:21:43:32 -0500] "GET /BLA/boletinlegal/Circulares/2018/Circular%20No.%2011%20del%2024%20de%20Septiembre%20de%202018.pdf HTTP/1.1" 200 169541
172.22.2.4 - - [29/Mar/2022:21:42:06 -0500] "GET /BLA/boletinlegal/ HTTP/1.1" 200 58588
172.22.2.4 - - [29/Mar/2022:21:43:52 -0500] "GET /BLA/boletinlegal/Circulares/2018/Circular%20No.%2010%20del%2021%20de%20Septiembre%20de%202018.pdf HTTP/1.1" 200 163426
172.22.2.4 - - [29/Mar/2022:21:44:07 -0500] "GET /BLA/boletinlegal/Circulares/2018/Circular%20No.%200015%20del%207%20de%20Diciembre%20de%202018.pdf HTTP/1.1" 200 165305
172.22.2.4 - - [29/Mar/2022:21:44:20 -0500] "GET /BLA/boletinlegal/Circulares/2018/CIRCULAR%20COJUNTA%20042%20DE%202018.pdf HTTP/1.1" 200 515008
172.22.2.4 - - [29/Mar/2022:21:44:33 -0500] "GET /BLA/boletinlegal/Circulares/2017/Circular%20No.%202%20del%201%20de%20Septiembre%20de%202017.pdf HTTP/1.1" 200 152575
172.22.2.4 - - [29/Mar/2022:21:44:45 -0500] "GET /BLA/boletinlegal/Circulares/2017/Circular%20No.%201%20del%2030%20de%20Marzo%20de%202017.pdf HTTP/1.1" 200 668532
172.22.2.4 - - [29/Mar/2022:21:44:58 -0500] "GET /BLA/boletinlegal/Circulares/2017/Circular%20No.%2007%20del%2028%20de%20Abril%20de%202017.pdf HTTP/1.1" 200 309906
172.22.2.4 - - [29/Mar/2022:21:45:10 -0500] "GET /BLA/boletinlegal/Circulares/2017/Circular%20No.%20011%20del%2005%20de%20julio%20de%202017.pdf HTTP/1.1" 200 965526
172.22.2.4 - - [29/Mar/2022:21:45:22 -0500] "GET /BLA/boletinlegal/Circulares/2015/Circular%20No.%202%20del%201%20de%20julio%20de%202015.pdf HTTP/1.1" 200 752890
172.22.2.4 - - [29/Mar/2022:21:45:34 -0500] "GET /BLA/boletinlegal/Circulares/2015/Circular%20No.%201%20del%2010%20de%20Febrero%20de%202015.pdf HTTP/1.1" 200 660637
172.22.2.4 - - [29/Mar/2022:21:45:46 -0500] "GET /BLA/boletinlegal/Circulares/2014/Circular%20No.%203%20del%2014%20de%20Noviembre%20de%202014.pdf HTTP/1.1" 200 104132
172.22.2.4 - - [29/Mar/2022:21:45:58 -0500] "GET /BLA/boletinlegal/Circulares/2014/Circular%20No.%202%20del%2021%20de%20septiembre%20de%202014.pdf HTTP/1.1" 200 143376
172.22.2.4 - - [29/Mar/2022:21:46:18 -0500] "GET /BLA/boletinlegal/Circulares/2014/Circular%20No.%201%20del%2008%20de%20Mayo%20de%202014.pdf HTTP/1.1" 200 180124
186.102.65.78 - - [29/Mar/2022:21:46:29 -0500] "GET /kwssiamovil/sm/ldap/au?x=U2FsdGVkX1+XDD+5Mq4YFemJxzvyXCEaWBoYJxI0Y4RQThu0C3DZ4ZbeM4iaFz0j&y=U2FsdGVkX1/fgddX9Zfq0Bv2seBNPHJSIV/nu5sYSn5wCzSb66elp1PtyuMfgF8h HTTP/1.1" 200 30
172.22.2.4 - - [29/Mar/2022:21:46:36 -0500] "GET /BLA/boletinlegal/Circulares/2013/Circular%20No.%208%20del%201%20de%20Noviembre%20de%202013.pdf HTTP/1.1" 200 385156
186.102.65.78 - - [29/Mar/2022:21:46:52 -0500] "GET /kwssiamovil/sm/acme/a?s=U2FsdGVkX19OtuiO4VV1PSKanotXuJbPZZrwb4CwtiExRRekQEIMsEPyb3+Jc8W6XEnNn/PgT4e0Ri6S3RRBD4qVu5fYLuaczeXsjvbTIrYvx0qnvy+Iu2QSwYKk46GHuEEiJGjq50iAZ5u56iLF7jVM9G+XW38pTi07OlIC5GUKpWOeSbJEM1jYIlpjdH2ENeeKzQpmC5Dtx5wj/cfdyO/pLblUsmiNyGSPNxM+7TB1f4P1NxPR7I0nDplR+1EvNjAcJVlB6wGWBL2XLf2dew==&u=U2FsdGVkX18RUsEcaKKQVEvuy5x5ss19Vk/pFrh4z1z80hc84+rgcqVQUPxQcSLy&y=U2FsdGVkX1/LB20Vrcg+zwA4O7BKvGB34U71oN1M+UkFqL+aU8YwJyeADUYjy62W HTTP/1.1" 200 66
172.22.2.4 - - [29/Mar/2022:21:46:53 -0500] "GET /BLA/boletinlegal/Circulares/2013/Circular%20No.%207%20del%201%20de%20Agosto%20de%202013.pdf HTTP/1.1" 200 340934
172.22.2.4 - - [29/Mar/2022:21:47:06 -0500] "GET /BLA/boletinlegal/Circulares/2013/Circular%20No.%206%20del%2019%20de%20julio%20de%202013.pdf HTTP/1.1" 200 4210437
172.22.2.4 - - [29/Mar/2022:21:47:33 -0500] "GET /BLA/boletinlegal/Circulares/2013/Circular%20No.%205%20del%2013%20de%20junio%20de%202013.pdf HTTP/1.1" 200 110904
186.102.65.78 - - [29/Mar/2022:21:47:37 -0500] "GET /kwssiamovil/sm/ldap/au?x=U2FsdGVkX18VtbCa93ETmRGUCVdqjMIBkMr8wVe6s2ZhWPya5P9sYNe+ql8WEaO8&y=U2FsdGVkX1/3RV6OJ4VdFhp/6VugFCfB/7Vz/rec7Q/Y/cKAKCTiw/sZ+cu6wC5X HTTP/1.1" 200 30
186.102.65.78 - - [29/Mar/2022:21:47:37 -0500] "GET /kwssiamovil/sm/acme/s?s=U2FsdGVkX19M8OanUHbOWrixtXCU1G0sbY/9KdukHl3y95GaVjfIOqATea8MjJU2u7xI1UbZDIXQKzV9gRiQDZZsqoty3X+ADydXpoJk7aA=&u=U2FsdGVkX18ToPScSrI7gmslVPghnWgPLDEoOvQS8J64sBnVfpGTc/Q8VULZ0rW6&y=U2FsdGVkX1/3RV6OJ4VdFhp/6VugFCfB/7Vz/rec7Q/Y/cKAKCTiw/sZ+cu6wC5X HTTP/1.1" 200 97
186.102.65.78 - - [29/Mar/2022:21:47:37 -0500] "GET /kwssiamovil/sm/acme/s?s=U2FsdGVkX1/1G9JtbsKB8Y7bRYoT+22cD4U+EdWDQSz/qZ6mMmE8apzeIjwSPnjSCn9ts7idNsnZJEQp1UPtDQ7E1/8pArg4Fv6NjT5sCWtuIwLwuM2HEblhCxto6qHLt6Yzbof55YGAyj/cdTxWT5oyF1yVdpzAQcVkZFuaiUe9UNvZr/q+lA88YpH+Cm7RywHzy2yYstDVGPeXjPAje5Q1GiOSJp3rAKhOLV2KYf1MOF022YfElD/HXTIwEaCwuzuSxRETZJMdu0FWzG18gSoaBlchgy16Nn6yxSJHxiLX5d/xdp3EgpdbP+n8sH/+ZDzRU3KbQd1GfglaLARHtsJ2gfO5/n8nmrQ+MgflvqUvIjUSqqqRUfLuX4JzYQpPGXYxwG07eYy3bWa292bLzcRPs9ne3qZNjXDq1sy8T+ZD7KCXzDDvuW1NsZPQKnVE8yfa8DmOKSo90y4mDmBWhDy4G/hLOaNU0eOcJv4dZewRLEvAF2awkeL4UdiBp8M4/nebz9R9Cqhgub6dJTGJm1ex90jSXNJR9k0HJgvvdrPTRiFUmcQFwuVValfuJWDWTo58A7fa1dvxNA/jBfu8eUDdeIMzuZzzhG8ApWzTA98Dwzum0FfC+BjL9mgqHnzUzye9N0wDHZogTycYDi/dBPrQd2c+xhUkcR5Gb3U/31HETJOyv59Pxayp0VhmRsa2FtmDM3fl+ctukMkeUU7j4dWRNMgbgZ+8DkXgf/ADPdOmNEVRLX4uIp6ACnCbzZzS6QQ44PCdnzFwr5lT4ZQBExyWqmAHFG72lH2X0rjx6oj47vL5hdPDAgd2XufZzpuglNuslZecLHKJvi4WvIaK8HTwaSfriAcqJmdFA5W0L/vINJ/f3TtiCxPV4LigbNq7TeQVnjLh5w4zxy2XA69ruulfi6SW3gYCm5F8y/CkYK5a7mWgIaz33SKAGrCX8ISeevETNvWO1YTgsuIDB13N0Fhs08b4tN1VDoITI9c7n6d1EE6t/RgiAxyzcvFRGSbmJF94MJdQxggOUE/+Gbdm7env2WHw9g0mw5V29fhFhJjFk2O+lyHTB+MhPzzfxoplY66uqJO00SvjtvfROXPKQo3CptSWiSSq1nF89zaPuTc=&u=U2FsdGVkX18ToPScSrI7gmslVPghnWgPLDEoOvQS8J64sBnVfpGTc/Q8VULZ0rW6&y=U2FsdGVkX1/3RV6OJ4VdFhp/6VugFCfB/7Vz/rec7Q/Y/cKAKCTiw/sZ+cu6wC5X HTTP/1.1" 200 4942
186.102.65.78 - - [29/Mar/2022:21:47:37 -0500] "GET /kwssiamovil/sm/acme/s?s=U2FsdGVkX1/ce+wRk6Q59dHRmrBl2XmKTTG0qOFJ5jLvjoOdheZOj/ZFXkrIr9cK&u=U2FsdGVkX18ToPScSrI7gmslVPghnWgPLDEoOvQS8J64sBnVfpGTc/Q8VULZ0rW6&y=U2FsdGVkX1/3RV6OJ4VdFhp/6VugFCfB/7Vz/rec7Q/Y/cKAKCTiw/sZ+cu6wC5X HTTP/1.1" 200 70
186.102.65.78 - - [29/Mar/2022:21:47:37 -0500] "GET /kwssiamovil/sm/acme/s?s=U2FsdGVkX1+YEk9Hw8ZdDyDfYKpP3NC1ABxsqigC7AO5vkXOlsDlvyDJsYU3D++c&u=U2FsdGVkX18ToPScSrI7gmslVPghnWgPLDEoOvQS8J64sBnVfpGTc/Q8VULZ0rW6&y=U2FsdGVkX1/3RV6OJ4VdFhp/6VugFCfB/7Vz/rec7Q/Y/cKAKCTiw/sZ+cu6wC5X HTTP/1.1" 200 70
186.102.65.78 - - [29/Mar/2022:21:47:37 -0500] "GET /kwssiamovil/sm/acme/s?s=U2FsdGVkX1/x2gYEwxSPko3wHyKk7IUgjaaPQkb6T9+iM/pbuqISRkAhF7fRarRh&u=U2FsdGVkX18ToPScSrI7gmslVPghnWgPLDEoOvQS8J64sBnVfpGTc/Q8VULZ0rW6&y=U2FsdGVkX1/3RV6OJ4VdFhp/6VugFCfB/7Vz/rec7Q/Y/cKAKCTiw/sZ+cu6wC5X HTTP/1.1" 200 70
186.102.65.78 - - [29/Mar/2022:21:47:37 -0500] "GET /kwssiamovil/sm/acme/s?s=U2FsdGVkX18T9AfGFWUwo9kTcgYNgUSHW8iFfDl28oYOBVtaIKFMSfRiZ8IoVLJ9&u=U2FsdGVkX18ToPScSrI7gmslVPghnWgPLDEoOvQS8J64sBnVfpGTc/Q8VULZ0rW6&y=U2FsdGVkX1/3RV6OJ4VdFhp/6VugFCfB/7Vz/rec7Q/Y/cKAKCTiw/sZ+cu6wC5X HTTP/1.1" 200 70
186.102.65.78 - - [29/Mar/2022:21:47:38 -0500] "GET /kwssiamovil/sm/acme/s?s=U2FsdGVkX18rXH6v48830qNE5NG+VwWmactEo3Cr5UeUfn1cbg+hMVDtsYxBavAt&u=U2FsdGVkX18ToPScSrI7gmslVPghnWgPLDEoOvQS8J64sBnVfpGTc/Q8VULZ0rW6&y=U2FsdGVkX1/3RV6OJ4VdFhp/6VugFCfB/7Vz/rec7Q/Y/cKAKCTiw/sZ+cu6wC5X HTTP/1.1" 200 70
186.102.65.78 - - [29/Mar/2022:21:47:38 -0500] "GET /kwssiamovil/sm/acme/s?s=U2FsdGVkX19uqMkeJZfw2GQWY+KISQ1sy8Cpf8uS85HskJO1fA0zDNaeP8uVo1kR&u=U2FsdGVkX18ToPScSrI7gmslVPghnWgPLDEoOvQS8J64sBnVfpGTc/Q8VULZ0rW6&y=U2FsdGVkX1/3RV6OJ4VdFhp/6VugFCfB/7Vz/rec7Q/Y/cKAKCTiw/sZ+cu6wC5X HTTP/1.1" 200 70
186.102.65.78 - - [29/Mar/2022:21:47:38 -0500] "GET /kwssiamovil/sm/acme/s?s=U2FsdGVkX18AbkHCA65AGuO8YcxZg1u3TG/fPAwYdMQdV6mC+if58W6/vd2mYOPD&u=U2FsdGVkX18ToPScSrI7gmslVPghnWgPLDEoOvQS8J64sBnVfpGTc/Q8VULZ0rW6&y=U2FsdGVkX1/3RV6OJ4VdFhp/6VugFCfB/7Vz/rec7Q/Y/cKAKCTiw/sZ+cu6wC5X HTTP/1.1" 200 70
186.102.65.78 - - [29/Mar/2022:21:47:38 -0500] "GET /kwssiamovil/sm/acme/s?s=U2FsdGVkX182J1nwSPEfBsD4u0N6lrScxNkdDYU6F10dpWU3E4cUoFwAJbfxwBNm&u=U2FsdGVkX18ToPScSrI7gmslVPghnWgPLDEoOvQS8J64sBnVfpGTc/Q8VULZ0rW6&y=U2FsdGVkX1/3RV6OJ4VdFhp/6VugFCfB/7Vz/rec7Q/Y/cKAKCTiw/sZ+cu6wC5X HTTP/1.1" 200 70
186.102.65.78 - - [29/Mar/2022:21:47:38 -0500] "GET /kwssiamovil/sm/acme/s?s=U2FsdGVkX1+dRnCEAPw85tIpV9Ue8ZibEfB9R2a8e9xg4cU/rF9SK23g3XDBu6HI&u=U2FsdGVkX18ToPScSrI7gmslVPghnWgPLDEoOvQS8J64sBnVfpGTc/Q8VULZ0rW6&y=U2FsdGVkX1/3RV6OJ4VdFhp/6VugFCfB/7Vz/rec7Q/Y/cKAKCTiw/sZ+cu6wC5X HTTP/1.1" 200 70
186.102.65.78 - - [29/Mar/2022:21:47:38 -0500] "GET /kwssiamovil/sm/acme/s?s=U2FsdGVkX1/vm7iVVu3uax6EEgV07IxtW8wyW+u8X8Q/eEbindnudk1BtOPaIFJF&u=U2FsdGVkX18ToPScSrI7gmslVPghnWgPLDEoOvQS8J64sBnVfpGTc/Q8VULZ0rW6&y=U2FsdGVkX1/3RV6OJ4VdFhp/6VugFCfB/7Vz/rec7Q/Y/cKAKCTiw/sZ+cu6wC5X HTTP/1.1" 200 70
186.102.65.78 - - [29/Mar/2022:21:47:38 -0500] "GET /kwssiamovil/sm/acme/s?s=U2FsdGVkX18S2uCrXH18t2RKAwXoDdpFU35ePiw1P5zrU8Vu7zcoqH9XkCMn1fVX&u=U2FsdGVkX18ToPScSrI7gmslVPghnWgPLDEoOvQS8J64sBnVfpGTc/Q8VULZ0rW6&y=U2FsdGVkX1/3RV6OJ4VdFhp/6VugFCfB/7Vz/rec7Q/Y/cKAKCTiw/sZ+cu6wC5X HTTP/1.1" 200 70
186.102.65.78 - - [29/Mar/2022:21:47:38 -0500] "GET /kwssiamovil/sm/acme/s?s=U2FsdGVkX1/ZDB6eaRyljWIWojd/NqE9ZcS1p808ij2EgtUYSAhk0Kx5UNKkbnH3&u=U2FsdGVkX18ToPScSrI7gmslVPghnWgPLDEoOvQS8J64sBnVfpGTc/Q8VULZ0rW6&y=U2FsdGVkX1/3RV6OJ4VdFhp/6VugFCfB/7Vz/rec7Q/Y/cKAKCTiw/sZ+cu6wC5X HTTP/1.1" 200 70
186.102.65.78 - - [29/Mar/2022:21:47:38 -0500] "GET /kwssiamovil/sm/acme/s?s=U2FsdGVkX19Wxn1xtvdLhe/toqeOC16CkjYsNc+8FvEHSwJGfFZLIgB3bpRny6Du&u=U2FsdGVkX18ToPScSrI7gmslVPghnWgPLDEoOvQS8J64sBnVfpGTc/Q8VULZ0rW6&y=U2FsdGVkX1/3RV6OJ4VdFhp/6VugFCfB/7Vz/rec7Q/Y/cKAKCTiw/sZ+cu6wC5X HTTP/1.1" 200 70
186.102.65.78 - - [29/Mar/2022:21:47:38 -0500] "GET /kwssiamovil/sm/acme/s?s=U2FsdGVkX1+2JJ7jamlaIumDDjBQEfRvmpGlVa/tIIV3401nqtMZON/hAWEhkQqO&u=U2FsdGVkX18ToPScSrI7gmslVPghnWgPLDEoOvQS8J64sBnVfpGTc/Q8VULZ0rW6&y=U2FsdGVkX1/3RV6OJ4VdFhp/6VugFCfB/7Vz/rec7Q/Y/cKAKCTiw/sZ+cu6wC5X HTTP/1.1" 200 70
186.102.65.78 - - [29/Mar/2022:21:47:38 -0500] "GET /kwssiamovil/sm/acme/s?s=U2FsdGVkX19HVEdcDV/wAfhZikuPdbqq98AE/WdFwgbAFUk0bXNLk+XoaGJofwkc&u=U2FsdGVkX18ToPScSrI7gmslVPghnWgPLDEoOvQS8J64sBnVfpGTc/Q8VULZ0rW6&y=U2FsdGVkX1/3RV6OJ4VdFhp/6VugFCfB/7Vz/rec7Q/Y/cKAKCTiw/sZ+cu6wC5X HTTP/1.1" 200 70
186.102.65.78 - - [29/Mar/2022:21:47:38 -0500] "GET /kwssiamovil/sm/acme/s?s=U2FsdGVkX1+URcfUBSo5hqqcYTWFkcXiuO9etb3/LRQAp14LKgnl1aZmPOP3m5+t&u=U2FsdGVkX18ToPScSrI7gmslVPghnWgPLDEoOvQS8J64sBnVfpGTc/Q8VULZ0rW6&y=U2FsdGVkX1/3RV6OJ4VdFhp/6VugFCfB/7Vz/rec7Q/Y/cKAKCTiw/sZ+cu6wC5X HTTP/1.1" 200 70
186.102.65.78 - - [29/Mar/2022:21:47:38 -0500] "GET /kwssiamovil/sm/acme/s?s=U2FsdGVkX18JO7Pjc86p8rpPXWAHUPduxQZBaV5zMPD5baajL+MfCiUQXLwubNTM&u=U2FsdGVkX18ToPScSrI7gmslVPghnWgPLDEoOvQS8J64sBnVfpGTc/Q8VULZ0rW6&y=U2FsdGVkX1/3RV6OJ4VdFhp/6VugFCfB/7Vz/rec7Q/Y/cKAKCTiw/sZ+cu6wC5X HTTP/1.1" 200 70
186.102.65.78 - - [29/Mar/2022:21:47:38 -0500] "GET /kwssiamovil/sm/acme/s?s=U2FsdGVkX1+tcn/AzMloMrSDE9M9t/WkY7AmFjEwszVnekvMBUqLhMv04N/6DfX/a9IJ4LA0cW+xTTekS3oxttkTKEDwq2DNwrzaz+iV2zWzdOSINv0bDv3VPwVNPYo+vnWpY/Ynw691+OKp3Z3p+2Ay0hiZ12Fn3KoRO9botdEgPyNyg4gqr0gNafqCDizJ844yZTRHd5vRylSM0zc4wfzkj43LkucDxi9n4pqhdSUqpLs6FvmphbyBg2wgfhAYmFgUrHJaHzazJcZsVd1p8LJFFmzvQLiPmL7QlMwxHgx4YE6GOgQlxQLgjhbsyunPeR2qGfmCvF1+9JJ5Brv6uooamHuDBeXONf9uQtwguK0=&u=U2FsdGVkX18ToPScSrI7gmslVPghnWgPLDEoOvQS8J64sBnVfpGTc/Q8VULZ0rW6&y=U2FsdGVkX1/3RV6OJ4VdFhp/6VugFCfB/7Vz/rec7Q/Y/cKAKCTiw/sZ+cu6wC5X HTTP/1.1" 200 196
186.102.65.78 - - [29/Mar/2022:21:47:39 -0500] "GET /kwssiamovil/sm/cjson/pre?f=1&x=U2FsdGVkX18VtbCa93ETmRGUCVdqjMIBkMr8wVe6s2ZhWPya5P9sYNe+ql8WEaO8 HTTP/1.1" 200 30975
172.22.2.4 - - [29/Mar/2022:21:47:46 -0500] "GET /BLA/boletinlegal/Circulares/2013/Circular%20No.%204%20del%2005%20de%20junio%20de%202013.pdf HTTP/1.1" 200 130461
207.46.13.43 - - [29/Mar/2022:21:47:48 -0500] "GET /bla/resoluciones/resoluciones%202021/2435.pdf HTTP/1.1" 200 342722
172.22.2.4 - - [29/Mar/2022:21:48:00 -0500] "GET /BLA/boletinlegal/Circulares/2013/Circular%20No.%203%20del%2005%20de%20abril%20de%202013.pdf HTTP/1.1" 200 93580
186.102.65.78 - - [29/Mar/2022:21:48:08 -0500] "GET /kwssiamovil/sm/acme/a?s=U2FsdGVkX1+K+xJJ52iNk8mi2U2UFMd1K3eeax6VRMWPtVGOdC88C8MGWXbw49jUgCbRrbfFheNs8RRvrNOaQdyb9o7fJocoGcNCUzpRQktAHfBmz1pOTOTAtuzaev55HUdXWbqoe9ulHKVVhsD0pl/FxNsz9o2sepRxOPwpHDx/0thYBcOm0OwQ80doNSznIDee59YskfAW2ob4+39GViSQRZGGOiteEr36+7tsoZ4cNY6npNMmVH2xvkf8aiyxafEdVtRpscVcB7zYyS6DLw==&u=U2FsdGVkX18ToPScSrI7gmslVPghnWgPLDEoOvQS8J64sBnVfpGTc/Q8VULZ0rW6&y=U2FsdGVkX1/3RV6OJ4VdFhp/6VugFCfB/7Vz/rec7Q/Y/cKAKCTiw/sZ+cu6wC5X HTTP/1.1" 200 25
186.102.65.78 - - [29/Mar/2022:21:48:08 -0500] "GET /kwssiamovil/sm/acme/a?s=U2FsdGVkX19oagm8IP7K4Sq+jG05jRxj/0+F4qd3iD1wZhsF3yAd7LPsJ6H4Rp8dl1voeqhZlCtULpxruAhzfEmUZssqJAnPquEekofHu1r8YYUHbDyjCJTTUOI1O0bNqUgtv0jLvp/wxrJB5CcD6nM0mVO42R6xtAgsE4rjFLhXh1dCZ+fXWVR87KtvhQHutEq5SW3YKEgeg7a7sEiWMa4q4GudccnUPvNy44xYphCxw9iCyOyXseiKwcbiBKlVqHZL8HNvTLMekgBoDzxyNsO9SA6vRGnHwbJomtDnfeyDpM+P200C/ELBAUHyPhWcaMqw0FIViY3S86NkS+d+7Zkpv+fMEU/wefp0uW8bB3cctNa39Cddn34Fr3j4E9ER54fZhF9/xyGVDRfr1ErD9dlafjXSbJ5FT8hC0v6V9n8+BhcIVvqJvKuZimRH65oPkE5e3aUGLe8p4UTS7hWkcmvPF+Vnyh7qGWD/VPqPnfVOx7HeKFpa/7t+Uzp2qfaPuIgNaXCJF/XqHy79eVctCKqK2VJmZc9UNjCK96jY5nsy057IiRwZsXOpizpVgPom+5/sSGSLwhfXYyLZ2d3ueVZMlJ3NO90uqEAyxSSVZGyJfSNhnGguBPTU9HfwjeeqoxjAu0HCFC+O+zgB9+mL1xhd+E3upl4ovoH4WCXkZY/2WS91FiGCa9GjrhYPfHoweOlebd6c53MqEfZ9Syx4T/bZkquBObpsqy661NLgiWSzb7owyPZnaf7X6qYOAc+0os+jNCzANUK8WgWMbMk+NYUWPmp/Y8Mv9Hw0AiV6jsKY3viPrh63iJm+HHEdWn27aJjNxFLo5W8NsqV0zS58yrkwASqS766lS4cqWOquE1ikbBbGOeuZzqbn/iPLyfmQ8TImihU6aljD0qLfwc14P7y5Afo+bxuU9qEV8kdIX3AlERiBr17qNViu2JZihUAeoSwigAz4g7PggVlWuQAMgfJ/YJTpNnzm94KXtXl9zMNeNR59ZB1mDTqRIXSYiFot26DDfyUchFhP9KLP+jHLI7xI0FZedEeztI0GQtD11xln2E5KrbecvR4hOFhUL4Hzr05yrdyDnaE9PnVTrU1wUXZleb4S6JYvT6L3KLC0OXXek+t6AEuqhMc0eBcTLJl5+HSLAZgHoV1k4QSCTac+4CHb0kJYxeQ1HgVR4v1mgCcoIIaqWLLD5FSsGvo0TmzlyqgthucOv+cgvD18FHm5aAy5OmDhbkncvctbAlbgPDIXGq2GcbomO1eRzOmbWlkcVYYsopx6h7U88gZ4pF0fBQp5PlUJTkYjXAod69JTweMu/JerGKnu062YNMvxzOMlFZfzKpCvRcMuzdAMuyLBsOL4DstLmZkJtlnIWcxe/nhHnrJVDXEN3hOufUtHyrvsJY0ssTbQqWdM1NVWWZXS0IS6OKrwl9tJIi535Qx3hUPydf1v2wHB1jK3mXHUBptTA01HBVNWfXgjz72Ww8Nj96DIZ+kALPLIg643HBDkK/NaXyRfijFQ6ENtslv8TPtzDW/QpVFMz7y12yVFHJBAnfE82lSoO5QE5SElBSb9+UwmvQegIY7AufgBu1HLRe1aQKzJG2Jjd0apzfUAbVcljz41yo1qGl2vz4E/oW38YWyv7R6DuPd2FI4nsaC9d44x7BGyD76ixIx0W9RaaQPsACgWIser1JZcGC13Vc3hIgo=&u=U2FsdGVkX18ToPScSrI7gmslVPghnWgPLDEoOvQS8J64sBnVfpGTc/Q8VULZ0rW6&y=U2FsdGVkX1/3RV6OJ4VdFhp/6VugFCfB/7Vz/rec7Q/Y/cKAKCTiw/sZ+cu6wC5X HTTP/1.1" 200 25
186.102.65.78 - - [29/Mar/2022:21:48:09 -0500] "GET /kwssiamovil/sm/acme/a?s=U2FsdGVkX1/n5peDJpdM5z8fJqZsKbJs1uXjkkGAGLhfXnyyrI5FUagLU5ExbcghJiS5mR7htQvzxQ/M9gG3HZGoyp7LexsKIGi4YPTpUUOykWrYLQHoBLM0JZLuFqdCDj6WDCIVx140CLIRyU50Hbd0hqH8XzC3CIORhL76Ia4=&u=U2FsdGVkX18ToPScSrI7gmslVPghnWgPLDEoOvQS8J64sBnVfpGTc/Q8VULZ0rW6&y=U2FsdGVkX1/3RV6OJ4VdFhp/6VugFCfB/7Vz/rec7Q/Y/cKAKCTiw/sZ+cu6wC5X HTTP/1.1" 200 25
186.102.65.78 - - [29/Mar/2022:21:48:09 -0500] "GET /kwssiamovil/sm/acme/a?s=U2FsdGVkX1/1t0F/8TpLAKN0hmuETx6M2tt/k0qcbq/WXLBECMJe4t10hz4vM5nbLra9Sr+qc1aIuPaVSbdKH0g/F1HdpJIB0XdwaQp6T9FN/HagaJUZ/BmaclHZ8K3C8eUv074PAogeyXmvS2aOUrWb2gsccvPzp8yMR55Vu+0=&u=U2FsdGVkX18ToPScSrI7gmslVPghnWgPLDEoOvQS8J64sBnVfpGTc/Q8VULZ0rW6&y=U2FsdGVkX1/3RV6OJ4VdFhp/6VugFCfB/7Vz/rec7Q/Y/cKAKCTiw/sZ+cu6wC5X HTTP/1.1" 200 25
186.102.65.78 - - [29/Mar/2022:21:48:09 -0500] "GET /kwssiamovil/sm/acme/a?s=U2FsdGVkX1+IAAxDxQa7WW+jc7zZNmRb/l2B3UG6mqDCTFXTlLAFsa3WTeNIVsn05d2E88bPm7C/PfBmn5O1vcU0Mgl550HJhXS9y0HQFf/lp3ilX1OZ43HYpKL4+Zgx9+iwHfiqKzQJdmFuY/yC/M2a29daasp6FjK5MBUiQ4g=&u=U2FsdGVkX18ToPScSrI7gmslVPghnWgPLDEoOvQS8J64sBnVfpGTc/Q8VULZ0rW6&y=U2FsdGVkX1/3RV6OJ4VdFhp/6VugFCfB/7Vz/rec7Q/Y/cKAKCTiw/sZ+cu6wC5X HTTP/1.1" 200 25
186.102.65.78 - - [29/Mar/2022:21:48:09 -0500] "GET /kwssiamovil/sm/acme/a?s=U2FsdGVkX18QQpztG8Y4LpgA0rpaitZurKSVXgOqZLiSyWy5gn3Wv5FTOM6P6+Y/56liZMkpBxHPo2Fyt4/bzlub9UJ2cPSKXdnzfLrl0p77RylUHmxXClfJtrmhy7K0bIPTAcYVycK6pbLzjCoXraBrqtqeJtAztChD4YXKgwb9sOvbnWYrG2sfw89lqb3V&u=U2FsdGVkX18ToPScSrI7gmslVPghnWgPLDEoOvQS8J64sBnVfpGTc/Q8VULZ0rW6&y=U2FsdGVkX1/3RV6OJ4VdFhp/6VugFCfB/7Vz/rec7Q/Y/cKAKCTiw/sZ+cu6wC5X HTTP/1.1" 200 25
186.102.65.78 - - [29/Mar/2022:21:48:10 -0500] "GET /kwssiamovil/sm/acme/a?s=U2FsdGVkX1/Lh/2PCQvcXCYfOwycCs2IZvA3wChrfJpiz71vHR3aRfd+a6NXriMcVz2WvtKa0wSdYB+gCrBRV3s/WfKADljE7ppW7TMI0b5q94crp2aoBfUuBADsjPGMKGUkUs8zD5bRbAhxcRAgqR930UdGuz8/Cv82JV+FrweFc8Gi6+vFm4ZthPr74n5GPK7madb8+E39XVjROJayoA==&u=U2FsdGVkX18ToPScSrI7gmslVPghnWgPLDEoOvQS8J64sBnVfpGTc/Q8VULZ0rW6&y=U2FsdGVkX1/3RV6OJ4VdFhp/6VugFCfB/7Vz/rec7Q/Y/cKAKCTiw/sZ+cu6wC5X HTTP/1.1" 200 25
186.102.65.78 - - [29/Mar/2022:21:48:10 -0500] "GET /kwssiamovil/sm/acme/a?s=U2FsdGVkX1+FiGA4Ad3LNR1/JHhOQ9XgW7olnNdQMXKAjL/sLraqH5EOkiKRRb/2Vy9fg+umkhW9q4Ry2QAIYZ0Np6FxFlY7kO2uB07VW0TPKTS+ev2qrivrmBgRMK231NEkfZxPwGfsO59/8pbdhgjK2oI0BBS8vIlkCRwmC38=&u=U2FsdGVkX18ToPScSrI7gmslVPghnWgPLDEoOvQS8J64sBnVfpGTc/Q8VULZ0rW6&y=U2FsdGVkX1/3RV6OJ4VdFhp/6VugFCfB/7Vz/rec7Q/Y/cKAKCTiw/sZ+cu6wC5X HTTP/1.1" 200 25
172.22.2.4 - - [29/Mar/2022:21:48:10 -0500] "GET /BLA/boletinlegal/Circulares/2013/Circular%20No.%202%20del%2022%20de%20enero%20de%202013.pdf HTTP/1.1" 200 85466
172.22.2.4 - - [29/Mar/2022:21:48:19 -0500] "GET /BLA/boletinlegal/Circulares/2013/Circular%20No.%201%20del%2014%20de%20enero%20de%202013.pdf HTTP/1.1" 200 1298384
216.245.221.92 - - [29/Mar/2022:21:48:24 -0500] "HEAD / HTTP/1.1" 200 -
172.22.2.4 - - [29/Mar/2022:21:48:31 -0500] "GET /BLA/boletinlegal/Circulares/2012/Circular%20No.%2016%20del%2022%20de%20octubre%20de%202012.pdf HTTP/1.1" 200 381186
172.22.2.4 - - [29/Mar/2022:21:48:43 -0500] "GET /BLA/boletinlegal/style.css HTTP/1.1" 200 9406
172.22.2.4 - - [29/Mar/2022:21:48:43 -0500] "GET /BLA/boletinlegal/js/jquery.js HTTP/1.1" 200 57254
172.22.2.4 - - [29/Mar/2022:21:48:43 -0500] "GET /BLA/boletinlegal/styles2.css HTTP/1.1" 200 1838
172.22.2.4 - - [29/Mar/2022:21:48:43 -0500] "GET /BLA/boletinlegal/js/jquery.scrollShow.js HTTP/1.1" 200 4586
172.22.2.4 - - [29/Mar/2022:21:48:43 -0500] "GET /BLA/boletinlegal/js/jquery.scrollTo-min.js HTTP/1.1" 200 1150
172.22.2.4 - - [29/Mar/2022:21:48:43 -0500] "GET /BLA/boletinlegal/images/cabezote%20BLEGAL.jpg HTTP/1.1" 200 118164
172.22.2.4 - - [29/Mar/2022:21:48:43 -0500] "GET /BLA/boletinlegal/images/subscribe-icon-big.png HTTP/1.1" 200 47702
172.22.2.4 - - [29/Mar/2022:21:48:43 -0500] "GET /BLA/boletinlegal/images/registro-usuarios.png HTTP/1.1" 200 8106
172.22.2.4 - - [29/Mar/2022:21:48:43 -0500] "GET /BLA/boletinlegal/images/historia.png HTTP/1.1" 200 52775
172.22.2.4 - - [29/Mar/2022:21:48:43 -0500] "GET /BLA/boletinlegal/images/arr_l.jpg HTTP/1.1" 200 1979
172.22.2.4 - - [29/Mar/2022:21:48:43 -0500] "GET /BLA/boletinlegal/images/screen_1.png HTTP/1.1" 200 202547
172.22.2.4 - - [29/Mar/2022:21:48:43 -0500] "GET /BLA/boletinlegal/images/launch.jpg HTTP/1.1" 200 14577
