200.118.64.109 - - [30/Mar/2022:06:37:04 -0500] "POST /forms/lservlet;jsessionid=ac16012b30d654133aeea6f94312a860bb4af8a4ac6b.e3iSbxaKaheRe34Sc38RahyRchr0n6jAmljGr5XDqQLvpAe HTTP/1.1" 200 2381
200.118.64.109 - - [30/Mar/2022:06:37:04 -0500] "POST /forms/lservlet;jsessionid=ac16012b30d654133aeea6f94312a860bb4af8a4ac6b.e3iSbxaKaheRe34Sc38RahyRchr0n6jAmljGr5XDqQLvpAe HTTP/1.1" 200 10
200.118.64.109 - - [30/Mar/2022:06:37:15 -0500] "POST /forms/lservlet;jsessionid=ac16012b30d654133aeea6f94312a860bb4af8a4ac6b.e3iSbxaKaheRe34Sc38RahyRchr0n6jAmljGr5XDqQLvpAe HTTP/1.1" 200 24
200.118.64.109 - - [30/Mar/2022:06:37:15 -0500] "POST /forms/lservlet;jsessionid=ac16012b30d654133aeea6f94312a860bb4af8a4ac6b.e3iSbxaKaheRe34Sc38RahyRchr0n6jAmljGr5XDqQLvpAe HTTP/1.1" 200 14
200.118.64.109 - - [30/Mar/2022:06:37:16 -0500] "POST /forms/lservlet;jsessionid=ac16012b30d654133aeea6f94312a860bb4af8a4ac6b.e3iSbxaKaheRe34Sc38RahyRchr0n6jAmljGr5XDqQLvpAe HTTP/1.1" 200 3964
200.118.64.109 - - [30/Mar/2022:06:37:17 -0500] "POST /forms/lservlet;jsessionid=ac16012b30d654133aeea6f94312a860bb4af8a4ac6b.e3iSbxaKaheRe34Sc38RahyRchr0n6jAmljGr5XDqQLvpAe HTTP/1.1" 200 2
200.118.64.109 - - [30/Mar/2022:06:37:26 -0500] "POST /forms/lservlet;jsessionid=ac16012b30d654133aeea6f94312a860bb4af8a4ac6b.e3iSbxaKaheRe34Sc38RahyRchr0n6jAmljGr5XDqQLvpAe HTTP/1.1" 200 2
200.118.64.109 - - [30/Mar/2022:06:37:27 -0500] "POST /forms/lservlet;jsessionid=ac16012b30d654133aeea6f94312a860bb4af8a4ac6b.e3iSbxaKaheRe34Sc38RahyRchr0n6jAmljGr5XDqQLvpAe HTTP/1.1" 200 14
200.118.64.109 - - [30/Mar/2022:06:37:28 -0500] "POST /forms/lservlet;jsessionid=ac16012b30d654133aeea6f94312a860bb4af8a4ac6b.e3iSbxaKaheRe34Sc38RahyRchr0n6jAmljGr5XDqQLvpAe HTTP/1.1" 200 14
200.118.64.109 - - [30/Mar/2022:06:37:30 -0500] "POST /forms/lservlet;jsessionid=ac16012b30d654133aeea6f94312a860bb4af8a4ac6b.e3iSbxaKaheRe34Sc38RahyRchr0n6jAmljGr5XDqQLvpAe HTTP/1.1" 200 14
200.118.64.109 - - [30/Mar/2022:06:37:31 -0500] "POST /forms/lservlet;jsessionid=ac16012b30d654133aeea6f94312a860bb4af8a4ac6b.e3iSbxaKaheRe34Sc38RahyRchr0n6jAmljGr5XDqQLvpAe HTTP/1.1" 200 14
200.118.64.109 - - [30/Mar/2022:06:37:33 -0500] "POST /forms/lservlet;jsessionid=ac16012b30d654133aeea6f94312a860bb4af8a4ac6b.e3iSbxaKaheRe34Sc38RahyRchr0n6jAmljGr5XDqQLvpAe HTTP/1.1" 200 106
200.118.64.109 - - [30/Mar/2022:06:37:33 -0500] "POST /forms/lservlet;jsessionid=ac16012b30d654133aeea6f94312a860bb4af8a4ac6b.e3iSbxaKaheRe34Sc38RahyRchr0n6jAmljGr5XDqQLvpAe HTTP/1.1" 200 2
200.118.64.109 - - [30/Mar/2022:06:37:34 -0500] "GET /reports/rwservlet/getjobid73783?server=repnomi HTTP/1.1" 200 47405
200.118.64.109 - - [30/Mar/2022:06:37:41 -0500] "POST /forms/lservlet;jsessionid=ac16012b30d654133aeea6f94312a860bb4af8a4ac6b.e3iSbxaKaheRe34Sc38RahyRchr0n6jAmljGr5XDqQLvpAe HTTP/1.1" 200 2
200.118.64.109 - - [30/Mar/2022:06:38:31 -0500] "POST /forms/lservlet;jsessionid=ac16012b30d654133aeea6f94312a860bb4af8a4ac6b.e3iSbxaKaheRe34Sc38RahyRchr0n6jAmljGr5XDqQLvpAe HTTP/1.1" 200 2
200.118.64.109 - - [30/Mar/2022:06:38:31 -0500] "POST /forms/lservlet;jsessionid=ac16012b30d654133aeea6f94312a860bb4af8a4ac6b.e3iSbxaKaheRe34Sc38RahyRchr0n6jAmljGr5XDqQLvpAe HTTP/1.1" 200 2390
200.118.64.109 - - [30/Mar/2022:06:38:31 -0500] "POST /forms/lservlet;jsessionid=ac16012b30d654133aeea6f94312a860bb4af8a4ac6b.e3iSbxaKaheRe34Sc38RahyRchr0n6jAmljGr5XDqQLvpAe HTTP/1.1" 200 10
200.118.64.109 - - [30/Mar/2022:06:38:33 -0500] "POST /forms/lservlet;jsessionid=ac16012b30d654133aeea6f94312a860bb4af8a4ac6b.e3iSbxaKaheRe34Sc38RahyRchr0n6jAmljGr5XDqQLvpAe HTTP/1.1" 200 24
200.118.64.109 - - [30/Mar/2022:06:38:34 -0500] "POST /forms/lservlet;jsessionid=ac16012b30d654133aeea6f94312a860bb4af8a4ac6b.e3iSbxaKaheRe34Sc38RahyRchr0n6jAmljGr5XDqQLvpAe HTTP/1.1" 200 14
200.118.64.109 - - [30/Mar/2022:06:38:35 -0500] "POST /forms/lservlet;jsessionid=ac16012b30d654133aeea6f94312a860bb4af8a4ac6b.e3iSbxaKaheRe34Sc38RahyRchr0n6jAmljGr5XDqQLvpAe HTTP/1.1" 200 3744
200.118.64.109 - - [30/Mar/2022:06:38:36 -0500] "POST /forms/lservlet;jsessionid=ac16012b30d654133aeea6f94312a860bb4af8a4ac6b.e3iSbxaKaheRe34Sc38RahyRchr0n6jAmljGr5XDqQLvpAe HTTP/1.1" 200 2
200.118.64.109 - - [30/Mar/2022:06:39:34 -0500] "POST /forms/lservlet;jsessionid=ac16012b30d654133aeea6f94312a860bb4af8a4ac6b.e3iSbxaKaheRe34Sc38RahyRchr0n6jAmljGr5XDqQLvpAe HTTP/1.1" 200 2
200.118.64.109 - - [30/Mar/2022:06:39:34 -0500] "POST /forms/lservlet;jsessionid=ac16012b30d654133aeea6f94312a860bb4af8a4ac6b.e3iSbxaKaheRe34Sc38RahyRchr0n6jAmljGr5XDqQLvpAe HTTP/1.1" 200 14
200.118.64.109 - - [30/Mar/2022:06:39:35 -0500] "POST /forms/lservlet;jsessionid=ac16012b30d654133aeea6f94312a860bb4af8a4ac6b.e3iSbxaKaheRe34Sc38RahyRchr0n6jAmljGr5XDqQLvpAe HTTP/1.1" 200 14
200.118.64.109 - - [30/Mar/2022:06:39:37 -0500] "POST /forms/lservlet;jsessionid=ac16012b30d654133aeea6f94312a860bb4af8a4ac6b.e3iSbxaKaheRe34Sc38RahyRchr0n6jAmljGr5XDqQLvpAe HTTP/1.1" 200 14
200.118.64.109 - - [30/Mar/2022:06:39:38 -0500] "POST /forms/lservlet;jsessionid=ac16012b30d654133aeea6f94312a860bb4af8a4ac6b.e3iSbxaKaheRe34Sc38RahyRchr0n6jAmljGr5XDqQLvpAe HTTP/1.1" 200 14
200.118.64.109 - - [30/Mar/2022:06:39:40 -0500] "POST /forms/lservlet;jsessionid=ac16012b30d654133aeea6f94312a860bb4af8a4ac6b.e3iSbxaKaheRe34Sc38RahyRchr0n6jAmljGr5XDqQLvpAe HTTP/1.1" 200 106
200.118.64.109 - - [30/Mar/2022:06:39:40 -0500] "POST /forms/lservlet;jsessionid=ac16012b30d654133aeea6f94312a860bb4af8a4ac6b.e3iSbxaKaheRe34Sc38RahyRchr0n6jAmljGr5XDqQLvpAe HTTP/1.1" 200 2
200.118.64.109 - - [30/Mar/2022:06:39:40 -0500] "GET /reports/rwservlet/getjobid73784?server=repnomi HTTP/1.1" 200 47713
200.118.64.109 - - [30/Mar/2022:06:39:41 -0500] "POST /forms/lservlet;jsessionid=ac16012b30d654133aeea6f94312a860bb4af8a4ac6b.e3iSbxaKaheRe34Sc38RahyRchr0n6jAmljGr5XDqQLvpAe HTTP/1.1" 200 2
216.245.221.92 - - [30/Mar/2022:06:40:00 -0500] "HEAD / HTTP/1.1" 200 -
207.46.13.157 - - [30/Mar/2022:06:40:02 -0500] "GET /BLA/resoluciones/index.php?dir=AUTOS+2019%2F HTTP/1.1" 200 340208
172.22.2.4 - - [30/Mar/2022:06:38:29 -0500] "HEAD /BLA/boletinlegal/ HTTP/1.1" 200 -
173.252.107.7 - - [30/Mar/2022:06:40:31 -0500] "GET /animales-recuperados-en-san-cristobal-y-ciudad-bolivar-son-atendidos-en-el-centro-de-flora-de-la-secretaria-de-ambiente.html HTTP/1.1" 206 1056
172.22.2.4 - - [30/Mar/2022:06:39:19 -0500] "GET /BLA/boletinlegal/ HTTP/1.1" 200 55089
200.118.64.109 - - [30/Mar/2022:06:41:16 -0500] "POST /forms/lservlet;jsessionid=ac16012b30d654133aeea6f94312a860bb4af8a4ac6b.e3iSbxaKaheRe34Sc38RahyRchr0n6jAmljGr5XDqQLvpAe HTTP/1.1" 200 2
201.245.192.253 - - [30/Mar/2022:06:40:32 -0500] "POST /kwsrmcab/Wsrmcab HTTP/1.1" 200 44998
200.118.64.109 - - [30/Mar/2022:06:41:16 -0500] "POST /forms/lservlet;jsessionid=ac16012b30d654133aeea6f94312a860bb4af8a4ac6b.e3iSbxaKaheRe34Sc38RahyRchr0n6jAmljGr5XDqQLvpAe HTTP/1.1" 200 14
200.118.64.109 - - [30/Mar/2022:06:41:17 -0500] "POST /forms/lservlet;jsessionid=ac16012b30d654133aeea6f94312a860bb4af8a4ac6b.e3iSbxaKaheRe34Sc38RahyRchr0n6jAmljGr5XDqQLvpAe HTTP/1.1" 200 14
200.118.64.109 - - [30/Mar/2022:06:41:18 -0500] "POST /forms/lservlet;jsessionid=ac16012b30d654133aeea6f94312a860bb4af8a4ac6b.e3iSbxaKaheRe34Sc38RahyRchr0n6jAmljGr5XDqQLvpAe HTTP/1.1" 200 110
200.118.64.109 - - [30/Mar/2022:06:41:18 -0500] "POST /forms/lservlet;jsessionid=ac16012b30d654133aeea6f94312a860bb4af8a4ac6b.e3iSbxaKaheRe34Sc38RahyRchr0n6jAmljGr5XDqQLvpAe HTTP/1.1" 200 2
200.118.64.109 - - [30/Mar/2022:06:41:19 -0500] "GET /reports/rwservlet/getjobid73785?server=repnomi HTTP/1.1" 200 600693
200.118.64.109 - - [30/Mar/2022:06:41:54 -0500] "POST /forms/lservlet;jsessionid=ac16012b30d654133aeea6f94312a860bb4af8a4ac6b.e3iSbxaKaheRe34Sc38RahyRchr0n6jAmljGr5XDqQLvpAe HTTP/1.1" 200 2
201.245.192.253 - - [30/Mar/2022:06:41:17 -0500] "POST /kwsrmcab/Wsrmcab HTTP/1.1" 200 42936
201.245.192.253 - - [30/Mar/2022:06:41:55 -0500] "POST /kwsrmcab/Wsrmcab HTTP/1.1" 200 109033
200.118.64.109 - - [30/Mar/2022:06:44:00 -0500] "POST /forms/lservlet;jsessionid=ac16012b30d654133aeea6f94312a860bb4af8a4ac6b.e3iSbxaKaheRe34Sc38RahyRchr0n6jAmljGr5XDqQLvpAe HTTP/1.1" 200 2
40.77.167.78 - - [30/Mar/2022:06:44:48 -0500] "GET /si-eres-sujeto-del-pago-de-tasa-retributiva-no-olvides-enviarnos-tu-formulario-de-autodeclaracion-de-vertimientos-de-2021.html HTTP/1.1" 200 1165
216.245.221.92 - - [30/Mar/2022:06:45:00 -0500] "HEAD / HTTP/1.1" 200 -
200.118.64.109 - - [30/Mar/2022:06:45:05 -0500] "POST /forms/lservlet;jsessionid=ac16012b30d654133aeea6f94312a860bb4af8a4ac6b.e3iSbxaKaheRe34Sc38RahyRchr0n6jAmljGr5XDqQLvpAe HTTP/1.1" 200 2
200.118.64.109 - - [30/Mar/2022:06:45:05 -0500] "POST /forms/lservlet;jsessionid=ac16012b30d654133aeea6f94312a860bb4af8a4ac6b.e3iSbxaKaheRe34Sc38RahyRchr0n6jAmljGr5XDqQLvpAe HTTP/1.1" 200 14
200.118.64.109 - - [30/Mar/2022:06:45:07 -0500] "POST /forms/lservlet;jsessionid=ac16012b30d654133aeea6f94312a860bb4af8a4ac6b.e3iSbxaKaheRe34Sc38RahyRchr0n6jAmljGr5XDqQLvpAe HTTP/1.1" 200 14
200.118.64.109 - - [30/Mar/2022:06:45:08 -0500] "POST /forms/lservlet;jsessionid=ac16012b30d654133aeea6f94312a860bb4af8a4ac6b.e3iSbxaKaheRe34Sc38RahyRchr0n6jAmljGr5XDqQLvpAe HTTP/1.1" 200 107
200.118.64.109 - - [30/Mar/2022:06:45:09 -0500] "POST /forms/lservlet;jsessionid=ac16012b30d654133aeea6f94312a860bb4af8a4ac6b.e3iSbxaKaheRe34Sc38RahyRchr0n6jAmljGr5XDqQLvpAe HTTP/1.1" 200 2
200.118.64.109 - - [30/Mar/2022:06:45:09 -0500] "GET /reports/rwservlet/getjobid73786?server=repnomi HTTP/1.1" 200 600693
200.118.64.109 - - [30/Mar/2022:06:45:34 -0500] "POST /forms/lservlet;jsessionid=ac16012b30d654133aeea6f94312a860bb4af8a4ac6b.e3iSbxaKaheRe34Sc38RahyRchr0n6jAmljGr5XDqQLvpAe HTTP/1.1" 200 2
200.118.64.109 - - [30/Mar/2022:06:45:34 -0500] "POST /forms/lservlet;jsessionid=ac16012b30d654133aeea6f94312a860bb4af8a4ac6b.e3iSbxaKaheRe34Sc38RahyRchr0n6jAmljGr5XDqQLvpAe HTTP/1.1" 200 2298
200.118.64.109 - - [30/Mar/2022:06:45:34 -0500] "POST /forms/lservlet;jsessionid=ac16012b30d654133aeea6f94312a860bb4af8a4ac6b.e3iSbxaKaheRe34Sc38RahyRchr0n6jAmljGr5XDqQLvpAe HTTP/1.1" 200 10
200.118.64.109 - - [30/Mar/2022:06:45:48 -0500] "POST /forms/lservlet;jsessionid=ac16012b30d654133aeea6f94312a860bb4af8a4ac6b.e3iSbxaKaheRe34Sc38RahyRchr0n6jAmljGr5XDqQLvpAe HTTP/1.1" 200 24
200.118.64.109 - - [30/Mar/2022:06:45:48 -0500] "POST /forms/lservlet;jsessionid=ac16012b30d654133aeea6f94312a860bb4af8a4ac6b.e3iSbxaKaheRe34Sc38RahyRchr0n6jAmljGr5XDqQLvpAe HTTP/1.1" 200 14
200.118.64.109 - - [30/Mar/2022:06:45:49 -0500] "POST /forms/lservlet;jsessionid=ac16012b30d654133aeea6f94312a860bb4af8a4ac6b.e3iSbxaKaheRe34Sc38RahyRchr0n6jAmljGr5XDqQLvpAe HTTP/1.1" 200 3943
200.118.64.109 - - [30/Mar/2022:06:45:50 -0500] "POST /forms/lservlet;jsessionid=ac16012b30d654133aeea6f94312a860bb4af8a4ac6b.e3iSbxaKaheRe34Sc38RahyRchr0n6jAmljGr5XDqQLvpAe HTTP/1.1" 200 2
172.22.2.4 - - [30/Mar/2022:06:44:19 -0500] "HEAD /BLA/boletinlegal/ HTTP/1.1" 200 -
200.118.64.109 - - [30/Mar/2022:06:46:00 -0500] "POST /forms/lservlet;jsessionid=ac16012b30d654133aeea6f94312a860bb4af8a4ac6b.e3iSbxaKaheRe34Sc38RahyRchr0n6jAmljGr5XDqQLvpAe HTTP/1.1" 200 2
173.252.107.4 - - [30/Mar/2022:06:46:06 -0500] "GET /cuando-un-humedal-es-tu-oficina-la-labor-de-los-administradores-de-estos-ecosistemas.html HTTP/1.1" 206 957
173.252.107.4 - - [30/Mar/2022:06:46:06 -0500] "GET /cuando-un-humedal-es-tu-oficina-la-labor-de-los-administradores-de-estos-ecosistemas.html HTTP/1.1" 206 957
172.22.2.4 - - [30/Mar/2022:06:45:09 -0500] "GET /BLA/boletinlegal/ HTTP/1.1" 200 59170
193.118.53.194 - - [30/Mar/2022:06:47:38 -0500] "GET / HTTP/1.1" 200 319
200.118.64.109 - - [30/Mar/2022:06:48:00 -0500] "POST /forms/lservlet;jsessionid=ac16012b30d654133aeea6f94312a860bb4af8a4ac6b.e3iSbxaKaheRe34Sc38RahyRchr0n6jAmljGr5XDqQLvpAe HTTP/1.1" 200 2
200.118.64.109 - - [30/Mar/2022:06:48:36 -0500] "POST /forms/lservlet;jsessionid=ac16012b30d654133aeea6f94312a860bb4af8a4ac6b.e3iSbxaKaheRe34Sc38RahyRchr0n6jAmljGr5XDqQLvpAe HTTP/1.1" 200 143
200.118.64.109 - - [30/Mar/2022:06:48:40 -0500] "POST /forms/lservlet;jsessionid=ac16012b30d654133aeea6f94312a860bb4af8a4ac6b.e3iSbxaKaheRe34Sc38RahyRchr0n6jAmljGr5XDqQLvpAe HTTP/1.1" 200 2027
200.118.64.109 - - [30/Mar/2022:06:48:40 -0500] "POST /forms/lservlet;jsessionid=ac16012b30d654133aeea6f94312a860bb4af8a4ac6b.e3iSbxaKaheRe34Sc38RahyRchr0n6jAmljGr5XDqQLvpAe HTTP/1.1" 200 78
200.118.64.109 - - [30/Mar/2022:06:48:44 -0500] "POST /forms/lservlet;jsessionid=ac16012b30d654133aeea6f94312a860bb4af8a4ac6b.e3iSbxaKaheRe34Sc38RahyRchr0n6jAmljGr5XDqQLvpAe HTTP/1.1" 200 34757
200.118.64.109 - - [30/Mar/2022:06:48:45 -0500] "GET /imagenes/listval.gif HTTP/1.1" 200 905
200.118.64.109 - - [30/Mar/2022:06:48:46 -0500] "POST /forms/lservlet;jsessionid=ac16012b30d654133aeea6f94312a860bb4af8a4ac6b.e3iSbxaKaheRe34Sc38RahyRchr0n6jAmljGr5XDqQLvpAe HTTP/1.1" 200 7
200.118.64.109 - - [30/Mar/2022:06:48:46 -0500] "POST /forms/lservlet;jsessionid=ac16012b30d654133aeea6f94312a860bb4af8a4ac6b.e3iSbxaKaheRe34Sc38RahyRchr0n6jAmljGr5XDqQLvpAe HTTP/1.1" 200 34
200.118.64.109 - - [30/Mar/2022:06:48:46 -0500] "POST /forms/lservlet;jsessionid=ac16012b30d654133aeea6f94312a860bb4af8a4ac6b.e3iSbxaKaheRe34Sc38RahyRchr0n6jAmljGr5XDqQLvpAe HTTP/1.1" 200 2
200.118.64.109 - - [30/Mar/2022:06:48:46 -0500] "POST /forms/lservlet;jsessionid=ac16012b30d654133aeea6f94312a860bb4af8a4ac6b.e3iSbxaKaheRe34Sc38RahyRchr0n6jAmljGr5XDqQLvpAe HTTP/1.1" 200 141
200.118.64.109 - - [30/Mar/2022:06:48:49 -0500] "POST /forms/lservlet;jsessionid=ac16012b30d654133aeea6f94312a860bb4af8a4ac6b.e3iSbxaKaheRe34Sc38RahyRchr0n6jAmljGr5XDqQLvpAe HTTP/1.1" 200 26
200.118.64.109 - - [30/Mar/2022:06:48:49 -0500] "POST /forms/lservlet;jsessionid=ac16012b30d654133aeea6f94312a860bb4af8a4ac6b.e3iSbxaKaheRe34Sc38RahyRchr0n6jAmljGr5XDqQLvpAe HTTP/1.1" 200 578
200.118.64.109 - - [30/Mar/2022:06:48:49 -0500] "POST /forms/lservlet;jsessionid=ac16012b30d654133aeea6f94312a860bb4af8a4ac6b.e3iSbxaKaheRe34Sc38RahyRchr0n6jAmljGr5XDqQLvpAe HTTP/1.1" 200 2
200.118.64.109 - - [30/Mar/2022:06:48:50 -0500] "POST /forms/lservlet;jsessionid=ac16012b30d654133aeea6f94312a860bb4af8a4ac6b.e3iSbxaKaheRe34Sc38RahyRchr0n6jAmljGr5XDqQLvpAe HTTP/1.1" 200 2
200.118.64.109 - - [30/Mar/2022:06:48:51 -0500] "POST /forms/lservlet;jsessionid=ac16012b30d654133aeea6f94312a860bb4af8a4ac6b.e3iSbxaKaheRe34Sc38RahyRchr0n6jAmljGr5XDqQLvpAe HTTP/1.1" 200 122
200.118.64.109 - - [30/Mar/2022:06:48:52 -0500] "POST /forms/lservlet;jsessionid=ac16012b30d654133aeea6f94312a860bb4af8a4ac6b.e3iSbxaKaheRe34Sc38RahyRchr0n6jAmljGr5XDqQLvpAe HTTP/1.1" 200 2
200.118.64.109 - - [30/Mar/2022:06:48:53 -0500] "POST /forms/lservlet;jsessionid=ac16012b30d654133aeea6f94312a860bb4af8a4ac6b.e3iSbxaKaheRe34Sc38RahyRchr0n6jAmljGr5XDqQLvpAe HTTP/1.1" 200 115
200.118.64.109 - - [30/Mar/2022:06:48:53 -0500] "POST /forms/lservlet;jsessionid=ac16012b30d654133aeea6f94312a860bb4af8a4ac6b.e3iSbxaKaheRe34Sc38RahyRchr0n6jAmljGr5XDqQLvpAe HTTP/1.1" 200 7
200.118.64.109 - - [30/Mar/2022:06:48:55 -0500] "POST /forms/lservlet;jsessionid=ac16012b30d654133aeea6f94312a860bb4af8a4ac6b.e3iSbxaKaheRe34Sc38RahyRchr0n6jAmljGr5XDqQLvpAe HTTP/1.1" 200 51
200.118.64.109 - - [30/Mar/2022:06:48:56 -0500] "POST /forms/lservlet;jsessionid=ac16012b30d654133aeea6f94312a860bb4af8a4ac6b.e3iSbxaKaheRe34Sc38RahyRchr0n6jAmljGr5XDqQLvpAe HTTP/1.1" 200 2
200.118.64.109 - - [30/Mar/2022:06:48:58 -0500] "POST /forms/lservlet;jsessionid=ac16012b30d654133aeea6f94312a860bb4af8a4ac6b.e3iSbxaKaheRe34Sc38RahyRchr0n6jAmljGr5XDqQLvpAe HTTP/1.1" 200 1991
200.118.64.109 - - [30/Mar/2022:06:48:59 -0500] "POST /forms/lservlet;jsessionid=ac16012b30d654133aeea6f94312a860bb4af8a4ac6b.e3iSbxaKaheRe34Sc38RahyRchr0n6jAmljGr5XDqQLvpAe HTTP/1.1" 200 78
200.118.64.109 - - [30/Mar/2022:06:49:04 -0500] "POST /forms/lservlet;jsessionid=ac16012b30d654133aeea6f94312a860bb4af8a4ac6b.e3iSbxaKaheRe34Sc38RahyRchr0n6jAmljGr5XDqQLvpAe HTTP/1.1" 200 34745
200.118.64.109 - - [30/Mar/2022:06:49:04 -0500] "GET /imagenes/listval.gif HTTP/1.1" 200 905
200.118.64.109 - - [30/Mar/2022:06:49:04 -0500] "POST /forms/lservlet;jsessionid=ac16012b30d654133aeea6f94312a860bb4af8a4ac6b.e3iSbxaKaheRe34Sc38RahyRchr0n6jAmljGr5XDqQLvpAe HTTP/1.1" 200 7
200.118.64.109 - - [30/Mar/2022:06:49:04 -0500] "POST /forms/lservlet;jsessionid=ac16012b30d654133aeea6f94312a860bb4af8a4ac6b.e3iSbxaKaheRe34Sc38RahyRchr0n6jAmljGr5XDqQLvpAe HTTP/1.1" 200 34
200.118.64.109 - - [30/Mar/2022:06:49:04 -0500] "POST /forms/lservlet;jsessionid=ac16012b30d654133aeea6f94312a860bb4af8a4ac6b.e3iSbxaKaheRe34Sc38RahyRchr0n6jAmljGr5XDqQLvpAe HTTP/1.1" 200 2
109.237.103.118 - - [30/Mar/2022:06:49:06 -0500] "GET /.env HTTP/1.1" 404 1018
109.237.103.118 - - [30/Mar/2022:06:49:06 -0500] "\x16\x03\x01\x01D\x01" 400 226
200.118.64.109 - - [30/Mar/2022:06:49:08 -0500] "POST /forms/lservlet;jsessionid=ac16012b30d654133aeea6f94312a860bb4af8a4ac6b.e3iSbxaKaheRe34Sc38RahyRchr0n6jAmljGr5XDqQLvpAe HTTP/1.1" 200 2
200.118.64.109 - - [30/Mar/2022:06:49:08 -0500] "POST /forms/lservlet;jsessionid=ac16012b30d654133aeea6f94312a860bb4af8a4ac6b.e3iSbxaKaheRe34Sc38RahyRchr0n6jAmljGr5XDqQLvpAe HTTP/1.1" 200 662
200.118.64.109 - - [30/Mar/2022:06:49:08 -0500] "POST /forms/lservlet;jsessionid=ac16012b30d654133aeea6f94312a860bb4af8a4ac6b.e3iSbxaKaheRe34Sc38RahyRchr0n6jAmljGr5XDqQLvpAe HTTP/1.1" 200 10
200.118.64.109 - - [30/Mar/2022:06:49:09 -0500] "POST /forms/lservlet;jsessionid=ac16012b30d654133aeea6f94312a860bb4af8a4ac6b.e3iSbxaKaheRe34Sc38RahyRchr0n6jAmljGr5XDqQLvpAe HTTP/1.1" 200 32
200.118.64.109 - - [30/Mar/2022:06:49:11 -0500] "POST /forms/lservlet;jsessionid=ac16012b30d654133aeea6f94312a860bb4af8a4ac6b.e3iSbxaKaheRe34Sc38RahyRchr0n6jAmljGr5XDqQLvpAe HTTP/1.1" 200 26
200.118.64.109 - - [30/Mar/2022:06:49:11 -0500] "POST /forms/lservlet;jsessionid=ac16012b30d654133aeea6f94312a860bb4af8a4ac6b.e3iSbxaKaheRe34Sc38RahyRchr0n6jAmljGr5XDqQLvpAe HTTP/1.1" 200 14
200.118.64.109 - - [30/Mar/2022:06:49:12 -0500] "POST /forms/lservlet;jsessionid=ac16012b30d654133aeea6f94312a860bb4af8a4ac6b.e3iSbxaKaheRe34Sc38RahyRchr0n6jAmljGr5XDqQLvpAe HTTP/1.1" 200 14
200.118.64.109 - - [30/Mar/2022:06:49:13 -0500] "POST /forms/lservlet;jsessionid=ac16012b30d654133aeea6f94312a860bb4af8a4ac6b.e3iSbxaKaheRe34Sc38RahyRchr0n6jAmljGr5XDqQLvpAe HTTP/1.1" 200 4223
200.118.64.109 - - [30/Mar/2022:06:49:14 -0500] "POST /forms/lservlet;jsessionid=ac16012b30d654133aeea6f94312a860bb4af8a4ac6b.e3iSbxaKaheRe34Sc38RahyRchr0n6jAmljGr5XDqQLvpAe HTTP/1.1" 200 10
200.118.64.109 - - [30/Mar/2022:06:49:20 -0500] "POST /forms/lservlet;jsessionid=ac16012b30d654133aeea6f94312a860bb4af8a4ac6b.e3iSbxaKaheRe34Sc38RahyRchr0n6jAmljGr5XDqQLvpAe HTTP/1.1" 200 2
200.118.64.109 - - [30/Mar/2022:06:49:20 -0500] "POST /forms/lservlet;jsessionid=ac16012b30d654133aeea6f94312a860bb4af8a4ac6b.e3iSbxaKaheRe34Sc38RahyRchr0n6jAmljGr5XDqQLvpAe HTTP/1.1" 200 14
200.118.64.109 - - [30/Mar/2022:06:49:21 -0500] "POST /forms/lservlet;jsessionid=ac16012b30d654133aeea6f94312a860bb4af8a4ac6b.e3iSbxaKaheRe34Sc38RahyRchr0n6jAmljGr5XDqQLvpAe HTTP/1.1" 200 2633
200.118.64.109 - - [30/Mar/2022:06:49:22 -0500] "POST /forms/lservlet;jsessionid=ac16012b30d654133aeea6f94312a860bb4af8a4ac6b.e3iSbxaKaheRe34Sc38RahyRchr0n6jAmljGr5XDqQLvpAe HTTP/1.1" 200 2
200.118.64.109 - - [30/Mar/2022:06:49:30 -0500] "POST /forms/lservlet;jsessionid=ac16012b30d654133aeea6f94312a860bb4af8a4ac6b.e3iSbxaKaheRe34Sc38RahyRchr0n6jAmljGr5XDqQLvpAe HTTP/1.1" 200 2
200.118.64.109 - - [30/Mar/2022:06:49:30 -0500] "POST /forms/lservlet;jsessionid=ac16012b30d654133aeea6f94312a860bb4af8a4ac6b.e3iSbxaKaheRe34Sc38RahyRchr0n6jAmljGr5XDqQLvpAe HTTP/1.1" 200 2
200.118.64.109 - - [30/Mar/2022:06:49:30 -0500] "POST /forms/lservlet;jsessionid=ac16012b30d654133aeea6f94312a860bb4af8a4ac6b.e3iSbxaKaheRe34Sc38RahyRchr0n6jAmljGr5XDqQLvpAe HTTP/1.1" 200 17
216.245.221.92 - - [30/Mar/2022:06:50:00 -0500] "HEAD / HTTP/1.1" 200 -
200.118.64.109 - - [30/Mar/2022:06:50:00 -0500] "POST /forms/lservlet;jsessionid=ac16012b30d654133aeea6f94312a860bb4af8a4ac6b.e3iSbxaKaheRe34Sc38RahyRchr0n6jAmljGr5XDqQLvpAe HTTP/1.1" 200 2
181.237.42.244 - - [30/Mar/2022:06:50:47 -0500] "GET /documents/10184/2325415/pieza-concurso-buenas-practicas-20-septiembre.jpg HTTP/1.1" 404 1132
200.118.64.109 - - [30/Mar/2022:06:50:49 -0500] "POST /forms/lservlet;jsessionid=ac16012b30d654133aeea6f94312a860bb4af8a4ac6b.e3iSbxaKaheRe34Sc38RahyRchr0n6jAmljGr5XDqQLvpAe HTTP/1.1" 200 2
200.118.64.109 - - [30/Mar/2022:06:50:49 -0500] "POST /forms/lservlet;jsessionid=ac16012b30d654133aeea6f94312a860bb4af8a4ac6b.e3iSbxaKaheRe34Sc38RahyRchr0n6jAmljGr5XDqQLvpAe HTTP/1.1" 200 14
200.118.64.109 - - [30/Mar/2022:06:50:51 -0500] "POST /forms/lservlet;jsessionid=ac16012b30d654133aeea6f94312a860bb4af8a4ac6b.e3iSbxaKaheRe34Sc38RahyRchr0n6jAmljGr5XDqQLvpAe HTTP/1.1" 200 14
200.118.64.109 - - [30/Mar/2022:06:50:52 -0500] "POST /forms/lservlet;jsessionid=ac16012b30d654133aeea6f94312a860bb4af8a4ac6b.e3iSbxaKaheRe34Sc38RahyRchr0n6jAmljGr5XDqQLvpAe HTTP/1.1" 200 14
200.118.64.109 - - [30/Mar/2022:06:50:54 -0500] "POST /forms/lservlet;jsessionid=ac16012b30d654133aeea6f94312a860bb4af8a4ac6b.e3iSbxaKaheRe34Sc38RahyRchr0n6jAmljGr5XDqQLvpAe HTTP/1.1" 200 14
200.118.64.109 - - [30/Mar/2022:06:50:55 -0500] "POST /forms/lservlet;jsessionid=ac16012b30d654133aeea6f94312a860bb4af8a4ac6b.e3iSbxaKaheRe34Sc38RahyRchr0n6jAmljGr5XDqQLvpAe HTTP/1.1" 200 15
200.118.64.109 - - [30/Mar/2022:06:50:58 -0500] "POST /forms/lservlet;jsessionid=ac16012b30d654133aeea6f94312a860bb4af8a4ac6b.e3iSbxaKaheRe34Sc38RahyRchr0n6jAmljGr5XDqQLvpAe HTTP/1.1" 200 127
200.118.64.109 - - [30/Mar/2022:06:50:58 -0500] "POST /forms/lservlet;jsessionid=ac16012b30d654133aeea6f94312a860bb4af8a4ac6b.e3iSbxaKaheRe34Sc38RahyRchr0n6jAmljGr5XDqQLvpAe HTTP/1.1" 200 2
200.118.64.109 - - [30/Mar/2022:06:50:58 -0500] "GET /reports/rwservlet/getjobid73787?server=repnomi HTTP/1.1" 200 47636
172.22.2.4 - - [30/Mar/2022:06:50:09 -0500] "HEAD /BLA/boletinlegal/ HTTP/1.1" 200 -
200.118.64.109 - - [30/Mar/2022:06:52:01 -0500] "POST /forms/lservlet;jsessionid=ac16012b30d654133aeea6f94312a860bb4af8a4ac6b.e3iSbxaKaheRe34Sc38RahyRchr0n6jAmljGr5XDqQLvpAe HTTP/1.1" 200 2
172.22.2.4 - - [30/Mar/2022:06:50:59 -0500] "GET /BLA/boletinlegal/ HTTP/1.1" 200 58588
201.245.192.253 - - [30/Mar/2022:06:52:12 -0500] "POST /kwsrmcab/Wsrmcab HTTP/1.1" 200 109033
190.69.62.178 - - [30/Mar/2022:06:53:41 -0500] "GET /kwssiamovil/sm/ldap/au?x=U2FsdGVkX1833ExkTrkJ3il/BKfosDna06OeOKIvDAadGz5hA4kYk80kRTm/QQ0s&y=U2FsdGVkX183/iNiOrfJmlxjOGsgQtRDYG5DPsCgbQ0rkIG+rFwyx9jUUae5f1WW HTTP/1.1" 200 30
190.69.62.178 - - [30/Mar/2022:06:53:42 -0500] "GET /kwssiamovil/sm/acme/s?s=U2FsdGVkX19tOR/nofsUdv/JEEiWvovv2uce4jPJmLy+8y/LDSF/w7AySCaPxlRabnsbUS+HOZi5OLFDTrGbw2jT5YM6RJJTHXYQPgOMGWs=&u=U2FsdGVkX19mpsfX9l0xkbWMr4g+KtDKBf4Wd282I3k=&y=U2FsdGVkX183/iNiOrfJmlxjOGsgQtRDYG5DPsCgbQ0rkIG+rFwyx9jUUae5f1WW HTTP/1.1" 200 97
190.69.62.178 - - [30/Mar/2022:06:53:42 -0500] "GET /kwssiamovil/sm/acme/s?s=U2FsdGVkX1/4BW8PrrpfeumITeaPBf8rM6ccaNMHPnL+0zDhBPf0hi8o02xpd5OQaqjRC/Q8zyeTV1lv7sRq2jXBz9yZ9wkxqyMDT+by/4/hnpYhVD8GlrxFXwusdF/xopl2fv/2Ka7ODAKvdCor5+kQHSBuyxBvDmPfpcdNuMmLXTruvZaX83ir/6WdxPh7dx/XftIcW19wZ2rtAinoWm3KBeqRo8j1hfTpFAF0kOF/Cnvm3F4XwJ7MGUWBMOsUyLMPBPwsFsBqcUwpeNCaw8jJKXzJKIovnQ+nxOxiNcER+hlKZlbZkshG20vMsH0OzsueA8KwZ20C320tPx61yMbTeZNTIYfKPC7VO/QOOGaNcKAU/KTHzsqqc3qOCMDeuPF9+40j6nFl4yi/csw4i1j0w2QIrCY0WvcaWu6JqPzAgRWN4Pq9bcKgYCtaS2xivoHDfkyjx6t0vV16QTdhwxOaIeUNJun0lNbSvgCe3/teYmlNmfIMTX47vSvdwBZVOokJBVTQN1FE4qRzSjn+nrLEYA3uKeWluOFaeykHb9rC+DBYl+OeUtGzVZLIC681YHZoAkt2QrrmwNoRdjwnJAKHs1sZwcm3+DnSyA5s69QpL2AVm+F6AzhZTjWHYTPtSmKQQ9ByGE5rYyxKKkJZ5IkWUe7De6vemv9eXQ/Ow6To4YJJikLRP8pcQIBaePrzxiF6DUm3C7jHauCskJHU12xGGWjdXzWN9TkwtpGCqVTxvw/ljH9ZmAY4sPoh76GDUWErrvqKqszXvMgNa+aY6vTaWsRAG//S0FgQWv+EIQFBO3LHXQBICcik1AcnRNK2Jvyv0swrRkWLJ+WMNasV3+2ZNQzw/k6Zd1pBXngXZobyMA90ZNb355fsGubhJhHy/HMjlV+LYQkpqMXAy+I4ye2G2UnTMafF7kHhBFz3ft9hJyYAeiEM40I+OESn3Ak/5FTn5DmaM45nHf02RPYXTR+XM4wrofqPy3/Gm3cazlQmwqL7+Z8UaLZQ/TnVCO+xd+uxdnGuid9WKH1dsfSYcXbV9PJZZsC/HNIzOPT2be3mUfv+igeIHaLGCCAnf+qseZchwCobqc43WA5OQ1LU129SfpEJOWLPBtTjs+/Du70=&u=U2FsdGVkX19mpsfX9l0xkbWMr4g+KtDKBf4Wd282I3k=&y=U2FsdGVkX183/iNiOrfJmlxjOGsgQtRDYG5DPsCgbQ0rkIG+rFwyx9jUUae5f1WW HTTP/1.1" 200 391
190.69.62.178 - - [30/Mar/2022:06:53:42 -0500] "GET /kwssiamovil/sm/acme/s?s=U2FsdGVkX1/MHwYQrsv/8ZR8LY8T29l8asPTEBcLVHY9ZpezbEpyNCo+QfnE8bI8&u=U2FsdGVkX19mpsfX9l0xkbWMr4g+KtDKBf4Wd282I3k=&y=U2FsdGVkX183/iNiOrfJmlxjOGsgQtRDYG5DPsCgbQ0rkIG+rFwyx9jUUae5f1WW HTTP/1.1" 200 70
190.69.62.178 - - [30/Mar/2022:06:53:42 -0500] "GET /kwssiamovil/sm/acme/s?s=U2FsdGVkX19OXpJL8poS0W1lp0yVIdArwupsSLk4XLqZDanjD5ivkpS0vdl4om0ZQ0O1FO35eCaMhp90Q6vOyJBCPXJMqDAqIKrjrjP5hNmjjstSjzk3V+1amZgVaC92NGz8dC990o2NixAa6lI9xgfChd3k/IVq4GaBYFJsbZpZ0YT+o18fO5ponkZGRvnS6ZYoZ0KGtbxO1tqKLJHHQf8HoUn95ffgAuPabh8WXbprf6UdCGoDb/7cvUa9kKqOpl7m/seDF4AiA5xP0lMgm9BkU8cH+EjNLrbFlhP/MoyImXLBePPKr/qyMRvzF/k0CqE3Sbg5Um/Rl0BWSMa/tg==&u=U2FsdGVkX19mpsfX9l0xkbWMr4g+KtDKBf4Wd282I3k=&y=U2FsdGVkX183/iNiOrfJmlxjOGsgQtRDYG5DPsCgbQ0rkIG+rFwyx9jUUae5f1WW HTTP/1.1" 200 196
190.69.62.178 - - [30/Mar/2022:06:53:42 -0500] "GET /kwssiamovil/sm/cjson/pre?f=1&x=U2FsdGVkX1833ExkTrkJ3il/BKfosDna06OeOKIvDAadGz5hA4kYk80kRTm/QQ0s HTTP/1.1" 200 30975
200.118.64.109 - - [30/Mar/2022:06:54:01 -0500] "POST /forms/lservlet;jsessionid=ac16012b30d654133aeea6f94312a860bb4af8a4ac6b.e3iSbxaKaheRe34Sc38RahyRchr0n6jAmljGr5XDqQLvpAe HTTP/1.1" 200 2
216.245.221.92 - - [30/Mar/2022:06:55:00 -0500] "HEAD / HTTP/1.1" 200 -
181.237.42.244 - - [30/Mar/2022:06:55:20 -0500] "GET /documents/10184/2325415/pieza-concurso-buenas-practicas-20-septiembre.jpg HTTP/1.1" 404 1132
190.69.62.178 - - [30/Mar/2022:06:55:48 -0500] "GET /kwssiamovil/sm/ldap/au?x=U2FsdGVkX19vETijAPnQ9qD30Mdhl2TBKh26GPFWjgVcxQ9t4IuCaFE+HSm3VelM&y=U2FsdGVkX18Hi8YAR1IY8IZEE+cz7eRDp0OBO6HuAx8a64xxk3oJb7i2D0xpGpiU HTTP/1.1" 200 30
190.69.62.178 - - [30/Mar/2022:06:55:48 -0500] "GET /kwssiamovil/sm/acme/s?s=U2FsdGVkX1+6iByNOdcUIFqUwi+oD4O5nLFprT43GyftzyiDtxbGOmZxYj7RACLW5AJf6rPXGUqRkm8q7TIol0Sq9tS9gTkctFPl1YiI5Gk=&u=U2FsdGVkX1/SyW5JJJHShY8UCfu4xdBFcQTi4MA8cdw=&y=U2FsdGVkX18Hi8YAR1IY8IZEE+cz7eRDp0OBO6HuAx8a64xxk3oJb7i2D0xpGpiU HTTP/1.1" 200 97
190.69.62.178 - - [30/Mar/2022:06:55:48 -0500] "GET /kwssiamovil/sm/acme/s?s=U2FsdGVkX19nnE4wDHVea64URivSu8dF8eh6BpKXLUrMnx7jjd9OKfDWc1aWdjbXdiztRgpl2S7XZpbs1uqpOfvMdJ6gdWP4Tlh72HsvN5PLkSFEA+JMDup9eXMDyowPFRmbwglbea/Lwo6iF8Wab+Ig+CPW543aDu7p1TCgbzFFbv46sDQTa9YUFufbBL+ybUSYEBaoOaHsz2KrS7qysYcOEFSojH1Asicp8Z187ESmB3066pvpOPwSqEjlOQd0el11gWyLTVPh8IMsP4d7QkwAzcBxakChniVHQ3VKTlloaJVHflWRVomvdIYAOKqI80jvezQHvvoV/6Sde58Hru6aofx5JLvfuPuvVZ0dzA1ipkBQ88wlUAWfsPdoeR9j5rTg4/knR6XbehkZSSI+XRRMBNxVMRKw7Z2oJ2UxVqzJBq6aMESVb6dW+7HgbPdWP75+zq4Ine2VRn7K1eyoCyaDrtiOWmrs0Zt59mFZr8u8vXgDWbids17/wfISbewHdgVWP5gcrhRISgkCt4DZN3KebbnjM6uz2PInqyXx6jZ7i7tS5fuzVEZc7fEFbp62Dg+YiZuLo37qtoVZUraAfaw5JWfss2lMrGMbhGCIpnCkUFFqPzRmHeKC5bHXe0WPurzb0JtDdBwGURWBKcuXUVQGW6RxPxbE8wugfCcwAXsWans+x8eZy4gJ7yxssfDf7xIWQd7IaRG0RYmxp+jJrWB3D8Fo9LSMBq8QiOsFBi9N5G4vMJtS2Iu2KWy0HYMzQ59/ukeTy2tjUU/dAmhjbXomxBLlrH5t2+0IrPJSMFVDRz3u3X/XFjhu5BOmOSq8hGeZhugsaQ/MaTTMdzQKnmH+bL2Lk61ESq3k4BPeCigBcWwLFK9Stypl/ZS6sQUBxjzwIxVWmi1qI2gvjMoFvPs6egdVL3wtl/YXP2jdEo7wHfgjoVzVll6DdwRjeExGLn+pBgQsOvv7xC2UdpjXgxIQksnMvsXvwUiB0NiTkJy7ezil1SVYzH8EUb5J3SYp31aZBNMlb/2X0KESuLASejVmlNsKAhnLEtyqRlCgwW3UXHzQsoHPzdzfZ9urtJxJ8AK/iOmdo+xgwP1CpU7MWoay8Zkt+2Qo1IqIgx2P2KY=&u=U2FsdGVkX1/SyW5JJJHShY8UCfu4xdBFcQTi4MA8cdw=&y=U2FsdGVkX18Hi8YAR1IY8IZEE+cz7eRDp0OBO6HuAx8a64xxk3oJb7i2D0xpGpiU HTTP/1.1" 200 391
190.69.62.178 - - [30/Mar/2022:06:55:48 -0500] "GET /kwssiamovil/sm/acme/s?s=U2FsdGVkX19+s+jW278PDmXbX20n9gW+FKhK+OTZLqbugJZWCH9yE4oHUhxpBM+h&u=U2FsdGVkX1/SyW5JJJHShY8UCfu4xdBFcQTi4MA8cdw=&y=U2FsdGVkX18Hi8YAR1IY8IZEE+cz7eRDp0OBO6HuAx8a64xxk3oJb7i2D0xpGpiU HTTP/1.1" 200 70
190.69.62.178 - - [30/Mar/2022:06:55:48 -0500] "GET /kwssiamovil/sm/acme/s?s=U2FsdGVkX1/uKQMufLn2vSTXN5dprS6O4+DID5s/DiNrfDTdcr1UU+tQwID2RXhJdBYcZklUvBSr1a2uVx/AnyD+mTmzVosuPiEscJS7G0nqIEQ/ZNWDCWsVyce7IlSKaPCroMs3ksh8WTYmccob/9iax8IOyCgtTCL1ewERr1XV7Cc5v+D1k2LnQnTuFIhY6QV8CsBdj/JjMS+Xpyey4RsrksjAS/jm+lCiDKgXLNiUeOo03i/DlffwVyQWiQx6bZLKXGHXB5u7JcRVcpKwbes2p+Y/WjyU2s9/0ijWaSmpQVYN/nw29vbQUTseLVWPN4eaf3cQwe14eB1CQcv0nw==&u=U2FsdGVkX1/SyW5JJJHShY8UCfu4xdBFcQTi4MA8cdw=&y=U2FsdGVkX18Hi8YAR1IY8IZEE+cz7eRDp0OBO6HuAx8a64xxk3oJb7i2D0xpGpiU HTTP/1.1" 200 196
190.69.62.178 - - [30/Mar/2022:06:55:48 -0500] "GET /kwssiamovil/sm/cjson/pre?f=1&x=U2FsdGVkX19vETijAPnQ9qD30Mdhl2TBKh26GPFWjgVcxQ9t4IuCaFE+HSm3VelM HTTP/1.1" 200 30975
200.118.64.109 - - [30/Mar/2022:06:56:01 -0500] "POST /forms/lservlet;jsessionid=ac16012b30d654133aeea6f94312a860bb4af8a4ac6b.e3iSbxaKaheRe34Sc38RahyRchr0n6jAmljGr5XDqQLvpAe HTTP/1.1" 200 2
172.22.2.4 - - [30/Mar/2022:06:56:01 -0500] "GET /BLA/boletinlegal/actos.php HTTP/1.1" 200 9555
172.22.2.4 - - [30/Mar/2022:06:56:14 -0500] "GET /BLA/boletinlegal/consulta_actos.php?tipo=resoluciones&no=2385&usuario=&sector=&fecha=2021&resuelve= HTTP/1.1" 200 1214
186.102.27.124 - - [30/Mar/2022:06:56:35 -0500] "GET /kwssiamovil/sm/ldap/au?x=U2FsdGVkX1/jiLPplwMn8prsC9onSpYJzejObd6S4dzGC62lDcBGfLf+tFD0XWfB&y=U2FsdGVkX1+yheob/dDe6xbbZzae/609/fvCVDp6Uat+pjiTXK9vl68P+SWYxZsY HTTP/1.1" 200 30
186.102.27.124 - - [30/Mar/2022:06:56:36 -0500] "GET /kwssiamovil/sm/acme/s?s=U2FsdGVkX1++9+92Mc8gdHLE2hRBrQd9LJ/pWIAtedPDp6YSLCkdB3OB1Zx7sYixHquSUE9ZrhLlLAJNXhEISlaZflBwHIfKCOT3tniRb3k=&u=U2FsdGVkX1/uYvLnUVQ55QOZuKXyy8Qeom4QjBhmDvPeeGy++/9PmZUMmpltlmtR&y=U2FsdGVkX1+yheob/dDe6xbbZzae/609/fvCVDp6Uat+pjiTXK9vl68P+SWYxZsY HTTP/1.1" 200 97
186.102.27.124 - - [30/Mar/2022:06:56:36 -0500] "GET /kwssiamovil/sm/acme/s?s=U2FsdGVkX1/KDCWTpe/FurU2tGiuyYxLmiuC02RUDfQXz5xmZglGCuTwnLvtyHiOGti7fvBHH896XAKXpIZryTKiqh8aOmP/vPoo5y2MZIEm+XUNIGCs9cIjq2Nt64QRCtfAyDYu8QiJcCG+ZB+AOqdRnChYp3yyLYtFMZ8wk9gSrNdmElf8KujUkBH/a46aiZ/mgc9iyBfSfUTKlNglV6JQCtdHyI+qh8KqjWMvfjw+/8o3TbmPKkcsG9ovd/D90VtgPr0CDtHESJqWV9j9uVvpLdf5HV7QOgLCZKx+mzD05y48S0ruqwhqXaUW+fwBZHl2+s6fSlos3U28xdMxFC1UW926V4g8iOcft3XB6lNlMDxUIOXbLNllHc1zbG+PEKYyL1epgx13Pfyoixmg40Gk3Z/S+3xAQGIST+JvnHAgCR9JM3mG6cg62ZHdotCGRXFdcPLCOYg2n/4tCfPkMeR5qsjfGzVlNLBY/tQeKnfGOw1gHcuPIAREou6ThHoKPtxb+sEIznjn/kHjhjl7I88MUcn0PeNUoUHdXeO+/QcdQz2ZpnOdIPQnVt4bx1EJBox9K825NrSnx/nUm0EeX9djsfsaJsXL4cRnswWS5YH3Miwl/cide1N/AaE5jyoeEdg9ZzI3eW2TI334r+HwAQk9ctWDJj2XM9Ttav3MvKYTXCsaP1DPdwkj7j1SmD6Yv4zSrNXT2YWX2VAGU9l4bOyEV+dvKHu+htA9VizC4nMPfBxfW3603UEOmn1NTG2Wy213BpEJG4DAAo2aJ/TxnOaSe1hwZP6bBhcMLKX1jGUdYntV5amNrzJytHXxnqbc9FQz7pkLYOwtY4IYZmkJuiPtoHPKo4C8uRdK97OCf7b/tcKhTkIVYV2z33HHCFPkYDQ3o5USM1BhkAjr5kN9+WkVz2+SFsB95ZG7RtyMN7uZXqqtqn8HkHEyPKZ+9cmhOPormkEZqz5FsLZUwpxvPLO1GKjOi0Rozuan45jv3d7HzJSyzEyS60hm14/KGpuAAgq9k2hDYwRFORgtMbpnNi2XslXR+rW6slWIAPzHzzADxKp2FO2Cc9ND33DG92P2R2DFRLXBVcY0ZEYVf+8e52DvLIR8EqXd5IzbAi4HdS8=&u=U2FsdGVkX1/uYvLnUVQ55QOZuKXyy8Qeom4QjBhmDvPeeGy++/9PmZUMmpltlmtR&y=U2FsdGVkX1+yheob/dDe6xbbZzae/609/fvCVDp6Uat+pjiTXK9vl68P+SWYxZsY HTTP/1.1" 200 5631
186.102.27.124 - - [30/Mar/2022:06:56:36 -0500] "GET /kwssiamovil/sm/acme/s?s=U2FsdGVkX19X7xyVmVkQaV3hwouCcGoA9P5Z7jqoYw2jlUZG8/fz/pxk3ZnvXlwv&u=U2FsdGVkX1/uYvLnUVQ55QOZuKXyy8Qeom4QjBhmDvPeeGy++/9PmZUMmpltlmtR&y=U2FsdGVkX1+yheob/dDe6xbbZzae/609/fvCVDp6Uat+pjiTXK9vl68P+SWYxZsY HTTP/1.1" 200 70
186.102.27.124 - - [30/Mar/2022:06:56:36 -0500] "GET /kwssiamovil/sm/acme/s?s=U2FsdGVkX1987pPPqlR0HYNYAcUY64k30CddadIITnghzfUu21MPTWFYJT4W5n8z&u=U2FsdGVkX1/uYvLnUVQ55QOZuKXyy8Qeom4QjBhmDvPeeGy++/9PmZUMmpltlmtR&y=U2FsdGVkX1+yheob/dDe6xbbZzae/609/fvCVDp6Uat+pjiTXK9vl68P+SWYxZsY HTTP/1.1" 200 70
186.102.27.124 - - [30/Mar/2022:06:56:36 -0500] "GET /kwssiamovil/sm/acme/s?s=U2FsdGVkX185uTNGMUGrBhiSxLkKMM8DbBXcluscKszHN30Kyh62OfCxwT3sF2Tr&u=U2FsdGVkX1/uYvLnUVQ55QOZuKXyy8Qeom4QjBhmDvPeeGy++/9PmZUMmpltlmtR&y=U2FsdGVkX1+yheob/dDe6xbbZzae/609/fvCVDp6Uat+pjiTXK9vl68P+SWYxZsY HTTP/1.1" 200 70
186.102.27.124 - - [30/Mar/2022:06:56:36 -0500] "GET /kwssiamovil/sm/acme/s?s=U2FsdGVkX1/8YlRvrc5e0bEVrNLlv4B6VPcynWCYz0ecjxPcqBv3h872st5LFrdF&u=U2FsdGVkX1/uYvLnUVQ55QOZuKXyy8Qeom4QjBhmDvPeeGy++/9PmZUMmpltlmtR&y=U2FsdGVkX1+yheob/dDe6xbbZzae/609/fvCVDp6Uat+pjiTXK9vl68P+SWYxZsY HTTP/1.1" 200 70
186.102.27.124 - - [30/Mar/2022:06:56:36 -0500] "GET /kwssiamovil/sm/acme/s?s=U2FsdGVkX1/wMwv52GPFPwCxD3+UjIm2goRGsMU4IpD70HCcz2n3SIbnhWF4L1kO&u=U2FsdGVkX1/uYvLnUVQ55QOZuKXyy8Qeom4QjBhmDvPeeGy++/9PmZUMmpltlmtR&y=U2FsdGVkX1+yheob/dDe6xbbZzae/609/fvCVDp6Uat+pjiTXK9vl68P+SWYxZsY HTTP/1.1" 200 70
186.102.27.124 - - [30/Mar/2022:06:56:36 -0500] "GET /kwssiamovil/sm/acme/s?s=U2FsdGVkX183arp+Zledph1jNzNd2XRewm/FpLDkPwPzQSPX1NmuRaKtwXRD6fbO&u=U2FsdGVkX1/uYvLnUVQ55QOZuKXyy8Qeom4QjBhmDvPeeGy++/9PmZUMmpltlmtR&y=U2FsdGVkX1+yheob/dDe6xbbZzae/609/fvCVDp6Uat+pjiTXK9vl68P+SWYxZsY HTTP/1.1" 200 70
186.102.27.124 - - [30/Mar/2022:06:56:36 -0500] "GET /kwssiamovil/sm/acme/s?s=U2FsdGVkX1+SZs+kGTbQVPdiH5+PsiJRNBPkcMwleSQCRif65TcVtw8uTzYnZAYs&u=U2FsdGVkX1/uYvLnUVQ55QOZuKXyy8Qeom4QjBhmDvPeeGy++/9PmZUMmpltlmtR&y=U2FsdGVkX1+yheob/dDe6xbbZzae/609/fvCVDp6Uat+pjiTXK9vl68P+SWYxZsY HTTP/1.1" 200 70
186.102.27.124 - - [30/Mar/2022:06:56:37 -0500] "GET /kwssiamovil/sm/acme/s?s=U2FsdGVkX19y6bzmszO0Ir96ZWi6yljK0SRjPrVtqnncYBrIC74d+0Zin2AqiVCx&u=U2FsdGVkX1/uYvLnUVQ55QOZuKXyy8Qeom4QjBhmDvPeeGy++/9PmZUMmpltlmtR&y=U2FsdGVkX1+yheob/dDe6xbbZzae/609/fvCVDp6Uat+pjiTXK9vl68P+SWYxZsY HTTP/1.1" 200 70
186.102.27.124 - - [30/Mar/2022:06:56:37 -0500] "GET /kwssiamovil/sm/acme/s?s=U2FsdGVkX18YYLRlchqs6aX1n3FM5PHxYdHWTw5Seed4hgTf4vkAxkNJ2pvGVfdc&u=U2FsdGVkX1/uYvLnUVQ55QOZuKXyy8Qeom4QjBhmDvPeeGy++/9PmZUMmpltlmtR&y=U2FsdGVkX1+yheob/dDe6xbbZzae/609/fvCVDp6Uat+pjiTXK9vl68P+SWYxZsY HTTP/1.1" 200 70
186.102.27.124 - - [30/Mar/2022:06:56:37 -0500] "GET /kwssiamovil/sm/acme/s?s=U2FsdGVkX1+i5Oler58llGivzOmvyO4sazuZ65OJDbB0IllT19uY/GySWGg6wdF3&u=U2FsdGVkX1/uYvLnUVQ55QOZuKXyy8Qeom4QjBhmDvPeeGy++/9PmZUMmpltlmtR&y=U2FsdGVkX1+yheob/dDe6xbbZzae/609/fvCVDp6Uat+pjiTXK9vl68P+SWYxZsY HTTP/1.1" 200 70
186.102.27.124 - - [30/Mar/2022:06:56:37 -0500] "GET /kwssiamovil/sm/acme/s?s=U2FsdGVkX18CtxXDmF/QJGwMy0JQkky+mW80zbDfD85fA4xLXVmIWcsiNT6Hrz6I&u=U2FsdGVkX1/uYvLnUVQ55QOZuKXyy8Qeom4QjBhmDvPeeGy++/9PmZUMmpltlmtR&y=U2FsdGVkX1+yheob/dDe6xbbZzae/609/fvCVDp6Uat+pjiTXK9vl68P+SWYxZsY HTTP/1.1" 200 70
186.102.27.124 - - [30/Mar/2022:06:56:37 -0500] "GET /kwssiamovil/sm/acme/s?s=U2FsdGVkX18jKQ8rMd1GDfHZd7zdcxKSpwKbzxzngxCVTNGsEcpzYOdF7DWRNW8o&u=U2FsdGVkX1/uYvLnUVQ55QOZuKXyy8Qeom4QjBhmDvPeeGy++/9PmZUMmpltlmtR&y=U2FsdGVkX1+yheob/dDe6xbbZzae/609/fvCVDp6Uat+pjiTXK9vl68P+SWYxZsY HTTP/1.1" 200 70
186.102.27.124 - - [30/Mar/2022:06:56:37 -0500] "GET /kwssiamovil/sm/acme/s?s=U2FsdGVkX1+4/V0cFogFqZmj89tJSRf3ax/7wt/9j9nYkyIeLNuQ6bBZov2/X3kj&u=U2FsdGVkX1/uYvLnUVQ55QOZuKXyy8Qeom4QjBhmDvPeeGy++/9PmZUMmpltlmtR&y=U2FsdGVkX1+yheob/dDe6xbbZzae/609/fvCVDp6Uat+pjiTXK9vl68P+SWYxZsY HTTP/1.1" 200 70
186.102.27.124 - - [30/Mar/2022:06:56:37 -0500] "GET /kwssiamovil/sm/acme/s?s=U2FsdGVkX1/USDX77n7lJ6YVpA50kXSZRGeuXR/WtWTHA/khFkPxstBK+Wybaj93&u=U2FsdGVkX1/uYvLnUVQ55QOZuKXyy8Qeom4QjBhmDvPeeGy++/9PmZUMmpltlmtR&y=U2FsdGVkX1+yheob/dDe6xbbZzae/609/fvCVDp6Uat+pjiTXK9vl68P+SWYxZsY HTTP/1.1" 200 70
186.102.27.124 - - [30/Mar/2022:06:56:37 -0500] "GET /kwssiamovil/sm/acme/s?s=U2FsdGVkX183RH0kkV58EOZqZ61ZeO1pbwDOWcm6Wy2CRCznkeN8lwO01rNoTGWi&u=U2FsdGVkX1/uYvLnUVQ55QOZuKXyy8Qeom4QjBhmDvPeeGy++/9PmZUMmpltlmtR&y=U2FsdGVkX1+yheob/dDe6xbbZzae/609/fvCVDp6Uat+pjiTXK9vl68P+SWYxZsY HTTP/1.1" 200 70
186.102.27.124 - - [30/Mar/2022:06:56:37 -0500] "GET /kwssiamovil/sm/acme/s?s=U2FsdGVkX1/ieJhSdulI868xLA9ruS/0oj276moRl811DIIpNEf5WmPKKq3IAct0&u=U2FsdGVkX1/uYvLnUVQ55QOZuKXyy8Qeom4QjBhmDvPeeGy++/9PmZUMmpltlmtR&y=U2FsdGVkX1+yheob/dDe6xbbZzae/609/fvCVDp6Uat+pjiTXK9vl68P+SWYxZsY HTTP/1.1" 200 70
186.102.27.124 - - [30/Mar/2022:06:56:37 -0500] "GET /kwssiamovil/sm/acme/s?s=U2FsdGVkX18Bm0rkmgHxx6w1wukJI/S06b3LDBI9cggYh52NAyk9AxctZ3FZlnaU&u=U2FsdGVkX1/uYvLnUVQ55QOZuKXyy8Qeom4QjBhmDvPeeGy++/9PmZUMmpltlmtR&y=U2FsdGVkX1+yheob/dDe6xbbZzae/609/fvCVDp6Uat+pjiTXK9vl68P+SWYxZsY HTTP/1.1" 200 70
186.102.27.124 - - [30/Mar/2022:06:56:37 -0500] "GET /kwssiamovil/sm/acme/s?s=U2FsdGVkX19MvkgCFkwEdA6ezyEbwGJTj4TWPG1pIedjj93lUJldQDc4Zi1zJYT3&u=U2FsdGVkX1/uYvLnUVQ55QOZuKXyy8Qeom4QjBhmDvPeeGy++/9PmZUMmpltlmtR&y=U2FsdGVkX1+yheob/dDe6xbbZzae/609/fvCVDp6Uat+pjiTXK9vl68P+SWYxZsY HTTP/1.1" 200 70
186.102.27.124 - - [30/Mar/2022:06:56:37 -0500] "GET /kwssiamovil/sm/acme/s?s=U2FsdGVkX1+Gb0uQ0k7lmaLB9AYFXB9VtROjz9B2dqMpYjKAQUjMGcebPNBFLvh/&u=U2FsdGVkX1/uYvLnUVQ55QOZuKXyy8Qeom4QjBhmDvPeeGy++/9PmZUMmpltlmtR&y=U2FsdGVkX1+yheob/dDe6xbbZzae/609/fvCVDp6Uat+pjiTXK9vl68P+SWYxZsY HTTP/1.1" 200 70
186.102.27.124 - - [30/Mar/2022:06:56:38 -0500] "GET /kwssiamovil/sm/acme/s?s=U2FsdGVkX1/8ZQXRVzd53zEAEoUH0JbZ24+BzjuHosCsodp56G1C4PXgkLDuEzM+Nw5N5fF7JZzYx4FnZq4oEwSEjNl1PqYAGTcHnTQUIt4PK2OaUd8CK0MNIisteUe3l1jQGwQ+YtfiqcQSHL86JxmJUl6fVmkaRCgKk3oKXEhJKeswjXF+jalyeDrmq3JGNt+iNcdwH2Ac+ID5b5XEjq/ppibITlPkYGdZRlfv2HF32h9RQysxY4X2xSx2OlxWtdchYHR0Qqrv8VApY9TakbeEW9+mIKvXgCXjJmIW/X+TS3pWBoQ39NfWen0gVacl0HDJ5DruMws0Zg0dkYDjsvqaEMlM28dAisTVUJ4ZBww=&u=U2FsdGVkX1/uYvLnUVQ55QOZuKXyy8Qeom4QjBhmDvPeeGy++/9PmZUMmpltlmtR&y=U2FsdGVkX1+yheob/dDe6xbbZzae/609/fvCVDp6Uat+pjiTXK9vl68P+SWYxZsY HTTP/1.1" 200 196
186.102.27.124 - - [30/Mar/2022:06:56:38 -0500] "GET /kwssiamovil/sm/ldap/au?x=U2FsdGVkX1+k+mex2mmBpzz0kafw6z22A8vKalLIfd2/I3y8vjG09Pj9DKidYkWw&y=U2FsdGVkX18w5kps4uWucedT0Mqjqm6jPcCIVfkYPi7kjaRAKrG+Ed+oe6Dww0Vy HTTP/1.1" 200 30
186.102.27.124 - - [30/Mar/2022:06:56:38 -0500] "GET /kwssiamovil/sm/acme/s?s=U2FsdGVkX1/xXHu6ds2vUvR2SaHYfaXrbbAFVcYMlcRzZZj2MSMzYwmjqOJmDyxN19EK+hdezLURQhnFKM5IQf11j4oBmDtLkgS7ttGUfvw=&u=U2FsdGVkX1/mUVCMfwRZ8TUdLhH1wA/FIjY3/Qc3XclkF4c3RyFJJpeMaGw/4nAl&y=U2FsdGVkX18w5kps4uWucedT0Mqjqm6jPcCIVfkYPi7kjaRAKrG+Ed+oe6Dww0Vy HTTP/1.1" 200 97
186.102.27.124 - - [30/Mar/2022:06:56:38 -0500] "GET /kwssiamovil/sm/acme/s?s=U2FsdGVkX182eJ7m+IgUED2EdeBXS2d42x7PyXgSmebQ5RmK2FkoCxSwUp2pdcbOJlKCl9N8VBfwZTVctG1VdlEYV2tkeHdun5ekFX4Z+avH0HFnxM+XFqc59qZ/br4NltP2orn1KUge0x+TpjQr2+RLn/BJKrGw0s+R5CRJD4z6PhHmGUW8U1WpRID3PsN8qIogur0IOHEwMfa0aRctqKz7mYNN1kNc2CMAEQ3hPH8RNgR4KCtljGzzgXJf272TAcNLvOXgQbEtHU+FJ/rTU+V0ljyuxvhbci1TNswCPD5JDbhbo/UFrCfyM/UG7vCD7oElmawDbQm59bbN4Q7Y5FYr4N5QgYrh2qwGsATPvcqlrUtquswgyMutib3747dhzsCCXrTsDXJbJqx8el1FdQBZ74W4B6Cf9pxWafRgFzDsJXVlUlwDxLbqs8extiJ/BlR36VWVDwyCQNmFmlSQ+wmKDb3PSwV72eOK7AKPm+E3Np2GniRetUMjpjkvLTEan4VBHRoX8GJsb2wjtlrxbgBks5iw93p4bgN9BKc1kORsWaAqaFMWAReVFym5LpeSUecs9+/qLTZAtRJyhIzpYS4qxueUrvRsQZjL4TT+S7wJgykeDLGxT+SZGHn5jccxGCaAmpKrJ3aj/k49UpoVqmciz4OwCpf8hHPnyjJLY84gxe3yQdRiSrLYJ/dRQQfmn3R6E63YzV935Czb3cup48C2gNTBmLmCU0fh/4YONJGA8DSr8Xw3s/yW2hKq+PdHcANFEilrAH87KvqIjT5FtmWl/4BNuAxhd2KAwuobNyEoiXRcKsiV2NldSkutNVnhYNulWFyzcKP4uAsnH0LNOIYwf8pOWbkfneyH/7ksyfR4U6nzdsWOTt4LiNw8fsLwDPtoYxvk9e/hnMaHvqfTdl5OmhFyqQEIZc9cnNc8yiZfspUmOcfI7H2INkxISEaIpNiGyxDkWNRZYer9OghN8Gl9I7aEnlLN3xeo0Lkfc/mFsMiP/eZ2OGfixsN/Ve2OWfnGRHAJIhKAPnEChm2NdDWfxGaHxNJ6KOI18KZzX+awxlHersGUf5Fze8gDQvNFVhanjPdePhb1VRS8KZsC7z31ynCb7eUoshQGKNvrPrM=&u=U2FsdGVkX1/mUVCMfwRZ8TUdLhH1wA/FIjY3/Qc3XclkF4c3RyFJJpeMaGw/4nAl&y=U2FsdGVkX18w5kps4uWucedT0Mqjqm6jPcCIVfkYPi7kjaRAKrG+Ed+oe6Dww0Vy HTTP/1.1" 200 5631
186.102.27.124 - - [30/Mar/2022:06:56:38 -0500] "GET /kwssiamovil/sm/acme/s?s=U2FsdGVkX18wMOho0qULl9eR6KJHlHxIXR5u8U6EK81LeY3cDOltLVAzXfd1+lUR&u=U2FsdGVkX1/mUVCMfwRZ8TUdLhH1wA/FIjY3/Qc3XclkF4c3RyFJJpeMaGw/4nAl&y=U2FsdGVkX18w5kps4uWucedT0Mqjqm6jPcCIVfkYPi7kjaRAKrG+Ed+oe6Dww0Vy HTTP/1.1" 200 70
186.102.27.124 - - [30/Mar/2022:06:56:38 -0500] "GET /kwssiamovil/sm/acme/s?s=U2FsdGVkX1906qaXgVx42pLFqCzqvATesGFP3bwmXl0j/CgABXxwgijrJPp834dD&u=U2FsdGVkX1/mUVCMfwRZ8TUdLhH1wA/FIjY3/Qc3XclkF4c3RyFJJpeMaGw/4nAl&y=U2FsdGVkX18w5kps4uWucedT0Mqjqm6jPcCIVfkYPi7kjaRAKrG+Ed+oe6Dww0Vy HTTP/1.1" 200 70
186.102.27.124 - - [30/Mar/2022:06:56:38 -0500] "GET /kwssiamovil/sm/acme/s?s=U2FsdGVkX1+tyRoCEVgIh5R5u0lyEBgRr2nMySS8640L4vyBsF8LNVT/i06sU4GL&u=U2FsdGVkX1/mUVCMfwRZ8TUdLhH1wA/FIjY3/Qc3XclkF4c3RyFJJpeMaGw/4nAl&y=U2FsdGVkX18w5kps4uWucedT0Mqjqm6jPcCIVfkYPi7kjaRAKrG+Ed+oe6Dww0Vy HTTP/1.1" 200 70
186.102.27.124 - - [30/Mar/2022:06:56:38 -0500] "GET /kwssiamovil/sm/cjson/pre?f=1&x=U2FsdGVkX1/jiLPplwMn8prsC9onSpYJzejObd6S4dzGC62lDcBGfLf+tFD0XWfB HTTP/1.1" 200 30975
186.102.27.124 - - [30/Mar/2022:06:56:38 -0500] "GET /kwssiamovil/sm/acme/s?s=U2FsdGVkX18QlAMkRM0NfKrp7kOiJuVzaIITR/7LnLwsvx2DOnxskPgcDgc+40v/&u=U2FsdGVkX1/mUVCMfwRZ8TUdLhH1wA/FIjY3/Qc3XclkF4c3RyFJJpeMaGw/4nAl&y=U2FsdGVkX18w5kps4uWucedT0Mqjqm6jPcCIVfkYPi7kjaRAKrG+Ed+oe6Dww0Vy HTTP/1.1" 200 70
186.102.27.124 - - [30/Mar/2022:06:56:38 -0500] "GET /kwssiamovil/sm/acme/s?s=U2FsdGVkX18Eb86P8JbHk4CCglsMruELF1P0RkNTSH8xAS+hKCPLmDJ7VCJfIztO&u=U2FsdGVkX1/mUVCMfwRZ8TUdLhH1wA/FIjY3/Qc3XclkF4c3RyFJJpeMaGw/4nAl&y=U2FsdGVkX18w5kps4uWucedT0Mqjqm6jPcCIVfkYPi7kjaRAKrG+Ed+oe6Dww0Vy HTTP/1.1" 200 70
186.102.27.124 - - [30/Mar/2022:06:56:38 -0500] "GET /kwssiamovil/sm/acme/s?s=U2FsdGVkX19nZ+oy9H+p15VpIBIcqYhRxNq9EENnppOzDCm3c8999ZDKOZx7vg7J&u=U2FsdGVkX1/mUVCMfwRZ8TUdLhH1wA/FIjY3/Qc3XclkF4c3RyFJJpeMaGw/4nAl&y=U2FsdGVkX18w5kps4uWucedT0Mqjqm6jPcCIVfkYPi7kjaRAKrG+Ed+oe6Dww0Vy HTTP/1.1" 200 70
186.102.27.124 - - [30/Mar/2022:06:56:39 -0500] "GET /kwssiamovil/sm/acme/s?s=U2FsdGVkX1/5Sgj34sTTxpm60cNuB0qSuAuN/95mnRKwi90/27SDU2fzkADDVJ97&u=U2FsdGVkX1/mUVCMfwRZ8TUdLhH1wA/FIjY3/Qc3XclkF4c3RyFJJpeMaGw/4nAl&y=U2FsdGVkX18w5kps4uWucedT0Mqjqm6jPcCIVfkYPi7kjaRAKrG+Ed+oe6Dww0Vy HTTP/1.1" 200 70
186.102.27.124 - - [30/Mar/2022:06:56:39 -0500] "GET /kwssiamovil/sm/acme/s?s=U2FsdGVkX19VbToSIxZYJ+291YKJzr0eOcr1WhZ4feR+eRFyaBerGXGVrQ3Cawcu&u=U2FsdGVkX1/mUVCMfwRZ8TUdLhH1wA/FIjY3/Qc3XclkF4c3RyFJJpeMaGw/4nAl&y=U2FsdGVkX18w5kps4uWucedT0Mqjqm6jPcCIVfkYPi7kjaRAKrG+Ed+oe6Dww0Vy HTTP/1.1" 200 70
186.102.27.124 - - [30/Mar/2022:06:56:39 -0500] "GET /kwssiamovil/sm/acme/s?s=U2FsdGVkX18r790LjKZ4aiExnvi0P2qmPzZ2xtEOPkTvyiMAg/CQBkwcfeoTfdL3&u=U2FsdGVkX1/mUVCMfwRZ8TUdLhH1wA/FIjY3/Qc3XclkF4c3RyFJJpeMaGw/4nAl&y=U2FsdGVkX18w5kps4uWucedT0Mqjqm6jPcCIVfkYPi7kjaRAKrG+Ed+oe6Dww0Vy HTTP/1.1" 200 70
186.102.27.124 - - [30/Mar/2022:06:56:39 -0500] "GET /kwssiamovil/sm/acme/s?s=U2FsdGVkX19dq4VUlckgRzKeIEX7UW/WOgpan4eLz4y6wujsBGV01/u8nSR0ebEb&u=U2FsdGVkX1/mUVCMfwRZ8TUdLhH1wA/FIjY3/Qc3XclkF4c3RyFJJpeMaGw/4nAl&y=U2FsdGVkX18w5kps4uWucedT0Mqjqm6jPcCIVfkYPi7kjaRAKrG+Ed+oe6Dww0Vy HTTP/1.1" 200 70
186.102.27.124 - - [30/Mar/2022:06:56:39 -0500] "GET /kwssiamovil/sm/acme/s?s=U2FsdGVkX18BKoX0CCuVvs2yiI2CdPgum+eSwuFf7vgRK2FtdGD5vb65refx7ZkL&u=U2FsdGVkX1/mUVCMfwRZ8TUdLhH1wA/FIjY3/Qc3XclkF4c3RyFJJpeMaGw/4nAl&y=U2FsdGVkX18w5kps4uWucedT0Mqjqm6jPcCIVfkYPi7kjaRAKrG+Ed+oe6Dww0Vy HTTP/1.1" 200 70
172.22.2.4 - - [30/Mar/2022:06:55:59 -0500] "GET /BLA/boletinlegal/ HTTP/1.1" 200 24523
186.102.27.124 - - [30/Mar/2022:06:56:39 -0500] "GET /kwssiamovil/sm/acme/s?s=U2FsdGVkX18HKdctkbGUXOnu9OgurlZMLyGU5XP/7s0RrxZzJp26cfQGXt+P9vOL&u=U2FsdGVkX1/mUVCMfwRZ8TUdLhH1wA/FIjY3/Qc3XclkF4c3RyFJJpeMaGw/4nAl&y=U2FsdGVkX18w5kps4uWucedT0Mqjqm6jPcCIVfkYPi7kjaRAKrG+Ed+oe6Dww0Vy HTTP/1.1" 200 70
186.102.27.124 - - [30/Mar/2022:06:56:39 -0500] "GET /kwssiamovil/sm/acme/s?s=U2FsdGVkX1/SUXPxHWdRNI+GY+OkiRWCrhZU3HdcR92nbEwRuFKO0Ug5rMOFMgAi&u=U2FsdGVkX1/mUVCMfwRZ8TUdLhH1wA/FIjY3/Qc3XclkF4c3RyFJJpeMaGw/4nAl&y=U2FsdGVkX18w5kps4uWucedT0Mqjqm6jPcCIVfkYPi7kjaRAKrG+Ed+oe6Dww0Vy HTTP/1.1" 200 70
186.102.27.124 - - [30/Mar/2022:06:56:40 -0500] "GET /kwssiamovil/sm/acme/s?s=U2FsdGVkX1/DTHjUrksIUYReGekTy+r9elCkugI3pRxEjgrGUanYw0BpnYeJv9H9&u=U2FsdGVkX1/mUVCMfwRZ8TUdLhH1wA/FIjY3/Qc3XclkF4c3RyFJJpeMaGw/4nAl&y=U2FsdGVkX18w5kps4uWucedT0Mqjqm6jPcCIVfkYPi7kjaRAKrG+Ed+oe6Dww0Vy HTTP/1.1" 200 70
186.102.27.124 - - [30/Mar/2022:06:56:40 -0500] "GET /kwssiamovil/sm/acme/s?s=U2FsdGVkX194rtgmNAyC/AJjUJbGaiEZUu7BGse2HHQlFaqoNCJ0fawJQgRmdtOf&u=U2FsdGVkX1/mUVCMfwRZ8TUdLhH1wA/FIjY3/Qc3XclkF4c3RyFJJpeMaGw/4nAl&y=U2FsdGVkX18w5kps4uWucedT0Mqjqm6jPcCIVfkYPi7kjaRAKrG+Ed+oe6Dww0Vy HTTP/1.1" 200 70
186.102.27.124 - - [30/Mar/2022:06:56:40 -0500] "GET /kwssiamovil/sm/acme/s?s=U2FsdGVkX1+sYk+9x0RZFAgeQNUTICaZQ8CSRNaC8Hv5v3MeirFLHipFD72Oylnx&u=U2FsdGVkX1/mUVCMfwRZ8TUdLhH1wA/FIjY3/Qc3XclkF4c3RyFJJpeMaGw/4nAl&y=U2FsdGVkX18w5kps4uWucedT0Mqjqm6jPcCIVfkYPi7kjaRAKrG+Ed+oe6Dww0Vy HTTP/1.1" 200 70
186.102.27.124 - - [30/Mar/2022:06:56:40 -0500] "GET /kwssiamovil/sm/acme/s?s=U2FsdGVkX1+EwD8Vss4Go2aHAqJmqA53mvo45bdU/ZGHoeEH02OghR4wY6aY/+v7&u=U2FsdGVkX1/mUVCMfwRZ8TUdLhH1wA/FIjY3/Qc3XclkF4c3RyFJJpeMaGw/4nAl&y=U2FsdGVkX18w5kps4uWucedT0Mqjqm6jPcCIVfkYPi7kjaRAKrG+Ed+oe6Dww0Vy HTTP/1.1" 200 70
186.102.27.124 - - [30/Mar/2022:06:56:40 -0500] "GET /kwssiamovil/sm/acme/s?s=U2FsdGVkX19ki0Nr2kto3Tpgj2ZKuSccFT3eTyGdJXVDFvCElkS6v6+6IsOOHstH&u=U2FsdGVkX1/mUVCMfwRZ8TUdLhH1wA/FIjY3/Qc3XclkF4c3RyFJJpeMaGw/4nAl&y=U2FsdGVkX18w5kps4uWucedT0Mqjqm6jPcCIVfkYPi7kjaRAKrG+Ed+oe6Dww0Vy HTTP/1.1" 200 70
186.102.27.124 - - [30/Mar/2022:06:56:40 -0500] "GET /kwssiamovil/sm/acme/s?s=U2FsdGVkX1+ThOXXfNMyNNQTqT+/WvkyLyunQUe0ixvv0R//LNBCOR9LUpmWygQM&u=U2FsdGVkX1/mUVCMfwRZ8TUdLhH1wA/FIjY3/Qc3XclkF4c3RyFJJpeMaGw/4nAl&y=U2FsdGVkX18w5kps4uWucedT0Mqjqm6jPcCIVfkYPi7kjaRAKrG+Ed+oe6Dww0Vy HTTP/1.1" 200 70
186.102.27.124 - - [30/Mar/2022:06:56:40 -0500] "GET /kwssiamovil/sm/acme/s?s=U2FsdGVkX18chmwthf+AB+f84KBBQDu/yppDQFfNxq3NNsZir+I76/Dtaz6vrnbq5+ALJigzb4cJvd05X3vPD+baWStYqm74fO0Kt7rI8SFzLrzxlHu3/YISM10LFG3cDZ755BiZB4UjZ82+9uR+sPh3tHEADW91QIeIWVBB0xBArnScXYgF7KQ4PXXvecAW12tXq1qOaiVoLtHg3F1BxcYn9h8e1b2WIDBHAY1tdolzgv0LYtOo+E1YpkrrjE1fB2ewBB05ADh/LNta842GyMqwE3r8MpSsgTErf3rXedEvSpKB1Zm+DBDh05jO3xtHjoUn3SXFaIgdMKTR5kke8M+BmUgivlOxt95a3720Dcw=&u=U2FsdGVkX1/mUVCMfwRZ8TUdLhH1wA/FIjY3/Qc3XclkF4c3RyFJJpeMaGw/4nAl&y=U2FsdGVkX18w5kps4uWucedT0Mqjqm6jPcCIVfkYPi7kjaRAKrG+Ed+oe6Dww0Vy HTTP/1.1" 200 196
186.102.27.124 - - [30/Mar/2022:06:56:40 -0500] "GET /kwssiamovil/sm/cjson/pre?f=1&x=U2FsdGVkX1+k+mex2mmBpzz0kafw6z22A8vKalLIfd2/I3y8vjG09Pj9DKidYkWw HTTP/1.1" 200 30975
181.237.42.244 - - [30/Mar/2022:06:56:55 -0500] "GET /documents/10184/2325415/pieza-concurso-buenas-practicas-20-septiembre.jpg HTTP/1.1" 404 1132
172.22.2.4 - - [30/Mar/2022:06:55:59 -0500] "HEAD /BLA/boletinlegal/ HTTP/1.1" 200 -
172.22.2.4 - - [30/Mar/2022:06:57:42 -0500] "GET /BLA/boletinlegal/consulta_actos.php?tipo=resoluciones&no=2389&usuario=&sector=&fecha=2021&resuelve= HTTP/1.1" 200 626
172.22.2.4 - - [30/Mar/2022:06:57:44 -0500] "GET /BLA/boletinlegal/consulta_actos.php?tipo=resoluciones&no=2389&usuario=&sector=&fecha=2021&resuelve= HTTP/1.1" 200 626
172.22.2.4 - - [30/Mar/2022:06:57:49 -0500] "GET /BLA/boletinlegal/consulta_actos.php?tipo=resoluciones&no=2398&usuario=&sector=&fecha=2021&resuelve= HTTP/1.1" 200 1171
200.118.64.109 - - [30/Mar/2022:06:58:01 -0500] "POST /forms/lservlet;jsessionid=ac16012b30d654133aeea6f94312a860bb4af8a4ac6b.e3iSbxaKaheRe34Sc38RahyRchr0n6jAmljGr5XDqQLvpAe HTTP/1.1" 200 2
172.22.2.4 - - [30/Mar/2022:06:58:20 -0500] "GET /BLA/boletinlegal/consulta_actos.php?tipo=resoluciones&no=2403&usuario=&sector=&fecha=2021&resuelve= HTTP/1.1" 200 1172
172.22.2.4 - - [30/Mar/2022:06:56:49 -0500] "GET /BLA/boletinlegal/ HTTP/1.1" 200 53344
172.22.2.4 - - [30/Mar/2022:06:58:48 -0500] "GET /BLA/boletinlegal/consulta_actos.php?tipo=resoluciones&no=2404&usuario=&sector=&fecha=2021&resuelve= HTTP/1.1" 200 1187
172.22.2.4 - - [30/Mar/2022:06:59:17 -0500] "GET /BLA/boletinlegal/consulta_actos.php?tipo=resoluciones&no=2406&usuario=&sector=&fecha=2021&resuelve= HTTP/1.1" 200 1191
216.245.221.92 - - [30/Mar/2022:07:00:00 -0500] "HEAD / HTTP/1.1" 200 -
200.118.64.109 - - [30/Mar/2022:07:00:01 -0500] "POST /forms/lservlet;jsessionid=ac16012b30d654133aeea6f94312a860bb4af8a4ac6b.e3iSbxaKaheRe34Sc38RahyRchr0n6jAmljGr5XDqQLvpAe HTTP/1.1" 200 2
172.22.2.4 - - [30/Mar/2022:07:00:33 -0500] "GET /BLA/boletinlegal/consulta_actos.php?tipo=resoluciones&no=2407&usuario=&sector=&fecha=2021&resuelve= HTTP/1.1" 200 1190
172.22.2.4 - - [30/Mar/2022:07:01:14 -0500] "GET /BLA/boletinlegal/consulta_actos.php?tipo=resoluciones&no=2603&usuario=&sector=&fecha=2021&resuelve= HTTP/1.1" 200 1186
172.22.2.4 - - [30/Mar/2022:07:01:50 -0500] "GET /BLA/boletinlegal/consulta_actos.php?tipo=resoluciones&no=2655&usuario=&sector=&fecha=2021&resuelve= HTTP/1.1" 200 1136
200.118.64.109 - - [30/Mar/2022:07:02:01 -0500] "POST /forms/lservlet;jsessionid=ac16012b30d654133aeea6f94312a860bb4af8a4ac6b.e3iSbxaKaheRe34Sc38RahyRchr0n6jAmljGr5XDqQLvpAe HTTP/1.1" 200 2
172.22.2.4 - - [30/Mar/2022:07:02:27 -0500] "GET /BLA/boletinlegal/consulta_actos.php?tipo=resoluciones&no=3089&usuario=&sector=&fecha=2021&resuelve= HTTP/1.1" 200 1198
201.245.192.253 - - [30/Mar/2022:07:01:46 -0500] "POST /kwsrmcab/Wsrmcab HTTP/1.1" 200 109033
172.22.2.4 - - [30/Mar/2022:07:01:49 -0500] "HEAD /BLA/boletinlegal/ HTTP/1.1" 200 -
34.91.105.70 - - [30/Mar/2022:07:03:53 -0500] "GET / HTTP/1.1" 200 319
200.118.64.109 - - [30/Mar/2022:07:04:01 -0500] "POST /forms/lservlet;jsessionid=ac16012b30d654133aeea6f94312a860bb4af8a4ac6b.e3iSbxaKaheRe34Sc38RahyRchr0n6jAmljGr5XDqQLvpAe HTTP/1.1" 200 2
172.22.2.4 - - [30/Mar/2022:07:02:39 -0500] "GET /BLA/boletinlegal/ HTTP/1.1" 200 60932
216.245.221.92 - - [30/Mar/2022:07:05:00 -0500] "HEAD / HTTP/1.1" 200 -
200.118.64.109 - - [30/Mar/2022:07:06:01 -0500] "POST /forms/lservlet;jsessionid=ac16012b30d654133aeea6f94312a860bb4af8a4ac6b.e3iSbxaKaheRe34Sc38RahyRchr0n6jAmljGr5XDqQLvpAe HTTP/1.1" 200 2
190.69.62.178 - - [30/Mar/2022:07:07:24 -0500] "GET /kwssiamovil/sm/ldap/au?x=U2FsdGVkX19wew7VpmchoQYG+ql8BBRC0ZeZg9V7z6Z9ZtHwt6jv7QW7uT+FN7Eq&y=U2FsdGVkX1/gtkX3Up0TgPkq2yMly3kB/e1wwnjiicLXV1pJLAiSZFJuOHlF1Kkh HTTP/1.1" 200 30
190.69.62.178 - - [30/Mar/2022:07:07:24 -0500] "GET /kwssiamovil/sm/acme/s?s=U2FsdGVkX18jWd+ZMckmKK9wTgLSmx6Uaj2yRa8dugo0j+9trRXHgIp7rvUSAp9yYWj4japBC3AyodtexUcYOPktzZp6K0/NIsiQuog3MYM=&u=U2FsdGVkX19euC6pIsZ1H92/IlEYqkLtEmzj8BGJi0I=&y=U2FsdGVkX1/gtkX3Up0TgPkq2yMly3kB/e1wwnjiicLXV1pJLAiSZFJuOHlF1Kkh HTTP/1.1" 200 97
