172.22.2.4 - - [30/Mar/2022:11:39:25 -0500] "GET /BLA/boletinlegal/images/menu_lft.gif HTTP/1.1" 200 1713
172.22.2.4 - - [30/Mar/2022:11:39:25 -0500] "GET /BLA/boletinlegal/images/menu_rght.gif HTTP/1.1" 200 1627
172.22.2.4 - - [30/Mar/2022:11:39:25 -0500] "GET /BLA/boletinlegal/images/bg_top.jpg HTTP/1.1" 200 522
172.22.2.4 - - [30/Mar/2022:11:39:25 -0500] "GET /BLA/boletinlegal/images/menu_bg.jpg HTTP/1.1" 200 620
172.22.2.4 - - [30/Mar/2022:11:39:25 -0500] "GET /BLA/boletinlegal/images/hover.jpg HTTP/1.1" 200 640
172.22.2.4 - - [30/Mar/2022:11:39:26 -0500] "GET /BLA/boletinlegal/images/text.jpg HTTP/1.1" 200 568
172.22.2.4 - - [30/Mar/2022:11:39:26 -0500] "GET /BLA/boletinlegal/images/footer_bg.jpg HTTP/1.1" 200 586
172.22.2.4 - - [30/Mar/2022:11:39:26 -0500] "GET /BLA/boletinlegal/images/footer_bg_l.jpg HTTP/1.1" 200 776
172.22.2.4 - - [30/Mar/2022:11:39:26 -0500] "GET /BLA/boletinlegal/img/0.png HTTP/1.1" 200 110
172.22.2.4 - - [30/Mar/2022:11:39:26 -0500] "GET /BLA/boletinlegal/img/select-left.png HTTP/1.1" 200 263
172.22.2.4 - - [30/Mar/2022:11:39:26 -0500] "GET /BLA/boletinlegal/img/select-right.png HTTP/1.1" 200 44019
172.22.2.4 - - [30/Mar/2022:11:39:26 -0500] "GET /BLA/boletinlegal/img/button.png HTTP/1.1" 200 43241
172.22.2.4 - - [30/Mar/2022:11:39:26 -0500] "GET /BLA/boletinlegal/img/button-left.png HTTP/1.1" 200 57071
172.22.2.4 - - [30/Mar/2022:11:39:26 -0500] "GET /BLA/boletinlegal/img/button-right.png HTTP/1.1" 200 57878
172.22.2.4 - - [30/Mar/2022:11:39:26 -0500] "GET /BLA/boletinlegal/favicon.ico HTTP/1.1" 404 1326
186.31.159.232 - - [30/Mar/2022:11:39:29 -0500] "GET /BLA/resoluciones/RESOLUCIONES%202011/7132.pdf HTTP/1.1" 200 1829524
172.22.2.4 - - [30/Mar/2022:11:38:43 -0500] "GET /BLA/boletinlegal/ HTTP/1.1" 200 32715
172.22.2.4 - - [30/Mar/2022:11:39:04 -0500] "GET /BLA/boletinlegal/ HTTP/1.1" 200 24523
172.22.2.4 - - [30/Mar/2022:11:39:50 -0500] "GET /BLA/boletinlegal/consulta_actos.php?tipo=resoluciones&no=&usuario=&sector=&fecha=2014&resuelve=sancionatorio HTTP/1.1" 200 15872
172.22.2.4 - - [30/Mar/2022:11:39:51 -0500] "GET /BLA/boletinlegal/consulta_actos.php?tipo=resoluciones&no=7132&usuario=&sector=&fecha=2011&resuelve= HTTP/1.1" 200 2139
172.22.2.4 - - [30/Mar/2022:11:39:52 -0500] "GET /BLA/boletinlegal/images/pdf.gif HTTP/1.1" 200 567
201.245.192.253 - - [30/Mar/2022:11:39:54 -0500] "GET /BLA/resoluciones/RESOLUCIONES%202011/7132.pdf HTTP/1.1" 200 1829524
201.245.192.253 - - [30/Mar/2022:11:39:54 -0500] "GET /favicon.ico HTTP/1.1" 200 7782
170.176.246.14 - - [30/Mar/2022:11:39:58 -0500] "GET /BLA/resoluciones/RESOLUCIONES%202014/3801.pdf HTTP/1.1" 200 1959629
216.245.221.92 - - [30/Mar/2022:11:39:59 -0500] "HEAD / HTTP/1.1" 200 -
186.102.28.207 - - [30/Mar/2022:11:40:04 -0500] "GET /kwssiamovil/sm/acme/a?s=U2FsdGVkX1/1P87JiaesXERMjKdhyxCF6tU26k+29gg/NCCAsZO0Bo+yfB27qPLbZ/Gr50yAcNOWfn56LnOPoo6tFi7apSE7W74vf2QAEGxC05zK9Z8Kc4vFh2jH0GPYXAZRCafk8GJDT7IpA+fAMp4Qombh6nfBFfE/8cdMARCLnEHlWP32OFpe/EK+dcqREiC4hKmkSQ43zC8YJv6qChVfAPu/ja2aFNLox8lxFwZ4hsh5NJ9M/pD/HXshZm97jxcN4jsMVB/BRhC9Ank+qA==&u=U2FsdGVkX186+OfAtEogfckfqL/aNxkKLeond/j9myECh/FPEBrIqQTyfLqWGhhe&y=U2FsdGVkX19cNJQu/w2oK+TLxvlDsvJxb+H2H9aGQ3w2JpvNm224QzKt8aNM9UNf HTTP/1.1" 200 25
186.102.28.207 - - [30/Mar/2022:11:40:05 -0500] "GET /kwssiamovil/sm/acme/a?s=U2FsdGVkX19+q/i4BOy9PsK18/XC+p9ibfRi1zFjyysdtD8sv6Pz8sFVJJxw1NKymBeqZlGUhXNAlFmTV0ReA8eVmf2tgB1SKgHPaKKu+gffWzxLvB03gNTzkaGpthoFyoMAu+QKozMnDHjpzQA/Ee5mvYuSz5zDULAh0RJWHTAgKwe52ydAMlToE4mvBy/K2KtHBfK+lZYNnaUPK+EA79ysVg1b1QRgfgUo5IzvZifULzn377tzgd/4yhfGAdMjaJ5ureykS6RPOnt7Mb5Vb+FNcVh+6DJdnvLKPVQpviS0477kwCkI9pJ4k6//iV6NcUimlN4Mjwv139X5/zMECd9y0eaBEqPgzsADvIcDriGGH09HnC1DlJdGMGsffbiEdJtnvk8VOAruIOL6gXLMWjnALTyTUhmHWzn7ZcUgldrVy2trzxQKxSkCYb7gGs/D7UZU5SYM2WuiflyWG2nD3HHIQG1af7vPc87evt8z4ZjkBaot+pmZ3BEed1MoatglpA1QT/tqcgETFpGmMEds6eZ5RQlqDnZldtZKHaROHPIF0NUPrdqO54cYFpeXzg7OXhM4xFddsg0+JSZATqFRVBH/TMov+MQtzNlQUqmScLPY5vbK5u+/WmXNtfSTxK9ZVW8EZUg1DGD58l0gNCTTXxS3uBtbzFeXBHLxRnyrrM/MR24XZp04LQQYoVym0SfDG4HSKN7CoXs/LHK8C1a0uLoJ22wPH7or6fjlNWWYedFTmPdoiyGnRuPk5nNWL6g6vwaxUO+xM7lzbtEykCf0zDYeSkOwybP787ZXf5oi3FxLAwtLTxmiWzC0zDzKb1G10TiPZtWwKc+PL5jOWI8L+ZFocE1wWX62DCty2hdeDs3xsz+d295ZJnNCXcvpO62N4zby5xxRB2sObS05PUTtrZpN4U0LNrbcWK15UonjZ7TIPqH5VD40rO2ZrYwRzEcjWHvZf0tKcijPpv+FpW5/iGnlZr041BYVHtUzn/rEfsMqFNfRi3oz+4Te+uhdVPLcwAyXcAVEMkBNo4pO6YXpH6omA6i2w17gEgkvxbf26pV5l7yR4HxbsUqdWZWlmfFXncVh4koG50AA7hawY51Az/Hb8f52UeS+uC4G9WgH1hM4WjMUiyOdPxKmrcEXt/6SQoxdu85nqqNXoqhSgVppj5FPhByc4aTHCWIa5jjIjgH7bsLRm+zS/hikJXOMaXAky2+skryfo2WVVYciY3HEmQt2s+otX5hMvJ7zBB86I4wKV8w1t+axu8VMeEhuY8Jv&u=U2FsdGVkX186+OfAtEogfckfqL/aNxkKLeond/j9myECh/FPEBrIqQTyfLqWGhhe&y=U2FsdGVkX19cNJQu/w2oK+TLxvlDsvJxb+H2H9aGQ3w2JpvNm224QzKt8aNM9UNf HTTP/1.1" 200 25
186.102.28.207 - - [30/Mar/2022:11:40:05 -0500] "GET /kwssiamovil/sm/acme/a?s=U2FsdGVkX1/Y0NN6LrOplxJjmmfqhc+jTYkdXEYFAAN7ztJqvvvkeqT5XpG+EhHNvhXiOodT8K0GIUoXhGLhzqPqk17npFKv6oFbBtGruItSRRK67v5O1ZqXL+Tec4kCW4YAs9zQKrGLKDxGiJ9S41CkoI0VyrQzVjlOBspPyJQ=&u=U2FsdGVkX186+OfAtEogfckfqL/aNxkKLeond/j9myECh/FPEBrIqQTyfLqWGhhe&y=U2FsdGVkX19cNJQu/w2oK+TLxvlDsvJxb+H2H9aGQ3w2JpvNm224QzKt8aNM9UNf HTTP/1.1" 200 25
186.102.28.207 - - [30/Mar/2022:11:40:05 -0500] "GET /kwssiamovil/sm/acme/a?s=U2FsdGVkX1/gg6ifDfGgG3DaYPOQFrSz4B35SDWjOhTxaolgojmnSvs/BlK/xea9WC5/q81t/FAraI8C+GfLYF497pgbndoEvzC5pKFy4b1WXV0652Vg+WLlSRqvXvhjPlo66tBGSiYKk5WqoyhEoBANn4eD+UxORoBiKA2rO/8=&u=U2FsdGVkX186+OfAtEogfckfqL/aNxkKLeond/j9myECh/FPEBrIqQTyfLqWGhhe&y=U2FsdGVkX19cNJQu/w2oK+TLxvlDsvJxb+H2H9aGQ3w2JpvNm224QzKt8aNM9UNf HTTP/1.1" 200 25
186.102.28.207 - - [30/Mar/2022:11:40:05 -0500] "GET /kwssiamovil/sm/acme/a?s=U2FsdGVkX1+gKuU0Syz49HpnlYPLKm6pjiiF8Rov/UoSLXmLiKylsta9C3L6rfwCRXY8TWDF+O7NRQ/nQLC8qVlGg/Qt8vtzNE8HsL3zxAE+G4ea8/GvQL5GH/ARkUK9mKgArE3LYn60uCbC3epKW/aX0aDsqqE3bS7z+74pAfU=&u=U2FsdGVkX186+OfAtEogfckfqL/aNxkKLeond/j9myECh/FPEBrIqQTyfLqWGhhe&y=U2FsdGVkX19cNJQu/w2oK+TLxvlDsvJxb+H2H9aGQ3w2JpvNm224QzKt8aNM9UNf HTTP/1.1" 200 25
186.102.28.207 - - [30/Mar/2022:11:40:06 -0500] "GET /kwssiamovil/sm/acme/a?s=U2FsdGVkX19HeQcy4wzto/BxlHtstvFsbwI9hJE1vZERPoXS0Aj0/Hgk+vLzMvrDh1Toi14YRwl/mMYYdo7xV/yA8n/r/eTrUwV+3WkHgud0TpE4a5q/0GP16T8Hxj+LKsIy0YP/FdURgslHdaGpqvpNhySbIPWKtbe02D9KPV3uTbtBkBnHxcIf2fDTrdoBQsoyBnYGXOifVZVopEHQ7Q==&u=U2FsdGVkX186+OfAtEogfckfqL/aNxkKLeond/j9myECh/FPEBrIqQTyfLqWGhhe&y=U2FsdGVkX19cNJQu/w2oK+TLxvlDsvJxb+H2H9aGQ3w2JpvNm224QzKt8aNM9UNf HTTP/1.1" 200 25
170.176.246.14 - - [30/Mar/2022:11:40:28 -0500] "GET /BLA/resoluciones/RESOLUCIONES%202014/1379.pdf HTTP/1.1" 200 475353
200.118.64.109 - - [30/Mar/2022:11:40:29 -0500] "POST /forms/lservlet;jsessionid=ac16012b30d6e5c90a660c8d4dd68fdcd73f808da8df.e3iSbxaKaheRe34Sc38RahyRchr0n6jAmljGr5XDqQLvpAe HTTP/1.1" 200 2
172.22.2.4 - - [30/Mar/2022:11:40:33 -0500] "POST /BLA/boletinlegal/admin/actos/ingresar.php HTTP/1.1" 200 7236
172.22.2.4 - - [30/Mar/2022:11:40:33 -0500] "GET /BLA/boletinlegal/consulta_actos.php?tipo=resoluciones&no=0359&usuario=&sector=&fecha=2012&resuelve= HTTP/1.1" 200 1069
186.31.159.232 - - [30/Mar/2022:11:40:35 -0500] "GET /BLA/resoluciones/RESOLUCIONES%202012/0359.pdf HTTP/1.1" 200 218952
172.22.2.4 - - [30/Mar/2022:11:39:02 -0500] "HEAD /BLA/boletinlegal/ HTTP/1.1" 200 -
207.46.13.186 - - [30/Mar/2022:11:40:48 -0500] "GET /portaldeninos/aula-ambiental-artistica-itinerante-auambari/ HTTP/1.1" 200 81885
170.176.246.14 - - [30/Mar/2022:11:40:53 -0500] "GET /BLA/resoluciones/RESOLUCIONES%202014/0207.pdf HTTP/1.1" 200 728775
201.245.192.253 - - [30/Mar/2022:11:40:32 -0500] "POST /kwsrmcab/Wsrmcab HTTP/1.1" 200 45286
172.22.2.4 - - [30/Mar/2022:11:39:52 -0500] "GET /BLA/boletinlegal/ HTTP/1.1" 200 59688
172.22.2.4 - - [30/Mar/2022:11:41:33 -0500] "GET /BLA/boletinlegal/consulta_actos.php?tipo=resoluciones&no=&usuario=&sector=&fecha=2020&resuelve=sancionatorio HTTP/1.1" 200 52323
201.245.192.253 - - [30/Mar/2022:11:41:17 -0500] "POST /kwsrmcab/Wsrmcab HTTP/1.1" 200 42135
201.245.192.253 - - [30/Mar/2022:11:42:23 -0500] "POST /sipse/faces/presentacion/financiero/solicitudProceso/consultarSolicitudProceso.xhtml HTTP/1.1" 200 34348
201.245.192.253 - - [30/Mar/2022:11:42:23 -0500] "GET /sipse/faces/javax.faces.resource/theme.css?ln=primefaces-sipse HTTP/1.1" 304 -
201.245.192.253 - - [30/Mar/2022:11:42:23 -0500] "GET /sipse/faces/javax.faces.resource/layout/layout.css?ln=primefaces&v=4.0 HTTP/1.1" 304 -
201.245.192.253 - - [30/Mar/2022:11:42:23 -0500] "GET /sipse/faces/javax.faces.resource/primefaces.css?ln=primefaces&v=4.0 HTTP/1.1" 304 -
201.245.192.253 - - [30/Mar/2022:11:42:23 -0500] "GET /sipse/faces/javax.faces.resource/jquery/jquery.js?ln=primefaces&v=4.0 HTTP/1.1" 304 -
201.245.192.253 - - [30/Mar/2022:11:42:23 -0500] "GET /sipse/faces/javax.faces.resource/jquery/jquery-plugins.js?ln=primefaces&v=4.0 HTTP/1.1" 304 -
201.245.192.253 - - [30/Mar/2022:11:42:23 -0500] "GET /sipse/css/imagen/contrasena.png HTTP/1.1" 404 383
201.245.192.253 - - [30/Mar/2022:11:42:23 -0500] "GET /sipse/faces/javax.faces.resource/primefaces.js?ln=primefaces&v=4.0 HTTP/1.1" 304 -
201.245.192.253 - - [30/Mar/2022:11:42:23 -0500] "GET /sipse/faces/javax.faces.resource/layout/layout.js?ln=primefaces&v=4.0 HTTP/1.1" 304 -
201.245.192.253 - - [30/Mar/2022:11:42:23 -0500] "POST /sipse/faces/presentacion/financiero/solicitudProceso/listarSolicitudProceso.xhtml HTTP/1.1" 200 27742
201.245.192.253 - - [30/Mar/2022:11:42:24 -0500] "POST /sipse/faces/presentacion/financiero/solicitudProceso/listarSolicitudProceso.xhtml HTTP/1.1" 200 27742
201.245.192.253 - - [30/Mar/2022:11:42:25 -0500] "POST /sipse/faces/presentacion/financiero/solicitudProceso/listarSolicitudProceso.xhtml HTTP/1.1" 200 1344
201.245.192.253 - - [30/Mar/2022:11:42:25 -0500] "POST /sipse/faces/presentacion/financiero/solicitudProceso/listarSolicitudProceso.xhtml HTTP/1.1" 200 1344
201.245.192.253 - - [30/Mar/2022:11:42:25 -0500] "POST /sipse/faces/presentacion/financiero/solicitudProceso/listarSolicitudProceso.xhtml HTTP/1.1" 200 1348
201.245.192.253 - - [30/Mar/2022:11:42:27 -0500] "POST /sipse/faces/presentacion/financiero/solicitudProceso/listarSolicitudProceso.xhtml HTTP/1.1" 200 10662
200.118.64.109 - - [30/Mar/2022:11:42:29 -0500] "POST /forms/lservlet;jsessionid=ac16012b30d6e5c90a660c8d4dd68fdcd73f808da8df.e3iSbxaKaheRe34Sc38RahyRchr0n6jAmljGr5XDqQLvpAe HTTP/1.1" 200 2
201.245.192.253 - - [30/Mar/2022:11:42:30 -0500] "POST /sipse/faces/presentacion/financiero/solicitudProceso/listarSolicitudProceso.xhtml HTTP/1.1" 200 153940
201.245.192.253 - - [30/Mar/2022:11:42:30 -0500] "GET /sipse/faces/javax.faces.resource/theme.css?ln=primefaces-sipse HTTP/1.1" 304 -
201.245.192.253 - - [30/Mar/2022:11:42:30 -0500] "GET /sipse/faces/javax.faces.resource/primefaces.css?ln=primefaces&v=4.0 HTTP/1.1" 304 -
201.245.192.253 - - [30/Mar/2022:11:42:30 -0500] "GET /sipse/faces/javax.faces.resource/layout/layout.css?ln=primefaces&v=4.0 HTTP/1.1" 304 -
201.245.192.253 - - [30/Mar/2022:11:42:30 -0500] "GET /sipse/faces/javax.faces.resource/jquery/jquery.js?ln=primefaces&v=4.0 HTTP/1.1" 304 -
201.245.192.253 - - [30/Mar/2022:11:42:30 -0500] "GET /sipse/faces/javax.faces.resource/jquery/jquery-plugins.js?ln=primefaces&v=4.0 HTTP/1.1" 304 -
201.245.192.253 - - [30/Mar/2022:11:42:30 -0500] "GET /sipse/faces/javax.faces.resource/primefaces.js?ln=primefaces&v=4.0 HTTP/1.1" 304 -
201.245.192.253 - - [30/Mar/2022:11:42:30 -0500] "GET /sipse/faces/javax.faces.resource/layout/layout.js?ln=primefaces&v=4.0 HTTP/1.1" 304 -
201.245.192.253 - - [30/Mar/2022:11:42:30 -0500] "GET /sipse/css/imagen/contrasena.png HTTP/1.1" 404 383
172.22.2.4 - - [30/Mar/2022:11:42:31 -0500] "GET /BLA/boletinlegal/consulta_actos.php?tipo=resoluciones&no=&usuario=&sector=&fecha=2021&resuelve=sancionatorio HTTP/1.1" 200 30583
172.22.2.4 - - [30/Mar/2022:11:42:49 -0500] "GET /BLA/boletinlegal/consulta_actos.php?tipo=resoluciones&no=0511&usuario=&sector=&fecha=2021&resuelve= HTTP/1.1" 200 1174
190.93.137.233 - - [30/Mar/2022:11:42:54 -0500] "GET /BLA/resoluciones/RESOLUCIONES%202021/0511.pdf HTTP/1.1" 200 999564
190.93.137.233 - - [30/Mar/2022:11:42:54 -0500] "GET /BLA/resoluciones/RESOLUCIONES%202021/0511.pdf HTTP/1.1" 200 999564
190.93.137.233 - - [30/Mar/2022:11:42:54 -0500] "GET /BLA/resoluciones/RESOLUCIONES%202021/0511.pdf HTTP/1.1" 206 1025
201.245.192.253 - - [30/Mar/2022:11:42:56 -0500] "GET /appsia/controlador HTTP/1.1" 200 4799
201.245.192.253 - - [30/Mar/2022:11:42:56 -0500] "GET /appsia/css/estilos.css HTTP/1.1" 200 4804
201.245.192.253 - - [30/Mar/2022:11:42:56 -0500] "GET /appsia/scripts/validarIngreso.js HTTP/1.1" 200 851
201.245.192.253 - - [30/Mar/2022:11:42:56 -0500] "GET /appsia/images/cabezoteHojaVida.png HTTP/1.1" 200 32493
201.245.192.253 - - [30/Mar/2022:11:42:56 -0500] "GET /appsia/images/logo_bogota_p.png HTTP/1.1" 200 14951
201.245.192.253 - - [30/Mar/2022:11:42:56 -0500] "GET /favicon.ico HTTP/1.1" 200 7782
190.93.137.233 - - [30/Mar/2022:11:42:57 -0500] "GET /BLA/resoluciones/RESOLUCIONES%202021/0511.pdf HTTP/1.1" 206 3072
190.93.137.233 - - [30/Mar/2022:11:42:57 -0500] "GET /BLA/resoluciones/RESOLUCIONES%202021/0511.pdf HTTP/1.1" 206 995467
172.22.2.4 - - [30/Mar/2022:11:42:58 -0500] "GET /BLA/boletinlegal/actos.php HTTP/1.1" 200 9555
172.22.2.4 - - [30/Mar/2022:11:42:58 -0500] "GET /BLA/boletinlegal/favicon.ico HTTP/1.1" 404 1326
172.22.2.4 - - [30/Mar/2022:11:43:09 -0500] "GET /BLA/boletinlegal/consulta_actos.php?tipo=autos&no=5909&usuario=&sector=&fecha=2021&resuelve= HTTP/1.1" 200 626
201.245.192.253 - - [30/Mar/2022:11:43:12 -0500] "POST /appsia/controlador HTTP/1.1" 200 3604
172.22.2.4 - - [30/Mar/2022:11:43:14 -0500] "GET /BLA/boletinlegal/consulta_actos.php?tipo=resoluciones&no=&usuario=&sector=&fecha=2020&resuelve=sancionatorio HTTP/1.1" 200 52323
201.245.192.253 - - [30/Mar/2022:11:43:15 -0500] "GET /appsia/jscripts/validarSolicitud.js HTTP/1.1" 404 68
201.245.192.253 - - [30/Mar/2022:11:43:22 -0500] "POST /appsia/controlador HTTP/1.1" 200 4799
170.176.246.14 - - [30/Mar/2022:11:43:27 -0500] "GET /BLA/resoluciones/RESOLUCIONES%202020/2393.pdf HTTP/1.1" 200 337908
201.245.192.253 - - [30/Mar/2022:11:42:42 -0500] "POST /kwsrmcab/Wsrmcab HTTP/1.1" 200 106531
201.245.192.253 - - [30/Mar/2022:11:43:34 -0500] "POST /appsia/controlador HTTP/1.1" 200 3604
201.245.192.253 - - [30/Mar/2022:11:43:34 -0500] "GET /appsia/jscripts/validarSolicitud.js HTTP/1.1" 404 68
172.22.2.4 - - [30/Mar/2022:11:43:52 -0500] "POST /BLA/boletinlegal/admin/actos/ingresar.php HTTP/1.1" 200 7236
186.102.29.149 - - [30/Mar/2022:11:44:06 -0500] "GET /kwssiamovil/sm/acme/a?s=U2FsdGVkX18APWS5Wt6IMZZzps1fHHL12TtDZq3tb66W9+KCYEetgBgf+NcvhQ+ixwFZBaEmoSIpG2+L3nDioWdryirTpBB9jICbhHnyc8Z66bK3RCfq6QDuhoFjxsiGTF/vEsaVN7ouLYHflFLawgFoF62xf3YbuhnW83ewnGVfxgbg2YboHjhlN5MyqX2a33XuJlcb/Xc0eUPbzAtgaRi8pg3hTyxf4tQhZ9l0BvQsKpZk+7DgIb4Z9p7G7zSXvcdCebsIbwhS2XS7HKu8Hg==&u=U2FsdGVkX18p0c7rN0JWeKX78538LlVbsYXyOufaASA=&y=U2FsdGVkX19MvbdZcgPESpwJ6g+nmr+v6+0Pa0e+gcE= HTTP/1.1" 200 66
200.118.64.109 - - [30/Mar/2022:11:44:29 -0500] "POST /forms/lservlet;jsessionid=ac16012b30d6e5c90a660c8d4dd68fdcd73f808da8df.e3iSbxaKaheRe34Sc38RahyRchr0n6jAmljGr5XDqQLvpAe HTTP/1.1" 200 2
186.102.29.149 - - [30/Mar/2022:11:44:36 -0500] "GET /kwssiamovil/sm/acme/a?s=U2FsdGVkX19rLRU6yeq41TYYFDeo7q/yWgE6sqa4doka/E82ueVubFN383NQ6zVRkJd8WL/np2fsCg+O4cFNT+Ko1slH5XHgUcGXSOHCBz47iObS1DsnP7s9C5BFsTjR9685aOJHA/EuIjGhh4Si9umUEDyLY3JKR5OzyCEEOks6s/4rCJvVvgZTFrIkrjb83v+1CoJRplUNZvywyWB31xXK0yZ7MZ6zgLf3MCsVPFM0A8VLwObn3MGcx4vS0Kn1wdywPQOmB7VXy7NWHz3H8A==&u=U2FsdGVkX18p0c7rN0JWeKX78538LlVbsYXyOufaASA=&y=U2FsdGVkX19MvbdZcgPESpwJ6g+nmr+v6+0Pa0e+gcE= HTTP/1.1" 200 66
201.245.192.253 - - [30/Mar/2022:11:44:47 -0500] "POST /sipse/faces/presentacion/financiero/solicitudProceso/consultarSolicitudProceso.xhtml HTTP/1.1" 200 104385
200.118.64.109 - - [30/Mar/2022:11:44:48 -0500] "POST /forms/lservlet;jsessionid=ac16012b30d6e5c90a660c8d4dd68fdcd73f808da8df.e3iSbxaKaheRe34Sc38RahyRchr0n6jAmljGr5XDqQLvpAe HTTP/1.1" 200 2
200.118.64.109 - - [30/Mar/2022:11:44:48 -0500] "POST /forms/lservlet;jsessionid=ac16012b30d6e5c90a660c8d4dd68fdcd73f808da8df.e3iSbxaKaheRe34Sc38RahyRchr0n6jAmljGr5XDqQLvpAe HTTP/1.1" 200 2369
200.118.64.109 - - [30/Mar/2022:11:44:48 -0500] "POST /forms/lservlet;jsessionid=ac16012b30d6e5c90a660c8d4dd68fdcd73f808da8df.e3iSbxaKaheRe34Sc38RahyRchr0n6jAmljGr5XDqQLvpAe HTTP/1.1" 200 10
172.22.2.4 - - [30/Mar/2022:11:44:49 -0500] "GET /BLA/boletinlegal/actos.php HTTP/1.1" 200 9555
172.22.2.4 - - [30/Mar/2022:11:44:49 -0500] "GET /BLA/boletinlegal/js/ajax_actos.js HTTP/1.1" 200 1322
172.22.2.4 - - [30/Mar/2022:11:44:49 -0500] "GET /BLA/boletinlegal/styles2.css HTTP/1.1" 200 1838
172.22.2.4 - - [30/Mar/2022:11:44:49 -0500] "GET /BLA/boletinlegal/niceforms-default.css HTTP/1.1" 200 6694
172.22.2.4 - - [30/Mar/2022:11:44:49 -0500] "GET /BLA/boletinlegal/style.css HTTP/1.1" 200 9406
172.22.2.4 - - [30/Mar/2022:11:44:49 -0500] "GET /BLA/boletinlegal/niceforms.js HTTP/1.1" 200 22876
172.22.2.4 - - [30/Mar/2022:11:44:49 -0500] "GET /BLA/boletinlegal/js/lib.js HTTP/1.1" 200 6474
172.22.2.4 - - [30/Mar/2022:11:44:49 -0500] "GET /BLA/boletinlegal/js/jquery1.js HTTP/1.1" 200 29846
172.22.2.4 - - [30/Mar/2022:11:44:49 -0500] "GET /BLA/boletinlegal/js/popup.js HTTP/1.1" 200 1270
172.22.2.4 - - [30/Mar/2022:11:44:49 -0500] "GET /BLA/boletinlegal/images/cabezote%20BLEGAL.jpg HTTP/1.1" 200 118164
172.22.2.4 - - [30/Mar/2022:11:44:49 -0500] "GET /BLA/boletinlegal/images/subscribe-icon-big.png HTTP/1.1" 200 47702
172.22.2.4 - - [30/Mar/2022:11:44:49 -0500] "GET /BLA/boletinlegal/images/historia.png HTTP/1.1" 200 52775
172.22.2.4 - - [30/Mar/2022:11:44:49 -0500] "GET /BLA/boletinlegal/images/registro-usuarios.png HTTP/1.1" 200 8106
172.22.2.4 - - [30/Mar/2022:11:44:49 -0500] "GET /BLA/boletinlegal/images/green-yellow-blue-pink-th.png HTTP/1.1" 200 7394
172.22.2.4 - - [30/Mar/2022:11:44:49 -0500] "GET /BLA/boletinlegal/images/tel.png HTTP/1.1" 200 14477
172.22.2.4 - - [30/Mar/2022:11:44:49 -0500] "GET /BLA/boletinlegal/images/abajo.png HTTP/1.1" 200 96676
172.22.2.4 - - [30/Mar/2022:11:44:49 -0500] "GET /BLA/boletinlegal/images/icono-email.png HTTP/1.1" 200 5544
172.22.2.4 - - [30/Mar/2022:11:44:49 -0500] "GET /BLA/boletinlegal/images/body_bg.jpg HTTP/1.1" 200 1601
172.22.2.4 - - [30/Mar/2022:11:44:49 -0500] "GET /BLA/boletinlegal/images/menu_lft.gif HTTP/1.1" 200 1713
172.22.2.4 - - [30/Mar/2022:11:44:49 -0500] "GET /BLA/boletinlegal/images/menu_rght.gif HTTP/1.1" 200 1627
172.22.2.4 - - [30/Mar/2022:11:44:49 -0500] "GET /BLA/boletinlegal/images/bg_top.jpg HTTP/1.1" 200 522
172.22.2.4 - - [30/Mar/2022:11:44:49 -0500] "GET /BLA/boletinlegal/images/menu_bg.jpg HTTP/1.1" 200 620
172.22.2.4 - - [30/Mar/2022:11:44:49 -0500] "GET /BLA/boletinlegal/images/hover.jpg HTTP/1.1" 200 640
172.22.2.4 - - [30/Mar/2022:11:44:49 -0500] "GET /BLA/boletinlegal/images/text.jpg HTTP/1.1" 200 568
172.22.2.4 - - [30/Mar/2022:11:44:49 -0500] "GET /BLA/boletinlegal/images/footer_bg.jpg HTTP/1.1" 200 586
172.22.2.4 - - [30/Mar/2022:11:44:49 -0500] "GET /BLA/boletinlegal/images/footer_bg_l.jpg HTTP/1.1" 200 776
172.22.2.4 - - [30/Mar/2022:11:44:49 -0500] "GET /BLA/boletinlegal/img/0.png HTTP/1.1" 200 110
172.22.2.4 - - [30/Mar/2022:11:44:49 -0500] "GET /BLA/boletinlegal/img/select-left.png HTTP/1.1" 200 263
172.22.2.4 - - [30/Mar/2022:11:44:49 -0500] "GET /BLA/boletinlegal/img/select-right.png HTTP/1.1" 200 44019
172.22.2.4 - - [30/Mar/2022:11:44:49 -0500] "GET /BLA/boletinlegal/img/button.png HTTP/1.1" 200 43241
172.22.2.4 - - [30/Mar/2022:11:44:49 -0500] "GET /BLA/boletinlegal/img/button-left.png HTTP/1.1" 200 57071
172.22.2.4 - - [30/Mar/2022:11:44:49 -0500] "GET /BLA/boletinlegal/img/button-right.png HTTP/1.1" 200 57878
172.22.2.4 - - [30/Mar/2022:11:44:49 -0500] "GET /BLA/boletinlegal/favicon.ico HTTP/1.1" 404 1326
190.156.90.221 - - [30/Mar/2022:11:44:50 -0500] "GET /BLA/ HTTP/1.1" 200 538
201.245.192.253 - - [30/Mar/2022:11:44:55 -0500] "POST /sipse/faces/presentacion/financiero/solicitudProceso/consultarSolicitudProceso.xhtml HTTP/1.1" 200 194446
190.156.90.221 - - [30/Mar/2022:11:44:57 -0500] "GET /BLA/boletinlegal/actos.php HTTP/1.1" 200 9559
190.156.90.221 - - [30/Mar/2022:11:44:58 -0500] "GET /BLA/resoluciones/ HTTP/1.1" 200 13093
216.245.221.92 - - [30/Mar/2022:11:44:59 -0500] "HEAD / HTTP/1.1" 200 -
190.156.90.221 - - [30/Mar/2022:11:45:01 -0500] "GET /BLA/resoluciones/index.php?dir=AUTOS+2021%2F HTTP/1.1" 200 340809
200.118.64.109 - - [30/Mar/2022:11:45:10 -0500] "POST /forms/lservlet;jsessionid=ac16012b30d6e5c90a660c8d4dd68fdcd73f808da8df.e3iSbxaKaheRe34Sc38RahyRchr0n6jAmljGr5XDqQLvpAe HTTP/1.1" 200 26
186.84.88.96 - - [30/Mar/2022:11:45:10 -0500] "POST /sipsesda/faces/vista/financiero/solicitudProceso/registrarSolicitudProceso.jspx?_afPfm=1 HTTP/1.1" 200 31276
186.84.88.96 - - [30/Mar/2022:11:45:10 -0500] "GET /sipsesda/adf/images/dfb.gif HTTP/1.1" 200 194
200.118.64.109 - - [30/Mar/2022:11:45:10 -0500] "POST /forms/lservlet;jsessionid=ac16012b30d6e5c90a660c8d4dd68fdcd73f808da8df.e3iSbxaKaheRe34Sc38RahyRchr0n6jAmljGr5XDqQLvpAe HTTP/1.1" 200 14
190.156.90.221 - - [30/Mar/2022:11:44:54 -0500] "GET /BLA/boletinlegal/index.php HTTP/1.1" 200 16331
200.118.64.109 - - [30/Mar/2022:11:45:11 -0500] "POST /forms/lservlet;jsessionid=ac16012b30d6e5c90a660c8d4dd68fdcd73f808da8df.e3iSbxaKaheRe34Sc38RahyRchr0n6jAmljGr5XDqQLvpAe HTTP/1.1" 200 4180
200.118.64.109 - - [30/Mar/2022:11:45:12 -0500] "POST /forms/lservlet;jsessionid=ac16012b30d6e5c90a660c8d4dd68fdcd73f808da8df.e3iSbxaKaheRe34Sc38RahyRchr0n6jAmljGr5XDqQLvpAe HTTP/1.1" 200 2
186.84.88.96 - - [30/Mar/2022:11:45:13 -0500] "POST /sipsesda/faces/vista/financiero/solicitudProceso/registrarSolicitudProceso.jspx?_afPfm=1 HTTP/1.1" 200 25447
186.84.88.96 - - [30/Mar/2022:11:45:15 -0500] "POST /sipsesda/faces/vista/financiero/solicitudProceso/registrarSolicitudProceso.jspx?_afPfm=1 HTTP/1.1" 200 11032
172.22.2.4 - - [30/Mar/2022:11:45:46 -0500] "GET /BLA/boletinlegal/consulta_actos.php?tipo=autos&no=&usuario=&sector=&fecha=2022&resuelve=predios HTTP/1.1" 200 626
172.22.2.4 - - [30/Mar/2022:11:45:53 -0500] "GET /BLA/boletinlegal/consulta_actos.php?tipo=autos&no=&usuario=&sector=&fecha=2022&resuelve=predial HTTP/1.1" 200 626
172.22.2.4 - - [30/Mar/2022:11:45:59 -0500] "GET /BLA/boletinlegal/consulta_actos.php?tipo=autos&no=&usuario=&sector=&fecha=2022&resuelve=predio HTTP/1.1" 200 626
172.22.2.4 - - [30/Mar/2022:11:46:00 -0500] "GET /BLA/boletinlegal/consulta_actos.php?tipo=autos&no=&usuario=&sector=&fecha=2022&resuelve=predio HTTP/1.1" 200 626
172.22.2.4 - - [30/Mar/2022:11:46:01 -0500] "GET /BLA/boletinlegal/consulta_actos.php?tipo=autos&no=&usuario=&sector=&fecha=2022&resuelve=predio HTTP/1.1" 200 626
172.22.2.4 - - [30/Mar/2022:11:46:01 -0500] "GET /BLA/boletinlegal/consulta_actos.php?tipo=autos&no=&usuario=&sector=&fecha=2022&resuelve=predio HTTP/1.1" 200 626
172.22.2.4 - - [30/Mar/2022:11:46:01 -0500] "GET /BLA/boletinlegal/consulta_actos.php?tipo=autos&no=&usuario=&sector=&fecha=2022&resuelve=predio HTTP/1.1" 200 626
64.31.7.206 - - [30/Mar/2022:11:46:01 -0500] "GET / HTTP/1.1" 200 319
172.22.2.4 - - [30/Mar/2022:11:46:04 -0500] "GET /BLA/boletinlegal/consulta_actos.php?tipo=autos&no=&usuario=&sector=&fecha=2022&resuelve=predio HTTP/1.1" 200 626
172.22.2.4 - - [30/Mar/2022:11:46:28 -0500] "GET /BLA/boletinlegal/consulta_actos.php?tipo=resoluciones&no=&usuario=&sector=&fecha=2022&resuelve=Siembras HTTP/1.1" 200 626
172.22.2.4 - - [30/Mar/2022:11:46:29 -0500] "GET /BLA/boletinlegal/consulta_actos.php?tipo=resoluciones&no=&usuario=&sector=&fecha=2022&resuelve=Siembras HTTP/1.1" 200 626
172.22.2.4 - - [30/Mar/2022:11:46:29 -0500] "GET /BLA/boletinlegal/consulta_actos.php?tipo=resoluciones&no=&usuario=&sector=&fecha=2022&resuelve=Siembras HTTP/1.1" 200 626
172.22.2.4 - - [30/Mar/2022:11:46:29 -0500] "GET /BLA/boletinlegal/consulta_actos.php?tipo=resoluciones&no=&usuario=&sector=&fecha=2022&resuelve=Siembras HTTP/1.1" 200 626
200.118.64.109 - - [30/Mar/2022:11:46:30 -0500] "POST /forms/lservlet;jsessionid=ac16012b30d6e5c90a660c8d4dd68fdcd73f808da8df.e3iSbxaKaheRe34Sc38RahyRchr0n6jAmljGr5XDqQLvpAe HTTP/1.1" 200 2
172.22.2.4 - - [30/Mar/2022:11:44:52 -0500] "HEAD /BLA/boletinlegal/ HTTP/1.1" 200 -
172.22.2.4 - - [30/Mar/2022:11:46:43 -0500] "GET /BLA/boletinlegal/consulta_actos.php?tipo=resoluciones&no=&usuario=&sector=&fecha=2022&resuelve=Siembras HTTP/1.1" 200 626
172.22.2.4 - - [30/Mar/2022:11:45:42 -0500] "GET /BLA/boletinlegal/ HTTP/1.1" 200 55450
172.22.2.4 - - [30/Mar/2022:11:47:22 -0500] "GET /BLA/boletinlegal/consulta_actos.php?tipo=resoluciones&no=&usuario=&sector=&fecha=2022&resuelve=Siembras HTTP/1.1" 200 626
186.28.104.213 - - [30/Mar/2022:11:47:33 -0500] "OPTIONS /kwssiamovil/sm/setfile/f? HTTP/1.1" 200 13
172.22.2.4 - - [30/Mar/2022:11:47:33 -0500] "GET /BLA/boletinlegal/consulta_actos.php?tipo=resoluciones&no=&usuario=&sector=&fecha=2020&resuelve=Siembras HTTP/1.1" 200 626
186.28.104.213 - - [30/Mar/2022:11:47:33 -0500] "POST /kwssiamovil/sm/setfile/f? HTTP/1.1" 200 381
186.28.104.213 - - [30/Mar/2022:11:47:36 -0500] "OPTIONS /kwssiamovil/sm/setfile/f? HTTP/1.1" 200 13
186.28.104.213 - - [30/Mar/2022:11:47:36 -0500] "POST /kwssiamovil/sm/setfile/f? HTTP/1.1" 200 381
186.28.104.213 - - [30/Mar/2022:11:47:40 -0500] "OPTIONS /kwssiamovil/sm/setfile/f? HTTP/1.1" 200 13
186.28.104.213 - - [30/Mar/2022:11:47:40 -0500] "POST /kwssiamovil/sm/setfile/f? HTTP/1.1" 200 381
186.28.104.213 - - [30/Mar/2022:11:47:44 -0500] "OPTIONS /kwssiamovil/sm/setfile/f? HTTP/1.1" 200 13
186.28.104.213 - - [30/Mar/2022:11:47:44 -0500] "POST /kwssiamovil/sm/setfile/f? HTTP/1.1" 200 381
186.28.104.213 - - [30/Mar/2022:11:47:47 -0500] "OPTIONS /kwssiamovil/sm/setfile/f? HTTP/1.1" 200 13
172.22.2.4 - - [30/Mar/2022:11:47:47 -0500] "GET /BLA/boletinlegal/consulta_actos.php?tipo=resoluciones&no=&usuario=&sector=&fecha=2020&resuelve=mineria HTTP/1.1" 200 626
186.28.104.213 - - [30/Mar/2022:11:47:47 -0500] "POST /kwssiamovil/sm/setfile/f? HTTP/1.1" 200 381
186.28.104.213 - - [30/Mar/2022:11:47:51 -0500] "OPTIONS /kwssiamovil/sm/setfile/f? HTTP/1.1" 200 13
186.28.104.213 - - [30/Mar/2022:11:47:52 -0500] "POST /kwssiamovil/sm/setfile/f? HTTP/1.1" 200 381
200.118.64.109 - - [30/Mar/2022:11:48:30 -0500] "POST /forms/lservlet;jsessionid=ac16012b30d6e5c90a660c8d4dd68fdcd73f808da8df.e3iSbxaKaheRe34Sc38RahyRchr0n6jAmljGr5XDqQLvpAe HTTP/1.1" 200 2
66.249.70.49 - - [30/Mar/2022:11:48:32 -0500] "-" 408 -
186.28.104.213 - - [30/Mar/2022:11:48:40 -0500] "GET /kwssiamovil/sm/acme/a?s=U2FsdGVkX1+Oyci0Zpdk3RDTJM+EH3wO/C0ni2UF3k3S88bxfZVo0kIiBrP35Lb5JKJCVyAcI19lkA42stlyepXge36JguKQqUFMTIF4pV5y7a8XzPUJhm8vPeN7wpQpalEx+DiQ5yVLU8REvbnGizGbvM8rwMsMxdd7iKMMu9zQFPdKwWHV1YiUOu/3V7YD7tbzsgfHKUvG8x4gOk4xnf0gUulPDpo5DUDa8DFvHsyXDjgYv9em2cxImaZrgWuhyeEhyAmqe/bGRYj5mFnikQ==&u=U2FsdGVkX1+2mt0NVWQ3qnHvDcf936BQiNOtAFO8VJX9azj3boZROh0MhYaaq0q6&y=U2FsdGVkX1/xQk8Yt3Xp/XdKFmwgEFVgfPEwKb3wN6J1swdOh/q6p1Z8V6ASRQ10 HTTP/1.1" 200 25
186.28.104.213 - - [30/Mar/2022:11:48:40 -0500] "GET /kwssiamovil/sm/acme/a?s=U2FsdGVkX1+4M2yf9/E4rfD1xpZb0qW0OC+iVzWbnUz/k7tBHg97jM4bWm3L6secncHes4pnOIqNvdT0LZIkARIbfOWISRrkQRWq0QFFLD8I3yC/26wihvsU4uEOLCBnJxe7jTBRT3Uo+Bes6ls3uUpLSwZyd9f3pSzrrDbJt7ztdcQ7MohA6I5zy11RrEtGUk6H7rWBOeXLcSzkV2lNZ6XBAIFsYpRPA8ds0vPiIDjqQXflJF1n0yWWRWJFYOP4fZb62+/Ymswt6G83oK21v9S62tW2Bi47Mid7LrAxPgnmQq1jK9ckLeuapWbhN3texccYgkHbVPq+J4FQ1nZ3O6zGKNymqk/ajaVC632JdZbT2Up3v4LOwkE7vGg9hIHZQsw6F2GWgjVCFnFA52pqf8FO0uQtK3nid2FrW0rJkkxmn0YJwpKkVvjdpbyeryVLQYuFFvPtufIjgfqNf4wsi6kbPW2za0Zja7Y8WDWSXn5wN3kaaHeHJvLrE9U8IaNeWjelaJ2EFW5V4pH/ngL4EaorRlSswFMB+2NQL9+3Z4OoiGfY2A5qLX1U2UIfypKpZX4PGf2GeIb3hNfDvBsfBwTgSni/rt0QHWMn3wtNguZGdWUUTpGC1RJetep5g4U2pKdvplm3dm5rYiETsbeB5jT9S7LSTzVjeJhU+q98lqjdo2gSq12FPm5ldM0JpacH3NleY9dd2EuJwHNspLN6UzP7TB/1R3RTGtkkLcp/2kLJTgqgyVtfiC20E7Ae+VfIQTZ0060FozP35wM023HVdigWljyOEHlJhnYf9aJn5xUwmAYUfx958Obgizs3B/BQ1xBAmxqxj/aVkgkLUrJO6rzVgSHnTY/dZqGusEwpSpIsOicvreXXzyReyBK6NmJFw5rGh0EUNotYrVYEpvZ2VTI7xauzdW/VDdV/mK5evC7dHiBJeVbimkka8v+FcAWocWJ7LRTs+9ZSToBDJ1yvhEdr8d9Vtrs60Fy3wp0qynF2jrWUDAwD/WxFXLxH1XXVTnZAvN3tWMfgYU16ikkR19QVvj4CDqkhnb8BHigq8I09Uw36HX60AZ88CMSeHbb0e6IhAByJFX2bVMaiSRsrl9vmV6jbyAySu4KvlqCybAxwcX9w1i975cH0SWVbtgROG/J8R8JD5kZ9cS25k5ftaujEYQpWWGRfdwee7OIifNO8qNUMRo1kEXWULC8hpyXQQWtZHOPcvLFy+an473Slr3I7y7pjTg2z92QhWlaupDN+lqNrJ6kcIev7c2+5f2ySZ0586m1DnotlruZgPLc1y0OuwtkW3M8E38Ui1D9Q5xXYxCXSyBqSFqy7KT0iQ6ffhcXrMNrIpBqX/wZIr0JNhVPGzQbtnR9+xuFM9tMtclFBueO+aBv1yEEWAHkYF3OXIfVIAo9Ox7xlgSKnbllmxKG4rskrXxF6g3jkaZInRaKzw190Qgye3/7peBMsjmU369jvFLsJVBHPP2FrZdz1jbjUQDfKegO00NRkG5mAP4AE2Ym43e6lD9rQMqPIH167ZlbrUOywNhwGFUAEbOVWhnOmFJB818Q0rDOroDQkW2E4dqZyiXxAM9IUFmTb0GQIJwmNeZHGd9ruv7M2v8oTe7fPqhxGHT08FCAF45LC6co0lTan8yyoHmYIRhLgSs3bdmJoLFOH896mbqH8QNtxVVEhUVuM6Uveyscgnt5Xby6g7Yi2qU5EKFDzBhxXiCU9BMuZMfIVIRMuf7tn1AG0w5w/hRdNhDKHQ5KUxTRXrxYNO6RtshrCtEQpbufQLiv2h3+0cX285RkhQiZ6vol1J3Hk7hDaCnpVLxBvDBkuSXa5oB0qcLW1HDBeFIscobVHnvvizL4dnuP++lg10qPnw9kmggduvb3XT0EFrdS+hKFKShVty6AomhkzdkXmty0rnHmnVJMXI2n2qERndUk6xwr/Euwol7iLYDrfnbNqaAwVEQDVVq+diVKmbvdaSrf8HDdQEg39rcYYwElpGOi02SNyonX+ql5YA1T3cRzlRnspBLbyxArEXW/p5Z+m5Q/rEwYEhLNBLx6im+tLByxZPQkEo5FrKQEQ+htemtCXq23uV/nOoUN6AHSgy2eZM3PHafRDGOxzCDA3OqeIyGwPytyhk0HONpuNw3Dd4bBIhpknxYxZ1Ufmwll5MxkwLIn97L03ZjpB8lABdLpcTbAH58Y2dukW9g18t+bkyR5i4yxrM5DfrxKY1LNHzmzuBcjIcLcnti7ORU4EmDFVfzAm10E6KZqqhI+HhnKuBdYwLSScnQgqZC15g9+Gn2D/COo8RDGf2PXonBBeOldwmDsQKJvGaS42oTP018MKZrGZzG7dVwW2GCT8fbFZ5vxUeEbaGpo/6px7saJ27WXHh76uMsB7uK6mrkK7LfKcoj13ctwrOOznakdkEqwRo+Ejlrz0udWE6W6srKYkavgaNlWjXB19D4FOf9E6Gaj33DA0wN2N8HOrBivLZmoYR/jQeLBt0xYsjkwHxZ51v1pxto3nP87cvPrKqQJKtErV0WYYSh5oqAkGTc5HaNmDUdFZU7VuZ8WOXUQEJ2B5rM7jauJ8MjT/TMShR2KuZ8q7Gp350GvuHVWmgrHRczbmcccGtWT/XmXTqHR2MABOrbd+8Qq9Y4iym4xjJdvh9C/ppzfNwQqSetBc0ujxvZUxna7VQ9H26nZXJXfVvmuW0jBsFGgVlbBnhBpM0PyTCHX5B+NL4reoIW/EhmSLMO5vDJFobtTHljOv6rsm0X5wsFWB0MfeVLm35QN0QbqVYVPw7mdsYna8sHqXwMJ+bSWGsD+HtRBZ5GXKwz3BTam3Cag+PYT5OO54h2ZSZtdpkTiOWbcP0cXaMhrHpnIIFGjFtC8l7tm2fkazj8p/qWwQyrfpOnKNyGwOuuAHXiTrmK2RGtoQ1llGfhJJc6qRjkN7eapS4/uVg6UrRbdyVo7AE0bYUoMQORGLI6V/bySFbjQ7425JInF1ZDEkVuPJ2oHEYmwmJh3ePLS+OW467KVnq3Hmqd1xCL6Zr6ur0o6mJHg0N2yKrPTH0aq1eYIgzb24rCnTPFH/Fqd5gzkcyj1ell/Ph9a8iPgQKBUa5anhTOWal27+9fpAvSbwzmIcvGgqjv5aKwMZHvrUeciAAPIJcyNADkKBXdZ2+DN+XBJd1tvSDncrkeut2GwAkuso4eu+o8HMEL+J28ItZHcedgT7BtY3fC0YcAJtjBkDNnWTtdSJqH9D+9lZ3SOT0ZHZ5XmCTHsAfDfRu89LQwojP5UA5BVtP4hNOeJIlA/wv3HOay3d09NYCbR65RcJUyTh0/VDXUHpjEZsxQ2IxNrCz7+T/5OYtAPdXA==&u=U2FsdGVkX1+2mt0NVWQ3qnHvDcf936BQiNOtAFO8VJX9azj3boZROh0MhYaaq0q6&y=U2FsdGVkX1/xQk8Yt3Xp/XdKFmwgEFVgfPEwKb3wN6J1swdOh/q6p1Z8V6ASRQ10 HTTP/1.1" 200 2942
186.28.104.213 - - [30/Mar/2022:11:48:40 -0500] "GET /kwssiamovil/sm/acme/a?s=U2FsdGVkX19lSjB3EFs/9B2yFjrdwSomCg4cyphnopAipkc8sWCWqF62h43sssZJS7PMPbKyGEO9InrNRZub5ieX6p+OCOLhwdbVNF6c2HnjXoZuKIll3bEL7Ily8SMQszjNKcNFmEwCFSRC+0QPpOeI66opb+Hhj3JNi7YLFI8=&u=U2FsdGVkX1+2mt0NVWQ3qnHvDcf936BQiNOtAFO8VJX9azj3boZROh0MhYaaq0q6&y=U2FsdGVkX1/xQk8Yt3Xp/XdKFmwgEFVgfPEwKb3wN6J1swdOh/q6p1Z8V6ASRQ10 HTTP/1.1" 200 25
186.28.104.213 - - [30/Mar/2022:11:48:40 -0500] "GET /kwssiamovil/sm/acme/a?s=U2FsdGVkX19fo5aMW9ijk+RG/5NUNLFBLe29hOVJGX8n4GPGZyqRv1WTR3mRNXZLO6qDw5N28dlIjdk+hbdd7IK9nWk5uxvl7rtaT28OxWXfieVa1ZTAHzcnF6hBjBdSQBFqvfnCffHx6DgPYPBPGxlsIpQu/UbCzVGCLIcxqCk=&u=U2FsdGVkX1+2mt0NVWQ3qnHvDcf936BQiNOtAFO8VJX9azj3boZROh0MhYaaq0q6&y=U2FsdGVkX1/xQk8Yt3Xp/XdKFmwgEFVgfPEwKb3wN6J1swdOh/q6p1Z8V6ASRQ10 HTTP/1.1" 200 362
186.28.104.213 - - [30/Mar/2022:11:48:41 -0500] "GET /kwssiamovil/sm/acme/a?s=U2FsdGVkX19ntyAXKY8ELXT1UulRIpeZM2hE4VdUN/6ILqEDJ/HYXxiHqXHE3lI9Q6QeLJfFMOBUJJykjCDid6Nz6AaHFmimcfSUfo2kQnnyDmy8KI7qr0ZnaLfpJnxTWpRBxS7uZWMZXbxoYw8+ON4AeCD3+wivFC2K3daS5Bs=&u=U2FsdGVkX1+2mt0NVWQ3qnHvDcf936BQiNOtAFO8VJX9azj3boZROh0MhYaaq0q6&y=U2FsdGVkX1/xQk8Yt3Xp/XdKFmwgEFVgfPEwKb3wN6J1swdOh/q6p1Z8V6ASRQ10 HTTP/1.1" 200 362
186.28.104.213 - - [30/Mar/2022:11:48:41 -0500] "GET /kwssiamovil/sm/acme/a?s=U2FsdGVkX1/itxLkia/ztlv6EcTv719pDcbAJuYF8+Zy1bYtXTzs/Or94ZPRvqNxuuhFaz9MXarwBDfj1c3tmb0FRxYX3YhjlTq+1xAm5dYqKpgTKlrVb83MoXLrw3oaOqptQgd0+dtuHDo7t3Aehjq5niRhaxtdpdBDfsQZne+6kdWhmFnnRd1zs50WZ+aftATS+sWbDxzWjqp7cOBx7A==&u=U2FsdGVkX1+2mt0NVWQ3qnHvDcf936BQiNOtAFO8VJX9azj3boZROh0MhYaaq0q6&y=U2FsdGVkX1/xQk8Yt3Xp/XdKFmwgEFVgfPEwKb3wN6J1swdOh/q6p1Z8V6ASRQ10 HTTP/1.1" 200 441
186.28.104.213 - - [30/Mar/2022:11:48:41 -0500] "GET /kwssiamovil/sm/acme/a?s=U2FsdGVkX19P5wEIWWLZrOtoN7KRsrR/8c3QjvnYeKDBkRRcCxOb0FqPLWIp/aBJoyqRz1ynSaxloH5GWT0Y0re7zKvID/UCBzpavdnBz0yows4bU2qdO8hJKSAA5WlpeIl72Gm+lCjWQlO5eJ7K2dFKZOR0UEg0v4+nzmlPKi97CrGTKxZo7/QvY/noGq2KHkATaS9FaJ4Id10jfhMqWQ==&u=U2FsdGVkX1+2mt0NVWQ3qnHvDcf936BQiNOtAFO8VJX9azj3boZROh0MhYaaq0q6&y=U2FsdGVkX1/xQk8Yt3Xp/XdKFmwgEFVgfPEwKb3wN6J1swdOh/q6p1Z8V6ASRQ10 HTTP/1.1" 200 448
186.28.104.213 - - [30/Mar/2022:11:48:41 -0500] "GET /kwssiamovil/sm/acme/a?s=U2FsdGVkX1/+OFsX8lZjP9M/OlPfFAx00+CCotVXwiu8JuvY/0Mk7jCXwesLAhe4R+rW7AcD8n4WfoTNVVSsWXl2WdNVV1iNN9mBb+xGBXsdlU2/GbL69V/rialclBuamkuWrl1+yD9tCx+OD2hCWYJR0QOiDVutHALukQaX2/CTNQDb5Mgt4I7ygIotU9f/&u=U2FsdGVkX1+2mt0NVWQ3qnHvDcf936BQiNOtAFO8VJX9azj3boZROh0MhYaaq0q6&y=U2FsdGVkX1/xQk8Yt3Xp/XdKFmwgEFVgfPEwKb3wN6J1swdOh/q6p1Z8V6ASRQ10 HTTP/1.1" 200 25
186.28.104.213 - - [30/Mar/2022:11:48:41 -0500] "GET /kwssiamovil/sm/acme/a?s=U2FsdGVkX195SNJb1F0wPHyhU4LzOpN43hLy4MBOh8Ou7aOx/yhmL6LjepHjVBbRoFh/Kxe5iGewozuxxgnoM4pvOuhidZ2ntGnye4xqT0nFpIVoVMgKTTroX8ydUYpQoKJ5Rv5DEuf8LnIbWBXK5EO6rCnV2jqFu+biGI16LTTrjEX/cuBjglpEEMxAWKXi1WrBIHAaQWyuJlhPS/02SQ==&u=U2FsdGVkX1+2mt0NVWQ3qnHvDcf936BQiNOtAFO8VJX9azj3boZROh0MhYaaq0q6&y=U2FsdGVkX1/xQk8Yt3Xp/XdKFmwgEFVgfPEwKb3wN6J1swdOh/q6p1Z8V6ASRQ10 HTTP/1.1" 200 448
186.28.104.213 - - [30/Mar/2022:11:48:41 -0500] "GET /kwssiamovil/sm/acme/a?s=U2FsdGVkX1/iXJs851jSarr8bBftod2lcTgKEJXzmiKEaXL9zsaPr+3kH3xthRS6jo3LVboGaoUVtGgAeDOfoxixsOPjSPLTct1Rc/vSsc/6cuK8QuWOY7nwb4LxY7Ix9WbC7TM0/5zfHaq0I8N3kvMr6sNREOCtIV7h4g5SVMaSyzOXFCk6OXQXopW2DCAs&u=U2FsdGVkX1+2mt0NVWQ3qnHvDcf936BQiNOtAFO8VJX9azj3boZROh0MhYaaq0q6&y=U2FsdGVkX1/xQk8Yt3Xp/XdKFmwgEFVgfPEwKb3wN6J1swdOh/q6p1Z8V6ASRQ10 HTTP/1.1" 200 25
186.28.104.213 - - [30/Mar/2022:11:48:42 -0500] "GET /kwssiamovil/sm/acme/a?s=U2FsdGVkX1/LR/9mO8Arh1BZ1FkqwESPXD17DF38l1OEYqb3XEuvKtEqgEMpDyIN0fQdZE+Ztn8vNK5O/gadgLCD6Om7af5PwZt4Lune6wUnyJqb7p+UaQQhgI9WeksY9NXorV49T1VMMUxL0HyjvpTenPcZaju6D9QnnVEmzk4XqTXRDbr7FT9HM2SHIfuT4Nbaqt3ZVrplObF7uo8NTw==&u=U2FsdGVkX1+2mt0NVWQ3qnHvDcf936BQiNOtAFO8VJX9azj3boZROh0MhYaaq0q6&y=U2FsdGVkX1/xQk8Yt3Xp/XdKFmwgEFVgfPEwKb3wN6J1swdOh/q6p1Z8V6ASRQ10 HTTP/1.1" 200 448
186.28.104.213 - - [30/Mar/2022:11:48:42 -0500] "GET /kwssiamovil/sm/acme/a?s=U2FsdGVkX19/byRu9X5DJC22OrUeJjIFyRcrT58NM3bDyQwMCIUUSN+Cv/1vbi6FHu6KS/4nBVwElonT/6CVWL/WJ/N0jKvE+36r2b/icATY/cCiu82HZWdSDjed+lal4W9vQgzt+s2nvcaYiAQvrLbThMbhTN2E4v3r9PQvKpW1UyzLw0CkoFwteQfTUSnh&u=U2FsdGVkX1+2mt0NVWQ3qnHvDcf936BQiNOtAFO8VJX9azj3boZROh0MhYaaq0q6&y=U2FsdGVkX1/xQk8Yt3Xp/XdKFmwgEFVgfPEwKb3wN6J1swdOh/q6p1Z8V6ASRQ10 HTTP/1.1" 200 25
186.28.104.213 - - [30/Mar/2022:11:48:42 -0500] "GET /kwssiamovil/sm/acme/a?s=U2FsdGVkX18inh6pwKQu7GXQ6uSyvK2nZ0Zs5Y+oTgZgbC5vJy8CZE0KnBi4cGs49DSYI2LXkO+G48NNZf59nTdIPSmj0i9yy/gyuIxWDLkwRjEw716jy4T/2E6FqK358bWn97NTDQdssoIbcVWo+UnhVg7Kx2ShwMfSbHSvAKAJTsDEvlpl25rFWz6cYF9O9saz+ZvCXe3swrf8F4dhPA==&u=U2FsdGVkX1+2mt0NVWQ3qnHvDcf936BQiNOtAFO8VJX9azj3boZROh0MhYaaq0q6&y=U2FsdGVkX1/xQk8Yt3Xp/XdKFmwgEFVgfPEwKb3wN6J1swdOh/q6p1Z8V6ASRQ10 HTTP/1.1" 200 448
186.28.104.213 - - [30/Mar/2022:11:48:42 -0500] "GET /kwssiamovil/sm/acme/a?s=U2FsdGVkX18Q1bfPh2KzeMNYMP/YOyL84brAO8fI0zEj7cHwnOkp5GNowBfqiMviT8gSFEgU7zKAwrQWNa6zJx+PCGfhYJ0u4lJBBi0qcoCmNkq9+koLhUUFdiv0YpencKGzonDy7rNQzlRqwoZsuwVdDVpXvjczfOo+JKYhHxG0XOe1O1Gufd4wtSXybe7k&u=U2FsdGVkX1+2mt0NVWQ3qnHvDcf936BQiNOtAFO8VJX9azj3boZROh0MhYaaq0q6&y=U2FsdGVkX1/xQk8Yt3Xp/XdKFmwgEFVgfPEwKb3wN6J1swdOh/q6p1Z8V6ASRQ10 HTTP/1.1" 200 25
186.28.104.213 - - [30/Mar/2022:11:48:42 -0500] "GET /kwssiamovil/sm/acme/a?s=U2FsdGVkX19waIBXv/nGrBh3E10YBNvmVdjhyGd7nsQ4nMwvTaH2S0LGJvch5mZ8/uxI0lnL8/Nb1w4qWy8Ws86zeUyDje0yGw+xbDsp/Q7svS9zvBCAvmG2w2B5ifw6c+12ZAvp917gK1Nrf3scozgSc5ZDzFvHRApzRqaBtfp0J8ToiwyD/NxTRtFKKp3fKrpY7pQnomHLZDrN0KnzwQ==&u=U2FsdGVkX1+2mt0NVWQ3qnHvDcf936BQiNOtAFO8VJX9azj3boZROh0MhYaaq0q6&y=U2FsdGVkX1/xQk8Yt3Xp/XdKFmwgEFVgfPEwKb3wN6J1swdOh/q6p1Z8V6ASRQ10 HTTP/1.1" 200 448
186.28.104.213 - - [30/Mar/2022:11:48:42 -0500] "GET /kwssiamovil/sm/acme/a?s=U2FsdGVkX19zKCzr2YvrUiPWF7YgBfFsZQlfqm6w5MAiaF+zbo6thEMLio4RinPS0DqbagVovPlmm2eB/9F7k3DzgyWahOks9un2CDZj/UX9Ek7GexahEKf2lCrG+FjmsklzwezxQOr9KuG7bmKSjUYDuF79iXt4J+V7joYhpQXZY1HeeOhiTPGIwI6fBNo2&u=U2FsdGVkX1+2mt0NVWQ3qnHvDcf936BQiNOtAFO8VJX9azj3boZROh0MhYaaq0q6&y=U2FsdGVkX1/xQk8Yt3Xp/XdKFmwgEFVgfPEwKb3wN6J1swdOh/q6p1Z8V6ASRQ10 HTTP/1.1" 200 25
186.28.104.213 - - [30/Mar/2022:11:48:42 -0500] "GET /kwssiamovil/sm/acme/a?s=U2FsdGVkX1/DUoGae3YF1hm4xRfzMIw1DU/PIn2+IbzQ70RRTLDG+jS1KjKUuAV3/BLH+zjd6WIpQ/7aKVPhjBTjh5ZPbohS00ZNpd5lfEjDjHfjRRTDDFGUb/Qw99Y6kkOE15jti2GZJvTQJszpP3nbGvln9W5v7J7yRNS07QSqVnZqSJTo52rBYxmkCAtJaQZGH+t7V0EIytEBYzxz+w==&u=U2FsdGVkX1+2mt0NVWQ3qnHvDcf936BQiNOtAFO8VJX9azj3boZROh0MhYaaq0q6&y=U2FsdGVkX1/xQk8Yt3Xp/XdKFmwgEFVgfPEwKb3wN6J1swdOh/q6p1Z8V6ASRQ10 HTTP/1.1" 200 448
186.28.104.213 - - [30/Mar/2022:11:48:42 -0500] "GET /kwssiamovil/sm/acme/a?s=U2FsdGVkX19Z0bu18bExIKiJWk8VVZIFI0MmQpL4GqK+8/FwjxfNJXe2O14zVyNSm/YFXbheGDSYRkzXCh/zSGjdjmnVRymf0m76sWZdaNQ+hlzzwpQwjlTOCJGByr782+QETO3NhRk14R0P/jKZIN5UaHqzlyzP+YKLe0SWibJ0Rfgqa2Tz8qMcdYja37In&u=U2FsdGVkX1+2mt0NVWQ3qnHvDcf936BQiNOtAFO8VJX9azj3boZROh0MhYaaq0q6&y=U2FsdGVkX1/xQk8Yt3Xp/XdKFmwgEFVgfPEwKb3wN6J1swdOh/q6p1Z8V6ASRQ10 HTTP/1.1" 200 25
200.118.64.109 - - [30/Mar/2022:11:49:35 -0500] "POST /forms/lservlet;jsessionid=ac16012b30d6e5c90a660c8d4dd68fdcd73f808da8df.e3iSbxaKaheRe34Sc38RahyRchr0n6jAmljGr5XDqQLvpAe HTTP/1.1" 200 2
200.118.64.109 - - [30/Mar/2022:11:49:35 -0500] "POST /forms/lservlet;jsessionid=ac16012b30d6e5c90a660c8d4dd68fdcd73f808da8df.e3iSbxaKaheRe34Sc38RahyRchr0n6jAmljGr5XDqQLvpAe HTTP/1.1" 200 14
200.118.64.109 - - [30/Mar/2022:11:49:36 -0500] "POST /forms/lservlet;jsessionid=ac16012b30d6e5c90a660c8d4dd68fdcd73f808da8df.e3iSbxaKaheRe34Sc38RahyRchr0n6jAmljGr5XDqQLvpAe HTTP/1.1" 200 14
200.118.64.109 - - [30/Mar/2022:11:49:37 -0500] "POST /forms/lservlet;jsessionid=ac16012b30d6e5c90a660c8d4dd68fdcd73f808da8df.e3iSbxaKaheRe34Sc38RahyRchr0n6jAmljGr5XDqQLvpAe HTTP/1.1" 200 14
200.118.64.109 - - [30/Mar/2022:11:49:39 -0500] "POST /forms/lservlet;jsessionid=ac16012b30d6e5c90a660c8d4dd68fdcd73f808da8df.e3iSbxaKaheRe34Sc38RahyRchr0n6jAmljGr5XDqQLvpAe HTTP/1.1" 200 14
200.118.64.109 - - [30/Mar/2022:11:49:41 -0500] "POST /forms/lservlet;jsessionid=ac16012b30d6e5c90a660c8d4dd68fdcd73f808da8df.e3iSbxaKaheRe34Sc38RahyRchr0n6jAmljGr5XDqQLvpAe HTTP/1.1" 200 15
200.118.64.109 - - [30/Mar/2022:11:49:43 -0500] "POST /forms/lservlet;jsessionid=ac16012b30d6e5c90a660c8d4dd68fdcd73f808da8df.e3iSbxaKaheRe34Sc38RahyRchr0n6jAmljGr5XDqQLvpAe HTTP/1.1" 200 108
200.118.64.109 - - [30/Mar/2022:11:49:44 -0500] "POST /forms/lservlet;jsessionid=ac16012b30d6e5c90a660c8d4dd68fdcd73f808da8df.e3iSbxaKaheRe34Sc38RahyRchr0n6jAmljGr5XDqQLvpAe HTTP/1.1" 200 2
172.22.2.4 - - [30/Mar/2022:11:49:44 -0500] "GET /BLA/boletinlegal/consulta_actos.php?tipo=resoluciones&no=&usuario=&sector=&fecha=2020&resuelve= HTTP/1.1" 200 681836
172.22.2.4 - - [30/Mar/2022:11:49:45 -0500] "GET /BLA/boletinlegal/images/pdf.gif HTTP/1.1" 200 567
200.118.64.109 - - [30/Mar/2022:11:49:44 -0500] "GET /reports/rwservlet/getjobid73861?server=repnomi HTTP/1.1" 200 47912
172.22.2.4 - - [30/Mar/2022:11:49:45 -0500] "GET /BLA/boletinlegal/images/background.gif HTTP/1.1" 200 -
172.22.2.4 - - [30/Mar/2022:11:49:47 -0500] "POST /BLA/boletinlegal/admin/actos/ingresar.php HTTP/1.1" 200 7236
172.22.2.4 - - [30/Mar/2022:11:49:55 -0500] "GET /BLA/boletinlegal/style.css HTTP/1.1" 200 9406
172.22.2.4 - - [30/Mar/2022:11:49:55 -0500] "GET /BLA/boletinlegal/styles2.css HTTP/1.1" 200 1838
172.22.2.4 - - [30/Mar/2022:11:49:55 -0500] "GET /BLA/boletinlegal/js/jquery.js HTTP/1.1" 200 57254
172.22.2.4 - - [30/Mar/2022:11:49:55 -0500] "GET /BLA/boletinlegal/js/jquery.scrollTo-min.js HTTP/1.1" 200 1150
172.22.2.4 - - [30/Mar/2022:11:49:55 -0500] "GET /BLA/boletinlegal/js/jquery.scrollShow.js HTTP/1.1" 200 4586
172.22.2.4 - - [30/Mar/2022:11:49:55 -0500] "GET /BLA/boletinlegal/images/cabezote%20BLEGAL.jpg HTTP/1.1" 200 118164
172.22.2.4 - - [30/Mar/2022:11:49:55 -0500] "GET /BLA/boletinlegal/images/subscribe-icon-big.png HTTP/1.1" 200 47702
172.22.2.4 - - [30/Mar/2022:11:49:55 -0500] "GET /BLA/boletinlegal/images/historia.png HTTP/1.1" 200 52775
172.22.2.4 - - [30/Mar/2022:11:49:55 -0500] "GET /BLA/boletinlegal/images/registro-usuarios.png HTTP/1.1" 200 8106
172.22.2.4 - - [30/Mar/2022:11:49:55 -0500] "GET /BLA/boletinlegal/images/arr_l.jpg HTTP/1.1" 200 1979
172.22.2.4 - - [30/Mar/2022:11:49:55 -0500] "GET /BLA/boletinlegal/images/screen_1.png HTTP/1.1" 200 202547
172.22.2.4 - - [30/Mar/2022:11:49:55 -0500] "GET /BLA/boletinlegal/images/launch.jpg HTTP/1.1" 200 14577
172.22.2.4 - - [30/Mar/2022:11:49:55 -0500] "GET /BLA/boletinlegal/images/body_bg.jpg HTTP/1.1" 200 1601
172.22.2.4 - - [30/Mar/2022:11:49:55 -0500] "GET /BLA/boletinlegal/images/menu_lft.gif HTTP/1.1" 200 1713
172.22.2.4 - - [30/Mar/2022:11:49:55 -0500] "GET /BLA/boletinlegal/images/bg_top.jpg HTTP/1.1" 200 522
172.22.2.4 - - [30/Mar/2022:11:49:55 -0500] "GET /BLA/boletinlegal/images/menu_rght.gif HTTP/1.1" 200 1627
172.22.2.4 - - [30/Mar/2022:11:49:55 -0500] "GET /BLA/boletinlegal/images/menu_bg.jpg HTTP/1.1" 200 620
172.22.2.4 - - [30/Mar/2022:11:49:55 -0500] "GET /BLA/boletinlegal/images/hover.jpg HTTP/1.1" 200 640
172.22.2.4 - - [30/Mar/2022:11:49:55 -0500] "GET /BLA/boletinlegal/images/text.jpg HTTP/1.1" 200 568
172.22.2.4 - - [30/Mar/2022:11:49:56 -0500] "GET /BLA/boletinlegal/actos.php HTTP/1.1" 200 9555
172.22.2.4 - - [30/Mar/2022:11:49:56 -0500] "GET /BLA/boletinlegal/niceforms.js HTTP/1.1" 200 22876
172.22.2.4 - - [30/Mar/2022:11:49:56 -0500] "GET /BLA/boletinlegal/niceforms-default.css HTTP/1.1" 200 6694
172.22.2.4 - - [30/Mar/2022:11:49:56 -0500] "GET /BLA/boletinlegal/js/lib.js HTTP/1.1" 200 6474
172.22.2.4 - - [30/Mar/2022:11:49:56 -0500] "GET /BLA/boletinlegal/js/popup.js HTTP/1.1" 200 1270
172.22.2.4 - - [30/Mar/2022:11:49:56 -0500] "GET /BLA/boletinlegal/js/ajax_actos.js HTTP/1.1" 200 1322
172.22.2.4 - - [30/Mar/2022:11:49:56 -0500] "GET /BLA/boletinlegal/js/jquery1.js HTTP/1.1" 200 29846
172.22.2.4 - - [30/Mar/2022:11:49:56 -0500] "GET /BLA/boletinlegal/images/green-yellow-blue-pink-th.png HTTP/1.1" 200 7394
172.22.2.4 - - [30/Mar/2022:11:49:56 -0500] "GET /BLA/boletinlegal/images/abajo.png HTTP/1.1" 200 96676
172.22.2.4 - - [30/Mar/2022:11:49:56 -0500] "GET /BLA/boletinlegal/images/tel.png HTTP/1.1" 200 14477
172.22.2.4 - - [30/Mar/2022:11:49:56 -0500] "GET /BLA/boletinlegal/images/icono-email.png HTTP/1.1" 200 5544
172.22.2.4 - - [30/Mar/2022:11:49:56 -0500] "GET /BLA/boletinlegal/images/footer_bg.jpg HTTP/1.1" 200 586
172.22.2.4 - - [30/Mar/2022:11:49:57 -0500] "GET /BLA/boletinlegal/images/footer_bg_l.jpg HTTP/1.1" 200 776
172.22.2.4 - - [30/Mar/2022:11:49:57 -0500] "GET /BLA/boletinlegal/img/0.png HTTP/1.1" 200 110
172.22.2.4 - - [30/Mar/2022:11:49:57 -0500] "GET /BLA/boletinlegal/img/select-right.png HTTP/1.1" 200 44019
172.22.2.4 - - [30/Mar/2022:11:49:57 -0500] "GET /BLA/boletinlegal/img/select-left.png HTTP/1.1" 200 263
172.22.2.4 - - [30/Mar/2022:11:49:57 -0500] "GET /BLA/boletinlegal/img/button.png HTTP/1.1" 200 43241
172.22.2.4 - - [30/Mar/2022:11:49:57 -0500] "GET /BLA/boletinlegal/img/button-left.png HTTP/1.1" 200 57071
172.22.2.4 - - [30/Mar/2022:11:49:57 -0500] "GET /BLA/boletinlegal/img/button-right.png HTTP/1.1" 200 57878
172.22.2.4 - - [30/Mar/2022:11:49:57 -0500] "GET /BLA/boletinlegal/favicon.ico HTTP/1.1" 404 1326
192.168.176.86 - - [30/Mar/2022:11:49:58 -0500] "GET /BLA/resoluciones/ HTTP/1.1" 200 13093
192.168.176.86 - - [30/Mar/2022:11:49:58 -0500] "GET /BLA/resoluciones/dlf/folder.png HTTP/1.1" 200 410
192.168.176.86 - - [30/Mar/2022:11:49:58 -0500] "GET /BLA/resoluciones/dlf/styles.css HTTP/1.1" 200 3049
192.168.176.86 - - [30/Mar/2022:11:49:58 -0500] "GET /BLA/resoluciones/dlf/bg.gif HTTP/1.1" 200 54
192.168.176.86 - - [30/Mar/2022:11:49:58 -0500] "GET /favicon.ico HTTP/1.1" 200 7782
172.22.2.4 - - [30/Mar/2022:11:49:58 -0500] "GET /BLA/boletinlegal/images/arr_r.jpg HTTP/1.1" 200 1998
172.22.2.4 - - [30/Mar/2022:11:49:58 -0500] "GET /BLA/boletinlegal/images/screen_2.png HTTP/1.1" 200 362502
172.22.2.4 - - [30/Mar/2022:11:49:58 -0500] "GET /BLA/boletinlegal/images/screen_3.png HTTP/1.1" 200 210620
172.22.2.4 - - [30/Mar/2022:11:49:58 -0500] "GET /BLA/boletinlegal/images/screen_5.png HTTP/1.1" 200 368876
216.245.221.92 - - [30/Mar/2022:11:49:59 -0500] "HEAD / HTTP/1.1" 200 -
172.22.2.4 - - [30/Mar/2022:11:50:06 -0500] "GET /BLA/boletinlegal/images/pdf.gif HTTP/1.1" 200 567
192.168.176.86 - - [30/Mar/2022:11:50:07 -0500] "GET /BLA/resoluciones/dlf/dirup.png HTTP/1.1" 200 644
192.168.176.86 - - [30/Mar/2022:11:50:07 -0500] "GET /BLA/resoluciones/dlf/pdf.gif HTTP/1.1" 200 272
192.168.176.86 - - [30/Mar/2022:11:50:07 -0500] "GET /BLA/resoluciones/index.php?dir=RESOLUCIONES+2014%2F HTTP/1.1" 200 330618
192.168.176.86 - - [30/Mar/2022:11:50:07 -0500] "GET /BLA/resoluciones/dlf/unknown.png HTTP/1.1" 200 266
172.22.2.4 - - [30/Mar/2022:11:50:19 -0500] "GET /BLA/boletinlegal/consulta_actos.php?tipo=resoluciones&no=3646&usuario=&sector=&fecha=2019&resuelve= HTTP/1.1" 200 1757
190.93.137.233 - - [30/Mar/2022:11:50:22 -0500] "GET /BLA/resoluciones/RESOLUCIONES%202019/3646.pdf HTTP/1.1" 200 846934
190.93.137.233 - - [30/Mar/2022:11:50:22 -0500] "GET /BLA/resoluciones/RESOLUCIONES%202019/3646.pdf HTTP/1.1" 200 846934
190.93.137.233 - - [30/Mar/2022:11:50:22 -0500] "GET /BLA/resoluciones/RESOLUCIONES%202019/3646.pdf HTTP/1.1" 206 1025
200.118.64.109 - - [30/Mar/2022:11:50:24 -0500] "POST /forms/lservlet;jsessionid=ac16012b30d6e5c90a660c8d4dd68fdcd73f808da8df.e3iSbxaKaheRe34Sc38RahyRchr0n6jAmljGr5XDqQLvpAe HTTP/1.1" 200 2
200.118.64.109 - - [30/Mar/2022:11:50:24 -0500] "POST /forms/lservlet;jsessionid=ac16012b30d6e5c90a660c8d4dd68fdcd73f808da8df.e3iSbxaKaheRe34Sc38RahyRchr0n6jAmljGr5XDqQLvpAe HTTP/1.1" 200 14
190.93.137.233 - - [30/Mar/2022:11:50:26 -0500] "GET /BLA/resoluciones/RESOLUCIONES%202019/3646.pdf HTTP/1.1" 206 3072
190.93.137.233 - - [30/Mar/2022:11:50:26 -0500] "GET /BLA/resoluciones/RESOLUCIONES%202019/3646.pdf HTTP/1.1" 206 842837
200.118.64.109 - - [30/Mar/2022:11:50:25 -0500] "POST /forms/lservlet;jsessionid=ac16012b30d6e5c90a660c8d4dd68fdcd73f808da8df.e3iSbxaKaheRe34Sc38RahyRchr0n6jAmljGr5XDqQLvpAe HTTP/1.1" 200 14
200.118.64.109 - - [30/Mar/2022:11:50:27 -0500] "POST /forms/lservlet;jsessionid=ac16012b30d6e5c90a660c8d4dd68fdcd73f808da8df.e3iSbxaKaheRe34Sc38RahyRchr0n6jAmljGr5XDqQLvpAe HTTP/1.1" 200 112
200.118.64.109 - - [30/Mar/2022:11:50:27 -0500] "POST /forms/lservlet;jsessionid=ac16012b30d6e5c90a660c8d4dd68fdcd73f808da8df.e3iSbxaKaheRe34Sc38RahyRchr0n6jAmljGr5XDqQLvpAe HTTP/1.1" 200 2
200.118.64.109 - - [30/Mar/2022:11:50:27 -0500] "GET /reports/rwservlet/getjobid73862?server=repnomi HTTP/1.1" 200 47696
200.118.64.109 - - [30/Mar/2022:11:50:30 -0500] "POST /forms/lservlet;jsessionid=ac16012b30d6e5c90a660c8d4dd68fdcd73f808da8df.e3iSbxaKaheRe34Sc38RahyRchr0n6jAmljGr5XDqQLvpAe HTTP/1.1" 200 2
172.22.2.4 - - [30/Mar/2022:11:51:29 -0500] "GET /BLA/boletinlegal/actos.php HTTP/1.1" 200 9555
172.22.2.4 - - [30/Mar/2022:11:51:30 -0500] "GET /BLA/boletinlegal/favicon.ico HTTP/1.1" 404 1326
172.22.2.4 - - [30/Mar/2022:11:49:51 -0500] "GET /BLA/boletinlegal/ HTTP/1.1" 200 55450
192.168.181.186 - - [30/Mar/2022:11:51:31 -0500] "GET /BLA/resoluciones/ HTTP/1.1" 200 13093
200.118.64.109 - - [30/Mar/2022:11:51:33 -0500] "POST /forms/lservlet;jsessionid=ac16012b30d6e5c90a660c8d4dd68fdcd73f808da8df.e3iSbxaKaheRe34Sc38RahyRchr0n6jAmljGr5XDqQLvpAe HTTP/1.1" 200 2
200.118.64.109 - - [30/Mar/2022:11:51:33 -0500] "POST /forms/lservlet;jsessionid=ac16012b30d6e5c90a660c8d4dd68fdcd73f808da8df.e3iSbxaKaheRe34Sc38RahyRchr0n6jAmljGr5XDqQLvpAe HTTP/1.1" 200 14
200.118.64.109 - - [30/Mar/2022:11:51:34 -0500] "POST /forms/lservlet;jsessionid=ac16012b30d6e5c90a660c8d4dd68fdcd73f808da8df.e3iSbxaKaheRe34Sc38RahyRchr0n6jAmljGr5XDqQLvpAe HTTP/1.1" 200 14
200.118.64.109 - - [30/Mar/2022:11:51:35 -0500] "POST /forms/lservlet;jsessionid=ac16012b30d6e5c90a660c8d4dd68fdcd73f808da8df.e3iSbxaKaheRe34Sc38RahyRchr0n6jAmljGr5XDqQLvpAe HTTP/1.1" 200 109
200.118.64.109 - - [30/Mar/2022:11:51:36 -0500] "POST /forms/lservlet;jsessionid=ac16012b30d6e5c90a660c8d4dd68fdcd73f808da8df.e3iSbxaKaheRe34Sc38RahyRchr0n6jAmljGr5XDqQLvpAe HTTP/1.1" 200 2
200.118.64.109 - - [30/Mar/2022:11:51:36 -0500] "GET /reports/rwservlet/getjobid73863?server=repnomi HTTP/1.1" 200 665406
201.245.192.253 - - [30/Mar/2022:11:51:38 -0500] "GET /sipse/js/disable_browser_buttons.js HTTP/1.1" 304 -
201.245.192.253 - - [30/Mar/2022:11:51:38 -0500] "GET /sipse/js/funciones.js HTTP/1.1" 304 -
201.245.192.253 - - [30/Mar/2022:11:51:38 -0500] "GET /sipse/css/custom_css_sg.css HTTP/1.1" 304 -
201.245.192.253 - - [30/Mar/2022:11:51:39 -0500] "GET /sipse/css/custom_css_sg_prime_login.css HTTP/1.1" 304 -
201.245.192.253 - - [30/Mar/2022:11:51:39 -0500] "GET /sipse/faces/javax.faces.resource/theme.css?ln=primefaces-sipse HTTP/1.1" 304 -
201.245.192.253 - - [30/Mar/2022:11:51:39 -0500] "GET /sipse/faces/javax.faces.resource/primefaces.css?ln=primefaces&v=4.0 HTTP/1.1" 304 -
201.245.192.253 - - [30/Mar/2022:11:51:39 -0500] "GET /sipse/faces/javax.faces.resource/layout/layout.css?ln=primefaces&v=4.0 HTTP/1.1" 304 -
201.245.192.253 - - [30/Mar/2022:11:51:39 -0500] "GET /sipse/faces/javax.faces.resource/jquery/jquery.js?ln=primefaces&v=4.0 HTTP/1.1" 304 -
201.245.192.253 - - [30/Mar/2022:11:51:39 -0500] "GET /sipse/faces/javax.faces.resource/jquery/jquery-plugins.js?ln=primefaces&v=4.0 HTTP/1.1" 304 -
201.245.192.253 - - [30/Mar/2022:11:51:39 -0500] "GET /sipse/faces/javax.faces.resource/primefaces.js?ln=primefaces&v=4.0 HTTP/1.1" 304 -
201.245.192.253 - - [30/Mar/2022:11:51:39 -0500] "GET /sipse/faces/javax.faces.resource/layout/layout.js?ln=primefaces&v=4.0 HTTP/1.1" 304 -
