172.22.2.4 - - [01/Apr/2022:21:43:29 -0500] "GET /BLA/boletinlegal/Circulares/2013/Circular%20No.%201%20del%2014%20de%20enero%20de%202013.pdf HTTP/1.1" 200 1298384
172.22.2.4 - - [01/Apr/2022:21:41:52 -0500] "GET /BLA/boletinlegal/ HTTP/1.1" 200 59170
172.22.2.4 - - [01/Apr/2022:21:43:57 -0500] "GET /BLA/boletinlegal/Circulares/2012/Circular%20No.%2016%20del%2022%20de%20octubre%20de%202012.pdf HTTP/1.1" 200 381186
173.252.127.5 - - [01/Apr/2022:21:44:02 -0500] "GET /images/llantas-teusaquillo-1-abril.jpg HTTP/1.1" 200 50674
172.22.2.4 - - [01/Apr/2022:21:44:03 -0500] "GET /BLA/boletinlegal/Circulares/2012/Circular%20No.%2015%20del%2022%20de%20octubre%20de%202012.pdf HTTP/1.1" 200 486506
172.22.2.4 - - [01/Apr/2022:21:44:09 -0500] "GET /BLA/boletinlegal/Circulares/2012/Circular%20No.%2014%20del%2011%20de%20Septiembre%20de%202012.pdf HTTP/1.1" 200 3427471
201.245.192.253 - - [01/Apr/2022:21:43:23 -0500] "POST /kwsrmcab/Wsrmcab HTTP/1.1" 200 42750
66.249.66.85 - - [01/Apr/2022:21:44:13 -0500] "-" 408 -
172.22.2.4 - - [01/Apr/2022:21:44:23 -0500] "GET /BLA/boletinlegal/Circulares/2012/Circular%20No.%2013%20del%2006%20de%20Septiembre%20de%202012.pdf HTTP/1.1" 200 351421
172.22.2.4 - - [01/Apr/2022:21:44:30 -0500] "GET /BLA/boletinlegal/Circulares/2012/Circular%20No.%2012%20del%2028%20de%20Agosto%20de%202012.pdf HTTP/1.1" 200 369945
172.22.2.4 - - [01/Apr/2022:21:44:36 -0500] "GET /BLA/boletinlegal/Circulares/2012/Circular%20No.%2011%20del%2027%20de%20Agosto%20de%202012.pdf HTTP/1.1" 200 526945
207.46.13.199 - - [01/Apr/2022:21:44:50 -0500] "GET /BLA/resoluciones/index.php?dir=RESOLUCIONES+2021%2F HTTP/1.1" 200 303054
216.245.221.92 - - [01/Apr/2022:21:47:05 -0500] "HEAD / HTTP/1.1" 200 -
172.22.2.4 - - [01/Apr/2022:21:46:51 -0500] "HEAD /BLA/boletinlegal/ HTTP/1.1" 200 -
172.22.2.4 - - [01/Apr/2022:21:47:42 -0500] "GET /BLA/boletinlegal/ HTTP/1.1" 200 57542
69.63.184.6 - - [01/Apr/2022:21:49:57 -0500] "GET /images/negocios-verdes-emprendimientos-24-marzo.jpg HTTP/1.1" 200 54522
173.252.107.23 - - [01/Apr/2022:21:50:04 -0500] "GET /images/humedal-agua-lluvias-bogota-18-marzo.jpg HTTP/1.1" 200 146923
173.252.107.9 - - [01/Apr/2022:21:50:17 -0500] "GET /images/negocios-verdes-3-marzo.jpg HTTP/1.1" 200 33179
216.245.221.92 - - [01/Apr/2022:21:52:05 -0500] "HEAD / HTTP/1.1" 200 -
172.22.2.4 - - [01/Apr/2022:21:52:31 -0500] "GET /BLA/boletinlegal/ HTTP/1.1" 200 51004
172.22.2.4 - - [01/Apr/2022:21:52:41 -0500] "HEAD /BLA/boletinlegal/ HTTP/1.1" 200 -
172.22.2.4 - - [01/Apr/2022:21:53:32 -0500] "GET /BLA/boletinlegal/ HTTP/1.1" 200 55089
216.245.221.92 - - [01/Apr/2022:21:57:05 -0500] "HEAD / HTTP/1.1" 200 -
181.52.20.217 - - [01/Apr/2022:21:58:01 -0500] "GET /appsia/controlador HTTP/1.1" 200 4799
194.31.98.165 - - [01/Apr/2022:21:58:23 -0500] "HEAD / HTTP/1.0" 200 -
181.52.20.217 - - [01/Apr/2022:21:58:38 -0500] "POST /appsia/controlador HTTP/1.1" 200 5437
181.52.20.217 - - [01/Apr/2022:21:58:50 -0500] "POST /appsia/controlador HTTP/1.1" 200 7785
181.52.20.217 - - [01/Apr/2022:21:59:00 -0500] "POST /appsia/controlador HTTP/1.1" 200 6650
181.52.20.217 - - [01/Apr/2022:21:59:02 -0500] "POST /appsia/controlador HTTP/1.1" 200 10576
172.22.2.4 - - [01/Apr/2022:21:58:31 -0500] "HEAD /BLA/boletinlegal/ HTTP/1.1" 200 -
181.52.20.217 - - [01/Apr/2022:22:00:41 -0500] "POST /appsia/controlador HTTP/1.1" 200 7785
181.52.20.217 - - [01/Apr/2022:22:00:48 -0500] "POST /appsia/controlador HTTP/1.1" 200 6650
181.52.20.217 - - [01/Apr/2022:22:00:50 -0500] "POST /appsia/controlador HTTP/1.1" 200 10576
172.22.2.4 - - [01/Apr/2022:21:59:22 -0500] "GET /BLA/boletinlegal/ HTTP/1.1" 200 59170
181.225.70.10 - - [01/Apr/2022:22:01:12 -0500] "GET /galeria/galeria/jquery.fancybox.css?v=2.1.5 HTTP/1.1" 200 4895
181.225.70.10 - - [01/Apr/2022:22:01:12 -0500] "GET /BLA/boletinlegal/js/jquery.scrollShow.js HTTP/1.1" 200 4586
181.225.70.10 - - [01/Apr/2022:22:01:12 -0500] "GET /galeria/galeria/jquery.fancybox.js?v=2.1.5 HTTP/1.1" 200 48706
181.52.20.217 - - [01/Apr/2022:22:01:28 -0500] "POST /appsia/controlador HTTP/1.1" 200 7785
181.52.20.217 - - [01/Apr/2022:22:01:33 -0500] "POST /appsia/controlador HTTP/1.1" 200 5437
181.52.20.217 - - [01/Apr/2022:22:01:35 -0500] "POST /appsia/controlador HTTP/1.1" 200 4799
216.245.221.92 - - [01/Apr/2022:22:02:05 -0500] "HEAD / HTTP/1.1" 200 -
121.28.10.79 - - [01/Apr/2022:22:04:57 -0500] "GET / HTTP/1.1" 200 319
121.28.10.79 - - [01/Apr/2022:22:04:57 -0500] "GET /index.php HTTP/1.1" 404 1270
172.22.2.4 - - [01/Apr/2022:22:04:21 -0500] "HEAD /BLA/boletinlegal/ HTTP/1.1" 200 -
172.22.2.4 - - [01/Apr/2022:22:05:12 -0500] "GET /BLA/boletinlegal/ HTTP/1.1" 200 55450
216.245.221.92 - - [01/Apr/2022:22:07:05 -0500] "HEAD / HTTP/1.1" 200 -
66.249.66.85 - - [01/Apr/2022:22:07:38 -0500] "-" 408 -
172.22.2.4 - - [01/Apr/2022:22:07:40 -0500] "GET /BLA/boletinlegal/jurisprudencia.php/js/popup.js HTTP/1.1" 200 17573
207.46.13.209 - - [01/Apr/2022:22:08:37 -0500] "GET /AFLUENTESYEFUENTES/ HTTP/1.1" 200 4762
172.22.2.4 - - [01/Apr/2022:22:07:59 -0500] "GET /BLA/boletinlegal/ HTTP/1.1" 200 40907
186.155.14.187 - - [01/Apr/2022:22:11:27 -0500] "GET /bogota-reconocida-internacionalmente-por-sus-acciones-para-mejorar-la-calidad-del-aire-y-enfrentar-la-crisis-climatica.html HTTP/1.1" 200 1011
186.155.14.187 - - [01/Apr/2022:22:11:31 -0500] "GET /bogota-reconocida-internacionalmente-por-sus-acciones-para-mejorar-la-calidad-del-aire-y-enfrentar-la-crisis-climatica.html HTTP/1.1" 200 1011
172.22.2.4 - - [01/Apr/2022:22:10:11 -0500] "HEAD /BLA/boletinlegal/ HTTP/1.1" 200 -
216.245.221.92 - - [01/Apr/2022:22:12:05 -0500] "HEAD / HTTP/1.1" 200 -
172.22.2.4 - - [01/Apr/2022:22:11:02 -0500] "GET /BLA/boletinlegal/ HTTP/1.1" 200 61416
186.28.104.213 - - [01/Apr/2022:22:16:02 -0500] "OPTIONS /kwssiamovil/sm/setfile/f? HTTP/1.1" 200 13
186.28.104.213 - - [01/Apr/2022:22:16:02 -0500] "POST /kwssiamovil/sm/setfile/f? HTTP/1.1" 200 381
186.28.104.213 - - [01/Apr/2022:22:16:07 -0500] "OPTIONS /kwssiamovil/sm/setfile/f? HTTP/1.1" 200 13
186.28.104.213 - - [01/Apr/2022:22:16:07 -0500] "POST /kwssiamovil/sm/setfile/f? HTTP/1.1" 200 381
186.28.104.213 - - [01/Apr/2022:22:16:13 -0500] "OPTIONS /kwssiamovil/sm/setfile/f? HTTP/1.1" 200 13
186.28.104.213 - - [01/Apr/2022:22:16:13 -0500] "POST /kwssiamovil/sm/setfile/f? HTTP/1.1" 200 381
186.28.104.213 - - [01/Apr/2022:22:16:17 -0500] "OPTIONS /kwssiamovil/sm/setfile/f? HTTP/1.1" 200 13
186.28.104.213 - - [01/Apr/2022:22:16:17 -0500] "POST /kwssiamovil/sm/setfile/f? HTTP/1.1" 200 381
186.28.104.213 - - [01/Apr/2022:22:16:21 -0500] "OPTIONS /kwssiamovil/sm/setfile/f? HTTP/1.1" 200 13
186.28.104.213 - - [01/Apr/2022:22:16:22 -0500] "POST /kwssiamovil/sm/setfile/f? HTTP/1.1" 200 381
186.28.104.213 - - [01/Apr/2022:22:16:26 -0500] "OPTIONS /kwssiamovil/sm/setfile/f? HTTP/1.1" 200 13
186.28.104.213 - - [01/Apr/2022:22:16:26 -0500] "POST /kwssiamovil/sm/setfile/f? HTTP/1.1" 200 381
186.28.104.213 - - [01/Apr/2022:22:16:29 -0500] "OPTIONS /kwssiamovil/sm/setfile/f? HTTP/1.1" 200 13
186.28.104.213 - - [01/Apr/2022:22:16:29 -0500] "POST /kwssiamovil/sm/setfile/f? HTTP/1.1" 200 381
186.28.104.213 - - [01/Apr/2022:22:16:32 -0500] "OPTIONS /kwssiamovil/sm/setfile/f? HTTP/1.1" 200 13
186.28.104.213 - - [01/Apr/2022:22:16:32 -0500] "POST /kwssiamovil/sm/setfile/f? HTTP/1.1" 200 381
186.28.104.213 - - [01/Apr/2022:22:16:40 -0500] "GET /kwssiamovil/sm/acme/a?s=U2FsdGVkX1+r6mT57dQ1hd67r3OxzQSAPdyUxvXStO6dx/L1l2v1nrrUCFrXH4pzA16rB5LGfXeGa88Iuq9497PRl8EoRBB3NtO9/wZL77xwhPRQi7cYqN1af7l2Ucm9Hzulhbjbx9ZdVyJQpr3pPaWT6DjASeBdmt76iFM0H59l+BUo0odUzOKXAiu82wC77NDrgUkgtwO7uPOn34Fff1PECKHKFKMU5MSxBY2Q6dYq3m5LE+biu7XNyYrO/GPpxzmLbKcADQgXZjWD9y754w==&u=U2FsdGVkX1+fFRzXyXT9EAz2xE+YbMdgQq1PBuAB4wGsAfXZBwpw93pyVEbA2+Bp&y=U2FsdGVkX18t868K2L8Lkt3t2x3X7JJpHXRoFOnx7fy69nlXCptztNS7ZbN/t4Ja HTTP/1.1" 200 25
186.28.104.213 - - [01/Apr/2022:22:16:41 -0500] "GET /kwssiamovil/sm/acme/a?s=U2FsdGVkX1/ZdaLAj0Lf/FxInE5GGp+UILfkA52G7BceuOFw2+U8Bk7RpF9GCooT+hXJ6J3sFTirZsj2bIZD3SWlkdUHeig2tHOFiAq4EaFfjBKWsdswwJboTm5xGoLfh5klHEqEyYIPomHnetBCMuFGXSuALHMOmNw8WnOp9x7WDnCsobq5qD7WtyOv+5ECtkfwKgFaibeBdWP+m92hQEFfFb6MItxzyuPVo4lijgh6sHK/UCKvNoVM74BGgosD3X3Sw1VJ+6FfHyIipxPT/MmqR2min61Cc9XbaiKaNhg0DkXI0+qO58drjY67MapQywv0ym0bckE1wSolnuJfhh73EPm2i4VMy5j0C40tQZXY66f+++ISOBJE7eTo1K4IZwTMT4dWUjec2a+5E1dRiK3bZyDPK+hW85dnTosR3IPLfGpHVaAp9980VLQpIjvYoC9kOigS+ZY1f89WZd92WCjUzOsRQ/swW1yF+LyqLdxJfqYUztrenAX59ReqJpNhdbJRk+h6vgQ5sf39YH81yFt+rucIuOh91ssyFd2438IuzSxmX9n+vWfIsimT1iefEPnsy2cLKtrysDRNHBCltUtkkUM1Mdle3tmS/ERKuYUgwPeEeXD8hniQAzgmMj+7kwG5rDxsI/l13lozKc6T7FmqC0OzlPaS/QHi9f9G2F4GxdIV7WTZC9E+gR35zFXif4NcJKzZ1CNfjECT2iX3h6mqUaC4JNpdOqjTvLF/JdNBDPBDAg9/vneupcMDFgOPsKL3vJRc574FyZ2CeYIR+tN7YYP3Djw9WqlhvxqF78N6suyX//11ZhTpicBywHML3X/EbiJes3v2NWbfMjELdmzCtVAnvSMyPwDoXUQxtOrmKpZJAPEAky8h2cgpq7omyBf97fccTv0BGIma6nqTEgNoO/KdniJXgICXVSS1ojlRLrfLgXOuz17vTzyEQgF7ETsc7zJvWwoAgZq/pi1GakuOEgQWkgYsRx1rEcj9R4HfmhscS6NQrHkoOp8GWzQ1hLfSvf1rTTNhmBm4yn2uaZ99cGTnGPVi3Mwk3V7XcsPKxK+WZhyJFF3pkExGurlH8W2eIdtcADxnt1gRu6tAniStfmif0KDsb24xHjWGdbFo5REJVrG5v8pxNWmE/cGh9tG9Pc7x89BncbLXKS96i+Pb9cQp67p+yZpeoHouvgw1n81rAaSMGKee93XTuOwn3dtwdo+hwSzjl4P4DYeCXy44Ll0LIqs4n8y0VneJqL7MaxgTu/98FSP0rU15LM0dEDzyrSgoywb/01DpX+vjGtk3Lw3UKAln7zMuDqTsT/o39Eiwf1xerUKfc+cEPSOuUQFqhuNkvOpbwsunG27FuV7oibhY3Feuqrk+B84RM1YvOxDsUibHK7hUK8pSQt+UKWLtZ6k6K+6TNF0zsN/dJlQcO6majbeFMOw7JEbrRjtB4GzKllHKTnMKk9jOHzzYuAxVM8rM0szpusPhtFf2Rx8O61Nq18Rr1PESFoWtBTaxuEz/sKkqDWsMpgE9JMAnbLT+5qvthdgP2dsPHov7VYyTMhzerS5RLTuKY5qclDQ/+FeYK0oMpf4akhbtqX7XGq1saA2nMawWEHliK1N6ofjPMpvJTdwYi5rfzb89m7pGp+zKfkrokN1WHiCaR3FnHoj1NYzeS+VXb/HJ5n/dIDKwPdwIiSrhruyppiahbNdRvA9HmoXpB3TFLN18tSFZDa1Ea3eLSTUA9nlG8P2VTZqyI3M/ahgzw2ljlccS4jvARYknbuqCUldl3WXXcEXannKdTzdS9POyymyQqAvuIII/RPp5zKw+qJW9V1dZq4nBuXgnOY9A6OXwsPJtTAXz2xbPSLZ5iKTEXb+mTEqAkb3uCMCPsvuaYzA01syxoPpxPuUVxWVs3DdxnJwxfUthHAvw9+MvHXZ1jIvCdnkMplf5bsQKCi0jZIXlvFPFHcgQucGrCLQV8GlySAbIqLYn6rwUTi7kuhvz92agzqGSOeqY2r3FyUFzkPGvHqWkMxY25+9Np21/0tABEakoaz3+KdfHAkK7gyOLaNoCb8EyneO8vKfAnC27SpMpEnnrUAaCKkdGMOw4fpMmayQFvWH7E61wVd5u1EondGImvI4Wc1HJFMH9PgP+zvHzl5vQP550go8iDGcU8otZUDMsOYlQTF5VsBIKQ0EIjg2/oMML3Xf01OdEsqgkt56yuy9hRGcfoTg+skeGeXUu9MuTLJaOeeejqkFbF5MZaOq+HkLJC5JFU0KdPD8kC1tnu9J0DEJ5tYeO8vUeFHdeV6Wsd8ivA3RZmq4TscLkz+Vo8ZbSHiHXvremKYKGZ+RF7V/fe+UD1TW82gP4RZzQ6jjtd/7qTpVZR3FjSsKyuhE4BYn8pKuYvz1r+RMicSrAqvb7F45eiCpeh3v5Ycje9tTcd4QU+2PHn+AZeDEbOAvx20f9ppHfV8LIwmft9+BtBXd6Ol8sLEj54CSnBUTyta+hUuVWbw/o5MpzRjOrqOlEJ0KEUlhKTomea3kzJBUufgNES618BrfhLLEQhZZGMeLxyXEOqm5XVLIzy3RMAH+Fexdo/JL5kx75htmCWc+0kB5FHHGGj5WRIhlIjfYvxI40YXuoE8EPgLTC2GCqOsUidZkGk60DzNvVWi7vLvLwWyrAKwowBKZZTttrhG37E7oNuaohdHc57wNY6pWlRsSx1RRkmIfCKGdr93qgdyUX7VWEaGE8f6hpUbpxRBhnZJ5NAgNl5Iafj+tExZz29nHdGEhsXSxll5Gf+qNxxcxsoGmgYNAooWIAy1Iw7lOeN9SNbHS8BfE9FdJ+hu2OWJJ/7DCzKDdnE/nKC/Q3UP3DzwFYYpLnVUkF8dLQe+c6a4mHGifeIxK8scDRIeuRsHpLiNJ8kN0p21lpQWkr4BhmAYzuv3WD42bkhjsGC0XRrO/b1oLT5oRkg1nfu3phGzIRz4U9LMP377fGcl3zFfPJvEInej/VQxc7230qRKGaWjynxciYNFLM2KFkPwGiIThlAN/Rmp+DKks/abNOWHCOgkhmuvySpJx4mG2pPm65xISbWKFWIR4u8bWjFVDRZ3uzOETLUejIcv6/DvsVemlnMsZcUCtfTuSdsmOhZWMCi0ik3+MD1qalLoL4D8dn3AbjtHtYHHGUVnDy6WgaYThw7kEcKc0=&u=U2FsdGVkX1+fFRzXyXT9EAz2xE+YbMdgQq1PBuAB4wGsAfXZBwpw93pyVEbA2+Bp&y=U2FsdGVkX18t868K2L8Lkt3t2x3X7JJpHXRoFOnx7fy69nlXCptztNS7ZbN/t4Ja HTTP/1.1" 200 25
186.28.104.213 - - [01/Apr/2022:22:16:41 -0500] "GET /kwssiamovil/sm/acme/a?s=U2FsdGVkX1+N5xFZmFw8zwYppD/ECIBxgDjR05KK04QDoEAAUTIXO3c4WeqlPmmfAsLDMc2JaoPTz/gQXIkBLv0DP2uiePsH8pXHCXgdYqyAfFhdF2NSiUut+R20mhd/otdxSKhq4WWhsoRag95oC49tTL/80QnyJfraqua0wX8=&u=U2FsdGVkX1+fFRzXyXT9EAz2xE+YbMdgQq1PBuAB4wGsAfXZBwpw93pyVEbA2+Bp&y=U2FsdGVkX18t868K2L8Lkt3t2x3X7JJpHXRoFOnx7fy69nlXCptztNS7ZbN/t4Ja HTTP/1.1" 200 25
186.28.104.213 - - [01/Apr/2022:22:16:41 -0500] "GET /kwssiamovil/sm/acme/a?s=U2FsdGVkX1+VWNLS7f10bO5cF1EI1wtTNqnMHkQze8K5eq36SVWbZ9NDP2+jyVcF4QXDUR8NPnauzgIhSAqWu28oaGymXUJzWehMtA6sFs+nidXWagnTHNPCoWBgHcFeXa2JXXGuLogGYuvCHNF2sYKnZvyJNkvMRMbhYpJNZkA=&u=U2FsdGVkX1+fFRzXyXT9EAz2xE+YbMdgQq1PBuAB4wGsAfXZBwpw93pyVEbA2+Bp&y=U2FsdGVkX18t868K2L8Lkt3t2x3X7JJpHXRoFOnx7fy69nlXCptztNS7ZbN/t4Ja HTTP/1.1" 200 25
186.28.104.213 - - [01/Apr/2022:22:16:41 -0500] "GET /kwssiamovil/sm/acme/a?s=U2FsdGVkX1/BYFX8nmTsQxul589wwBHehl5TAstR2P516Qm42YI/vLoNE3Q3KJQb3vCb9pX9CsHYLGWRZmRZ2PTLZAXRFqSwSJ9Vj9JsJc31qNpyDss07ZxyXkgrhBXuyKamWcoU39MigyKPi7TB8cip5ZmJ3o54DiXpbY8/KQg=&u=U2FsdGVkX1+fFRzXyXT9EAz2xE+YbMdgQq1PBuAB4wGsAfXZBwpw93pyVEbA2+Bp&y=U2FsdGVkX18t868K2L8Lkt3t2x3X7JJpHXRoFOnx7fy69nlXCptztNS7ZbN/t4Ja HTTP/1.1" 200 25
186.28.104.213 - - [01/Apr/2022:22:16:41 -0500] "GET /kwssiamovil/sm/acme/a?s=U2FsdGVkX1+VfLo4LiscXIqut9OANi9YolhHYr6VRReq0VTSLkqPfys6jClvzJ3zDbmUCFxLc2Np4RtKLD8FOxtgwo5Zw020Cgp9e24X8ALVmNL8FdiXOrOyMGPDHs1Z7iCPkp9c1cOTIYkHblI0KqNda9emDKlBU9gfjRNe6LtOshHxjlbApg0j2sxszIDryXyLwtt6dmv3P/FtQ7KWWQ==&u=U2FsdGVkX1+fFRzXyXT9EAz2xE+YbMdgQq1PBuAB4wGsAfXZBwpw93pyVEbA2+Bp&y=U2FsdGVkX18t868K2L8Lkt3t2x3X7JJpHXRoFOnx7fy69nlXCptztNS7ZbN/t4Ja HTTP/1.1" 200 25
186.28.104.213 - - [01/Apr/2022:22:16:42 -0500] "GET /kwssiamovil/sm/acme/a?s=U2FsdGVkX19ypLZSLPG796u5roAGl+/68B0gjCrLECfnhKqLit2/2zAP2zZg2ZtEwNmSMH0OSajZGmRJS2nYObPmjEp7acKcGuAWfhfpnt/p+P8EfZ1whk7HwrgetEqE4ON8bXmKIWoMLWSlTxal9S9TFMb49OKrkyxstNqSoUYEcWOMScPKVydNnDuVCFHuHlRQhuMx4Euu/AH3GEcCsw==&u=U2FsdGVkX1+fFRzXyXT9EAz2xE+YbMdgQq1PBuAB4wGsAfXZBwpw93pyVEbA2+Bp&y=U2FsdGVkX18t868K2L8Lkt3t2x3X7JJpHXRoFOnx7fy69nlXCptztNS7ZbN/t4Ja HTTP/1.1" 200 25
186.28.104.213 - - [01/Apr/2022:22:16:42 -0500] "GET /kwssiamovil/sm/acme/a?s=U2FsdGVkX1/yGkyKlvxRBXuxXK2D5ZreEj0377iK5V3POWBB4Vh0wAfqMOavbIKSAOnWdBvZo5ueRiDwv7WV6GDa5qpAuEj6fZLMRhAvqYwrFJiKo9QgHXXx4mPpxmdHMcxwpkVcqhbYltsFJZpOI+sWm2e+cvJ5j6So1opFZPbsFQwKz8Sk6QXUCla9dw8QNifrXRIsgaShyXVRLDNXD8DDnoZ3rV1wgGsrQp6O+KBQ6P8lo8VX6Hor8sCbr1VL16Jg1LhnHzrnDwWv7MgT+rPLA3ugxecp4OeFao0/FKk+QZYUp40jAUXgaEgAG3DNppKeATMzOtePKrJMLH70YtFTCmKUHwryV0DPK+R2GYiuqUZ9annY2D7KqU9P01f/H++t24/IXe1JaVIv4ghsbFJtLwipjPLg6hRnLAZZWnZjp01IJOBDDGGtZo6KTDCSLR2gHXG+0CUsxHIXFifZ+dPyDsC5UpRG/Tyu9bMHwAk8xrVo0CP32zb0vkjPw/JTZYgCkiYK63VcP9vkdDtT/SMhSifbXyt8fxHYJ2zyXEEy1EZM8L1t2tXzU9H7aCq69zTYlBBhZZRzsI8GG6uUsg==&u=U2FsdGVkX1+fFRzXyXT9EAz2xE+YbMdgQq1PBuAB4wGsAfXZBwpw93pyVEbA2+Bp&y=U2FsdGVkX18t868K2L8Lkt3t2x3X7JJpHXRoFOnx7fy69nlXCptztNS7ZbN/t4Ja HTTP/1.1" 200 24
186.28.104.213 - - [01/Apr/2022:22:16:42 -0500] "GET /kwssiamovil/sm/acme/a?s=U2FsdGVkX19iF0LKk+8HjWBWmE9D+mV45B3UyX9CrBDtObz6mVjhEZR0IIyrP3swF8pnOsa1THgrBOVNnylpwRw0sXla702tjcFRrfoOWGsrojgeOMQaETRDD7tm2x1+4nbKeFP0ffL/Ze+xblgMv3OKcOt/bpkJPvHNZbZlBQPeMI5aAfktklhGz7hw2gii&u=U2FsdGVkX1+fFRzXyXT9EAz2xE+YbMdgQq1PBuAB4wGsAfXZBwpw93pyVEbA2+Bp&y=U2FsdGVkX18t868K2L8Lkt3t2x3X7JJpHXRoFOnx7fy69nlXCptztNS7ZbN/t4Ja HTTP/1.1" 200 25
186.28.104.213 - - [01/Apr/2022:22:16:42 -0500] "GET /kwssiamovil/sm/acme/a?s=U2FsdGVkX1+xaH5Hn6tfwzna28gu987y9tKTWdbBfpZ799GajzwhQQUuWtiyUX78vBItUL5ynDS86F4VUIfoM8MQ6+nYi5y1e/EncQPl130YZbPSv7O7LT6CKTvwC/LQOg7FENNGgEtmZSah8TfoVca8NAci5qXmnUETl9NEgDpwl0GiolFIq2B/v2YLobdOLFp5xYQVPTJYSTgVAtEgXPhe13Z3YgE6wMuPurLqXW7v0yGa1MLcgedN1u2Hfw85euhoFuc0r+M0oI/wjvJ9JCH32CNefc7uRIiAQ8RrF7pQqIlnCrP1VF6283JxPxLYaiPevi2Zw8RnOGDHmHcpVEi88mx8MMRf+SIJL7GiKOnik5gIb0HjrwsNtsQHK0c6YFcm3FIdVBMtHlboYFzZoOgOrFGuUK999DBiXMbpEQegefHMCEwi9+lJy1xqtmFmZfqxA4tJyXDVEltOn/ta7RiEErPTS0fh+dbdIyufdoCZE9U8pnJgebCn3uG+8xmyrQp/Di8L+wbZczP1/eW8LddB4MPms1RaB3SQbcg3R/ZN6ek+HisL3FKbwnG+bnAS&u=U2FsdGVkX1+fFRzXyXT9EAz2xE+YbMdgQq1PBuAB4wGsAfXZBwpw93pyVEbA2+Bp&y=U2FsdGVkX18t868K2L8Lkt3t2x3X7JJpHXRoFOnx7fy69nlXCptztNS7ZbN/t4Ja HTTP/1.1" 200 24
186.28.104.213 - - [01/Apr/2022:22:16:42 -0500] "GET /kwssiamovil/sm/acme/a?s=U2FsdGVkX18kLfBhSmnJglzEC8eHsOYxsGFXZqmONBxlJxrksP0jqrk6+B9oQlnz2FEHqbV0vvQNXj0toor01Hjoufgn5dYgd93sZz0Y2aa2MWUVV8l7zdM1siV0Zb/1+Fh52hJW7bBMDWxih23sIDucGWIClHViVikOa2L8IaL6pn2Mcjx2ogX3f13ZZzySohekw0Dtz6jytd9RXszcgA==&u=U2FsdGVkX1+fFRzXyXT9EAz2xE+YbMdgQq1PBuAB4wGsAfXZBwpw93pyVEbA2+Bp&y=U2FsdGVkX18t868K2L8Lkt3t2x3X7JJpHXRoFOnx7fy69nlXCptztNS7ZbN/t4Ja HTTP/1.1" 200 25
186.28.104.213 - - [01/Apr/2022:22:16:43 -0500] "GET /kwssiamovil/sm/acme/a?s=U2FsdGVkX19LUcpjI5o0jqqFOWg5lrO+iEvaIuXuT/SE+BX1/wbKW/lJYzoFQLBpDYlWU/mi9/SdWs3an5x7QlW1G5xm1iHCmsyhL1q3+zn+yC72p2W+Uokuu4Sc5tyqPtQpB0DjVHTz4FMmDk/wGXyRL4B8/S2+g/b9eXjQzhaMgxG8eX+fSrHnI6aAtvza&u=U2FsdGVkX1+fFRzXyXT9EAz2xE+YbMdgQq1PBuAB4wGsAfXZBwpw93pyVEbA2+Bp&y=U2FsdGVkX18t868K2L8Lkt3t2x3X7JJpHXRoFOnx7fy69nlXCptztNS7ZbN/t4Ja HTTP/1.1" 200 25
186.28.104.213 - - [01/Apr/2022:22:16:43 -0500] "GET /kwssiamovil/sm/acme/a?s=U2FsdGVkX19AV+yV/QDng5OxcP8TXgAo8IxDEaCH7Zj1/EX9wNLuKXDeIx0tLzr0ecR3yx+CqSYZctgwxH+u2/vKejxWLzSdaagD+7hBOH4dT65DoZDmDu/OfNBVzQIqkgmuePhKJHjNES4MoeJNHI49PiLIHyWayQK5UMNOlh1GN5bglk5fSpHG1TfoB7c48wKF5WvjFdcUFl3U7yE7gw==&u=U2FsdGVkX1+fFRzXyXT9EAz2xE+YbMdgQq1PBuAB4wGsAfXZBwpw93pyVEbA2+Bp&y=U2FsdGVkX18t868K2L8Lkt3t2x3X7JJpHXRoFOnx7fy69nlXCptztNS7ZbN/t4Ja HTTP/1.1" 200 25
186.28.104.213 - - [01/Apr/2022:22:16:43 -0500] "GET /kwssiamovil/sm/acme/a?s=U2FsdGVkX1/gfWuBSLQeOx0MjTXSIIDSLAh+CZ3LfPDz0/nQ8D9daMFzez1/asZe7337GGX+0pnGXqpOebhttlQPBbItgk5ydGnhxyCFCjlW8n+/ivoCANtrRibtqEfqjf95ITmnL7V5rW0esA4lKM5HWH+oL2GWjfJz0Oiww3hW7pVq1zRe8GqYEU7VEMix&u=U2FsdGVkX1+fFRzXyXT9EAz2xE+YbMdgQq1PBuAB4wGsAfXZBwpw93pyVEbA2+Bp&y=U2FsdGVkX18t868K2L8Lkt3t2x3X7JJpHXRoFOnx7fy69nlXCptztNS7ZbN/t4Ja HTTP/1.1" 200 25
186.28.104.213 - - [01/Apr/2022:22:16:43 -0500] "GET /kwssiamovil/sm/acme/a?s=U2FsdGVkX1/UsmvSzBPYk3ok7q/PLppw7DIKIlcutTjloCoaaxTO24gmhDdHZCWr2kheSHVMTA0LUJrq5TxJ+2INsEXUUJq6uCRLOQyyXmWIb2Wc851u8+t3boUsvkgRZnY2OFuAXa+khoHK3mSXiQ0QrACP8uUXMandrDophBqX6vPn+s9SuNosRo0Bi/oLKL6wOclPVSxU2lnDC0Pdvg==&u=U2FsdGVkX1+fFRzXyXT9EAz2xE+YbMdgQq1PBuAB4wGsAfXZBwpw93pyVEbA2+Bp&y=U2FsdGVkX18t868K2L8Lkt3t2x3X7JJpHXRoFOnx7fy69nlXCptztNS7ZbN/t4Ja HTTP/1.1" 200 25
186.28.104.213 - - [01/Apr/2022:22:16:44 -0500] "GET /kwssiamovil/sm/acme/a?s=U2FsdGVkX1/YYAdu7htKN1fk5AI2aO5sL/G1+CgLRjLMjDw9qWf0pXaksqndZ70H2Lr2TJhBOfZM1RCbSxfOcG0/PUSCNrlX4yRVE+Bb61L91kaEvJjwk2YiYxo7diq05EKscHgDohUMggKyryLB5aK4d5D3wpRL9DVEZX+WK/VefXyjO4Zr5k3aOqj4TEcQ&u=U2FsdGVkX1+fFRzXyXT9EAz2xE+YbMdgQq1PBuAB4wGsAfXZBwpw93pyVEbA2+Bp&y=U2FsdGVkX18t868K2L8Lkt3t2x3X7JJpHXRoFOnx7fy69nlXCptztNS7ZbN/t4Ja HTTP/1.1" 200 25
186.28.104.213 - - [01/Apr/2022:22:16:44 -0500] "GET /kwssiamovil/sm/acme/a?s=U2FsdGVkX1/wZytGEKIyw79pkhQu2TKuVXoEi0nHm2poNUjAC2646kFBmvBkhUusUvHF2ujn44yf8i+YsXuRYV1TjGsRugVy2+RXBvLDaXRH/lTQR1maXmGBQQNpF+ynh0zjugB4oEVCPHtmOuM04WwMbcp4PY5OVilkdIrczGcIXtKa/Be7JiHxchiBVAn7WwABF3riKDJVqH+UwH4shQ==&u=U2FsdGVkX1+fFRzXyXT9EAz2xE+YbMdgQq1PBuAB4wGsAfXZBwpw93pyVEbA2+Bp&y=U2FsdGVkX18t868K2L8Lkt3t2x3X7JJpHXRoFOnx7fy69nlXCptztNS7ZbN/t4Ja HTTP/1.1" 200 25
186.28.104.213 - - [01/Apr/2022:22:16:44 -0500] "GET /kwssiamovil/sm/acme/a?s=U2FsdGVkX1/IdT5Kg8UWDH9POhVXDCtI9DohczXdLQkSR0w53SD1wtUChaANRdaJlh3zyKkNkx8tDNyZ/GGC9ny2aNMc8HyjP7CdB8fUN7XGQ9B53UGD77AwBUDKf5Fzim3S0fvAhY1/zyTMbvP4F/QkH2J1HzknW5s/4nu1uCiZ8QihaOtipy7giSMtaWaH&u=U2FsdGVkX1+fFRzXyXT9EAz2xE+YbMdgQq1PBuAB4wGsAfXZBwpw93pyVEbA2+Bp&y=U2FsdGVkX18t868K2L8Lkt3t2x3X7JJpHXRoFOnx7fy69nlXCptztNS7ZbN/t4Ja HTTP/1.1" 200 25
186.28.104.213 - - [01/Apr/2022:22:16:44 -0500] "GET /kwssiamovil/sm/acme/a?s=U2FsdGVkX1+wzk9YYWoIEYms5C7SQ8W3JqLeB/YEhuZAoChcxwcWvE9AoYttgi00rbLJ4VIDhSF79VfKrsrxeXibUAgFhEIQtrbg9V5j78u9fbL5HedW2f/h4t3QItQPYhh2zLTbM+HyesW9eR+evk3S5IiTfUlaWSMZ9SJSPw/S/ElptyZ+Cr/hrXY2JlW/OYuP0EePLro6aZn03qikUA==&u=U2FsdGVkX1+fFRzXyXT9EAz2xE+YbMdgQq1PBuAB4wGsAfXZBwpw93pyVEbA2+Bp&y=U2FsdGVkX18t868K2L8Lkt3t2x3X7JJpHXRoFOnx7fy69nlXCptztNS7ZbN/t4Ja HTTP/1.1" 200 25
186.28.104.213 - - [01/Apr/2022:22:16:44 -0500] "GET /kwssiamovil/sm/acme/a?s=U2FsdGVkX1+qXdrzIRaem4hD9V7DFq+5etttVdEaQ/LT4k+nCOfTEjYkuTFu80TQLJ8+CAaGZIun3004Aoa01zQx/M9DwI9K64KyOy62lk1pnbyLSVobyQyqi4CZAOJhDuR2wvy7h089rn8eqeJnPVYErtav322y3OCJKPBpYxpqiGeC4zBDgOXF42GUducq&u=U2FsdGVkX1+fFRzXyXT9EAz2xE+YbMdgQq1PBuAB4wGsAfXZBwpw93pyVEbA2+Bp&y=U2FsdGVkX18t868K2L8Lkt3t2x3X7JJpHXRoFOnx7fy69nlXCptztNS7ZbN/t4Ja HTTP/1.1" 200 25
186.28.104.213 - - [01/Apr/2022:22:16:45 -0500] "GET /kwssiamovil/sm/acme/a?s=U2FsdGVkX19dTK6cDsbnAs2iuLn7dPFkEIbzqjx7gLYTSi9r5kPoLvp12+bz6qgTqXI+GXoIUrmQFvUlS9hngeIZ5+qGqLeUFzhbGSXCDIBLzMoYWhxnA9gZv6EfWs8Sxc0kdyv5wpyjy9Yo5On+2G1PJ0cizc3J3LUFEWxnnjZCf3asTXAIxFtZX7MLebXLWQjolbvgwJMiuzRqL2FvPw==&u=U2FsdGVkX1+fFRzXyXT9EAz2xE+YbMdgQq1PBuAB4wGsAfXZBwpw93pyVEbA2+Bp&y=U2FsdGVkX18t868K2L8Lkt3t2x3X7JJpHXRoFOnx7fy69nlXCptztNS7ZbN/t4Ja HTTP/1.1" 200 25
186.28.104.213 - - [01/Apr/2022:22:16:45 -0500] "GET /kwssiamovil/sm/acme/a?s=U2FsdGVkX1/koEtx2LwLaoHpHy9TKotE1KSOJZwhBPL5xBR2YPgWhmMVI/AFxVWykCgf5jPaYJUVOV7AXb4VosDcYj+UZGIwnhwbqM7ZcbIA2tDyFPD2LGYIxvE5euH6XuXPbrLtxg2GG+DJvVhuTTf0WdrLlsWo2BEHic3NTHH4jLJSbSIcrU9BGfPdLPCI&u=U2FsdGVkX1+fFRzXyXT9EAz2xE+YbMdgQq1PBuAB4wGsAfXZBwpw93pyVEbA2+Bp&y=U2FsdGVkX18t868K2L8Lkt3t2x3X7JJpHXRoFOnx7fy69nlXCptztNS7ZbN/t4Ja HTTP/1.1" 200 25
216.245.221.92 - - [01/Apr/2022:22:17:05 -0500] "HEAD / HTTP/1.1" 200 -
172.22.2.4 - - [01/Apr/2022:22:16:01 -0500] "HEAD /BLA/boletinlegal/ HTTP/1.1" 200 -
172.22.2.4 - - [01/Apr/2022:22:16:52 -0500] "GET /BLA/boletinlegal/ HTTP/1.1" 200 59170
207.46.13.199 - - [01/Apr/2022:22:20:12 -0500] "GET /BLA/resoluciones/index.php?dir=RESOLUCIONES+2021%2F HTTP/1.1" 200 303054
207.46.13.199 - - [01/Apr/2022:22:21:53 -0500] "GET /sipse/faces/autenticacion.xhtml HTTP/1.1" 200 12500
216.245.221.92 - - [01/Apr/2022:22:22:05 -0500] "HEAD / HTTP/1.1" 200 -
208.115.232.34 - - [01/Apr/2022:22:22:18 -0500] "GET / HTTP/1.1" 200 319
201.245.192.253 - - [01/Apr/2022:22:22:34 -0500] "POST /kwsrmcab/Wsrmcab HTTP/1.1" 200 45457
172.22.2.4 - - [01/Apr/2022:22:21:51 -0500] "HEAD /BLA/boletinlegal/ HTTP/1.1" 200 -
102.129.153.221 - - [01/Apr/2022:22:23:42 -0500] "GET / HTTP/1.1" 200 319
172.22.2.4 - - [01/Apr/2022:22:22:44 -0500] "GET /BLA/boletinlegal/ HTTP/1.1" 200 36811
201.245.192.253 - - [01/Apr/2022:22:23:24 -0500] "POST /kwsrmcab/Wsrmcab HTTP/1.1" 200 42760
172.22.2.4 - - [01/Apr/2022:22:22:42 -0500] "GET /BLA/boletinlegal/ HTTP/1.1" 200 51004
66.220.149.12 - - [01/Apr/2022:22:26:25 -0500] "GET /images/feria-servicios-cuidamos-bogota-31-marzo.jpg HTTP/1.1" 200 109745
172.22.2.4 - - [01/Apr/2022:22:26:39 -0500] "GET /BLA/boletinlegal/actos.php HTTP/1.1" 200 9555
172.22.2.4 - - [01/Apr/2022:22:26:40 -0500] "GET /BLA/boletinlegal/favicon.ico HTTP/1.1" 404 1326
216.245.221.92 - - [01/Apr/2022:22:27:05 -0500] "HEAD / HTTP/1.1" 200 -
79.110.73.43 - - [01/Apr/2022:22:28:16 -0500] "GET /BLA/resoluciones/RESOLUCIONES%202021/2903.pdf HTTP/1.1" 200 474460
172.22.2.4 - - [01/Apr/2022:22:28:16 -0500] "GET /BLA/boletinlegal/consulta_actos.php?tipo=resoluciones&no=1824&usuario=&sector=&fecha=2017&resuelve= HTTP/1.1" 200 1675
172.22.2.4 - - [01/Apr/2022:22:28:16 -0500] "GET /BLA/boletinlegal/images/pdf.gif HTTP/1.1" 200 567
172.22.2.4 - - [01/Apr/2022:22:28:19 -0500] "GET /BLA/boletinlegal/consulta_actos.php?tipo=resoluciones&no=1824&usuario=&sector=&fecha=2017&resuelve= HTTP/1.1" 200 1675
172.22.2.4 - - [01/Apr/2022:22:28:37 -0500] "GET /BLA/boletinlegal/actos.php HTTP/1.1" 200 9555
172.22.2.4 - - [01/Apr/2022:22:28:38 -0500] "GET /BLA/boletinlegal/favicon.ico HTTP/1.1" 404 1326
40.77.167.61 - - [01/Apr/2022:22:28:44 -0500] "GET / HTTP/1.1" 200 319
172.22.2.4 - - [01/Apr/2022:22:27:41 -0500] "HEAD /BLA/boletinlegal/ HTTP/1.1" 200 -
173.252.95.119 - - [01/Apr/2022:22:29:23 -0500] "GET /images/llantas-teusaquillo-1-abril.jpg HTTP/1.1" 200 50674
173.252.79.119 - - [01/Apr/2022:22:29:31 -0500] "GET /images/feria-servicios-cuidamos-bogota-31-marzo.jpg HTTP/1.1" 200 109745
172.22.2.4 - - [01/Apr/2022:22:28:32 -0500] "GET /BLA/boletinlegal/ HTTP/1.1" 200 59170
216.245.221.92 - - [01/Apr/2022:22:32:05 -0500] "HEAD / HTTP/1.1" 200 -
173.252.87.25 - - [01/Apr/2022:22:32:19 -0500] "GET /images/estacion-monitoreo-usme-29-marzo.jpg HTTP/1.1" 200 30383
186.154.7.103 - - [01/Apr/2022:22:33:18 -0500] "GET /forest/ HTTP/1.1" 200 12041
201.245.192.253 - - [01/Apr/2022:22:32:34 -0500] "POST /kwsrmcab/Wsrmcab HTTP/1.1" 200 45457
201.245.192.253 - - [01/Apr/2022:22:33:23 -0500] "POST /kwsrmcab/Wsrmcab HTTP/1.1" 200 42760
66.249.66.86 - - [01/Apr/2022:22:34:45 -0500] "-" 408 -
172.22.2.4 - - [01/Apr/2022:22:33:31 -0500] "HEAD /BLA/boletinlegal/ HTTP/1.1" 200 -
172.22.2.4 - - [01/Apr/2022:22:34:22 -0500] "GET /BLA/boletinlegal/ HTTP/1.1" 200 55450
216.245.221.92 - - [01/Apr/2022:22:37:05 -0500] "HEAD / HTTP/1.1" 200 -
172.22.2.4 - - [01/Apr/2022:22:35:47 -0500] "GET /BLA/boletinlegal/ HTTP/1.1" 200 62940
172.22.2.4 - - [01/Apr/2022:22:39:36 -0500] "GET /BLA/boletinlegal/Circulares/2022/CIRCULAR%20No.%2000003%20DEL%2007%20DE%20MARZO%20DEL%202022.pdf HTTP/1.1" 404 1038
172.22.2.4 - - [01/Apr/2022:22:39:39 -0500] "GET /BLA/boletinlegal/Circulares/2021/CIRCULAR%20No.%2000009%20DEL%2001%20DE%20OCTUBRE%20DEL%202021.pdf HTTP/1.1" 200 320793
172.22.2.4 - - [01/Apr/2022:22:39:47 -0500] "GET /BLA/boletinlegal/Circulares/2021/CIRCULAR%20No.%2000007%20DEL%2010%20DE%20AGOSTO%20DEL%202021.pdf HTTP/1.1" 200 266364
172.22.2.4 - - [01/Apr/2022:22:39:55 -0500] "GET /BLA/boletinlegal/Circulares/2021/CIRCULAR%20No.%2000006%20DEL%2005%20DE%20AGOSTO%20DEL%202021.pdf HTTP/1.1" 200 249615
172.22.2.4 - - [01/Apr/2022:22:40:01 -0500] "GET /BLA/boletinlegal/Circulares/2020/Circular%20No.%2000018%20del%2002%20de%20diciembre%20del%202020.pdf HTTP/1.1" 200 276868
172.22.2.4 - - [01/Apr/2022:22:40:08 -0500] "GET /BLA/boletinlegal/Circulares/2020/Circular%2000010%20del%2027%20de%20julio%20de%202020.pdf HTTP/1.1" 200 422655
172.22.2.4 - - [01/Apr/2022:22:40:19 -0500] "GET /BLA/boletinlegal/Circulares/2020/CIRCULAR%20No.%2000019%20DEL%2018%20DE%20DICIEMBRE%20DEL%202020.pdf HTTP/1.1" 200 307959
172.22.2.4 - - [01/Apr/2022:22:40:26 -0500] "GET /BLA/boletinlegal/Circulares/2020/CIRCULAR%20No.%2000014%20del%2001%20de%20septiembre%20del%202020.pdf HTTP/1.1" 200 320826
66.249.66.85 - - [01/Apr/2022:22:40:28 -0500] "-" 408 -
172.22.2.4 - - [01/Apr/2022:22:40:33 -0500] "GET /BLA/boletinlegal/Circulares/2019/Circular%20No.%2012%20del%2014%20de%20Marzo%20de%202019.pdf HTTP/1.1" 200 344384
172.22.2.4 - - [01/Apr/2022:22:40:38 -0500] "GET /BLA/boletinlegal/Circulares/2019/Circular%20No.%20006%20del%2008%20de%20Febrero%20de%202019.pdf HTTP/1.1" 200 674401
172.22.2.4 - - [01/Apr/2022:22:40:45 -0500] "GET /BLA/boletinlegal/Circulares/2019/Circular%20No.%200015%20del%2003%20de%20Octubre%20de%202019.pdf HTTP/1.1" 200 165608
172.22.2.4 - - [01/Apr/2022:22:40:51 -0500] "GET /BLA/boletinlegal/Circulares/2019/Circular%20No.%200005%20del%2020%20de%20Marzo%20de%202019.pdf HTTP/1.1" 200 159877
172.22.2.4 - - [01/Apr/2022:22:40:57 -0500] "GET /BLA/boletinlegal/Circulares/2019/Circular%20No.%200003%20del%2031%20de%20Enero%20de%202019.pdf HTTP/1.1" 200 164676
172.22.2.4 - - [01/Apr/2022:22:39:21 -0500] "HEAD /BLA/boletinlegal/ HTTP/1.1" 200 -
172.22.2.4 - - [01/Apr/2022:22:41:03 -0500] "GET /BLA/boletinlegal/Circulares/2019/Circular%2000020%20del%2020%20de%20diciembre%20de%202019.pdf HTTP/1.1" 200 145170
172.22.2.4 - - [01/Apr/2022:22:41:08 -0500] "GET /BLA/boletinlegal/Circulares/2019/Circular%2000018%20del%2020%20de%20noviembre%20de%202019.pdf HTTP/1.1" 200 158030
172.22.2.4 - - [01/Apr/2022:22:41:13 -0500] "GET /BLA/boletinlegal/Circulares/2019/.pdf HTTP/1.1" 404 1218
172.22.2.4 - - [01/Apr/2022:22:41:15 -0500] "GET /BLA/boletinlegal/Circulares/2018/Circular%20No.%2011%20del%2024%20de%20Septiembre%20de%202018.pdf HTTP/1.1" 200 169541
172.22.2.4 - - [01/Apr/2022:22:41:21 -0500] "GET /BLA/boletinlegal/Circulares/2018/Circular%20No.%2010%20del%2021%20de%20Septiembre%20de%202018.pdf HTTP/1.1" 200 163426
172.22.2.4 - - [01/Apr/2022:22:41:26 -0500] "GET /BLA/boletinlegal/Circulares/2018/Circular%20No.%200015%20del%207%20de%20Diciembre%20de%202018.pdf HTTP/1.1" 200 165305
172.22.2.4 - - [01/Apr/2022:22:41:32 -0500] "GET /BLA/boletinlegal/Circulares/2018/CIRCULAR%20COJUNTA%20042%20DE%202018.pdf HTTP/1.1" 200 515008
172.22.2.4 - - [01/Apr/2022:22:41:40 -0500] "GET /BLA/boletinlegal/Circulares/2017/Circular%20No.%202%20del%201%20de%20Septiembre%20de%202017.pdf HTTP/1.1" 200 152575
172.22.2.4 - - [01/Apr/2022:22:41:45 -0500] "GET /BLA/boletinlegal/Circulares/2017/Circular%20No.%201%20del%2030%20de%20Marzo%20de%202017.pdf HTTP/1.1" 200 668532
172.22.2.4 - - [01/Apr/2022:22:40:12 -0500] "GET /BLA/boletinlegal/ HTTP/1.1" 200 61416
172.22.2.4 - - [01/Apr/2022:22:41:52 -0500] "GET /BLA/boletinlegal/Circulares/2017/Circular%20No.%2007%20del%2028%20de%20Abril%20de%202017.pdf HTTP/1.1" 200 309906
51.161.115.226 - - [01/Apr/2022:22:41:55 -0500] "GET /auambari-deleito-con-sus-sonidos-ambientales-a-los-asistentes-de-fima-2021.html HTTP/1.1" 200 888
172.22.2.4 - - [01/Apr/2022:22:41:58 -0500] "GET /BLA/boletinlegal/Circulares/2017/Circular%20No.%20011%20del%2005%20de%20julio%20de%202017.pdf HTTP/1.1" 200 965526
172.22.2.4 - - [01/Apr/2022:22:42:04 -0500] "GET /BLA/boletinlegal/Circulares/2015/Circular%20No.%202%20del%201%20de%20julio%20de%202015.pdf HTTP/1.1" 200 752890
216.245.221.92 - - [01/Apr/2022:22:42:05 -0500] "HEAD / HTTP/1.1" 200 -
172.22.2.4 - - [01/Apr/2022:22:42:11 -0500] "GET /BLA/boletinlegal/Circulares/2015/Circular%20No.%201%20del%2010%20de%20Febrero%20de%202015.pdf HTTP/1.1" 200 660637
172.22.2.4 - - [01/Apr/2022:22:42:20 -0500] "GET /BLA/boletinlegal/Circulares/2014/Circular%20No.%203%20del%2014%20de%20Noviembre%20de%202014.pdf HTTP/1.1" 200 104132
172.22.2.4 - - [01/Apr/2022:22:42:25 -0500] "GET /BLA/boletinlegal/Circulares/2014/Circular%20No.%202%20del%2021%20de%20septiembre%20de%202014.pdf HTTP/1.1" 200 143376
172.22.2.4 - - [01/Apr/2022:22:42:32 -0500] "GET /BLA/boletinlegal/Circulares/2014/Circular%20No.%201%20del%2008%20de%20Mayo%20de%202014.pdf HTTP/1.1" 200 180124
172.22.2.4 - - [01/Apr/2022:22:42:44 -0500] "GET /BLA/boletinlegal/Circulares/2013/Circular%20No.%208%20del%201%20de%20Noviembre%20de%202013.pdf HTTP/1.1" 200 385156
172.22.2.4 - - [01/Apr/2022:22:42:52 -0500] "GET /BLA/boletinlegal/Circulares/2013/Circular%20No.%207%20del%201%20de%20Agosto%20de%202013.pdf HTTP/1.1" 200 340934
172.22.2.4 - - [01/Apr/2022:22:42:57 -0500] "GET /BLA/boletinlegal/Circulares/2013/Circular%20No.%206%20del%2019%20de%20julio%20de%202013.pdf HTTP/1.1" 200 4210437
172.22.2.4 - - [01/Apr/2022:22:43:13 -0500] "GET /BLA/boletinlegal/Circulares/2013/Circular%20No.%205%20del%2013%20de%20junio%20de%202013.pdf HTTP/1.1" 200 110904
172.22.2.4 - - [01/Apr/2022:22:43:20 -0500] "GET /BLA/boletinlegal/Circulares/2013/Circular%20No.%204%20del%2005%20de%20junio%20de%202013.pdf HTTP/1.1" 200 130461
201.245.192.253 - - [01/Apr/2022:22:42:33 -0500] "POST /kwsrmcab/Wsrmcab HTTP/1.1" 200 45457
172.22.2.4 - - [01/Apr/2022:22:43:25 -0500] "GET /BLA/boletinlegal/Circulares/2013/Circular%20No.%203%20del%2005%20de%20abril%20de%202013.pdf HTTP/1.1" 200 93580
172.22.2.4 - - [01/Apr/2022:22:43:28 -0500] "GET /BLA/boletinlegal/Circulares/2013/Circular%20No.%202%20del%2022%20de%20enero%20de%202013.pdf HTTP/1.1" 200 85466
172.22.2.4 - - [01/Apr/2022:22:43:33 -0500] "GET /BLA/boletinlegal/Circulares/2013/Circular%20No.%201%20del%2014%20de%20enero%20de%202013.pdf HTTP/1.1" 200 1298384
172.22.2.4 - - [01/Apr/2022:22:43:39 -0500] "GET /BLA/boletinlegal/Circulares/2012/Circular%20No.%209%20del%2021%20de%20Agosto%20de%202012.pdf HTTP/1.1" 200 1402289
172.22.2.4 - - [01/Apr/2022:22:43:48 -0500] "GET /BLA/boletinlegal/Circulares/2012/Circular%20No.%208%20del%2021%20de%20Agosto%20de%202012.pdf HTTP/1.1" 200 963197
172.22.2.4 - - [01/Apr/2022:22:43:56 -0500] "GET /BLA/boletinlegal/Circulares/2012/Circular%20No.%207%20del%2008%20de%20Agosto%20de%202012.pdf HTTP/1.1" 200 972955
172.22.2.4 - - [01/Apr/2022:22:44:03 -0500] "GET /BLA/boletinlegal/Circulares/2012/Circular%20No.%206%20del%2025%20de%20Mayo%20de%202012.pdf HTTP/1.1" 200 387391
172.22.2.4 - - [01/Apr/2022:22:44:09 -0500] "GET /BLA/boletinlegal/Circulares/2012/Circular%20No.%205%20del%2027%20de%20Abril%20de%202012.pdf HTTP/1.1" 200 216613
201.245.192.253 - - [01/Apr/2022:22:43:22 -0500] "POST /kwsrmcab/Wsrmcab HTTP/1.1" 200 42760
172.22.2.4 - - [01/Apr/2022:22:44:17 -0500] "GET /BLA/boletinlegal/Circulares/2012/Circular%20No.%204%20del%2019%20de%20abril%20de%202012.pdf HTTP/1.1" 200 253045
172.22.2.4 - - [01/Apr/2022:22:44:24 -0500] "GET /BLA/boletinlegal/Circulares/2012/Circular%20No.%203%20del%2023%20de%20Marzo%20de%202012.pdf HTTP/1.1" 200 572950
172.22.2.4 - - [01/Apr/2022:22:44:31 -0500] "GET /BLA/boletinlegal/Circulares/2012/Circular%20No.%202%20del%2014%20de%20Marzo%20de%202012.pdf HTTP/1.1" 200 113666
172.22.2.4 - - [01/Apr/2022:22:44:38 -0500] "GET /BLA/boletinlegal/Circulares/2012/Circular%20No.%2016%20del%2022%20de%20octubre%20de%202012.pdf HTTP/1.1" 200 381186
172.22.2.4 - - [01/Apr/2022:22:44:45 -0500] "GET /BLA/boletinlegal/Circulares/2012/Circular%20No.%2015%20del%2022%20de%20octubre%20de%202012.pdf HTTP/1.1" 200 486506
31.210.20.109 - - [01/Apr/2022:22:44:45 -0500] "GET / HTTP/1.1" 200 319
31.210.20.109 - - [01/Apr/2022:22:44:46 -0500] "POST /HNAP1/ HTTP/1.1" 404 1018
172.22.2.4 - - [01/Apr/2022:22:44:54 -0500] "GET /BLA/boletinlegal/Circulares/2012/Circular%20No.%2014%20del%2011%20de%20Septiembre%20de%202012.pdf HTTP/1.1" 200 3427471
172.22.2.4 - - [01/Apr/2022:22:45:05 -0500] "GET /BLA/boletinlegal/Circulares/2012/Circular%20No.%2013%20del%2006%20de%20Septiembre%20de%202012.pdf HTTP/1.1" 200 351421
172.22.2.4 - - [01/Apr/2022:22:45:13 -0500] "GET /BLA/boletinlegal/Circulares/2012/Circular%20No.%2012%20del%2028%20de%20Agosto%20de%202012.pdf HTTP/1.1" 200 369945
172.22.2.4 - - [01/Apr/2022:22:45:21 -0500] "GET /BLA/boletinlegal/Circulares/2012/Circular%20No.%2011%20del%2027%20de%20Agosto%20de%202012.pdf HTTP/1.1" 200 526945
172.22.2.4 - - [01/Apr/2022:22:45:27 -0500] "GET /BLA/boletinlegal/Circulares/2012/Circular%20No.%2010%20del%2026%20de%20Enero%20de%202012.pdf HTTP/1.1" 404 1218
172.22.2.4 - - [01/Apr/2022:22:45:29 -0500] "GET /BLA/boletinlegal/Circulares/2012/Circular%20No.%2010%20del%2022%20de%20Agosto%20de%202012.pdf HTTP/1.1" 200 1563219
172.22.2.4 - - [01/Apr/2022:22:45:52 -0500] "GET /BLA/boletinlegal/Circulares/2012/Circular%20No.%201%20del%2017%20de%20Enero%20de%202012.pdf HTTP/1.1" 200 1118749
172.22.2.4 - - [01/Apr/2022:22:46:01 -0500] "GET /BLA/boletinlegal/Circulares/2011/Circular%20No.%209%20del%2003%20de%20Noviembre%20de%202011.pdf HTTP/1.1" 200 54568
172.22.2.4 - - [01/Apr/2022:22:46:07 -0500] "GET /BLA/boletinlegal/Circulares/2011/Circular%20No.%208%20del%2020%20de%20Septiembre%20de%202011.pdf HTTP/1.1" 200 285158
172.22.2.4 - - [01/Apr/2022:22:46:13 -0500] "GET /BLA/boletinlegal/Circulares/2011/Circular%20No.%207%20del%2023%20de%20Diciembre%20de%202011.pdf HTTP/1.1" 200 1107785
172.22.2.4 - - [01/Apr/2022:22:46:27 -0500] "GET /BLA/boletinlegal/Circulares/2011/Circular%20No.%207%20del%2015%20de%20Septiembre%20de%202011.pdf HTTP/1.1" 200 314873
172.22.2.4 - - [01/Apr/2022:22:46:37 -0500] "GET /BLA/boletinlegal/Circulares/2011/Circular%20No.%206%20del%2029%20de%20Julio%20de%202011.pdf HTTP/1.1" 200 262144
172.22.2.4 - - [01/Apr/2022:22:46:46 -0500] "GET /BLA/boletinlegal/Circulares/2011/Circular%20No.%206%20del%2023%20de%20Septiembre%20de%202011.pdf HTTP/1.1" 200 252800
172.22.2.4 - - [01/Apr/2022:22:45:11 -0500] "HEAD /BLA/boletinlegal/ HTTP/1.1" 200 -
172.22.2.4 - - [01/Apr/2022:22:46:54 -0500] "GET /BLA/boletinlegal/Circulares/2011/Circular%20No.%205%20del%2014%20de%20Julio%20de%202011.pdf HTTP/1.1" 200 1488992
172.22.2.4 - - [01/Apr/2022:22:47:01 -0500] "GET /BLA/boletinlegal/Circulares/2011/Circular%20No.%205%20del%2012%20de%20Agosto%20de%202011.pdf HTTP/1.1" 200 431796
216.245.221.92 - - [01/Apr/2022:22:47:05 -0500] "HEAD / HTTP/1.1" 200 -
172.22.2.4 - - [01/Apr/2022:22:47:11 -0500] "GET /BLA/boletinlegal/Circulares/2011/Circular%20No.%204%20del%2014%20de%20Julio%20de%202011.pdf HTTP/1.1" 200 399895
172.22.2.4 - - [01/Apr/2022:22:47:18 -0500] "GET /BLA/boletinlegal/Circulares/2011/Circular%20No.%204%20del%2012%20de%20Agosto%20de%202011.pdf HTTP/1.1" 200 601047
172.22.2.4 - - [01/Apr/2022:22:47:24 -0500] "GET /BLA/boletinlegal/Circulares/2011/Circular%20No.%203%20del%2023%20de%20Junio%20de%202011.pdf HTTP/1.1" 200 1452758
172.22.2.4 - - [01/Apr/2022:22:47:31 -0500] "GET /BLA/boletinlegal/Circulares/2011/Circular%20No.%203%20del%2016%20de%20Junio%20de%202011.pdf HTTP/1.1" 200 346378
172.22.2.4 - - [01/Apr/2022:22:47:37 -0500] "GET /BLA/boletinlegal/Circulares/2011/Circular%20No.%202%20del%2031%20de%20Mayo%20de%202011.pdf HTTP/1.1" 200 496778
172.22.2.4 - - [01/Apr/2022:22:46:02 -0500] "GET /BLA/boletinlegal/ HTTP/1.1" 200 59170
172.22.2.4 - - [01/Apr/2022:22:47:45 -0500] "GET /BLA/boletinlegal/Circulares/2011/Circular%20No.%202%20del%2026%20de%20Mayo%20de%202011.pdf HTTP/1.1" 200 644194
172.22.2.4 - - [01/Apr/2022:22:47:51 -0500] "GET /BLA/boletinlegal/Circulares/2011/Circular%20No.%201%20del%2023%20de%20Febrero%20de%202011.pdf HTTP/1.1" 200 540140
172.22.2.4 - - [01/Apr/2022:22:47:58 -0500] "GET /BLA/boletinlegal/Circulares/2011/Circular%20No.%201%20del%2012%20de%20Abril%20de%202011.pdf HTTP/1.1" 200 366269
68.183.189.173 - - [01/Apr/2022:22:48:05 -0500] "GET / HTTP/1.1" 200 319
172.22.2.4 - - [01/Apr/2022:22:48:07 -0500] "GET /BLA/boletinlegal/Circulares/2011/Circular%20003%20de%20Febrero%20de%202011.pdf HTTP/1.1" 200 224758
172.22.2.4 - - [01/Apr/2022:22:48:14 -0500] "GET /BLA/boletinlegal/Circulares/2010/Circular%2006%20de%208%20de%20septiembre%20de%202010.pdf HTTP/1.1" 200 4657752
216.245.221.92 - - [01/Apr/2022:22:52:05 -0500] "HEAD / HTTP/1.1" 200 -
172.22.2.4 - - [01/Apr/2022:22:51:01 -0500] "HEAD /BLA/boletinlegal/ HTTP/1.1" 200 -
173.252.107.17 - - [01/Apr/2022:22:53:02 -0500] "GET /images/llantas-teusaquillo-1-abril.jpg HTTP/1.1" 200 50674
172.22.2.4 - - [01/Apr/2022:22:51:52 -0500] "GET /BLA/boletinlegal/ HTTP/1.1" 200 59170
207.46.13.199 - - [01/Apr/2022:22:55:36 -0500] "GET /BLA/resoluciones/index.php?dir=RESOLUCIONES+2021%2F HTTP/1.1" 200 303054
216.245.221.92 - - [01/Apr/2022:22:57:05 -0500] "HEAD / HTTP/1.1" 200 -
207.46.13.157 - - [01/Apr/2022:22:58:11 -0500] "GET /BLA/resoluciones/index.php?dir=AUTOS+2019%2F HTTP/1.1" 200 342327
172.22.2.4 - - [01/Apr/2022:22:56:51 -0500] "HEAD /BLA/boletinlegal/ HTTP/1.1" 200 -
117.148.130.28 - - [01/Apr/2022:22:58:32 -0500] "HEAD /images/Resultados HTTP/1.1" 404 -
117.148.130.28 - - [01/Apr/2022:22:58:32 -0500] "HEAD /images/banner-humedales-de-bogota.jpg HTTP/1.1" 404 -
186.84.88.83 - - [01/Apr/2022:22:58:49 -0500] "POST /forest/index.php HTTP/1.1" 200 12268
172.22.2.4 - - [01/Apr/2022:22:57:41 -0500] "GET /BLA/boletinlegal/ HTTP/1.1" 200 55877
173.252.107.15 - - [01/Apr/2022:23:00:47 -0500] "GET /administracion-distrital-recolecto-mas-de-460-llantas-usadas-en-engativa-y-teusaquillo.html HTTP/1.1" 206 1092
216.245.221.92 - - [01/Apr/2022:23:02:05 -0500] "HEAD / HTTP/1.1" 200 -
172.22.2.4 - - [01/Apr/2022:23:02:41 -0500] "GET /BLA/boletinlegal/ HTTP/1.1" 200 36811
172.22.2.4 - - [01/Apr/2022:23:04:01 -0500] "GET /BLA/boletinlegal/style.css HTTP/1.1" 200 9406
172.22.2.4 - - [01/Apr/2022:23:04:02 -0500] "GET /BLA/boletinlegal/styles2.css HTTP/1.1" 200 1838
172.22.2.4 - - [01/Apr/2022:23:04:02 -0500] "GET /BLA/boletinlegal/js/jquery.js HTTP/1.1" 200 57254
172.22.2.4 - - [01/Apr/2022:23:04:02 -0500] "GET /BLA/boletinlegal/js/jquery.scrollTo-min.js HTTP/1.1" 200 1150
172.22.2.4 - - [01/Apr/2022:23:04:02 -0500] "GET /BLA/boletinlegal/js/jquery.scrollShow.js HTTP/1.1" 200 4586
172.22.2.4 - - [01/Apr/2022:23:04:02 -0500] "GET /BLA/boletinlegal/images/cabezote%20BLEGAL.jpg HTTP/1.1" 200 118164
172.22.2.4 - - [01/Apr/2022:23:04:03 -0500] "GET /BLA/boletinlegal/images/subscribe-icon-big.png HTTP/1.1" 200 47702
172.22.2.4 - - [01/Apr/2022:23:04:03 -0500] "GET /BLA/boletinlegal/images/historia.png HTTP/1.1" 200 52775
172.22.2.4 - - [01/Apr/2022:23:04:03 -0500] "GET /BLA/boletinlegal/images/registro-usuarios.png HTTP/1.1" 200 8106
172.22.2.4 - - [01/Apr/2022:23:04:03 -0500] "GET /BLA/boletinlegal/images/arr_l.jpg HTTP/1.1" 200 1979
172.22.2.4 - - [01/Apr/2022:23:04:03 -0500] "GET /BLA/boletinlegal/images/body_bg.jpg HTTP/1.1" 200 1601
172.22.2.4 - - [01/Apr/2022:23:04:03 -0500] "GET /BLA/boletinlegal/images/menu_lft.gif HTTP/1.1" 200 1713
172.22.2.4 - - [01/Apr/2022:23:04:03 -0500] "GET /BLA/boletinlegal/images/menu_rght.gif HTTP/1.1" 200 1627
172.22.2.4 - - [01/Apr/2022:23:04:03 -0500] "GET /BLA/boletinlegal/images/bg_top.jpg HTTP/1.1" 200 522
172.22.2.4 - - [01/Apr/2022:23:04:03 -0500] "GET /BLA/boletinlegal/images/menu_bg.jpg HTTP/1.1" 200 620
172.22.2.4 - - [01/Apr/2022:23:04:03 -0500] "GET /BLA/boletinlegal/images/text.jpg HTTP/1.1" 200 568
172.22.2.4 - - [01/Apr/2022:23:04:03 -0500] "GET /BLA/boletinlegal/images/hover.jpg HTTP/1.1" 200 640
172.22.2.4 - - [01/Apr/2022:23:04:03 -0500] "GET /BLA/boletinlegal/images/screen_1.png HTTP/1.1" 200 202547
172.22.2.4 - - [01/Apr/2022:23:04:03 -0500] "GET /BLA/boletinlegal/images/launch.jpg HTTP/1.1" 200 14577
172.22.2.4 - - [01/Apr/2022:23:04:11 -0500] "GET /BLA/boletinlegal/images/screen_2.png HTTP/1.1" 200 362502
172.22.2.4 - - [01/Apr/2022:23:04:11 -0500] "GET /BLA/boletinlegal/images/screen_3.png HTTP/1.1" 200 210620
172.22.2.4 - - [01/Apr/2022:23:04:11 -0500] "GET /BLA/boletinlegal/images/screen_5.png HTTP/1.1" 200 368876
172.22.2.4 - - [01/Apr/2022:23:04:11 -0500] "GET /BLA/boletinlegal/images/arr_r.jpg HTTP/1.1" 200 1998
172.22.2.4 - - [01/Apr/2022:23:04:11 -0500] "GET /BLA/boletinlegal/images/footer_bg.jpg HTTP/1.1" 200 586
172.22.2.4 - - [01/Apr/2022:23:02:41 -0500] "HEAD /BLA/boletinlegal/ HTTP/1.1" 200 -
172.22.2.4 - - [01/Apr/2022:23:04:21 -0500] "GET /BLA/boletinlegal/favicon.ico HTTP/1.1" 404 1037
172.22.2.4 - - [01/Apr/2022:23:04:22 -0500] "GET /BLA/boletinlegal/robots.txt HTTP/1.1" 404 1037
172.22.2.4 - - [01/Apr/2022:23:04:23 -0500] "GET /BLA/boletinlegal/sitemap.xml HTTP/1.1" 404 1037
172.22.2.4 - - [01/Apr/2022:23:04:01 -0500] "GET /BLA/boletinlegal/ HTTP/1.1" 200 32715
172.22.2.4 - - [01/Apr/2022:23:03:31 -0500] "GET /BLA/boletinlegal/ HTTP/1.1" 200 47760
207.46.13.199 - - [01/Apr/2022:23:05:17 -0500] "GET /BLA/resoluciones/index.php?dir=RESOLUCIONES+2012%2F HTTP/1.1" 200 140066
181.51.104.58 - - [01/Apr/2022:23:05:48 -0500] "-" 408 -
181.51.104.58 - - [01/Apr/2022:23:05:58 -0500] "-" 408 -
172.22.2.4 - - [01/Apr/2022:23:05:52 -0500] "GET /BLA/boletinlegal/ HTTP/1.1" 200 32715
216.245.221.92 - - [01/Apr/2022:23:07:05 -0500] "HEAD / HTTP/1.1" 200 -
207.46.13.43 - - [01/Apr/2022:23:07:07 -0500] "GET /sipse/faces/faces/autenticacion.xhtml HTTP/1.1" 200 12500
172.22.2.4 - - [01/Apr/2022:23:08:31 -0500] "HEAD /BLA/boletinlegal/ HTTP/1.1" 200 -
172.22.2.4 - - [01/Apr/2022:23:09:21 -0500] "GET /BLA/boletinlegal/ HTTP/1.1" 200 54090
216.245.221.92 - - [01/Apr/2022:23:12:05 -0500] "HEAD / HTTP/1.1" 200 -
114.119.145.134 - - [01/Apr/2022:23:14:33 -0500] "-" 408 -
114.119.133.222 - - [01/Apr/2022:23:15:15 -0500] "-" 408 -
172.22.2.4 - - [01/Apr/2022:23:14:21 -0500] "HEAD /BLA/boletinlegal/ HTTP/1.1" 200 -
114.119.134.195 - - [01/Apr/2022:23:16:03 -0500] "-" 408 -
173.252.107.16 - - [01/Apr/2022:23:16:45 -0500] "GET /images/feria-servicios-cuidamos-bogota-31-marzo.jpg HTTP/1.1" 200 109745
172.22.2.4 - - [01/Apr/2022:23:15:12 -0500] "GET /BLA/boletinlegal/ HTTP/1.1" 200 59170
172.22.2.4 - - [01/Apr/2022:23:16:55 -0500] "GET /BLA/boletinlegal/Circulares/2013/Circular%20No.%206%20del%2019%20de%20julio%20de%202013.pdf HTTP/1.1" 200 4210437
216.245.221.92 - - [01/Apr/2022:23:17:05 -0500] "HEAD / HTTP/1.1" 200 -
207.46.13.157 - - [01/Apr/2022:23:19:22 -0500] "GET /BLA/resoluciones/index.php?dir= HTTP/1.1" 200 13093
207.46.13.199 - - [01/Apr/2022:23:19:47 -0500] "GET /BLA/resoluciones/dlf/styles.css HTTP/1.1" 200 3049
172.22.2.4 - - [01/Apr/2022:23:20:11 -0500] "HEAD /BLA/boletinlegal/ HTTP/1.1" 200 -
216.245.221.92 - - [01/Apr/2022:23:22:05 -0500] "HEAD / HTTP/1.1" 200 -
172.22.2.4 - - [01/Apr/2022:23:21:01 -0500] "GET /BLA/boletinlegal/ HTTP/1.1" 200 60932
201.245.192.253 - - [01/Apr/2022:23:22:34 -0500] "POST /kwsrmcab/Wsrmcab HTTP/1.1" 200 44818
201.245.192.253 - - [01/Apr/2022:23:23:23 -0500] "POST /kwsrmcab/Wsrmcab HTTP/1.1" 200 42757
216.245.221.92 - - [01/Apr/2022:23:27:05 -0500] "HEAD / HTTP/1.1" 200 -
172.22.2.4 - - [01/Apr/2022:23:26:01 -0500] "HEAD /BLA/boletinlegal/ HTTP/1.1" 200 -
172.22.2.4 - - [01/Apr/2022:23:26:51 -0500] "GET /BLA/boletinlegal/ HTTP/1.1" 200 61416
207.46.13.199 - - [01/Apr/2022:23:31:09 -0500] "GET /BLA/resoluciones/index.php?dir=RESOLUCIONES+2021%2F HTTP/1.1" 200 303054
216.245.221.92 - - [01/Apr/2022:23:32:05 -0500] "HEAD / HTTP/1.1" 200 -
201.245.192.253 - - [01/Apr/2022:23:32:34 -0500] "POST /kwsrmcab/Wsrmcab HTTP/1.1" 200 44818
172.22.2.4 - - [01/Apr/2022:23:31:51 -0500] "HEAD /BLA/boletinlegal/ HTTP/1.1" 200 -
201.245.192.253 - - [01/Apr/2022:23:33:23 -0500] "POST /kwsrmcab/Wsrmcab HTTP/1.1" 200 42757
172.22.2.4 - - [01/Apr/2022:23:32:42 -0500] "GET /BLA/boletinlegal/ HTTP/1.1" 200 58588
31.13.127.26 - - [01/Apr/2022:23:36:29 -0500] "GET /galeria/galeria/fotos/Entrenube1P.jpg HTTP/1.1" 200 6959
173.252.107.18 - - [01/Apr/2022:23:36:34 -0500] "GET /auambari-deleito-con-sus-sonidos-ambientales-a-los-asistentes-de-fima-2021.html HTTP/1.1" 206 888
173.252.107.9 - - [01/Apr/2022:23:36:34 -0500] "GET /auambari-deleito-con-sus-sonidos-ambientales-a-los-asistentes-de-fima-2021.html HTTP/1.1" 206 888
66.249.66.86 - - [01/Apr/2022:23:36:48 -0500] "-" 408 -
216.245.221.92 - - [01/Apr/2022:23:37:05 -0500] "HEAD / HTTP/1.1" 200 -
172.22.2.4 - - [01/Apr/2022:23:36:04 -0500] "GET /BLA/boletinlegal/ HTTP/1.1" 200 63342
172.22.2.4 - - [01/Apr/2022:23:37:41 -0500] "HEAD /BLA/boletinlegal/ HTTP/1.1" 200 -
172.22.2.4 - - [01/Apr/2022:23:39:51 -0500] "GET /BLA/boletinlegal/Circulares/2022/CIRCULAR%20No.%2000003%20DEL%2007%20DE%20MARZO%20DEL%202022.pdf HTTP/1.1" 404 1038
172.22.2.4 - - [01/Apr/2022:23:39:53 -0500] "GET /BLA/boletinlegal/Circulares/2021/CIRCULAR%20No.%2000009%20DEL%2001%20DE%20OCTUBRE%20DEL%202021.pdf HTTP/1.1" 200 320793
172.22.2.4 - - [01/Apr/2022:23:40:05 -0500] "GET /BLA/boletinlegal/Circulares/2021/CIRCULAR%20No.%2000007%20DEL%2010%20DE%20AGOSTO%20DEL%202021.pdf HTTP/1.1" 200 266364
172.22.2.4 - - [01/Apr/2022:23:40:11 -0500] "GET /BLA/boletinlegal/Circulares/2021/CIRCULAR%20No.%2000006%20DEL%2005%20DE%20AGOSTO%20DEL%202021.pdf HTTP/1.1" 200 249615
172.22.2.4 - - [01/Apr/2022:23:38:31 -0500] "GET /BLA/boletinlegal/ HTTP/1.1" 200 59170
172.22.2.4 - - [01/Apr/2022:23:40:17 -0500] "GET /BLA/boletinlegal/Circulares/2020/Circular%20No.%2000018%20del%2002%20de%20diciembre%20del%202020.pdf HTTP/1.1" 200 276868
172.22.2.4 - - [01/Apr/2022:23:40:22 -0500] "GET /BLA/boletinlegal/Circulares/2020/Circular%2000010%20del%2027%20de%20julio%20de%202020.pdf HTTP/1.1" 200 422655
172.22.2.4 - - [01/Apr/2022:23:40:27 -0500] "GET /BLA/boletinlegal/Circulares/2020/CIRCULAR%20No.%2000019%20DEL%2018%20DE%20DICIEMBRE%20DEL%202020.pdf HTTP/1.1" 200 307959
172.22.2.4 - - [01/Apr/2022:23:40:35 -0500] "GET /BLA/boletinlegal/Circulares/2020/CIRCULAR%20No.%2000014%20del%2001%20de%20septiembre%20del%202020.pdf HTTP/1.1" 200 320826
172.22.2.4 - - [01/Apr/2022:23:40:42 -0500] "GET /BLA/boletinlegal/Circulares/2019/Circular%20No.%2012%20del%2014%20de%20Marzo%20de%202019.pdf HTTP/1.1" 200 344384
172.22.2.4 - - [01/Apr/2022:23:40:51 -0500] "GET /BLA/boletinlegal/Circulares/2019/Circular%20No.%20006%20del%2008%20de%20Febrero%20de%202019.pdf HTTP/1.1" 200 674401
172.22.2.4 - - [01/Apr/2022:23:40:57 -0500] "GET /BLA/boletinlegal/Circulares/2019/Circular%20No.%200015%20del%2003%20de%20Octubre%20de%202019.pdf HTTP/1.1" 200 165608
172.22.2.4 - - [01/Apr/2022:23:41:04 -0500] "GET /BLA/boletinlegal/Circulares/2019/Circular%20No.%200005%20del%2020%20de%20Marzo%20de%202019.pdf HTTP/1.1" 200 159877
172.22.2.4 - - [01/Apr/2022:23:41:10 -0500] "GET /BLA/boletinlegal/Circulares/2019/Circular%20No.%200003%20del%2031%20de%20Enero%20de%202019.pdf HTTP/1.1" 200 164676
172.22.2.4 - - [01/Apr/2022:23:41:15 -0500] "GET /BLA/boletinlegal/Circulares/2019/Circular%2000020%20del%2020%20de%20diciembre%20de%202019.pdf HTTP/1.1" 200 145170
172.22.2.4 - - [01/Apr/2022:23:41:21 -0500] "GET /BLA/boletinlegal/Circulares/2019/Circular%2000018%20del%2020%20de%20noviembre%20de%202019.pdf HTTP/1.1" 200 158030
172.22.2.4 - - [01/Apr/2022:23:41:25 -0500] "GET /BLA/boletinlegal/Circulares/2019/.pdf HTTP/1.1" 404 1218
172.22.2.4 - - [01/Apr/2022:23:41:27 -0500] "GET /BLA/boletinlegal/Circulares/2018/Circular%20No.%2011%20del%2024%20de%20Septiembre%20de%202018.pdf HTTP/1.1" 200 169541
172.22.2.4 - - [01/Apr/2022:23:41:33 -0500] "GET /BLA/boletinlegal/Circulares/2018/Circular%20No.%2010%20del%2021%20de%20Septiembre%20de%202018.pdf HTTP/1.1" 200 163426
172.22.2.4 - - [01/Apr/2022:23:41:37 -0500] "GET /BLA/boletinlegal/Circulares/2018/Circular%20No.%200015%20del%207%20de%20Diciembre%20de%202018.pdf HTTP/1.1" 200 165305
172.22.2.4 - - [01/Apr/2022:23:41:43 -0500] "GET /BLA/boletinlegal/Circulares/2018/CIRCULAR%20COJUNTA%20042%20DE%202018.pdf HTTP/1.1" 200 515008
172.22.2.4 - - [01/Apr/2022:23:41:53 -0500] "GET /BLA/boletinlegal/Circulares/2017/Circular%20No.%202%20del%201%20de%20Septiembre%20de%202017.pdf HTTP/1.1" 200 152575
172.22.2.4 - - [01/Apr/2022:23:42:00 -0500] "GET /BLA/boletinlegal/Circulares/2017/Circular%20No.%201%20del%2030%20de%20Marzo%20de%202017.pdf HTTP/1.1" 200 668532
216.245.221.92 - - [01/Apr/2022:23:42:05 -0500] "HEAD / HTTP/1.1" 200 -
172.22.2.4 - - [01/Apr/2022:23:42:06 -0500] "GET /BLA/boletinlegal/Circulares/2017/Circular%20No.%2007%20del%2028%20de%20Abril%20de%202017.pdf HTTP/1.1" 200 309906
172.22.2.4 - - [01/Apr/2022:23:42:12 -0500] "GET /BLA/boletinlegal/Circulares/2017/Circular%20No.%20011%20del%2005%20de%20julio%20de%202017.pdf HTTP/1.1" 200 965526
172.22.2.4 - - [01/Apr/2022:23:42:18 -0500] "GET /BLA/boletinlegal/Circulares/2015/Circular%20No.%202%20del%201%20de%20julio%20de%202015.pdf HTTP/1.1" 200 752890
172.22.2.4 - - [01/Apr/2022:23:42:23 -0500] "GET /BLA/boletinlegal/Circulares/2015/Circular%20No.%201%20del%2010%20de%20Febrero%20de%202015.pdf HTTP/1.1" 200 660637
172.22.2.4 - - [01/Apr/2022:23:42:28 -0500] "GET /BLA/boletinlegal/Circulares/2014/Circular%20No.%203%20del%2014%20de%20Noviembre%20de%202014.pdf HTTP/1.1" 200 104132
