181.237.42.244 - - [03/Apr/2022:11:14:27 -0500] "GET /documents/10184/2325415/pieza-concurso-buenas-practicas-20-septiembre.jpg HTTP/1.1" 404 1132
199.16.157.182 - - [03/Apr/2022:11:14:40 -0500] "GET /documents/10184/2325415/pieza-concurso-buenas-practicas-20-septiembre.jpg HTTP/1.1" 404 1030
152.228.167.63 - - [03/Apr/2022:11:15:19 -0500] "GET /documents/10184/2325415/pieza-concurso-buenas-practicas-20-septiembre.jpg HTTP/1.1" 404 1030
172.22.2.4 - - [03/Apr/2022:11:15:06 -0500] "HEAD /BLA/boletinlegal/ HTTP/1.1" 200 -
66.249.73.127 - - [03/Apr/2022:11:16:53 -0500] "-" 408 -
216.245.221.92 - - [03/Apr/2022:11:17:00 -0500] "HEAD / HTTP/1.1" 200 -
181.237.42.244 - - [03/Apr/2022:11:17:24 -0500] "GET /documents/10184/2325415/pieza-concurso-buenas-practicas-20-septiembre.jpg HTTP/1.1" 404 1132
172.22.2.4 - - [03/Apr/2022:11:15:56 -0500] "GET /BLA/boletinlegal/ HTTP/1.1" 200 60932
186.84.90.149 - - [03/Apr/2022:11:18:34 -0500] "GET /sipse/faces/javax.faces.resource/images/ui-bg_flat_0_2d5972_40x100.png?ln=primefaces-aristo HTTP/1.1" 304 -
186.84.90.149 - - [03/Apr/2022:11:18:34 -0500] "POST /sipse/faces/presentacion/sistema/reporte/ventanaVerReporteParametros.xhtml HTTP/1.1" 200 2073
186.84.90.149 - - [03/Apr/2022:11:18:36 -0500] "POST /sipse/faces/presentacion/sistema/reporte/ventanaVerReporteParametros.xhtml HTTP/1.1" 200 2658
186.84.90.149 - - [03/Apr/2022:11:18:37 -0500] "POST /sipse/faces/presentacion/sistema/reporte/ventanaVerReporteParametros.xhtml HTTP/1.1" 200 67415
186.84.90.149 - - [03/Apr/2022:11:18:38 -0500] "GET /sipse/faces/javax.faces.resource/theme.css?ln=primefaces-sipse HTTP/1.1" 304 -
186.84.90.149 - - [03/Apr/2022:11:18:38 -0500] "GET /sipse/faces/javax.faces.resource/primefaces.css?ln=primefaces&v=4.0 HTTP/1.1" 304 -
186.84.90.149 - - [03/Apr/2022:11:18:38 -0500] "GET /sipse/faces/javax.faces.resource/layout/layout.css?ln=primefaces&v=4.0 HTTP/1.1" 304 -
186.84.90.149 - - [03/Apr/2022:11:18:38 -0500] "GET /sipse/faces/javax.faces.resource/jquery/jquery.js?ln=primefaces&v=4.0 HTTP/1.1" 304 -
186.84.90.149 - - [03/Apr/2022:11:18:38 -0500] "GET /sipse/faces/javax.faces.resource/jquery/jquery-plugins.js?ln=primefaces&v=4.0 HTTP/1.1" 304 -
186.84.90.149 - - [03/Apr/2022:11:18:38 -0500] "GET /sipse/faces/javax.faces.resource/primefaces.js?ln=primefaces&v=4.0 HTTP/1.1" 304 -
186.84.90.149 - - [03/Apr/2022:11:18:38 -0500] "GET /sipse/faces/javax.faces.resource/layout/layout.js?ln=primefaces&v=4.0 HTTP/1.1" 304 -
186.84.90.149 - - [03/Apr/2022:11:18:39 -0500] "GET /sipse/css/imagen/contrasena.png HTTP/1.1" 404 383
186.84.90.149 - - [03/Apr/2022:11:18:39 -0500] "GET /sipse/faces/javax.faces.resource/images/ui-icons_898989_256x240.png?ln=primefaces-aristo HTTP/1.1" 304 -
186.84.90.149 - - [03/Apr/2022:11:18:39 -0500] "POST /sipse/faces/presentacion/financiero/solicitudProceso/listarSolicitudProceso.xhtml HTTP/1.1" 200 1452
186.84.90.149 - - [03/Apr/2022:11:18:40 -0500] "POST /sipse/faces/presentacion/financiero/solicitudProceso/listarSolicitudProceso.xhtml HTTP/1.1" 200 46036
186.84.90.149 - - [03/Apr/2022:11:18:40 -0500] "GET /sipse/faces/javax.faces.resource/primefaces.css?ln=primefaces&v=4.0 HTTP/1.1" 304 -
186.84.90.149 - - [03/Apr/2022:11:18:40 -0500] "GET /sipse/faces/javax.faces.resource/theme.css?ln=primefaces-sipse HTTP/1.1" 304 -
186.84.90.149 - - [03/Apr/2022:11:18:40 -0500] "GET /sipse/faces/javax.faces.resource/layout/layout.css?ln=primefaces&v=4.0 HTTP/1.1" 304 -
186.84.90.149 - - [03/Apr/2022:11:18:41 -0500] "GET /sipse/faces/javax.faces.resource/jquery/jquery.js?ln=primefaces&v=4.0 HTTP/1.1" 304 -
186.84.90.149 - - [03/Apr/2022:11:18:41 -0500] "GET /sipse/faces/javax.faces.resource/jquery/jquery-plugins.js?ln=primefaces&v=4.0 HTTP/1.1" 304 -
186.84.90.149 - - [03/Apr/2022:11:18:41 -0500] "GET /sipse/faces/javax.faces.resource/primefaces.js?ln=primefaces&v=4.0 HTTP/1.1" 304 -
186.84.90.149 - - [03/Apr/2022:11:18:41 -0500] "GET /sipse/faces/javax.faces.resource/layout/layout.js?ln=primefaces&v=4.0 HTTP/1.1" 304 -
186.84.90.149 - - [03/Apr/2022:11:18:41 -0500] "GET /sipse/css/imagen/contrasena.png HTTP/1.1" 404 383
186.84.90.149 - - [03/Apr/2022:11:18:41 -0500] "POST /sipse/faces/presentacion/financiero/solicitudProceso/consultar.xhtml HTTP/1.1" 200 39438
186.84.90.149 - - [03/Apr/2022:11:18:49 -0500] "POST /sipse/faces/presentacion/financiero/solicitudProceso/consultar.xhtml HTTP/1.1" 200 12842
186.84.90.149 - - [03/Apr/2022:11:18:54 -0500] "POST /sipse/faces/presentacion/financiero/solicitudProceso/consultar.xhtml HTTP/1.1" 200 12935
186.84.90.149 - - [03/Apr/2022:11:19:46 -0500] "POST /sipse/faces/presentacion/financiero/solicitudProceso/consultar.xhtml HTTP/1.1" 200 12993
216.245.221.92 - - [03/Apr/2022:11:22:00 -0500] "HEAD / HTTP/1.1" 200 -
172.22.2.4 - - [03/Apr/2022:11:20:56 -0500] "HEAD /BLA/boletinlegal/ HTTP/1.1" 200 -
181.237.42.244 - - [03/Apr/2022:11:22:45 -0500] "GET /documents/10184/2325415/pieza-concurso-buenas-practicas-20-septiembre.jpg HTTP/1.1" 404 1132
201.245.192.253 - - [03/Apr/2022:11:22:27 -0500] "POST /kwsrmcab/Wsrmcab HTTP/1.1" 200 41976
172.22.2.4 - - [03/Apr/2022:11:21:46 -0500] "GET /BLA/boletinlegal/ HTTP/1.1" 200 57542
201.245.192.253 - - [03/Apr/2022:11:23:17 -0500] "POST /kwsrmcab/Wsrmcab HTTP/1.1" 200 45625
172.22.2.4 - - [03/Apr/2022:11:24:09 -0500] "GET /BLA/boletinlegal/jurisprudencia/analisis/SENTENCIA%20C-703%20DE%202010.xls HTTP/1.1" 304 -
216.245.221.92 - - [03/Apr/2022:11:27:00 -0500] "HEAD / HTTP/1.1" 200 -
66.249.73.127 - - [03/Apr/2022:11:27:00 -0500] "-" 408 -
181.237.42.244 - - [03/Apr/2022:11:27:44 -0500] "GET /documents/10184/2325415/pieza-concurso-buenas-practicas-20-septiembre.jpg HTTP/1.1" 404 1132
172.22.2.4 - - [03/Apr/2022:11:26:46 -0500] "HEAD /BLA/boletinlegal/ HTTP/1.1" 200 -
172.22.2.4 - - [03/Apr/2022:11:27:36 -0500] "GET /BLA/boletinlegal/ HTTP/1.1" 200 58006
216.245.221.92 - - [03/Apr/2022:11:32:00 -0500] "HEAD / HTTP/1.1" 200 -
49.7.21.74 - - [03/Apr/2022:11:33:04 -0500] "-" 408 -
201.245.192.253 - - [03/Apr/2022:11:32:27 -0500] "POST /kwsrmcab/Wsrmcab HTTP/1.1" 200 41976
201.245.192.253 - - [03/Apr/2022:11:33:16 -0500] "POST /kwsrmcab/Wsrmcab HTTP/1.1" 200 45625
66.249.73.127 - - [03/Apr/2022:11:34:09 -0500] "-" 408 -
172.22.2.4 - - [03/Apr/2022:11:32:36 -0500] "HEAD /BLA/boletinlegal/ HTTP/1.1" 200 -
172.22.2.4 - - [03/Apr/2022:11:33:26 -0500] "GET /BLA/boletinlegal/ HTTP/1.1" 200 54090
216.245.221.92 - - [03/Apr/2022:11:37:00 -0500] "HEAD / HTTP/1.1" 200 -
45.155.204.146 - - [03/Apr/2022:11:37:15 -0500] "GET /actuator/gateway/routes HTTP/1.1" 404 1018
207.46.13.199 - - [03/Apr/2022:11:38:34 -0500] "GET /BLA/resoluciones/index.php?dir=RESOLUCIONES+2021%2F HTTP/1.1" 200 303054
40.77.167.78 - - [03/Apr/2022:11:38:36 -0500] "GET / HTTP/1.1" 200 4720
172.22.2.4 - - [03/Apr/2022:11:38:41 -0500] "GET /BLA/boletinlegal/style.css HTTP/1.1" 200 9406
172.22.2.4 - - [03/Apr/2022:11:38:41 -0500] "GET /BLA/boletinlegal/styles2.css HTTP/1.1" 200 1838
172.22.2.4 - - [03/Apr/2022:11:38:41 -0500] "GET /BLA/boletinlegal/js/jquery.js HTTP/1.1" 200 57254
172.22.2.4 - - [03/Apr/2022:11:38:41 -0500] "GET /BLA/boletinlegal/js/jquery.scrollTo-min.js HTTP/1.1" 200 1150
172.22.2.4 - - [03/Apr/2022:11:38:41 -0500] "GET /BLA/boletinlegal/js/jquery.scrollShow.js HTTP/1.1" 200 4586
172.22.2.4 - - [03/Apr/2022:11:38:41 -0500] "GET /BLA/boletinlegal/images/cabezote%20BLEGAL.jpg HTTP/1.1" 200 118164
172.22.2.4 - - [03/Apr/2022:11:38:41 -0500] "GET /BLA/boletinlegal/images/subscribe-icon-big.png HTTP/1.1" 200 47702
172.22.2.4 - - [03/Apr/2022:11:38:41 -0500] "GET /BLA/boletinlegal/images/historia.png HTTP/1.1" 200 52775
172.22.2.4 - - [03/Apr/2022:11:38:41 -0500] "GET /BLA/boletinlegal/images/arr_l.jpg HTTP/1.1" 200 1979
172.22.2.4 - - [03/Apr/2022:11:38:41 -0500] "GET /BLA/boletinlegal/images/registro-usuarios.png HTTP/1.1" 200 8106
172.22.2.4 - - [03/Apr/2022:11:38:41 -0500] "GET /BLA/boletinlegal/images/body_bg.jpg HTTP/1.1" 200 1601
172.22.2.4 - - [03/Apr/2022:11:38:41 -0500] "GET /BLA/boletinlegal/images/bg_top.jpg HTTP/1.1" 200 522
172.22.2.4 - - [03/Apr/2022:11:38:41 -0500] "GET /BLA/boletinlegal/images/menu_rght.gif HTTP/1.1" 200 1627
172.22.2.4 - - [03/Apr/2022:11:38:41 -0500] "GET /BLA/boletinlegal/images/menu_bg.jpg HTTP/1.1" 200 620
172.22.2.4 - - [03/Apr/2022:11:38:41 -0500] "GET /BLA/boletinlegal/images/hover.jpg HTTP/1.1" 200 640
172.22.2.4 - - [03/Apr/2022:11:38:41 -0500] "GET /BLA/boletinlegal/images/menu_lft.gif HTTP/1.1" 200 1713
172.22.2.4 - - [03/Apr/2022:11:38:41 -0500] "GET /BLA/boletinlegal/images/text.jpg HTTP/1.1" 200 568
172.22.2.4 - - [03/Apr/2022:11:38:41 -0500] "GET /BLA/boletinlegal/images/screen_1.png HTTP/1.1" 200 202547
172.22.2.4 - - [03/Apr/2022:11:38:41 -0500] "GET /BLA/boletinlegal/images/launch.jpg HTTP/1.1" 200 14577
172.22.2.4 - - [03/Apr/2022:11:38:49 -0500] "GET /BLA/boletinlegal/images/screen_2.png HTTP/1.1" 200 362502
172.22.2.4 - - [03/Apr/2022:11:38:49 -0500] "GET /BLA/boletinlegal/images/arr_r.jpg HTTP/1.1" 200 1998
172.22.2.4 - - [03/Apr/2022:11:38:49 -0500] "GET /BLA/boletinlegal/images/screen_5.png HTTP/1.1" 200 368876
172.22.2.4 - - [03/Apr/2022:11:38:49 -0500] "GET /BLA/boletinlegal/images/screen_3.png HTTP/1.1" 200 210620
172.22.2.4 - - [03/Apr/2022:11:38:49 -0500] "GET /BLA/boletinlegal/images/footer_bg.jpg HTTP/1.1" 200 586
172.22.2.4 - - [03/Apr/2022:11:38:59 -0500] "GET /BLA/boletinlegal/images/pdf.gif HTTP/1.1" 200 567
172.22.2.4 - - [03/Apr/2022:11:39:33 -0500] "GET /BLA/boletinlegal/images/background.gif HTTP/1.1" 200 -
172.22.2.4 - - [03/Apr/2022:11:38:26 -0500] "HEAD /BLA/boletinlegal/ HTTP/1.1" 200 -
148.71.39.193 - - [03/Apr/2022:11:40:10 -0500] "GET / HTTP/1.1" 200 319
172.22.2.4 - - [03/Apr/2022:11:40:20 -0500] "GET /BLA/boletinlegal/images/screen_1.png HTTP/1.1" 200 202547
172.22.2.4 - - [03/Apr/2022:11:38:40 -0500] "GET /BLA/boletinlegal/ HTTP/1.1" 200 48908
66.249.73.127 - - [03/Apr/2022:11:40:28 -0500] "-" 408 -
172.22.2.4 - - [03/Apr/2022:11:39:16 -0500] "GET /BLA/boletinlegal/ HTTP/1.1" 200 52081
216.245.221.92 - - [03/Apr/2022:11:42:00 -0500] "HEAD / HTTP/1.1" 200 -
201.245.192.253 - - [03/Apr/2022:11:42:27 -0500] "POST /kwsrmcab/Wsrmcab HTTP/1.1" 200 41976
201.245.192.253 - - [03/Apr/2022:11:43:17 -0500] "POST /kwsrmcab/Wsrmcab HTTP/1.1" 200 45625
172.22.2.4 - - [03/Apr/2022:11:45:10 -0500] "GET /BLA/boletinlegal/norma_menu.php HTTP/1.1" 200 6318
172.22.2.4 - - [03/Apr/2022:11:45:25 -0500] "GET /BLA/boletinlegal/styles2.css HTTP/1.1" 200 1838
172.22.2.4 - - [03/Apr/2022:11:45:28 -0500] "GET /BLA/boletinlegal/swfobject.js HTTP/1.1" 200 9763
172.22.2.4 - - [03/Apr/2022:11:45:33 -0500] "GET /BLA/boletinlegal/js/ajax.js HTTP/1.1" 200 772
172.22.2.4 - - [03/Apr/2022:11:44:16 -0500] "HEAD /BLA/boletinlegal/ HTTP/1.1" 200 -
172.22.2.4 - - [03/Apr/2022:11:45:06 -0500] "GET /BLA/boletinlegal/ HTTP/1.1" 200 55089
216.245.221.92 - - [03/Apr/2022:11:47:00 -0500] "HEAD / HTTP/1.1" 200 -
172.22.2.4 - - [03/Apr/2022:11:47:24 -0500] "GET /BLA/boletinlegal/.well-known/traffic-advice HTTP/1.1" 404 1038
172.22.2.4 - - [03/Apr/2022:11:47:44 -0500] "GET /BLA/boletinlegal/actos.php HTTP/1.1" 200 9555
172.22.2.4 - - [03/Apr/2022:11:47:44 -0500] "GET /BLA/boletinlegal/js/ajax_actos.js HTTP/1.1" 200 1322
172.22.2.4 - - [03/Apr/2022:11:47:44 -0500] "GET /BLA/boletinlegal/niceforms.js HTTP/1.1" 200 22876
172.22.2.4 - - [03/Apr/2022:11:47:44 -0500] "GET /BLA/boletinlegal/niceforms-default.css HTTP/1.1" 200 6694
172.22.2.4 - - [03/Apr/2022:11:47:44 -0500] "GET /BLA/boletinlegal/js/lib.js HTTP/1.1" 200 6474
172.22.2.4 - - [03/Apr/2022:11:47:44 -0500] "GET /BLA/boletinlegal/js/popup.js HTTP/1.1" 200 1270
172.22.2.4 - - [03/Apr/2022:11:47:44 -0500] "GET /BLA/boletinlegal/js/jquery1.js HTTP/1.1" 200 29846
172.22.2.4 - - [03/Apr/2022:11:47:45 -0500] "GET /BLA/boletinlegal/images/abajo.png HTTP/1.1" 200 96676
172.22.2.4 - - [03/Apr/2022:11:47:45 -0500] "GET /BLA/boletinlegal/images/green-yellow-blue-pink-th.png HTTP/1.1" 200 7394
172.22.2.4 - - [03/Apr/2022:11:47:45 -0500] "GET /BLA/boletinlegal/images/tel.png HTTP/1.1" 200 14477
172.22.2.4 - - [03/Apr/2022:11:47:45 -0500] "GET /BLA/boletinlegal/images/icono-email.png HTTP/1.1" 200 5544
172.22.2.4 - - [03/Apr/2022:11:47:45 -0500] "GET /BLA/boletinlegal/images/footer_bg_l.jpg HTTP/1.1" 200 776
172.22.2.4 - - [03/Apr/2022:11:47:45 -0500] "GET /BLA/boletinlegal/img/0.png HTTP/1.1" 200 110
172.22.2.4 - - [03/Apr/2022:11:47:45 -0500] "GET /BLA/boletinlegal/img/select-left.png HTTP/1.1" 200 263
172.22.2.4 - - [03/Apr/2022:11:47:45 -0500] "GET /BLA/boletinlegal/img/select-right.png HTTP/1.1" 200 44019
172.22.2.4 - - [03/Apr/2022:11:47:45 -0500] "GET /BLA/boletinlegal/img/button-left.png HTTP/1.1" 200 57071
172.22.2.4 - - [03/Apr/2022:11:47:45 -0500] "GET /BLA/boletinlegal/img/button.png HTTP/1.1" 200 43241
172.22.2.4 - - [03/Apr/2022:11:47:45 -0500] "GET /BLA/boletinlegal/img/button-right.png HTTP/1.1" 200 57878
172.22.2.4 - - [03/Apr/2022:11:47:45 -0500] "GET /BLA/boletinlegal/favicon.ico HTTP/1.1" 404 1326
201.244.96.219 - - [03/Apr/2022:11:48:47 -0500] "GET /BLA/resoluciones/index.php?dir=RESOLUCIONES+2010%2F HTTP/1.1" 200 1307798
201.244.96.219 - - [03/Apr/2022:11:49:08 -0500] "GET /BLA/resoluciones/RESOLUCIONES%202010/0005.pdf HTTP/1.1" 200 350176
66.249.73.127 - - [03/Apr/2022:11:49:56 -0500] "-" 408 -
172.22.2.4 - - [03/Apr/2022:11:50:06 -0500] "HEAD /BLA/boletinlegal/ HTTP/1.1" 200 -
216.245.221.92 - - [03/Apr/2022:11:52:00 -0500] "HEAD / HTTP/1.1" 200 -
172.22.2.4 - - [03/Apr/2022:11:50:56 -0500] "GET /BLA/boletinlegal/ HTTP/1.1" 200 58006
49.7.21.74 - - [03/Apr/2022:11:55:13 -0500] "-" 408 -
181.237.42.244 - - [03/Apr/2022:11:55:24 -0500] "GET /documents/10184/2325415/pieza-concurso-buenas-practicas-20-septiembre.jpg HTTP/1.1" 404 1132
40.77.167.46 - - [03/Apr/2022:11:55:59 -0500] "GET /bla/resoluciones/resoluciones%202021/0512.pdf HTTP/1.1" 200 432477
66.249.73.127 - - [03/Apr/2022:11:56:21 -0500] "-" 408 -
216.245.221.92 - - [03/Apr/2022:11:57:00 -0500] "HEAD / HTTP/1.1" 200 -
201.244.96.219 - - [03/Apr/2022:11:57:13 -0500] "GET /BLA/resoluciones/RESOLUCIONES%202010/4000.pdf HTTP/1.1" 200 374861
172.22.2.4 - - [03/Apr/2022:11:55:56 -0500] "HEAD /BLA/boletinlegal/ HTTP/1.1" 200 -
172.22.2.4 - - [03/Apr/2022:11:58:16 -0500] "GET /BLA/boletinlegal/jurisprudencia/analisis/analisis%20sentencia%20c-596-10.doc HTTP/1.1" 200 36352
172.22.2.4 - - [03/Apr/2022:11:56:46 -0500] "GET /BLA/boletinlegal/ HTTP/1.1" 200 60932
181.237.42.244 - - [03/Apr/2022:11:58:32 -0500] "GET /documents/10184/2325415/pieza-concurso-buenas-practicas-20-septiembre.jpg HTTP/1.1" 404 1132
172.22.2.4 - - [03/Apr/2022:11:59:46 -0500] "GET /BLA/boletinlegal/jurisprudencia/analisis/analisist-672-14.docx HTTP/1.1" 200 22530
201.244.96.219 - - [03/Apr/2022:12:00:55 -0500] "GET /BLA/resoluciones/RESOLUCIONES%202010/3999.pdf HTTP/1.1" 200 302302
216.245.221.92 - - [03/Apr/2022:12:02:00 -0500] "HEAD / HTTP/1.1" 200 -
172.22.2.4 - - [03/Apr/2022:12:02:21 -0500] "GET /BLA/boletinlegal/actuator/gateway/routes HTTP/1.1" 404 1018
172.22.2.4 - - [03/Apr/2022:12:01:46 -0500] "HEAD /BLA/boletinlegal/ HTTP/1.1" 200 -
201.244.96.219 - - [03/Apr/2022:12:03:36 -0500] "GET /BLA/resoluciones/ HTTP/1.1" 200 13093
207.46.13.157 - - [03/Apr/2022:12:03:38 -0500] "GET /catalogoisis/ HTTP/1.1" 200 8575
201.244.96.219 - - [03/Apr/2022:12:03:40 -0500] "GET /BLA/resoluciones/index.php?dir=AUTOS+2010%2F HTTP/1.1" 200 274169
207.46.13.199 - - [03/Apr/2022:12:03:55 -0500] "GET /catalogoisis/Js/Enter.js HTTP/1.1" 200 1208
207.46.13.209 - - [03/Apr/2022:12:03:55 -0500] "GET /catalogoisis/Js/Go.js HTTP/1.1" 200 364
207.46.13.179 - - [03/Apr/2022:12:03:55 -0500] "GET /catalogoisis/Js/AceptarLimpiar.js HTTP/1.1" 200 331
207.46.13.157 - - [03/Apr/2022:12:03:55 -0500] "GET /catalogoisis/Css/Busqueda.css HTTP/1.1" 200 1995
207.46.13.199 - - [03/Apr/2022:12:03:57 -0500] "GET /catalogoisis/imagenes/br3c1.gif HTTP/1.1" 200 177
207.46.13.179 - - [03/Apr/2022:12:03:58 -0500] "GET /catalogoisis/Js/LimpiarCombinada.js HTTP/1.1" 200 207
207.46.13.157 - - [03/Apr/2022:12:03:58 -0500] "GET /catalogoisis/Js/Cookies.js HTTP/1.1" 200 1369
40.77.167.46 - - [03/Apr/2022:12:04:00 -0500] "GET /catalogoisis/Js/CriterioCombinada.js HTTP/1.1" 200 1843
207.46.13.157 - - [03/Apr/2022:12:04:01 -0500] "GET /catalogoisis/imagenes/aceptar1.gif HTTP/1.1" 200 604
40.77.167.46 - - [03/Apr/2022:12:04:02 -0500] "GET /catalogoisis/Js/Numero.js HTTP/1.1" 200 398
207.46.13.157 - - [03/Apr/2022:12:04:04 -0500] "GET /catalogoisis/imagenes/br1c1.gif HTTP/1.1" 200 172
40.77.167.46 - - [03/Apr/2022:12:04:05 -0500] "GET /catalogoisis/Js/Remote.js HTTP/1.1" 200 436
207.46.13.157 - - [03/Apr/2022:12:04:07 -0500] "GET /catalogoisis/imagenes/br3c2.gif HTTP/1.1" 200 285
66.249.73.127 - - [03/Apr/2022:12:04:09 -0500] "-" 408 -
207.46.13.157 - - [03/Apr/2022:12:04:10 -0500] "GET /catalogoisis/imagenes/limpiar1.gif HTTP/1.1" 200 606
172.22.2.4 - - [03/Apr/2022:12:02:36 -0500] "GET /BLA/boletinlegal/ HTTP/1.1" 200 61416
201.244.96.219 - - [03/Apr/2022:12:04:43 -0500] "GET /BLA/resoluciones/AUTOS%202010/3999.pdf HTTP/1.1" 200 640097
216.245.221.92 - - [03/Apr/2022:12:07:00 -0500] "HEAD / HTTP/1.1" 200 -
172.22.2.4 - - [03/Apr/2022:12:07:36 -0500] "HEAD /BLA/boletinlegal/ HTTP/1.1" 200 -
172.22.2.4 - - [03/Apr/2022:12:08:26 -0500] "GET /BLA/boletinlegal/ HTTP/1.1" 200 60932
207.46.13.209 - - [03/Apr/2022:12:11:08 -0500] "GET /bla/resoluciones/resoluciones%202021/2406.pdf HTTP/1.1" 200 813058
216.245.221.92 - - [03/Apr/2022:12:12:00 -0500] "HEAD / HTTP/1.1" 200 -
207.46.13.199 - - [03/Apr/2022:12:12:47 -0500] "GET /BLA/resoluciones/index.php?dir=RESOLUCIONES+2021%2F HTTP/1.1" 200 303054
190.67.210.38 - - [03/Apr/2022:12:15:02 -0500] "GET /sipse/faces/faces/index.xhtml HTTP/1.1" 200 677
190.67.210.38 - - [03/Apr/2022:12:15:02 -0500] "GET /sipse/faces/javax.faces.resource/theme.css?ln=primefaces-sipse HTTP/1.1" 304 -
190.67.210.38 - - [03/Apr/2022:12:15:02 -0500] "GET /sipse/faces/faces/faces/autenticacion.xhtml HTTP/1.1" 200 12178
190.67.210.38 - - [03/Apr/2022:12:15:02 -0500] "GET /sipse/js/disable_browser_buttons.js HTTP/1.1" 304 -
190.67.210.38 - - [03/Apr/2022:12:15:02 -0500] "GET /sipse/faces/javax.faces.resource/layout/layout.css?ln=primefaces&v=4.0 HTTP/1.1" 304 -
190.67.210.38 - - [03/Apr/2022:12:15:02 -0500] "GET /sipse/faces/javax.faces.resource/theme.css?ln=primefaces-sipse HTTP/1.1" 304 -
190.67.210.38 - - [03/Apr/2022:12:15:02 -0500] "GET /sipse/css/custom_css_sg.css HTTP/1.1" 304 -
190.67.210.38 - - [03/Apr/2022:12:15:02 -0500] "GET /sipse/css/custom_css_sg_prime_login.css HTTP/1.1" 304 -
190.67.210.38 - - [03/Apr/2022:12:15:02 -0500] "GET /sipse/js/funciones.js HTTP/1.1" 304 -
190.67.210.38 - - [03/Apr/2022:12:15:02 -0500] "GET /sipse/faces/javax.faces.resource/primefaces.css?ln=primefaces&v=4.0 HTTP/1.1" 304 -
190.67.210.38 - - [03/Apr/2022:12:15:02 -0500] "GET /sipse/faces/javax.faces.resource/jquery/jquery.js?ln=primefaces&v=4.0 HTTP/1.1" 304 -
190.67.210.38 - - [03/Apr/2022:12:15:02 -0500] "GET /sipse/faces/javax.faces.resource/layout/layout.js?ln=primefaces&v=4.0 HTTP/1.1" 304 -
190.67.210.38 - - [03/Apr/2022:12:15:02 -0500] "GET /sipse/faces/javax.faces.resource/jquery/jquery-plugins.js?ln=primefaces&v=4.0 HTTP/1.1" 304 -
190.67.210.38 - - [03/Apr/2022:12:15:02 -0500] "GET /sipse/faces/javax.faces.resource/primefaces.js?ln=primefaces&v=4.0 HTTP/1.1" 304 -
190.67.210.38 - - [03/Apr/2022:12:15:02 -0500] "GET /sipse/css/imagen/logoSDG.png HTTP/1.1" 304 -
190.67.210.38 - - [03/Apr/2022:12:15:02 -0500] "GET /sipse/css/imagen/loginimg.png HTTP/1.1" 304 -
190.67.210.38 - - [03/Apr/2022:12:15:02 -0500] "GET /sipse/faces/javax.faces.resource/images/ui-icons_898989_256x240.png?ln=primefaces-aristo HTTP/1.1" 304 -
190.67.210.38 - - [03/Apr/2022:12:15:05 -0500] "POST /sipse/faces/autenticacion.xhtml HTTP/1.1" 200 2224
190.67.210.38 - - [03/Apr/2022:12:15:05 -0500] "GET /sipse/faces/javax.faces.resource/messages/messages.png?ln=primefaces&v=4.0 HTTP/1.1" 304 -
172.22.2.4 - - [03/Apr/2022:12:13:26 -0500] "HEAD /BLA/boletinlegal/ HTTP/1.1" 200 -
190.67.210.38 - - [03/Apr/2022:12:15:06 -0500] "POST /sipse/faces/autenticacion.xhtml HTTP/1.1" 200 16254
190.67.210.38 - - [03/Apr/2022:12:15:06 -0500] "GET /sipse/js/jquery.min.js HTTP/1.1" 304 -
190.67.210.38 - - [03/Apr/2022:12:15:06 -0500] "GET /sipse/faces/javax.faces.resource/layout/layout.css?ln=primefaces&v=4.0 HTTP/1.1" 304 -
190.67.210.38 - - [03/Apr/2022:12:15:06 -0500] "GET /sipse/faces/javax.faces.resource/primefaces.css?ln=primefaces&v=4.0 HTTP/1.1" 304 -
190.67.210.38 - - [03/Apr/2022:12:15:06 -0500] "GET /sipse/faces/javax.faces.resource/theme.css?ln=primefaces-sipse HTTP/1.1" 304 -
190.67.210.38 - - [03/Apr/2022:12:15:06 -0500] "GET /sipse/css/custom_css_sg_prime.css HTTP/1.1" 304 -
190.67.210.38 - - [03/Apr/2022:12:15:06 -0500] "GET /sipse/faces/javax.faces.resource/jquery/jquery.js?ln=primefaces&v=4.0 HTTP/1.1" 304 -
190.67.210.38 - - [03/Apr/2022:12:15:06 -0500] "GET /sipse/faces/javax.faces.resource/jquery/jquery-plugins.js?ln=primefaces&v=4.0 HTTP/1.1" 304 -
190.67.210.38 - - [03/Apr/2022:12:15:06 -0500] "GET /sipse/faces/javax.faces.resource/primefaces.js?ln=primefaces&v=4.0 HTTP/1.1" 304 -
190.67.210.38 - - [03/Apr/2022:12:15:07 -0500] "GET /sipse/faces/javax.faces.resource/layout/layout.js?ln=primefaces&v=4.0 HTTP/1.1" 304 -
190.67.210.38 - - [03/Apr/2022:12:15:07 -0500] "GET /sipse/imagenes/logoAplicacion.jpg HTTP/1.1" 304 -
190.67.210.38 - - [03/Apr/2022:12:15:07 -0500] "GET /sipse/imagenes/cargando.gif HTTP/1.1" 304 -
190.67.210.38 - - [03/Apr/2022:12:15:07 -0500] "GET /sipse/css/imagen/contrasena.png HTTP/1.1" 404 383
190.67.210.38 - - [03/Apr/2022:12:15:08 -0500] "GET /sipse/faces/javax.faces.resource/images/ui-bg_flat_0_2d5972_40x100.png?ln=primefaces-aristo HTTP/1.1" 304 -
190.67.210.38 - - [03/Apr/2022:12:15:08 -0500] "POST /sipse/faces/bienvenido.xhtml HTTP/1.1" 200 2073
190.67.210.38 - - [03/Apr/2022:12:15:09 -0500] "POST /sipse/faces/bienvenido.xhtml HTTP/1.1" 200 38995
190.67.210.38 - - [03/Apr/2022:12:15:09 -0500] "GET /sipse/faces/javax.faces.resource/theme.css?ln=primefaces-sipse HTTP/1.1" 304 -
190.67.210.38 - - [03/Apr/2022:12:15:09 -0500] "GET /sipse/faces/javax.faces.resource/primefaces.css?ln=primefaces&v=4.0 HTTP/1.1" 304 -
190.67.210.38 - - [03/Apr/2022:12:15:09 -0500] "GET /sipse/faces/javax.faces.resource/layout/layout.css?ln=primefaces&v=4.0 HTTP/1.1" 304 -
190.67.210.38 - - [03/Apr/2022:12:15:09 -0500] "GET /sipse/faces/javax.faces.resource/jquery/jquery.js?ln=primefaces&v=4.0 HTTP/1.1" 304 -
190.67.210.38 - - [03/Apr/2022:12:15:09 -0500] "GET /sipse/faces/javax.faces.resource/jquery/jquery-plugins.js?ln=primefaces&v=4.0 HTTP/1.1" 304 -
190.67.210.38 - - [03/Apr/2022:12:15:09 -0500] "GET /sipse/faces/javax.faces.resource/primefaces.js?ln=primefaces&v=4.0 HTTP/1.1" 304 -
190.67.210.38 - - [03/Apr/2022:12:15:09 -0500] "GET /sipse/faces/javax.faces.resource/layout/layout.js?ln=primefaces&v=4.0 HTTP/1.1" 304 -
190.67.210.38 - - [03/Apr/2022:12:15:13 -0500] "POST /sipse/faces/presentacion/financiero/solicitudProceso/consultar.xhtml HTTP/1.1" 200 3187
190.67.210.38 - - [03/Apr/2022:12:15:14 -0500] "POST /sipse/faces/presentacion/financiero/solicitudProceso/consultar.xhtml HTTP/1.1" 200 67592
190.67.210.38 - - [03/Apr/2022:12:15:16 -0500] "GET /sipse/faces/javax.faces.resource/theme.css?ln=primefaces-sipse HTTP/1.1" 304 -
190.67.210.38 - - [03/Apr/2022:12:15:16 -0500] "GET /sipse/faces/javax.faces.resource/primefaces.css?ln=primefaces&v=4.0 HTTP/1.1" 304 -
190.67.210.38 - - [03/Apr/2022:12:15:16 -0500] "GET /sipse/faces/javax.faces.resource/layout/layout.css?ln=primefaces&v=4.0 HTTP/1.1" 304 -
190.67.210.38 - - [03/Apr/2022:12:15:16 -0500] "GET /sipse/faces/javax.faces.resource/jquery/jquery.js?ln=primefaces&v=4.0 HTTP/1.1" 304 -
190.67.210.38 - - [03/Apr/2022:12:15:16 -0500] "GET /sipse/faces/javax.faces.resource/jquery/jquery-plugins.js?ln=primefaces&v=4.0 HTTP/1.1" 304 -
190.67.210.38 - - [03/Apr/2022:12:15:16 -0500] "GET /sipse/faces/javax.faces.resource/primefaces.js?ln=primefaces&v=4.0 HTTP/1.1" 304 -
190.67.210.38 - - [03/Apr/2022:12:15:16 -0500] "GET /sipse/faces/javax.faces.resource/layout/layout.js?ln=primefaces&v=4.0 HTTP/1.1" 304 -
190.67.210.38 - - [03/Apr/2022:12:15:16 -0500] "POST /sipse/faces/presentacion/proyectos/proyecto/listarConsultarProyectos.xhtml HTTP/1.1" 200 60980
49.7.21.74 - - [03/Apr/2022:12:15:22 -0500] "-" 408 -
190.67.210.38 - - [03/Apr/2022:12:15:21 -0500] "POST /sipse/faces/presentacion/proyectos/proyecto/listarConsultarProyectos.xhtml HTTP/1.1" 200 74952
190.67.210.38 - - [03/Apr/2022:12:15:24 -0500] "GET /sipse/faces/javax.faces.resource/theme.css?ln=primefaces-sipse HTTP/1.1" 304 -
190.67.210.38 - - [03/Apr/2022:12:15:24 -0500] "GET /sipse/faces/javax.faces.resource/layout/layout.css?ln=primefaces&v=4.0 HTTP/1.1" 304 -
190.67.210.38 - - [03/Apr/2022:12:15:24 -0500] "GET /sipse/faces/javax.faces.resource/primefaces.css?ln=primefaces&v=4.0 HTTP/1.1" 304 -
190.67.210.38 - - [03/Apr/2022:12:15:24 -0500] "GET /sipse/faces/javax.faces.resource/jquery/jquery.js?ln=primefaces&v=4.0 HTTP/1.1" 304 -
190.67.210.38 - - [03/Apr/2022:12:15:24 -0500] "GET /sipse/faces/javax.faces.resource/jquery/jquery-plugins.js?ln=primefaces&v=4.0 HTTP/1.1" 304 -
190.67.210.38 - - [03/Apr/2022:12:15:24 -0500] "GET /sipse/faces/javax.faces.resource/primefaces.js?ln=primefaces&v=4.0 HTTP/1.1" 304 -
190.67.210.38 - - [03/Apr/2022:12:15:24 -0500] "GET /sipse/faces/javax.faces.resource/layout/layout.js?ln=primefaces&v=4.0 HTTP/1.1" 304 -
190.67.210.38 - - [03/Apr/2022:12:15:24 -0500] "POST /sipse/faces/presentacion/proyectos/proyecto/proyecto.xhtml HTTP/1.1" 200 3229
172.22.2.4 - - [03/Apr/2022:12:14:16 -0500] "GET /BLA/boletinlegal/ HTTP/1.1" 200 58006
190.67.210.38 - - [03/Apr/2022:12:16:34 -0500] "POST /sipse/faces/presentacion/proyectos/proyecto/proyecto.xhtml HTTP/1.1" 200 20614
216.245.221.92 - - [03/Apr/2022:12:17:00 -0500] "HEAD / HTTP/1.1" 200 -
190.67.210.38 - - [03/Apr/2022:12:18:25 -0500] "POST /sipse/faces/presentacion/proyectos/proyecto/proyecto.xhtml HTTP/1.1" 200 37266
190.67.210.38 - - [03/Apr/2022:12:18:26 -0500] "GET /sipse/faces/javax.faces.resource/spacer/dot_clear.gif?ln=primefaces&v=4.0 HTTP/1.1" 200 42
190.67.210.38 - - [03/Apr/2022:12:18:26 -0500] "POST /sipse/faces/presentacion/proyectos/proyecto/proyecto.xhtml HTTP/1.1" 200 4033
190.67.210.38 - - [03/Apr/2022:12:18:41 -0500] "POST /sipse/faces/presentacion/proyectos/proyecto/proyecto.xhtml HTTP/1.1" 200 59067
40.77.188.91 - - [03/Apr/2022:12:19:53 -0500] "GET /catalogoisis/imagenes/br1c2.gif HTTP/1.1" 200 297
40.77.189.212 - - [03/Apr/2022:12:19:53 -0500] "GET /catalogoisis/imagenes/br2c2.gif HTTP/1.1" 200 302
40.77.189.223 - - [03/Apr/2022:12:19:53 -0500] "GET /catalogoisis/imagenes/br2c3.gif HTTP/1.1" 200 416
40.77.190.156 - - [03/Apr/2022:12:19:54 -0500] "GET /catalogoisis/imagenes/br2c1.gif HTTP/1.1" 200 297
207.46.13.157 - - [03/Apr/2022:12:20:29 -0500] "GET /bla/resoluciones/resoluciones%202021/1019.pdf HTTP/1.1" 200 2097536
172.22.2.4 - - [03/Apr/2022:12:19:16 -0500] "HEAD /BLA/boletinlegal/ HTTP/1.1" 200 -
172.22.2.4 - - [03/Apr/2022:12:20:06 -0500] "GET /BLA/boletinlegal/ HTTP/1.1" 200 59170
216.245.221.92 - - [03/Apr/2022:12:22:00 -0500] "HEAD / HTTP/1.1" 200 -
172.22.2.4 - - [03/Apr/2022:12:22:32 -0500] "GET /BLA/boletinlegal/Directivas/2019/Directiva%20No.%200001%20del%2011%20de%20junio%20de%202019.pdf HTTP/1.1" 200 228190
201.245.192.253 - - [03/Apr/2022:12:22:26 -0500] "POST /kwsrmcab/Wsrmcab HTTP/1.1" 200 41242
201.245.192.253 - - [03/Apr/2022:12:23:17 -0500] "POST /kwsrmcab/Wsrmcab HTTP/1.1" 200 45784
186.116.212.131 - - [03/Apr/2022:12:26:19 -0500] "GET /mesa/contrasena.pdf HTTP/1.1" 200 443199
186.116.212.131 - - [03/Apr/2022:12:26:19 -0500] "GET /mesa/contrasena.pdf HTTP/1.1" 206 1
186.116.212.131 - - [03/Apr/2022:12:26:19 -0500] "GET /mesa/contrasena.pdf HTTP/1.1" 206 1391
172.22.2.4 - - [03/Apr/2022:12:25:06 -0500] "HEAD /BLA/boletinlegal/ HTTP/1.1" 200 -
216.245.221.92 - - [03/Apr/2022:12:27:00 -0500] "HEAD / HTTP/1.1" 200 -
69.171.251.23 - - [03/Apr/2022:12:27:32 -0500] "GET /feria-de-servicios-ambientales-viernes-1-y-sabado-2-de-abril-en-la-localidad-de-teusaquillo.html?fbclid=IwAR2qQA_gy0pSqMC5-wsiOclF97v5nPH0ddxxeSZWQWPIe9yWhkSUb7v24ZY HTTP/1.1" 200 1027
172.22.2.4 - - [03/Apr/2022:12:25:56 -0500] "GET /BLA/boletinlegal/ HTTP/1.1" 200 60932
79.110.73.209 - - [03/Apr/2022:12:30:28 -0500] "GET /bla/resoluciones/notificaciones/autos%202019/1341.pdf HTTP/1.1" 200 264270
216.245.221.92 - - [03/Apr/2022:12:32:00 -0500] "HEAD / HTTP/1.1" 200 -
172.22.2.4 - - [03/Apr/2022:12:32:10 -0500] "GET /BLA/boletinlegal/jurisprudencia/analisis/CUADRO%20ANALISIS%20SENTENCIA%20T-411%20DE%201992.doc HTTP/1.1" 200 41984
172.22.2.4 - - [03/Apr/2022:12:30:56 -0500] "HEAD /BLA/boletinlegal/ HTTP/1.1" 200 -
191.95.165.219 - - [03/Apr/2022:12:32:42 -0500] "GET /BLA/resoluciones/index.php?dir= HTTP/1.1" 200 13093
191.95.165.219 - - [03/Apr/2022:12:32:43 -0500] "GET /BLA/resoluciones/dlf/styles.css HTTP/1.1" 200 3049
191.95.165.219 - - [03/Apr/2022:12:32:43 -0500] "GET /BLA/resoluciones/dlf/folder.png HTTP/1.1" 200 410
191.95.165.219 - - [03/Apr/2022:12:32:43 -0500] "GET /BLA/resoluciones/dlf/bg.gif HTTP/1.1" 200 54
172.22.2.4 - - [03/Apr/2022:12:32:45 -0500] "GET /BLA/boletinlegal/jurisprudencia/analisis/cuadro%20analisis%20sentencia%20c-554%20de%202007.doc HTTP/1.1" 200 35328
191.95.165.219 - - [03/Apr/2022:12:33:01 -0500] "GET /BLA/resoluciones/dlf/dirup.png HTTP/1.1" 200 644
191.95.165.219 - - [03/Apr/2022:12:33:01 -0500] "GET /BLA/resoluciones/dlf/pdf.gif HTTP/1.1" 200 272
191.95.165.219 - - [03/Apr/2022:12:33:01 -0500] "GET /BLA/resoluciones/index.php?dir=AUTOS+2010%2F HTTP/1.1" 200 274169
201.245.192.253 - - [03/Apr/2022:12:32:26 -0500] "POST /kwsrmcab/Wsrmcab HTTP/1.1" 200 41242
172.22.2.4 - - [03/Apr/2022:12:31:46 -0500] "GET /BLA/boletinlegal/ HTTP/1.1" 200 61416
45.137.21.208 - - [03/Apr/2022:12:33:39 -0500] "GET http://example.com/ HTTP/1.1" 200 319
201.245.192.253 - - [03/Apr/2022:12:33:15 -0500] "POST /kwsrmcab/Wsrmcab HTTP/1.1" 200 45784
66.249.73.100 - - [03/Apr/2022:12:34:19 -0500] "-" 408 -
181.51.104.46 - - [03/Apr/2022:12:35:01 -0500] "GET /catalogoisis/ HTTP/1.1" 200 8575
181.51.104.46 - - [03/Apr/2022:12:35:02 -0500] "GET /catalogoisis/Css/Busqueda.css HTTP/1.1" 200 1995
181.51.104.46 - - [03/Apr/2022:12:35:02 -0500] "GET /catalogoisis/Js/AceptarLimpiar.js HTTP/1.1" 200 331
181.51.104.46 - - [03/Apr/2022:12:35:02 -0500] "GET /catalogoisis/Js/CriterioCombinada.js HTTP/1.1" 200 1843
181.51.104.46 - - [03/Apr/2022:12:35:02 -0500] "GET /catalogoisis/Js/Cookies.js HTTP/1.1" 200 1369
181.51.104.46 - - [03/Apr/2022:12:35:02 -0500] "GET /catalogoisis/Js/Numero.js HTTP/1.1" 200 398
181.51.104.46 - - [03/Apr/2022:12:35:02 -0500] "GET /catalogoisis/Js/LimpiarCombinada.js HTTP/1.1" 200 207
181.51.104.46 - - [03/Apr/2022:12:35:02 -0500] "GET /catalogoisis/Js/Remote.js HTTP/1.1" 200 436
181.51.104.46 - - [03/Apr/2022:12:35:02 -0500] "GET /catalogoisis/Js/Go.js HTTP/1.1" 200 364
181.51.104.46 - - [03/Apr/2022:12:35:02 -0500] "GET /catalogoisis/Js/Enter.js HTTP/1.1" 200 1208
181.51.104.46 - - [03/Apr/2022:12:35:02 -0500] "GET /catalogoisis/imagenes/br1c1.gif HTTP/1.1" 200 172
181.51.104.46 - - [03/Apr/2022:12:35:02 -0500] "GET /catalogoisis/imagenes/aceptar1.gif HTTP/1.1" 200 604
181.51.104.46 - - [03/Apr/2022:12:35:02 -0500] "GET /catalogoisis/imagenes/limpiar1.gif HTTP/1.1" 200 606
181.51.104.46 - - [03/Apr/2022:12:35:02 -0500] "GET /catalogoisis/imagenes/br3c1.gif HTTP/1.1" 200 177
181.51.104.46 - - [03/Apr/2022:12:35:02 -0500] "GET /catalogoisis/imagenes/Turnbo1.gif HTTP/1.1" 200 227
181.51.104.46 - - [03/Apr/2022:12:35:02 -0500] "GET /catalogoisis/imagenes/br1c3.gif HTTP/1.1" 200 302
181.51.104.46 - - [03/Apr/2022:12:35:02 -0500] "GET /catalogoisis/imagenes/br3c2.gif HTTP/1.1" 200 285
181.51.104.46 - - [03/Apr/2022:12:35:02 -0500] "GET /catalogoisis/imagenes/br1c2.gif HTTP/1.1" 200 297
181.51.104.46 - - [03/Apr/2022:12:35:02 -0500] "GET /catalogoisis/imagenes/br3c3.gif HTTP/1.1" 200 186
181.51.104.46 - - [03/Apr/2022:12:35:02 -0500] "GET /catalogoisis/imagenes/br2c1.gif HTTP/1.1" 200 297
181.51.104.46 - - [03/Apr/2022:12:35:02 -0500] "GET /catalogoisis/imagenes/Header.gif HTTP/1.1" 200 30313
181.51.104.46 - - [03/Apr/2022:12:35:02 -0500] "GET /catalogoisis/imagenes/br2c2.gif HTTP/1.1" 200 302
181.51.104.46 - - [03/Apr/2022:12:35:02 -0500] "GET /catalogoisis/imagenes/br2c3.gif HTTP/1.1" 200 416
181.51.104.46 - - [03/Apr/2022:12:35:02 -0500] "GET /favicon.ico HTTP/1.1" 200 7782
49.7.21.74 - - [03/Apr/2022:12:35:04 -0500] "-" 408 -
181.51.104.46 - - [03/Apr/2022:12:35:27 -0500] "GET /catalogoisis/imagenes/aceptar2.gif HTTP/1.1" 200 586
181.51.104.46 - - [03/Apr/2022:12:35:28 -0500] "GET /catalogoisis/imagenes/aceptar2.gif HTTP/1.1" 200 586
181.51.104.46 - - [03/Apr/2022:12:35:32 -0500] "GET /catalogoisis/imagenes/limpiar2.gif HTTP/1.1" 200 589
181.51.104.46 - - [03/Apr/2022:12:35:39 -0500] "GET /catalogoisis/imagenes/limpiar2.gif HTTP/1.1" 200 589
216.245.221.92 - - [03/Apr/2022:12:37:00 -0500] "HEAD / HTTP/1.1" 200 -
66.220.149.5 - - [03/Apr/2022:12:37:19 -0500] "GET /images/pieza-grafica-mujeres-25-enero.jpg HTTP/1.1" 200 45386
172.22.2.4 - - [03/Apr/2022:12:36:46 -0500] "HEAD /BLA/boletinlegal/ HTTP/1.1" 200 -
34.90.207.243 - - [03/Apr/2022:12:39:05 -0500] "GET / HTTP/1.1" 200 319
172.22.2.4 - - [03/Apr/2022:12:37:36 -0500] "GET /BLA/boletinlegal/ HTTP/1.1" 200 61416
31.13.115.2 - - [03/Apr/2022:12:39:40 -0500] "GET /oso-melero-recuperado-en-bogota-fue-liberado-exitosamente-en-el-meta.html HTTP/1.1" 206 948
31.13.115.5 - - [03/Apr/2022:12:39:40 -0500] "GET /oso-melero-recuperado-en-bogota-fue-liberado-exitosamente-en-el-meta.html HTTP/1.1" 206 948
31.13.115.4 - - [03/Apr/2022:12:39:40 -0500] "GET /oso-melero-recuperado-en-bogota-fue-liberado-exitosamente-en-el-meta.html HTTP/1.1" 206 948
31.13.115.18 - - [03/Apr/2022:12:39:40 -0500] "GET /oso-melero-recuperado-en-bogota-fue-liberado-exitosamente-en-el-meta.html HTTP/1.1" 206 948
172.22.2.4 - - [03/Apr/2022:12:40:00 -0500] "GET /BLA/boletinlegal/showLogin.cc HTTP/1.1" 404 1018
172.22.2.4 - - [03/Apr/2022:12:39:52 -0500] "GET /BLA/boletinlegal/ HTTP/1.1" 200 32715
216.245.221.92 - - [03/Apr/2022:12:42:00 -0500] "HEAD / HTTP/1.1" 200 -
201.245.192.253 - - [03/Apr/2022:12:42:26 -0500] "POST /kwsrmcab/Wsrmcab HTTP/1.1" 200 41242
201.245.192.253 - - [03/Apr/2022:12:43:17 -0500] "POST /kwsrmcab/Wsrmcab HTTP/1.1" 200 45784
172.22.2.4 - - [03/Apr/2022:12:42:36 -0500] "HEAD /BLA/boletinlegal/ HTTP/1.1" 200 -
207.46.13.157 - - [03/Apr/2022:12:44:22 -0500] "GET /catalogoisis/ HTTP/1.1" 200 8575
172.22.2.4 - - [03/Apr/2022:12:43:26 -0500] "GET /BLA/boletinlegal/ HTTP/1.1" 200 59170
207.46.13.199 - - [03/Apr/2022:12:46:30 -0500] "GET /BLA/resoluciones/index.php?dir=RESOLUCIONES+2021%2F HTTP/1.1" 200 303054
216.245.221.92 - - [03/Apr/2022:12:47:00 -0500] "HEAD / HTTP/1.1" 200 -
172.22.2.4 - - [03/Apr/2022:12:48:43 -0500] "GET /BLA/boletinlegal/jurisprudencia/analisis/analisist-046-99.docx HTTP/1.1" 200 20918
138.201.198.46 - - [03/Apr/2022:12:49:33 -0500] "GET /sitemap.xml HTTP/1.1" 404 1018
172.22.2.4 - - [03/Apr/2022:12:48:26 -0500] "HEAD /BLA/boletinlegal/ HTTP/1.1" 200 -
138.201.194.242 - - [03/Apr/2022:12:49:33 -0500] "GET /BLA/boletinlegal/ HTTP/1.1" 200 32715
172.22.2.4 - - [03/Apr/2022:12:49:16 -0500] "GET /BLA/boletinlegal/ HTTP/1.1" 200 49718
66.249.73.127 - - [03/Apr/2022:12:51:10 -0500] "-" 408 -
216.245.221.92 - - [03/Apr/2022:12:52:00 -0500] "HEAD / HTTP/1.1" 200 -
207.46.13.157 - - [03/Apr/2022:12:52:41 -0500] "GET /bla/resoluciones/resoluciones%202021/2404.pdf HTTP/1.1" 200 484881
172.22.2.4 - - [03/Apr/2022:12:54:16 -0500] "HEAD /BLA/boletinlegal/ HTTP/1.1" 200 -
49.7.21.74 - - [03/Apr/2022:12:56:38 -0500] "-" 408 -
172.22.2.4 - - [03/Apr/2022:12:55:06 -0500] "GET /BLA/boletinlegal/ HTTP/1.1" 200 60932
216.245.221.92 - - [03/Apr/2022:12:57:00 -0500] "HEAD / HTTP/1.1" 200 -
186.28.104.213 - - [03/Apr/2022:12:57:18 -0500] "GET /kwssiamovil/sm/ldap/au?x=U2FsdGVkX19mPERwSeNSY1JfwanHxKodv6E8dL3vAhu6FKD+eZ/PR73RxsoM/fnd&y=U2FsdGVkX19C7HGTOFw9fQXNks+Ree1tVmIpFDzkDaDRISq3gQcxVruJYGmL8S0a HTTP/1.1" 200 30
186.28.104.213 - - [03/Apr/2022:12:57:18 -0500] "GET /kwssiamovil/sm/acme/s?s=U2FsdGVkX1/JPeTzmcHxdh8mh11uHt73zctx73C5oVdtZZVdIBZGdi+Sgw/ImvDrCwF6XHD8vxUvJcd9cIFahL4xJ7gjGavqMwr6Q/ZrVMQ=&u=U2FsdGVkX18jCEDLm8gfw5bPlck97v2+D3SDMoJRsEmqsBy8DP9SoDZGBiD7RIEb&y=U2FsdGVkX19C7HGTOFw9fQXNks+Ree1tVmIpFDzkDaDRISq3gQcxVruJYGmL8S0a HTTP/1.1" 200 97
186.28.104.213 - - [03/Apr/2022:12:57:18 -0500] "GET /kwssiamovil/sm/acme/s?s=U2FsdGVkX1+/kzN9jTa9RoyIbNXew0L/hhfsqzUMz0UJ5BYMc3pgBdU+Za6b+EDZwBA1jsvs/tpKYRzLFMTbRyMxtCgBvbr21PW4A55mymBZkgzerY5oQiDerlb5ntF3aujTk1FxD80fNMDykm2b3QHfPwlDdSDuJFkt3fNH0TSDvKmDkDOUpMMdDxp5ZF/qIgOr3dpHgcspTKcOf5y2jzsKHeT8I8D8B4lc5TccW5lnjXP5DIwpw//U8/QPYG1RDl7MnU4sAgR01akwayPfRAkfxW/EdkS/BgJnSFC/1qUcrVoM26UOrcfSjHZWvEqfjfbvzCL8L7X37sVqNcRPF4HKb8c2pifAHdipfkPPzg20Lv/z2w7jLTSdla2V2Rcd+3JiyHnaBTqxnVnjD2/xCrEbPdQFJwETPnm70/0mSuWZIkFURMivOuZRMpiI4szAAk9DJmltGdXIFDgAw7bnUUa/W1WAWBbtJYrAhWL2zGYudO+beVX1fECX/iMc/WRNC0Jw1cziEMDVbXc9RzcQ0lKXn/VAqBi6O6UaXW7wqsy6b/iETPPCu4jdJQiMTcuVs67zUoD3poH0P8ZQlGH7j+96x4f9erNC/kQN2+LJBHojWiIpuDF3YpLQ6PCPVDhM8ozjfGVpy9kZECzMTA30t5Bnqzd2ZkhqK0IN8PDC9/Va/fZiRqfjOje7V2cMjntO9UZRt/sz3XB18vWesdf2WEVPWdp371S8r9dK1NthiMPyAq1DbFBzeF5UzIXuWMlZE//5L56Kxkx3iu5Dmy1cAWS2lt/Qg0EY2C8B+mzboB6NT6NDWtMnzj9BgF4uCEe6HWVnsnNcnJMoM7u/PC2cOmtvsRRbsgqd3g7VWzVmPHyJyDcJkNK0nXtKdRZEbFe69lq46RcOuA38WspynN/DJMYurb5WVtvslunzLBsq8DXA8i4hmQf5guaB1zeZaRUs7rAqK10mWhXjgfgSgqB3Pzp8A4Ho2k5xLBaZ/zLzqzUElxTz9v0HtxHaI69S9c+DUB6XzLkx7hYGej7xl07CVKBKTOrpz9gBf9PTjlctoRtg6AqblBwglU/xRYTxUyyI9eKuIX81TtX23Jp/gv2Tk084eZWK6H3Zv2Z+Lw07ZuE=&u=U2FsdGVkX18jCEDLm8gfw5bPlck97v2+D3SDMoJRsEmqsBy8DP9SoDZGBiD7RIEb&y=U2FsdGVkX19C7HGTOFw9fQXNks+Ree1tVmIpFDzkDaDRISq3gQcxVruJYGmL8S0a HTTP/1.1" 200 8165
186.28.104.213 - - [03/Apr/2022:12:57:19 -0500] "GET /kwssiamovil/sm/acme/s?s=U2FsdGVkX195/qhF84NLKGiL49mYmY9T7Ck77VsGxlg7u0Hb508oXTTJrLSkGmt0&u=U2FsdGVkX18jCEDLm8gfw5bPlck97v2+D3SDMoJRsEmqsBy8DP9SoDZGBiD7RIEb&y=U2FsdGVkX19C7HGTOFw9fQXNks+Ree1tVmIpFDzkDaDRISq3gQcxVruJYGmL8S0a HTTP/1.1" 200 70
186.28.104.213 - - [03/Apr/2022:12:57:19 -0500] "GET /kwssiamovil/sm/acme/s?s=U2FsdGVkX1+uE+HcnAgbcShUTVt9lBffOSfvtnJWHuw/EkgFl03ftYRTcDnUrnt5&u=U2FsdGVkX18jCEDLm8gfw5bPlck97v2+D3SDMoJRsEmqsBy8DP9SoDZGBiD7RIEb&y=U2FsdGVkX19C7HGTOFw9fQXNks+Ree1tVmIpFDzkDaDRISq3gQcxVruJYGmL8S0a HTTP/1.1" 200 70
186.28.104.213 - - [03/Apr/2022:12:57:19 -0500] "GET /kwssiamovil/sm/acme/s?s=U2FsdGVkX1/MSU5wghEkDM1K4fJ0vIqfUkyQoQtUhiJYqAwWCwvcu+pgmz6/5BBQ&u=U2FsdGVkX18jCEDLm8gfw5bPlck97v2+D3SDMoJRsEmqsBy8DP9SoDZGBiD7RIEb&y=U2FsdGVkX19C7HGTOFw9fQXNks+Ree1tVmIpFDzkDaDRISq3gQcxVruJYGmL8S0a HTTP/1.1" 200 70
186.28.104.213 - - [03/Apr/2022:12:57:19 -0500] "GET /kwssiamovil/sm/acme/s?s=U2FsdGVkX1+wHdASrxuh/4qJBjaCDHCFqCZJ23zszHpcFeeTVnoQJmkAyNFTNdaW&u=U2FsdGVkX18jCEDLm8gfw5bPlck97v2+D3SDMoJRsEmqsBy8DP9SoDZGBiD7RIEb&y=U2FsdGVkX19C7HGTOFw9fQXNks+Ree1tVmIpFDzkDaDRISq3gQcxVruJYGmL8S0a HTTP/1.1" 200 70
186.28.104.213 - - [03/Apr/2022:12:57:19 -0500] "GET /kwssiamovil/sm/acme/s?s=U2FsdGVkX1/o4uDXygy8z2UbqbNzoO6kSEAAY9Qah6nxEvpyqP4KVVsEWmT46NZ6&u=U2FsdGVkX18jCEDLm8gfw5bPlck97v2+D3SDMoJRsEmqsBy8DP9SoDZGBiD7RIEb&y=U2FsdGVkX19C7HGTOFw9fQXNks+Ree1tVmIpFDzkDaDRISq3gQcxVruJYGmL8S0a HTTP/1.1" 200 70
186.28.104.213 - - [03/Apr/2022:12:57:19 -0500] "GET /kwssiamovil/sm/acme/s?s=U2FsdGVkX1+vhgF62ZJ7/htH38Hz4cycmlxa/jx8p7Z+enJCi1TC5wyhvO6ga91T&u=U2FsdGVkX18jCEDLm8gfw5bPlck97v2+D3SDMoJRsEmqsBy8DP9SoDZGBiD7RIEb&y=U2FsdGVkX19C7HGTOFw9fQXNks+Ree1tVmIpFDzkDaDRISq3gQcxVruJYGmL8S0a HTTP/1.1" 200 70
186.28.104.213 - - [03/Apr/2022:12:57:19 -0500] "GET /kwssiamovil/sm/acme/s?s=U2FsdGVkX19BJuIwlFeT54eIhw1JBLffUent4g0a4hWsaccD0G/p8NffRk0Dqc7K&u=U2FsdGVkX18jCEDLm8gfw5bPlck97v2+D3SDMoJRsEmqsBy8DP9SoDZGBiD7RIEb&y=U2FsdGVkX19C7HGTOFw9fQXNks+Ree1tVmIpFDzkDaDRISq3gQcxVruJYGmL8S0a HTTP/1.1" 200 70
186.28.104.213 - - [03/Apr/2022:12:57:19 -0500] "GET /kwssiamovil/sm/acme/s?s=U2FsdGVkX1+onpLu0juJQwKk0srKFvKT0nNNA3otqN1Vv5PVKrdgtZEJ0zHtatBZ&u=U2FsdGVkX18jCEDLm8gfw5bPlck97v2+D3SDMoJRsEmqsBy8DP9SoDZGBiD7RIEb&y=U2FsdGVkX19C7HGTOFw9fQXNks+Ree1tVmIpFDzkDaDRISq3gQcxVruJYGmL8S0a HTTP/1.1" 200 70
186.28.104.213 - - [03/Apr/2022:12:57:20 -0500] "GET /kwssiamovil/sm/acme/s?s=U2FsdGVkX1/93mNEmfGW6C9CBblgimkrXM00puq/4gdTSYBv/giNW1wsctkH09z9&u=U2FsdGVkX18jCEDLm8gfw5bPlck97v2+D3SDMoJRsEmqsBy8DP9SoDZGBiD7RIEb&y=U2FsdGVkX19C7HGTOFw9fQXNks+Ree1tVmIpFDzkDaDRISq3gQcxVruJYGmL8S0a HTTP/1.1" 200 70
186.28.104.213 - - [03/Apr/2022:12:57:20 -0500] "GET /kwssiamovil/sm/acme/s?s=U2FsdGVkX188vcUiV8fR3UWUzygZL1g6UUww8i6RFst8EjCELW7bxitsJRAUTA2N&u=U2FsdGVkX18jCEDLm8gfw5bPlck97v2+D3SDMoJRsEmqsBy8DP9SoDZGBiD7RIEb&y=U2FsdGVkX19C7HGTOFw9fQXNks+Ree1tVmIpFDzkDaDRISq3gQcxVruJYGmL8S0a HTTP/1.1" 200 70
186.28.104.213 - - [03/Apr/2022:12:57:20 -0500] "GET /kwssiamovil/sm/acme/s?s=U2FsdGVkX18t2Fz2T6P9YugFfFqkQfg6pQh+BGiGBXnJhDCIS7wJ9t9rkhS6W65X&u=U2FsdGVkX18jCEDLm8gfw5bPlck97v2+D3SDMoJRsEmqsBy8DP9SoDZGBiD7RIEb&y=U2FsdGVkX19C7HGTOFw9fQXNks+Ree1tVmIpFDzkDaDRISq3gQcxVruJYGmL8S0a HTTP/1.1" 200 70
186.28.104.213 - - [03/Apr/2022:12:57:20 -0500] "GET /kwssiamovil/sm/acme/s?s=U2FsdGVkX1/YEMzNawFEteeJzwb45/QWC1rdktU+XQ7bkWJiQWUwARqtLf1XoMsB&u=U2FsdGVkX18jCEDLm8gfw5bPlck97v2+D3SDMoJRsEmqsBy8DP9SoDZGBiD7RIEb&y=U2FsdGVkX19C7HGTOFw9fQXNks+Ree1tVmIpFDzkDaDRISq3gQcxVruJYGmL8S0a HTTP/1.1" 200 70
186.28.104.213 - - [03/Apr/2022:12:57:20 -0500] "GET /kwssiamovil/sm/acme/s?s=U2FsdGVkX19wXyaz32Bn0zK+/00PlZSD4XJUBvpDcuD/zg6ThQkoEsvPGL4Aod7n&u=U2FsdGVkX18jCEDLm8gfw5bPlck97v2+D3SDMoJRsEmqsBy8DP9SoDZGBiD7RIEb&y=U2FsdGVkX19C7HGTOFw9fQXNks+Ree1tVmIpFDzkDaDRISq3gQcxVruJYGmL8S0a HTTP/1.1" 200 70
186.28.104.213 - - [03/Apr/2022:12:57:20 -0500] "GET /kwssiamovil/sm/acme/s?s=U2FsdGVkX1++im7zZogW6JPODUgA0/y9G7dJCXl358ZDdgwsDrOXqDsZVCZNA7xu&u=U2FsdGVkX18jCEDLm8gfw5bPlck97v2+D3SDMoJRsEmqsBy8DP9SoDZGBiD7RIEb&y=U2FsdGVkX19C7HGTOFw9fQXNks+Ree1tVmIpFDzkDaDRISq3gQcxVruJYGmL8S0a HTTP/1.1" 200 70
186.28.104.213 - - [03/Apr/2022:12:57:20 -0500] "GET /kwssiamovil/sm/acme/s?s=U2FsdGVkX1+ZMt08DG3xuzCJ0V2najd+fIvO+mK9wh/sorhxUoD/KxWvLNi37+s+&u=U2FsdGVkX18jCEDLm8gfw5bPlck97v2+D3SDMoJRsEmqsBy8DP9SoDZGBiD7RIEb&y=U2FsdGVkX19C7HGTOFw9fQXNks+Ree1tVmIpFDzkDaDRISq3gQcxVruJYGmL8S0a HTTP/1.1" 200 70
186.28.104.213 - - [03/Apr/2022:12:57:20 -0500] "GET /kwssiamovil/sm/acme/s?s=U2FsdGVkX1+7qTHim5z5j9MA/yNsYwWil4/YaFMGb2PNqwNe3dVoFG8ipVJJvtrU&u=U2FsdGVkX18jCEDLm8gfw5bPlck97v2+D3SDMoJRsEmqsBy8DP9SoDZGBiD7RIEb&y=U2FsdGVkX19C7HGTOFw9fQXNks+Ree1tVmIpFDzkDaDRISq3gQcxVruJYGmL8S0a HTTP/1.1" 200 70
186.28.104.213 - - [03/Apr/2022:12:57:20 -0500] "GET /kwssiamovil/sm/acme/s?s=U2FsdGVkX1/jwn9FEeQPsz5JPo8DmHGYpEVpHVOdvK+hN6Yy9RXxpsCsAdKS+qZ2&u=U2FsdGVkX18jCEDLm8gfw5bPlck97v2+D3SDMoJRsEmqsBy8DP9SoDZGBiD7RIEb&y=U2FsdGVkX19C7HGTOFw9fQXNks+Ree1tVmIpFDzkDaDRISq3gQcxVruJYGmL8S0a HTTP/1.1" 200 70
186.28.104.213 - - [03/Apr/2022:12:57:20 -0500] "GET /kwssiamovil/sm/acme/s?s=U2FsdGVkX19mThtvO5XRFakF5ck7KoIvBZ1gnWMbI6S9eLptMU9nsy0UpK+Uk9F5&u=U2FsdGVkX18jCEDLm8gfw5bPlck97v2+D3SDMoJRsEmqsBy8DP9SoDZGBiD7RIEb&y=U2FsdGVkX19C7HGTOFw9fQXNks+Ree1tVmIpFDzkDaDRISq3gQcxVruJYGmL8S0a HTTP/1.1" 200 70
186.28.104.213 - - [03/Apr/2022:12:57:20 -0500] "GET /kwssiamovil/sm/acme/s?s=U2FsdGVkX18VI3Xvz7SXLomxiCBUcH92VVMNKj/wySWpVJbFKeIgMG/kwqL4vXt5&u=U2FsdGVkX18jCEDLm8gfw5bPlck97v2+D3SDMoJRsEmqsBy8DP9SoDZGBiD7RIEb&y=U2FsdGVkX19C7HGTOFw9fQXNks+Ree1tVmIpFDzkDaDRISq3gQcxVruJYGmL8S0a HTTP/1.1" 200 70
186.28.104.213 - - [03/Apr/2022:12:57:20 -0500] "GET /kwssiamovil/sm/acme/s?s=U2FsdGVkX1/FxGfpkpCWNK8rIzLW1T3wL2hXM5/J1M1Pbt4qZ5Z9K4KCGE3VbaHp&u=U2FsdGVkX18jCEDLm8gfw5bPlck97v2+D3SDMoJRsEmqsBy8DP9SoDZGBiD7RIEb&y=U2FsdGVkX19C7HGTOFw9fQXNks+Ree1tVmIpFDzkDaDRISq3gQcxVruJYGmL8S0a HTTP/1.1" 200 70
186.28.104.213 - - [03/Apr/2022:12:57:20 -0500] "GET /kwssiamovil/sm/acme/s?s=U2FsdGVkX18q6afHsA7Hoxh2znNzRoJ2Tdv72K17Kr00hqBommNeDR56kasn333n&u=U2FsdGVkX18jCEDLm8gfw5bPlck97v2+D3SDMoJRsEmqsBy8DP9SoDZGBiD7RIEb&y=U2FsdGVkX19C7HGTOFw9fQXNks+Ree1tVmIpFDzkDaDRISq3gQcxVruJYGmL8S0a HTTP/1.1" 200 70
186.28.104.213 - - [03/Apr/2022:12:57:21 -0500] "GET /kwssiamovil/sm/acme/s?s=U2FsdGVkX18DUdq6yK+3OzrX/tnlMaitt2WHMED9pyfQ5eSQRjpDeCwtRQ7/33HW&u=U2FsdGVkX18jCEDLm8gfw5bPlck97v2+D3SDMoJRsEmqsBy8DP9SoDZGBiD7RIEb&y=U2FsdGVkX19C7HGTOFw9fQXNks+Ree1tVmIpFDzkDaDRISq3gQcxVruJYGmL8S0a HTTP/1.1" 200 70
186.28.104.213 - - [03/Apr/2022:12:57:21 -0500] "GET /kwssiamovil/sm/acme/s?s=U2FsdGVkX1/iWhaEgvMWxYVuw/gzd+ZAjjDp6SuPmi7hR1URK7i+ksmz7lwZ37tx&u=U2FsdGVkX18jCEDLm8gfw5bPlck97v2+D3SDMoJRsEmqsBy8DP9SoDZGBiD7RIEb&y=U2FsdGVkX19C7HGTOFw9fQXNks+Ree1tVmIpFDzkDaDRISq3gQcxVruJYGmL8S0a HTTP/1.1" 200 70
186.28.104.213 - - [03/Apr/2022:12:57:21 -0500] "GET /kwssiamovil/sm/acme/s?s=U2FsdGVkX19ajYQ/ZqY6syTtvO9mm6XH/1twygSNbAhCgUAwGb/JEgIGTbNHa0G8&u=U2FsdGVkX18jCEDLm8gfw5bPlck97v2+D3SDMoJRsEmqsBy8DP9SoDZGBiD7RIEb&y=U2FsdGVkX19C7HGTOFw9fQXNks+Ree1tVmIpFDzkDaDRISq3gQcxVruJYGmL8S0a HTTP/1.1" 200 70
186.28.104.213 - - [03/Apr/2022:12:57:21 -0500] "GET /kwssiamovil/sm/acme/s?s=U2FsdGVkX1+6L02S/Um4hbsTK6cYT77MlFXcL1BOPYmvTzw1usqb474osf+3ZvaQ&u=U2FsdGVkX18jCEDLm8gfw5bPlck97v2+D3SDMoJRsEmqsBy8DP9SoDZGBiD7RIEb&y=U2FsdGVkX19C7HGTOFw9fQXNks+Ree1tVmIpFDzkDaDRISq3gQcxVruJYGmL8S0a HTTP/1.1" 200 70
186.28.104.213 - - [03/Apr/2022:12:57:21 -0500] "GET /kwssiamovil/sm/acme/s?s=U2FsdGVkX1/x87l7HMRg6cbAixsGirmJOkDeei7QYMqv+YkxNFJcZIX8i5wRhoCP&u=U2FsdGVkX18jCEDLm8gfw5bPlck97v2+D3SDMoJRsEmqsBy8DP9SoDZGBiD7RIEb&y=U2FsdGVkX19C7HGTOFw9fQXNks+Ree1tVmIpFDzkDaDRISq3gQcxVruJYGmL8S0a HTTP/1.1" 200 70
186.28.104.213 - - [03/Apr/2022:12:57:21 -0500] "GET /kwssiamovil/sm/acme/s?s=U2FsdGVkX194mbMJC73JojJoqUFtu+64lJNpAW2NxywbThTNHEy+MGuYcLvwdAbbPfeAFTMLJ/Y9ueN8Ib/dl7Qh+j4Fk69ZEyTpLD4i26W/sXabGlg23ss0TAT4tQfNs+IYlBQflLXchHJxFv4U2YP5h9Oo/NCRJkGKX0tYjEwMAt3wXi01tSYPaWPS5pUkhXv8LPflkbm2ydg3sctmBGtUmsrExxwz4NjdETxFn62CP3SW5GMUoWTBYW/r1lWKE3I8VRscCtfYb8V6meXC5GM1FfQfLfLZ9BearwQsT4ZHZPq7pwuZHMiViuf8it3CPQz+L/HbWY3cCQsHGS/wciejJa0jAcqyXV5r8Hb3afo=&u=U2FsdGVkX18jCEDLm8gfw5bPlck97v2+D3SDMoJRsEmqsBy8DP9SoDZGBiD7RIEb&y=U2FsdGVkX19C7HGTOFw9fQXNks+Ree1tVmIpFDzkDaDRISq3gQcxVruJYGmL8S0a HTTP/1.1" 200 196
186.28.104.213 - - [03/Apr/2022:12:57:21 -0500] "GET /kwssiamovil/sm/cjson/pre?f=1&x=U2FsdGVkX19mPERwSeNSY1JfwanHxKodv6E8dL3vAhu6FKD+eZ/PR73RxsoM/fnd HTTP/1.1" 200 30975
186.86.32.229 - - [03/Apr/2022:12:58:34 -0500] "GET /BLA/boletinlegal/js/jquery.scrollShow.js HTTP/1.1" 200 4586
186.86.32.229 - - [03/Apr/2022:12:58:34 -0500] "GET /galeria/galeria/jquery.fancybox.css?v=2.1.5 HTTP/1.1" 200 4895
186.86.32.229 - - [03/Apr/2022:12:58:34 -0500] "GET /galeria/galeria/jquery.fancybox.js?v=2.1.5 HTTP/1.1" 200 48706
40.77.167.46 - - [03/Apr/2022:12:59:14 -0500] "GET /BLA/resoluciones/AUTOS%202018/0198.pdf HTTP/1.1" 304 -
181.237.42.244 - - [03/Apr/2022:13:00:11 -0500] "GET /documents/10184/2325415/pieza-concurso-buenas-practicas-20-septiembre.jpg HTTP/1.1" 404 1132
172.22.2.4 - - [03/Apr/2022:13:00:06 -0500] "HEAD /BLA/boletinlegal/ HTTP/1.1" 200 -
66.249.73.127 - - [03/Apr/2022:13:01:46 -0500] "-" 408 -
216.245.221.92 - - [03/Apr/2022:13:02:00 -0500] "HEAD / HTTP/1.1" 200 -
181.237.42.244 - - [03/Apr/2022:13:02:00 -0500] "GET /documents/10184/2325415/pieza-concurso-buenas-practicas-20-septiembre.jpg HTTP/1.1" 404 1132
181.237.42.244 - - [03/Apr/2022:13:02:02 -0500] "GET /documents/10184/2325415/pieza-concurso-buenas-practicas-20-septiembre.jpg HTTP/1.1" 404 1132
172.22.2.4 - - [03/Apr/2022:13:00:56 -0500] "GET /BLA/boletinlegal/ HTTP/1.1" 200 61416
207.46.13.157 - - [03/Apr/2022:13:04:22 -0500] "GET /bla/resoluciones/resoluciones%202021/2385.pdf HTTP/1.1" 200 433417
190.156.90.221 - - [03/Apr/2022:13:06:10 -0500] "GET /BLA/ HTTP/1.1" 200 538
190.156.90.221 - - [03/Apr/2022:13:06:21 -0500] "GET /BLA/boletinlegal/images/screen_2.png HTTP/1.1" 200 362502
190.156.90.221 - - [03/Apr/2022:13:06:21 -0500] "GET /BLA/boletinlegal/images/screen_5.png HTTP/1.1" 200 368876
190.156.90.221 - - [03/Apr/2022:13:06:21 -0500] "GET /BLA/boletinlegal/images/screen_3.png HTTP/1.1" 200 210620
190.156.90.221 - - [03/Apr/2022:13:06:21 -0500] "GET /BLA/boletinlegal/images/arr_r.jpg HTTP/1.1" 200 1998
190.156.90.221 - - [03/Apr/2022:13:06:30 -0500] "GET /BLA/boletinlegal/images/pdf.gif HTTP/1.1" 200 567
216.245.221.92 - - [03/Apr/2022:13:07:00 -0500] "HEAD / HTTP/1.1" 200 -
181.237.42.244 - - [03/Apr/2022:13:07:29 -0500] "GET /documents/10184/2325415/pieza-concurso-buenas-practicas-20-septiembre.jpg HTTP/1.1" 404 1132
172.22.2.4 - - [03/Apr/2022:13:05:56 -0500] "HEAD /BLA/boletinlegal/ HTTP/1.1" 200 -
190.156.90.221 - - [03/Apr/2022:13:06:12 -0500] "GET /BLA/boletinlegal/index.php HTTP/1.1" 200 48120
172.22.2.4 - - [03/Apr/2022:13:06:46 -0500] "GET /BLA/boletinlegal/ HTTP/1.1" 200 51004
207.46.13.179 - - [03/Apr/2022:13:09:44 -0500] "GET /BLA/resoluciones/RESOLUCIONES%202019/3481.pdf HTTP/1.1" 304 -
216.245.221.92 - - [03/Apr/2022:13:12:00 -0500] "HEAD / HTTP/1.1" 200 -
186.84.90.149 - - [03/Apr/2022:13:12:10 -0500] "POST /sipse/faces/presentacion/financiero/solicitudProceso/consultar.xhtml HTTP/1.1" 200 42644
186.84.90.149 - - [03/Apr/2022:13:12:11 -0500] "POST /sipse/faces/presentacion/financiero/solicitudProceso/consultar.xhtml HTTP/1.1" 200 42644
186.84.90.149 - - [03/Apr/2022:13:12:11 -0500] "POST /sipse/faces/presentacion/financiero/solicitudProceso/consultar.xhtml HTTP/1.1" 200 42644
186.84.90.149 - - [03/Apr/2022:13:12:36 -0500] "POST /sipse/faces/presentacion/financiero/solicitudProceso/consultar.xhtml HTTP/1.1" 200 34988
186.84.90.149 - - [03/Apr/2022:13:12:37 -0500] "GET /sipse/faces/javax.faces.resource/theme.css?ln=primefaces-sipse HTTP/1.1" 304 -
186.84.90.149 - - [03/Apr/2022:13:12:37 -0500] "GET /sipse/faces/javax.faces.resource/jquery/jquery.js?ln=primefaces&v=4.0 HTTP/1.1" 304 -
186.84.90.149 - - [03/Apr/2022:13:12:37 -0500] "GET /sipse/faces/javax.faces.resource/layout/layout.css?ln=primefaces&v=4.0 HTTP/1.1" 304 -
