172.22.2.4 - - [03/Apr/2022:19:40:34 -0500] "GET /BLA/boletinlegal/Circulares/2020/Circular%2000010%20del%2027%20de%20julio%20de%202020.pdf HTTP/1.1" 200 422655
172.22.2.4 - - [03/Apr/2022:19:40:40 -0500] "GET /BLA/boletinlegal/Circulares/2020/CIRCULAR%20No.%2000019%20DEL%2018%20DE%20DICIEMBRE%20DEL%202020.pdf HTTP/1.1" 200 307959
172.22.2.4 - - [03/Apr/2022:19:40:50 -0500] "GET /BLA/boletinlegal/Circulares/2020/CIRCULAR%20No.%2000014%20del%2001%20de%20septiembre%20del%202020.pdf HTTP/1.1" 200 320826
172.22.2.4 - - [03/Apr/2022:19:40:59 -0500] "GET /BLA/boletinlegal/Circulares/2019/Circular%20No.%2012%20del%2014%20de%20Marzo%20de%202019.pdf HTTP/1.1" 200 344384
172.22.2.4 - - [03/Apr/2022:19:41:05 -0500] "GET /BLA/boletinlegal/Circulares/2019/Circular%20No.%20006%20del%2008%20de%20Febrero%20de%202019.pdf HTTP/1.1" 200 674401
172.22.2.4 - - [03/Apr/2022:19:41:14 -0500] "GET /BLA/boletinlegal/Circulares/2019/Circular%20No.%200015%20del%2003%20de%20Octubre%20de%202019.pdf HTTP/1.1" 200 165608
172.22.2.4 - - [03/Apr/2022:19:41:21 -0500] "GET /BLA/boletinlegal/Circulares/2019/Circular%20No.%200005%20del%2020%20de%20Marzo%20de%202019.pdf HTTP/1.1" 200 159877
172.22.2.4 - - [03/Apr/2022:19:41:00 -0500] "GET /BLA/boletinlegal/ HTTP/1.1" 200 20427
172.22.2.4 - - [03/Apr/2022:19:41:27 -0500] "GET /BLA/boletinlegal/Circulares/2019/Circular%20No.%200003%20del%2031%20de%20Enero%20de%202019.pdf HTTP/1.1" 200 164676
172.22.2.4 - - [03/Apr/2022:19:41:31 -0500] "GET /BLA/boletinlegal/Circulares/2019/Circular%2000020%20del%2020%20de%20diciembre%20de%202019.pdf HTTP/1.1" 200 145170
172.22.2.4 - - [03/Apr/2022:19:41:35 -0500] "GET /BLA/boletinlegal/Circulares/2019/Circular%2000018%20del%2020%20de%20noviembre%20de%202019.pdf HTTP/1.1" 200 158030
172.22.2.4 - - [03/Apr/2022:19:41:40 -0500] "GET /BLA/boletinlegal/Circulares/2019/.pdf HTTP/1.1" 404 1218
172.22.2.4 - - [03/Apr/2022:19:41:43 -0500] "GET /BLA/boletinlegal/Circulares/2018/Circular%20No.%2011%20del%2024%20de%20Septiembre%20de%202018.pdf HTTP/1.1" 200 169541
172.22.2.4 - - [03/Apr/2022:19:41:50 -0500] "GET /BLA/boletinlegal/Circulares/2018/Circular%20No.%2010%20del%2021%20de%20Septiembre%20de%202018.pdf HTTP/1.1" 200 163426
172.22.2.4 - - [03/Apr/2022:19:41:55 -0500] "GET /BLA/boletinlegal/Circulares/2018/Circular%20No.%200015%20del%207%20de%20Diciembre%20de%202018.pdf HTTP/1.1" 200 165305
216.245.221.92 - - [03/Apr/2022:19:41:59 -0500] "HEAD / HTTP/1.1" 200 -
172.22.2.4 - - [03/Apr/2022:19:42:00 -0500] "GET /BLA/boletinlegal/Circulares/2018/CIRCULAR%20COJUNTA%20042%20DE%202018.pdf HTTP/1.1" 200 515008
172.22.2.4 - - [03/Apr/2022:19:42:09 -0500] "GET /BLA/boletinlegal/Circulares/2017/Circular%20No.%202%20del%201%20de%20Septiembre%20de%202017.pdf HTTP/1.1" 200 152575
172.22.2.4 - - [03/Apr/2022:19:42:15 -0500] "GET /BLA/boletinlegal/Circulares/2017/Circular%20No.%201%20del%2030%20de%20Marzo%20de%202017.pdf HTTP/1.1" 200 668532
172.22.2.4 - - [03/Apr/2022:19:42:22 -0500] "GET /BLA/boletinlegal/Circulares/2017/Circular%20No.%2007%20del%2028%20de%20Abril%20de%202017.pdf HTTP/1.1" 200 309906
172.22.2.4 - - [03/Apr/2022:19:42:27 -0500] "GET /BLA/boletinlegal/Circulares/2017/Circular%20No.%20011%20del%2005%20de%20julio%20de%202017.pdf HTTP/1.1" 200 965526
172.22.2.4 - - [03/Apr/2022:19:42:33 -0500] "GET /BLA/boletinlegal/Circulares/2015/Circular%20No.%202%20del%201%20de%20julio%20de%202015.pdf HTTP/1.1" 200 752890
173.252.95.1 - - [03/Apr/2022:19:42:42 -0500] "GET /incautadas-tarantulas-que-iban-a-ser-exportadas-ilegalmente-desde-bogota-hasta-mexico.html HTTP/1.1" 206 899
173.252.95.20 - - [03/Apr/2022:19:42:42 -0500] "GET /incautadas-tarantulas-que-iban-a-ser-exportadas-ilegalmente-desde-bogota-hasta-mexico.html HTTP/1.1" 206 899
172.22.2.4 - - [03/Apr/2022:19:42:43 -0500] "GET /BLA/boletinlegal/Circulares/2015/Circular%20No.%201%20del%2010%20de%20Febrero%20de%202015.pdf HTTP/1.1" 200 660637
172.22.2.4 - - [03/Apr/2022:19:42:49 -0500] "GET /BLA/boletinlegal/Circulares/2014/Circular%20No.%203%20del%2014%20de%20Noviembre%20de%202014.pdf HTTP/1.1" 200 104132
172.22.2.4 - - [03/Apr/2022:19:42:54 -0500] "GET /BLA/boletinlegal/Circulares/2014/Circular%20No.%202%20del%2021%20de%20septiembre%20de%202014.pdf HTTP/1.1" 200 143376
172.22.2.4 - - [03/Apr/2022:19:43:02 -0500] "GET /BLA/boletinlegal/Circulares/2014/Circular%20No.%201%20del%2008%20de%20Mayo%20de%202014.pdf HTTP/1.1" 200 180124
172.22.2.4 - - [03/Apr/2022:19:43:07 -0500] "GET /BLA/boletinlegal/Circulares/2013/Circular%20No.%208%20del%201%20de%20Noviembre%20de%202013.pdf HTTP/1.1" 200 385156
201.245.192.253 - - [03/Apr/2022:19:42:25 -0500] "POST /kwsrmcab/Wsrmcab HTTP/1.1" 200 45595
172.22.2.4 - - [03/Apr/2022:19:43:15 -0500] "GET /BLA/boletinlegal/Circulares/2013/Circular%20No.%207%20del%201%20de%20Agosto%20de%202013.pdf HTTP/1.1" 200 340934
172.22.2.4 - - [03/Apr/2022:19:43:20 -0500] "GET /BLA/boletinlegal/Circulares/2013/Circular%20No.%206%20del%2019%20de%20julio%20de%202013.pdf HTTP/1.1" 200 4210437
172.22.2.4 - - [03/Apr/2022:19:43:39 -0500] "GET /BLA/boletinlegal/Circulares/2013/Circular%20No.%205%20del%2013%20de%20junio%20de%202013.pdf HTTP/1.1" 200 110904
172.22.2.4 - - [03/Apr/2022:19:43:45 -0500] "GET /BLA/boletinlegal/style.css HTTP/1.1" 200 9406
172.22.2.4 - - [03/Apr/2022:19:43:45 -0500] "GET /BLA/boletinlegal/styles2.css HTTP/1.1" 200 1838
172.22.2.4 - - [03/Apr/2022:19:43:45 -0500] "GET /BLA/boletinlegal/js/jquery.js HTTP/1.1" 200 57254
172.22.2.4 - - [03/Apr/2022:19:43:45 -0500] "GET /BLA/boletinlegal/js/jquery.scrollTo-min.js HTTP/1.1" 200 1150
172.22.2.4 - - [03/Apr/2022:19:43:45 -0500] "GET /BLA/boletinlegal/js/jquery.scrollShow.js HTTP/1.1" 200 4586
172.22.2.4 - - [03/Apr/2022:19:43:45 -0500] "GET /BLA/boletinlegal/images/menu_lft.gif HTTP/1.1" 200 1713
172.22.2.4 - - [03/Apr/2022:19:43:45 -0500] "GET /BLA/boletinlegal/images/menu_rght.gif HTTP/1.1" 200 1627
172.22.2.4 - - [03/Apr/2022:19:43:45 -0500] "GET /BLA/boletinlegal/images/cabezote%20BLEGAL.jpg HTTP/1.1" 200 118164
172.22.2.4 - - [03/Apr/2022:19:43:45 -0500] "GET /BLA/boletinlegal/images/subscribe-icon-big.png HTTP/1.1" 200 47702
172.22.2.4 - - [03/Apr/2022:19:43:45 -0500] "GET /BLA/boletinlegal/images/historia.png HTTP/1.1" 200 52775
172.22.2.4 - - [03/Apr/2022:19:43:45 -0500] "GET /BLA/boletinlegal/images/registro-usuarios.png HTTP/1.1" 200 8106
172.22.2.4 - - [03/Apr/2022:19:43:45 -0500] "GET /BLA/boletinlegal/images/arr_l.jpg HTTP/1.1" 200 1979
172.22.2.4 - - [03/Apr/2022:19:43:45 -0500] "GET /BLA/boletinlegal/images/screen_1.png HTTP/1.1" 200 202547
172.22.2.4 - - [03/Apr/2022:19:43:45 -0500] "GET /BLA/boletinlegal/images/launch.jpg HTTP/1.1" 200 14577
172.22.2.4 - - [03/Apr/2022:19:43:45 -0500] "GET /BLA/boletinlegal/images/body_bg.jpg HTTP/1.1" 200 1601
172.22.2.4 - - [03/Apr/2022:19:43:45 -0500] "GET /BLA/boletinlegal/images/bg_top.jpg HTTP/1.1" 200 522
172.22.2.4 - - [03/Apr/2022:19:43:45 -0500] "GET /BLA/boletinlegal/images/menu_bg.jpg HTTP/1.1" 200 620
172.22.2.4 - - [03/Apr/2022:19:43:45 -0500] "GET /BLA/boletinlegal/images/hover.jpg HTTP/1.1" 200 640
172.22.2.4 - - [03/Apr/2022:19:43:45 -0500] "GET /BLA/boletinlegal/images/text.jpg HTTP/1.1" 200 568
172.22.2.4 - - [03/Apr/2022:19:43:46 -0500] "GET /BLA/boletinlegal/Circulares/2013/Circular%20No.%204%20del%2005%20de%20junio%20de%202013.pdf HTTP/1.1" 200 130461
172.22.2.4 - - [03/Apr/2022:19:43:52 -0500] "GET /BLA/boletinlegal/Circulares/2013/Circular%20No.%203%20del%2005%20de%20abril%20de%202013.pdf HTTP/1.1" 200 93580
172.22.2.4 - - [03/Apr/2022:19:43:57 -0500] "GET /BLA/boletinlegal/Circulares/2013/Circular%20No.%202%20del%2022%20de%20enero%20de%202013.pdf HTTP/1.1" 200 85466
172.22.2.4 - - [03/Apr/2022:19:44:03 -0500] "GET /BLA/boletinlegal/Circulares/2013/Circular%20No.%201%20del%2014%20de%20enero%20de%202013.pdf HTTP/1.1" 200 1298384
201.245.192.253 - - [03/Apr/2022:19:43:15 -0500] "POST /kwsrmcab/Wsrmcab HTTP/1.1" 200 45766
172.22.2.4 - - [03/Apr/2022:19:44:11 -0500] "GET /BLA/boletinlegal/Circulares/2012/Circular%20No.%209%20del%2021%20de%20Agosto%20de%202012.pdf HTTP/1.1" 200 1402289
172.22.2.4 - - [03/Apr/2022:19:42:35 -0500] "HEAD /BLA/boletinlegal/ HTTP/1.1" 200 -
172.22.2.4 - - [03/Apr/2022:19:44:19 -0500] "GET /BLA/boletinlegal/Circulares/2012/Circular%20No.%208%20del%2021%20de%20Agosto%20de%202012.pdf HTTP/1.1" 200 963197
172.22.2.4 - - [03/Apr/2022:19:44:23 -0500] "GET /BLA/boletinlegal/normativa.php HTTP/1.1" 200 8258
172.22.2.4 - - [03/Apr/2022:19:44:27 -0500] "GET /BLA/boletinlegal/niceforms-default.css HTTP/1.1" 200 6694
172.22.2.4 - - [03/Apr/2022:19:43:45 -0500] "GET /BLA/boletinlegal/ HTTP/1.1" 200 24523
172.22.2.4 - - [03/Apr/2022:19:44:28 -0500] "GET /BLA/boletinlegal/Circulares/2012/Circular%20No.%207%20del%2008%20de%20Agosto%20de%202012.pdf HTTP/1.1" 200 972955
172.22.2.4 - - [03/Apr/2022:19:44:42 -0500] "GET /BLA/boletinlegal/Circulares/2012/Circular%20No.%206%20del%2025%20de%20Mayo%20de%202012.pdf HTTP/1.1" 200 387391
172.22.2.4 - - [03/Apr/2022:19:44:48 -0500] "GET /BLA/boletinlegal/Circulares/2012/Circular%20No.%205%20del%2027%20de%20Abril%20de%202012.pdf HTTP/1.1" 200 216613
172.22.2.4 - - [03/Apr/2022:19:44:53 -0500] "GET /BLA/boletinlegal/Circulares/2012/Circular%20No.%204%20del%2019%20de%20abril%20de%202012.pdf HTTP/1.1" 200 253045
172.22.2.4 - - [03/Apr/2022:19:44:59 -0500] "GET /BLA/boletinlegal/Circulares/2012/Circular%20No.%203%20del%2023%20de%20Marzo%20de%202012.pdf HTTP/1.1" 200 572950
172.22.2.4 - - [03/Apr/2022:19:43:25 -0500] "GET /BLA/boletinlegal/ HTTP/1.1" 200 56300
172.22.2.4 - - [03/Apr/2022:19:45:08 -0500] "GET /BLA/boletinlegal/Circulares/2012/Circular%20No.%202%20del%2014%20de%20Marzo%20de%202012.pdf HTTP/1.1" 200 113666
172.22.2.4 - - [03/Apr/2022:19:45:14 -0500] "GET /BLA/boletinlegal/Circulares/2012/Circular%20No.%2016%20del%2022%20de%20octubre%20de%202012.pdf HTTP/1.1" 200 381186
172.22.2.4 - - [03/Apr/2022:19:45:21 -0500] "GET /BLA/boletinlegal/Circulares/2012/Circular%20No.%2015%20del%2022%20de%20octubre%20de%202012.pdf HTTP/1.1" 200 486506
172.22.2.4 - - [03/Apr/2022:19:45:27 -0500] "GET /BLA/boletinlegal/Circulares/2012/Circular%20No.%2014%20del%2011%20de%20Septiembre%20de%202012.pdf HTTP/1.1" 200 3427471
172.22.2.4 - - [03/Apr/2022:19:45:37 -0500] "GET /BLA/boletinlegal/Circulares/2012/Circular%20No.%2013%20del%2006%20de%20Septiembre%20de%202012.pdf HTTP/1.1" 200 351421
172.22.2.4 - - [03/Apr/2022:19:45:42 -0500] "GET /BLA/boletinlegal/Circulares/2012/Circular%20No.%2012%20del%2028%20de%20Agosto%20de%202012.pdf HTTP/1.1" 200 369945
172.22.2.4 - - [03/Apr/2022:19:45:49 -0500] "GET /BLA/boletinlegal/Circulares/2012/Circular%20No.%2011%20del%2027%20de%20Agosto%20de%202012.pdf HTTP/1.1" 200 526945
172.22.2.4 - - [03/Apr/2022:19:45:50 -0500] "GET /BLA/boletinlegal/robots.txt HTTP/1.1" 404 1038
172.22.2.4 - - [03/Apr/2022:19:45:56 -0500] "GET /BLA/boletinlegal/Circulares/2012/Circular%20No.%2010%20del%2026%20de%20Enero%20de%202012.pdf HTTP/1.1" 404 1218
172.22.2.4 - - [03/Apr/2022:19:46:01 -0500] "GET /BLA/boletinlegal/Circulares/2012/Circular%20No.%2010%20del%2022%20de%20Agosto%20de%202012.pdf HTTP/1.1" 200 1563219
172.22.2.4 - - [03/Apr/2022:19:46:11 -0500] "GET /BLA/boletinlegal/Circulares/2012/Circular%20No.%201%20del%2017%20de%20Enero%20de%202012.pdf HTTP/1.1" 200 1118749
172.22.2.4 - - [03/Apr/2022:19:46:17 -0500] "GET /BLA/boletinlegal/Circulares/2011/Circular%20No.%209%20del%2003%20de%20Noviembre%20de%202011.pdf HTTP/1.1" 200 54568
172.22.2.4 - - [03/Apr/2022:19:46:23 -0500] "GET /BLA/boletinlegal/Circulares/2011/Circular%20No.%208%20del%2020%20de%20Septiembre%20de%202011.pdf HTTP/1.1" 200 285158
172.22.2.4 - - [03/Apr/2022:19:46:28 -0500] "GET /BLA/boletinlegal/Circulares/2011/Circular%20No.%207%20del%2023%20de%20Diciembre%20de%202011.pdf HTTP/1.1" 200 1107785
172.22.2.4 - - [03/Apr/2022:19:46:35 -0500] "GET /BLA/boletinlegal/Circulares/2011/Circular%20No.%207%20del%2015%20de%20Septiembre%20de%202011.pdf HTTP/1.1" 200 314873
91.211.91.205 - - [03/Apr/2022:19:46:37 -0500] "HEAD / HTTP/1.0" 200 -
172.22.2.4 - - [03/Apr/2022:19:46:43 -0500] "GET /BLA/boletinlegal/Circulares/2011/Circular%20No.%206%20del%2029%20de%20Julio%20de%202011.pdf HTTP/1.1" 200 262144
172.22.2.4 - - [03/Apr/2022:19:46:51 -0500] "GET /BLA/boletinlegal/Circulares/2011/Circular%20No.%206%20del%2023%20de%20Septiembre%20de%202011.pdf HTTP/1.1" 200 252800
216.245.221.92 - - [03/Apr/2022:19:46:59 -0500] "HEAD / HTTP/1.1" 200 -
172.22.2.4 - - [03/Apr/2022:19:47:00 -0500] "GET /BLA/boletinlegal/Circulares/2011/Circular%20No.%205%20del%2014%20de%20Julio%20de%202011.pdf HTTP/1.1" 200 1488992
172.22.2.4 - - [03/Apr/2022:19:47:06 -0500] "GET /BLA/boletinlegal/Circulares/2011/Circular%20No.%205%20del%2012%20de%20Agosto%20de%202011.pdf HTTP/1.1" 200 431796
172.22.2.4 - - [03/Apr/2022:19:45:52 -0500] "GET /BLA/boletinlegal/ HTTP/1.1" 200 63342
201.221.172.17 - - [03/Apr/2022:19:48:30 -0500] "GET /BLA/resoluciones/RESOLUCIONES%202020/0098.pdf HTTP/1.1" 200 326425
201.221.172.17 - - [03/Apr/2022:19:48:31 -0500] "GET /favicon.ico HTTP/1.1" 200 7782
172.22.2.4 - - [03/Apr/2022:19:48:25 -0500] "HEAD /BLA/boletinlegal/ HTTP/1.1" 200 -
172.22.2.4 - - [03/Apr/2022:19:49:15 -0500] "GET /BLA/boletinlegal/ HTTP/1.1" 200 61416
216.245.221.92 - - [03/Apr/2022:19:51:59 -0500] "HEAD / HTTP/1.1" 200 -
207.46.13.199 - - [03/Apr/2022:19:52:30 -0500] "GET /BLA/resoluciones/index.php?dir=RESOLUCIONES+2021%2F HTTP/1.1" 200 303054
66.249.73.127 - - [03/Apr/2022:19:53:07 -0500] "-" 408 -
49.7.21.74 - - [03/Apr/2022:19:54:35 -0500] "-" 408 -
172.22.2.4 - - [03/Apr/2022:19:54:15 -0500] "HEAD /BLA/boletinlegal/ HTTP/1.1" 200 -
172.22.2.4 - - [03/Apr/2022:19:55:05 -0500] "GET /BLA/boletinlegal/ HTTP/1.1" 200 61416
216.245.221.92 - - [03/Apr/2022:19:56:59 -0500] "HEAD / HTTP/1.1" 200 -
172.22.2.4 - - [03/Apr/2022:19:57:04 -0500] "GET /BLA/boletinlegal/consulta_actos.php?tipo=resoluciones&no=1938&usuario=&sector=&fecha=2017&resuelve= HTTP/1.1" 200 1094
191.109.171.62 - - [03/Apr/2022:19:57:06 -0500] "GET /BLA/resoluciones/RESOLUCIONES%202017/1938.pdf HTTP/1.1" 200 585929
191.109.171.62 - - [03/Apr/2022:19:57:08 -0500] "GET /BLA/resoluciones/RESOLUCIONES%202017/1938.pdf HTTP/1.1" 206 61641
186.83.184.39 - - [03/Apr/2022:19:57:25 -0500] "GET /forest/ HTTP/1.1" 200 12041
31.13.127.1 - - [03/Apr/2022:19:57:40 -0500] "GET /images/eficiencia-energetica-11-marzo.jpg HTTP/1.1" 200 46478
186.83.184.39 - - [03/Apr/2022:19:57:45 -0500] "POST /forest/index.php HTTP/1.1" 200 12268
201.221.172.149 - - [03/Apr/2022:19:59:30 -0500] "GET /galeria/galeria/jquery.fancybox.css?v=2.1.5 HTTP/1.1" 200 4895
201.221.172.149 - - [03/Apr/2022:19:59:30 -0500] "GET /BLA/boletinlegal/js/jquery.scrollShow.js HTTP/1.1" 200 4586
201.221.172.149 - - [03/Apr/2022:19:59:30 -0500] "GET /galeria/galeria/jquery.fancybox.js?v=2.1.5 HTTP/1.1" 200 48706
172.22.2.4 - - [03/Apr/2022:20:00:05 -0500] "HEAD /BLA/boletinlegal/ HTTP/1.1" 200 -
216.245.221.92 - - [03/Apr/2022:20:01:59 -0500] "HEAD / HTTP/1.1" 200 -
66.249.73.127 - - [03/Apr/2022:20:02:27 -0500] "-" 408 -
172.22.2.4 - - [03/Apr/2022:20:00:55 -0500] "GET /BLA/boletinlegal/ HTTP/1.1" 200 61416
172.22.2.4 - - [03/Apr/2022:20:03:38 -0500] "GET /BLA/boletinlegal/remote/fgt_lang?lang=/../../../..//////////dev/ HTTP/1.1" 404 1018
40.77.167.46 - - [03/Apr/2022:20:04:45 -0500] "GET /BLA/resoluciones/AUTOS%202018/2763.pdf HTTP/1.1" 304 -
216.245.221.92 - - [03/Apr/2022:20:06:59 -0500] "HEAD / HTTP/1.1" 200 -
172.22.2.4 - - [03/Apr/2022:20:05:55 -0500] "HEAD /BLA/boletinlegal/ HTTP/1.1" 200 -
172.22.2.4 - - [03/Apr/2022:20:07:41 -0500] "GET /BLA/boletinlegal/Circulares/2021/CIRCULAR%20No.%2000007%20DEL%2010%20DE%20AGOSTO%20DEL%202021.pdf HTTP/1.1" 304 -
172.22.2.4 - - [03/Apr/2022:20:06:45 -0500] "GET /BLA/boletinlegal/ HTTP/1.1" 200 61416
207.46.13.157 - - [03/Apr/2022:20:11:11 -0500] "GET /BLA/resoluciones/AUTOS%202018/3613.pdf HTTP/1.1" 304 -
216.245.221.92 - - [03/Apr/2022:20:11:58 -0500] "HEAD / HTTP/1.1" 200 -
173.252.107.116 - - [03/Apr/2022:20:13:04 -0500] "GET /images/feria-servicios-ambiental-barrios-unidos-17-marzo.jpg HTTP/1.1" 200 58797
31.13.127.25 - - [03/Apr/2022:20:13:04 -0500] "GET /images/negocios-verdes-emprendimientos-24-marzo.jpg HTTP/1.1" 200 54522
31.13.127.8 - - [03/Apr/2022:20:13:04 -0500] "GET /images/dia-agua-participantes-22-marzo.jpg HTTP/1.1" 200 53143
172.22.2.4 - - [03/Apr/2022:20:11:45 -0500] "HEAD /BLA/boletinlegal/ HTTP/1.1" 200 -
172.22.2.4 - - [03/Apr/2022:20:12:35 -0500] "GET /BLA/boletinlegal/ HTTP/1.1" 200 61416
179.19.182.166 - - [03/Apr/2022:20:14:52 -0500] "GET /BLA/resoluciones/index.php?dir=RESOLUCIONES+2014%2F HTTP/1.1" 200 330618
172.22.2.4 - - [03/Apr/2022:20:15:33 -0500] "GET /BLA/boletinlegal/ HTTP/1.1" 200 32715
66.249.73.127 - - [03/Apr/2022:20:16:26 -0500] "-" 408 -
216.245.221.92 - - [03/Apr/2022:20:16:58 -0500] "HEAD / HTTP/1.1" 200 -
172.22.2.4 - - [03/Apr/2022:20:17:24 -0500] "GET /BLA/boletinlegal/consulta_actos.php?tipo=resoluciones&no=&usuario=&sector=RUIDO&fecha=2019&resuelve= HTTP/1.1" 200 53711
172.22.2.4 - - [03/Apr/2022:20:18:23 -0500] "GET /BLA/boletinlegal/consulta_actos.php?tipo=resoluciones&no=&usuario=&sector=RUIDO&fecha=2020&resuelve= HTTP/1.1" 200 44596
186.84.91.16 - - [03/Apr/2022:20:18:42 -0500] "GET /BLA/resoluciones/RESOLUCIONES%202020/1738.pdf HTTP/1.1" 200 389408
186.84.91.16 - - [03/Apr/2022:20:18:42 -0500] "GET /BLA/resoluciones/RESOLUCIONES%202020/1738.pdf HTTP/1.1" 206 1025
186.84.91.16 - - [03/Apr/2022:20:18:42 -0500] "GET /BLA/resoluciones/RESOLUCIONES%202020/1738.pdf HTTP/1.1" 200 389408
186.84.91.16 - - [03/Apr/2022:20:18:43 -0500] "GET /BLA/resoluciones/RESOLUCIONES%202020/1738.pdf HTTP/1.1" 206 3072
186.84.91.16 - - [03/Apr/2022:20:18:43 -0500] "GET /BLA/resoluciones/RESOLUCIONES%202020/1738.pdf HTTP/1.1" 206 385311
181.237.49.24 - - [03/Apr/2022:20:18:55 -0500] "GET /BLA/boletinlegal/js/jquery.scrollShow.js HTTP/1.1" 200 4586
181.237.49.24 - - [03/Apr/2022:20:18:55 -0500] "GET /galeria/galeria/jquery.fancybox.css?v=2.1.5 HTTP/1.1" 200 4895
181.237.49.24 - - [03/Apr/2022:20:18:55 -0500] "GET /galeria/galeria/jquery.fancybox.js?v=2.1.5 HTTP/1.1" 200 48706
181.237.49.24 - - [03/Apr/2022:20:18:56 -0500] "GET /galeria/carrusel/Carrusel/jquery.thumbnailScroller.css HTTP/1.1" 200 2066
181.237.49.24 - - [03/Apr/2022:20:18:56 -0500] "GET /galeria/carrusel/Carrusel/jquery-ui-1.8.13.custom.min.js HTTP/1.1" 200 10800
181.237.49.24 - - [03/Apr/2022:20:18:56 -0500] "GET /galeria/carrusel/Carrusel/jquery.thumbnailScroller.js HTTP/1.1" 200 8157
181.237.49.24 - - [03/Apr/2022:20:18:56 -0500] "GET /galeria/nivo-slider/demo/banner.html HTTP/1.1" 200 5446
181.237.49.24 - - [03/Apr/2022:20:18:57 -0500] "GET /galeria/nivo-slider/themes/default/default.css HTTP/1.1" 200 1569
181.237.49.24 - - [03/Apr/2022:20:18:57 -0500] "GET /galeria/nivo-slider/themes/pascal/pascal.css HTTP/1.1" 200 2258
181.237.49.24 - - [03/Apr/2022:20:18:57 -0500] "GET /galeria/nivo-slider/themes/orman/orman.css HTTP/1.1" 200 2152
181.237.49.24 - - [03/Apr/2022:20:18:57 -0500] "GET /galeria/nivo-slider/nivo-slider.css HTTP/1.1" 200 1507
181.237.49.24 - - [03/Apr/2022:20:18:57 -0500] "GET /galeria/nivo-slider/demo/style.css HTTP/1.1" 200 2222
181.237.49.24 - - [03/Apr/2022:20:18:58 -0500] "GET /galeria/nivo-slider/demo/scripts/jquery-1.7.1.min.js HTTP/1.1" 200 93868
181.237.49.24 - - [03/Apr/2022:20:18:58 -0500] "GET /galeria/nivo-slider/jquery.nivo.slider.pack.js HTTP/1.1" 200 11561
181.237.49.24 - - [03/Apr/2022:20:18:58 -0500] "GET /galeria/nivo-slider/demo/images/bannertortuga_optimized.jpg HTTP/1.1" 200 39066
181.237.49.24 - - [03/Apr/2022:20:18:58 -0500] "GET /galeria/nivo-slider/demo/images/Bannermujeresquereverdecen.jpg HTTP/1.1" 200 46558
181.237.49.24 - - [03/Apr/2022:20:18:58 -0500] "GET /galeria/nivo-slider/demo/images/bannertrafico_optimized.jpg HTTP/1.1" 200 42578
181.237.49.24 - - [03/Apr/2022:20:18:58 -0500] "GET /galeria/nivo-slider/demo/images/Bannersedeelectronica.jpg HTTP/1.1" 200 40383
181.237.49.24 - - [03/Apr/2022:20:18:58 -0500] "GET /galeria/nivo-slider/demo/images/Bannerplasticosseptiembre.jpg HTTP/1.1" 200 45633
181.237.49.24 - - [03/Apr/2022:20:18:58 -0500] "GET /galeria/nivo-slider/demo/images/banneraire2021.jpg HTTP/1.1" 200 265101
181.237.49.24 - - [03/Apr/2022:20:18:58 -0500] "GET /galeria/nivo-slider/demo/images/bannerrutaesperanza.jpg HTTP/1.1" 200 55560
181.237.49.24 - - [03/Apr/2022:20:18:58 -0500] "GET /galeria/nivo-slider/demo/images/bannerresiduoshospitalariosagosto.jpg HTTP/1.1" 200 36499
181.237.49.24 - - [03/Apr/2022:20:18:58 -0500] "GET /galeria/nivo-slider/demo/images/banneraccionpopularcrr68.jpg HTTP/1.1" 200 51887
181.237.49.24 - - [03/Apr/2022:20:18:58 -0500] "GET /galeria/nivo-slider/demo/images/banneraccionpopular.jpeg HTTP/1.1" 200 41707
181.237.49.24 - - [03/Apr/2022:20:18:58 -0500] "GET /galeria/nivo-slider/demo/images/bannerclases2021.jpg HTTP/1.1" 200 68230
181.237.49.24 - - [03/Apr/2022:20:18:58 -0500] "GET /galeria/nivo-slider/demo/images/bannercapacitacionesbogota.jpg HTTP/1.1" 200 42416
181.237.49.24 - - [03/Apr/2022:20:18:58 -0500] "GET /galeria/nivo-slider/demo/images/Bannerenvases.jpg HTTP/1.1" 200 37316
181.237.49.24 - - [03/Apr/2022:20:18:58 -0500] "GET /galeria/nivo-slider/demo/images/Bannervirtualescanales.jpg HTTP/1.1" 200 174544
181.237.49.24 - - [03/Apr/2022:20:18:58 -0500] "GET /galeria/nivo-slider/demo/images/4Simple_Slider.png HTTP/1.1" 200 11722
181.237.49.24 - - [03/Apr/2022:20:18:58 -0500] "GET /galeria/nivo-slider/themes/default/loading.gif HTTP/1.1" 200 1737
172.22.2.4 - - [03/Apr/2022:20:17:35 -0500] "HEAD /BLA/boletinlegal/ HTTP/1.1" 200 -
172.22.2.4 - - [03/Apr/2022:20:18:25 -0500] "GET /BLA/boletinlegal/ HTTP/1.1" 200 52945
173.252.111.117 - - [03/Apr/2022:20:20:07 -0500] "GET /secretaria-de-ambiente-hace-seguimiento-de-control-a-licencias-ambientales-otorgadas.html HTTP/1.1" 206 1013
49.7.21.74 - - [03/Apr/2022:20:20:52 -0500] "-" 408 -
69.171.249.112 - - [03/Apr/2022:20:21:00 -0500] "GET /images/pieza-voluntariado-ambiental.jpg HTTP/1.1" 200 41042
216.245.221.92 - - [03/Apr/2022:20:21:58 -0500] "HEAD / HTTP/1.1" 200 -
201.245.192.253 - - [03/Apr/2022:20:22:25 -0500] "POST /kwsrmcab/Wsrmcab HTTP/1.1" 200 45587
40.77.167.41 - - [03/Apr/2022:20:23:25 -0500] "GET /portaldeninos/agua-y-estructura-ecologica-principal/ HTTP/1.1" 200 80067
207.46.13.31 - - [03/Apr/2022:20:23:40 -0500] "GET /portaldeninos/wp-content/plugins/gallery-videos/CSS/totalsoft.css?ver=4.9.8 HTTP/1.1" 200 40622
207.46.13.186 - - [03/Apr/2022:20:23:42 -0500] "GET /portaldeninos/wp-content/themes/betheme/assets/animations/animations.min.js?ver=20.9.6 HTTP/1.1" 200 1896
207.46.13.31 - - [03/Apr/2022:20:23:43 -0500] "GET /portaldeninos/wp-content/themes/betheme/assets/ui/jquery.ui.all.css?ver=20.9.6 HTTP/1.1" 200 18765
207.46.13.194 - - [03/Apr/2022:20:23:44 -0500] "GET /portaldeninos/wp-content/plugins/gallery-videos/CSS/Total-Soft-Gallery-Video-Widget.css?ver=4.9.8 HTTP/1.1" 200 51554
40.77.167.41 - - [03/Apr/2022:20:23:44 -0500] "GET /portaldeninos/wp-content/themes/betheme/assets/jplayer/jplayer.min.js?ver=20.9.6 HTTP/1.1" 200 52702
207.46.13.186 - - [03/Apr/2022:20:23:45 -0500] "GET /portaldeninos/wp-content/themes/betheme/css/shortcodes.css?ver=20.9.6 HTTP/1.1" 200 138889
207.46.13.194 - - [03/Apr/2022:20:23:46 -0500] "GET /portaldeninos/wp-content/plugins/gallery-videos/JS/modernizr.custom.js?ver=4.9.8 HTTP/1.1" 200 9019
207.46.13.186 - - [03/Apr/2022:20:23:47 -0500] "GET /portaldeninos/wp-content/themes/betheme/style.css?ver=20.9.6 HTTP/1.1" 200 287
40.77.167.41 - - [03/Apr/2022:20:23:46 -0500] "GET /portaldeninos/wp-content/themes/betheme/js/plugins.js?ver=20.9.6 HTTP/1.1" 200 197151
207.46.13.31 - - [03/Apr/2022:20:23:46 -0500] "GET /portaldeninos/wp-content/themes/betheme/css/layout.css?ver=20.9.6 HTTP/1.1" 200 116639
207.46.13.31 - - [03/Apr/2022:20:23:48 -0500] "GET /portaldeninos/wp-content/themes/betheme/js/scripts.js?ver=20.9.6 HTTP/1.1" 200 77162
207.46.13.194 - - [03/Apr/2022:20:23:49 -0500] "GET /portaldeninos/wp-content/themes/betheme/assets/jplayer/css/jplayer.blue.monday.css?ver=20.9.6 HTTP/1.1" 200 9834
40.77.167.41 - - [03/Apr/2022:20:23:49 -0500] "GET /portaldeninos/wp-includes/js/jquery/ui/sortable.min.js?ver=1.11.4 HTTP/1.1" 200 24899
207.46.13.186 - - [03/Apr/2022:20:23:50 -0500] "GET /portaldeninos/wp-includes/js/jquery/ui/core.min.js?ver=1.11.4 HTTP/1.1" 200 4000
207.46.13.31 - - [03/Apr/2022:20:23:51 -0500] "GET /portaldeninos/wp-content/uploads/useanyfont/uaf.css?ver=1589905315 HTTP/1.1" 200 408
207.46.13.194 - - [03/Apr/2022:20:23:52 -0500] "GET /portaldeninos/wp-content/themes/betheme/css/base.css?ver=20.9.6 HTTP/1.1" 200 57283
40.77.167.41 - - [03/Apr/2022:20:23:52 -0500] "GET /portaldeninos/wp-includes/js/wp-emoji-release.min.js?ver=4.9.8 HTTP/1.1" 200 12026
40.77.167.78 - - [03/Apr/2022:20:23:53 -0500] "GET /portaldeninos/wp-content/themes/betheme/js/menu.js?ver=20.9.6 HTTP/1.1" 200 2449
207.46.13.31 - - [03/Apr/2022:20:23:54 -0500] "GET /portaldeninos/wp-includes/js/jquery/jquery.js?ver=1.12.4 HTTP/1.1" 200 97184
207.46.13.194 - - [03/Apr/2022:20:23:55 -0500] "GET /portaldeninos/wp-content/themes/betheme/css/responsive.css?ver=20.9.6 HTTP/1.1" 200 55740
207.46.13.178 - - [03/Apr/2022:20:23:55 -0500] "GET /portaldeninos/wp-content/plugins/gallery-videos/JS/Total-Soft-Gallery-Video-Widget.js?ver=4.9.8 HTTP/1.1" 200 80264
40.77.167.78 - - [03/Apr/2022:20:23:56 -0500] "GET /portaldeninos/wp-includes/js/jquery/ui/mouse.min.js?ver=1.11.4 HTTP/1.1" 200 3148
207.46.13.194 - - [03/Apr/2022:20:23:58 -0500] "GET /portaldeninos/wp-includes/js/jquery/jquery-migrate.min.js?ver=1.4.1 HTTP/1.1" 200 10056
201.245.192.253 - - [03/Apr/2022:20:23:15 -0500] "POST /kwsrmcab/Wsrmcab HTTP/1.1" 200 45761
207.46.13.178 - - [03/Apr/2022:20:23:58 -0500] "GET /portaldeninos/wp-content/themes/betheme/assets/animations/animations.min.css?ver=20.9.6 HTTP/1.1" 200 58508
40.77.167.78 - - [03/Apr/2022:20:23:59 -0500] "GET /portaldeninos/wp-includes/js/jquery/ui/tabs.min.js?ver=1.11.4 HTTP/1.1" 200 12110
207.46.13.178 - - [03/Apr/2022:20:24:01 -0500] "GET /portaldeninos/wp-includes/js/jquery/ui/accordion.min.js?ver=1.11.4 HTTP/1.1" 200 8584
40.77.167.78 - - [03/Apr/2022:20:24:03 -0500] "GET /portaldeninos/wp-includes/js/jquery/ui/widget.min.js?ver=1.11.4 HTTP/1.1" 200 6908
207.46.13.178 - - [03/Apr/2022:20:24:04 -0500] "GET /portaldeninos/wp-includes/js/wp-embed.min.js?ver=4.9.8 HTTP/1.1" 200 1398
172.22.2.4 - - [03/Apr/2022:20:23:25 -0500] "HEAD /BLA/boletinlegal/ HTTP/1.1" 200 -
179.19.182.166 - - [03/Apr/2022:20:25:06 -0500] "GET /BLA/resoluciones/index.php?dir=RESOLUCIONES+2013%2F HTTP/1.1" 200 237258
207.46.13.199 - - [03/Apr/2022:20:25:43 -0500] "GET /BLA/resoluciones/index.php?dir=RESOLUCIONES+2021%2F HTTP/1.1" 200 303054
172.22.2.4 - - [03/Apr/2022:20:24:15 -0500] "GET /BLA/boletinlegal/ HTTP/1.1" 200 59170
216.245.221.92 - - [03/Apr/2022:20:26:58 -0500] "HEAD / HTTP/1.1" 200 -
172.22.2.4 - - [03/Apr/2022:20:28:15 -0500] "GET /BLA/boletinlegal/consulta_actos.php?tipo=resoluciones&no=&usuario=&sector=RUIDO&fecha=2020&resuelve= HTTP/1.1" 200 44596
172.22.2.4 - - [03/Apr/2022:20:28:17 -0500] "GET /BLA/boletinlegal/consulta_actos.php?tipo=resoluciones&no=&usuario=&sector=RUIDO&fecha=2020&resuelve= HTTP/1.1" 200 44596
172.22.2.4 - - [03/Apr/2022:20:28:17 -0500] "GET /BLA/boletinlegal/consulta_actos.php?tipo=resoluciones&no=&usuario=&sector=RUIDO&fecha=2020&resuelve= HTTP/1.1" 200 44596
172.22.2.4 - - [03/Apr/2022:20:28:47 -0500] "GET /BLA/boletinlegal/favicon.ico HTTP/1.1" 404 1326
172.22.2.4 - - [03/Apr/2022:20:28:48 -0500] "GET /BLA/boletinlegal/consulta_actos.php?tipo=resoluciones&no=&usuario=&sector=RUIDO&fecha=2021&resuelve= HTTP/1.1" 200 31589
172.22.2.4 - - [03/Apr/2022:20:29:35 -0500] "GET /BLA/boletinlegal/consulta_actos.php?tipo=resoluciones&no=&usuario=&sector=RUIDO&fecha=2022&resuelve= HTTP/1.1" 200 626
172.22.2.4 - - [03/Apr/2022:20:30:32 -0500] "GET /BLA/boletinlegal/actos.php HTTP/1.1" 200 9555
172.22.2.4 - - [03/Apr/2022:20:30:32 -0500] "GET /BLA/boletinlegal/consulta_actos.php?tipo=resoluciones&no=&usuario=&sector=SILVICULTURA&fecha=2004&resuelve= HTTP/1.1" 200 626
172.22.2.4 - - [03/Apr/2022:20:30:33 -0500] "GET /BLA/boletinlegal/styles2.css HTTP/1.1" 200 1838
172.22.2.4 - - [03/Apr/2022:20:30:33 -0500] "GET /BLA/boletinlegal/js/ajax_actos.js HTTP/1.1" 200 1322
172.22.2.4 - - [03/Apr/2022:20:30:33 -0500] "GET /BLA/boletinlegal/niceforms-default.css HTTP/1.1" 200 6694
172.22.2.4 - - [03/Apr/2022:20:30:33 -0500] "GET /BLA/boletinlegal/style.css HTTP/1.1" 200 9406
172.22.2.4 - - [03/Apr/2022:20:30:33 -0500] "GET /BLA/boletinlegal/js/lib.js HTTP/1.1" 200 6474
172.22.2.4 - - [03/Apr/2022:20:30:33 -0500] "GET /BLA/boletinlegal/niceforms.js HTTP/1.1" 200 22876
172.22.2.4 - - [03/Apr/2022:20:30:34 -0500] "GET /BLA/boletinlegal/js/popup.js HTTP/1.1" 200 1270
172.22.2.4 - - [03/Apr/2022:20:30:34 -0500] "GET /BLA/boletinlegal/js/jquery1.js HTTP/1.1" 200 29846
172.22.2.4 - - [03/Apr/2022:20:30:34 -0500] "GET /BLA/boletinlegal/images/cabezote%20BLEGAL.jpg HTTP/1.1" 200 118164
172.22.2.4 - - [03/Apr/2022:20:30:34 -0500] "GET /BLA/boletinlegal/images/subscribe-icon-big.png HTTP/1.1" 200 47702
172.22.2.4 - - [03/Apr/2022:20:30:35 -0500] "GET /BLA/boletinlegal/images/historia.png HTTP/1.1" 200 52775
172.22.2.4 - - [03/Apr/2022:20:30:35 -0500] "GET /BLA/boletinlegal/images/registro-usuarios.png HTTP/1.1" 200 8106
172.22.2.4 - - [03/Apr/2022:20:30:38 -0500] "GET /BLA/boletinlegal/consulta_actos.php?tipo=resoluciones&no=&usuario=&sector=SILVICULTURA&fecha=2006&resuelve= HTTP/1.1" 200 626
172.22.2.4 - - [03/Apr/2022:20:30:39 -0500] "GET /BLA/boletinlegal/images/green-yellow-blue-pink-th.png HTTP/1.1" 200 7394
172.22.2.4 - - [03/Apr/2022:20:30:39 -0500] "GET /BLA/boletinlegal/images/abajo.png HTTP/1.1" 200 96676
172.22.2.4 - - [03/Apr/2022:20:30:39 -0500] "GET /BLA/boletinlegal/images/tel.png HTTP/1.1" 200 14477
172.22.2.4 - - [03/Apr/2022:20:30:39 -0500] "GET /BLA/boletinlegal/images/icono-email.png HTTP/1.1" 200 5544
172.22.2.4 - - [03/Apr/2022:20:30:39 -0500] "GET /BLA/boletinlegal/images/body_bg.jpg HTTP/1.1" 200 1601
172.22.2.4 - - [03/Apr/2022:20:30:39 -0500] "GET /BLA/boletinlegal/images/menu_lft.gif HTTP/1.1" 200 1713
172.22.2.4 - - [03/Apr/2022:20:30:39 -0500] "GET /BLA/boletinlegal/images/menu_rght.gif HTTP/1.1" 200 1627
172.22.2.4 - - [03/Apr/2022:20:30:40 -0500] "GET /BLA/boletinlegal/images/bg_top.jpg HTTP/1.1" 200 522
172.22.2.4 - - [03/Apr/2022:20:30:40 -0500] "GET /BLA/boletinlegal/images/menu_bg.jpg HTTP/1.1" 200 620
172.22.2.4 - - [03/Apr/2022:20:30:40 -0500] "GET /BLA/boletinlegal/images/hover.jpg HTTP/1.1" 200 640
172.22.2.4 - - [03/Apr/2022:20:30:40 -0500] "GET /BLA/boletinlegal/images/text.jpg HTTP/1.1" 200 568
172.22.2.4 - - [03/Apr/2022:20:30:40 -0500] "GET /BLA/boletinlegal/images/footer_bg.jpg HTTP/1.1" 200 586
172.22.2.4 - - [03/Apr/2022:20:30:40 -0500] "GET /BLA/boletinlegal/images/footer_bg_l.jpg HTTP/1.1" 200 776
172.22.2.4 - - [03/Apr/2022:20:30:41 -0500] "GET /BLA/boletinlegal/img/select-left.png HTTP/1.1" 200 263
172.22.2.4 - - [03/Apr/2022:20:30:41 -0500] "GET /BLA/boletinlegal/img/0.png HTTP/1.1" 200 110
172.22.2.4 - - [03/Apr/2022:20:30:41 -0500] "GET /BLA/boletinlegal/img/select-right.png HTTP/1.1" 200 44019
172.22.2.4 - - [03/Apr/2022:20:30:41 -0500] "GET /BLA/boletinlegal/img/button-left.png HTTP/1.1" 200 57071
172.22.2.4 - - [03/Apr/2022:20:30:41 -0500] "GET /BLA/boletinlegal/favicon.ico HTTP/1.1" 404 1326
172.22.2.4 - - [03/Apr/2022:20:30:42 -0500] "GET /BLA/boletinlegal/img/button.png HTTP/1.1" 200 43241
172.22.2.4 - - [03/Apr/2022:20:30:42 -0500] "GET /BLA/boletinlegal/img/button-right.png HTTP/1.1" 200 57878
172.22.2.4 - - [03/Apr/2022:20:30:46 -0500] "GET /BLA/boletinlegal/consulta_actos.php?tipo=resoluciones&no=&usuario=&sector=SILVICULTURA&fecha=2008&resuelve= HTTP/1.1" 200 741943
172.22.2.4 - - [03/Apr/2022:20:29:15 -0500] "HEAD /BLA/boletinlegal/ HTTP/1.1" 200 -
66.249.73.127 - - [03/Apr/2022:20:31:14 -0500] "-" 408 -
172.22.2.4 - - [03/Apr/2022:20:30:05 -0500] "GET /BLA/boletinlegal/ HTTP/1.1" 200 52945
216.245.221.92 - - [03/Apr/2022:20:31:58 -0500] "HEAD / HTTP/1.1" 200 -
186.84.91.16 - - [03/Apr/2022:20:32:08 -0500] "GET /BLA/resoluciones/RESOLUCIONES%202008/4768.pdf HTTP/1.1" 200 156640
186.84.91.16 - - [03/Apr/2022:20:32:08 -0500] "GET /BLA/resoluciones/RESOLUCIONES%202008/4768.pdf HTTP/1.1" 206 1025
186.84.91.16 - - [03/Apr/2022:20:32:08 -0500] "GET /BLA/resoluciones/RESOLUCIONES%202008/4768.pdf HTTP/1.1" 200 156640
172.22.2.4 - - [03/Apr/2022:20:32:53 -0500] "GET /BLA/boletinlegal/consulta_actos.php?tipo=resoluciones&no=&usuario=&sector=SILVICULTURA&fecha=2008&resuelve=sancion HTTP/1.1" 200 70413
172.22.2.4 - - [03/Apr/2022:20:32:55 -0500] "GET /BLA/boletinlegal/consulta_actos.php?tipo=resoluciones&no=&usuario=&sector=SILVICULTURA&fecha=2008&resuelve=sancion HTTP/1.1" 200 70413
201.245.192.253 - - [03/Apr/2022:20:32:24 -0500] "POST /kwsrmcab/Wsrmcab HTTP/1.1" 200 45587
40.77.167.41 - - [03/Apr/2022:20:33:45 -0500] "GET /portaldeninos/wp-content/themes/betheme/fonts/mfn-icons.ttf?93978679 HTTP/1.1" 200 124684
40.77.167.41 - - [03/Apr/2022:20:33:48 -0500] "GET /portaldeninos/wp-content/themes/betheme/fonts/mfn-icons.ttf?93978679 HTTP/1.1" 200 124684
172.22.2.4 - - [03/Apr/2022:20:33:51 -0500] "GET /BLA/boletinlegal/consulta_actos.php?tipo=resoluciones&no=&usuario=&sector=SILVICULTURA&fecha=2009&resuelve=sancion HTTP/1.1" 200 300605
201.245.192.253 - - [03/Apr/2022:20:33:14 -0500] "POST /kwsrmcab/Wsrmcab HTTP/1.1" 200 45761
186.84.91.16 - - [03/Apr/2022:20:34:55 -0500] "GET /BLA/resoluciones/RESOLUCIONES%202009/9490.pdf HTTP/1.1" 200 671542
186.84.91.16 - - [03/Apr/2022:20:34:55 -0500] "GET /BLA/resoluciones/RESOLUCIONES%202009/9490.pdf HTTP/1.1" 206 1025
186.84.91.16 - - [03/Apr/2022:20:34:55 -0500] "GET /BLA/resoluciones/RESOLUCIONES%202009/9490.pdf HTTP/1.1" 200 671542
186.84.91.16 - - [03/Apr/2022:20:34:56 -0500] "GET /BLA/resoluciones/RESOLUCIONES%202009/9490.pdf HTTP/1.1" 206 3072
186.84.91.16 - - [03/Apr/2022:20:34:56 -0500] "GET /BLA/resoluciones/RESOLUCIONES%202009/9490.pdf HTTP/1.1" 206 667445
172.22.2.4 - - [03/Apr/2022:20:35:05 -0500] "HEAD /BLA/boletinlegal/ HTTP/1.1" 200 -
216.245.221.92 - - [03/Apr/2022:20:36:58 -0500] "HEAD / HTTP/1.1" 200 -
172.22.2.4 - - [03/Apr/2022:20:35:48 -0500] "GET /BLA/boletinlegal/ HTTP/1.1" 200 54090
172.22.2.4 - - [03/Apr/2022:20:35:55 -0500] "GET /BLA/boletinlegal/ HTTP/1.1" 200 55089
172.22.2.4 - - [03/Apr/2022:20:38:30 -0500] "GET /BLA/boletinlegal/consulta_actos.php?tipo=resoluciones&no=&usuario=&sector=SILVICULTURA&fecha=2009&resuelve=sancion HTTP/1.1" 200 300605
172.22.2.4 - - [03/Apr/2022:20:38:35 -0500] "GET /BLA/boletinlegal/consulta_actos.php?tipo=resoluciones&no=&usuario=&sector=SILVICULTURA&fecha=2010&resuelve=sancion HTTP/1.1" 200 132263
186.84.91.16 - - [03/Apr/2022:20:39:03 -0500] "GET /BLA/resoluciones/RESOLUCIONES%202010/6571.pdf HTTP/1.1" 200 611736
186.84.91.16 - - [03/Apr/2022:20:39:03 -0500] "GET /BLA/resoluciones/RESOLUCIONES%202010/6571.pdf HTTP/1.1" 200 611736
186.84.91.16 - - [03/Apr/2022:20:39:03 -0500] "GET /BLA/resoluciones/RESOLUCIONES%202010/6571.pdf HTTP/1.1" 206 1025
186.84.91.16 - - [03/Apr/2022:20:39:04 -0500] "GET /BLA/resoluciones/RESOLUCIONES%202010/6571.pdf HTTP/1.1" 206 3072
186.84.91.16 - - [03/Apr/2022:20:39:04 -0500] "GET /BLA/resoluciones/RESOLUCIONES%202010/6571.pdf HTTP/1.1" 206 607639
172.22.2.4 - - [03/Apr/2022:20:39:35 -0500] "GET /BLA/boletinlegal/Circulares/2022/CIRCULAR%20No.%2000003%20DEL%2007%20DE%20MARZO%20DEL%202022.pdf HTTP/1.1" 404 1038
172.22.2.4 - - [03/Apr/2022:20:39:38 -0500] "GET /BLA/boletinlegal/Circulares/2021/CIRCULAR%20No.%2000009%20DEL%2001%20DE%20OCTUBRE%20DEL%202021.pdf HTTP/1.1" 200 320793
40.77.202.78 - - [03/Apr/2022:20:39:39 -0500] "GET /portaldeninos/wp-content/themes/betheme/fonts/mfn-icons.woff?93978679 HTTP/1.1" 200 80932
128.14.133.58 - - [03/Apr/2022:20:39:43 -0500] "GET / HTTP/1.1" 200 319
172.22.2.4 - - [03/Apr/2022:20:39:44 -0500] "GET /BLA/boletinlegal/jurisprudencia/analisis/AnalisisT-606-15.docx HTTP/1.1" 200 26698
172.22.2.4 - - [03/Apr/2022:20:39:46 -0500] "GET /BLA/boletinlegal/Circulares/2021/CIRCULAR%20No.%2000007%20DEL%2010%20DE%20AGOSTO%20DEL%202021.pdf HTTP/1.1" 200 266364
172.22.2.4 - - [03/Apr/2022:20:39:53 -0500] "GET /BLA/boletinlegal/Circulares/2021/CIRCULAR%20No.%2000006%20DEL%2005%20DE%20AGOSTO%20DEL%202021.pdf HTTP/1.1" 200 249615
172.22.2.4 - - [03/Apr/2022:20:40:00 -0500] "GET /BLA/boletinlegal/Circulares/2020/Circular%20No.%2000018%20del%2002%20de%20diciembre%20del%202020.pdf HTTP/1.1" 200 276868
172.22.2.4 - - [03/Apr/2022:20:40:05 -0500] "GET /BLA/boletinlegal/Circulares/2020/Circular%2000010%20del%2027%20de%20julio%20de%202020.pdf HTTP/1.1" 200 422655
172.22.2.4 - - [03/Apr/2022:20:40:12 -0500] "GET /BLA/boletinlegal/Circulares/2020/CIRCULAR%20No.%2000019%20DEL%2018%20DE%20DICIEMBRE%20DEL%202020.pdf HTTP/1.1" 200 307959
172.22.2.4 - - [03/Apr/2022:20:40:18 -0500] "GET /BLA/boletinlegal/Circulares/2020/CIRCULAR%20No.%2000014%20del%2001%20de%20septiembre%20del%202020.pdf HTTP/1.1" 200 320826
172.22.2.4 - - [03/Apr/2022:20:40:21 -0500] "GET /BLA/boletinlegal/consulta_actos.php?tipo=resoluciones&no=&usuario=&sector=SILVICULTURA&fecha=2011&resuelve=sancion HTTP/1.1" 200 559219
172.22.2.4 - - [03/Apr/2022:20:40:23 -0500] "GET /BLA/boletinlegal/Circulares/2019/Circular%20No.%2012%20del%2014%20de%20Marzo%20de%202019.pdf HTTP/1.1" 200 344384
172.22.2.4 - - [03/Apr/2022:20:40:28 -0500] "GET /BLA/boletinlegal/Circulares/2019/Circular%20No.%20006%20del%2008%20de%20Febrero%20de%202019.pdf HTTP/1.1" 200 674401
172.22.2.4 - - [03/Apr/2022:20:38:50 -0500] "GET /BLA/boletinlegal/ HTTP/1.1" 200 63729
172.22.2.4 - - [03/Apr/2022:20:40:37 -0500] "GET /BLA/boletinlegal/Circulares/2019/Circular%20No.%200015%20del%2003%20de%20Octubre%20de%202019.pdf HTTP/1.1" 200 165608
172.22.2.4 - - [03/Apr/2022:20:40:41 -0500] "GET /BLA/boletinlegal/Circulares/2019/Circular%20No.%200005%20del%2020%20de%20Marzo%20de%202019.pdf HTTP/1.1" 200 159877
172.22.2.4 - - [03/Apr/2022:20:40:46 -0500] "GET /BLA/boletinlegal/Circulares/2019/Circular%20No.%200003%20del%2031%20de%20Enero%20de%202019.pdf HTTP/1.1" 200 164676
172.22.2.4 - - [03/Apr/2022:20:40:51 -0500] "GET /BLA/boletinlegal/Circulares/2019/Circular%2000020%20del%2020%20de%20diciembre%20de%202019.pdf HTTP/1.1" 200 145170
172.22.2.4 - - [03/Apr/2022:20:40:55 -0500] "GET /BLA/boletinlegal/Circulares/2019/Circular%2000018%20del%2020%20de%20noviembre%20de%202019.pdf HTTP/1.1" 200 158030
172.22.2.4 - - [03/Apr/2022:20:41:00 -0500] "GET /BLA/boletinlegal/Circulares/2019/.pdf HTTP/1.1" 404 1218
172.22.2.4 - - [03/Apr/2022:20:41:02 -0500] "GET /BLA/boletinlegal/Circulares/2018/Circular%20No.%2011%20del%2024%20de%20Septiembre%20de%202018.pdf HTTP/1.1" 200 169541
172.22.2.4 - - [03/Apr/2022:20:41:07 -0500] "GET /BLA/boletinlegal/Circulares/2018/Circular%20No.%2010%20del%2021%20de%20Septiembre%20de%202018.pdf HTTP/1.1" 200 163426
172.22.2.4 - - [03/Apr/2022:20:41:12 -0500] "GET /BLA/boletinlegal/Circulares/2018/Circular%20No.%200015%20del%207%20de%20Diciembre%20de%202018.pdf HTTP/1.1" 200 165305
172.22.2.4 - - [03/Apr/2022:20:41:17 -0500] "GET /BLA/boletinlegal/Circulares/2018/CIRCULAR%20COJUNTA%20042%20DE%202018.pdf HTTP/1.1" 200 515008
172.22.2.4 - - [03/Apr/2022:20:41:23 -0500] "GET /BLA/boletinlegal/Circulares/2017/Circular%20No.%202%20del%201%20de%20Septiembre%20de%202017.pdf HTTP/1.1" 200 152575
172.22.2.4 - - [03/Apr/2022:20:41:28 -0500] "GET /BLA/boletinlegal/Circulares/2017/Circular%20No.%201%20del%2030%20de%20Marzo%20de%202017.pdf HTTP/1.1" 200 668532
172.22.2.4 - - [03/Apr/2022:20:41:36 -0500] "GET /BLA/boletinlegal/Circulares/2017/Circular%20No.%2007%20del%2028%20de%20Abril%20de%202017.pdf HTTP/1.1" 200 309906
172.22.2.4 - - [03/Apr/2022:20:41:44 -0500] "GET /BLA/boletinlegal/Circulares/2017/Circular%20No.%20011%20del%2005%20de%20julio%20de%202017.pdf HTTP/1.1" 200 965526
172.22.2.4 - - [03/Apr/2022:20:41:53 -0500] "GET /BLA/boletinlegal/Circulares/2015/Circular%20No.%202%20del%201%20de%20julio%20de%202015.pdf HTTP/1.1" 200 752890
216.245.221.92 - - [03/Apr/2022:20:41:58 -0500] "HEAD / HTTP/1.1" 200 -
172.22.2.4 - - [03/Apr/2022:20:42:00 -0500] "GET /BLA/boletinlegal/Circulares/2015/Circular%20No.%201%20del%2010%20de%20Febrero%20de%202015.pdf HTTP/1.1" 200 660637
172.22.2.4 - - [03/Apr/2022:20:42:08 -0500] "GET /BLA/boletinlegal/Circulares/2014/Circular%20No.%203%20del%2014%20de%20Noviembre%20de%202014.pdf HTTP/1.1" 200 104132
172.22.2.4 - - [03/Apr/2022:20:42:15 -0500] "GET /BLA/boletinlegal/Circulares/2014/Circular%20No.%202%20del%2021%20de%20septiembre%20de%202014.pdf HTTP/1.1" 200 143376
172.22.2.4 - - [03/Apr/2022:20:42:20 -0500] "GET /BLA/boletinlegal/Circulares/2014/Circular%20No.%201%20del%2008%20de%20Mayo%20de%202014.pdf HTTP/1.1" 200 180124
172.22.2.4 - - [03/Apr/2022:20:42:26 -0500] "GET /BLA/boletinlegal/Circulares/2013/Circular%20No.%208%20del%201%20de%20Noviembre%20de%202013.pdf HTTP/1.1" 200 385156
172.22.2.4 - - [03/Apr/2022:20:42:34 -0500] "GET /BLA/boletinlegal/Circulares/2013/Circular%20No.%207%20del%201%20de%20Agosto%20de%202013.pdf HTTP/1.1" 200 340934
172.22.2.4 - - [03/Apr/2022:20:40:55 -0500] "HEAD /BLA/boletinlegal/ HTTP/1.1" 200 -
172.22.2.4 - - [03/Apr/2022:20:42:40 -0500] "GET /BLA/boletinlegal/Circulares/2013/Circular%20No.%206%20del%2019%20de%20julio%20de%202013.pdf HTTP/1.1" 200 4210437
172.22.2.4 - - [03/Apr/2022:20:42:44 -0500] "GET /BLA/boletinlegal/actos.php HTTP/1.1" 200 9555
172.22.2.4 - - [03/Apr/2022:20:42:58 -0500] "GET /BLA/boletinlegal/Circulares/2013/Circular%20No.%205%20del%2013%20de%20junio%20de%202013.pdf HTTP/1.1" 200 110904
172.22.2.4 - - [03/Apr/2022:20:43:03 -0500] "GET /BLA/boletinlegal/Circulares/2013/Circular%20No.%204%20del%2005%20de%20junio%20de%202013.pdf HTTP/1.1" 200 130461
172.22.2.4 - - [03/Apr/2022:20:43:08 -0500] "GET /BLA/boletinlegal/Circulares/2013/Circular%20No.%203%20del%2005%20de%20abril%20de%202013.pdf HTTP/1.1" 200 93580
172.22.2.4 - - [03/Apr/2022:20:43:13 -0500] "GET /BLA/boletinlegal/Circulares/2013/Circular%20No.%202%20del%2022%20de%20enero%20de%202013.pdf HTTP/1.1" 200 85466
201.245.192.253 - - [03/Apr/2022:20:42:24 -0500] "POST /kwsrmcab/Wsrmcab HTTP/1.1" 200 45587
172.22.2.4 - - [03/Apr/2022:20:43:18 -0500] "GET /BLA/boletinlegal/Circulares/2013/Circular%20No.%201%20del%2014%20de%20enero%20de%202013.pdf HTTP/1.1" 200 1298384
172.22.2.4 - - [03/Apr/2022:20:43:25 -0500] "GET /BLA/boletinlegal/Circulares/2012/Circular%20No.%209%20del%2021%20de%20Agosto%20de%202012.pdf HTTP/1.1" 200 1402289
172.22.2.4 - - [03/Apr/2022:20:41:45 -0500] "GET /BLA/boletinlegal/ HTTP/1.1" 200 52081
172.22.2.4 - - [03/Apr/2022:20:42:32 -0500] "GET /BLA/boletinlegal/ HTTP/1.1" 200 32715
172.22.2.4 - - [03/Apr/2022:20:43:30 -0500] "GET /BLA/boletinlegal/Circulares/2012/Circular%20No.%208%20del%2021%20de%20Agosto%20de%202012.pdf HTTP/1.1" 200 963197
172.22.2.4 - - [03/Apr/2022:20:43:39 -0500] "GET /BLA/boletinlegal/Circulares/2012/Circular%20No.%207%20del%2008%20de%20Agosto%20de%202012.pdf HTTP/1.1" 200 972955
172.22.2.4 - - [03/Apr/2022:20:43:46 -0500] "GET /BLA/boletinlegal/Circulares/2012/Circular%20No.%206%20del%2025%20de%20Mayo%20de%202012.pdf HTTP/1.1" 200 387391
172.22.2.4 - - [03/Apr/2022:20:43:52 -0500] "GET /BLA/boletinlegal/Circulares/2012/Circular%20No.%205%20del%2027%20de%20Abril%20de%202012.pdf HTTP/1.1" 200 216613
172.22.2.4 - - [03/Apr/2022:20:43:57 -0500] "GET /BLA/boletinlegal/Circulares/2012/Circular%20No.%204%20del%2019%20de%20abril%20de%202012.pdf HTTP/1.1" 200 253045
201.245.192.253 - - [03/Apr/2022:20:43:14 -0500] "POST /kwsrmcab/Wsrmcab HTTP/1.1" 200 45761
172.22.2.4 - - [03/Apr/2022:20:44:04 -0500] "GET /BLA/boletinlegal/Circulares/2012/Circular%20No.%203%20del%2023%20de%20Marzo%20de%202012.pdf HTTP/1.1" 200 572950
172.22.2.4 - - [03/Apr/2022:20:44:10 -0500] "GET /BLA/boletinlegal/Circulares/2012/Circular%20No.%202%20del%2014%20de%20Marzo%20de%202012.pdf HTTP/1.1" 200 113666
172.22.2.4 - - [03/Apr/2022:20:44:15 -0500] "GET /BLA/boletinlegal/Circulares/2012/Circular%20No.%2016%20del%2022%20de%20octubre%20de%202012.pdf HTTP/1.1" 200 381186
138.201.48.205 - - [03/Apr/2022:20:44:19 -0500] "-" 408 -
172.22.2.4 - - [03/Apr/2022:20:44:23 -0500] "GET /BLA/boletinlegal/Circulares/2012/Circular%20No.%2015%20del%2022%20de%20octubre%20de%202012.pdf HTTP/1.1" 200 486506
172.22.2.4 - - [03/Apr/2022:20:44:29 -0500] "GET /BLA/boletinlegal/Circulares/2012/Circular%20No.%2014%20del%2011%20de%20Septiembre%20de%202012.pdf HTTP/1.1" 200 3427471
172.22.2.4 - - [03/Apr/2022:20:44:39 -0500] "GET /BLA/boletinlegal/Circulares/2012/Circular%20No.%2013%20del%2006%20de%20Septiembre%20de%202012.pdf HTTP/1.1" 200 351421
172.22.2.4 - - [03/Apr/2022:20:44:44 -0500] "GET /BLA/boletinlegal/Circulares/2012/Circular%20No.%2012%20del%2028%20de%20Agosto%20de%202012.pdf HTTP/1.1" 200 369945
172.22.2.4 - - [03/Apr/2022:20:44:52 -0500] "GET /BLA/boletinlegal/Circulares/2012/Circular%20No.%2011%20del%2027%20de%20Agosto%20de%202012.pdf HTTP/1.1" 200 526945
172.22.2.4 - - [03/Apr/2022:20:44:54 -0500] "GET /BLA/boletinlegal/consulta_actos.php?tipo=resoluciones&no=&usuario=&sector=SILVICULTURA&fecha=2012&resuelve=sancion HTTP/1.1" 200 99452
172.22.2.4 - - [03/Apr/2022:20:45:01 -0500] "GET /BLA/boletinlegal/Circulares/2012/Circular%20No.%2010%20del%2022%20de%20Agosto%20de%202012.pdf HTTP/1.1" 200 1563219
172.22.2.4 - - [03/Apr/2022:20:45:21 -0500] "GET /BLA/boletinlegal/consulta_actos.php?tipo=resoluciones&no=&usuario=&sector=AIRE&fecha=2012&resuelve=sancion HTTP/1.1" 200 4194
172.22.2.4 - - [03/Apr/2022:20:45:41 -0500] "GET /BLA/boletinlegal/consulta_actos.php?tipo=resoluciones&no=&usuario=&sector=AIRE&fecha=2012&resuelve=multa HTTP/1.1" 200 1134
172.22.2.4 - - [03/Apr/2022:20:45:49 -0500] "GET /BLA/boletinlegal/consulta_actos.php?tipo=resoluciones&no=&usuario=&sector=AIRE&fecha=2011&resuelve=multa HTTP/1.1" 200 1181
172.22.2.4 - - [03/Apr/2022:20:45:54 -0500] "GET /BLA/boletinlegal/consulta_actos.php?tipo=resoluciones&no=&usuario=&sector=AIRE&fecha=2010&resuelve=multa HTTP/1.1" 200 626
172.22.2.4 - - [03/Apr/2022:20:45:58 -0500] "GET /BLA/boletinlegal/consulta_actos.php?tipo=resoluciones&no=&usuario=&sector=AIRE&fecha=2013&resuelve=multa HTTP/1.1" 200 626
37.0.11.224 - - [03/Apr/2022:20:46:00 -0500] "GET /config/getuser?index=0 HTTP/1.1" 404 1018
172.22.2.4 - - [03/Apr/2022:20:46:04 -0500] "GET /BLA/boletinlegal/consulta_actos.php?tipo=resoluciones&no=&usuario=&sector=AIRE&fecha=2013&resuelve=sancion HTTP/1.1" 200 1839
172.22.2.4 - - [03/Apr/2022:20:46:16 -0500] "GET /BLA/boletinlegal/consulta_actos.php?tipo=resoluciones&no=&usuario=&sector=AIRE&fecha=2014&resuelve=sancion HTTP/1.1" 200 5021
172.22.2.4 - - [03/Apr/2022:20:46:30 -0500] "GET /BLA/boletinlegal/consulta_actos.php?tipo=resoluciones&no=&usuario=&sector=AIRE&fecha=2015&resuelve=sancion HTTP/1.1" 200 9007
216.245.221.92 - - [03/Apr/2022:20:46:58 -0500] "HEAD / HTTP/1.1" 200 -
172.22.2.4 - - [03/Apr/2022:20:47:02 -0500] "GET /BLA/boletinlegal/consulta_actos.php?tipo=resoluciones&no=&usuario=&sector=AIRE&fecha=2016&resuelve=sancion HTTP/1.1" 200 1875
172.22.2.4 - - [03/Apr/2022:20:47:13 -0500] "GET /BLA/boletinlegal/consulta_actos.php?tipo=resoluciones&no=&usuario=&sector=AIRE&fecha=2017&resuelve=sancion HTTP/1.1" 200 10472
172.22.2.4 - - [03/Apr/2022:20:47:30 -0500] "GET /BLA/boletinlegal/consulta_actos.php?tipo=resoluciones&no=&usuario=&sector=AIRE&fecha=2018&resuelve=sancion HTTP/1.1" 200 6791
172.22.2.4 - - [03/Apr/2022:20:47:41 -0500] "GET /BLA/boletinlegal/consulta_actos.php?tipo=resoluciones&no=&usuario=&sector=AIRE&fecha=2019&resuelve=sancion HTTP/1.1" 200 8012
172.22.2.4 - - [03/Apr/2022:20:47:56 -0500] "GET /BLA/boletinlegal/consulta_actos.php?tipo=resoluciones&no=&usuario=&sector=AIRE&fecha=2020&resuelve=sancion HTTP/1.1" 200 10292
172.22.2.4 - - [03/Apr/2022:20:48:06 -0500] "GET /BLA/boletinlegal/consulta_actos.php?tipo=resoluciones&no=&usuario=&sector=AIRE&fecha=2021&resuelve=sancion HTTP/1.1" 200 49638
172.22.2.4 - - [03/Apr/2022:20:46:44 -0500] "HEAD /BLA/boletinlegal/ HTTP/1.1" 200 -
186.84.91.16 - - [03/Apr/2022:20:48:36 -0500] "GET /BLA/resoluciones/RESOLUCIONES%202021/1776.pdf HTTP/1.1" 200 349894
186.84.91.16 - - [03/Apr/2022:20:48:36 -0500] "GET /BLA/resoluciones/RESOLUCIONES%202021/1776.pdf HTTP/1.1" 206 1025
186.84.91.16 - - [03/Apr/2022:20:48:36 -0500] "GET /BLA/resoluciones/RESOLUCIONES%202021/1776.pdf HTTP/1.1" 200 349894
49.7.21.74 - - [03/Apr/2022:20:48:41 -0500] "-" 408 -
172.22.2.4 - - [03/Apr/2022:20:49:10 -0500] "GET /BLA/boletinlegal/consulta_actos.php?tipo=resoluciones&no=&usuario=&sector=VERTIMIENTOS&fecha=2022&resuelve=sancion HTTP/1.1" 200 626
172.22.2.4 - - [03/Apr/2022:20:47:35 -0500] "GET /BLA/boletinlegal/ HTTP/1.1" 200 59688
172.22.2.4 - - [03/Apr/2022:20:49:15 -0500] "GET /BLA/boletinlegal/consulta_actos.php?tipo=resoluciones&no=&usuario=&sector=VERTIMIENTOS&fecha=2021&resuelve=sancion HTTP/1.1" 200 47895
172.22.2.4 - - [03/Apr/2022:20:49:34 -0500] "GET /BLA/boletinlegal/consulta_actos.php?tipo=resoluciones&no=&usuario=&sector=VERTIMIENTOS&fecha=2021&resuelve=sancionatorio HTTP/1.1" 200 7399
40.77.202.78 - - [03/Apr/2022:20:49:38 -0500] "GET /portaldeninos/wp-content/themes/betheme/fonts/mfn-icons.woff?93978679 HTTP/1.1" 200 80932
40.77.202.78 - - [03/Apr/2022:20:49:42 -0500] "GET /portaldeninos/wp-content/themes/betheme/fonts/mfn-icons.woff?93978679 HTTP/1.1" 200 80932
172.22.2.4 - - [03/Apr/2022:20:49:51 -0500] "GET /BLA/boletinlegal/consulta_actos.php?tipo=resoluciones&no=&usuario=&sector=VERTIMIENTOS&fecha=2020&resuelve=sancionatorio HTTP/1.1" 200 1617
172.22.2.4 - - [03/Apr/2022:20:49:57 -0500] "GET /BLA/boletinlegal/consulta_actos.php?tipo=resoluciones&no=&usuario=&sector=VERTIMIENTOS&fecha=2019&resuelve=sancionatorio HTTP/1.1" 200 7654
