190.255.8.130 - - [03/Apr/2022:21:28:07 -0500] "GET /BLA/resoluciones/AUTOS%202014/1870.pdf HTTP/1.1" 206 1025
190.255.8.130 - - [03/Apr/2022:21:28:08 -0500] "GET /BLA/resoluciones/AUTOS%202014/1870.pdf HTTP/1.1" 206 3072
190.255.8.130 - - [03/Apr/2022:21:28:08 -0500] "GET /BLA/resoluciones/AUTOS%202014/1870.pdf HTTP/1.1" 206 427736
172.22.2.4 - - [03/Apr/2022:21:27:34 -0500] "HEAD /BLA/boletinlegal/ HTTP/1.1" 200 -
172.22.2.4 - - [03/Apr/2022:21:28:25 -0500] "GET /BLA/boletinlegal/ HTTP/1.1" 200 59170
81.17.20.98 - - [03/Apr/2022:21:30:19 -0500] "GET / HTTP/1.1" 200 319
81.17.20.98 - - [03/Apr/2022:21:30:20 -0500] "POST /HNAP1/ HTTP/1.1" 404 1018
222.217.84.133 - - [03/Apr/2022:21:31:21 -0500] "GET /catalogoisis/ HTTP/1.1" 200 8575
222.217.84.133 - - [03/Apr/2022:21:31:33 -0500] "GET /catalogoisis/ HTTP/1.1" 200 8575
216.245.221.92 - - [03/Apr/2022:21:31:58 -0500] "HEAD / HTTP/1.1" 200 -
201.245.192.253 - - [03/Apr/2022:21:32:24 -0500] "POST /kwsrmcab/Wsrmcab HTTP/1.1" 200 45573
201.245.192.253 - - [03/Apr/2022:21:33:09 -0500] "POST /kwsrmcab/Wsrmcab HTTP/1.1" 200 45757
35.186.94.216 - - [03/Apr/2022:21:34:54 -0500] "GET /galeria/galeria/fotos/3humedal-Burro3P.jpg HTTP/1.1" 200 8564
172.22.2.4 - - [03/Apr/2022:21:33:24 -0500] "HEAD /BLA/boletinlegal/ HTTP/1.1" 200 -
207.46.13.199 - - [03/Apr/2022:21:35:20 -0500] "GET /BLA/resoluciones/index.php?dir=RESOLUCIONES+2021%2F HTTP/1.1" 200 303054
172.22.2.4 - - [03/Apr/2022:21:34:15 -0500] "GET /BLA/boletinlegal/ HTTP/1.1" 200 56669
216.245.221.92 - - [03/Apr/2022:21:36:58 -0500] "HEAD / HTTP/1.1" 200 -
172.22.2.4 - - [03/Apr/2022:21:36:32 -0500] "GET /BLA/boletinlegal/ HTTP/1.1" 200 63342
179.19.182.166 - - [03/Apr/2022:21:39:11 -0500] "GET /BLA/resoluciones/index.php?dir=RESOLUCIONES+2018%2F HTTP/1.1" 200 259532
49.7.21.74 - - [03/Apr/2022:21:39:17 -0500] "-" 408 -
172.22.2.4 - - [03/Apr/2022:21:40:19 -0500] "GET /BLA/boletinlegal/Circulares/2022/CIRCULAR%20No.%2000003%20DEL%2007%20DE%20MARZO%20DEL%202022.pdf HTTP/1.1" 404 1038
172.22.2.4 - - [03/Apr/2022:21:40:23 -0500] "GET /BLA/boletinlegal/Circulares/2021/CIRCULAR%20No.%2000009%20DEL%2001%20DE%20OCTUBRE%20DEL%202021.pdf HTTP/1.1" 200 320793
172.22.2.4 - - [03/Apr/2022:21:40:31 -0500] "GET /BLA/boletinlegal/Circulares/2021/CIRCULAR%20No.%2000007%20DEL%2010%20DE%20AGOSTO%20DEL%202021.pdf HTTP/1.1" 200 266364
172.22.2.4 - - [03/Apr/2022:21:40:37 -0500] "GET /BLA/boletinlegal/Circulares/2021/CIRCULAR%20No.%2000006%20DEL%2005%20DE%20AGOSTO%20DEL%202021.pdf HTTP/1.1" 200 249615
172.22.2.4 - - [03/Apr/2022:21:40:42 -0500] "GET /BLA/boletinlegal/Circulares/2020/Circular%20No.%2000018%20del%2002%20de%20diciembre%20del%202020.pdf HTTP/1.1" 200 276868
172.22.2.4 - - [03/Apr/2022:21:40:47 -0500] "GET /BLA/boletinlegal/Circulares/2020/Circular%2000010%20del%2027%20de%20julio%20de%202020.pdf HTTP/1.1" 200 422655
172.22.2.4 - - [03/Apr/2022:21:40:54 -0500] "GET /BLA/boletinlegal/Circulares/2020/CIRCULAR%20No.%2000019%20DEL%2018%20DE%20DICIEMBRE%20DEL%202020.pdf HTTP/1.1" 200 307959
172.22.2.4 - - [03/Apr/2022:21:39:14 -0500] "HEAD /BLA/boletinlegal/ HTTP/1.1" 200 -
172.22.2.4 - - [03/Apr/2022:21:40:59 -0500] "GET /BLA/boletinlegal/Circulares/2020/CIRCULAR%20No.%2000014%20del%2001%20de%20septiembre%20del%202020.pdf HTTP/1.1" 200 320826
172.22.2.4 - - [03/Apr/2022:21:41:09 -0500] "GET /BLA/boletinlegal/Circulares/2019/Circular%20No.%2012%20del%2014%20de%20Marzo%20de%202019.pdf HTTP/1.1" 200 344384
172.22.2.4 - - [03/Apr/2022:21:41:16 -0500] "GET /BLA/boletinlegal/Circulares/2019/Circular%20No.%20006%20del%2008%20de%20Febrero%20de%202019.pdf HTTP/1.1" 200 674401
172.22.2.4 - - [03/Apr/2022:21:41:22 -0500] "GET /BLA/boletinlegal/Circulares/2019/Circular%20No.%200015%20del%2003%20de%20Octubre%20de%202019.pdf HTTP/1.1" 200 165608
172.22.2.4 - - [03/Apr/2022:21:41:27 -0500] "GET /BLA/boletinlegal/Circulares/2019/Circular%20No.%200005%20del%2020%20de%20Marzo%20de%202019.pdf HTTP/1.1" 200 159877
172.22.2.4 - - [03/Apr/2022:21:41:35 -0500] "GET /BLA/boletinlegal/Circulares/2019/Circular%20No.%200003%20del%2031%20de%20Enero%20de%202019.pdf HTTP/1.1" 200 164676
172.22.2.4 - - [03/Apr/2022:21:41:41 -0500] "GET /BLA/boletinlegal/Circulares/2019/Circular%2000020%20del%2020%20de%20diciembre%20de%202019.pdf HTTP/1.1" 200 145170
172.22.2.4 - - [03/Apr/2022:21:40:05 -0500] "GET /BLA/boletinlegal/ HTTP/1.1" 200 57044
172.22.2.4 - - [03/Apr/2022:21:41:46 -0500] "GET /BLA/boletinlegal/Circulares/2019/Circular%2000018%20del%2020%20de%20noviembre%20de%202019.pdf HTTP/1.1" 200 158030
172.22.2.4 - - [03/Apr/2022:21:41:51 -0500] "GET /BLA/boletinlegal/Circulares/2019/.pdf HTTP/1.1" 404 1218
172.22.2.4 - - [03/Apr/2022:21:41:55 -0500] "GET /BLA/boletinlegal/Circulares/2018/Circular%20No.%2011%20del%2024%20de%20Septiembre%20de%202018.pdf HTTP/1.1" 200 169541
216.245.221.92 - - [03/Apr/2022:21:41:58 -0500] "HEAD / HTTP/1.1" 200 -
172.22.2.4 - - [03/Apr/2022:21:42:02 -0500] "GET /BLA/boletinlegal/Circulares/2018/Circular%20No.%2010%20del%2021%20de%20Septiembre%20de%202018.pdf HTTP/1.1" 200 163426
172.22.2.4 - - [03/Apr/2022:21:42:08 -0500] "GET /BLA/boletinlegal/Circulares/2018/Circular%20No.%200015%20del%207%20de%20Diciembre%20de%202018.pdf HTTP/1.1" 200 165305
172.22.2.4 - - [03/Apr/2022:21:42:12 -0500] "GET /BLA/boletinlegal/Circulares/2018/CIRCULAR%20COJUNTA%20042%20DE%202018.pdf HTTP/1.1" 200 515008
172.22.2.4 - - [03/Apr/2022:21:42:21 -0500] "GET /BLA/boletinlegal/Circulares/2017/Circular%20No.%202%20del%201%20de%20Septiembre%20de%202017.pdf HTTP/1.1" 200 152575
172.22.2.4 - - [03/Apr/2022:21:42:26 -0500] "GET /BLA/boletinlegal/Circulares/2017/Circular%20No.%201%20del%2030%20de%20Marzo%20de%202017.pdf HTTP/1.1" 200 668532
172.22.2.4 - - [03/Apr/2022:21:42:33 -0500] "GET /BLA/boletinlegal/Circulares/2017/Circular%20No.%2007%20del%2028%20de%20Abril%20de%202017.pdf HTTP/1.1" 200 309906
172.22.2.4 - - [03/Apr/2022:21:42:39 -0500] "GET /BLA/boletinlegal/Circulares/2017/Circular%20No.%20011%20del%2005%20de%20julio%20de%202017.pdf HTTP/1.1" 200 965526
172.22.2.4 - - [03/Apr/2022:21:42:46 -0500] "GET /BLA/boletinlegal/Circulares/2015/Circular%20No.%202%20del%201%20de%20julio%20de%202015.pdf HTTP/1.1" 200 752890
172.22.2.4 - - [03/Apr/2022:21:42:52 -0500] "GET /BLA/boletinlegal/Circulares/2015/Circular%20No.%201%20del%2010%20de%20Febrero%20de%202015.pdf HTTP/1.1" 200 660637
40.77.167.46 - - [03/Apr/2022:21:42:55 -0500] "GET /bla/resoluciones/autos%202019/3070.pdf HTTP/1.1" 200 258055
40.77.167.61 - - [03/Apr/2022:21:42:56 -0500] "GET / HTTP/1.1" 200 319
172.22.2.4 - - [03/Apr/2022:21:42:59 -0500] "GET /BLA/boletinlegal/Circulares/2014/Circular%20No.%203%20del%2014%20de%20Noviembre%20de%202014.pdf HTTP/1.1" 200 104132
172.22.2.4 - - [03/Apr/2022:21:43:06 -0500] "GET /BLA/boletinlegal/Circulares/2014/Circular%20No.%202%20del%2021%20de%20septiembre%20de%202014.pdf HTTP/1.1" 200 143376
172.22.2.4 - - [03/Apr/2022:21:43:12 -0500] "GET /BLA/boletinlegal/Circulares/2014/Circular%20No.%201%20del%2008%20de%20Mayo%20de%202014.pdf HTTP/1.1" 200 180124
201.245.192.253 - - [03/Apr/2022:21:42:24 -0500] "POST /kwsrmcab/Wsrmcab HTTP/1.1" 200 45573
172.22.2.4 - - [03/Apr/2022:21:43:18 -0500] "GET /BLA/boletinlegal/Circulares/2013/Circular%20No.%208%20del%201%20de%20Noviembre%20de%202013.pdf HTTP/1.1" 200 385156
172.22.2.4 - - [03/Apr/2022:21:43:25 -0500] "GET /BLA/boletinlegal/Circulares/2013/Circular%20No.%207%20del%201%20de%20Agosto%20de%202013.pdf HTTP/1.1" 200 340934
172.22.2.4 - - [03/Apr/2022:21:43:32 -0500] "GET /BLA/boletinlegal/Circulares/2013/Circular%20No.%206%20del%2019%20de%20julio%20de%202013.pdf HTTP/1.1" 200 4210437
172.22.2.4 - - [03/Apr/2022:21:43:57 -0500] "GET /BLA/boletinlegal/Circulares/2013/Circular%20No.%205%20del%2013%20de%20junio%20de%202013.pdf HTTP/1.1" 200 110904
172.22.2.4 - - [03/Apr/2022:21:44:03 -0500] "GET /BLA/boletinlegal/Circulares/2013/Circular%20No.%204%20del%2005%20de%20junio%20de%202013.pdf HTTP/1.1" 200 130461
201.245.192.253 - - [03/Apr/2022:21:43:15 -0500] "POST /kwsrmcab/Wsrmcab HTTP/1.1" 200 45757
172.22.2.4 - - [03/Apr/2022:21:44:08 -0500] "GET /BLA/boletinlegal/Circulares/2013/Circular%20No.%203%20del%2005%20de%20abril%20de%202013.pdf HTTP/1.1" 200 93580
172.22.2.4 - - [03/Apr/2022:21:44:13 -0500] "GET /BLA/boletinlegal/Circulares/2013/Circular%20No.%202%20del%2022%20de%20enero%20de%202013.pdf HTTP/1.1" 200 85466
172.22.2.4 - - [03/Apr/2022:21:44:18 -0500] "GET /BLA/boletinlegal/Circulares/2013/Circular%20No.%201%20del%2014%20de%20enero%20de%202013.pdf HTTP/1.1" 200 1298384
172.22.2.4 - - [03/Apr/2022:21:44:27 -0500] "GET /BLA/boletinlegal/Circulares/2012/Circular%20No.%209%20del%2021%20de%20Agosto%20de%202012.pdf HTTP/1.1" 200 1402289
172.22.2.4 - - [03/Apr/2022:21:44:35 -0500] "GET /BLA/boletinlegal/Circulares/2012/Circular%20No.%208%20del%2021%20de%20Agosto%20de%202012.pdf HTTP/1.1" 200 963197
172.22.2.4 - - [03/Apr/2022:21:44:42 -0500] "GET /BLA/boletinlegal/Circulares/2012/Circular%20No.%207%20del%2008%20de%20Agosto%20de%202012.pdf HTTP/1.1" 200 972955
172.22.2.4 - - [03/Apr/2022:21:44:50 -0500] "GET /BLA/boletinlegal/Circulares/2012/Circular%20No.%206%20del%2025%20de%20Mayo%20de%202012.pdf HTTP/1.1" 200 387391
172.22.2.4 - - [03/Apr/2022:21:44:55 -0500] "GET /BLA/boletinlegal/Circulares/2012/Circular%20No.%205%20del%2027%20de%20Abril%20de%202012.pdf HTTP/1.1" 200 216613
172.22.2.4 - - [03/Apr/2022:21:45:02 -0500] "GET /BLA/boletinlegal/Circulares/2012/Circular%20No.%204%20del%2019%20de%20abril%20de%202012.pdf HTTP/1.1" 200 253045
172.22.2.4 - - [03/Apr/2022:21:45:08 -0500] "GET /BLA/boletinlegal/Circulares/2012/Circular%20No.%203%20del%2023%20de%20Marzo%20de%202012.pdf HTTP/1.1" 200 572950
172.22.2.4 - - [03/Apr/2022:21:45:15 -0500] "GET /BLA/boletinlegal/Circulares/2012/Circular%20No.%202%20del%2014%20de%20Marzo%20de%202012.pdf HTTP/1.1" 200 113666
172.22.2.4 - - [03/Apr/2022:21:45:21 -0500] "GET /BLA/boletinlegal/Circulares/2012/Circular%20No.%2016%20del%2022%20de%20octubre%20de%202012.pdf HTTP/1.1" 200 381186
172.22.2.4 - - [03/Apr/2022:21:45:28 -0500] "GET /BLA/boletinlegal/Circulares/2012/Circular%20No.%2015%20del%2022%20de%20octubre%20de%202012.pdf HTTP/1.1" 200 486506
172.22.2.4 - - [03/Apr/2022:21:45:36 -0500] "GET /BLA/boletinlegal/Circulares/2012/Circular%20No.%2014%20del%2011%20de%20Septiembre%20de%202012.pdf HTTP/1.1" 200 3427471
172.22.2.4 - - [03/Apr/2022:21:45:44 -0500] "GET /BLA/boletinlegal/Circulares/2012/Circular%20No.%2013%20del%2006%20de%20Septiembre%20de%202012.pdf HTTP/1.1" 200 351421
172.22.2.4 - - [03/Apr/2022:21:45:50 -0500] "GET /BLA/boletinlegal/Circulares/2012/Circular%20No.%2012%20del%2028%20de%20Agosto%20de%202012.pdf HTTP/1.1" 200 369945
172.22.2.4 - - [03/Apr/2022:21:45:57 -0500] "GET /BLA/boletinlegal/Circulares/2012/Circular%20No.%2011%20del%2027%20de%20Agosto%20de%202012.pdf HTTP/1.1" 200 526945
172.22.2.4 - - [03/Apr/2022:21:46:03 -0500] "GET /BLA/boletinlegal/Circulares/2012/Circular%20No.%2010%20del%2026%20de%20Enero%20de%202012.pdf HTTP/1.1" 404 1218
172.22.2.4 - - [03/Apr/2022:21:46:05 -0500] "GET /BLA/boletinlegal/Circulares/2012/Circular%20No.%2010%20del%2022%20de%20Agosto%20de%202012.pdf HTTP/1.1" 200 1563219
172.22.2.4 - - [03/Apr/2022:21:46:14 -0500] "GET /BLA/boletinlegal/Circulares/2012/Circular%20No.%201%20del%2017%20de%20Enero%20de%202012.pdf HTTP/1.1" 200 1118749
172.22.2.4 - - [03/Apr/2022:21:46:26 -0500] "GET /BLA/boletinlegal/Circulares/2011/Circular%20No.%209%20del%2003%20de%20Noviembre%20de%202011.pdf HTTP/1.1" 200 54568
172.22.2.4 - - [03/Apr/2022:21:46:30 -0500] "GET /BLA/boletinlegal/Circulares/2011/Circular%20No.%208%20del%2020%20de%20Septiembre%20de%202011.pdf HTTP/1.1" 200 285158
172.22.2.4 - - [03/Apr/2022:21:46:36 -0500] "GET /BLA/boletinlegal/Circulares/2011/Circular%20No.%207%20del%2023%20de%20Diciembre%20de%202011.pdf HTTP/1.1" 200 1107785
172.22.2.4 - - [03/Apr/2022:21:45:04 -0500] "HEAD /BLA/boletinlegal/ HTTP/1.1" 200 -
172.22.2.4 - - [03/Apr/2022:21:46:45 -0500] "GET /BLA/boletinlegal/Circulares/2011/Circular%20No.%207%20del%2015%20de%20Septiembre%20de%202011.pdf HTTP/1.1" 200 314873
172.22.2.4 - - [03/Apr/2022:21:46:56 -0500] "GET /BLA/boletinlegal/Circulares/2011/Circular%20No.%206%20del%2029%20de%20Julio%20de%202011.pdf HTTP/1.1" 200 262144
216.245.221.92 - - [03/Apr/2022:21:46:58 -0500] "HEAD / HTTP/1.1" 200 -
172.22.2.4 - - [03/Apr/2022:21:47:06 -0500] "GET /BLA/boletinlegal/Circulares/2011/Circular%20No.%206%20del%2023%20de%20Septiembre%20de%202011.pdf HTTP/1.1" 200 252800
172.22.2.4 - - [03/Apr/2022:21:47:11 -0500] "GET /BLA/boletinlegal/Circulares/2011/Circular%20No.%205%20del%2014%20de%20Julio%20de%202011.pdf HTTP/1.1" 200 1488992
172.22.2.4 - - [03/Apr/2022:21:47:18 -0500] "GET /BLA/boletinlegal/Circulares/2011/Circular%20No.%205%20del%2012%20de%20Agosto%20de%202011.pdf HTTP/1.1" 200 431796
172.22.2.4 - - [03/Apr/2022:21:47:24 -0500] "GET /BLA/boletinlegal/Circulares/2011/Circular%20No.%204%20del%2014%20de%20Julio%20de%202011.pdf HTTP/1.1" 200 399895
172.22.2.4 - - [03/Apr/2022:21:47:29 -0500] "GET /BLA/boletinlegal/Circulares/2011/Circular%20No.%204%20del%2012%20de%20Agosto%20de%202011.pdf HTTP/1.1" 200 601047
172.22.2.4 - - [03/Apr/2022:21:45:55 -0500] "GET /BLA/boletinlegal/ HTTP/1.1" 200 59170
172.22.2.4 - - [03/Apr/2022:21:47:35 -0500] "GET /BLA/boletinlegal/Circulares/2011/Circular%20No.%203%20del%2023%20de%20Junio%20de%202011.pdf HTTP/1.1" 200 1452758
172.22.2.4 - - [03/Apr/2022:21:47:42 -0500] "GET /BLA/boletinlegal/Circulares/2011/Circular%20No.%203%20del%2016%20de%20Junio%20de%202011.pdf HTTP/1.1" 200 346378
172.22.2.4 - - [03/Apr/2022:21:47:50 -0500] "GET /BLA/boletinlegal/Circulares/2011/Circular%20No.%202%20del%2031%20de%20Mayo%20de%202011.pdf HTTP/1.1" 200 496778
172.22.2.4 - - [03/Apr/2022:21:47:57 -0500] "GET /BLA/boletinlegal/Circulares/2011/Circular%20No.%202%20del%2026%20de%20Mayo%20de%202011.pdf HTTP/1.1" 200 644194
172.22.2.4 - - [03/Apr/2022:21:48:04 -0500] "GET /BLA/boletinlegal/Circulares/2011/Circular%20No.%201%20del%2023%20de%20Febrero%20de%202011.pdf HTTP/1.1" 200 540140
172.22.2.4 - - [03/Apr/2022:21:48:21 -0500] "GET /BLA/boletinlegal/Circulares/2011/Circular%20No.%201%20del%2012%20de%20Abril%20de%202011.pdf HTTP/1.1" 200 366269
34.226.210.145 - - [03/Apr/2022:21:48:25 -0500] "GET /administracion-distrital-recolecto-mas-de-460-llantas-usadas-en-engativa-y-teusaquillo.html HTTP/1.1" 200 1092
172.22.2.4 - - [03/Apr/2022:21:48:27 -0500] "GET /BLA/boletinlegal/Circulares/2011/Circular%20003%20de%20Febrero%20de%202011.pdf HTTP/1.1" 200 224758
172.22.2.4 - - [03/Apr/2022:21:48:34 -0500] "GET /BLA/boletinlegal/Circulares/2010/Circular%2006%20de%208%20de%20septiembre%20de%202010.pdf HTTP/1.1" 200 4657752
172.22.2.4 - - [03/Apr/2022:21:48:45 -0500] "GET /BLA/boletinlegal/Circulares/2010/Circular%2005%20de%208%20de%20septiembre%20de%202010.pdf HTTP/1.1" 200 2146608
207.46.13.43 - - [03/Apr/2022:21:49:46 -0500] "GET /BLA/resoluciones/AUTOS%202021/1530.pdf HTTP/1.1" 200 750602
216.245.221.92 - - [03/Apr/2022:21:51:58 -0500] "HEAD / HTTP/1.1" 200 -
172.22.2.4 - - [03/Apr/2022:21:50:54 -0500] "HEAD /BLA/boletinlegal/ HTTP/1.1" 200 -
172.22.2.4 - - [03/Apr/2022:21:51:45 -0500] "GET /BLA/boletinlegal/ HTTP/1.1" 200 53739
191.156.230.65 - - [03/Apr/2022:21:56:26 -0500] "GET /sipse/faces/javax.faces.resource/theme.css?ln=primefaces-sipse HTTP/1.1" 304 -
172.22.2.4 - - [03/Apr/2022:21:56:33 -0500] "GET /BLA/boletinlegal/style.css HTTP/1.1" 200 9406
172.22.2.4 - - [03/Apr/2022:21:56:33 -0500] "GET /BLA/boletinlegal/styles2.css HTTP/1.1" 200 1838
172.22.2.4 - - [03/Apr/2022:21:56:33 -0500] "GET /BLA/boletinlegal/js/jquery.js HTTP/1.1" 200 57254
172.22.2.4 - - [03/Apr/2022:21:56:33 -0500] "GET /BLA/boletinlegal/js/jquery.scrollTo-min.js HTTP/1.1" 200 1150
172.22.2.4 - - [03/Apr/2022:21:56:33 -0500] "GET /BLA/boletinlegal/js/jquery.scrollShow.js HTTP/1.1" 200 4586
172.22.2.4 - - [03/Apr/2022:21:56:33 -0500] "GET /BLA/boletinlegal/images/cabezote%20BLEGAL.jpg HTTP/1.1" 200 118164
172.22.2.4 - - [03/Apr/2022:21:56:33 -0500] "GET /BLA/boletinlegal/images/subscribe-icon-big.png HTTP/1.1" 200 47702
172.22.2.4 - - [03/Apr/2022:21:56:33 -0500] "GET /BLA/boletinlegal/images/historia.png HTTP/1.1" 200 52775
172.22.2.4 - - [03/Apr/2022:21:56:33 -0500] "GET /BLA/boletinlegal/images/registro-usuarios.png HTTP/1.1" 200 8106
172.22.2.4 - - [03/Apr/2022:21:56:33 -0500] "GET /BLA/boletinlegal/images/arr_l.jpg HTTP/1.1" 200 1979
172.22.2.4 - - [03/Apr/2022:21:56:33 -0500] "GET /BLA/boletinlegal/images/screen_1.png HTTP/1.1" 200 202547
172.22.2.4 - - [03/Apr/2022:21:56:33 -0500] "GET /BLA/boletinlegal/images/launch.jpg HTTP/1.1" 200 14577
172.22.2.4 - - [03/Apr/2022:21:56:33 -0500] "GET /BLA/boletinlegal/images/body_bg.jpg HTTP/1.1" 200 1601
172.22.2.4 - - [03/Apr/2022:21:56:33 -0500] "GET /BLA/boletinlegal/images/menu_lft.gif HTTP/1.1" 200 1713
172.22.2.4 - - [03/Apr/2022:21:56:33 -0500] "GET /BLA/boletinlegal/images/menu_rght.gif HTTP/1.1" 200 1627
172.22.2.4 - - [03/Apr/2022:21:56:33 -0500] "GET /BLA/boletinlegal/images/bg_top.jpg HTTP/1.1" 200 522
172.22.2.4 - - [03/Apr/2022:21:56:33 -0500] "GET /BLA/boletinlegal/images/menu_bg.jpg HTTP/1.1" 200 620
172.22.2.4 - - [03/Apr/2022:21:56:33 -0500] "GET /BLA/boletinlegal/images/text.jpg HTTP/1.1" 200 568
172.22.2.4 - - [03/Apr/2022:21:56:33 -0500] "GET /BLA/boletinlegal/images/hover.jpg HTTP/1.1" 200 640
172.22.2.4 - - [03/Apr/2022:21:56:40 -0500] "GET /BLA/boletinlegal/images/screen_3.png HTTP/1.1" 200 210620
172.22.2.4 - - [03/Apr/2022:21:56:40 -0500] "GET /BLA/boletinlegal/images/screen_5.png HTTP/1.1" 200 368876
172.22.2.4 - - [03/Apr/2022:21:56:40 -0500] "GET /BLA/boletinlegal/images/screen_2.png HTTP/1.1" 200 362502
172.22.2.4 - - [03/Apr/2022:21:56:40 -0500] "GET /BLA/boletinlegal/images/arr_r.jpg HTTP/1.1" 200 1998
172.22.2.4 - - [03/Apr/2022:21:56:40 -0500] "GET /BLA/boletinlegal/images/footer_bg.jpg HTTP/1.1" 200 586
172.22.2.4 - - [03/Apr/2022:21:56:40 -0500] "GET /BLA/boletinlegal/actos.php HTTP/1.1" 200 9555
172.22.2.4 - - [03/Apr/2022:21:56:40 -0500] "GET /BLA/boletinlegal/niceforms.js HTTP/1.1" 200 22876
172.22.2.4 - - [03/Apr/2022:21:56:40 -0500] "GET /BLA/boletinlegal/js/ajax_actos.js HTTP/1.1" 200 1322
172.22.2.4 - - [03/Apr/2022:21:56:40 -0500] "GET /BLA/boletinlegal/js/lib.js HTTP/1.1" 200 6474
172.22.2.4 - - [03/Apr/2022:21:56:40 -0500] "GET /BLA/boletinlegal/js/popup.js HTTP/1.1" 200 1270
172.22.2.4 - - [03/Apr/2022:21:56:40 -0500] "GET /BLA/boletinlegal/niceforms-default.css HTTP/1.1" 200 6694
172.22.2.4 - - [03/Apr/2022:21:56:40 -0500] "GET /BLA/boletinlegal/js/jquery1.js HTTP/1.1" 200 29846
172.22.2.4 - - [03/Apr/2022:21:56:41 -0500] "GET /BLA/boletinlegal/images/green-yellow-blue-pink-th.png HTTP/1.1" 200 7394
172.22.2.4 - - [03/Apr/2022:21:56:41 -0500] "GET /BLA/boletinlegal/images/abajo.png HTTP/1.1" 200 96676
172.22.2.4 - - [03/Apr/2022:21:56:41 -0500] "GET /BLA/boletinlegal/images/tel.png HTTP/1.1" 200 14477
172.22.2.4 - - [03/Apr/2022:21:56:41 -0500] "GET /BLA/boletinlegal/images/icono-email.png HTTP/1.1" 200 5544
172.22.2.4 - - [03/Apr/2022:21:56:41 -0500] "GET /BLA/boletinlegal/images/footer_bg_l.jpg HTTP/1.1" 200 776
172.22.2.4 - - [03/Apr/2022:21:56:41 -0500] "GET /BLA/boletinlegal/img/0.png HTTP/1.1" 200 110
172.22.2.4 - - [03/Apr/2022:21:56:41 -0500] "GET /BLA/boletinlegal/img/select-left.png HTTP/1.1" 200 263
172.22.2.4 - - [03/Apr/2022:21:56:41 -0500] "GET /BLA/boletinlegal/img/button-left.png HTTP/1.1" 200 57071
172.22.2.4 - - [03/Apr/2022:21:56:41 -0500] "GET /BLA/boletinlegal/img/button.png HTTP/1.1" 200 43241
172.22.2.4 - - [03/Apr/2022:21:56:41 -0500] "GET /BLA/boletinlegal/img/select-right.png HTTP/1.1" 200 44019
172.22.2.4 - - [03/Apr/2022:21:56:41 -0500] "GET /BLA/boletinlegal/img/button-right.png HTTP/1.1" 200 57878
172.22.2.4 - - [03/Apr/2022:21:56:41 -0500] "GET /BLA/boletinlegal/favicon.ico HTTP/1.1" 404 1326
216.245.221.92 - - [03/Apr/2022:21:56:58 -0500] "HEAD / HTTP/1.1" 200 -
172.22.2.4 - - [03/Apr/2022:21:56:33 -0500] "GET /BLA/boletinlegal/ HTTP/1.1" 200 32715
172.22.2.4 - - [03/Apr/2022:21:56:44 -0500] "HEAD /BLA/boletinlegal/ HTTP/1.1" 200 -
172.22.2.4 - - [03/Apr/2022:21:58:42 -0500] "GET /BLA/boletinlegal/consulta_actos.php?tipo=autos&no=0531&usuario=&sector=&fecha=2010&resuelve= HTTP/1.1" 200 1080
172.22.2.4 - - [03/Apr/2022:21:58:42 -0500] "GET /BLA/boletinlegal/images/pdf.gif HTTP/1.1" 200 567
190.69.229.67 - - [03/Apr/2022:21:58:46 -0500] "GET /BLA/resoluciones/AUTOS%202010/0531.pdf HTTP/1.1" 200 176359
190.69.229.67 - - [03/Apr/2022:21:58:46 -0500] "GET /favicon.ico HTTP/1.1" 200 7782
172.22.2.4 - - [03/Apr/2022:21:57:35 -0500] "GET /BLA/boletinlegal/ HTTP/1.1" 200 55877
179.19.182.166 - - [03/Apr/2022:21:59:42 -0500] "GET /BLA/resoluciones/index.php?dir=RESOLUCIONES+2013%2F HTTP/1.1" 200 237258
216.245.221.92 - - [03/Apr/2022:22:01:58 -0500] "HEAD / HTTP/1.1" 200 -
49.7.21.74 - - [03/Apr/2022:22:02:53 -0500] "-" 408 -
172.22.2.4 - - [03/Apr/2022:22:02:34 -0500] "HEAD /BLA/boletinlegal/ HTTP/1.1" 200 -
172.22.2.4 - - [03/Apr/2022:22:03:25 -0500] "GET /BLA/boletinlegal/ HTTP/1.1" 200 59170
66.249.73.97 - - [03/Apr/2022:22:05:10 -0500] "-" 408 -
45.8.166.251 - - [03/Apr/2022:22:06:48 -0500] "HEAD /administracion-distrital-recolecto-mas-de-460-llantas-usadas-en-engativa-y-teusaquillo.html HTTP/1.1" 200 -
45.8.166.251 - - [03/Apr/2022:22:06:48 -0500] "HEAD /administracion-distrital-recolecto-mas-de-460-llantas-usadas-en-engativa-y-teusaquillo.html HTTP/1.1" 200 -
45.8.166.251 - - [03/Apr/2022:22:06:48 -0500] "GET /administracion-distrital-recolecto-mas-de-460-llantas-usadas-en-engativa-y-teusaquillo.html HTTP/1.1" 200 1092
194.156.138.203 - - [03/Apr/2022:22:06:49 -0500] "GET /administracion-distrital-recolecto-mas-de-460-llantas-usadas-en-engativa-y-teusaquillo.html HTTP/1.1" 200 1092
216.245.221.92 - - [03/Apr/2022:22:06:58 -0500] "HEAD / HTTP/1.1" 200 -
45.8.164.168 - - [03/Apr/2022:22:07:22 -0500] "GET /administracion-distrital-recolecto-mas-de-460-llantas-usadas-en-engativa-y-teusaquillo.html HTTP/1.1" 200 1092
45.8.165.150 - - [03/Apr/2022:22:07:50 -0500] "GET /administracion-distrital-recolecto-mas-de-460-llantas-usadas-en-engativa-y-teusaquillo.html HTTP/1.1" 200 1092
185.239.215.160 - - [03/Apr/2022:22:07:51 -0500] "GET /administracion-distrital-recolecto-mas-de-460-llantas-usadas-en-engativa-y-teusaquillo.html HTTP/1.1" 200 1092
185.239.215.75 - - [03/Apr/2022:22:07:52 -0500] "GET /documents/10184/2325415/pieza-concurso-buenas-practicas-20-septiembre.jpg HTTP/1.1" 404 1156
194.110.95.139 - - [03/Apr/2022:22:07:53 -0500] "GET /documents/10184/2325415/pieza-concurso-buenas-practicas-20-septiembre.jpg HTTP/1.1" 404 1156
185.232.6.108 - - [03/Apr/2022:22:07:53 -0500] "GET /documents/10184/2325415/pieza-concurso-buenas-practicas-20-septiembre.jpg HTTP/1.1" 404 1156
45.8.166.172 - - [03/Apr/2022:22:07:53 -0500] "GET /documents/10184/2325415/pieza-concurso-buenas-practicas-20-septiembre.jpg HTTP/1.1" 404 1156
194.110.95.248 - - [03/Apr/2022:22:07:53 -0500] "GET /documents/10184/2325415/pieza-concurso-buenas-practicas-20-septiembre.jpg HTTP/1.1" 404 1156
194.31.100.150 - - [03/Apr/2022:22:07:53 -0500] "GET /documents/10184/2325415/pieza-concurso-buenas-practicas-20-septiembre.jpg HTTP/1.1" 404 1156
194.110.95.229 - - [03/Apr/2022:22:07:54 -0500] "GET /documents/10184/2325415/pieza-concurso-buenas-practicas-20-septiembre.jpg HTTP/1.1" 404 1156
194.110.95.249 - - [03/Apr/2022:22:07:54 -0500] "GET /documents/10184/2325415/pieza-concurso-buenas-practicas-20-septiembre.jpg HTTP/1.1" 404 1156
207.46.13.199 - - [03/Apr/2022:22:08:13 -0500] "GET /BLA/resoluciones/index.php?dir=RESOLUCIONES+2021%2F HTTP/1.1" 200 303054
45.8.166.179 - - [03/Apr/2022:22:08:31 -0500] "GET /images/llantas-teusaquillo-1-abril.jpg HTTP/1.1" 200 50674
194.110.95.49 - - [03/Apr/2022:22:08:31 -0500] "GET /images/llantas-teusaquillo-1-abril.jpg HTTP/1.1" 200 50674
35.208.187.63 - - [03/Apr/2022:22:08:56 -0500] "HEAD /BLA/resoluciones/RESOLUCIONES%202017/0520.pdf HTTP/1.1" 200 -
172.22.2.4 - - [03/Apr/2022:22:08:24 -0500] "HEAD /BLA/boletinlegal/ HTTP/1.1" 200 -
139.162.145.250 - - [03/Apr/2022:22:10:27 -0500] "GET /bag2 HTTP/1.1" 404 1018
172.22.2.4 - - [03/Apr/2022:22:09:15 -0500] "GET /BLA/boletinlegal/ HTTP/1.1" 200 61416
216.245.221.92 - - [03/Apr/2022:22:11:58 -0500] "HEAD / HTTP/1.1" 200 -
172.22.2.4 - - [03/Apr/2022:22:14:14 -0500] "HEAD /BLA/boletinlegal/ HTTP/1.1" 200 -
207.46.13.157 - - [03/Apr/2022:22:16:14 -0500] "GET /BLA/resoluciones/index.php?dir=AUTOS+2019%2F HTTP/1.1" 200 342327
172.22.2.4 - - [03/Apr/2022:22:15:05 -0500] "GET /BLA/boletinlegal/ HTTP/1.1" 200 59170
216.245.221.92 - - [03/Apr/2022:22:16:58 -0500] "HEAD / HTTP/1.1" 200 -
40.94.27.40 - - [03/Apr/2022:22:17:38 -0500] "GET /BLA/resoluciones/RESOLUCIONES%202015/1054.pdf HTTP/1.1" 200 487632
66.249.73.127 - - [03/Apr/2022:22:19:24 -0500] "-" 408 -
179.19.182.166 - - [03/Apr/2022:22:19:54 -0500] "GET /BLA/resoluciones/index.php?dir=AUTOS+2010%2F HTTP/1.1" 200 274169
172.22.2.4 - - [03/Apr/2022:22:20:04 -0500] "HEAD /BLA/boletinlegal/ HTTP/1.1" 200 -
216.245.221.92 - - [03/Apr/2022:22:21:58 -0500] "HEAD / HTTP/1.1" 200 -
172.22.2.4 - - [03/Apr/2022:22:20:55 -0500] "GET /BLA/boletinlegal/ HTTP/1.1" 200 59688
201.245.192.253 - - [03/Apr/2022:22:22:24 -0500] "POST /kwsrmcab/Wsrmcab HTTP/1.1" 200 45581
201.245.192.253 - - [03/Apr/2022:22:23:16 -0500] "POST /kwsrmcab/Wsrmcab HTTP/1.1" 200 45751
31.148.130.232 - - [03/Apr/2022:22:26:32 -0500] "GET /BLA/resoluciones/RESOLUCIONES%202021/1181.pdf HTTP/1.1" 200 1479523
216.245.221.92 - - [03/Apr/2022:22:26:58 -0500] "HEAD / HTTP/1.1" 200 -
192.241.213.185 - - [03/Apr/2022:22:27:19 -0500] "GET /manager/text/list HTTP/1.1" 404 1018
172.22.2.4 - - [03/Apr/2022:22:25:54 -0500] "HEAD /BLA/boletinlegal/ HTTP/1.1" 200 -
49.7.21.74 - - [03/Apr/2022:22:27:35 -0500] "-" 408 -
207.46.13.209 - - [03/Apr/2022:22:27:38 -0500] "GET /bla/resoluciones/autos%202019/4866.pdf HTTP/1.1" 200 429674
172.22.2.4 - - [03/Apr/2022:22:26:45 -0500] "GET /BLA/boletinlegal/ HTTP/1.1" 200 52945
207.46.13.31 - - [03/Apr/2022:22:30:33 -0500] "GET /portaldeninos/aulas-ambientales-2/parque-ecologico-distrital-de-montana-entrenubes/ HTTP/1.1" 200 82985
54.183.139.221 - - [03/Apr/2022:22:30:49 -0500] "GET / HTTP/1.1" 200 319
42.236.10.103 - - [03/Apr/2022:22:31:52 -0500] "GET / HTTP/1.1" 200 319
216.245.221.92 - - [03/Apr/2022:22:31:58 -0500] "HEAD / HTTP/1.1" 200 -
179.19.182.166 - - [03/Apr/2022:22:32:03 -0500] "GET /BLA/resoluciones/index.php?dir=AUTOS+2014%2F HTTP/1.1" 200 873737
201.245.192.253 - - [03/Apr/2022:22:32:24 -0500] "POST /kwsrmcab/Wsrmcab HTTP/1.1" 200 45581
201.244.96.219 - - [03/Apr/2022:22:33:18 -0500] "GET /BLA/resoluciones/index.php?dir=RESOLUCIONES+2015%2F HTTP/1.1" 200 129010
172.22.2.4 - - [03/Apr/2022:22:31:44 -0500] "HEAD /BLA/boletinlegal/ HTTP/1.1" 200 -
201.244.96.219 - - [03/Apr/2022:22:33:55 -0500] "GET /BLA/resoluciones/index.php?dir=RESOLUCIONES+2014%2F HTTP/1.1" 200 330618
201.245.192.253 - - [03/Apr/2022:22:33:14 -0500] "POST /kwsrmcab/Wsrmcab HTTP/1.1" 200 45751
172.22.2.4 - - [03/Apr/2022:22:32:35 -0500] "GET /BLA/boletinlegal/ HTTP/1.1" 200 43418
201.244.96.219 - - [03/Apr/2022:22:34:25 -0500] "GET /BLA/resoluciones/RESOLUCIONES%202014/0638.pdf HTTP/1.1" 200 803603
172.22.2.4 - - [03/Apr/2022:22:33:21 -0500] "GET /BLA/boletinlegal/ HTTP/1.1" 200 53344
35.186.8.239 - - [03/Apr/2022:22:35:18 -0500] "GET /galeria/galeria/fotos/diaSC7Peq.jpg HTTP/1.1" 200 18357
216.245.221.92 - - [03/Apr/2022:22:36:58 -0500] "HEAD / HTTP/1.1" 200 -
172.22.2.4 - - [03/Apr/2022:22:35:41 -0500] "GET /BLA/boletinlegal/ HTTP/1.1" 200 63342
207.46.13.199 - - [03/Apr/2022:22:38:26 -0500] "GET /BLA/resoluciones/index.php?dir=AUTOS+2021%2F HTTP/1.1" 200 344886
172.22.2.4 - - [03/Apr/2022:22:37:34 -0500] "HEAD /BLA/boletinlegal/ HTTP/1.1" 200 -
172.22.2.4 - - [03/Apr/2022:22:39:28 -0500] "GET /BLA/boletinlegal/Circulares/2022/CIRCULAR%20No.%2000003%20DEL%2007%20DE%20MARZO%20DEL%202022.pdf HTTP/1.1" 404 1038
172.22.2.4 - - [03/Apr/2022:22:39:32 -0500] "GET /BLA/boletinlegal/Circulares/2021/CIRCULAR%20No.%2000009%20DEL%2001%20DE%20OCTUBRE%20DEL%202021.pdf HTTP/1.1" 200 320793
172.22.2.4 - - [03/Apr/2022:22:39:39 -0500] "GET /BLA/boletinlegal/Circulares/2021/CIRCULAR%20No.%2000007%20DEL%2010%20DE%20AGOSTO%20DEL%202021.pdf HTTP/1.1" 200 266364
172.22.2.4 - - [03/Apr/2022:22:39:43 -0500] "GET /BLA/boletinlegal/Circulares/2013/Circular%20No.%202%20del%2022%20de%20enero%20de%202013.pdf HTTP/1.1" 304 -
172.22.2.4 - - [03/Apr/2022:22:39:45 -0500] "GET /BLA/boletinlegal/Circulares/2021/CIRCULAR%20No.%2000006%20DEL%2005%20DE%20AGOSTO%20DEL%202021.pdf HTTP/1.1" 200 249615
172.22.2.4 - - [03/Apr/2022:22:39:52 -0500] "GET /BLA/boletinlegal/Circulares/2020/Circular%20No.%2000018%20del%2002%20de%20diciembre%20del%202020.pdf HTTP/1.1" 200 276868
172.22.2.4 - - [03/Apr/2022:22:39:59 -0500] "GET /BLA/boletinlegal/Circulares/2020/Circular%2000010%20del%2027%20de%20julio%20de%202020.pdf HTTP/1.1" 200 422655
172.22.2.4 - - [03/Apr/2022:22:38:24 -0500] "GET /BLA/boletinlegal/ HTTP/1.1" 200 59170
172.22.2.4 - - [03/Apr/2022:22:40:06 -0500] "GET /BLA/boletinlegal/Circulares/2020/CIRCULAR%20No.%2000019%20DEL%2018%20DE%20DICIEMBRE%20DEL%202020.pdf HTTP/1.1" 200 307959
172.22.2.4 - - [03/Apr/2022:22:40:14 -0500] "GET /BLA/boletinlegal/Circulares/2020/CIRCULAR%20No.%2000014%20del%2001%20de%20septiembre%20del%202020.pdf HTTP/1.1" 200 320826
172.22.2.4 - - [03/Apr/2022:22:40:21 -0500] "GET /BLA/boletinlegal/Circulares/2019/Circular%20No.%2012%20del%2014%20de%20Marzo%20de%202019.pdf HTTP/1.1" 200 344384
172.22.2.4 - - [03/Apr/2022:22:40:27 -0500] "GET /BLA/boletinlegal/Circulares/2019/Circular%20No.%20006%20del%2008%20de%20Febrero%20de%202019.pdf HTTP/1.1" 200 674401
172.22.2.4 - - [03/Apr/2022:22:40:36 -0500] "GET /BLA/boletinlegal/Circulares/2019/Circular%20No.%200015%20del%2003%20de%20Octubre%20de%202019.pdf HTTP/1.1" 200 165608
179.19.182.166 - - [03/Apr/2022:22:40:36 -0500] "GET /BLA/resoluciones/index.php?dir=AUTOS+2011%2F HTTP/1.1" 200 624356
172.22.2.4 - - [03/Apr/2022:22:40:42 -0500] "GET /BLA/boletinlegal/Circulares/2019/Circular%20No.%200005%20del%2020%20de%20Marzo%20de%202019.pdf HTTP/1.1" 200 159877
172.22.2.4 - - [03/Apr/2022:22:40:49 -0500] "GET /BLA/boletinlegal/Circulares/2019/Circular%20No.%200003%20del%2031%20de%20Enero%20de%202019.pdf HTTP/1.1" 200 164676
172.58.188.127 - - [03/Apr/2022:22:40:50 -0500] "-" 408 -
172.58.188.127 - - [03/Apr/2022:22:40:50 -0500] "-" 408 -
172.22.2.4 - - [03/Apr/2022:22:40:54 -0500] "GET /BLA/boletinlegal/Circulares/2019/Circular%2000020%20del%2020%20de%20diciembre%20de%202019.pdf HTTP/1.1" 200 145170
172.22.2.4 - - [03/Apr/2022:22:40:59 -0500] "GET /BLA/boletinlegal/Circulares/2019/Circular%2000018%20del%2020%20de%20noviembre%20de%202019.pdf HTTP/1.1" 200 158030
172.22.2.4 - - [03/Apr/2022:22:41:04 -0500] "GET /BLA/boletinlegal/Circulares/2019/.pdf HTTP/1.1" 404 1218
172.22.2.4 - - [03/Apr/2022:22:41:06 -0500] "GET /BLA/boletinlegal/Circulares/2018/Circular%20No.%2011%20del%2024%20de%20Septiembre%20de%202018.pdf HTTP/1.1" 200 169541
172.22.2.4 - - [03/Apr/2022:22:41:11 -0500] "GET /BLA/boletinlegal/Circulares/2018/Circular%20No.%2010%20del%2021%20de%20Septiembre%20de%202018.pdf HTTP/1.1" 200 163426
172.22.2.4 - - [03/Apr/2022:22:41:16 -0500] "GET /BLA/boletinlegal/Circulares/2018/Circular%20No.%200015%20del%207%20de%20Diciembre%20de%202018.pdf HTTP/1.1" 200 165305
172.22.2.4 - - [03/Apr/2022:22:41:22 -0500] "GET /BLA/boletinlegal/Circulares/2018/CIRCULAR%20COJUNTA%20042%20DE%202018.pdf HTTP/1.1" 200 515008
172.22.2.4 - - [03/Apr/2022:22:41:32 -0500] "GET /BLA/boletinlegal/Circulares/2017/Circular%20No.%202%20del%201%20de%20Septiembre%20de%202017.pdf HTTP/1.1" 200 152575
172.22.2.4 - - [03/Apr/2022:22:41:38 -0500] "GET /BLA/boletinlegal/Circulares/2017/Circular%20No.%201%20del%2030%20de%20Marzo%20de%202017.pdf HTTP/1.1" 200 668532
172.22.2.4 - - [03/Apr/2022:22:41:44 -0500] "GET /BLA/boletinlegal/Circulares/2017/Circular%20No.%2007%20del%2028%20de%20Abril%20de%202017.pdf HTTP/1.1" 200 309906
172.22.2.4 - - [03/Apr/2022:22:41:52 -0500] "GET /BLA/boletinlegal/Circulares/2017/Circular%20No.%20011%20del%2005%20de%20julio%20de%202017.pdf HTTP/1.1" 200 965526
216.245.221.92 - - [03/Apr/2022:22:41:58 -0500] "HEAD / HTTP/1.1" 200 -
172.22.2.4 - - [03/Apr/2022:22:42:01 -0500] "GET /BLA/boletinlegal/Circulares/2015/Circular%20No.%202%20del%201%20de%20julio%20de%202015.pdf HTTP/1.1" 200 752890
172.22.2.4 - - [03/Apr/2022:22:42:08 -0500] "GET /BLA/boletinlegal/Circulares/2015/Circular%20No.%201%20del%2010%20de%20Febrero%20de%202015.pdf HTTP/1.1" 200 660637
172.22.2.4 - - [03/Apr/2022:22:42:14 -0500] "GET /BLA/boletinlegal/Circulares/2014/Circular%20No.%203%20del%2014%20de%20Noviembre%20de%202014.pdf HTTP/1.1" 200 104132
207.46.13.199 - - [03/Apr/2022:22:42:16 -0500] "GET /BLA/resoluciones/index.php?dir=RESOLUCIONES+2021%2F HTTP/1.1" 200 303054
172.22.2.4 - - [03/Apr/2022:22:42:19 -0500] "GET /BLA/boletinlegal/Circulares/2014/Circular%20No.%202%20del%2021%20de%20septiembre%20de%202014.pdf HTTP/1.1" 200 143376
172.22.2.4 - - [03/Apr/2022:22:42:24 -0500] "GET /BLA/boletinlegal/Circulares/2014/Circular%20No.%201%20del%2008%20de%20Mayo%20de%202014.pdf HTTP/1.1" 200 180124
172.22.2.4 - - [03/Apr/2022:22:42:30 -0500] "GET /BLA/boletinlegal/Circulares/2013/Circular%20No.%208%20del%201%20de%20Noviembre%20de%202013.pdf HTTP/1.1" 200 385156
172.22.2.4 - - [03/Apr/2022:22:42:37 -0500] "GET /BLA/boletinlegal/Circulares/2013/Circular%20No.%207%20del%201%20de%20Agosto%20de%202013.pdf HTTP/1.1" 200 340934
172.22.2.4 - - [03/Apr/2022:22:42:44 -0500] "GET /BLA/boletinlegal/Circulares/2013/Circular%20No.%206%20del%2019%20de%20julio%20de%202013.pdf HTTP/1.1" 200 4210437
172.22.2.4 - - [03/Apr/2022:22:43:00 -0500] "GET /BLA/boletinlegal/Circulares/2013/Circular%20No.%205%20del%2013%20de%20junio%20de%202013.pdf HTTP/1.1" 200 110904
172.22.2.4 - - [03/Apr/2022:22:43:07 -0500] "GET /BLA/boletinlegal/Circulares/2013/Circular%20No.%204%20del%2005%20de%20junio%20de%202013.pdf HTTP/1.1" 200 130461
35.186.94.216 - - [03/Apr/2022:22:43:09 -0500] "GET /galeria/galeria/fotos/Humedal-Vaca3P.jpg HTTP/1.1" 200 38460
201.245.192.253 - - [03/Apr/2022:22:42:24 -0500] "POST /kwsrmcab/Wsrmcab HTTP/1.1" 200 45581
172.22.2.4 - - [03/Apr/2022:22:43:12 -0500] "GET /BLA/boletinlegal/Circulares/2013/Circular%20No.%203%20del%2005%20de%20abril%20de%202013.pdf HTTP/1.1" 200 93580
172.22.2.4 - - [03/Apr/2022:22:43:18 -0500] "GET /BLA/boletinlegal/Circulares/2013/Circular%20No.%202%20del%2022%20de%20enero%20de%202013.pdf HTTP/1.1" 200 85466
172.22.2.4 - - [03/Apr/2022:22:43:24 -0500] "GET /BLA/boletinlegal/Circulares/2013/Circular%20No.%201%20del%2014%20de%20enero%20de%202013.pdf HTTP/1.1" 200 1298384
172.22.2.4 - - [03/Apr/2022:22:43:30 -0500] "GET /BLA/boletinlegal/Circulares/2012/Circular%20No.%209%20del%2021%20de%20Agosto%20de%202012.pdf HTTP/1.1" 200 1402289
172.22.2.4 - - [03/Apr/2022:22:43:36 -0500] "GET /BLA/boletinlegal/Circulares/2012/Circular%20No.%208%20del%2021%20de%20Agosto%20de%202012.pdf HTTP/1.1" 200 963197
172.22.2.4 - - [03/Apr/2022:22:43:44 -0500] "GET /BLA/boletinlegal/Circulares/2012/Circular%20No.%207%20del%2008%20de%20Agosto%20de%202012.pdf HTTP/1.1" 200 972955
172.22.2.4 - - [03/Apr/2022:22:43:52 -0500] "GET /BLA/boletinlegal/Circulares/2012/Circular%20No.%206%20del%2025%20de%20Mayo%20de%202012.pdf HTTP/1.1" 200 387391
172.22.2.4 - - [03/Apr/2022:22:43:57 -0500] "GET /BLA/boletinlegal/Circulares/2012/Circular%20No.%205%20del%2027%20de%20Abril%20de%202012.pdf HTTP/1.1" 200 216613
201.245.192.253 - - [03/Apr/2022:22:43:13 -0500] "POST /kwsrmcab/Wsrmcab HTTP/1.1" 200 45751
172.22.2.4 - - [03/Apr/2022:22:44:02 -0500] "GET /BLA/boletinlegal/Circulares/2012/Circular%20No.%204%20del%2019%20de%20abril%20de%202012.pdf HTTP/1.1" 200 253045
172.22.2.4 - - [03/Apr/2022:22:44:07 -0500] "GET /BLA/boletinlegal/Circulares/2012/Circular%20No.%203%20del%2023%20de%20Marzo%20de%202012.pdf HTTP/1.1" 200 572950
172.22.2.4 - - [03/Apr/2022:22:44:17 -0500] "GET /BLA/boletinlegal/Circulares/2012/Circular%20No.%202%20del%2014%20de%20Marzo%20de%202012.pdf HTTP/1.1" 200 113666
172.22.2.4 - - [03/Apr/2022:22:44:25 -0500] "GET /BLA/boletinlegal/Circulares/2012/Circular%20No.%2016%20del%2022%20de%20octubre%20de%202012.pdf HTTP/1.1" 200 381186
172.22.2.4 - - [03/Apr/2022:22:44:35 -0500] "GET /BLA/boletinlegal/Circulares/2012/Circular%20No.%2015%20del%2022%20de%20octubre%20de%202012.pdf HTTP/1.1" 200 486506
172.22.2.4 - - [03/Apr/2022:22:44:43 -0500] "GET /BLA/boletinlegal/Circulares/2012/Circular%20No.%2014%20del%2011%20de%20Septiembre%20de%202012.pdf HTTP/1.1" 200 3427471
181.136.140.181 - - [03/Apr/2022:22:44:44 -0500] "GET /BLA/boletinlegal/js/jquery.scrollShow.js HTTP/1.1" 200 4586
181.136.140.181 - - [03/Apr/2022:22:44:44 -0500] "GET /galeria/galeria/jquery.fancybox.css?v=2.1.5 HTTP/1.1" 200 4895
181.136.140.181 - - [03/Apr/2022:22:44:44 -0500] "GET /galeria/galeria/jquery.fancybox.js?v=2.1.5 HTTP/1.1" 200 48706
172.22.2.4 - - [03/Apr/2022:22:44:54 -0500] "GET /BLA/boletinlegal/Circulares/2012/Circular%20No.%2013%20del%2006%20de%20Septiembre%20de%202012.pdf HTTP/1.1" 200 351421
172.22.2.4 - - [03/Apr/2022:22:44:59 -0500] "GET /BLA/boletinlegal/Circulares/2012/Circular%20No.%2012%20del%2028%20de%20Agosto%20de%202012.pdf HTTP/1.1" 200 369945
172.22.2.4 - - [03/Apr/2022:22:43:24 -0500] "HEAD /BLA/boletinlegal/ HTTP/1.1" 200 -
172.22.2.4 - - [03/Apr/2022:22:45:06 -0500] "GET /BLA/boletinlegal/Circulares/2012/Circular%20No.%2011%20del%2027%20de%20Agosto%20de%202012.pdf HTTP/1.1" 200 526945
36.37.140.109 - - [03/Apr/2022:22:45:09 -0500] "GET /.env HTTP/1.1" 404 1018
172.22.2.4 - - [03/Apr/2022:22:45:12 -0500] "GET /BLA/boletinlegal/Circulares/2012/Circular%20No.%2010%20del%2026%20de%20Enero%20de%202012.pdf HTTP/1.1" 404 1218
172.22.2.4 - - [03/Apr/2022:22:45:14 -0500] "GET /BLA/boletinlegal/Circulares/2012/Circular%20No.%2010%20del%2022%20de%20Agosto%20de%202012.pdf HTTP/1.1" 200 1563219
172.22.2.4 - - [03/Apr/2022:22:45:16 -0500] "GET /BLA/boletinlegal/jurisprudencia/analisis/AnalisisT-606-15.docx HTTP/1.1" 200 26698
36.37.140.109 - - [03/Apr/2022:22:45:17 -0500] "POST / HTTP/1.1" 200 319
172.22.2.4 - - [03/Apr/2022:22:45:17 -0500] "GET /BLA/boletinlegal/apple-touch-icon-120x120-precomposed.png HTTP/1.1" 404 1140
172.22.2.4 - - [03/Apr/2022:22:45:17 -0500] "GET /BLA/boletinlegal/apple-touch-icon-120x120.png HTTP/1.1" 404 1140
172.22.2.4 - - [03/Apr/2022:22:45:17 -0500] "GET /BLA/boletinlegal/apple-touch-icon-precomposed.png HTTP/1.1" 404 1140
172.22.2.4 - - [03/Apr/2022:22:45:17 -0500] "GET /BLA/boletinlegal/apple-touch-icon.png HTTP/1.1" 404 1140
172.22.2.4 - - [03/Apr/2022:22:45:17 -0500] "GET /BLA/boletinlegal/favicon.ico HTTP/1.1" 404 1140
172.22.2.4 - - [03/Apr/2022:22:45:17 -0500] "GET /BLA/boletinlegal/apple-touch-icon-120x120-precomposed.png HTTP/1.1" 404 1140
172.22.2.4 - - [03/Apr/2022:22:45:17 -0500] "GET /BLA/boletinlegal/apple-touch-icon-120x120.png HTTP/1.1" 404 1140
172.22.2.4 - - [03/Apr/2022:22:45:17 -0500] "GET /BLA/boletinlegal/apple-touch-icon-precomposed.png HTTP/1.1" 404 1140
172.22.2.4 - - [03/Apr/2022:22:45:18 -0500] "GET /BLA/boletinlegal/apple-touch-icon.png HTTP/1.1" 404 1140
172.22.2.4 - - [03/Apr/2022:22:45:18 -0500] "GET /BLA/boletinlegal/favicon.ico HTTP/1.1" 404 1140
172.22.2.4 - - [03/Apr/2022:22:45:21 -0500] "GET /BLA/boletinlegal/Circulares/2012/Circular%20No.%201%20del%2017%20de%20Enero%20de%202012.pdf HTTP/1.1" 200 1118749
172.22.2.4 - - [03/Apr/2022:22:45:27 -0500] "GET /BLA/boletinlegal/Circulares/2011/Circular%20No.%209%20del%2003%20de%20Noviembre%20de%202011.pdf HTTP/1.1" 200 54568
172.22.2.4 - - [03/Apr/2022:22:45:32 -0500] "GET /BLA/boletinlegal/Circulares/2011/Circular%20No.%208%20del%2020%20de%20Septiembre%20de%202011.pdf HTTP/1.1" 200 285158
172.22.2.4 - - [03/Apr/2022:22:45:38 -0500] "GET /BLA/boletinlegal/Circulares/2011/Circular%20No.%207%20del%2023%20de%20Diciembre%20de%202011.pdf HTTP/1.1" 200 1107785
172.22.2.4 - - [03/Apr/2022:22:45:45 -0500] "GET /BLA/boletinlegal/Circulares/2011/Circular%20No.%207%20del%2015%20de%20Septiembre%20de%202011.pdf HTTP/1.1" 200 314873
172.22.2.4 - - [03/Apr/2022:22:44:14 -0500] "GET /BLA/boletinlegal/ HTTP/1.1" 200 60486
172.22.2.4 - - [03/Apr/2022:22:45:55 -0500] "GET /BLA/boletinlegal/Circulares/2011/Circular%20No.%206%20del%2029%20de%20Julio%20de%202011.pdf HTTP/1.1" 200 262144
172.22.2.4 - - [03/Apr/2022:22:46:06 -0500] "GET /BLA/boletinlegal/Circulares/2011/Circular%20No.%206%20del%2023%20de%20Septiembre%20de%202011.pdf HTTP/1.1" 200 252800
172.22.2.4 - - [03/Apr/2022:22:46:13 -0500] "GET /BLA/boletinlegal/Circulares/2011/Circular%20No.%205%20del%2014%20de%20Julio%20de%202011.pdf HTTP/1.1" 200 1488992
172.22.2.4 - - [03/Apr/2022:22:46:20 -0500] "GET /BLA/boletinlegal/Circulares/2011/Circular%20No.%205%20del%2012%20de%20Agosto%20de%202011.pdf HTTP/1.1" 200 431796
172.22.2.4 - - [03/Apr/2022:22:46:27 -0500] "GET /BLA/boletinlegal/Circulares/2011/Circular%20No.%204%20del%2014%20de%20Julio%20de%202011.pdf HTTP/1.1" 200 399895
172.22.2.4 - - [03/Apr/2022:22:46:36 -0500] "GET /BLA/boletinlegal/Circulares/2011/Circular%20No.%204%20del%2012%20de%20Agosto%20de%202011.pdf HTTP/1.1" 200 601047
172.22.2.4 - - [03/Apr/2022:22:46:43 -0500] "GET /BLA/boletinlegal/Circulares/2011/Circular%20No.%203%20del%2023%20de%20Junio%20de%202011.pdf HTTP/1.1" 200 1452758
172.22.2.4 - - [03/Apr/2022:22:46:50 -0500] "GET /BLA/boletinlegal/Circulares/2011/Circular%20No.%203%20del%2016%20de%20Junio%20de%202011.pdf HTTP/1.1" 200 346378
172.22.2.4 - - [03/Apr/2022:22:46:56 -0500] "GET /BLA/boletinlegal/Circulares/2011/Circular%20No.%202%20del%2031%20de%20Mayo%20de%202011.pdf HTTP/1.1" 200 496778
216.245.221.92 - - [03/Apr/2022:22:46:58 -0500] "HEAD / HTTP/1.1" 200 -
172.22.2.4 - - [03/Apr/2022:22:47:02 -0500] "GET /BLA/boletinlegal/Circulares/2011/Circular%20No.%202%20del%2026%20de%20Mayo%20de%202011.pdf HTTP/1.1" 200 644194
172.22.2.4 - - [03/Apr/2022:22:47:10 -0500] "GET /BLA/boletinlegal/Circulares/2011/Circular%20No.%201%20del%2023%20de%20Febrero%20de%202011.pdf HTTP/1.1" 200 540140
172.22.2.4 - - [03/Apr/2022:22:47:15 -0500] "GET /BLA/boletinlegal/Circulares/2011/Circular%20No.%201%20del%2012%20de%20Abril%20de%202011.pdf HTTP/1.1" 200 366269
172.22.2.4 - - [03/Apr/2022:22:47:22 -0500] "GET /BLA/boletinlegal/Circulares/2011/Circular%20003%20de%20Febrero%20de%202011.pdf HTTP/1.1" 200 224758
172.22.2.4 - - [03/Apr/2022:22:47:27 -0500] "GET /BLA/boletinlegal/Circulares/2010/Circular%2006%20de%208%20de%20septiembre%20de%202010.pdf HTTP/1.1" 200 4657752
172.22.2.4 - - [03/Apr/2022:22:47:38 -0500] "GET /BLA/boletinlegal/Circulares/2010/Circular%2005%20de%208%20de%20septiembre%20de%202010.pdf HTTP/1.1" 200 2146608
49.7.21.74 - - [03/Apr/2022:22:50:47 -0500] "-" 408 -
172.22.2.4 - - [03/Apr/2022:22:49:14 -0500] "HEAD /BLA/boletinlegal/ HTTP/1.1" 200 -
172.22.2.4 - - [03/Apr/2022:22:50:04 -0500] "GET /BLA/boletinlegal/ HTTP/1.1" 200 61416
216.245.221.92 - - [03/Apr/2022:22:51:58 -0500] "HEAD / HTTP/1.1" 200 -
103.178.236.95 - - [03/Apr/2022:22:55:32 -0500] "GET / HTTP/1.1" 200 319
66.249.74.29 - - [03/Apr/2022:22:55:43 -0500] "-" 408 -
172.22.2.4 - - [03/Apr/2022:22:55:04 -0500] "HEAD /BLA/boletinlegal/ HTTP/1.1" 200 -
216.245.221.92 - - [03/Apr/2022:22:56:58 -0500] "HEAD / HTTP/1.1" 200 -
179.19.182.166 - - [03/Apr/2022:22:57:32 -0500] "GET /BLA/resoluciones/index.php?dir=AUTOS+2010%2F HTTP/1.1" 200 274169
172.22.2.4 - - [03/Apr/2022:22:55:54 -0500] "GET /BLA/boletinlegal/ HTTP/1.1" 200 60932
207.46.13.43 - - [03/Apr/2022:22:58:16 -0500] "GET /sipse/faces/faces/autenticacion.xhtml HTTP/1.1" 200 12500
216.245.221.92 - - [03/Apr/2022:23:01:58 -0500] "HEAD / HTTP/1.1" 200 -
172.22.2.4 - - [03/Apr/2022:23:00:54 -0500] "HEAD /BLA/boletinlegal/ HTTP/1.1" 200 -
172.22.2.4 - - [03/Apr/2022:23:01:44 -0500] "GET /BLA/boletinlegal/ HTTP/1.1" 200 57542
216.245.221.92 - - [03/Apr/2022:23:06:58 -0500] "HEAD / HTTP/1.1" 200 -
172.22.2.4 - - [03/Apr/2022:23:06:44 -0500] "HEAD /BLA/boletinlegal/ HTTP/1.1" 200 -
172.22.2.4 - - [03/Apr/2022:23:07:34 -0500] "GET /BLA/boletinlegal/ HTTP/1.1" 200 60105
216.245.221.92 - - [03/Apr/2022:23:11:58 -0500] "HEAD / HTTP/1.1" 200 -
49.7.21.74 - - [03/Apr/2022:23:12:40 -0500] "-" 408 -
172.22.2.4 - - [03/Apr/2022:23:12:34 -0500] "HEAD /BLA/boletinlegal/ HTTP/1.1" 200 -
207.46.13.179 - - [03/Apr/2022:23:14:38 -0500] "GET /BLA/resoluciones/index.php?dir=AUTOS+2020%2F HTTP/1.1" 200 321926
207.46.13.199 - - [03/Apr/2022:23:14:58 -0500] "GET /BLA/resoluciones/dlf/styles.css HTTP/1.1" 200 3049
172.22.2.4 - - [03/Apr/2022:23:13:24 -0500] "GET /BLA/boletinlegal/ HTTP/1.1" 200 58588
201.221.172.253 - - [03/Apr/2022:23:15:24 -0500] "GET /galeria/galeria/jquery.fancybox.css?v=2.1.5 HTTP/1.1" 200 4895
201.221.172.253 - - [03/Apr/2022:23:15:24 -0500] "GET /BLA/boletinlegal/js/jquery.scrollShow.js HTTP/1.1" 200 4586
201.221.172.253 - - [03/Apr/2022:23:15:24 -0500] "GET /galeria/galeria/jquery.fancybox.js?v=2.1.5 HTTP/1.1" 200 48706
66.249.73.97 - - [03/Apr/2022:23:16:50 -0500] "-" 408 -
216.245.221.92 - - [03/Apr/2022:23:16:58 -0500] "HEAD / HTTP/1.1" 200 -
207.46.13.199 - - [03/Apr/2022:23:17:09 -0500] "GET /BLA/resoluciones/index.php?dir=RESOLUCIONES+2021%2F HTTP/1.1" 200 303054
199.16.157.180 - - [03/Apr/2022:23:17:23 -0500] "GET /images/feria-servicios-cuidamos-bogota-31-marzo.jpg HTTP/1.1" 200 109745
199.16.157.180 - - [03/Apr/2022:23:17:45 -0500] "GET /distrito-realizo-operativo-de-control-a-los-vertimientos-que-se-generan-en-sector-de-san-benito.html HTTP/1.1" 200 1064
199.16.157.183 - - [03/Apr/2022:23:17:46 -0500] "GET /images/operativo-vertimientos-31-marzo.jpg HTTP/1.1" 200 34690
199.16.157.180 - - [03/Apr/2022:23:19:29 -0500] "GET /engativa-tendra-jornada-de-recoleccion-de-llantas-este-miercoles.html HTTP/1.1" 200 933
199.16.157.183 - - [03/Apr/2022:23:19:30 -0500] "GET /images/jornada-llantaton-engativa-29-marzo.jpg HTTP/1.1" 200 43104
172.22.2.4 - - [03/Apr/2022:23:18:24 -0500] "HEAD /BLA/boletinlegal/ HTTP/1.1" 200 -
199.16.157.182 - - [03/Apr/2022:23:20:13 -0500] "GET /oso-melero-recuperado-en-bogota-fue-liberado-exitosamente-en-el-meta.html HTTP/1.1" 200 948
199.16.157.181 - - [03/Apr/2022:23:20:13 -0500] "GET /images/oso-liberacion-29-marzo.jpg HTTP/1.1" 200 50351
199.16.157.181 - - [03/Apr/2022:23:20:33 -0500] "GET /residuos-hospitalarios-secretaria-de-ambiente-participo-en-operativo-en-centros-de-estetica-y-peluquerias-de-teusaquillo.html HTTP/1.1" 200 1037
199.16.157.182 - - [03/Apr/2022:23:20:34 -0500] "GET /images/operativos-control-residuos-hospitalarios-28-marzo.jpg HTTP/1.1" 200 36883
172.22.2.4 - - [03/Apr/2022:23:19:14 -0500] "GET /BLA/boletinlegal/ HTTP/1.1" 200 59170
199.16.157.182 - - [03/Apr/2022:23:21:01 -0500] "GET /en-epoca-de-lluvias-algunos-animales-silvestres-pueden-ser-mas-visibles-en-zonas-de-la-ciudad-cuidalos.html HTTP/1.1" 200 976
199.16.157.180 - - [03/Apr/2022:23:21:01 -0500] "GET /images/culebra-sabanera-bogota-26-marzo.jpg HTTP/1.1" 200 22555
199.16.157.181 - - [03/Apr/2022:23:21:21 -0500] "GET /interpretes-de-humedales-guias-para-la-educacion-ambiental.html HTTP/1.1" 200 894
199.16.157.181 - - [03/Apr/2022:23:21:22 -0500] "GET /images/interpretes-humedales-principal-26-marzo.jpg HTTP/1.1" 200 40211
199.16.157.183 - - [03/Apr/2022:23:21:34 -0500] "GET /cerca-de-mil-llantas-fueron-recolectadas-en-usaquen-y-bosa.html HTTP/1.1" 200 952
199.16.157.180 - - [03/Apr/2022:23:21:35 -0500] "GET /images/jornada-llantaton-usaquen-bosa-25-marzo.jpg HTTP/1.1" 200 60391
216.245.221.92 - - [03/Apr/2022:23:21:58 -0500] "HEAD / HTTP/1.1" 200 -
199.16.157.182 - - [03/Apr/2022:23:22:02 -0500] "GET /las-mujeres-que-reverdecen-plantaron-arboles-nativos-en-san-cristobal.html HTTP/1.1" 200 901
199.16.157.180 - - [03/Apr/2022:23:22:02 -0500] "GET /images/mujeres-reverdecen-ceresa-25-marzo.jpg HTTP/1.1" 200 63800
173.252.107.7 - - [03/Apr/2022:23:22:19 -0500] "GET /cuando-un-humedal-es-tu-oficina-la-labor-de-los-administradores-de-estos-ecosistemas.html HTTP/1.1" 206 957
173.252.107.7 - - [03/Apr/2022:23:22:19 -0500] "GET /cuando-un-humedal-es-tu-oficina-la-labor-de-los-administradores-de-estos-ecosistemas.html HTTP/1.1" 206 957
173.252.107.19 - - [03/Apr/2022:23:22:20 -0500] "GET /cuando-un-humedal-es-tu-oficina-la-labor-de-los-administradores-de-estos-ecosistemas.html HTTP/1.1" 206 957
69.171.249.14 - - [03/Apr/2022:23:22:21 -0500] "GET /images/Humedal%206.jpg HTTP/1.1" 200 146403
199.16.157.181 - - [03/Apr/2022:23:22:28 -0500] "GET /cuando-un-humedal-es-tu-oficina-la-labor-de-los-administradores-de-estos-ecosistemas.html HTTP/1.1" 200 957
199.16.157.182 - - [03/Apr/2022:23:22:28 -0500] "GET /images/Humedal%206.jpg HTTP/1.1" 200 146403
199.16.157.181 - - [03/Apr/2022:23:22:55 -0500] "GET /un-animal-adulto-espera-renacer-de-tu-mano-adopta.html HTTP/1.1" 200 1028
199.16.157.183 - - [03/Apr/2022:23:22:55 -0500] "GET /images/Adopci%C3%B3n1.jpeg HTTP/1.1" 404 1034
199.16.157.181 - - [03/Apr/2022:23:23:15 -0500] "GET /necesitas-realizar-un-tramite-ambiental-acercate-a-la-feria-de-servicios-este-fin-de-semana-en-usaquen.html HTTP/1.1" 200 942
199.16.157.181 - - [03/Apr/2022:23:23:15 -0500] "GET /images/feria-servicios-principal-24-marzo.jpg HTTP/1.1" 200 37032
201.245.192.253 - - [03/Apr/2022:23:22:24 -0500] "POST /kwsrmcab/Wsrmcab HTTP/1.1" 200 45574
199.16.157.181 - - [03/Apr/2022:23:23:32 -0500] "GET /images/negocios-verdes-emprendimientos-24-marzo.jpg HTTP/1.1" 200 54522
199.16.157.180 - - [03/Apr/2022:23:23:33 -0500] "GET /negocios-verdes-de-bogota-se-reuniran-este-fin-de-semana-en-el-centro-comercial-el-retiro.html HTTP/1.1" 200 902
199.16.157.181 - - [03/Apr/2022:23:23:46 -0500] "GET /programate-para-una-nueva-jornada-de-recoleccion-de-llantas-en-bogota.html HTTP/1.1" 200 913
199.16.157.183 - - [03/Apr/2022:23:23:48 -0500] "GET /images/jornada-llantaton-usaquen-24-marzo.jpg HTTP/1.1" 200 41830
