172.22.2.4 - - [09/Apr/2022:15:42:38 -0500] "GET /BLA/boletinlegal/Circulares/2017/Circular%20No.%20011%20del%2005%20de%20julio%20de%202017.pdf HTTP/1.1" 200 965526
216.245.221.92 - - [09/Apr/2022:15:42:38 -0500] "HEAD / HTTP/1.1" 200 -
172.22.2.4 - - [09/Apr/2022:15:42:45 -0500] "GET /BLA/boletinlegal/Circulares/2015/Circular%20No.%202%20del%201%20de%20julio%20de%202015.pdf HTTP/1.1" 200 752890
172.22.2.4 - - [09/Apr/2022:15:42:51 -0500] "GET /BLA/boletinlegal/Circulares/2015/Circular%20No.%201%20del%2010%20de%20Febrero%20de%202015.pdf HTTP/1.1" 200 660637
172.22.2.4 - - [09/Apr/2022:15:43:00 -0500] "GET /BLA/boletinlegal/Circulares/2014/Circular%20No.%203%20del%2014%20de%20Noviembre%20de%202014.pdf HTTP/1.1" 200 104132
172.22.2.4 - - [09/Apr/2022:15:43:08 -0500] "GET /BLA/boletinlegal/Circulares/2014/Circular%20No.%202%20del%2021%20de%20septiembre%20de%202014.pdf HTTP/1.1" 200 143376
172.22.2.4 - - [09/Apr/2022:15:43:16 -0500] "GET /BLA/boletinlegal/Circulares/2014/Circular%20No.%201%20del%2008%20de%20Mayo%20de%202014.pdf HTTP/1.1" 200 180124
172.22.2.4 - - [09/Apr/2022:15:43:21 -0500] "GET /BLA/boletinlegal/Circulares/2013/Circular%20No.%208%20del%201%20de%20Noviembre%20de%202013.pdf HTTP/1.1" 200 385156
172.22.2.4 - - [09/Apr/2022:15:43:30 -0500] "GET /BLA/boletinlegal/Circulares/2013/Circular%20No.%207%20del%201%20de%20Agosto%20de%202013.pdf HTTP/1.1" 200 340934
172.22.2.4 - - [09/Apr/2022:15:43:36 -0500] "GET /BLA/boletinlegal/Circulares/2013/Circular%20No.%206%20del%2019%20de%20julio%20de%202013.pdf HTTP/1.1" 200 4210437
201.245.192.253 - - [09/Apr/2022:15:42:57 -0500] "POST /kwsrmcab/Wsrmcab HTTP/1.1" 200 45234
201.245.192.253 - - [09/Apr/2022:15:43:47 -0500] "GET /kwsrmcab/Wsrmcab?wsdl HTTP/1.1" 200 6948
172.22.2.4 - - [09/Apr/2022:15:43:52 -0500] "GET /BLA/boletinlegal/Circulares/2013/Circular%20No.%205%20del%2013%20de%20junio%20de%202013.pdf HTTP/1.1" 200 110904
172.22.2.4 - - [09/Apr/2022:15:43:58 -0500] "GET /BLA/boletinlegal/Circulares/2013/Circular%20No.%204%20del%2005%20de%20junio%20de%202013.pdf HTTP/1.1" 200 130461
172.22.2.4 - - [09/Apr/2022:15:44:04 -0500] "GET /BLA/boletinlegal/Circulares/2013/Circular%20No.%203%20del%2005%20de%20abril%20de%202013.pdf HTTP/1.1" 200 93580
172.22.2.4 - - [09/Apr/2022:15:42:28 -0500] "HEAD /BLA/boletinlegal/ HTTP/1.1" 200 -
172.22.2.4 - - [09/Apr/2022:15:44:12 -0500] "GET /BLA/boletinlegal/Circulares/2013/Circular%20No.%202%20del%2022%20de%20enero%20de%202013.pdf HTTP/1.1" 200 85466
172.22.2.4 - - [09/Apr/2022:15:44:18 -0500] "GET /BLA/boletinlegal/Circulares/2013/Circular%20No.%201%20del%2014%20de%20enero%20de%202013.pdf HTTP/1.1" 200 1298384
172.22.2.4 - - [09/Apr/2022:15:44:25 -0500] "GET /BLA/boletinlegal/Circulares/2012/Circular%20No.%209%20del%2021%20de%20Agosto%20de%202012.pdf HTTP/1.1" 200 1402289
172.22.2.4 - - [09/Apr/2022:15:44:31 -0500] "GET /BLA/boletinlegal/Circulares/2012/Circular%20No.%208%20del%2021%20de%20Agosto%20de%202012.pdf HTTP/1.1" 200 963197
201.245.192.253 - - [09/Apr/2022:15:43:48 -0500] "POST /kwsrmcab/Wsrmcab HTTP/1.1" 200 45768
172.22.2.4 - - [09/Apr/2022:15:44:38 -0500] "GET /BLA/boletinlegal/Circulares/2012/Circular%20No.%207%20del%2008%20de%20Agosto%20de%202012.pdf HTTP/1.1" 200 972955
172.22.2.4 - - [09/Apr/2022:15:44:46 -0500] "GET /BLA/boletinlegal/Circulares/2012/Circular%20No.%2016%20del%2022%20de%20octubre%20de%202012.pdf HTTP/1.1" 200 381186
172.22.2.4 - - [09/Apr/2022:15:44:52 -0500] "GET /BLA/boletinlegal/Circulares/2012/Circular%20No.%2015%20del%2022%20de%20octubre%20de%202012.pdf HTTP/1.1" 200 486506
172.22.2.4 - - [09/Apr/2022:15:43:19 -0500] "GET /BLA/boletinlegal/ HTTP/1.1" 200 59170
172.22.2.4 - - [09/Apr/2022:15:44:59 -0500] "GET /BLA/boletinlegal/Circulares/2012/Circular%20No.%2014%20del%2011%20de%20Septiembre%20de%202012.pdf HTTP/1.1" 200 3427471
66.249.65.13 - - [09/Apr/2022:15:45:07 -0500] "-" 408 -
172.22.2.4 - - [09/Apr/2022:15:45:10 -0500] "GET /BLA/boletinlegal/Circulares/2012/Circular%20No.%2013%20del%2006%20de%20Septiembre%20de%202012.pdf HTTP/1.1" 200 351421
172.22.2.4 - - [09/Apr/2022:15:45:20 -0500] "GET /BLA/boletinlegal/Circulares/2012/Circular%20No.%2012%20del%2028%20de%20Agosto%20de%202012.pdf HTTP/1.1" 200 369945
125.209.235.172 - - [09/Apr/2022:15:45:21 -0500] "-" 408 -
172.22.2.4 - - [09/Apr/2022:15:45:25 -0500] "GET /BLA/boletinlegal/Circulares/2012/Circular%20No.%2011%20del%2027%20de%20Agosto%20de%202012.pdf HTTP/1.1" 200 526945
88.99.195.232 - - [09/Apr/2022:15:45:29 -0500] "-" 408 -
172.22.2.4 - - [09/Apr/2022:15:45:31 -0500] "GET /BLA/boletinlegal/Circulares/2012/Circular%20No.%2010%20del%2022%20de%20Agosto%20de%202012.pdf HTTP/1.1" 200 1563219
88.99.142.101 - - [09/Apr/2022:15:46:06 -0500] "-" 408 -
216.245.221.92 - - [09/Apr/2022:15:47:38 -0500] "HEAD / HTTP/1.1" 200 -
45.137.23.207 - - [09/Apr/2022:15:49:55 -0500] "GET / HTTP/1.1" 200 319
172.22.2.4 - - [09/Apr/2022:15:48:18 -0500] "HEAD /BLA/boletinlegal/ HTTP/1.1" 200 -
117.242.112.105 - - [09/Apr/2022:15:50:14 -0500] "GET / HTTP/1.1" 200 319
66.249.65.13 - - [09/Apr/2022:15:50:44 -0500] "-" 408 -
172.22.2.4 - - [09/Apr/2022:15:49:09 -0500] "GET /BLA/boletinlegal/ HTTP/1.1" 200 58588
216.245.221.92 - - [09/Apr/2022:15:52:38 -0500] "HEAD / HTTP/1.1" 200 -
40.77.189.19 - - [09/Apr/2022:15:52:50 -0500] "GET /BLA/boletinlegal/js/ajax_doctrina.js HTTP/1.1" 200 772
172.22.2.4 - - [09/Apr/2022:15:54:08 -0500] "HEAD /BLA/boletinlegal/ HTTP/1.1" 200 -
172.22.2.4 - - [09/Apr/2022:15:54:59 -0500] "GET /BLA/boletinlegal/ HTTP/1.1" 200 59170
66.249.65.13 - - [09/Apr/2022:15:57:17 -0500] "-" 408 -
216.245.221.92 - - [09/Apr/2022:15:57:38 -0500] "HEAD / HTTP/1.1" 200 -
190.157.150.241 - - [09/Apr/2022:16:00:19 -0500] "GET /catalogoisis/ HTTP/1.1" 200 8575
190.157.150.241 - - [09/Apr/2022:16:00:19 -0500] "GET /catalogoisis/Css/Busqueda.css HTTP/1.1" 200 1995
190.157.150.241 - - [09/Apr/2022:16:00:19 -0500] "GET /catalogoisis/Js/AceptarLimpiar.js HTTP/1.1" 200 331
190.157.150.241 - - [09/Apr/2022:16:00:19 -0500] "GET /catalogoisis/Js/CriterioCombinada.js HTTP/1.1" 200 1843
190.157.150.241 - - [09/Apr/2022:16:00:19 -0500] "GET /catalogoisis/Js/LimpiarCombinada.js HTTP/1.1" 200 207
190.157.150.241 - - [09/Apr/2022:16:00:19 -0500] "GET /catalogoisis/Js/Cookies.js HTTP/1.1" 200 1369
190.157.150.241 - - [09/Apr/2022:16:00:19 -0500] "GET /catalogoisis/Js/Remote.js HTTP/1.1" 200 436
190.157.150.241 - - [09/Apr/2022:16:00:19 -0500] "GET /catalogoisis/Js/Go.js HTTP/1.1" 200 364
190.157.150.241 - - [09/Apr/2022:16:00:19 -0500] "GET /catalogoisis/Js/Numero.js HTTP/1.1" 200 398
190.157.150.241 - - [09/Apr/2022:16:00:19 -0500] "GET /catalogoisis/Js/Enter.js HTTP/1.1" 200 1208
190.157.150.241 - - [09/Apr/2022:16:00:20 -0500] "GET /catalogoisis/imagenes/br1c1.gif HTTP/1.1" 200 172
190.157.150.241 - - [09/Apr/2022:16:00:20 -0500] "GET /catalogoisis/imagenes/br1c3.gif HTTP/1.1" 200 302
190.157.150.241 - - [09/Apr/2022:16:00:20 -0500] "GET /catalogoisis/imagenes/Turnbo1.gif HTTP/1.1" 200 227
190.157.150.241 - - [09/Apr/2022:16:00:20 -0500] "GET /catalogoisis/imagenes/aceptar1.gif HTTP/1.1" 200 604
190.157.150.241 - - [09/Apr/2022:16:00:20 -0500] "GET /catalogoisis/imagenes/limpiar1.gif HTTP/1.1" 200 606
190.157.150.241 - - [09/Apr/2022:16:00:20 -0500] "GET /catalogoisis/imagenes/br3c1.gif HTTP/1.1" 200 177
190.157.150.241 - - [09/Apr/2022:16:00:20 -0500] "GET /catalogoisis/imagenes/br3c2.gif HTTP/1.1" 200 285
190.157.150.241 - - [09/Apr/2022:16:00:19 -0500] "GET /catalogoisis/imagenes/Header.gif HTTP/1.1" 200 30313
190.157.150.241 - - [09/Apr/2022:16:00:20 -0500] "GET /catalogoisis/imagenes/br2c1.gif HTTP/1.1" 200 297
190.157.150.241 - - [09/Apr/2022:16:00:20 -0500] "GET /catalogoisis/imagenes/br1c2.gif HTTP/1.1" 200 297
190.157.150.241 - - [09/Apr/2022:16:00:20 -0500] "GET /catalogoisis/imagenes/br3c3.gif HTTP/1.1" 200 186
190.157.150.241 - - [09/Apr/2022:16:00:20 -0500] "GET /catalogoisis/imagenes/br2c2.gif HTTP/1.1" 200 302
190.157.150.241 - - [09/Apr/2022:16:00:20 -0500] "GET /catalogoisis/imagenes/br2c3.gif HTTP/1.1" 200 416
190.157.150.241 - - [09/Apr/2022:16:00:20 -0500] "GET /favicon.ico HTTP/1.1" 200 7782
172.22.2.4 - - [09/Apr/2022:15:59:58 -0500] "HEAD /BLA/boletinlegal/ HTTP/1.1" 200 -
172.22.2.4 - - [09/Apr/2022:16:00:49 -0500] "GET /BLA/boletinlegal/ HTTP/1.1" 200 59170
216.245.221.92 - - [09/Apr/2022:16:02:38 -0500] "HEAD / HTTP/1.1" 200 -
66.249.65.13 - - [09/Apr/2022:16:02:55 -0500] "-" 408 -
207.46.13.157 - - [09/Apr/2022:16:03:02 -0500] "GET /BLA/resoluciones/index.php?dir=AUTOS+2019%2F HTTP/1.1" 200 342490
35.204.136.235 - - [09/Apr/2022:16:04:35 -0500] "GET / HTTP/1.1" 200 319
173.252.95.16 - - [09/Apr/2022:16:04:37 -0500] "GET /images/cronica-mujer-31-enero.jpg HTTP/1.1" 200 29531
69.63.184.9 - - [09/Apr/2022:16:04:37 -0500] "GET /images/cronica-mujer-31-enero.jpg HTTP/1.1" 200 29531
186.102.72.11 - - [09/Apr/2022:16:04:47 -0500] "GET /semana-santa-2022-no-consumir-carne-ni-huevos-provenientes-de-animales-silvestres.html HTTP/1.1" 200 911
186.102.72.11 - - [09/Apr/2022:16:04:47 -0500] "GET /favicon.ico HTTP/1.1" 404 1136
45.155.204.146 - - [09/Apr/2022:16:06:24 -0500] "GET / HTTP/1.1" 200 319
144.76.22.207 - - [09/Apr/2022:16:06:38 -0500] "-" 408 -
172.22.2.4 - - [09/Apr/2022:16:05:48 -0500] "HEAD /BLA/boletinlegal/ HTTP/1.1" 200 -
216.245.221.92 - - [09/Apr/2022:16:07:38 -0500] "HEAD / HTTP/1.1" 200 -
172.22.2.4 - - [09/Apr/2022:16:06:39 -0500] "GET /BLA/boletinlegal/ HTTP/1.1" 200 60932
216.245.221.92 - - [09/Apr/2022:16:12:38 -0500] "HEAD / HTTP/1.1" 200 -
173.252.95.15 - - [09/Apr/2022:16:12:52 -0500] "GET /por-segundo-ano-consecutivo-bogota-es-reconocida-como-ciudad-arbolada-del-mundo-por-la-fao.html HTTP/1.1" 206 1084
69.171.251.16 - - [09/Apr/2022:16:12:52 -0500] "GET /por-segundo-ano-consecutivo-bogota-es-reconocida-como-ciudad-arbolada-del-mundo-por-la-fao.html?fbclid=IwAR1qGuVaqYUDE1EwDjlIMlQHmY_GJyldJfji-DR27inQJU1UbnHxdJHfF0k HTTP/1.1" 200 1084
173.252.95.5 - - [09/Apr/2022:16:12:52 -0500] "GET /por-segundo-ano-consecutivo-bogota-es-reconocida-como-ciudad-arbolada-del-mundo-por-la-fao.html HTTP/1.1" 206 1084
172.22.2.4 - - [09/Apr/2022:16:11:39 -0500] "HEAD /BLA/boletinlegal/ HTTP/1.1" 200 -
172.22.2.4 - - [09/Apr/2022:16:12:29 -0500] "GET /BLA/boletinlegal/ HTTP/1.1" 200 59170
207.46.13.179 - - [09/Apr/2022:16:15:24 -0500] "GET /videos/galeria-cronicas/1V3wnplaylist.htm? HTTP/1.1" 200 4013
66.249.65.13 - - [09/Apr/2022:16:17:03 -0500] "-" 408 -
216.245.221.92 - - [09/Apr/2022:16:17:38 -0500] "HEAD / HTTP/1.1" 200 -
40.77.167.46 - - [09/Apr/2022:16:17:55 -0500] "GET /Publicaciones/2022EE25565.pdf HTTP/1.1" 404 227
172.22.2.4 - - [09/Apr/2022:16:17:28 -0500] "HEAD /BLA/boletinlegal/ HTTP/1.1" 200 -
35.240.26.48 - - [09/Apr/2022:16:19:10 -0500] "GET /en-semana-santa-no-uses-palmas-ni-traigas-o-consumas-animales-silvestres.html HTTP/1.1" 200 959
186.102.54.86 - - [09/Apr/2022:16:19:34 -0500] "GET /kwssiamovil/sm/acme/a?s=U2FsdGVkX1+nCEpGXVd3xqVxWKiWXnnoOa5mDYDdtHFOm8wnEQk+6B5yqzyweZLUG4qZzPpygP1GaCQtY5iARB1c0Ao724ntGZEDyCB15ZtDVqi9eOfhf6tQzAORPBkICCayJy0f+MH7XnpAuW04BeVxJWZkhxDhuDdP5RXDwY7oaf5U5tRNTEgrfrlaZWlHVZ83taqxDaiaiXe5LIsPku3nR2T8MlF3Ds2eDAGFP5PKvzRY0+TnDoQXmO3FbLSm7otoK+KMgYZhdCsoRd37MA==&u=U2FsdGVkX1/Ry8HFnOUqbCr6Kkce0kCjrO7IahWqJpI=&y=U2FsdGVkX1+sR+jn+BBnfkX046/FLzp/C4fAux2gGMPgOkmivi3G63NAMn9qxval HTTP/1.1" 200 25
186.102.54.86 - - [09/Apr/2022:16:19:34 -0500] "GET /kwssiamovil/sm/acme/a?s=U2FsdGVkX1+EjpCy8W/0S39bVOnqQg4r66uocuiOljaWP+dpRzoxyG9h3jgAdafO0wzqGyZL1ng01KAuGGfJKQKOcVmtx9jH3DG4nVr9A0R+aiaWniblXFJYsq67L+t5cC1FgQZiUcWZB4Td+uVAZDoi5U55Dg6LszFccKXDO6EB/MY80XeMmMNaaO96vN37AbbHKCzaUzrqeiftlZKvx6cJl610IBMHIY6MXTOzyoX7ObkVcbS6DbccqHUJnW52n1xXzRbX1XU7/37BriqdleDzx7r1h5rSvkaO9fVY6RkoBLiPDHaznGpCu8/mR3neMtyMKVSKCgoljx6RlVTpjgLgyl+GLn7vzfLl1a+VoOaRcgpylCMKjek5Y+uRvWG+DWqKAqKz7CivJyTUAEzRpIcTsN+xxO5g9P7igcqyypk2J5p5XBIapGenNfQ6V2SHX8Vlu4CtaVc6KTl2CNJLPYMONwssyJ6Fmtloht3+QZDPMWGlcZd/YPF7q5hiTlhRjtsKz+rRtvnP0Q8DTtGX8J5UKv0NvOpQSgw1Kw1K4jJumsncFGcwEYTBCKdFTA3NqTNwPoR1yDvmbSCmxZ/OBZoKrRTTWnqHm8rNyDuiP5QR/1GlT4ECehhpF94UZi6MlxvItSuhEISgR9pqRDvnzPVIVIveI6IpHOBvyCvRLUWoW0zy2waWl8n8o8VdTDL3oa3ueP8vub9Flw5GqBRYXeTH0zyFfTGuYAm6IjpKB4oY1LXpPOjBNc1XhFrs0RWlY4XLTqfEn5y9dt+1ik+LcC/UFnU3LWKBRW7kreYdTTo/EqdpWl8e5tmTUs1zxK6Faz8fBfHlJEUTiOxdKRW21LhVVuSXaA8XsQO3QQf9sHqrhxfLh3Iu7ki8uXvCoZ18Gi6des5qaKnxLaHiYFAMx84bzXCbIfa+tI9u48ekygbpQdZDzCaiYPViqABats2qoPLXlElCiQejxww4UbOVbXGHGDikgnLbxZGaxoB7QDFMUeSoalE1EoE3VN4ymGkjz2BN+UczIJlh0PbMbsfdZyXPa7HiUZVCVUNACfe6j/MFhGMO4Hem0JzmsdslTQSvNY+uW1MYASEJIjYQ9t4qpRM/e/4O+ii5A5Uyds+ix7trmnPnULi6IsuBvxVYkcfATjhR6RreOzOXNVTzga3x6njCtQJAywH8AkKAa5ONocri6pCnHfNBBRfgaNzRHmRjoRctD5NjJI3za/vy9kPjJVdfQDlM9VrdIb39zi0Y/RWNPImMwqJBZioLY9Bde8qzwHFMgftnMTmVmfAmp4fBitNdI9cHhMHfF//hwDKyKbxVyQjZF8TL34KveSl2B5hxmpVnKGxqLJhBwtwYN1A7o/zDZJ1jsAIZTDRGQMa23BiHVGBrLaLDamm87aJsXRBM6O2/oDKnaYI1T9dFemdOZ8e7meU7EdlRaW+pE9R3jZKV+WBBvu8V9wbrLvBSpBfl+9rm4ZYvSUtuRcjQe4ZpFbShAAe08IAAE4SQSjgeN8GcklzfnhPWzyytZ2QxLz9CFvY9Uafh6C4FIF3Kv6tmAZnXe/q7lfhpPjJsztV5C1Fp50kzuzMzT6amev0D4fTrg0I64HADQnCEAaRfjnmt4OTLQPFHnla3xeCk2HqW6aqmDcB7VZgw/i5uANBICI1/p3fSotDlaAawFYOV+Ewm/r4lhAlz0MrHc974vG18mahBuNf2cWSxBE+oZNo5QWso1IpEjIeHw4deaXmhtj9Cjtr6xCrFu5RlZjC/1xuH4vf++HtfJMd09c+QFpKyTVvUar0V71qpN8x06ylV6IPk4cEnorrM+tKOyUH95U8UgFOF8aRDgr0h0EjWglj/VZ6j22+USGIGceXk030/cgBfgqHw9Rt66XJpAzJoPCmIcRLhsF3KDw84zVBgVjNgU8qCbjqkT3d83e+c+eHwZd0/+L4OZ9tqGeT6epULZU3P071mz+UHNASNrITEn/eKMIi4cZVNruVfchXN8T6wrvlVm81Meav89zelhZ2UrGTeX4XV+BwaF2Aflz2Zwnm8HTAd5ejIwiEuXqsa2XekiTwzICi5QrdDH6FjLr5OLuKrLuvWq845a1Af5IodT2AT0FDpI81a0Hl908LtrX3r2oESp0CcVWUQ6LcolrZBrFtbBKtjqJV5jdSLOsnFeIOO1xhmb6io9DjMCMtLzv3vHpajHavPRQSdWzVxiRs+DEczpJm8BZD2xcfdS7v+zg/wuNGQEaAHAojR3RpsWH3tSY0Rm6GWRRbY3K6Lf/eQI3mjxTTI/l5hl4q1N6MdP8HL2yxKhHd7iGEm4QJtiCqM6eGqqQvbOkXZoexU8Z9o0ACEJuqUZlIiw5zZCm0Yyy1CgLRDw0dPyu3/iCWqZrwmut82yr/mFDIOw9I7mE99+6RqHnX1QoEOUQdW3srrufnXvQ3upOWVAPRaxXvuWi6BdMYP+WkTKHe4kXLDFCgHfgGZeObGGu5QgddORyN6NLom3rV78TS2+qaxmHSLgOWcSUcqfDt0EE3Dg9eWW6Q6pTE42xmNvg/3nTxVHcJUNKxnUHZoSYwpMvZUCRAiY7zTu/2+ew==&u=U2FsdGVkX1/Ry8HFnOUqbCr6Kkce0kCjrO7IahWqJpI=&y=U2FsdGVkX1+sR+jn+BBnfkX046/FLzp/C4fAux2gGMPgOkmivi3G63NAMn9qxval HTTP/1.1" 200 25
186.102.54.86 - - [09/Apr/2022:16:19:34 -0500] "GET /kwssiamovil/sm/acme/a?s=U2FsdGVkX1+zMmV3bum9pngxFVDniBiJlNwxCHZRxMDa/YmDaxCIApFoWRSwsWlPBaFBAmkeh0zDV7XNDsViwbFiSpqoPjv4O6hNnwfwoQKHg0v+x4EHIA+l8/ZLbNxOAFgsg2MdoV5491ptuYmO3P87In04QtzOrqPrKisBxVY=&u=U2FsdGVkX1/Ry8HFnOUqbCr6Kkce0kCjrO7IahWqJpI=&y=U2FsdGVkX1+sR+jn+BBnfkX046/FLzp/C4fAux2gGMPgOkmivi3G63NAMn9qxval HTTP/1.1" 200 25
186.102.54.86 - - [09/Apr/2022:16:19:35 -0500] "GET /kwssiamovil/sm/acme/a?s=U2FsdGVkX1/hrcOWuNNy0PKEEZyM/rYhPKRNaW7+8qRZBdWFefDXosFritOyoRXrp9WDl4ZP/NPRjQW11qQ57ZNWGyHxPRl28fbBTm/HMp62ERRwZao410mDgsIQe18rB1zMxAb8/PsHvcZXrtX9PiXmwDJ3uwJUOpv5V6niyJE=&u=U2FsdGVkX1/Ry8HFnOUqbCr6Kkce0kCjrO7IahWqJpI=&y=U2FsdGVkX1+sR+jn+BBnfkX046/FLzp/C4fAux2gGMPgOkmivi3G63NAMn9qxval HTTP/1.1" 200 25
186.102.54.86 - - [09/Apr/2022:16:19:35 -0500] "GET /kwssiamovil/sm/acme/a?s=U2FsdGVkX19UDEW30tivrB7wAjnQFDqoj8RZVUSHVcVaHmPhYkLUVdJZCuu0vOrB0IyB+WKth4sxaMho0SnYESR0AW+Bqu1h7FKA0CtP9bq1HRj68SJaUoGqI1bmtov0HgxPYJX7BTTPqHbXe1ySkceWAYheurFj7HJsD3bxLXs=&u=U2FsdGVkX1/Ry8HFnOUqbCr6Kkce0kCjrO7IahWqJpI=&y=U2FsdGVkX1+sR+jn+BBnfkX046/FLzp/C4fAux2gGMPgOkmivi3G63NAMn9qxval HTTP/1.1" 200 25
186.102.54.86 - - [09/Apr/2022:16:19:35 -0500] "GET /kwssiamovil/sm/acme/a?s=U2FsdGVkX1+SANPkYjuE1kMB0V88Av2H0oMSlDgmcbuOT5e/CIu89hbkdY7dKD285EXTRfddRDG9nn072H40op2XF2P8x/pXvZ78HN1446OyhPV41lgeC4p8jIyabDdElmSpxuHTebAMGPL8GI9csQrSQsPnjkz+2Sy6iDBRH5TbQ4HtS8Q740p00xs/FV5q&u=U2FsdGVkX1/Ry8HFnOUqbCr6Kkce0kCjrO7IahWqJpI=&y=U2FsdGVkX1+sR+jn+BBnfkX046/FLzp/C4fAux2gGMPgOkmivi3G63NAMn9qxval HTTP/1.1" 200 25
186.102.54.86 - - [09/Apr/2022:16:19:35 -0500] "GET /kwssiamovil/sm/acme/a?s=U2FsdGVkX19sRw930ZZ5bPXismSmfgojVC54mlN3aIKEWusekf0Fv5kVE8spTksAmgTx9KK8Gqlg0wUUBH9cTIgmtMRvGMus5iqlCWynXT3BkDPVZ8oyymDBP1orb+iv+5Bkxunga1kvJNArjPrM1suBTZFm5Uj8bx//Ol2FAiDArvwWZScSQlvWe/InSeKuAIbyKDqj7REuDPhDSmAmYw==&u=U2FsdGVkX1/Ry8HFnOUqbCr6Kkce0kCjrO7IahWqJpI=&y=U2FsdGVkX1+sR+jn+BBnfkX046/FLzp/C4fAux2gGMPgOkmivi3G63NAMn9qxval HTTP/1.1" 200 25
186.102.54.86 - - [09/Apr/2022:16:19:36 -0500] "GET /kwssiamovil/sm/acme/a?s=U2FsdGVkX1/OIlodcoooczVcbntRH2V0NsvAWgLJ2q2OKFzztcn2aTvpQBsW6X2tvMN+Qg0inWagKXvKyYokOanz3yVBUX4E820kRhiPgU6m6HCnfhuanebaMbFJzRVT0TfByKKF8wGbntgcn3zeFr96DVArCkIEeD0S8PYhVsnFzwVjF5hY4FKWH7QtFJyA&u=U2FsdGVkX1/Ry8HFnOUqbCr6Kkce0kCjrO7IahWqJpI=&y=U2FsdGVkX1+sR+jn+BBnfkX046/FLzp/C4fAux2gGMPgOkmivi3G63NAMn9qxval HTTP/1.1" 200 25
172.22.2.4 - - [09/Apr/2022:16:18:18 -0500] "GET /BLA/boletinlegal/ HTTP/1.1" 200 58006
199.16.157.180 - - [09/Apr/2022:16:21:08 -0500] "GET /en-semana-santa-no-uses-palmas-ni-traigas-o-consumas-animales-silvestres.html HTTP/1.1" 200 959
148.251.136.181 - - [09/Apr/2022:16:21:25 -0500] "HEAD /en-semana-santa-no-uses-palmas-ni-traigas-o-consumas-animales-silvestres.html HTTP/1.1" 200 -
138.201.35.109 - - [09/Apr/2022:16:21:49 -0500] "GET /en-semana-santa-no-uses-palmas-ni-traigas-o-consumas-animales-silvestres.html HTTP/1.1" 200 959
216.245.221.92 - - [09/Apr/2022:16:22:38 -0500] "HEAD / HTTP/1.1" 200 -
181.54.147.194 - - [09/Apr/2022:16:22:55 -0500] "GET /BLA/boletinlegal/js/jquery.scrollShow.js HTTP/1.1" 200 4586
181.54.147.194 - - [09/Apr/2022:16:22:55 -0500] "GET /galeria/galeria/jquery.fancybox.css?v=2.1.5 HTTP/1.1" 200 4895
181.54.147.194 - - [09/Apr/2022:16:22:55 -0500] "GET /galeria/galeria/jquery.fancybox.js?v=2.1.5 HTTP/1.1" 200 48706
201.245.192.253 - - [09/Apr/2022:16:22:57 -0500] "POST /kwsrmcab/Wsrmcab HTTP/1.1" 200 45748
172.22.2.4 - - [09/Apr/2022:16:23:54 -0500] "GET /BLA/boletinlegal/Directivas/2017/Directiva%20No.%2002%20del%2017%20de%20Enero%20de%202017.pdf HTTP/1.1" 304 -
201.245.192.253 - - [09/Apr/2022:16:23:48 -0500] "POST /kwsrmcab/Wsrmcab HTTP/1.1" 200 45772
172.22.2.4 - - [09/Apr/2022:16:23:18 -0500] "HEAD /BLA/boletinlegal/ HTTP/1.1" 200 -
191.156.190.16 - - [09/Apr/2022:16:25:28 -0500] "GET /en-semana-santa-no-uses-palmas-ni-traigas-o-consumas-animales-silvestres.html HTTP/1.1" 200 959
172.22.2.4 - - [09/Apr/2022:16:24:09 -0500] "GET /BLA/boletinlegal/ HTTP/1.1" 200 59170
136.243.80.152 - - [09/Apr/2022:16:26:35 -0500] "GET /en-semana-santa-no-uses-palmas-ni-traigas-o-consumas-animales-silvestres.html HTTP/1.1" 206 959
186.102.2.201 - - [09/Apr/2022:16:26:46 -0500] "GET /si-eres-mujer-y-te-gusta-el-cuidado-de-los-humedales-este-proceso-de-formacion-es-para-ti.html HTTP/1.1" 200 1025
199.59.150.182 - - [09/Apr/2022:16:27:03 -0500] "GET /cerca-de-40-personas-fueron-certificadas-en-proceso-de-formacion-dinamizadores-ambientales-para-el-turismo-en-bogota.html HTTP/1.1" 200 1071
199.59.150.181 - - [09/Apr/2022:16:27:04 -0500] "GET /images/dinamizadores-ambientales-capacitaciones-7-octubre.jpg HTTP/1.1" 200 82767
216.245.221.92 - - [09/Apr/2022:16:27:38 -0500] "HEAD / HTTP/1.1" 200 -
66.249.65.13 - - [09/Apr/2022:16:28:21 -0500] "-" 408 -
173.252.87.21 - - [09/Apr/2022:16:29:57 -0500] "GET /en-semana-santa-no-uses-palmas-ni-traigas-o-consumas-animales-silvestres.html?fbclid=IwAR2Wu172opuJfu3zkYbPYvkllWmx0LRZRo-w8LgFj3LX6HeHPAgIBzyJf-M HTTP/1.1" 200 959
104.238.53.28 - - [09/Apr/2022:16:30:22 -0500] "GET /en-semana-santa-no-uses-palmas-ni-traigas-o-consumas-animales-silvestres.html HTTP/1.1" 200 959
45.155.204.146 - - [09/Apr/2022:16:30:36 -0500] "POST /cgi-bin/.%2e/.%2e/.%2e/.%2e/bin/sh HTTP/1.1" 400 945
172.22.2.4 - - [09/Apr/2022:16:29:08 -0500] "HEAD /BLA/boletinlegal/ HTTP/1.1" 200 -
40.77.191.222 - - [09/Apr/2022:16:31:18 -0500] "GET /videos/galeria-cronicas/skin/blue.monday/jplayer.blue.monday.css HTTP/1.1" 200 12518
40.77.191.222 - - [09/Apr/2022:16:31:18 -0500] "GET /videos/galeria-cronicas/js/jplayer.playlist.min.js HTTP/1.1" 200 8608
40.77.191.222 - - [09/Apr/2022:16:31:18 -0500] "GET /videos/galeria-cronicas/js/jquery.jplayer.min.js HTTP/1.1" 200 43668
172.22.2.4 - - [09/Apr/2022:16:29:59 -0500] "GET /BLA/boletinlegal/ HTTP/1.1" 200 56669
216.245.221.92 - - [09/Apr/2022:16:32:38 -0500] "HEAD / HTTP/1.1" 200 -
201.245.192.253 - - [09/Apr/2022:16:32:57 -0500] "POST /kwsrmcab/Wsrmcab HTTP/1.1" 200 45748
201.245.192.253 - - [09/Apr/2022:16:33:46 -0500] "POST /kwsrmcab/Wsrmcab HTTP/1.1" 200 45772
173.252.95.116 - - [09/Apr/2022:16:35:50 -0500] "GET /residuos-hospitalarios-secretaria-de-ambiente-participo-en-operativo-en-centros-de-estetica-y-peluquerias-de-teusaquillo.html HTTP/1.1" 206 1037
207.46.13.31 - - [09/Apr/2022:16:36:24 -0500] "GET /portaldeninos/wp-content/uploads/2021/06/infograf%C3%ADa-ruido_optimized.jpg HTTP/1.1" 200 268472
172.22.2.4 - - [09/Apr/2022:16:34:58 -0500] "HEAD /BLA/boletinlegal/ HTTP/1.1" 200 -
172.22.2.4 - - [09/Apr/2022:16:35:49 -0500] "GET /BLA/boletinlegal/ HTTP/1.1" 200 56300
216.245.221.92 - - [09/Apr/2022:16:37:38 -0500] "HEAD / HTTP/1.1" 200 -
207.46.13.157 - - [09/Apr/2022:16:37:45 -0500] "GET /BLA/resoluciones/index.php?dir=AUTOS+2019%2F HTTP/1.1" 200 342490
186.29.42.18 - - [09/Apr/2022:16:38:33 -0500] "GET /BLA/resoluciones/index.php?dir= HTTP/1.1" 200 13093
172.22.2.4 - - [09/Apr/2022:16:37:11 -0500] "GET /BLA/boletinlegal/ HTTP/1.1" 200 61796
186.29.42.18 - - [09/Apr/2022:16:39:09 -0500] "GET /BLA/resoluciones/index.php?dir=RESOLUCIONES+2017%2F HTTP/1.1" 200 278835
172.22.2.4 - - [09/Apr/2022:16:40:58 -0500] "GET /BLA/boletinlegal/Circulares/2022/CIRCULAR%20No.%2000003%20DEL%2007%20DE%20MARZO%20DEL%202022.pdf HTTP/1.1" 404 1038
172.22.2.4 - - [09/Apr/2022:16:41:02 -0500] "GET /BLA/boletinlegal/Circulares/2021/CIRCULAR%20No.%2000009%20DEL%2001%20DE%20OCTUBRE%20DEL%202021.pdf HTTP/1.1" 200 320793
172.22.2.4 - - [09/Apr/2022:16:41:09 -0500] "GET /BLA/boletinlegal/Circulares/2021/CIRCULAR%20No.%2000007%20DEL%2010%20DE%20AGOSTO%20DEL%202021.pdf HTTP/1.1" 200 266364
172.22.2.4 - - [09/Apr/2022:16:41:14 -0500] "GET /BLA/boletinlegal/Circulares/2021/CIRCULAR%20No.%2000006%20DEL%2005%20DE%20AGOSTO%20DEL%202021.pdf HTTP/1.1" 200 249615
172.22.2.4 - - [09/Apr/2022:16:41:18 -0500] "GET /BLA/boletinlegal/Circulares/2020/Circular%20No.%2000018%20del%2002%20de%20diciembre%20del%202020.pdf HTTP/1.1" 200 276868
172.22.2.4 - - [09/Apr/2022:16:41:24 -0500] "GET /BLA/boletinlegal/Circulares/2020/Circular%2000010%20del%2027%20de%20julio%20de%202020.pdf HTTP/1.1" 200 422655
172.22.2.4 - - [09/Apr/2022:16:41:33 -0500] "GET /BLA/boletinlegal/Circulares/2020/CIRCULAR%20No.%2000019%20DEL%2018%20DE%20DICIEMBRE%20DEL%202020.pdf HTTP/1.1" 200 307959
172.22.2.4 - - [09/Apr/2022:16:41:39 -0500] "GET /BLA/boletinlegal/Circulares/2020/CIRCULAR%20No.%2000014%20del%2001%20de%20septiembre%20del%202020.pdf HTTP/1.1" 200 320826
172.22.2.4 - - [09/Apr/2022:16:41:46 -0500] "GET /BLA/boletinlegal/Circulares/2019/Circular%20No.%2012%20del%2014%20de%20Marzo%20de%202019.pdf HTTP/1.1" 200 344384
172.22.2.4 - - [09/Apr/2022:16:41:53 -0500] "GET /BLA/boletinlegal/Circulares/2019/Circular%20No.%20006%20del%2008%20de%20Febrero%20de%202019.pdf HTTP/1.1" 200 674401
172.22.2.4 - - [09/Apr/2022:16:42:01 -0500] "GET /BLA/boletinlegal/Circulares/2019/Circular%20No.%200015%20del%2003%20de%20Octubre%20de%202019.pdf HTTP/1.1" 200 165608
172.22.2.4 - - [09/Apr/2022:16:42:07 -0500] "GET /BLA/boletinlegal/Circulares/2019/Circular%20No.%200005%20del%2020%20de%20Marzo%20de%202019.pdf HTTP/1.1" 200 159877
172.22.2.4 - - [09/Apr/2022:16:42:12 -0500] "GET /BLA/boletinlegal/Circulares/2019/Circular%20No.%200003%20del%2031%20de%20Enero%20de%202019.pdf HTTP/1.1" 200 164676
172.22.2.4 - - [09/Apr/2022:16:42:18 -0500] "GET /BLA/boletinlegal/Circulares/2019/Circular%2000020%20del%2020%20de%20diciembre%20de%202019.pdf HTTP/1.1" 200 145170
172.22.2.4 - - [09/Apr/2022:16:42:22 -0500] "GET /BLA/boletinlegal/Circulares/2019/Circular%2000018%20del%2020%20de%20noviembre%20de%202019.pdf HTTP/1.1" 200 158030
172.22.2.4 - - [09/Apr/2022:16:42:27 -0500] "GET /BLA/boletinlegal/Circulares/2019/.pdf HTTP/1.1" 404 1218
172.22.2.4 - - [09/Apr/2022:16:40:48 -0500] "HEAD /BLA/boletinlegal/ HTTP/1.1" 200 -
172.22.2.4 - - [09/Apr/2022:16:42:30 -0500] "GET /BLA/boletinlegal/Circulares/2018/Circular%20No.%2011%20del%2024%20de%20Septiembre%20de%202018.pdf HTTP/1.1" 200 169541
172.22.2.4 - - [09/Apr/2022:16:42:34 -0500] "GET /BLA/boletinlegal/Circulares/2018/Circular%20No.%2010%20del%2021%20de%20Septiembre%20de%202018.pdf HTTP/1.1" 200 163426
216.245.221.92 - - [09/Apr/2022:16:42:38 -0500] "HEAD / HTTP/1.1" 200 -
172.22.2.4 - - [09/Apr/2022:16:42:39 -0500] "GET /BLA/boletinlegal/Circulares/2018/Circular%20No.%200015%20del%207%20de%20Diciembre%20de%202018.pdf HTTP/1.1" 200 165305
172.22.2.4 - - [09/Apr/2022:16:42:45 -0500] "GET /BLA/boletinlegal/Circulares/2018/CIRCULAR%20COJUNTA%20042%20DE%202018.pdf HTTP/1.1" 200 515008
172.22.2.4 - - [09/Apr/2022:16:42:53 -0500] "GET /BLA/boletinlegal/Circulares/2017/Circular%20No.%202%20del%201%20de%20Septiembre%20de%202017.pdf HTTP/1.1" 200 152575
172.22.2.4 - - [09/Apr/2022:16:42:58 -0500] "GET /BLA/boletinlegal/Circulares/2017/Circular%20No.%201%20del%2030%20de%20Marzo%20de%202017.pdf HTTP/1.1" 200 668532
186.29.42.18 - - [09/Apr/2022:16:42:59 -0500] "GET /BLA/resoluciones/RESOLUCIONES%202017/2781.pdf HTTP/1.1" 200 314291
172.22.2.4 - - [09/Apr/2022:16:43:04 -0500] "GET /BLA/boletinlegal/Circulares/2017/Circular%20No.%2007%20del%2028%20de%20Abril%20de%202017.pdf HTTP/1.1" 200 309906
172.22.2.4 - - [09/Apr/2022:16:43:10 -0500] "GET /BLA/boletinlegal/Circulares/2017/Circular%20No.%20011%20del%2005%20de%20julio%20de%202017.pdf HTTP/1.1" 200 965526
172.22.2.4 - - [09/Apr/2022:16:41:39 -0500] "GET /BLA/boletinlegal/ HTTP/1.1" 200 60486
172.22.2.4 - - [09/Apr/2022:16:43:23 -0500] "GET /BLA/boletinlegal/Circulares/2015/Circular%20No.%202%20del%201%20de%20julio%20de%202015.pdf HTTP/1.1" 200 752890
172.22.2.4 - - [09/Apr/2022:16:43:29 -0500] "GET /BLA/boletinlegal/Circulares/2015/Circular%20No.%201%20del%2010%20de%20Febrero%20de%202015.pdf HTTP/1.1" 200 660637
172.22.2.4 - - [09/Apr/2022:16:43:37 -0500] "GET /BLA/boletinlegal/Circulares/2014/Circular%20No.%203%20del%2014%20de%20Noviembre%20de%202014.pdf HTTP/1.1" 200 104132
172.22.2.4 - - [09/Apr/2022:16:43:41 -0500] "GET /BLA/boletinlegal/favicon.ico HTTP/1.1" 404 1018
201.245.192.253 - - [09/Apr/2022:16:42:57 -0500] "POST /kwsrmcab/Wsrmcab HTTP/1.1" 200 45748
172.22.2.4 - - [09/Apr/2022:16:43:42 -0500] "GET /BLA/boletinlegal/robots.txt HTTP/1.1" 404 1018
172.22.2.4 - - [09/Apr/2022:16:43:42 -0500] "GET /BLA/boletinlegal/Circulares/2014/Circular%20No.%202%20del%2021%20de%20septiembre%20de%202014.pdf HTTP/1.1" 200 143376
172.22.2.4 - - [09/Apr/2022:16:43:43 -0500] "GET /BLA/boletinlegal/.well-known/security.txt HTTP/1.1" 404 1018
172.22.2.4 - - [09/Apr/2022:16:43:49 -0500] "GET /BLA/boletinlegal/Circulares/2014/Circular%20No.%201%20del%2008%20de%20Mayo%20de%202014.pdf HTTP/1.1" 200 180124
172.22.2.4 - - [09/Apr/2022:16:43:56 -0500] "GET /BLA/boletinlegal/Circulares/2013/Circular%20No.%208%20del%201%20de%20Noviembre%20de%202013.pdf HTTP/1.1" 200 385156
172.22.2.4 - - [09/Apr/2022:16:44:04 -0500] "GET /BLA/boletinlegal/Circulares/2013/Circular%20No.%207%20del%201%20de%20Agosto%20de%202013.pdf HTTP/1.1" 200 340934
172.22.2.4 - - [09/Apr/2022:16:44:10 -0500] "GET /BLA/boletinlegal/Circulares/2013/Circular%20No.%206%20del%2019%20de%20julio%20de%202013.pdf HTTP/1.1" 200 4210437
172.22.2.4 - - [09/Apr/2022:16:43:15 -0500] "GET /BLA/boletinlegal/ HTTP/1.1" 200 40907
172.22.2.4 - - [09/Apr/2022:16:44:27 -0500] "GET /BLA/boletinlegal/Circulares/2013/Circular%20No.%205%20del%2013%20de%20junio%20de%202013.pdf HTTP/1.1" 200 110904
201.245.192.253 - - [09/Apr/2022:16:43:42 -0500] "POST /kwsrmcab/Wsrmcab HTTP/1.1" 200 45772
88.99.144.145 - - [09/Apr/2022:16:44:32 -0500] "-" 408 -
172.22.2.4 - - [09/Apr/2022:16:44:32 -0500] "GET /BLA/boletinlegal/Circulares/2013/Circular%20No.%204%20del%2005%20de%20junio%20de%202013.pdf HTTP/1.1" 200 130461
172.22.2.4 - - [09/Apr/2022:16:44:38 -0500] "GET /BLA/boletinlegal/Circulares/2013/Circular%20No.%203%20del%2005%20de%20abril%20de%202013.pdf HTTP/1.1" 200 93580
172.22.2.4 - - [09/Apr/2022:16:44:43 -0500] "GET /BLA/boletinlegal/Circulares/2013/Circular%20No.%202%20del%2022%20de%20enero%20de%202013.pdf HTTP/1.1" 200 85466
172.22.2.4 - - [09/Apr/2022:16:44:47 -0500] "GET /BLA/boletinlegal/Circulares/2013/Circular%20No.%201%20del%2014%20de%20enero%20de%202013.pdf HTTP/1.1" 200 1298384
172.22.2.4 - - [09/Apr/2022:16:44:54 -0500] "GET /BLA/boletinlegal/Circulares/2012/Circular%20No.%209%20del%2021%20de%20Agosto%20de%202012.pdf HTTP/1.1" 200 1402289
172.22.2.4 - - [09/Apr/2022:16:45:00 -0500] "GET /BLA/boletinlegal/Circulares/2012/Circular%20No.%208%20del%2021%20de%20Agosto%20de%202012.pdf HTTP/1.1" 200 963197
172.22.2.4 - - [09/Apr/2022:16:45:07 -0500] "GET /BLA/boletinlegal/Circulares/2012/Circular%20No.%207%20del%2008%20de%20Agosto%20de%202012.pdf HTTP/1.1" 200 972955
172.22.2.4 - - [09/Apr/2022:16:45:13 -0500] "GET /BLA/boletinlegal/Circulares/2012/Circular%20No.%206%20del%2025%20de%20Mayo%20de%202012.pdf HTTP/1.1" 200 387391
172.22.2.4 - - [09/Apr/2022:16:45:19 -0500] "GET /BLA/boletinlegal/Circulares/2012/Circular%20No.%205%20del%2027%20de%20Abril%20de%202012.pdf HTTP/1.1" 200 216613
172.22.2.4 - - [09/Apr/2022:16:45:25 -0500] "GET /BLA/boletinlegal/Circulares/2012/Circular%20No.%204%20del%2019%20de%20abril%20de%202012.pdf HTTP/1.1" 200 253045
172.22.2.4 - - [09/Apr/2022:16:45:31 -0500] "GET /BLA/boletinlegal/Circulares/2012/Circular%20No.%203%20del%2023%20de%20Marzo%20de%202012.pdf HTTP/1.1" 200 572950
172.22.2.4 - - [09/Apr/2022:16:45:38 -0500] "GET /BLA/boletinlegal/Circulares/2012/Circular%20No.%202%20del%2014%20de%20Marzo%20de%202012.pdf HTTP/1.1" 200 113666
172.22.2.4 - - [09/Apr/2022:16:45:44 -0500] "GET /BLA/boletinlegal/Circulares/2012/Circular%20No.%2016%20del%2022%20de%20octubre%20de%202012.pdf HTTP/1.1" 200 381186
172.22.2.4 - - [09/Apr/2022:16:45:51 -0500] "GET /BLA/boletinlegal/Circulares/2012/Circular%20No.%2015%20del%2022%20de%20octubre%20de%202012.pdf HTTP/1.1" 200 486506
172.22.2.4 - - [09/Apr/2022:16:46:00 -0500] "GET /BLA/boletinlegal/Circulares/2012/Circular%20No.%2014%20del%2011%20de%20Septiembre%20de%202012.pdf HTTP/1.1" 200 3427471
172.22.2.4 - - [09/Apr/2022:16:46:13 -0500] "GET /BLA/boletinlegal/Circulares/2012/Circular%20No.%2013%20del%2006%20de%20Septiembre%20de%202012.pdf HTTP/1.1" 200 351421
172.22.2.4 - - [09/Apr/2022:16:46:19 -0500] "GET /BLA/boletinlegal/Circulares/2012/Circular%20No.%2012%20del%2028%20de%20Agosto%20de%202012.pdf HTTP/1.1" 200 369945
172.22.2.4 - - [09/Apr/2022:16:46:27 -0500] "GET /BLA/boletinlegal/Circulares/2012/Circular%20No.%2011%20del%2027%20de%20Agosto%20de%202012.pdf HTTP/1.1" 200 526945
172.22.2.4 - - [09/Apr/2022:16:46:34 -0500] "GET /BLA/boletinlegal/Circulares/2012/Circular%20No.%2010%20del%2026%20de%20Enero%20de%202012.pdf HTTP/1.1" 404 1218
172.22.2.4 - - [09/Apr/2022:16:46:39 -0500] "GET /BLA/boletinlegal/Circulares/2012/Circular%20No.%2010%20del%2022%20de%20Agosto%20de%202012.pdf HTTP/1.1" 200 1563219
172.22.2.4 - - [09/Apr/2022:16:46:44 -0500] "GET /BLA/boletinlegal/Circulares/2012/Circular%20No.%201%20del%2017%20de%20Enero%20de%202012.pdf HTTP/1.1" 200 1118749
172.22.2.4 - - [09/Apr/2022:16:46:51 -0500] "GET /BLA/boletinlegal/Circulares/2011/Circular%20No.%209%20del%2003%20de%20Noviembre%20de%202011.pdf HTTP/1.1" 200 54568
172.22.2.4 - - [09/Apr/2022:16:46:57 -0500] "GET /BLA/boletinlegal/Circulares/2011/Circular%20No.%208%20del%2020%20de%20Septiembre%20de%202011.pdf HTTP/1.1" 200 285158
172.22.2.4 - - [09/Apr/2022:16:47:02 -0500] "GET /BLA/boletinlegal/Circulares/2011/Circular%20No.%207%20del%2023%20de%20Diciembre%20de%202011.pdf HTTP/1.1" 200 1107785
172.22.2.4 - - [09/Apr/2022:16:47:08 -0500] "GET /BLA/boletinlegal/Circulares/2011/Circular%20No.%207%20del%2015%20de%20Septiembre%20de%202011.pdf HTTP/1.1" 200 314873
172.22.2.4 - - [09/Apr/2022:16:47:14 -0500] "GET /BLA/boletinlegal/Circulares/2011/Circular%20No.%206%20del%2029%20de%20Julio%20de%202011.pdf HTTP/1.1" 200 262144
207.46.13.43 - - [09/Apr/2022:16:47:21 -0500] "GET /POT-2013/Cartografia/17_Sistema%20de%20Movilidad_Subsistema%20de%20Transporte_Transporte%20.pdf HTTP/1.1" 200 3695775
172.22.2.4 - - [09/Apr/2022:16:47:26 -0500] "GET /BLA/boletinlegal/Circulares/2011/Circular%20No.%206%20del%2023%20de%20Septiembre%20de%202011.pdf HTTP/1.1" 200 252800
172.22.2.4 - - [09/Apr/2022:16:47:33 -0500] "GET /BLA/boletinlegal/Circulares/2011/Circular%20No.%205%20del%2014%20de%20Julio%20de%202011.pdf HTTP/1.1" 200 1488992
216.245.221.92 - - [09/Apr/2022:16:47:38 -0500] "HEAD / HTTP/1.1" 200 -
172.22.2.4 - - [09/Apr/2022:16:47:43 -0500] "GET /BLA/boletinlegal/Circulares/2011/Circular%20No.%205%20del%2012%20de%20Agosto%20de%202011.pdf HTTP/1.1" 200 431796
172.22.2.4 - - [09/Apr/2022:16:47:50 -0500] "GET /BLA/boletinlegal/Circulares/2011/Circular%20No.%204%20del%2014%20de%20Julio%20de%202011.pdf HTTP/1.1" 200 399895
172.22.2.4 - - [09/Apr/2022:16:47:57 -0500] "GET /BLA/boletinlegal/Circulares/2011/Circular%20No.%204%20del%2012%20de%20Agosto%20de%202011.pdf HTTP/1.1" 200 601047
172.22.2.4 - - [09/Apr/2022:16:48:06 -0500] "GET /BLA/boletinlegal/Circulares/2011/Circular%20No.%203%20del%2023%20de%20Junio%20de%202011.pdf HTTP/1.1" 200 1452758
172.22.2.4 - - [09/Apr/2022:16:48:14 -0500] "GET /BLA/boletinlegal/Circulares/2011/Circular%20No.%203%20del%2016%20de%20Junio%20de%202011.pdf HTTP/1.1" 200 346378
172.22.2.4 - - [09/Apr/2022:16:46:38 -0500] "HEAD /BLA/boletinlegal/ HTTP/1.1" 200 -
172.22.2.4 - - [09/Apr/2022:16:48:21 -0500] "GET /BLA/boletinlegal/Circulares/2011/Circular%20No.%202%20del%2031%20de%20Mayo%20de%202011.pdf HTTP/1.1" 200 496778
172.22.2.4 - - [09/Apr/2022:16:48:30 -0500] "GET /BLA/boletinlegal/Circulares/2011/Circular%20No.%202%20del%2026%20de%20Mayo%20de%202011.pdf HTTP/1.1" 200 644194
172.22.2.4 - - [09/Apr/2022:16:48:37 -0500] "GET /BLA/boletinlegal/Circulares/2011/Circular%20No.%201%20del%2012%20de%20Abril%20de%202011.pdf HTTP/1.1" 200 366269
172.22.2.4 - - [09/Apr/2022:16:47:28 -0500] "GET /BLA/boletinlegal/ HTTP/1.1" 200 55877
45.155.204.146 - - [09/Apr/2022:16:49:09 -0500] "GET / HTTP/1.1" 200 319
186.145.91.252 - - [09/Apr/2022:16:50:45 -0500] "GET /caminos-de-los-cerros-habilitados-en-esta-semana-santa-2022.html HTTP/1.1" 200 832
172.22.2.4 - - [09/Apr/2022:16:51:36 -0500] "GET /BLA/boletinlegal/styles2.css HTTP/1.1" 200 1838
172.22.2.4 - - [09/Apr/2022:16:51:36 -0500] "GET /BLA/boletinlegal/style.css HTTP/1.1" 200 9406
172.22.2.4 - - [09/Apr/2022:16:51:36 -0500] "GET /BLA/boletinlegal/js/jquery.js HTTP/1.1" 200 57254
172.22.2.4 - - [09/Apr/2022:16:51:36 -0500] "GET /BLA/boletinlegal/js/jquery.scrollTo-min.js HTTP/1.1" 200 1150
172.22.2.4 - - [09/Apr/2022:16:51:36 -0500] "GET /BLA/boletinlegal/js/jquery.scrollShow.js HTTP/1.1" 200 4586
172.22.2.4 - - [09/Apr/2022:16:51:36 -0500] "GET /BLA/boletinlegal/images/cabezote%20BLEGAL.jpg HTTP/1.1" 200 118164
172.22.2.4 - - [09/Apr/2022:16:51:36 -0500] "GET /BLA/boletinlegal/images/historia.png HTTP/1.1" 200 52775
172.22.2.4 - - [09/Apr/2022:16:51:36 -0500] "GET /BLA/boletinlegal/images/subscribe-icon-big.png HTTP/1.1" 200 47702
172.22.2.4 - - [09/Apr/2022:16:51:36 -0500] "GET /BLA/boletinlegal/images/registro-usuarios.png HTTP/1.1" 200 8106
172.22.2.4 - - [09/Apr/2022:16:51:36 -0500] "GET /BLA/boletinlegal/images/arr_l.jpg HTTP/1.1" 200 1979
172.22.2.4 - - [09/Apr/2022:16:51:36 -0500] "GET /BLA/boletinlegal/images/screen_1.png HTTP/1.1" 200 202547
172.22.2.4 - - [09/Apr/2022:16:51:36 -0500] "GET /BLA/boletinlegal/images/launch.jpg HTTP/1.1" 200 14577
172.22.2.4 - - [09/Apr/2022:16:51:37 -0500] "GET /BLA/boletinlegal/actos.php HTTP/1.1" 200 9559
172.22.2.4 - - [09/Apr/2022:16:51:37 -0500] "GET /BLA/boletinlegal/js/ajax_actos.js HTTP/1.1" 200 1322
172.22.2.4 - - [09/Apr/2022:16:51:37 -0500] "GET /BLA/boletinlegal/niceforms.js HTTP/1.1" 200 22876
172.22.2.4 - - [09/Apr/2022:16:51:37 -0500] "GET /BLA/boletinlegal/js/popup.js HTTP/1.1" 200 1270
172.22.2.4 - - [09/Apr/2022:16:51:37 -0500] "GET /BLA/boletinlegal/js/lib.js HTTP/1.1" 200 6474
172.22.2.4 - - [09/Apr/2022:16:51:37 -0500] "GET /BLA/boletinlegal/niceforms-default.css HTTP/1.1" 200 6694
172.22.2.4 - - [09/Apr/2022:16:51:37 -0500] "GET /BLA/boletinlegal/js/jquery1.js HTTP/1.1" 200 29846
172.22.2.4 - - [09/Apr/2022:16:51:37 -0500] "GET /BLA/boletinlegal/images/tel.png HTTP/1.1" 200 14477
172.22.2.4 - - [09/Apr/2022:16:51:37 -0500] "GET /BLA/boletinlegal/images/green-yellow-blue-pink-th.png HTTP/1.1" 200 7394
172.22.2.4 - - [09/Apr/2022:16:51:37 -0500] "GET /BLA/boletinlegal/images/abajo.png HTTP/1.1" 200 96676
172.22.2.4 - - [09/Apr/2022:16:51:37 -0500] "GET /BLA/boletinlegal/images/icono-email.png HTTP/1.1" 200 5544
172.22.2.4 - - [09/Apr/2022:16:51:37 -0500] "GET /BLA/boletinlegal/images/body_bg.jpg HTTP/1.1" 200 1601
172.22.2.4 - - [09/Apr/2022:16:51:37 -0500] "GET /BLA/boletinlegal/images/menu_lft.gif HTTP/1.1" 200 1713
172.22.2.4 - - [09/Apr/2022:16:51:37 -0500] "GET /BLA/boletinlegal/images/bg_top.jpg HTTP/1.1" 200 522
172.22.2.4 - - [09/Apr/2022:16:51:37 -0500] "GET /BLA/boletinlegal/images/menu_rght.gif HTTP/1.1" 200 1627
172.22.2.4 - - [09/Apr/2022:16:51:37 -0500] "GET /BLA/boletinlegal/images/menu_bg.jpg HTTP/1.1" 200 620
172.22.2.4 - - [09/Apr/2022:16:51:37 -0500] "GET /BLA/boletinlegal/images/hover.jpg HTTP/1.1" 200 640
172.22.2.4 - - [09/Apr/2022:16:51:37 -0500] "GET /BLA/boletinlegal/images/text.jpg HTTP/1.1" 200 568
172.22.2.4 - - [09/Apr/2022:16:51:37 -0500] "GET /BLA/boletinlegal/images/footer_bg.jpg HTTP/1.1" 200 586
172.22.2.4 - - [09/Apr/2022:16:51:38 -0500] "GET /BLA/boletinlegal/images/footer_bg_l.jpg HTTP/1.1" 200 776
172.22.2.4 - - [09/Apr/2022:16:51:38 -0500] "GET /BLA/boletinlegal/img/select-right.png HTTP/1.1" 200 44019
172.22.2.4 - - [09/Apr/2022:16:51:38 -0500] "GET /BLA/boletinlegal/img/select-left.png HTTP/1.1" 200 263
172.22.2.4 - - [09/Apr/2022:16:51:38 -0500] "GET /BLA/boletinlegal/img/button.png HTTP/1.1" 200 43241
172.22.2.4 - - [09/Apr/2022:16:51:38 -0500] "GET /BLA/boletinlegal/img/button-left.png HTTP/1.1" 200 57071
172.22.2.4 - - [09/Apr/2022:16:51:38 -0500] "GET /BLA/boletinlegal/img/button-right.png HTTP/1.1" 200 57878
172.22.2.4 - - [09/Apr/2022:16:51:38 -0500] "GET /BLA/boletinlegal/img/0.png HTTP/1.1" 200 110
172.22.2.4 - - [09/Apr/2022:16:51:38 -0500] "GET /BLA/boletinlegal/favicon.ico HTTP/1.1" 404 1326
172.22.2.4 - - [09/Apr/2022:16:51:43 -0500] "GET /BLA/boletinlegal/images/screen_2.png HTTP/1.1" 200 362502
172.22.2.4 - - [09/Apr/2022:16:51:43 -0500] "GET /BLA/boletinlegal/images/screen_3.png HTTP/1.1" 200 210620
172.22.2.4 - - [09/Apr/2022:16:51:43 -0500] "GET /BLA/boletinlegal/images/screen_5.png HTTP/1.1" 200 368876
172.22.2.4 - - [09/Apr/2022:16:51:43 -0500] "GET /BLA/boletinlegal/images/arr_r.jpg HTTP/1.1" 200 1998
172.22.2.4 - - [09/Apr/2022:16:51:52 -0500] "GET /BLA/boletinlegal/images/pdf.gif HTTP/1.1" 200 567
172.22.2.4 - - [09/Apr/2022:16:52:11 -0500] "GET /BLA/boletinlegal/consulta_actos.php?tipo=autos&no=&usuario=&sector=&fecha=2012&resuelve=CESACI%D3N HTTP/1.1" 200 626
172.22.2.4 - - [09/Apr/2022:16:52:18 -0500] "GET /BLA/boletinlegal/consulta_actos.php?tipo=autos&no=&usuario=&sector=&fecha=2013&resuelve=CESACI%D3N HTTP/1.1" 200 1079
190.159.20.62 - - [09/Apr/2022:16:52:24 -0500] "GET /BLA/resoluciones/AUTOS%202013/0228.pdf HTTP/1.1" 200 2063518
190.159.20.62 - - [09/Apr/2022:16:52:25 -0500] "GET /BLA/resoluciones/AUTOS%202013/0228.pdf HTTP/1.1" 206 1025
190.159.20.62 - - [09/Apr/2022:16:52:25 -0500] "GET /BLA/resoluciones/AUTOS%202013/0228.pdf HTTP/1.1" 200 2063518
216.245.221.92 - - [09/Apr/2022:16:52:38 -0500] "HEAD / HTTP/1.1" 200 -
172.22.2.4 - - [09/Apr/2022:16:51:36 -0500] "GET /BLA/boletinlegal/ HTTP/1.1" 200 59688
172.22.2.4 - - [09/Apr/2022:16:52:28 -0500] "HEAD /BLA/boletinlegal/ HTTP/1.1" 200 -
172.22.2.4 - - [09/Apr/2022:16:53:18 -0500] "GET /BLA/boletinlegal/ HTTP/1.1" 200 59170
216.245.221.92 - - [09/Apr/2022:16:57:38 -0500] "HEAD / HTTP/1.1" 200 -
40.77.167.46 - - [09/Apr/2022:16:58:39 -0500] "GET /BLA/resoluciones/index.php?dir=AUTOS+2016%2F HTTP/1.1" 200 324613
172.22.2.4 - - [09/Apr/2022:16:58:18 -0500] "HEAD /BLA/boletinlegal/ HTTP/1.1" 200 -
172.22.2.4 - - [09/Apr/2022:16:59:08 -0500] "GET /BLA/boletinlegal/ HTTP/1.1" 200 59170
207.46.13.157 - - [09/Apr/2022:17:01:47 -0500] "GET /catalogoisis/ HTTP/1.1" 200 8575
216.245.221.92 - - [09/Apr/2022:17:02:38 -0500] "HEAD / HTTP/1.1" 200 -
207.46.13.194 - - [09/Apr/2022:17:04:29 -0500] "GET / HTTP/1.1" 200 319
172.22.2.4 - - [09/Apr/2022:17:04:08 -0500] "HEAD /BLA/boletinlegal/ HTTP/1.1" 200 -
172.22.2.4 - - [09/Apr/2022:17:04:58 -0500] "GET /BLA/boletinlegal/ HTTP/1.1" 200 53739
66.249.65.17 - - [09/Apr/2022:17:07:25 -0500] "-" 408 -
17.121.113.14 - - [09/Apr/2022:17:07:26 -0500] "-" 408 -
17.121.113.254 - - [09/Apr/2022:17:07:31 -0500] "-" 408 -
216.245.221.92 - - [09/Apr/2022:17:07:38 -0500] "HEAD / HTTP/1.1" 200 -
179.51.112.59 - - [09/Apr/2022:17:09:32 -0500] "GET /si-eres-mujer-y-te-gusta-el-cuidado-de-los-humedales-este-proceso-de-formacion-es-para-ti.html HTTP/1.1" 304 -
45.7.132.234 - - [09/Apr/2022:17:11:10 -0500] "GET /caminos-de-los-cerros-habilitados-en-esta-semana-santa-2022.html HTTP/1.1" 200 832
207.46.13.199 - - [09/Apr/2022:17:11:09 -0500] "GET /BLA/resoluciones/index.php?dir=RESOLUCIONES+2018%2F HTTP/1.1" 200 259532
172.22.2.4 - - [09/Apr/2022:17:09:58 -0500] "HEAD /BLA/boletinlegal/ HTTP/1.1" 200 -
207.46.13.179 - - [09/Apr/2022:17:11:39 -0500] "GET /BLA/resoluciones/index.php?dir=AUTOS+2013%2F HTTP/1.1" 200 405472
207.46.13.157 - - [09/Apr/2022:17:12:18 -0500] "GET /BLA/resoluciones/index.php?dir=AUTOS+2019%2F HTTP/1.1" 200 342490
172.22.2.4 - - [09/Apr/2022:17:10:48 -0500] "GET /BLA/boletinlegal/ HTTP/1.1" 200 61416
216.245.221.92 - - [09/Apr/2022:17:12:38 -0500] "HEAD / HTTP/1.1" 200 -
186.155.152.167 - - [09/Apr/2022:17:12:44 -0500] "GET /caminos-de-los-cerros-habilitados-en-esta-semana-santa-2022.html?fbclid=IwAR2bbAwAlhUjEYbJwX1IOMyCSCaZchb2tJMUwptGSUXx896ZaemrvvIp7ik HTTP/1.1" 200 832
172.22.2.4 - - [09/Apr/2022:17:12:40 -0500] "GET /BLA/boletinlegal/ HTTP/1.1" 200 63342
172.22.2.4 - - [09/Apr/2022:17:15:48 -0500] "HEAD /BLA/boletinlegal/ HTTP/1.1" 200 -
216.245.221.92 - - [09/Apr/2022:17:17:38 -0500] "HEAD / HTTP/1.1" 200 -
172.22.2.4 - - [09/Apr/2022:17:16:38 -0500] "GET /BLA/boletinlegal/ HTTP/1.1" 200 59170
45.155.204.146 - - [09/Apr/2022:17:18:47 -0500] "GET /actuator/gateway/routes HTTP/1.1" 404 1018
195.154.172.53 - - [09/Apr/2022:17:20:12 -0500] "GET /en-semana-santa-no-uses-palmas-ni-traigas-o-consumas-animales-silvestres.html HTTP/1.1" 200 959
195.154.172.53 - - [09/Apr/2022:17:20:13 -0500] "GET /images/semana-santa-ramos-policia-7-abril.jpg HTTP/1.1" 200 43922
195.154.172.137 - - [09/Apr/2022:17:20:50 -0500] "GET /documents/10184/2325415/pieza-concurso-buenas-practicas-20-septiembre.jpg HTTP/1.1" 404 1030
216.245.221.92 - - [09/Apr/2022:17:22:38 -0500] "HEAD / HTTP/1.1" 200 -
172.22.2.4 - - [09/Apr/2022:17:21:38 -0500] "HEAD /BLA/boletinlegal/ HTTP/1.1" 200 -
201.245.192.253 - - [09/Apr/2022:17:22:57 -0500] "POST /kwsrmcab/Wsrmcab HTTP/1.1" 200 45760
17.121.112.160 - - [09/Apr/2022:17:23:59 -0500] "-" 408 -
172.22.2.4 - - [09/Apr/2022:17:22:28 -0500] "GET /BLA/boletinlegal/ HTTP/1.1" 200 56669
201.245.192.253 - - [09/Apr/2022:17:23:48 -0500] "POST /kwsrmcab/Wsrmcab HTTP/1.1" 200 45750
216.245.221.92 - - [09/Apr/2022:17:27:38 -0500] "HEAD / HTTP/1.1" 200 -
201.184.82.154 - - [09/Apr/2022:17:28:01 -0500] "GET /kwssiamovil/sm/acme/a?s=U2FsdGVkX1/VhEtYyDKwVeLZhgU3eU6nADDmnF4zbU0i+bDJ1X80eiJH3Zohg4uK9dlxxK5Gm1k38EpI++rdFLTl05O04uNuDdqIwQm/TYY5IkMrjITLhJUKqDARksB77ZgURUEZo76Xth+RCF2/kWjMjoDCU+AaHZbxi8N93Fu60fEmO97LN/dK+YGOKYnRJS8eFzLTPnTuQhc3amCi4SxoGOVIlWGjCpSwQeupifApkcd4DxeAhWsv7aF4nVstFREZvSuVF5CrlEguxUEPwg==&u=U2FsdGVkX19SWN42uuJyPdf20cHcGAhfvgUfRg5Pi/Q=&y=U2FsdGVkX1+ummSxJ0Y/UeU4/BVVw/VDWG04fTy4Cl0yRoHpgJu1s2JLumbOhFyP HTTP/1.1" 200 25
201.184.82.154 - - [09/Apr/2022:17:28:02 -0500] "GET /kwssiamovil/sm/acme/a?s=U2FsdGVkX19mrnw90V7r6ik2CdGDNrHHA1n1RYQYdkOx9xU67wXumwwcNYjXIS9wi/kpr+emHbVDnpqZUaUdERFctVd401GtTVTcext45O05VARcDt6z4fcOj7PMysIF4RwGEXFxCVcPRXGIUdPkjKP/G0o/OH/ZuGRJTrlkuN/5MtNpik9ZT5A6Gv74DbK/4J/gmQIoF+o/5nbp7jPKIDiNaA7VtUGX53j0HgorijX6j4HC47uaIHuLrE0n1luYIi3+12NhiHvfMAagEq0tC5ku0PN1oO9RluAPzHgUrzldR5jiT6jVX67dfvJWKY8hDNXT4aY3NBDvllQnE9bLj7Wk8h/lnJBjqzHqb+gPFpwmoYTjKeAd/eZJKEVSr0WSGWv71BqAReJib2ZukNUrEngW0+FXanjL/fgQU+rsGqRIqQd5AM6X7Z9Lh4XMtVNKlb8TD9oap3JrYGKqJAN+xhPO2UsKne916u1cJ6BRrMO9ueYVOjhBvrHbHCLv9WRRN89/EE0bL/8S0Jfs6Y2KQtaIrL4MMxe4wkNUUlpJNE9/BbUzphH2hED9K/FPFTESIMaNadIuH7oDR9Z2Czu2vXSIEPauo9xF4Osy1ytCTVKizZQ9whDOSTwNi+VPHQsV+g5Vy33DIouzsPj4T/9RwKaCCfdpQMl5PYiUhRHf6XcFpPsRio1KPaWCeypt/ybkDO6sGDo2n7H4LLqQUnBCDr32Jo49arWMPucd/YOFfNx/oIE97lpMoBsdID2En5rLG+rTjMhXtQaNkkZCazXbl62yACGbSvwuGhFgPf3ty8aAeT1aBFfowztOBdBc2M4YnpT4xRhm0cHY0Ewbw5cCCV7ZNUCXIz0FBYsPA9To93BXW3FA11FyXo4Cl7fBBwLrd/L14XuezO5AC/muwYOTu4NJRjDtESd64iWafTu2Pmknq2Am2Ot0bjKm1Hb+g1jG1HAXZctZPVDdwfbz3RsgRJkP1w7go6R0ISK1Bp+C/OHzrvdEIEOFfkRs3qG43E5yyHfrQc+4wqsVjTJH9RLr7Cgb+J/OQ6OFSaAJREs1QHUmFlJajL6fZqUCWAi3LlX6L3fHzYOE8MQABza+7DsMh7S4R8/fkHe5GWsuUQaalWlWLnWax+QLMImXLOWi25cWHD69801aU2KyJT1Ip7rljJiLyE5Ro8t4p6Cz7Ak/xLgBpTO60tiekIlczEzmuqDqkFczAkC8TL2MPymL9AsJQvt7ysPRjOPSeio92piIcKjHG9i9dyzHe/DW3Tn49WJqjm3kMDtehdZY91i7M8N68Vn+7m9aRz6hZRPeuDVgD8lVjTUzJtdi9R1Y6c/BhdFJPY6BaYUECoOeS8lxWTA96K6nmsUrjbGtq0Odo3rauhiG0JeNjfD3ovHX6b4xfOK+aHNWcs/fvDVyZ+2mjcWDiAUwRcVEEKHIV9UfwFzUys0Jt3Ory7MAUkfZBPY7y+QPCxugwIQEPq3xxSbdSI9A+ckRi1xDEsAwf88MgvkABVg/6TxuANjyGgaPTkldddM2FmPFnK5BuO9I5tcLhCZeVcJiCaZKAGpCHsGboV8QecvfVrYHzHhaYsWFUkrmJMbIbCIDHQiYaqecfZrtyJ0/wPpNy3XVSR2QnLmPaxnS//1BwLGddNuc/s9TVjXwuhVcZf4IIPbODT2C/0SCQHHkqxbE1ZO61q8B6SV/xGWqaa/uF8f5oO3KKsU+8qXntbhbYz8BfK3iHUZILRZZUagF43SLMJGBGn17GE46/jwCKgwFlWk8wvdmIZ9j09ZGHZ/N18TCQE2Bwr0MUI/ol9coCiSrnQuhwAxHgy1WuwxfV478gygyKlcnpdSlB6DjxXlc16jfqLOpkaUMcljwuV0uUmuFbWMgC2VCP1s2yRUjnxxJaxAdjln3+D2jV//h4BJm87OE2z5pEiA9nlHpEpLaIkgNsNvx/K2rGbRYS6HuXCr71xtO6vc9+RKn34ilv/eXNJQiRE5eTnNbptgZhveSA9WdaxVRPgRdTumwY8GOTVRkhif4Hambbupu0Zkt0e4p5DzuYEG2ibPukEsW8t+dfoTZCgz3VTxpRjpgp9Yo3OHan1aSIVsduMj5Zzr2I1AgTjLyHAcqfYOBFt+IFpLwiVDLaIQmPmMIcTK+iNEC52cIuj1jbWJAH0IYhEATTfUbzesrfqw6MXZQfxbjqfzRTRZSo10jB//fl3NjqQp15R7OkSR5NTniun3sl9q17YQyAuL+I/vBRMUqx7wSy+uv4IzPemCw1hbtqCEiVm3C5VbUN9MzlNdzqYhF5V26pMNvI3fUl9xPgnccqrThtZjKIg==&u=U2FsdGVkX19SWN42uuJyPdf20cHcGAhfvgUfRg5Pi/Q=&y=U2FsdGVkX1+ummSxJ0Y/UeU4/BVVw/VDWG04fTy4Cl0yRoHpgJu1s2JLumbOhFyP HTTP/1.1" 200 25
201.184.82.154 - - [09/Apr/2022:17:28:02 -0500] "GET /kwssiamovil/sm/acme/a?s=U2FsdGVkX1+6KaTsiKNaGhtry/jV4NI08Mz7nZ7hp3cpabmyBmIhhm8KoiRWnYaLkvwxHkTE6dcWEccCsGkg7+IscOxG9P4F7NO0qoifQuG7vOvu1nz74YgejF34POM/smSisV10EW/pwfl7/7OWZ7wIT2WqcUe1E+SpLX8U07A=&u=U2FsdGVkX19SWN42uuJyPdf20cHcGAhfvgUfRg5Pi/Q=&y=U2FsdGVkX1+ummSxJ0Y/UeU4/BVVw/VDWG04fTy4Cl0yRoHpgJu1s2JLumbOhFyP HTTP/1.1" 200 25
201.184.82.154 - - [09/Apr/2022:17:28:02 -0500] "GET /kwssiamovil/sm/acme/a?s=U2FsdGVkX1+XU38lL73kIBGjdzDocQlkxT2xJmWg5W7bEENJkZeyBRfb7ZWgZQ7sSMepHMnbhC6CBHYyoGDj596kTEdIDJLW/xqqf2s9pQH6xMYVcbAK8otipGsBKuNpCYGV4AibjonSf7xrY19YI+umvB7r524nqS681nYmFAM=&u=U2FsdGVkX19SWN42uuJyPdf20cHcGAhfvgUfRg5Pi/Q=&y=U2FsdGVkX1+ummSxJ0Y/UeU4/BVVw/VDWG04fTy4Cl0yRoHpgJu1s2JLumbOhFyP HTTP/1.1" 200 25
201.184.82.154 - - [09/Apr/2022:17:28:03 -0500] "GET /kwssiamovil/sm/acme/a?s=U2FsdGVkX18maTg5wY/L5lTm/BBl4liNzkuS9H3lng/tpgO0GbxflPjneP2LarLtC8/zBfvp3tUexjxOPIL8zCmkp5IDP+Z43tcpTOizDrN6fb1MuBTXM+yQTr0w++jbTL75QzUc6m3MlLkBDHP9AJhvv88L5xmgL6HajiUuXxE=&u=U2FsdGVkX19SWN42uuJyPdf20cHcGAhfvgUfRg5Pi/Q=&y=U2FsdGVkX1+ummSxJ0Y/UeU4/BVVw/VDWG04fTy4Cl0yRoHpgJu1s2JLumbOhFyP HTTP/1.1" 200 25
201.184.82.154 - - [09/Apr/2022:17:28:03 -0500] "GET /kwssiamovil/sm/acme/a?s=U2FsdGVkX1/IIdilPlJXx2eKpc4JtuZopCob9o0XG1hsTPYXjafNa2FQaLDXaOT1WYMOoMoFwJ6JWYIUlMhMsLeiBgEzzuQPrepBZWkik4SlV2k5I/hh1kBUuenOXAE/jgq5CQB7sr711ACtflGSLLZ0vPRzYwomGBzAlVmHu+umJtASuMQJGE2Fvz8TBV/+&u=U2FsdGVkX19SWN42uuJyPdf20cHcGAhfvgUfRg5Pi/Q=&y=U2FsdGVkX1+ummSxJ0Y/UeU4/BVVw/VDWG04fTy4Cl0yRoHpgJu1s2JLumbOhFyP HTTP/1.1" 200 25
172.22.2.4 - - [09/Apr/2022:17:27:28 -0500] "HEAD /BLA/boletinlegal/ HTTP/1.1" 200 -
172.22.2.4 - - [09/Apr/2022:17:28:18 -0500] "GET /BLA/boletinlegal/ HTTP/1.1" 200 61416
216.245.221.92 - - [09/Apr/2022:17:32:38 -0500] "HEAD / HTTP/1.1" 200 -
201.245.192.253 - - [09/Apr/2022:17:32:57 -0500] "POST /kwsrmcab/Wsrmcab HTTP/1.1" 200 45760
201.245.192.253 - - [09/Apr/2022:17:33:46 -0500] "POST /kwsrmcab/Wsrmcab HTTP/1.1" 200 45750
172.22.2.4 - - [09/Apr/2022:17:33:18 -0500] "HEAD /BLA/boletinlegal/ HTTP/1.1" 200 -
172.22.2.4 - - [09/Apr/2022:17:34:08 -0500] "GET /BLA/boletinlegal/ HTTP/1.1" 200 60932
216.245.221.92 - - [09/Apr/2022:17:37:38 -0500] "HEAD / HTTP/1.1" 200 -
172.22.2.4 - - [09/Apr/2022:17:35:59 -0500] "GET /BLA/boletinlegal/ HTTP/1.1" 200 63729
179.33.124.58 - - [09/Apr/2022:17:37:55 -0500] "GET /caminos-de-los-cerros-habilitados-en-esta-semana-santa-2022.html?fbclid=IwAR0ncT4I80bNEcmx-H4dqq7_XsClnVjEnY_jzIQFIKH8APHSBQGQlWEHF00 HTTP/1.1" 200 832
69.171.249.4 - - [09/Apr/2022:17:38:10 -0500] "GET /caminos-de-los-cerros-habilitados-en-esta-semana-santa-2022.html HTTP/1.1" 206 832
172.22.2.4 - - [09/Apr/2022:17:39:44 -0500] "GET /BLA/boletinlegal/Circulares/2022/CIRCULAR%20No.%2000003%20DEL%2007%20DE%20MARZO%20DEL%202022.pdf HTTP/1.1" 404 1038
172.22.2.4 - - [09/Apr/2022:17:39:48 -0500] "GET /BLA/boletinlegal/Circulares/2021/CIRCULAR%20No.%2000009%20DEL%2001%20DE%20OCTUBRE%20DEL%202021.pdf HTTP/1.1" 200 320793
172.22.2.4 - - [09/Apr/2022:17:39:53 -0500] "GET /BLA/boletinlegal/Circulares/2021/CIRCULAR%20No.%2000007%20DEL%2010%20DE%20AGOSTO%20DEL%202021.pdf HTTP/1.1" 200 266364
172.22.2.4 - - [09/Apr/2022:17:39:57 -0500] "GET /BLA/boletinlegal/Circulares/2021/CIRCULAR%20No.%2000006%20DEL%2005%20DE%20AGOSTO%20DEL%202021.pdf HTTP/1.1" 200 249615
172.22.2.4 - - [09/Apr/2022:17:40:03 -0500] "GET /BLA/boletinlegal/Circulares/2020/Circular%20No.%2000018%20del%2002%20de%20diciembre%20del%202020.pdf HTTP/1.1" 200 276868
