191.95.134.236 - - [09/Apr/2022:21:47:58 -0500] "POST /forms/lservlet;jsessionid=ac16012b30d673f6d2d4e76547b0907bafa2467e5735.e3iSbxaKaheRe34Sc38RahyRchr0n6jAmljGr5XDqQLvpAe HTTP/1.1" 200 2
191.95.134.236 - - [09/Apr/2022:21:47:58 -0500] "GET /reports/rwservlet/getjobid74800?server=repnomi HTTP/1.1" 200 47862
172.22.2.4 - - [09/Apr/2022:21:48:00 -0500] "GET /BLA/boletinlegal/Circulares/2011/Circular%20No.%205%20del%2012%20de%20Agosto%20de%202011.pdf HTTP/1.1" 200 431796
186.31.130.206 - - [09/Apr/2022:21:48:05 -0500] "GET /BLA/resoluciones/AUTOS%202010/5135.pdf HTTP/1.1" 200 400092
172.22.2.4 - - [09/Apr/2022:21:48:07 -0500] "GET /BLA/boletinlegal/Circulares/2011/Circular%20No.%204%20del%2014%20de%20Julio%20de%202011.pdf HTTP/1.1" 200 399895
49.7.21.90 - - [09/Apr/2022:21:48:13 -0500] "GET / HTTP/1.1" 200 319
172.22.2.4 - - [09/Apr/2022:21:48:22 -0500] "GET /BLA/boletinlegal/Circulares/2011/Circular%20No.%204%20del%2012%20de%20Agosto%20de%202011.pdf HTTP/1.1" 200 601047
207.46.13.157 - - [09/Apr/2022:21:48:24 -0500] "GET /BLA/resoluciones/index.php?dir=AUTOS+2019%2F HTTP/1.1" 200 342490
172.22.2.4 - - [09/Apr/2022:21:48:30 -0500] "GET /BLA/boletinlegal/Circulares/2011/Circular%20No.%203%20del%2023%20de%20Junio%20de%202011.pdf HTTP/1.1" 200 1452758
191.95.134.236 - - [09/Apr/2022:21:48:37 -0500] "POST /forms/lservlet;jsessionid=ac16012b30d673f6d2d4e76547b0907bafa2467e5735.e3iSbxaKaheRe34Sc38RahyRchr0n6jAmljGr5XDqQLvpAe HTTP/1.1" 200 2
191.95.134.236 - - [09/Apr/2022:21:48:37 -0500] "POST /forms/lservlet;jsessionid=ac16012b30d673f6d2d4e76547b0907bafa2467e5735.e3iSbxaKaheRe34Sc38RahyRchr0n6jAmljGr5XDqQLvpAe HTTP/1.1" 200 14
172.22.2.4 - - [09/Apr/2022:21:48:39 -0500] "GET /BLA/boletinlegal/Circulares/2011/Circular%20No.%203%20del%2016%20de%20Junio%20de%202011.pdf HTTP/1.1" 200 346378
191.95.134.236 - - [09/Apr/2022:21:48:38 -0500] "POST /forms/lservlet;jsessionid=ac16012b30d673f6d2d4e76547b0907bafa2467e5735.e3iSbxaKaheRe34Sc38RahyRchr0n6jAmljGr5XDqQLvpAe HTTP/1.1" 200 14
191.95.134.236 - - [09/Apr/2022:21:48:40 -0500] "POST /forms/lservlet;jsessionid=ac16012b30d673f6d2d4e76547b0907bafa2467e5735.e3iSbxaKaheRe34Sc38RahyRchr0n6jAmljGr5XDqQLvpAe HTTP/1.1" 200 110
191.95.134.236 - - [09/Apr/2022:21:48:40 -0500] "POST /forms/lservlet;jsessionid=ac16012b30d673f6d2d4e76547b0907bafa2467e5735.e3iSbxaKaheRe34Sc38RahyRchr0n6jAmljGr5XDqQLvpAe HTTP/1.1" 200 2
191.95.134.236 - - [09/Apr/2022:21:48:40 -0500] "GET /reports/rwservlet/getjobid74801?server=repnomi HTTP/1.1" 200 47691
191.95.134.236 - - [09/Apr/2022:21:48:44 -0500] "POST /forms/lservlet;jsessionid=ac16012b30d673f6d2d4e76547b0907bafa2467e5735.e3iSbxaKaheRe34Sc38RahyRchr0n6jAmljGr5XDqQLvpAe HTTP/1.1" 200 2
172.22.2.4 - - [09/Apr/2022:21:48:45 -0500] "GET /BLA/boletinlegal/Circulares/2011/Circular%20No.%202%20del%2031%20de%20Mayo%20de%202011.pdf HTTP/1.1" 200 496778
172.22.2.4 - - [09/Apr/2022:21:48:53 -0500] "GET /BLA/boletinlegal/Circulares/2011/Circular%20No.%202%20del%2026%20de%20Mayo%20de%202011.pdf HTTP/1.1" 200 644194
172.22.2.4 - - [09/Apr/2022:21:49:00 -0500] "GET /BLA/boletinlegal/Circulares/2011/Circular%20No.%201%20del%2023%20de%20Febrero%20de%202011.pdf HTTP/1.1" 200 540140
191.95.134.236 - - [09/Apr/2022:21:49:03 -0500] "POST /forms/lservlet;jsessionid=ac16012b30d673f6d2d4e76547b0907bafa2467e5735.e3iSbxaKaheRe34Sc38RahyRchr0n6jAmljGr5XDqQLvpAe HTTP/1.1" 200 2
191.95.134.236 - - [09/Apr/2022:21:49:03 -0500] "POST /forms/lservlet;jsessionid=ac16012b30d673f6d2d4e76547b0907bafa2467e5735.e3iSbxaKaheRe34Sc38RahyRchr0n6jAmljGr5XDqQLvpAe HTTP/1.1" 200 8
191.95.134.236 - - [09/Apr/2022:21:49:03 -0500] "POST /forms/lservlet;jsessionid=ac16012b30d673f6d2d4e76547b0907bafa2467e5735.e3iSbxaKaheRe34Sc38RahyRchr0n6jAmljGr5XDqQLvpAe HTTP/1.1" 200 2
191.95.134.236 - - [09/Apr/2022:21:49:03 -0500] "POST /forms/lservlet;jsessionid=ac16012b30d673f6d2d4e76547b0907bafa2467e5735.e3iSbxaKaheRe34Sc38RahyRchr0n6jAmljGr5XDqQLvpAe HTTP/1.1" 200 110
191.95.134.236 - - [09/Apr/2022:21:49:03 -0500] "POST /forms/lservlet;jsessionid=ac16012b30d673f6d2d4e76547b0907bafa2467e5735.e3iSbxaKaheRe34Sc38RahyRchr0n6jAmljGr5XDqQLvpAe HTTP/1.1" 200 8
191.95.134.236 - - [09/Apr/2022:21:49:03 -0500] "POST /forms/lservlet;jsessionid=ac16012b30d673f6d2d4e76547b0907bafa2467e5735.e3iSbxaKaheRe34Sc38RahyRchr0n6jAmljGr5XDqQLvpAe HTTP/1.1" 200 2
191.95.134.236 - - [09/Apr/2022:21:49:03 -0500] "POST /forms/lservlet;jsessionid=ac16012b30d673f6d2d4e76547b0907bafa2467e5735.e3iSbxaKaheRe34Sc38RahyRchr0n6jAmljGr5XDqQLvpAe HTTP/1.1" 200 2
191.95.134.236 - - [09/Apr/2022:21:49:03 -0500] "POST /forms/lservlet;jsessionid=ac16012b30d673f6d2d4e76547b0907bafa2467e5735.e3iSbxaKaheRe34Sc38RahyRchr0n6jAmljGr5XDqQLvpAe HTTP/1.1" 200 8
191.95.134.236 - - [09/Apr/2022:21:49:03 -0500] "POST /forms/lservlet;jsessionid=ac16012b30d673f6d2d4e76547b0907bafa2467e5735.e3iSbxaKaheRe34Sc38RahyRchr0n6jAmljGr5XDqQLvpAe HTTP/1.1" 200 416
191.95.134.236 - - [09/Apr/2022:21:49:05 -0500] "POST /forms/lservlet;jsessionid=ac16012b30d673f6d2d4e76547b0907bafa2467e5735.e3iSbxaKaheRe34Sc38RahyRchr0n6jAmljGr5XDqQLvpAe HTTP/1.1" 200 2
172.22.2.4 - - [09/Apr/2022:21:49:05 -0500] "GET /BLA/boletinlegal/Circulares/2011/Circular%20No.%201%20del%2012%20de%20Abril%20de%202011.pdf HTTP/1.1" 200 366269
191.95.134.236 - - [09/Apr/2022:21:49:06 -0500] "POST /forms/lservlet;jsessionid=ac16012b30d673f6d2d4e76547b0907bafa2467e5735.e3iSbxaKaheRe34Sc38RahyRchr0n6jAmljGr5XDqQLvpAe HTTP/1.1" 200 90
191.95.134.236 - - [09/Apr/2022:21:49:07 -0500] "POST /forms/lservlet;jsessionid=ac16012b30d673f6d2d4e76547b0907bafa2467e5735.e3iSbxaKaheRe34Sc38RahyRchr0n6jAmljGr5XDqQLvpAe HTTP/1.1" 200 2
191.95.134.236 - - [09/Apr/2022:21:49:07 -0500] "POST /forms/lservlet;jsessionid=ac16012b30d673f6d2d4e76547b0907bafa2467e5735.e3iSbxaKaheRe34Sc38RahyRchr0n6jAmljGr5XDqQLvpAe HTTP/1.1" 200 8
191.95.134.236 - - [09/Apr/2022:21:49:07 -0500] "POST /forms/lservlet;jsessionid=ac16012b30d673f6d2d4e76547b0907bafa2467e5735.e3iSbxaKaheRe34Sc38RahyRchr0n6jAmljGr5XDqQLvpAe HTTP/1.1" 200 2
191.95.134.236 - - [09/Apr/2022:21:49:08 -0500] "POST /forms/lservlet;jsessionid=ac16012b30d673f6d2d4e76547b0907bafa2467e5735.e3iSbxaKaheRe34Sc38RahyRchr0n6jAmljGr5XDqQLvpAe HTTP/1.1" 200 2
191.95.134.236 - - [09/Apr/2022:21:49:09 -0500] "POST /forms/lservlet;jsessionid=ac16012b30d673f6d2d4e76547b0907bafa2467e5735.e3iSbxaKaheRe34Sc38RahyRchr0n6jAmljGr5XDqQLvpAe HTTP/1.1" 200 8
191.95.134.236 - - [09/Apr/2022:21:49:09 -0500] "POST /forms/lservlet;jsessionid=ac16012b30d673f6d2d4e76547b0907bafa2467e5735.e3iSbxaKaheRe34Sc38RahyRchr0n6jAmljGr5XDqQLvpAe HTTP/1.1" 200 2
172.22.2.4 - - [09/Apr/2022:21:49:10 -0500] "GET /BLA/boletinlegal/Circulares/2011/Circular%20003%20de%20Febrero%20de%202011.pdf HTTP/1.1" 200 224758
172.22.2.4 - - [09/Apr/2022:21:49:14 -0500] "GET /BLA/boletinlegal/Circulares/2010/Circular%2006%20de%208%20de%20septiembre%20de%202010.pdf HTTP/1.1" 200 4657752
181.61.209.223 - - [09/Apr/2022:21:49:17 -0500] "GET /si-eres-mujer-y-te-gusta-el-cuidado-de-los-humedales-este-proceso-de-formacion-es-para-ti.html?fbclid=IwAR0R08QfeuaLh2FtdcK5Bj1GST6rXQew7YkmXpmytrR6qw3tt5QWFuiM18c HTTP/1.1" 200 1025
191.95.134.236 - - [09/Apr/2022:21:49:23 -0500] "POST /forms/lservlet;jsessionid=ac16012b30d673f6d2d4e76547b0907bafa2467e5735.e3iSbxaKaheRe34Sc38RahyRchr0n6jAmljGr5XDqQLvpAe HTTP/1.1" 200 2
191.95.134.236 - - [09/Apr/2022:21:49:23 -0500] "POST /forms/lservlet;jsessionid=ac16012b30d673f6d2d4e76547b0907bafa2467e5735.e3iSbxaKaheRe34Sc38RahyRchr0n6jAmljGr5XDqQLvpAe HTTP/1.1" 200 14
191.95.134.236 - - [09/Apr/2022:21:49:24 -0500] "POST /forms/lservlet;jsessionid=ac16012b30d673f6d2d4e76547b0907bafa2467e5735.e3iSbxaKaheRe34Sc38RahyRchr0n6jAmljGr5XDqQLvpAe HTTP/1.1" 200 14
172.22.2.4 - - [09/Apr/2022:21:49:25 -0500] "GET /BLA/boletinlegal/Circulares/2010/Circular%2005%20de%208%20de%20septiembre%20de%202010.pdf HTTP/1.1" 200 2146608
191.95.134.236 - - [09/Apr/2022:21:49:25 -0500] "POST /forms/lservlet;jsessionid=ac16012b30d673f6d2d4e76547b0907bafa2467e5735.e3iSbxaKaheRe34Sc38RahyRchr0n6jAmljGr5XDqQLvpAe HTTP/1.1" 200 106
191.95.134.236 - - [09/Apr/2022:21:49:26 -0500] "POST /forms/lservlet;jsessionid=ac16012b30d673f6d2d4e76547b0907bafa2467e5735.e3iSbxaKaheRe34Sc38RahyRchr0n6jAmljGr5XDqQLvpAe HTTP/1.1" 200 11
191.95.134.236 - - [09/Apr/2022:21:49:26 -0500] "GET /reports/rwservlet/getjobid74802?server=repnomi HTTP/1.1" 200 188965
66.249.65.17 - - [09/Apr/2022:21:49:40 -0500] "-" 408 -
191.95.134.236 - - [09/Apr/2022:21:50:02 -0500] "POST /forms/lservlet;jsessionid=ac16012b30d673f6d2d4e76547b0907bafa2467e5735.e3iSbxaKaheRe34Sc38RahyRchr0n6jAmljGr5XDqQLvpAe HTTP/1.1" 200 2
191.95.134.236 - - [09/Apr/2022:21:50:02 -0500] "POST /forms/lservlet;jsessionid=ac16012b30d673f6d2d4e76547b0907bafa2467e5735.e3iSbxaKaheRe34Sc38RahyRchr0n6jAmljGr5XDqQLvpAe HTTP/1.1" 200 14
191.95.134.236 - - [09/Apr/2022:21:50:03 -0500] "POST /forms/lservlet;jsessionid=ac16012b30d673f6d2d4e76547b0907bafa2467e5735.e3iSbxaKaheRe34Sc38RahyRchr0n6jAmljGr5XDqQLvpAe HTTP/1.1" 200 14
191.95.134.236 - - [09/Apr/2022:21:50:05 -0500] "POST /forms/lservlet;jsessionid=ac16012b30d673f6d2d4e76547b0907bafa2467e5735.e3iSbxaKaheRe34Sc38RahyRchr0n6jAmljGr5XDqQLvpAe HTTP/1.1" 200 107
191.95.134.236 - - [09/Apr/2022:21:50:05 -0500] "POST /forms/lservlet;jsessionid=ac16012b30d673f6d2d4e76547b0907bafa2467e5735.e3iSbxaKaheRe34Sc38RahyRchr0n6jAmljGr5XDqQLvpAe HTTP/1.1" 200 7
191.95.134.236 - - [09/Apr/2022:21:50:05 -0500] "GET /reports/rwservlet/getjobid74803?server=repnomi HTTP/1.1" 200 55104
207.46.13.43 - - [09/Apr/2022:21:50:49 -0500] "GET /BLA/resoluciones/RESOLUCIONES%202011/6971.pdf HTTP/1.1" 304 -
191.95.134.236 - - [09/Apr/2022:21:50:59 -0500] "POST /forms/lservlet;jsessionid=ac16012b30d673f6d2d4e76547b0907bafa2467e5735.e3iSbxaKaheRe34Sc38RahyRchr0n6jAmljGr5XDqQLvpAe HTTP/1.1" 200 2
191.95.134.236 - - [09/Apr/2022:21:51:10 -0500] "POST /forms/lservlet;jsessionid=ac16012b30d673f6d2d4e76547b0907bafa2467e5735.e3iSbxaKaheRe34Sc38RahyRchr0n6jAmljGr5XDqQLvpAe HTTP/1.1" 200 2
191.95.134.236 - - [09/Apr/2022:21:51:10 -0500] "POST /forms/lservlet;jsessionid=ac16012b30d673f6d2d4e76547b0907bafa2467e5735.e3iSbxaKaheRe34Sc38RahyRchr0n6jAmljGr5XDqQLvpAe HTTP/1.1" 200 2255
191.95.134.236 - - [09/Apr/2022:21:51:10 -0500] "GET /imagenes/Srch_frw.gif HTTP/1.1" 200 925
191.95.134.236 - - [09/Apr/2022:21:51:10 -0500] "POST /forms/lservlet;jsessionid=ac16012b30d673f6d2d4e76547b0907bafa2467e5735.e3iSbxaKaheRe34Sc38RahyRchr0n6jAmljGr5XDqQLvpAe HTTP/1.1" 200 19
172.22.2.4 - - [09/Apr/2022:21:49:58 -0500] "HEAD /BLA/boletinlegal/ HTTP/1.1" 200 -
191.95.134.236 - - [09/Apr/2022:21:52:24 -0500] "POST /forms/lservlet;jsessionid=ac16012b30d673f6d2d4e76547b0907bafa2467e5735.e3iSbxaKaheRe34Sc38RahyRchr0n6jAmljGr5XDqQLvpAe HTTP/1.1" 200 24
191.95.134.236 - - [09/Apr/2022:21:52:24 -0500] "POST /forms/lservlet;jsessionid=ac16012b30d673f6d2d4e76547b0907bafa2467e5735.e3iSbxaKaheRe34Sc38RahyRchr0n6jAmljGr5XDqQLvpAe HTTP/1.1" 200 14
191.95.134.236 - - [09/Apr/2022:21:52:25 -0500] "POST /forms/lservlet;jsessionid=ac16012b30d673f6d2d4e76547b0907bafa2467e5735.e3iSbxaKaheRe34Sc38RahyRchr0n6jAmljGr5XDqQLvpAe HTTP/1.1" 200 3957
191.95.134.236 - - [09/Apr/2022:21:52:26 -0500] "POST /forms/lservlet;jsessionid=ac16012b30d673f6d2d4e76547b0907bafa2467e5735.e3iSbxaKaheRe34Sc38RahyRchr0n6jAmljGr5XDqQLvpAe HTTP/1.1" 200 2
172.22.2.4 - - [09/Apr/2022:21:50:48 -0500] "GET /BLA/boletinlegal/ HTTP/1.1" 200 60105
216.245.221.92 - - [09/Apr/2022:21:52:37 -0500] "HEAD / HTTP/1.1" 200 -
191.95.134.236 - - [09/Apr/2022:21:52:59 -0500] "POST /forms/lservlet;jsessionid=ac16012b30d673f6d2d4e76547b0907bafa2467e5735.e3iSbxaKaheRe34Sc38RahyRchr0n6jAmljGr5XDqQLvpAe HTTP/1.1" 200 2
69.171.249.24 - - [09/Apr/2022:21:54:20 -0500] "GET /images/jardines-verticales-4-marzo.jpg HTTP/1.1" 200 54804
191.95.134.236 - - [09/Apr/2022:21:54:59 -0500] "POST /forms/lservlet;jsessionid=ac16012b30d673f6d2d4e76547b0907bafa2467e5735.e3iSbxaKaheRe34Sc38RahyRchr0n6jAmljGr5XDqQLvpAe HTTP/1.1" 200 2
66.249.65.13 - - [09/Apr/2022:21:55:48 -0500] "-" 408 -
191.95.134.236 - - [09/Apr/2022:21:56:59 -0500] "POST /forms/lservlet;jsessionid=ac16012b30d673f6d2d4e76547b0907bafa2467e5735.e3iSbxaKaheRe34Sc38RahyRchr0n6jAmljGr5XDqQLvpAe HTTP/1.1" 200 2
172.22.2.4 - - [09/Apr/2022:21:55:48 -0500] "HEAD /BLA/boletinlegal/ HTTP/1.1" 200 -
191.95.134.236 - - [09/Apr/2022:21:57:34 -0500] "POST /forms/lservlet;jsessionid=ac16012b30d673f6d2d4e76547b0907bafa2467e5735.e3iSbxaKaheRe34Sc38RahyRchr0n6jAmljGr5XDqQLvpAe HTTP/1.1" 200 131
216.245.221.92 - - [09/Apr/2022:21:57:37 -0500] "HEAD / HTTP/1.1" 200 -
191.95.134.236 - - [09/Apr/2022:21:57:47 -0500] "POST /forms/lservlet;jsessionid=ac16012b30d673f6d2d4e76547b0907bafa2467e5735.e3iSbxaKaheRe34Sc38RahyRchr0n6jAmljGr5XDqQLvpAe HTTP/1.1" 200 139
191.95.134.236 - - [09/Apr/2022:21:57:57 -0500] "POST /forms/lservlet;jsessionid=ac16012b30d673f6d2d4e76547b0907bafa2467e5735.e3iSbxaKaheRe34Sc38RahyRchr0n6jAmljGr5XDqQLvpAe HTTP/1.1" 200 121
172.22.2.4 - - [09/Apr/2022:21:56:43 -0500] "GET /BLA/boletinlegal/ HTTP/1.1" 200 55089
191.95.134.236 - - [09/Apr/2022:21:58:27 -0500] "POST /forms/lservlet;jsessionid=ac16012b30d673f6d2d4e76547b0907bafa2467e5735.e3iSbxaKaheRe34Sc38RahyRchr0n6jAmljGr5XDqQLvpAe HTTP/1.1" 200 93
191.95.134.236 - - [09/Apr/2022:21:58:59 -0500] "POST /forms/lservlet;jsessionid=ac16012b30d673f6d2d4e76547b0907bafa2467e5735.e3iSbxaKaheRe34Sc38RahyRchr0n6jAmljGr5XDqQLvpAe HTTP/1.1" 200 2
191.95.134.236 - - [09/Apr/2022:21:59:11 -0500] "POST /forms/lservlet;jsessionid=ac16012b30d673f6d2d4e76547b0907bafa2467e5735.e3iSbxaKaheRe34Sc38RahyRchr0n6jAmljGr5XDqQLvpAe HTTP/1.1" 200 2
191.95.134.236 - - [09/Apr/2022:21:59:11 -0500] "POST /forms/lservlet;jsessionid=ac16012b30d673f6d2d4e76547b0907bafa2467e5735.e3iSbxaKaheRe34Sc38RahyRchr0n6jAmljGr5XDqQLvpAe HTTP/1.1" 200 14
191.95.134.236 - - [09/Apr/2022:21:59:12 -0500] "POST /forms/lservlet;jsessionid=ac16012b30d673f6d2d4e76547b0907bafa2467e5735.e3iSbxaKaheRe34Sc38RahyRchr0n6jAmljGr5XDqQLvpAe HTTP/1.1" 200 14
191.95.134.236 - - [09/Apr/2022:21:59:13 -0500] "POST /forms/lservlet;jsessionid=ac16012b30d673f6d2d4e76547b0907bafa2467e5735.e3iSbxaKaheRe34Sc38RahyRchr0n6jAmljGr5XDqQLvpAe HTTP/1.1" 200 14
191.95.134.236 - - [09/Apr/2022:21:59:15 -0500] "POST /forms/lservlet;jsessionid=ac16012b30d673f6d2d4e76547b0907bafa2467e5735.e3iSbxaKaheRe34Sc38RahyRchr0n6jAmljGr5XDqQLvpAe HTTP/1.1" 200 14
191.95.134.236 - - [09/Apr/2022:21:59:17 -0500] "POST /forms/lservlet;jsessionid=ac16012b30d673f6d2d4e76547b0907bafa2467e5735.e3iSbxaKaheRe34Sc38RahyRchr0n6jAmljGr5XDqQLvpAe HTTP/1.1" 200 106
191.95.134.236 - - [09/Apr/2022:21:59:17 -0500] "POST /forms/lservlet;jsessionid=ac16012b30d673f6d2d4e76547b0907bafa2467e5735.e3iSbxaKaheRe34Sc38RahyRchr0n6jAmljGr5XDqQLvpAe HTTP/1.1" 200 11
191.95.134.236 - - [09/Apr/2022:21:59:17 -0500] "GET /reports/rwservlet/getjobid74804?server=repnomi HTTP/1.1" 200 47614
191.95.134.236 - - [09/Apr/2022:22:00:11 -0500] "POST /forms/lservlet;jsessionid=ac16012b30d673f6d2d4e76547b0907bafa2467e5735.e3iSbxaKaheRe34Sc38RahyRchr0n6jAmljGr5XDqQLvpAe HTTP/1.1" 200 2
173.252.107.8 - - [09/Apr/2022:22:00:11 -0500] "GET /images/acuerdos-enero-19.jpg HTTP/1.1" 200 56694
191.95.134.236 - - [09/Apr/2022:22:00:11 -0500] "POST /forms/lservlet;jsessionid=ac16012b30d673f6d2d4e76547b0907bafa2467e5735.e3iSbxaKaheRe34Sc38RahyRchr0n6jAmljGr5XDqQLvpAe HTTP/1.1" 200 14
191.95.134.236 - - [09/Apr/2022:22:00:12 -0500] "POST /forms/lservlet;jsessionid=ac16012b30d673f6d2d4e76547b0907bafa2467e5735.e3iSbxaKaheRe34Sc38RahyRchr0n6jAmljGr5XDqQLvpAe HTTP/1.1" 200 14
191.95.134.236 - - [09/Apr/2022:22:00:13 -0500] "POST /forms/lservlet;jsessionid=ac16012b30d673f6d2d4e76547b0907bafa2467e5735.e3iSbxaKaheRe34Sc38RahyRchr0n6jAmljGr5XDqQLvpAe HTTP/1.1" 200 107
191.95.134.236 - - [09/Apr/2022:22:00:13 -0500] "POST /forms/lservlet;jsessionid=ac16012b30d673f6d2d4e76547b0907bafa2467e5735.e3iSbxaKaheRe34Sc38RahyRchr0n6jAmljGr5XDqQLvpAe HTTP/1.1" 200 7
191.95.134.236 - - [09/Apr/2022:22:00:14 -0500] "GET /reports/rwservlet/getjobid74805?server=repnomi HTTP/1.1" 200 47542
181.52.223.75 - - [09/Apr/2022:22:00:54 -0500] "GET /forest/ HTTP/1.1" 200 12041
191.95.134.236 - - [09/Apr/2022:22:00:59 -0500] "POST /forms/lservlet;jsessionid=ac16012b30d673f6d2d4e76547b0907bafa2467e5735.e3iSbxaKaheRe34Sc38RahyRchr0n6jAmljGr5XDqQLvpAe HTTP/1.1" 200 2
191.95.134.236 - - [09/Apr/2022:22:00:59 -0500] "POST /forms/lservlet;jsessionid=ac16012b30d673f6d2d4e76547b0907bafa2467e5735.e3iSbxaKaheRe34Sc38RahyRchr0n6jAmljGr5XDqQLvpAe HTTP/1.1" 200 2
191.95.134.236 - - [09/Apr/2022:22:01:00 -0500] "POST /forms/lservlet;jsessionid=ac16012b30d673f6d2d4e76547b0907bafa2467e5735.e3iSbxaKaheRe34Sc38RahyRchr0n6jAmljGr5XDqQLvpAe HTTP/1.1" 200 14
191.95.134.236 - - [09/Apr/2022:22:01:01 -0500] "POST /forms/lservlet;jsessionid=ac16012b30d673f6d2d4e76547b0907bafa2467e5735.e3iSbxaKaheRe34Sc38RahyRchr0n6jAmljGr5XDqQLvpAe HTTP/1.1" 200 14
191.95.134.236 - - [09/Apr/2022:22:01:02 -0500] "POST /forms/lservlet;jsessionid=ac16012b30d673f6d2d4e76547b0907bafa2467e5735.e3iSbxaKaheRe34Sc38RahyRchr0n6jAmljGr5XDqQLvpAe HTTP/1.1" 200 14
191.95.134.236 - - [09/Apr/2022:22:01:04 -0500] "POST /forms/lservlet;jsessionid=ac16012b30d673f6d2d4e76547b0907bafa2467e5735.e3iSbxaKaheRe34Sc38RahyRchr0n6jAmljGr5XDqQLvpAe HTTP/1.1" 200 107
191.95.134.236 - - [09/Apr/2022:22:01:04 -0500] "POST /forms/lservlet;jsessionid=ac16012b30d673f6d2d4e76547b0907bafa2467e5735.e3iSbxaKaheRe34Sc38RahyRchr0n6jAmljGr5XDqQLvpAe HTTP/1.1" 200 7
181.52.223.75 - - [09/Apr/2022:22:01:06 -0500] "POST /forest/index.php HTTP/1.1" 200 12268
191.95.134.236 - - [09/Apr/2022:22:01:04 -0500] "GET /reports/rwservlet/getjobid74806?server=repnomi HTTP/1.1" 200 2197461
191.95.134.236 - - [09/Apr/2022:22:01:46 -0500] "POST /forms/lservlet;jsessionid=ac16012b30d673f6d2d4e76547b0907bafa2467e5735.e3iSbxaKaheRe34Sc38RahyRchr0n6jAmljGr5XDqQLvpAe HTTP/1.1" 200 2027
191.95.134.236 - - [09/Apr/2022:22:01:46 -0500] "POST /forms/lservlet;jsessionid=ac16012b30d673f6d2d4e76547b0907bafa2467e5735.e3iSbxaKaheRe34Sc38RahyRchr0n6jAmljGr5XDqQLvpAe HTTP/1.1" 200 78
191.95.134.236 - - [09/Apr/2022:22:02:22 -0500] "POST /forms/lservlet;jsessionid=ac16012b30d673f6d2d4e76547b0907bafa2467e5735.e3iSbxaKaheRe34Sc38RahyRchr0n6jAmljGr5XDqQLvpAe HTTP/1.1" 200 34757
191.95.134.236 - - [09/Apr/2022:22:02:23 -0500] "GET /imagenes/listval.gif HTTP/1.1" 200 905
191.95.134.236 - - [09/Apr/2022:22:02:23 -0500] "POST /forms/lservlet;jsessionid=ac16012b30d673f6d2d4e76547b0907bafa2467e5735.e3iSbxaKaheRe34Sc38RahyRchr0n6jAmljGr5XDqQLvpAe HTTP/1.1" 200 7
191.95.134.236 - - [09/Apr/2022:22:02:23 -0500] "POST /forms/lservlet;jsessionid=ac16012b30d673f6d2d4e76547b0907bafa2467e5735.e3iSbxaKaheRe34Sc38RahyRchr0n6jAmljGr5XDqQLvpAe HTTP/1.1" 200 34
191.95.134.236 - - [09/Apr/2022:22:02:23 -0500] "POST /forms/lservlet;jsessionid=ac16012b30d673f6d2d4e76547b0907bafa2467e5735.e3iSbxaKaheRe34Sc38RahyRchr0n6jAmljGr5XDqQLvpAe HTTP/1.1" 200 2
191.95.134.236 - - [09/Apr/2022:22:02:24 -0500] "POST /forms/lservlet;jsessionid=ac16012b30d673f6d2d4e76547b0907bafa2467e5735.e3iSbxaKaheRe34Sc38RahyRchr0n6jAmljGr5XDqQLvpAe HTTP/1.1" 200 2
191.95.134.236 - - [09/Apr/2022:22:02:24 -0500] "POST /forms/lservlet;jsessionid=ac16012b30d673f6d2d4e76547b0907bafa2467e5735.e3iSbxaKaheRe34Sc38RahyRchr0n6jAmljGr5XDqQLvpAe HTTP/1.1" 200 662
191.95.134.236 - - [09/Apr/2022:22:02:24 -0500] "GET /imagenes/Srch_frw.gif HTTP/1.1" 200 925
191.95.134.236 - - [09/Apr/2022:22:02:24 -0500] "POST /forms/lservlet;jsessionid=ac16012b30d673f6d2d4e76547b0907bafa2467e5735.e3iSbxaKaheRe34Sc38RahyRchr0n6jAmljGr5XDqQLvpAe HTTP/1.1" 200 10
191.95.134.236 - - [09/Apr/2022:22:02:26 -0500] "POST /forms/lservlet;jsessionid=ac16012b30d673f6d2d4e76547b0907bafa2467e5735.e3iSbxaKaheRe34Sc38RahyRchr0n6jAmljGr5XDqQLvpAe HTTP/1.1" 200 26
191.95.134.236 - - [09/Apr/2022:22:02:26 -0500] "POST /forms/lservlet;jsessionid=ac16012b30d673f6d2d4e76547b0907bafa2467e5735.e3iSbxaKaheRe34Sc38RahyRchr0n6jAmljGr5XDqQLvpAe HTTP/1.1" 200 14
191.95.134.236 - - [09/Apr/2022:22:02:27 -0500] "POST /forms/lservlet;jsessionid=ac16012b30d673f6d2d4e76547b0907bafa2467e5735.e3iSbxaKaheRe34Sc38RahyRchr0n6jAmljGr5XDqQLvpAe HTTP/1.1" 200 14
191.95.134.236 - - [09/Apr/2022:22:02:29 -0500] "POST /forms/lservlet;jsessionid=ac16012b30d673f6d2d4e76547b0907bafa2467e5735.e3iSbxaKaheRe34Sc38RahyRchr0n6jAmljGr5XDqQLvpAe HTTP/1.1" 200 4970
191.95.134.236 - - [09/Apr/2022:22:02:29 -0500] "POST /forms/lservlet;jsessionid=ac16012b30d673f6d2d4e76547b0907bafa2467e5735.e3iSbxaKaheRe34Sc38RahyRchr0n6jAmljGr5XDqQLvpAe HTTP/1.1" 200 2
216.245.221.92 - - [09/Apr/2022:22:02:37 -0500] "HEAD / HTTP/1.1" 200 -
191.95.134.236 - - [09/Apr/2022:22:02:47 -0500] "POST /forms/lservlet;jsessionid=ac16012b30d673f6d2d4e76547b0907bafa2467e5735.e3iSbxaKaheRe34Sc38RahyRchr0n6jAmljGr5XDqQLvpAe HTTP/1.1" 200 2
191.95.134.236 - - [09/Apr/2022:22:02:48 -0500] "POST /forms/lservlet;jsessionid=ac16012b30d673f6d2d4e76547b0907bafa2467e5735.e3iSbxaKaheRe34Sc38RahyRchr0n6jAmljGr5XDqQLvpAe HTTP/1.1" 200 14
191.95.134.236 - - [09/Apr/2022:22:02:49 -0500] "POST /forms/lservlet;jsessionid=ac16012b30d673f6d2d4e76547b0907bafa2467e5735.e3iSbxaKaheRe34Sc38RahyRchr0n6jAmljGr5XDqQLvpAe HTTP/1.1" 200 14
191.95.134.236 - - [09/Apr/2022:22:02:50 -0500] "POST /forms/lservlet;jsessionid=ac16012b30d673f6d2d4e76547b0907bafa2467e5735.e3iSbxaKaheRe34Sc38RahyRchr0n6jAmljGr5XDqQLvpAe HTTP/1.1" 200 14
191.95.134.236 - - [09/Apr/2022:22:02:52 -0500] "POST /forms/lservlet;jsessionid=ac16012b30d673f6d2d4e76547b0907bafa2467e5735.e3iSbxaKaheRe34Sc38RahyRchr0n6jAmljGr5XDqQLvpAe HTTP/1.1" 200 14
191.95.134.236 - - [09/Apr/2022:22:02:53 -0500] "POST /forms/lservlet;jsessionid=ac16012b30d673f6d2d4e76547b0907bafa2467e5735.e3iSbxaKaheRe34Sc38RahyRchr0n6jAmljGr5XDqQLvpAe HTTP/1.1" 200 127
191.95.134.236 - - [09/Apr/2022:22:02:54 -0500] "POST /forms/lservlet;jsessionid=ac16012b30d673f6d2d4e76547b0907bafa2467e5735.e3iSbxaKaheRe34Sc38RahyRchr0n6jAmljGr5XDqQLvpAe HTTP/1.1" 200 2
191.95.134.236 - - [09/Apr/2022:22:02:54 -0500] "GET /reports/rwservlet/getjobid74807?server=repnomi HTTP/1.1" 200 47820
191.95.134.236 - - [09/Apr/2022:22:02:59 -0500] "POST /forms/lservlet;jsessionid=ac16012b30d673f6d2d4e76547b0907bafa2467e5735.e3iSbxaKaheRe34Sc38RahyRchr0n6jAmljGr5XDqQLvpAe HTTP/1.1" 200 2
172.22.2.4 - - [09/Apr/2022:22:01:38 -0500] "HEAD /BLA/boletinlegal/ HTTP/1.1" 200 -
191.95.134.236 - - [09/Apr/2022:22:04:01 -0500] "POST /forms/lservlet;jsessionid=ac16012b30d673f6d2d4e76547b0907bafa2467e5735.e3iSbxaKaheRe34Sc38RahyRchr0n6jAmljGr5XDqQLvpAe HTTP/1.1" 200 2
191.95.134.236 - - [09/Apr/2022:22:04:01 -0500] "POST /forms/lservlet;jsessionid=ac16012b30d673f6d2d4e76547b0907bafa2467e5735.e3iSbxaKaheRe34Sc38RahyRchr0n6jAmljGr5XDqQLvpAe HTTP/1.1" 200 14
191.95.134.236 - - [09/Apr/2022:22:04:03 -0500] "POST /forms/lservlet;jsessionid=ac16012b30d673f6d2d4e76547b0907bafa2467e5735.e3iSbxaKaheRe34Sc38RahyRchr0n6jAmljGr5XDqQLvpAe HTTP/1.1" 200 112
191.95.134.236 - - [09/Apr/2022:22:04:04 -0500] "POST /forms/lservlet;jsessionid=ac16012b30d673f6d2d4e76547b0907bafa2467e5735.e3iSbxaKaheRe34Sc38RahyRchr0n6jAmljGr5XDqQLvpAe HTTP/1.1" 200 2
191.95.134.236 - - [09/Apr/2022:22:04:04 -0500] "GET /reports/rwservlet/getjobid74808?server=repnomi HTTP/1.1" 200 47701
172.22.2.4 - - [09/Apr/2022:22:02:28 -0500] "GET /BLA/boletinlegal/ HTTP/1.1" 200 58588
191.95.134.236 - - [09/Apr/2022:22:04:51 -0500] "POST /forms/lservlet;jsessionid=ac16012b30d673f6d2d4e76547b0907bafa2467e5735.e3iSbxaKaheRe34Sc38RahyRchr0n6jAmljGr5XDqQLvpAe HTTP/1.1" 200 2
191.95.134.236 - - [09/Apr/2022:22:04:51 -0500] "POST /forms/lservlet;jsessionid=ac16012b30d673f6d2d4e76547b0907bafa2467e5735.e3iSbxaKaheRe34Sc38RahyRchr0n6jAmljGr5XDqQLvpAe HTTP/1.1" 200 14
191.95.134.236 - - [09/Apr/2022:22:04:52 -0500] "POST /forms/lservlet;jsessionid=ac16012b30d673f6d2d4e76547b0907bafa2467e5735.e3iSbxaKaheRe34Sc38RahyRchr0n6jAmljGr5XDqQLvpAe HTTP/1.1" 200 14
191.95.134.236 - - [09/Apr/2022:22:04:53 -0500] "POST /forms/lservlet;jsessionid=ac16012b30d673f6d2d4e76547b0907bafa2467e5735.e3iSbxaKaheRe34Sc38RahyRchr0n6jAmljGr5XDqQLvpAe HTTP/1.1" 200 14
191.95.134.236 - - [09/Apr/2022:22:04:55 -0500] "POST /forms/lservlet;jsessionid=ac16012b30d673f6d2d4e76547b0907bafa2467e5735.e3iSbxaKaheRe34Sc38RahyRchr0n6jAmljGr5XDqQLvpAe HTTP/1.1" 200 14
191.95.134.236 - - [09/Apr/2022:22:04:57 -0500] "POST /forms/lservlet;jsessionid=ac16012b30d673f6d2d4e76547b0907bafa2467e5735.e3iSbxaKaheRe34Sc38RahyRchr0n6jAmljGr5XDqQLvpAe HTTP/1.1" 200 15
191.95.134.236 - - [09/Apr/2022:22:05:00 -0500] "POST /forms/lservlet;jsessionid=ac16012b30d673f6d2d4e76547b0907bafa2467e5735.e3iSbxaKaheRe34Sc38RahyRchr0n6jAmljGr5XDqQLvpAe HTTP/1.1" 200 15
191.95.134.236 - - [09/Apr/2022:22:05:04 -0500] "POST /forms/lservlet;jsessionid=ac16012b30d673f6d2d4e76547b0907bafa2467e5735.e3iSbxaKaheRe34Sc38RahyRchr0n6jAmljGr5XDqQLvpAe HTTP/1.1" 200 15
191.95.134.236 - - [09/Apr/2022:22:05:11 -0500] "POST /forms/lservlet;jsessionid=ac16012b30d673f6d2d4e76547b0907bafa2467e5735.e3iSbxaKaheRe34Sc38RahyRchr0n6jAmljGr5XDqQLvpAe HTTP/1.1" 200 109
191.95.134.236 - - [09/Apr/2022:22:05:11 -0500] "POST /forms/lservlet;jsessionid=ac16012b30d673f6d2d4e76547b0907bafa2467e5735.e3iSbxaKaheRe34Sc38RahyRchr0n6jAmljGr5XDqQLvpAe HTTP/1.1" 200 2
191.95.134.236 - - [09/Apr/2022:22:05:11 -0500] "GET /reports/rwservlet/getjobid74809?server=repnomi HTTP/1.1" 200 13971429
191.95.134.236 - - [09/Apr/2022:22:06:03 -0500] "POST /forms/lservlet;jsessionid=ac16012b30d673f6d2d4e76547b0907bafa2467e5735.e3iSbxaKaheRe34Sc38RahyRchr0n6jAmljGr5XDqQLvpAe HTTP/1.1" 200 2
191.95.134.236 - - [09/Apr/2022:22:06:03 -0500] "POST /forms/lservlet;jsessionid=ac16012b30d673f6d2d4e76547b0907bafa2467e5735.e3iSbxaKaheRe34Sc38RahyRchr0n6jAmljGr5XDqQLvpAe HTTP/1.1" 200 14
191.95.134.236 - - [09/Apr/2022:22:06:05 -0500] "POST /forms/lservlet;jsessionid=ac16012b30d673f6d2d4e76547b0907bafa2467e5735.e3iSbxaKaheRe34Sc38RahyRchr0n6jAmljGr5XDqQLvpAe HTTP/1.1" 200 109
191.95.134.236 - - [09/Apr/2022:22:06:05 -0500] "POST /forms/lservlet;jsessionid=ac16012b30d673f6d2d4e76547b0907bafa2467e5735.e3iSbxaKaheRe34Sc38RahyRchr0n6jAmljGr5XDqQLvpAe HTTP/1.1" 200 2
191.95.134.236 - - [09/Apr/2022:22:06:05 -0500] "GET /reports/rwservlet/getjobid74810?server=repnomi HTTP/1.1" 200 58916
191.95.134.236 - - [09/Apr/2022:22:06:48 -0500] "POST /forms/lservlet;jsessionid=ac16012b30d673f6d2d4e76547b0907bafa2467e5735.e3iSbxaKaheRe34Sc38RahyRchr0n6jAmljGr5XDqQLvpAe HTTP/1.1" 200 2
191.95.134.236 - - [09/Apr/2022:22:06:49 -0500] "POST /forms/lservlet;jsessionid=ac16012b30d673f6d2d4e76547b0907bafa2467e5735.e3iSbxaKaheRe34Sc38RahyRchr0n6jAmljGr5XDqQLvpAe HTTP/1.1" 200 14
191.95.134.236 - - [09/Apr/2022:22:06:50 -0500] "POST /forms/lservlet;jsessionid=ac16012b30d673f6d2d4e76547b0907bafa2467e5735.e3iSbxaKaheRe34Sc38RahyRchr0n6jAmljGr5XDqQLvpAe HTTP/1.1" 200 109
191.95.134.236 - - [09/Apr/2022:22:06:51 -0500] "POST /forms/lservlet;jsessionid=ac16012b30d673f6d2d4e76547b0907bafa2467e5735.e3iSbxaKaheRe34Sc38RahyRchr0n6jAmljGr5XDqQLvpAe HTTP/1.1" 200 2
191.95.134.236 - - [09/Apr/2022:22:06:51 -0500] "GET /reports/rwservlet/getjobid74811?server=repnomi HTTP/1.1" 200 58916
191.95.134.236 - - [09/Apr/2022:22:07:00 -0500] "POST /forms/lservlet;jsessionid=ac16012b30d673f6d2d4e76547b0907bafa2467e5735.e3iSbxaKaheRe34Sc38RahyRchr0n6jAmljGr5XDqQLvpAe HTTP/1.1" 200 2
191.95.134.236 - - [09/Apr/2022:22:07:03 -0500] "POST /forms/lservlet;jsessionid=ac16012b30d673f6d2d4e76547b0907bafa2467e5735.e3iSbxaKaheRe34Sc38RahyRchr0n6jAmljGr5XDqQLvpAe HTTP/1.1" 200 2
191.95.134.236 - - [09/Apr/2022:22:07:04 -0500] "POST /forms/lservlet;jsessionid=ac16012b30d673f6d2d4e76547b0907bafa2467e5735.e3iSbxaKaheRe34Sc38RahyRchr0n6jAmljGr5XDqQLvpAe HTTP/1.1" 200 14
191.95.134.236 - - [09/Apr/2022:22:07:05 -0500] "POST /forms/lservlet;jsessionid=ac16012b30d673f6d2d4e76547b0907bafa2467e5735.e3iSbxaKaheRe34Sc38RahyRchr0n6jAmljGr5XDqQLvpAe HTTP/1.1" 200 14
191.95.134.236 - - [09/Apr/2022:22:07:06 -0500] "POST /forms/lservlet;jsessionid=ac16012b30d673f6d2d4e76547b0907bafa2467e5735.e3iSbxaKaheRe34Sc38RahyRchr0n6jAmljGr5XDqQLvpAe HTTP/1.1" 200 14
191.95.134.236 - - [09/Apr/2022:22:07:07 -0500] "POST /forms/lservlet;jsessionid=ac16012b30d673f6d2d4e76547b0907bafa2467e5735.e3iSbxaKaheRe34Sc38RahyRchr0n6jAmljGr5XDqQLvpAe HTTP/1.1" 200 14
191.95.134.236 - - [09/Apr/2022:22:07:09 -0500] "POST /forms/lservlet;jsessionid=ac16012b30d673f6d2d4e76547b0907bafa2467e5735.e3iSbxaKaheRe34Sc38RahyRchr0n6jAmljGr5XDqQLvpAe HTTP/1.1" 200 109
191.95.134.236 - - [09/Apr/2022:22:07:10 -0500] "POST /forms/lservlet;jsessionid=ac16012b30d673f6d2d4e76547b0907bafa2467e5735.e3iSbxaKaheRe34Sc38RahyRchr0n6jAmljGr5XDqQLvpAe HTTP/1.1" 200 2
191.95.134.236 - - [09/Apr/2022:22:07:10 -0500] "GET /reports/rwservlet/getjobid74812?server=repnomi HTTP/1.1" 200 56403
216.245.221.92 - - [09/Apr/2022:22:07:37 -0500] "HEAD / HTTP/1.1" 200 -
191.95.134.236 - - [09/Apr/2022:22:09:00 -0500] "POST /forms/lservlet;jsessionid=ac16012b30d673f6d2d4e76547b0907bafa2467e5735.e3iSbxaKaheRe34Sc38RahyRchr0n6jAmljGr5XDqQLvpAe HTTP/1.1" 200 2
172.22.2.4 - - [09/Apr/2022:22:07:27 -0500] "HEAD /BLA/boletinlegal/ HTTP/1.1" 200 -
191.95.134.236 - - [09/Apr/2022:22:09:24 -0500] "POST /forms/lservlet;jsessionid=ac16012b30d673f6d2d4e76547b0907bafa2467e5735.e3iSbxaKaheRe34Sc38RahyRchr0n6jAmljGr5XDqQLvpAe HTTP/1.1" 200 95
191.95.134.236 - - [09/Apr/2022:22:09:25 -0500] "POST /forms/lservlet;jsessionid=ac16012b30d673f6d2d4e76547b0907bafa2467e5735.e3iSbxaKaheRe34Sc38RahyRchr0n6jAmljGr5XDqQLvpAe HTTP/1.1" 200 -
190.242.44.194 - - [09/Apr/2022:22:09:33 -0500] "GET /si-eres-mujer-y-te-gusta-el-cuidado-de-los-humedales-este-proceso-de-formacion-es-para-ti.html HTTP/1.1" 200 1025
190.242.44.194 - - [09/Apr/2022:22:09:33 -0500] "GET /favicon.ico HTTP/1.1" 404 1482
172.22.2.4 - - [09/Apr/2022:22:08:18 -0500] "GET /BLA/boletinlegal/ HTTP/1.1" 200 59170
217.182.175.162 - - [09/Apr/2022:22:11:14 -0500] "HEAD /en-semana-santa-no-uses-palmas-ni-traigas-o-consumas-animales-silvestres.html HTTP/1.1" 200 -
89.40.120.41 - - [09/Apr/2022:22:11:56 -0500] "GET /en-semana-santa-no-uses-palmas-ni-traigas-o-consumas-animales-silvestres.html HTTP/1.1" 200 959
216.245.221.92 - - [09/Apr/2022:22:12:37 -0500] "HEAD / HTTP/1.1" 200 -
172.22.2.4 - - [09/Apr/2022:22:13:17 -0500] "HEAD /BLA/boletinlegal/ HTTP/1.1" 200 -
172.22.2.4 - - [09/Apr/2022:22:14:08 -0500] "GET /BLA/boletinlegal/ HTTP/1.1" 200 61416
190.156.90.221 - - [09/Apr/2022:22:16:01 -0500] "GET /BLA/ HTTP/1.1" 200 538
190.156.90.221 - - [09/Apr/2022:22:16:05 -0500] "GET /BLA/boletinlegal/actos.php HTTP/1.1" 200 9559
190.156.90.221 - - [09/Apr/2022:22:16:08 -0500] "GET /BLA/resoluciones/ HTTP/1.1" 200 13093
190.156.90.221 - - [09/Apr/2022:22:16:10 -0500] "GET /BLA/resoluciones/index.php?dir=AUTOS+2021%2F HTTP/1.1" 200 351895
190.242.96.66 - - [09/Apr/2022:22:16:17 -0500] "GET /caminos-de-los-cerros-habilitados-en-esta-semana-santa-2022.html?fbclid=IwAR06RG5OTiww2_hkqtQ3KVZ3v6az4gJeDtCxpL1Ml8wQZUoCwSmnobSBuWw HTTP/1.1" 200 832
190.156.90.221 - - [09/Apr/2022:22:16:03 -0500] "GET /BLA/boletinlegal/index.php HTTP/1.1" 200 16331
167.248.133.117 - - [09/Apr/2022:22:16:57 -0500] "GET / HTTP/1.1" 200 319
167.248.133.117 - - [09/Apr/2022:22:16:58 -0500] "GET / HTTP/1.1" 200 319
167.248.133.117 - - [09/Apr/2022:22:16:58 -0500] "PRI * HTTP/2.0" 400 946
216.245.221.92 - - [09/Apr/2022:22:17:37 -0500] "HEAD / HTTP/1.1" 200 -
173.252.127.3 - - [09/Apr/2022:22:19:17 -0500] "GET /images/musgo-planta-flora-bogota-27-noviembre.jpg HTTP/1.1" 200 65902
173.252.127.25 - - [09/Apr/2022:22:19:17 -0500] "GET /en-navidad-bogota-protege-el-musgo-y-sus-ecosistemas.html HTTP/1.1" 206 802
173.252.127.22 - - [09/Apr/2022:22:19:17 -0500] "GET /en-navidad-bogota-protege-el-musgo-y-sus-ecosistemas.html HTTP/1.1" 206 802
190.156.90.221 - - [09/Apr/2022:22:19:31 -0500] "GET /BLA/resoluciones/AUTOS%202021/6044.pdf HTTP/1.1" 200 365085
172.22.2.4 - - [09/Apr/2022:22:19:08 -0500] "HEAD /BLA/boletinlegal/ HTTP/1.1" 200 -
172.22.2.4 - - [09/Apr/2022:22:19:58 -0500] "GET /BLA/boletinlegal/ HTTP/1.1" 200 59170
216.245.221.92 - - [09/Apr/2022:22:22:37 -0500] "HEAD / HTTP/1.1" 200 -
207.46.13.157 - - [09/Apr/2022:22:22:58 -0500] "GET /BLA/resoluciones/index.php?dir=AUTOS+2019%2F HTTP/1.1" 200 342490
102.129.145.27 - - [09/Apr/2022:22:23:42 -0500] "GET / HTTP/1.1" 200 319
201.245.192.253 - - [09/Apr/2022:22:22:56 -0500] "POST /kwsrmcab/Wsrmcab HTTP/1.1" 200 45731
17.121.115.110 - - [09/Apr/2022:22:23:56 -0500] "-" 408 -
172.22.2.4 - - [09/Apr/2022:22:23:42 -0500] "GET /BLA/boletinlegal/ HTTP/1.1" 200 32715
201.245.192.253 - - [09/Apr/2022:22:23:46 -0500] "POST /kwsrmcab/Wsrmcab HTTP/1.1" 200 45727
172.22.2.4 - - [09/Apr/2022:22:24:57 -0500] "HEAD /BLA/boletinlegal/ HTTP/1.1" 200 -
35.208.187.63 - - [09/Apr/2022:22:26:44 -0500] "HEAD /BLA/resoluciones/RESOLUCIONES%202017/0520.pdf HTTP/1.1" 200 -
172.22.2.4 - - [09/Apr/2022:22:27:14 -0500] "GET /BLA/boletinlegal/actos.php HTTP/1.1" 200 9559
172.22.2.4 - - [09/Apr/2022:22:25:48 -0500] "GET /BLA/boletinlegal/ HTTP/1.1" 200 58588
216.245.221.92 - - [09/Apr/2022:22:27:37 -0500] "HEAD / HTTP/1.1" 200 -
186.84.22.225 - - [09/Apr/2022:22:27:39 -0500] "GET /BLA/resoluciones/ HTTP/1.1" 200 13093
186.84.22.225 - - [09/Apr/2022:22:28:40 -0500] "GET /BLA/resoluciones/index.php?dir=RESOLUCIONES+2015%2F HTTP/1.1" 200 129010
186.84.22.225 - - [09/Apr/2022:22:29:30 -0500] "GET /BLA/resoluciones/RESOLUCIONES%202015/2848.pdf HTTP/1.1" 200 817326
186.31.130.206 - - [09/Apr/2022:22:29:55 -0500] "GET /BLA/resoluciones/ HTTP/1.1" 200 13093
186.31.130.206 - - [09/Apr/2022:22:29:59 -0500] "GET /BLA/resoluciones/index.php?dir=AUTOS+2010%2F HTTP/1.1" 200 274332
172.22.2.4 - - [09/Apr/2022:22:30:36 -0500] "GET /BLA/boletinlegal/Circulares/2020/Circular%20No.%2000018%20del%2002%20de%20diciembre%20del%202020.pdf HTTP/1.1" 200 276868
54.39.48.71 - - [09/Apr/2022:22:30:57 -0500] "GET /en-semana-santa-no-uses-palmas-ni-traigas-o-consumas-animales-silvestres.html HTTP/1.1" 200 959
66.249.65.13 - - [09/Apr/2022:22:31:07 -0500] "-" 408 -
172.22.2.4 - - [09/Apr/2022:22:30:48 -0500] "HEAD /BLA/boletinlegal/ HTTP/1.1" 200 -
216.245.221.92 - - [09/Apr/2022:22:32:37 -0500] "HEAD / HTTP/1.1" 200 -
172.22.2.4 - - [09/Apr/2022:22:31:38 -0500] "GET /BLA/boletinlegal/ HTTP/1.1" 200 60105
201.245.192.253 - - [09/Apr/2022:22:32:56 -0500] "POST /kwsrmcab/Wsrmcab HTTP/1.1" 200 45731
35.204.123.209 - - [09/Apr/2022:22:34:15 -0500] "GET / HTTP/1.1" 200 319
201.245.192.253 - - [09/Apr/2022:22:33:45 -0500] "POST /kwsrmcab/Wsrmcab HTTP/1.1" 200 45727
216.245.221.92 - - [09/Apr/2022:22:37:37 -0500] "HEAD / HTTP/1.1" 200 -
172.22.2.4 - - [09/Apr/2022:22:36:13 -0500] "GET /BLA/boletinlegal/ HTTP/1.1" 200 57044
207.46.13.43 - - [09/Apr/2022:22:38:03 -0500] "GET /bla/resoluciones/autos%202019/3523.pdf HTTP/1.1" 200 268835
172.22.2.4 - - [09/Apr/2022:22:36:37 -0500] "HEAD /BLA/boletinlegal/ HTTP/1.1" 200 -
172.22.2.4 - - [09/Apr/2022:22:37:28 -0500] "GET /BLA/boletinlegal/ HTTP/1.1" 200 57542
172.22.2.4 - - [09/Apr/2022:22:39:59 -0500] "GET /BLA/boletinlegal/Circulares/2022/CIRCULAR%20No.%2000003%20DEL%2007%20DE%20MARZO%20DEL%202022.pdf HTTP/1.1" 404 1038
172.22.2.4 - - [09/Apr/2022:22:40:00 -0500] "GET /BLA/boletinlegal/Circulares/2021/CIRCULAR%20No.%2000009%20DEL%2001%20DE%20OCTUBRE%20DEL%202021.pdf HTTP/1.1" 200 320793
172.22.2.4 - - [09/Apr/2022:22:40:07 -0500] "GET /BLA/boletinlegal/Circulares/2021/CIRCULAR%20No.%2000007%20DEL%2010%20DE%20AGOSTO%20DEL%202021.pdf HTTP/1.1" 200 266364
172.22.2.4 - - [09/Apr/2022:22:40:15 -0500] "GET /BLA/boletinlegal/Circulares/2021/CIRCULAR%20No.%2000006%20DEL%2005%20DE%20AGOSTO%20DEL%202021.pdf HTTP/1.1" 200 249615
172.22.2.4 - - [09/Apr/2022:22:40:24 -0500] "GET /BLA/boletinlegal/Circulares/2020/Circular%20No.%2000018%20del%2002%20de%20diciembre%20del%202020.pdf HTTP/1.1" 200 276868
172.22.2.4 - - [09/Apr/2022:22:40:32 -0500] "GET /BLA/boletinlegal/Circulares/2020/Circular%2000010%20del%2027%20de%20julio%20de%202020.pdf HTTP/1.1" 200 422655
172.22.2.4 - - [09/Apr/2022:22:40:41 -0500] "GET /BLA/boletinlegal/Circulares/2020/CIRCULAR%20No.%2000019%20DEL%2018%20DE%20DICIEMBRE%20DEL%202020.pdf HTTP/1.1" 200 307959
172.22.2.4 - - [09/Apr/2022:22:40:50 -0500] "GET /BLA/boletinlegal/Circulares/2020/CIRCULAR%20No.%2000014%20del%2001%20de%20septiembre%20del%202020.pdf HTTP/1.1" 200 320826
172.22.2.4 - - [09/Apr/2022:22:40:59 -0500] "GET /BLA/boletinlegal/Circulares/2019/Circular%20No.%2012%20del%2014%20de%20Marzo%20de%202019.pdf HTTP/1.1" 200 344384
172.22.2.4 - - [09/Apr/2022:22:41:08 -0500] "GET /BLA/boletinlegal/Circulares/2019/Circular%20No.%20006%20del%2008%20de%20Febrero%20de%202019.pdf HTTP/1.1" 200 674401
172.22.2.4 - - [09/Apr/2022:22:41:21 -0500] "GET /BLA/boletinlegal/Circulares/2019/Circular%20No.%200015%20del%2003%20de%20Octubre%20de%202019.pdf HTTP/1.1" 200 165608
172.22.2.4 - - [09/Apr/2022:22:41:31 -0500] "GET /BLA/boletinlegal/Circulares/2019/Circular%20No.%200005%20del%2020%20de%20Marzo%20de%202019.pdf HTTP/1.1" 200 159877
172.22.2.4 - - [09/Apr/2022:22:41:37 -0500] "GET /BLA/boletinlegal/Circulares/2019/Circular%20No.%200003%20del%2031%20de%20Enero%20de%202019.pdf HTTP/1.1" 200 164676
172.22.2.4 - - [09/Apr/2022:22:41:46 -0500] "GET /BLA/boletinlegal/Circulares/2019/Circular%2000020%20del%2020%20de%20diciembre%20de%202019.pdf HTTP/1.1" 200 145170
172.22.2.4 - - [09/Apr/2022:22:41:54 -0500] "GET /BLA/boletinlegal/Circulares/2019/Circular%2000018%20del%2020%20de%20noviembre%20de%202019.pdf HTTP/1.1" 200 158030
172.22.2.4 - - [09/Apr/2022:22:42:01 -0500] "GET /BLA/boletinlegal/Circulares/2019/.pdf HTTP/1.1" 404 1218
172.22.2.4 - - [09/Apr/2022:22:42:04 -0500] "GET /BLA/boletinlegal/Circulares/2018/Circular%20No.%2011%20del%2024%20de%20Septiembre%20de%202018.pdf HTTP/1.1" 200 169541
172.22.2.4 - - [09/Apr/2022:22:42:10 -0500] "GET /BLA/boletinlegal/Circulares/2018/Circular%20No.%2010%20del%2021%20de%20Septiembre%20de%202018.pdf HTTP/1.1" 200 163426
172.22.2.4 - - [09/Apr/2022:22:42:17 -0500] "GET /BLA/boletinlegal/Circulares/2018/Circular%20No.%200015%20del%207%20de%20Diciembre%20de%202018.pdf HTTP/1.1" 200 165305
172.22.2.4 - - [09/Apr/2022:22:42:23 -0500] "GET /BLA/boletinlegal/Circulares/2018/CIRCULAR%20COJUNTA%20042%20DE%202018.pdf HTTP/1.1" 200 515008
172.22.2.4 - - [09/Apr/2022:22:42:30 -0500] "GET /BLA/boletinlegal/Circulares/2017/Circular%20No.%202%20del%201%20de%20Septiembre%20de%202017.pdf HTTP/1.1" 200 152575
216.245.221.92 - - [09/Apr/2022:22:42:37 -0500] "HEAD / HTTP/1.1" 200 -
172.22.2.4 - - [09/Apr/2022:22:42:38 -0500] "GET /BLA/boletinlegal/Circulares/2017/Circular%20No.%201%20del%2030%20de%20Marzo%20de%202017.pdf HTTP/1.1" 200 668532
172.22.2.4 - - [09/Apr/2022:22:42:45 -0500] "GET /BLA/boletinlegal/Circulares/2017/Circular%20No.%2007%20del%2028%20de%20Abril%20de%202017.pdf HTTP/1.1" 200 309906
172.22.2.4 - - [09/Apr/2022:22:42:52 -0500] "GET /BLA/boletinlegal/Circulares/2017/Circular%20No.%20011%20del%2005%20de%20julio%20de%202017.pdf HTTP/1.1" 200 965526
172.22.2.4 - - [09/Apr/2022:22:43:02 -0500] "GET /BLA/boletinlegal/Circulares/2015/Circular%20No.%202%20del%201%20de%20julio%20de%202015.pdf HTTP/1.1" 200 752890
172.22.2.4 - - [09/Apr/2022:22:43:12 -0500] "GET /BLA/boletinlegal/Circulares/2015/Circular%20No.%201%20del%2010%20de%20Febrero%20de%202015.pdf HTTP/1.1" 200 660637
172.22.2.4 - - [09/Apr/2022:22:43:22 -0500] "GET /BLA/boletinlegal/Circulares/2014/Circular%20No.%203%20del%2014%20de%20Noviembre%20de%202014.pdf HTTP/1.1" 200 104132
172.22.2.4 - - [09/Apr/2022:22:43:28 -0500] "GET /BLA/boletinlegal/Circulares/2014/Circular%20No.%202%20del%2021%20de%20septiembre%20de%202014.pdf HTTP/1.1" 200 143376
172.22.2.4 - - [09/Apr/2022:22:43:36 -0500] "GET /BLA/boletinlegal/Circulares/2014/Circular%20No.%201%20del%2008%20de%20Mayo%20de%202014.pdf HTTP/1.1" 200 180124
172.22.2.4 - - [09/Apr/2022:22:43:43 -0500] "GET /BLA/boletinlegal/Circulares/2013/Circular%20No.%208%20del%201%20de%20Noviembre%20de%202013.pdf HTTP/1.1" 200 385156
201.245.192.253 - - [09/Apr/2022:22:42:56 -0500] "POST /kwsrmcab/Wsrmcab HTTP/1.1" 200 45731
172.22.2.4 - - [09/Apr/2022:22:43:54 -0500] "GET /BLA/boletinlegal/Circulares/2013/Circular%20No.%207%20del%201%20de%20Agosto%20de%202013.pdf HTTP/1.1" 200 340934
172.22.2.4 - - [09/Apr/2022:22:44:03 -0500] "GET /BLA/boletinlegal/Circulares/2013/Circular%20No.%206%20del%2019%20de%20julio%20de%202013.pdf HTTP/1.1" 200 4210437
172.22.2.4 - - [09/Apr/2022:22:42:27 -0500] "HEAD /BLA/boletinlegal/ HTTP/1.1" 200 -
172.22.2.4 - - [09/Apr/2022:22:44:23 -0500] "GET /BLA/boletinlegal/Circulares/2013/Circular%20No.%205%20del%2013%20de%20junio%20de%202013.pdf HTTP/1.1" 200 110904
172.22.2.4 - - [09/Apr/2022:22:44:31 -0500] "GET /BLA/boletinlegal/Circulares/2013/Circular%20No.%204%20del%2005%20de%20junio%20de%202013.pdf HTTP/1.1" 200 130461
201.245.192.253 - - [09/Apr/2022:22:43:46 -0500] "POST /kwsrmcab/Wsrmcab HTTP/1.1" 200 45727
172.22.2.4 - - [09/Apr/2022:22:44:37 -0500] "GET /BLA/boletinlegal/Circulares/2013/Circular%20No.%203%20del%2005%20de%20abril%20de%202013.pdf HTTP/1.1" 200 93580
172.22.2.4 - - [09/Apr/2022:22:44:44 -0500] "GET /BLA/boletinlegal/Circulares/2013/Circular%20No.%202%20del%2022%20de%20enero%20de%202013.pdf HTTP/1.1" 200 85466
172.22.2.4 - - [09/Apr/2022:22:44:51 -0500] "GET /BLA/boletinlegal/Circulares/2013/Circular%20No.%201%20del%2014%20de%20enero%20de%202013.pdf HTTP/1.1" 200 1298384
172.22.2.4 - - [09/Apr/2022:22:43:18 -0500] "GET /BLA/boletinlegal/ HTTP/1.1" 200 53344
172.22.2.4 - - [09/Apr/2022:22:45:01 -0500] "GET /BLA/boletinlegal/Circulares/2012/Circular%20No.%209%20del%2021%20de%20Agosto%20de%202012.pdf HTTP/1.1" 200 1402289
172.22.2.4 - - [09/Apr/2022:22:45:08 -0500] "GET /BLA/boletinlegal/Circulares/2012/Circular%20No.%208%20del%2021%20de%20Agosto%20de%202012.pdf HTTP/1.1" 200 963197
172.22.2.4 - - [09/Apr/2022:22:45:18 -0500] "GET /BLA/boletinlegal/Circulares/2012/Circular%20No.%207%20del%2008%20de%20Agosto%20de%202012.pdf HTTP/1.1" 200 972955
172.22.2.4 - - [09/Apr/2022:22:45:27 -0500] "GET /BLA/boletinlegal/Circulares/2012/Circular%20No.%206%20del%2025%20de%20Mayo%20de%202012.pdf HTTP/1.1" 200 387391
172.22.2.4 - - [09/Apr/2022:22:45:33 -0500] "GET /BLA/boletinlegal/Circulares/2012/Circular%20No.%205%20del%2027%20de%20Abril%20de%202012.pdf HTTP/1.1" 200 216613
66.249.65.13 - - [09/Apr/2022:22:45:39 -0500] "-" 408 -
172.22.2.4 - - [09/Apr/2022:22:45:41 -0500] "GET /BLA/boletinlegal/Circulares/2012/Circular%20No.%204%20del%2019%20de%20abril%20de%202012.pdf HTTP/1.1" 200 253045
172.22.2.4 - - [09/Apr/2022:22:45:48 -0500] "GET /BLA/boletinlegal/Circulares/2012/Circular%20No.%203%20del%2023%20de%20Marzo%20de%202012.pdf HTTP/1.1" 200 572950
20.230.139.176 - - [09/Apr/2022:22:45:55 -0500] "HEAD /cgi-bin/php/system-status.php HTTP/1.1" 404 -
172.22.2.4 - - [09/Apr/2022:22:45:58 -0500] "GET /BLA/boletinlegal/Circulares/2012/Circular%20No.%202%20del%2014%20de%20Marzo%20de%202012.pdf HTTP/1.1" 200 113666
172.22.2.4 - - [09/Apr/2022:22:46:04 -0500] "GET /BLA/boletinlegal/Circulares/2012/Circular%20No.%2016%20del%2022%20de%20octubre%20de%202012.pdf HTTP/1.1" 200 381186
172.22.2.4 - - [09/Apr/2022:22:46:09 -0500] "GET /BLA/boletinlegal/Circulares/2012/Circular%20No.%2015%20del%2022%20de%20octubre%20de%202012.pdf HTTP/1.1" 200 486506
172.22.2.4 - - [09/Apr/2022:22:46:14 -0500] "GET /BLA/boletinlegal/Circulares/2012/Circular%20No.%2014%20del%2011%20de%20Septiembre%20de%202012.pdf HTTP/1.1" 200 3427471
172.22.2.4 - - [09/Apr/2022:22:46:24 -0500] "GET /BLA/boletinlegal/Circulares/2012/Circular%20No.%2013%20del%2006%20de%20Septiembre%20de%202012.pdf HTTP/1.1" 200 351421
172.22.2.4 - - [09/Apr/2022:22:46:31 -0500] "GET /BLA/boletinlegal/Circulares/2012/Circular%20No.%2012%20del%2028%20de%20Agosto%20de%202012.pdf HTTP/1.1" 200 369945
172.22.2.4 - - [09/Apr/2022:22:46:40 -0500] "GET /BLA/boletinlegal/Circulares/2012/Circular%20No.%2011%20del%2027%20de%20Agosto%20de%202012.pdf HTTP/1.1" 200 526945
172.22.2.4 - - [09/Apr/2022:22:46:46 -0500] "GET /BLA/boletinlegal/Circulares/2012/Circular%20No.%2010%20del%2026%20de%20Enero%20de%202012.pdf HTTP/1.1" 404 1218
172.22.2.4 - - [09/Apr/2022:22:46:49 -0500] "GET /BLA/boletinlegal/Circulares/2012/Circular%20No.%2010%20del%2022%20de%20Agosto%20de%202012.pdf HTTP/1.1" 200 1563219
172.22.2.4 - - [09/Apr/2022:22:46:56 -0500] "GET /BLA/boletinlegal/Circulares/2012/Circular%20No.%201%20del%2017%20de%20Enero%20de%202012.pdf HTTP/1.1" 200 1118749
172.22.2.4 - - [09/Apr/2022:22:47:04 -0500] "GET /BLA/boletinlegal/Circulares/2011/Circular%20No.%209%20del%2003%20de%20Noviembre%20de%202011.pdf HTTP/1.1" 200 54568
172.22.2.4 - - [09/Apr/2022:22:47:11 -0500] "GET /BLA/boletinlegal/Circulares/2011/Circular%20No.%208%20del%2020%20de%20Septiembre%20de%202011.pdf HTTP/1.1" 200 285158
172.22.2.4 - - [09/Apr/2022:22:47:19 -0500] "GET /BLA/boletinlegal/Circulares/2011/Circular%20No.%207%20del%2023%20de%20Diciembre%20de%202011.pdf HTTP/1.1" 200 1107785
172.22.2.4 - - [09/Apr/2022:22:47:26 -0500] "GET /BLA/boletinlegal/Circulares/2011/Circular%20No.%207%20del%2015%20de%20Septiembre%20de%202011.pdf HTTP/1.1" 200 314873
172.22.2.4 - - [09/Apr/2022:22:47:32 -0500] "GET /BLA/boletinlegal/Circulares/2011/Circular%20No.%206%20del%2023%20de%20Septiembre%20de%202011.pdf HTTP/1.1" 200 252800
216.245.221.92 - - [09/Apr/2022:22:47:37 -0500] "HEAD / HTTP/1.1" 200 -
172.22.2.4 - - [09/Apr/2022:22:48:26 -0500] "POST /BLA/boletinlegal/GponForm/diag_Form?style/ HTTP/1.1" 404 1015
172.22.2.4 - - [09/Apr/2022:22:48:17 -0500] "HEAD /BLA/boletinlegal/ HTTP/1.1" 200 -
172.22.2.4 - - [09/Apr/2022:22:50:11 -0500] "GET /BLA/boletinlegal/.env HTTP/1.1" 404 1018
172.22.2.4 - - [09/Apr/2022:22:49:08 -0500] "GET /BLA/boletinlegal/ HTTP/1.1" 200 59170
40.77.167.78 - - [09/Apr/2022:22:50:49 -0500] "GET / HTTP/1.1" 200 4720
207.46.13.209 - - [09/Apr/2022:22:51:31 -0500] "GET /BLA/resoluciones/index.php?dir=RESOLUCIONES+2017%2F HTTP/1.1" 200 278835
216.245.221.92 - - [09/Apr/2022:22:52:37 -0500] "HEAD / HTTP/1.1" 200 -
172.22.2.4 - - [09/Apr/2022:22:52:44 -0500] "GET /BLA/boletinlegal/consulta_actos.php?tipo=autos&no=1332&usuario=&sector=&fecha=2011&resuelve= HTTP/1.1" 200 1082
172.22.2.4 - - [09/Apr/2022:22:52:57 -0500] "GET /BLA/boletinlegal/.env HTTP/1.1" 404 1018
186.31.130.206 - - [09/Apr/2022:22:52:57 -0500] "GET /BLA/resoluciones/ HTTP/1.1" 200 13093
186.31.130.206 - - [09/Apr/2022:22:53:04 -0500] "GET /BLA/resoluciones/index.php?dir=AUTOS+2011%2F HTTP/1.1" 200 624845
143.106.7.151 - - [09/Apr/2022:22:53:43 -0500] "GET /en-semana-santa-no-uses-palmas-ni-traigas-o-consumas-animales-silvestres.html HTTP/1.1" 200 959
143.106.7.151 - - [09/Apr/2022:22:53:44 -0500] "HEAD /en-semana-santa-no-uses-palmas-ni-traigas-o-consumas-animales-silvestres.html HTTP/1.1" 200 -
143.106.7.151 - - [09/Apr/2022:22:53:44 -0500] "GET /en-semana-santa-no-uses-palmas-ni-traigas-o-consumas-animales-silvestres.html HTTP/1.1" 200 959
66.249.65.13 - - [09/Apr/2022:22:53:49 -0500] "-" 408 -
172.22.2.4 - - [09/Apr/2022:22:54:07 -0500] "HEAD /BLA/boletinlegal/ HTTP/1.1" 200 -
172.22.2.4 - - [09/Apr/2022:22:54:58 -0500] "GET /BLA/boletinlegal/ HTTP/1.1" 200 59170
216.245.221.92 - - [09/Apr/2022:22:57:37 -0500] "HEAD / HTTP/1.1" 200 -
207.46.13.157 - - [09/Apr/2022:22:58:00 -0500] "GET /BLA/resoluciones/index.php?dir=AUTOS+2019%2F HTTP/1.1" 200 342490
186.113.149.220 - - [09/Apr/2022:22:58:33 -0500] "GET /si-eres-mujer-y-te-gusta-el-cuidado-de-los-humedales-este-proceso-de-formacion-es-para-ti.html HTTP/1.1" 200 1025
201.184.82.154 - - [09/Apr/2022:23:00:23 -0500] "GET /kwssiamovil/sm/acme/a?s=U2FsdGVkX1/CzW/904zWNm3XTR1YYZ+S1Pl8DdBeoyN74X7g6HQxWewA7thcMACB8XeQfdnmOoakXgFXmiqxXqAufELPIPbaXpjvSDGA2BKPNyW1Slo3ulWVaei6Biqq5YeB6+VZDzKBtAr7E4410ICvGGRfA7t0odvyBg6dnm5RPVhytERMSsE3iPOMpn2GEcQHXOXtqjuzB52uvv8wV7gJIHz+UT1oU29Ak+7hk5L390WfMe9JNypYNv1zCO2sGXYFj7PzKb5oHeSUfuw1VA==&u=U2FsdGVkX19SWN42uuJyPdf20cHcGAhfvgUfRg5Pi/Q=&y=U2FsdGVkX1+ummSxJ0Y/UeU4/BVVw/VDWG04fTy4Cl0yRoHpgJu1s2JLumbOhFyP HTTP/1.1" 200 25
201.184.82.154 - - [09/Apr/2022:23:00:24 -0500] "GET /kwssiamovil/sm/acme/a?s=U2FsdGVkX19OWXCZGUKeS3aqDrBYv0+l7aiQDzXru3ZBMTasxVbjYr5lJncdezJE6NbIbW6k9m8kuia2sfWeXC8WseAhMpWZFHDtz4ovEz8X3EzXh6VuzJsFIeokcx79qqOfvuc+Su6uYkXEDTgHSok+1H5QPnt+LT1vaL31BkUj8Er4HX83K5NXQ5RVNShA45YYRumkAmg3mwHMfUPhYG1R072eIvFSLNCjOIGnZ8ahQOGrfvb7asgejp4qemM6yefP+pG3rifFiJeVvR42BYralgEW3ZlbTIHJgi6YfLx8w+g/hZrlNDP2tjFHRXBPwCd5E2jUl3LKwEBLqspKaH+hLrr5IdWKeGymn4daz5LkgG1dLqdlK50kO45F+BYG4qZQYHszjd+u7fuR21NV8eHUlxhJwm4lf6uGqVDFVvOFe4HVAic8UdsAEDkUhneibKB84uQbiyOTpqVQRvvUClF/DlCzwd3V1arEghhsj98g2oO4cml563K3VidROUbSmMYWUCvTt7fYY5sNDgCrV0bPYY2z9m34k1UM7y+MQEqtJHn5tErVxnvLwu+hndfVI+uzGJvwfQoMh7q7hJK0ecUickVccVwRJ0i2H9hoDjPYCtQkp1TNj6sK6VP0qECv3rqNuER9eU214RHbhAwbdZuzglEoTzL13snZz1oaUPz//D5IQiPOIYSczD85y/vrWLdUYGRlBdJKAGlfjtUglQQyfMhk7DT6W0ZyY+tKoD2+0G+apZh31w8AfEFHEdRATxLMfH6qGz9PQo7AZ/wyfZ3CTcHxdkPGwV2NY+6UkZ0ow44uHQ3zB33RtasvOObz9TUdaVPlytYeyE5JtnlwPm4OPUB292x1yliQPP+IGx4Z9qimKovaFTHT2GJp6ctLy1Hx9nm6fkCCx+OV/68VQJPN5wwE0F4XSr4PKtcV7JRfaqHvY/nbueYbqlbtw3XEnVDAo73SnE62AGZMeMM5oVz2Fnfo0SfMokSZ0W/lgq+zZpAuGldoVst/XJPTzTuTfjqBNEbTblL4HXYLCYxQQNB+ZiWixPjLJFVTxdE3SFnL0SWj1hVJG7ijhHGZMvrdahWwO8jZIF5Gou9fb6boriks4z7VAHqJfqnk6OG+tz4m4BmPTaM1/aTEbdF9SK6F5R+z24u3cNpMYTFSkE9aNU4lRtZEE0Lq2IYm4FZD2XQbnPtqZWYvCR8vO/HIjiYSXq+fT5UCgs5KECz+FCf/9IJSAkVxR+OVJe3A05x7UME1meF6SDJCrnwxCigUzHIkQjtidYCdi/OunJiVyGt5nNcpLOPi/3R8h8+HTcwJz8U3Ml9KKGP1IzNZqsg1vmGdEfkw+8SB1QoGPNFuzn20wzR22er2oTwB8vgG8/Vty5Uuli35mxzYcaZJweLzIf9oBF5Ra6BmExiOb/oKXtACGa+vrhDoh6giqR8AEO1zltjaq/D1CwIrx8n6SeXhW4MmFurSFZqWGiOhlrbmimATvrRfMdoMC4qChl97M7C/Hm4=&u=U2FsdGVkX19SWN42uuJyPdf20cHcGAhfvgUfRg5Pi/Q=&y=U2FsdGVkX1+ummSxJ0Y/UeU4/BVVw/VDWG04fTy4Cl0yRoHpgJu1s2JLumbOhFyP HTTP/1.1" 200 25
