191.95.134.236 - - [09/Apr/2022:21:28:19 -0500] "GET /forms/java/oracle/forms/registry/default.dat HTTP/1.1" 404 350
191.95.134.236 - - [09/Apr/2022:21:28:19 -0500] "GET /forms/frmservlet?config=sia&acceptLanguage=en-us,en;q=0.5&ifcmd=startsession HTTP/1.1" 200 119
191.95.134.236 - - [09/Apr/2022:21:28:19 -0500] "GET /forms/lservlet;jsessionid=ac16012b30d673f6d2d4e76547b0907bafa2467e5735.e3iSbxaKaheRe34Sc38RahyRchr0n6jAmljGr5XDqQLvpAe?ifcmd=getinfo HTTP/1.1" 200 8
191.95.134.236 - - [09/Apr/2022:21:28:19 -0500] "POST /forms/lservlet;jsessionid=ac16012b30d673f6d2d4e76547b0907bafa2467e5735.e3iSbxaKaheRe34Sc38RahyRchr0n6jAmljGr5XDqQLvpAe HTTP/1.1" 200 8
191.95.134.236 - - [09/Apr/2022:21:28:20 -0500] "GET /forms/java/oracle/forms/engine/RunformBundle_es_CO.class HTTP/1.1" 404 362
191.95.134.236 - - [09/Apr/2022:21:28:20 -0500] "GET /forms/java/oracle/forms/engine/RunformBundle_es_CO.properties HTTP/1.1" 404 367
191.95.134.236 - - [09/Apr/2022:21:28:20 -0500] "POST /forms/lservlet;jsessionid=ac16012b30d673f6d2d4e76547b0907bafa2467e5735.e3iSbxaKaheRe34Sc38RahyRchr0n6jAmljGr5XDqQLvpAe HTTP/1.1" 200 64000
191.95.134.236 - - [09/Apr/2022:21:28:21 -0500] "POST /forms/lservlet;jsessionid=ac16012b30d673f6d2d4e76547b0907bafa2467e5735.e3iSbxaKaheRe34Sc38RahyRchr0n6jAmljGr5XDqQLvpAe HTTP/1.1" 200 64000
191.95.134.236 - - [09/Apr/2022:21:28:22 -0500] "POST /forms/lservlet;jsessionid=ac16012b30d673f6d2d4e76547b0907bafa2467e5735.e3iSbxaKaheRe34Sc38RahyRchr0n6jAmljGr5XDqQLvpAe HTTP/1.1" 200 63623
191.95.134.236 - - [09/Apr/2022:21:28:22 -0500] "HEAD /imagenes/dama_logo.gif HTTP/1.1" 200 -
191.95.134.236 - - [09/Apr/2022:21:28:22 -0500] "GET /imagenes/dama_logo.gif HTTP/1.1" 200 21482
191.95.134.236 - - [09/Apr/2022:21:28:23 -0500] "POST /forms/lservlet;jsessionid=ac16012b30d673f6d2d4e76547b0907bafa2467e5735.e3iSbxaKaheRe34Sc38RahyRchr0n6jAmljGr5XDqQLvpAe HTTP/1.1" 200 2
191.95.134.236 - - [09/Apr/2022:21:28:23 -0500] "POST /forms/lservlet;jsessionid=ac16012b30d673f6d2d4e76547b0907bafa2467e5735.e3iSbxaKaheRe34Sc38RahyRchr0n6jAmljGr5XDqQLvpAe HTTP/1.1" 200 2
191.95.134.236 - - [09/Apr/2022:21:28:32 -0500] "POST /forms/lservlet;jsessionid=ac16012b30d673f6d2d4e76547b0907bafa2467e5735.e3iSbxaKaheRe34Sc38RahyRchr0n6jAmljGr5XDqQLvpAe HTTP/1.1" 200 7979
191.95.134.236 - - [09/Apr/2022:21:28:33 -0500] "POST /forms/lservlet;jsessionid=ac16012b30d673f6d2d4e76547b0907bafa2467e5735.e3iSbxaKaheRe34Sc38RahyRchr0n6jAmljGr5XDqQLvpAe HTTP/1.1" 200 64
191.95.134.236 - - [09/Apr/2022:21:28:33 -0500] "POST /forms/lservlet;jsessionid=ac16012b30d673f6d2d4e76547b0907bafa2467e5735.e3iSbxaKaheRe34Sc38RahyRchr0n6jAmljGr5XDqQLvpAe HTTP/1.1" 200 2
191.95.134.236 - - [09/Apr/2022:21:28:33 -0500] "POST /forms/lservlet;jsessionid=ac16012b30d673f6d2d4e76547b0907bafa2467e5735.e3iSbxaKaheRe34Sc38RahyRchr0n6jAmljGr5XDqQLvpAe HTTP/1.1" 200 2
191.95.134.236 - - [09/Apr/2022:21:28:33 -0500] "POST /forms/lservlet;jsessionid=ac16012b30d673f6d2d4e76547b0907bafa2467e5735.e3iSbxaKaheRe34Sc38RahyRchr0n6jAmljGr5XDqQLvpAe HTTP/1.1" 200 2
190.253.166.7 - - [09/Apr/2022:21:28:35 -0500] "GET /BLA/resoluciones/RESOLUCIONES%202009/0543.pdf HTTP/1.1" 200 264301
191.95.134.236 - - [09/Apr/2022:21:28:36 -0500] "POST /forms/lservlet;jsessionid=ac16012b30d673f6d2d4e76547b0907bafa2467e5735.e3iSbxaKaheRe34Sc38RahyRchr0n6jAmljGr5XDqQLvpAe HTTP/1.1" 200 34712
191.95.134.236 - - [09/Apr/2022:21:28:37 -0500] "GET /imagenes/listval.gif HTTP/1.1" 200 905
191.95.134.236 - - [09/Apr/2022:21:28:37 -0500] "GET /imagenes/tree1.gif HTTP/1.1" 200 1161
191.95.134.236 - - [09/Apr/2022:21:28:37 -0500] "GET /imagenes/listval.gif HTTP/1.1" 200 905
191.95.134.236 - - [09/Apr/2022:21:28:37 -0500] "GET /imagenes/CAMERA3.gif HTTP/1.1" 200 4150
191.95.134.236 - - [09/Apr/2022:21:28:37 -0500] "GET /imagenes/SLIDE1.gif HTTP/1.1" 200 1111
191.95.134.236 - - [09/Apr/2022:21:28:37 -0500] "GET /imagenes/flexcomb.gif HTTP/1.1" 200 1169
191.95.134.236 - - [09/Apr/2022:21:28:38 -0500] "GET /imagenes/GO.gif HTTP/1.1" 200 904
191.95.134.236 - - [09/Apr/2022:21:28:38 -0500] "GET /imagenes/HRTOOLS.gif HTTP/1.1" 200 2238
191.95.134.236 - - [09/Apr/2022:21:28:38 -0500] "GET /imagenes/rt_rec1.gif HTTP/1.1" 200 867
191.95.134.236 - - [09/Apr/2022:21:28:38 -0500] "GET /imagenes/apply.gif HTTP/1.1" 200 903
191.95.134.236 - - [09/Apr/2022:21:28:38 -0500] "GET /imagenes/exit.gif HTTP/1.1" 200 916
191.95.134.236 - - [09/Apr/2022:21:28:38 -0500] "GET /imagenes/LISTVAL.gif HTTP/1.1" 200 905
191.95.134.236 - - [09/Apr/2022:21:28:38 -0500] "GET /imagenes/edit.gif HTTP/1.1" 200 919
191.95.134.236 - - [09/Apr/2022:21:28:38 -0500] "GET /imagenes/rt_rec4.gif HTTP/1.1" 200 865
191.95.134.236 - - [09/Apr/2022:21:28:38 -0500] "GET /imagenes/rt_rec3.gif HTTP/1.1" 200 844
191.95.134.236 - - [09/Apr/2022:21:28:38 -0500] "GET /imagenes/rt_rec2.gif HTTP/1.1" 200 847
191.95.134.236 - - [09/Apr/2022:21:28:38 -0500] "GET /imagenes/rt_rdel.gif HTTP/1.1" 200 899
191.95.134.236 - - [09/Apr/2022:21:28:38 -0500] "GET /imagenes/rt_radd.gif HTTP/1.1" 200 907
191.95.134.236 - - [09/Apr/2022:21:28:38 -0500] "GET /imagenes/rt_quer3.gif HTTP/1.1" 200 939
191.95.134.236 - - [09/Apr/2022:21:28:38 -0500] "GET /imagenes/rt_quer2.gif HTTP/1.1" 200 936
191.95.134.236 - - [09/Apr/2022:21:28:38 -0500] "GET /imagenes/rt_quer1.gif HTTP/1.1" 200 930
191.95.134.236 - - [09/Apr/2022:21:28:38 -0500] "GET /imagenes/rt_save.gif HTTP/1.1" 200 903
191.95.134.236 - - [09/Apr/2022:21:28:39 -0500] "GET /imagenes/rt_pset.gif HTTP/1.1" 200 914
191.95.134.236 - - [09/Apr/2022:21:28:39 -0500] "GET /imagenes/QUEJA.gif HTTP/1.1" 200 1091
191.95.134.236 - - [09/Apr/2022:21:28:39 -0500] "GET /imagenes/ARBOL.gif HTTP/1.1" 200 1026
191.95.134.236 - - [09/Apr/2022:21:28:39 -0500] "GET /imagenes/Clipboard.gif HTTP/1.1" 200 1466
191.95.134.236 - - [09/Apr/2022:21:28:39 -0500] "GET /imagenes/DINERO.gif HTTP/1.1" 200 1766
191.95.134.236 - - [09/Apr/2022:21:28:39 -0500] "GET /imagenes/URGENTE.gif HTTP/1.1" 200 964
191.95.134.236 - - [09/Apr/2022:21:28:39 -0500] "GET /imagenes/TREE4.gif HTTP/1.1" 200 4150
191.95.134.236 - - [09/Apr/2022:21:28:39 -0500] "POST /forms/lservlet;jsessionid=ac16012b30d673f6d2d4e76547b0907bafa2467e5735.e3iSbxaKaheRe34Sc38RahyRchr0n6jAmljGr5XDqQLvpAe HTTP/1.1" 200 7
191.95.134.236 - - [09/Apr/2022:21:28:39 -0500] "POST /forms/lservlet;jsessionid=ac16012b30d673f6d2d4e76547b0907bafa2467e5735.e3iSbxaKaheRe34Sc38RahyRchr0n6jAmljGr5XDqQLvpAe HTTP/1.1" 200 34
191.95.134.236 - - [09/Apr/2022:21:28:39 -0500] "POST /forms/lservlet;jsessionid=ac16012b30d673f6d2d4e76547b0907bafa2467e5735.e3iSbxaKaheRe34Sc38RahyRchr0n6jAmljGr5XDqQLvpAe HTTP/1.1" 200 2
191.95.134.236 - - [09/Apr/2022:21:28:40 -0500] "POST /forms/lservlet;jsessionid=ac16012b30d673f6d2d4e76547b0907bafa2467e5735.e3iSbxaKaheRe34Sc38RahyRchr0n6jAmljGr5XDqQLvpAe HTTP/1.1" 200 2
191.95.134.236 - - [09/Apr/2022:21:28:41 -0500] "POST /forms/lservlet;jsessionid=ac16012b30d673f6d2d4e76547b0907bafa2467e5735.e3iSbxaKaheRe34Sc38RahyRchr0n6jAmljGr5XDqQLvpAe HTTP/1.1" 200 699
191.95.134.236 - - [09/Apr/2022:21:28:41 -0500] "GET /imagenes/Srch_frw.gif HTTP/1.1" 200 925
191.95.134.236 - - [09/Apr/2022:21:28:41 -0500] "POST /forms/lservlet;jsessionid=ac16012b30d673f6d2d4e76547b0907bafa2467e5735.e3iSbxaKaheRe34Sc38RahyRchr0n6jAmljGr5XDqQLvpAe HTTP/1.1" 200 10
191.95.134.236 - - [09/Apr/2022:21:28:45 -0500] "POST /forms/lservlet;jsessionid=ac16012b30d673f6d2d4e76547b0907bafa2467e5735.e3iSbxaKaheRe34Sc38RahyRchr0n6jAmljGr5XDqQLvpAe HTTP/1.1" 200 24
191.95.134.236 - - [09/Apr/2022:21:28:45 -0500] "POST /forms/lservlet;jsessionid=ac16012b30d673f6d2d4e76547b0907bafa2467e5735.e3iSbxaKaheRe34Sc38RahyRchr0n6jAmljGr5XDqQLvpAe HTTP/1.1" 200 14
191.95.134.236 - - [09/Apr/2022:21:28:46 -0500] "POST /forms/lservlet;jsessionid=ac16012b30d673f6d2d4e76547b0907bafa2467e5735.e3iSbxaKaheRe34Sc38RahyRchr0n6jAmljGr5XDqQLvpAe HTTP/1.1" 200 14
191.95.134.236 - - [09/Apr/2022:21:28:48 -0500] "POST /forms/lservlet;jsessionid=ac16012b30d673f6d2d4e76547b0907bafa2467e5735.e3iSbxaKaheRe34Sc38RahyRchr0n6jAmljGr5XDqQLvpAe HTTP/1.1" 200 4416
191.95.134.236 - - [09/Apr/2022:21:28:48 -0500] "POST /forms/lservlet;jsessionid=ac16012b30d673f6d2d4e76547b0907bafa2467e5735.e3iSbxaKaheRe34Sc38RahyRchr0n6jAmljGr5XDqQLvpAe HTTP/1.1" 200 2
191.95.134.236 - - [09/Apr/2022:21:28:59 -0500] "POST /forms/lservlet;jsessionid=ac16012b30d673f6d2d4e76547b0907bafa2467e5735.e3iSbxaKaheRe34Sc38RahyRchr0n6jAmljGr5XDqQLvpAe HTTP/1.1" 200 2
191.95.134.236 - - [09/Apr/2022:21:29:00 -0500] "POST /forms/lservlet;jsessionid=ac16012b30d673f6d2d4e76547b0907bafa2467e5735.e3iSbxaKaheRe34Sc38RahyRchr0n6jAmljGr5XDqQLvpAe HTTP/1.1" 200 14
191.95.134.236 - - [09/Apr/2022:21:29:01 -0500] "POST /forms/lservlet;jsessionid=ac16012b30d673f6d2d4e76547b0907bafa2467e5735.e3iSbxaKaheRe34Sc38RahyRchr0n6jAmljGr5XDqQLvpAe HTTP/1.1" 200 14
191.95.134.236 - - [09/Apr/2022:21:29:02 -0500] "POST /forms/lservlet;jsessionid=ac16012b30d673f6d2d4e76547b0907bafa2467e5735.e3iSbxaKaheRe34Sc38RahyRchr0n6jAmljGr5XDqQLvpAe HTTP/1.1" 200 14
191.95.134.236 - - [09/Apr/2022:21:29:04 -0500] "POST /forms/lservlet;jsessionid=ac16012b30d673f6d2d4e76547b0907bafa2467e5735.e3iSbxaKaheRe34Sc38RahyRchr0n6jAmljGr5XDqQLvpAe HTTP/1.1" 200 14
191.95.134.236 - - [09/Apr/2022:21:29:05 -0500] "POST /forms/lservlet;jsessionid=ac16012b30d673f6d2d4e76547b0907bafa2467e5735.e3iSbxaKaheRe34Sc38RahyRchr0n6jAmljGr5XDqQLvpAe HTTP/1.1" 200 15
172.22.2.4 - - [09/Apr/2022:21:27:28 -0500] "GET /BLA/boletinlegal/ HTTP/1.1" 200 58006
191.95.134.236 - - [09/Apr/2022:21:29:08 -0500] "POST /forms/lservlet;jsessionid=ac16012b30d673f6d2d4e76547b0907bafa2467e5735.e3iSbxaKaheRe34Sc38RahyRchr0n6jAmljGr5XDqQLvpAe HTTP/1.1" 200 15
191.95.134.236 - - [09/Apr/2022:21:29:12 -0500] "POST /forms/lservlet;jsessionid=ac16012b30d673f6d2d4e76547b0907bafa2467e5735.e3iSbxaKaheRe34Sc38RahyRchr0n6jAmljGr5XDqQLvpAe HTTP/1.1" 200 125
191.95.134.236 - - [09/Apr/2022:21:29:13 -0500] "POST /forms/lservlet;jsessionid=ac16012b30d673f6d2d4e76547b0907bafa2467e5735.e3iSbxaKaheRe34Sc38RahyRchr0n6jAmljGr5XDqQLvpAe HTTP/1.1" 200 2
191.95.134.236 - - [09/Apr/2022:21:29:13 -0500] "GET /reports/rwservlet/getjobid74785?server=repnomi HTTP/1.1" 200 47641
191.95.134.236 - - [09/Apr/2022:21:29:57 -0500] "POST /forms/lservlet;jsessionid=ac16012b30d673f6d2d4e76547b0907bafa2467e5735.e3iSbxaKaheRe34Sc38RahyRchr0n6jAmljGr5XDqQLvpAe HTTP/1.1" 200 2
191.95.134.236 - - [09/Apr/2022:21:29:57 -0500] "POST /forms/lservlet;jsessionid=ac16012b30d673f6d2d4e76547b0907bafa2467e5735.e3iSbxaKaheRe34Sc38RahyRchr0n6jAmljGr5XDqQLvpAe HTTP/1.1" 200 14
191.95.134.236 - - [09/Apr/2022:21:29:58 -0500] "POST /forms/lservlet;jsessionid=ac16012b30d673f6d2d4e76547b0907bafa2467e5735.e3iSbxaKaheRe34Sc38RahyRchr0n6jAmljGr5XDqQLvpAe HTTP/1.1" 200 14
191.95.134.236 - - [09/Apr/2022:21:29:59 -0500] "POST /forms/lservlet;jsessionid=ac16012b30d673f6d2d4e76547b0907bafa2467e5735.e3iSbxaKaheRe34Sc38RahyRchr0n6jAmljGr5XDqQLvpAe HTTP/1.1" 200 14
191.95.134.236 - - [09/Apr/2022:21:30:01 -0500] "POST /forms/lservlet;jsessionid=ac16012b30d673f6d2d4e76547b0907bafa2467e5735.e3iSbxaKaheRe34Sc38RahyRchr0n6jAmljGr5XDqQLvpAe HTTP/1.1" 200 110
191.95.134.236 - - [09/Apr/2022:21:30:01 -0500] "POST /forms/lservlet;jsessionid=ac16012b30d673f6d2d4e76547b0907bafa2467e5735.e3iSbxaKaheRe34Sc38RahyRchr0n6jAmljGr5XDqQLvpAe HTTP/1.1" 200 2
191.95.134.236 - - [09/Apr/2022:21:30:01 -0500] "GET /reports/rwservlet/getjobid74786?server=repnomi HTTP/1.1" 200 47696
191.95.134.236 - - [09/Apr/2022:21:30:22 -0500] "POST /forms/lservlet;jsessionid=ac16012b30d673f6d2d4e76547b0907bafa2467e5735.e3iSbxaKaheRe34Sc38RahyRchr0n6jAmljGr5XDqQLvpAe HTTP/1.1" 200 2
191.95.134.236 - - [09/Apr/2022:21:30:24 -0500] "POST /forms/lservlet;jsessionid=ac16012b30d673f6d2d4e76547b0907bafa2467e5735.e3iSbxaKaheRe34Sc38RahyRchr0n6jAmljGr5XDqQLvpAe HTTP/1.1" 200 2
191.95.134.236 - - [09/Apr/2022:21:30:25 -0500] "POST /forms/lservlet;jsessionid=ac16012b30d673f6d2d4e76547b0907bafa2467e5735.e3iSbxaKaheRe34Sc38RahyRchr0n6jAmljGr5XDqQLvpAe HTTP/1.1" 200 14
191.95.134.236 - - [09/Apr/2022:21:30:26 -0500] "POST /forms/lservlet;jsessionid=ac16012b30d673f6d2d4e76547b0907bafa2467e5735.e3iSbxaKaheRe34Sc38RahyRchr0n6jAmljGr5XDqQLvpAe HTTP/1.1" 200 14
191.95.134.236 - - [09/Apr/2022:21:30:27 -0500] "POST /forms/lservlet;jsessionid=ac16012b30d673f6d2d4e76547b0907bafa2467e5735.e3iSbxaKaheRe34Sc38RahyRchr0n6jAmljGr5XDqQLvpAe HTTP/1.1" 200 107
191.95.134.236 - - [09/Apr/2022:21:30:28 -0500] "POST /forms/lservlet;jsessionid=ac16012b30d673f6d2d4e76547b0907bafa2467e5735.e3iSbxaKaheRe34Sc38RahyRchr0n6jAmljGr5XDqQLvpAe HTTP/1.1" 200 2
191.95.134.236 - - [09/Apr/2022:21:30:28 -0500] "GET /reports/rwservlet/getjobid74787?server=repnomi HTTP/1.1" 200 1409375
207.46.13.209 - - [09/Apr/2022:21:30:54 -0500] "GET /BLA/boletinlegal/Circulares/2018/CIRCULAR%20COJUNTA%20042%20DE%202018.pdf HTTP/1.1" 200 515008
186.102.44.173 - - [09/Apr/2022:21:31:17 -0500] "GET /galeria/galeria/jquery.fancybox.js?v=2.1.5 HTTP/1.1" 200 48706
191.95.134.236 - - [09/Apr/2022:21:31:21 -0500] "POST /forms/lservlet;jsessionid=ac16012b30d673f6d2d4e76547b0907bafa2467e5735.e3iSbxaKaheRe34Sc38RahyRchr0n6jAmljGr5XDqQLvpAe HTTP/1.1" 200 2
191.95.134.236 - - [09/Apr/2022:21:31:21 -0500] "POST /forms/lservlet;jsessionid=ac16012b30d673f6d2d4e76547b0907bafa2467e5735.e3iSbxaKaheRe34Sc38RahyRchr0n6jAmljGr5XDqQLvpAe HTTP/1.1" 200 2344
191.95.134.236 - - [09/Apr/2022:21:31:21 -0500] "GET /imagenes/Srch_frw.gif HTTP/1.1" 200 925
191.95.134.236 - - [09/Apr/2022:21:31:21 -0500] "POST /forms/lservlet;jsessionid=ac16012b30d673f6d2d4e76547b0907bafa2467e5735.e3iSbxaKaheRe34Sc38RahyRchr0n6jAmljGr5XDqQLvpAe HTTP/1.1" 200 10
191.95.134.236 - - [09/Apr/2022:21:31:37 -0500] "POST /forms/lservlet;jsessionid=ac16012b30d673f6d2d4e76547b0907bafa2467e5735.e3iSbxaKaheRe34Sc38RahyRchr0n6jAmljGr5XDqQLvpAe HTTP/1.1" 200 24
191.95.134.236 - - [09/Apr/2022:21:31:37 -0500] "POST /forms/lservlet;jsessionid=ac16012b30d673f6d2d4e76547b0907bafa2467e5735.e3iSbxaKaheRe34Sc38RahyRchr0n6jAmljGr5XDqQLvpAe HTTP/1.1" 200 14
191.95.134.236 - - [09/Apr/2022:21:31:38 -0500] "POST /forms/lservlet;jsessionid=ac16012b30d673f6d2d4e76547b0907bafa2467e5735.e3iSbxaKaheRe34Sc38RahyRchr0n6jAmljGr5XDqQLvpAe HTTP/1.1" 200 4164
191.95.134.236 - - [09/Apr/2022:21:31:39 -0500] "POST /forms/lservlet;jsessionid=ac16012b30d673f6d2d4e76547b0907bafa2467e5735.e3iSbxaKaheRe34Sc38RahyRchr0n6jAmljGr5XDqQLvpAe HTTP/1.1" 200 2
191.95.134.236 - - [09/Apr/2022:21:31:41 -0500] "POST /forms/lservlet;jsessionid=ac16012b30d673f6d2d4e76547b0907bafa2467e5735.e3iSbxaKaheRe34Sc38RahyRchr0n6jAmljGr5XDqQLvpAe HTTP/1.1" 200 2
191.95.134.236 - - [09/Apr/2022:21:31:41 -0500] "POST /forms/lservlet;jsessionid=ac16012b30d673f6d2d4e76547b0907bafa2467e5735.e3iSbxaKaheRe34Sc38RahyRchr0n6jAmljGr5XDqQLvpAe HTTP/1.1" 200 14
191.95.134.236 - - [09/Apr/2022:21:31:42 -0500] "POST /forms/lservlet;jsessionid=ac16012b30d673f6d2d4e76547b0907bafa2467e5735.e3iSbxaKaheRe34Sc38RahyRchr0n6jAmljGr5XDqQLvpAe HTTP/1.1" 200 14
191.95.134.236 - - [09/Apr/2022:21:31:43 -0500] "POST /forms/lservlet;jsessionid=ac16012b30d673f6d2d4e76547b0907bafa2467e5735.e3iSbxaKaheRe34Sc38RahyRchr0n6jAmljGr5XDqQLvpAe HTTP/1.1" 200 14
191.95.134.236 - - [09/Apr/2022:21:31:45 -0500] "POST /forms/lservlet;jsessionid=ac16012b30d673f6d2d4e76547b0907bafa2467e5735.e3iSbxaKaheRe34Sc38RahyRchr0n6jAmljGr5XDqQLvpAe HTTP/1.1" 200 14
191.95.134.236 - - [09/Apr/2022:21:31:47 -0500] "POST /forms/lservlet;jsessionid=ac16012b30d673f6d2d4e76547b0907bafa2467e5735.e3iSbxaKaheRe34Sc38RahyRchr0n6jAmljGr5XDqQLvpAe HTTP/1.1" 200 106
191.95.134.236 - - [09/Apr/2022:21:31:47 -0500] "POST /forms/lservlet;jsessionid=ac16012b30d673f6d2d4e76547b0907bafa2467e5735.e3iSbxaKaheRe34Sc38RahyRchr0n6jAmljGr5XDqQLvpAe HTTP/1.1" 200 2
191.95.134.236 - - [09/Apr/2022:21:31:47 -0500] "GET /reports/rwservlet/getjobid74788?server=repnomi HTTP/1.1" 200 47661
54.36.148.124 - - [09/Apr/2022:21:32:02 -0500] "-" 408 -
191.95.134.236 - - [09/Apr/2022:21:32:13 -0500] "POST /forms/lservlet;jsessionid=ac16012b30d673f6d2d4e76547b0907bafa2467e5735.e3iSbxaKaheRe34Sc38RahyRchr0n6jAmljGr5XDqQLvpAe HTTP/1.1" 200 2
191.95.134.236 - - [09/Apr/2022:21:32:14 -0500] "POST /forms/lservlet;jsessionid=ac16012b30d673f6d2d4e76547b0907bafa2467e5735.e3iSbxaKaheRe34Sc38RahyRchr0n6jAmljGr5XDqQLvpAe HTTP/1.1" 200 14
191.95.134.236 - - [09/Apr/2022:21:32:15 -0500] "POST /forms/lservlet;jsessionid=ac16012b30d673f6d2d4e76547b0907bafa2467e5735.e3iSbxaKaheRe34Sc38RahyRchr0n6jAmljGr5XDqQLvpAe HTTP/1.1" 200 14
191.95.134.236 - - [09/Apr/2022:21:32:16 -0500] "POST /forms/lservlet;jsessionid=ac16012b30d673f6d2d4e76547b0907bafa2467e5735.e3iSbxaKaheRe34Sc38RahyRchr0n6jAmljGr5XDqQLvpAe HTTP/1.1" 200 110
191.95.134.236 - - [09/Apr/2022:21:32:16 -0500] "POST /forms/lservlet;jsessionid=ac16012b30d673f6d2d4e76547b0907bafa2467e5735.e3iSbxaKaheRe34Sc38RahyRchr0n6jAmljGr5XDqQLvpAe HTTP/1.1" 200 2
191.95.134.236 - - [09/Apr/2022:21:32:16 -0500] "GET /reports/rwservlet/getjobid74789?server=repnomi HTTP/1.1" 200 47711
191.95.134.236 - - [09/Apr/2022:21:32:22 -0500] "POST /forms/lservlet;jsessionid=ac16012b30d673f6d2d4e76547b0907bafa2467e5735.e3iSbxaKaheRe34Sc38RahyRchr0n6jAmljGr5XDqQLvpAe HTTP/1.1" 200 2
216.245.221.92 - - [09/Apr/2022:21:32:37 -0500] "HEAD / HTTP/1.1" 200 -
191.95.134.236 - - [09/Apr/2022:21:33:18 -0500] "POST /forms/lservlet;jsessionid=ac16012b30d673f6d2d4e76547b0907bafa2467e5735.e3iSbxaKaheRe34Sc38RahyRchr0n6jAmljGr5XDqQLvpAe HTTP/1.1" 200 2
191.95.134.236 - - [09/Apr/2022:21:33:18 -0500] "POST /forms/lservlet;jsessionid=ac16012b30d673f6d2d4e76547b0907bafa2467e5735.e3iSbxaKaheRe34Sc38RahyRchr0n6jAmljGr5XDqQLvpAe HTTP/1.1" 200 14
191.95.134.236 - - [09/Apr/2022:21:33:19 -0500] "POST /forms/lservlet;jsessionid=ac16012b30d673f6d2d4e76547b0907bafa2467e5735.e3iSbxaKaheRe34Sc38RahyRchr0n6jAmljGr5XDqQLvpAe HTTP/1.1" 200 14
191.95.134.236 - - [09/Apr/2022:21:33:21 -0500] "POST /forms/lservlet;jsessionid=ac16012b30d673f6d2d4e76547b0907bafa2467e5735.e3iSbxaKaheRe34Sc38RahyRchr0n6jAmljGr5XDqQLvpAe HTTP/1.1" 200 107
191.95.134.236 - - [09/Apr/2022:21:33:21 -0500] "POST /forms/lservlet;jsessionid=ac16012b30d673f6d2d4e76547b0907bafa2467e5735.e3iSbxaKaheRe34Sc38RahyRchr0n6jAmljGr5XDqQLvpAe HTTP/1.1" 200 2
191.95.134.236 - - [09/Apr/2022:21:33:21 -0500] "GET /reports/rwservlet/getjobid74790?server=repnomi HTTP/1.1" 200 388010
201.245.192.253 - - [09/Apr/2022:21:32:56 -0500] "POST /kwsrmcab/Wsrmcab HTTP/1.1" 200 45575
172.22.2.4 - - [09/Apr/2022:21:32:28 -0500] "HEAD /BLA/boletinlegal/ HTTP/1.1" 200 -
191.95.134.236 - - [09/Apr/2022:21:34:10 -0500] "POST /forms/lservlet;jsessionid=ac16012b30d673f6d2d4e76547b0907bafa2467e5735.e3iSbxaKaheRe34Sc38RahyRchr0n6jAmljGr5XDqQLvpAe HTTP/1.1" 200 2
191.95.134.236 - - [09/Apr/2022:21:34:10 -0500] "POST /forms/lservlet;jsessionid=ac16012b30d673f6d2d4e76547b0907bafa2467e5735.e3iSbxaKaheRe34Sc38RahyRchr0n6jAmljGr5XDqQLvpAe HTTP/1.1" 200 2344
191.95.134.236 - - [09/Apr/2022:21:34:10 -0500] "GET /imagenes/Srch_frw.gif HTTP/1.1" 200 925
191.95.134.236 - - [09/Apr/2022:21:34:10 -0500] "POST /forms/lservlet;jsessionid=ac16012b30d673f6d2d4e76547b0907bafa2467e5735.e3iSbxaKaheRe34Sc38RahyRchr0n6jAmljGr5XDqQLvpAe HTTP/1.1" 200 10
191.95.134.236 - - [09/Apr/2022:21:34:12 -0500] "POST /forms/lservlet;jsessionid=ac16012b30d673f6d2d4e76547b0907bafa2467e5735.e3iSbxaKaheRe34Sc38RahyRchr0n6jAmljGr5XDqQLvpAe HTTP/1.1" 200 24
191.95.134.236 - - [09/Apr/2022:21:34:12 -0500] "POST /forms/lservlet;jsessionid=ac16012b30d673f6d2d4e76547b0907bafa2467e5735.e3iSbxaKaheRe34Sc38RahyRchr0n6jAmljGr5XDqQLvpAe HTTP/1.1" 200 14
191.95.134.236 - - [09/Apr/2022:21:34:14 -0500] "POST /forms/lservlet;jsessionid=ac16012b30d673f6d2d4e76547b0907bafa2467e5735.e3iSbxaKaheRe34Sc38RahyRchr0n6jAmljGr5XDqQLvpAe HTTP/1.1" 200 4746
191.95.134.236 - - [09/Apr/2022:21:34:14 -0500] "POST /forms/lservlet;jsessionid=ac16012b30d673f6d2d4e76547b0907bafa2467e5735.e3iSbxaKaheRe34Sc38RahyRchr0n6jAmljGr5XDqQLvpAe HTTP/1.1" 200 2
191.95.134.236 - - [09/Apr/2022:21:34:22 -0500] "POST /forms/lservlet;jsessionid=ac16012b30d673f6d2d4e76547b0907bafa2467e5735.e3iSbxaKaheRe34Sc38RahyRchr0n6jAmljGr5XDqQLvpAe HTTP/1.1" 200 2
191.95.134.236 - - [09/Apr/2022:21:34:31 -0500] "POST /forms/lservlet;jsessionid=ac16012b30d673f6d2d4e76547b0907bafa2467e5735.e3iSbxaKaheRe34Sc38RahyRchr0n6jAmljGr5XDqQLvpAe HTTP/1.1" 200 2
191.95.134.236 - - [09/Apr/2022:21:34:31 -0500] "POST /forms/lservlet;jsessionid=ac16012b30d673f6d2d4e76547b0907bafa2467e5735.e3iSbxaKaheRe34Sc38RahyRchr0n6jAmljGr5XDqQLvpAe HTTP/1.1" 200 14
201.245.192.253 - - [09/Apr/2022:21:33:44 -0500] "POST /kwsrmcab/Wsrmcab HTTP/1.1" 200 45735
191.95.134.236 - - [09/Apr/2022:21:34:32 -0500] "POST /forms/lservlet;jsessionid=ac16012b30d673f6d2d4e76547b0907bafa2467e5735.e3iSbxaKaheRe34Sc38RahyRchr0n6jAmljGr5XDqQLvpAe HTTP/1.1" 200 14
191.95.134.236 - - [09/Apr/2022:21:34:34 -0500] "POST /forms/lservlet;jsessionid=ac16012b30d673f6d2d4e76547b0907bafa2467e5735.e3iSbxaKaheRe34Sc38RahyRchr0n6jAmljGr5XDqQLvpAe HTTP/1.1" 200 14
191.95.134.236 - - [09/Apr/2022:21:34:35 -0500] "POST /forms/lservlet;jsessionid=ac16012b30d673f6d2d4e76547b0907bafa2467e5735.e3iSbxaKaheRe34Sc38RahyRchr0n6jAmljGr5XDqQLvpAe HTTP/1.1" 200 14
191.95.134.236 - - [09/Apr/2022:21:34:37 -0500] "POST /forms/lservlet;jsessionid=ac16012b30d673f6d2d4e76547b0907bafa2467e5735.e3iSbxaKaheRe34Sc38RahyRchr0n6jAmljGr5XDqQLvpAe HTTP/1.1" 200 106
191.95.134.236 - - [09/Apr/2022:21:34:38 -0500] "POST /forms/lservlet;jsessionid=ac16012b30d673f6d2d4e76547b0907bafa2467e5735.e3iSbxaKaheRe34Sc38RahyRchr0n6jAmljGr5XDqQLvpAe HTTP/1.1" 200 2
191.95.134.236 - - [09/Apr/2022:21:34:38 -0500] "GET /reports/rwservlet/getjobid74791?server=repnomi HTTP/1.1" 200 48160
172.22.2.4 - - [09/Apr/2022:21:33:18 -0500] "GET /BLA/boletinlegal/ HTTP/1.1" 200 60932
191.95.134.236 - - [09/Apr/2022:21:35:34 -0500] "POST /forms/lservlet;jsessionid=ac16012b30d673f6d2d4e76547b0907bafa2467e5735.e3iSbxaKaheRe34Sc38RahyRchr0n6jAmljGr5XDqQLvpAe HTTP/1.1" 200 2
191.95.134.236 - - [09/Apr/2022:21:35:34 -0500] "POST /forms/lservlet;jsessionid=ac16012b30d673f6d2d4e76547b0907bafa2467e5735.e3iSbxaKaheRe34Sc38RahyRchr0n6jAmljGr5XDqQLvpAe HTTP/1.1" 200 14
191.95.134.236 - - [09/Apr/2022:21:35:35 -0500] "POST /forms/lservlet;jsessionid=ac16012b30d673f6d2d4e76547b0907bafa2467e5735.e3iSbxaKaheRe34Sc38RahyRchr0n6jAmljGr5XDqQLvpAe HTTP/1.1" 200 14
191.95.134.236 - - [09/Apr/2022:21:35:36 -0500] "POST /forms/lservlet;jsessionid=ac16012b30d673f6d2d4e76547b0907bafa2467e5735.e3iSbxaKaheRe34Sc38RahyRchr0n6jAmljGr5XDqQLvpAe HTTP/1.1" 200 110
191.95.134.236 - - [09/Apr/2022:21:35:36 -0500] "POST /forms/lservlet;jsessionid=ac16012b30d673f6d2d4e76547b0907bafa2467e5735.e3iSbxaKaheRe34Sc38RahyRchr0n6jAmljGr5XDqQLvpAe HTTP/1.1" 200 2
191.95.134.236 - - [09/Apr/2022:21:35:36 -0500] "GET /reports/rwservlet/getjobid74792?server=repnomi HTTP/1.1" 200 47691
191.95.134.236 - - [09/Apr/2022:21:36:22 -0500] "POST /forms/lservlet;jsessionid=ac16012b30d673f6d2d4e76547b0907bafa2467e5735.e3iSbxaKaheRe34Sc38RahyRchr0n6jAmljGr5XDqQLvpAe HTTP/1.1" 200 2
191.95.134.236 - - [09/Apr/2022:21:36:54 -0500] "POST /forms/lservlet;jsessionid=ac16012b30d673f6d2d4e76547b0907bafa2467e5735.e3iSbxaKaheRe34Sc38RahyRchr0n6jAmljGr5XDqQLvpAe HTTP/1.1" 200 2
191.95.134.236 - - [09/Apr/2022:21:36:54 -0500] "POST /forms/lservlet;jsessionid=ac16012b30d673f6d2d4e76547b0907bafa2467e5735.e3iSbxaKaheRe34Sc38RahyRchr0n6jAmljGr5XDqQLvpAe HTTP/1.1" 200 14
191.95.134.236 - - [09/Apr/2022:21:36:56 -0500] "POST /forms/lservlet;jsessionid=ac16012b30d673f6d2d4e76547b0907bafa2467e5735.e3iSbxaKaheRe34Sc38RahyRchr0n6jAmljGr5XDqQLvpAe HTTP/1.1" 200 14
191.95.134.236 - - [09/Apr/2022:21:36:57 -0500] "POST /forms/lservlet;jsessionid=ac16012b30d673f6d2d4e76547b0907bafa2467e5735.e3iSbxaKaheRe34Sc38RahyRchr0n6jAmljGr5XDqQLvpAe HTTP/1.1" 200 14
191.95.134.236 - - [09/Apr/2022:21:36:58 -0500] "POST /forms/lservlet;jsessionid=ac16012b30d673f6d2d4e76547b0907bafa2467e5735.e3iSbxaKaheRe34Sc38RahyRchr0n6jAmljGr5XDqQLvpAe HTTP/1.1" 200 14
191.95.134.236 - - [09/Apr/2022:21:37:00 -0500] "POST /forms/lservlet;jsessionid=ac16012b30d673f6d2d4e76547b0907bafa2467e5735.e3iSbxaKaheRe34Sc38RahyRchr0n6jAmljGr5XDqQLvpAe HTTP/1.1" 200 107
191.95.134.236 - - [09/Apr/2022:21:37:01 -0500] "POST /forms/lservlet;jsessionid=ac16012b30d673f6d2d4e76547b0907bafa2467e5735.e3iSbxaKaheRe34Sc38RahyRchr0n6jAmljGr5XDqQLvpAe HTTP/1.1" 200 2
191.95.134.236 - - [09/Apr/2022:21:37:01 -0500] "GET /reports/rwservlet/getjobid74793?server=repnomi HTTP/1.1" 200 2787590
216.245.221.92 - - [09/Apr/2022:21:37:38 -0500] "HEAD / HTTP/1.1" 200 -
172.22.2.4 - - [09/Apr/2022:21:36:11 -0500] "GET /BLA/boletinlegal/ HTTP/1.1" 200 63342
191.95.134.236 - - [09/Apr/2022:21:38:01 -0500] "POST /forms/lservlet;jsessionid=ac16012b30d673f6d2d4e76547b0907bafa2467e5735.e3iSbxaKaheRe34Sc38RahyRchr0n6jAmljGr5XDqQLvpAe HTTP/1.1" 200 2
191.95.134.236 - - [09/Apr/2022:21:38:02 -0500] "POST /forms/lservlet;jsessionid=ac16012b30d673f6d2d4e76547b0907bafa2467e5735.e3iSbxaKaheRe34Sc38RahyRchr0n6jAmljGr5XDqQLvpAe HTTP/1.1" 200 14
191.95.134.236 - - [09/Apr/2022:21:38:03 -0500] "POST /forms/lservlet;jsessionid=ac16012b30d673f6d2d4e76547b0907bafa2467e5735.e3iSbxaKaheRe34Sc38RahyRchr0n6jAmljGr5XDqQLvpAe HTTP/1.1" 200 107
191.95.134.236 - - [09/Apr/2022:21:38:04 -0500] "POST /forms/lservlet;jsessionid=ac16012b30d673f6d2d4e76547b0907bafa2467e5735.e3iSbxaKaheRe34Sc38RahyRchr0n6jAmljGr5XDqQLvpAe HTTP/1.1" 200 2
191.95.134.236 - - [09/Apr/2022:21:38:04 -0500] "GET /reports/rwservlet/getjobid74794?server=repnomi HTTP/1.1" 200 58111
191.95.134.236 - - [09/Apr/2022:21:38:44 -0500] "POST /forms/lservlet;jsessionid=ac16012b30d673f6d2d4e76547b0907bafa2467e5735.e3iSbxaKaheRe34Sc38RahyRchr0n6jAmljGr5XDqQLvpAe HTTP/1.1" 200 2
191.95.134.236 - - [09/Apr/2022:21:38:48 -0500] "POST /forms/lservlet;jsessionid=ac16012b30d673f6d2d4e76547b0907bafa2467e5735.e3iSbxaKaheRe34Sc38RahyRchr0n6jAmljGr5XDqQLvpAe HTTP/1.1" 200 2
191.95.134.236 - - [09/Apr/2022:21:38:48 -0500] "POST /forms/lservlet;jsessionid=ac16012b30d673f6d2d4e76547b0907bafa2467e5735.e3iSbxaKaheRe34Sc38RahyRchr0n6jAmljGr5XDqQLvpAe HTTP/1.1" 200 14
191.95.134.236 - - [09/Apr/2022:21:38:49 -0500] "POST /forms/lservlet;jsessionid=ac16012b30d673f6d2d4e76547b0907bafa2467e5735.e3iSbxaKaheRe34Sc38RahyRchr0n6jAmljGr5XDqQLvpAe HTTP/1.1" 200 14
191.95.134.236 - - [09/Apr/2022:21:38:51 -0500] "POST /forms/lservlet;jsessionid=ac16012b30d673f6d2d4e76547b0907bafa2467e5735.e3iSbxaKaheRe34Sc38RahyRchr0n6jAmljGr5XDqQLvpAe HTTP/1.1" 200 14
191.95.134.236 - - [09/Apr/2022:21:38:52 -0500] "POST /forms/lservlet;jsessionid=ac16012b30d673f6d2d4e76547b0907bafa2467e5735.e3iSbxaKaheRe34Sc38RahyRchr0n6jAmljGr5XDqQLvpAe HTTP/1.1" 200 14
191.95.134.236 - - [09/Apr/2022:21:38:54 -0500] "POST /forms/lservlet;jsessionid=ac16012b30d673f6d2d4e76547b0907bafa2467e5735.e3iSbxaKaheRe34Sc38RahyRchr0n6jAmljGr5XDqQLvpAe HTTP/1.1" 200 107
191.95.134.236 - - [09/Apr/2022:21:38:54 -0500] "POST /forms/lservlet;jsessionid=ac16012b30d673f6d2d4e76547b0907bafa2467e5735.e3iSbxaKaheRe34Sc38RahyRchr0n6jAmljGr5XDqQLvpAe HTTP/1.1" 200 2
191.95.134.236 - - [09/Apr/2022:21:38:54 -0500] "GET /reports/rwservlet/getjobid74795?server=repnomi HTTP/1.1" 200 55474
172.22.2.4 - - [09/Apr/2022:21:39:56 -0500] "GET /BLA/boletinlegal/Circulares/2022/CIRCULAR%20No.%2000003%20DEL%2007%20DE%20MARZO%20DEL%202022.pdf HTTP/1.1" 404 1038
172.22.2.4 - - [09/Apr/2022:21:38:18 -0500] "HEAD /BLA/boletinlegal/ HTTP/1.1" 200 -
172.22.2.4 - - [09/Apr/2022:21:39:58 -0500] "GET /BLA/boletinlegal/Circulares/2021/CIRCULAR%20No.%2000009%20DEL%2001%20DE%20OCTUBRE%20DEL%202021.pdf HTTP/1.1" 200 320793
172.22.2.4 - - [09/Apr/2022:21:40:05 -0500] "GET /BLA/boletinlegal/Circulares/2021/CIRCULAR%20No.%2000007%20DEL%2010%20DE%20AGOSTO%20DEL%202021.pdf HTTP/1.1" 200 266364
172.22.2.4 - - [09/Apr/2022:21:40:20 -0500] "GET /BLA/boletinlegal/Circulares/2021/CIRCULAR%20No.%2000006%20DEL%2005%20DE%20AGOSTO%20DEL%202021.pdf HTTP/1.1" 200 249615
172.22.2.4 - - [09/Apr/2022:21:40:28 -0500] "GET /BLA/boletinlegal/Circulares/2020/Circular%20No.%2000018%20del%2002%20de%20diciembre%20del%202020.pdf HTTP/1.1" 200 276868
172.22.2.4 - - [09/Apr/2022:21:39:45 -0500] "GET /BLA/boletinlegal/ HTTP/1.1" 200 24523
172.22.2.4 - - [09/Apr/2022:21:40:42 -0500] "GET /BLA/boletinlegal/Circulares/2020/Circular%2000010%20del%2027%20de%20julio%20de%202020.pdf HTTP/1.1" 200 422655
191.95.134.236 - - [09/Apr/2022:21:40:44 -0500] "POST /forms/lservlet;jsessionid=ac16012b30d673f6d2d4e76547b0907bafa2467e5735.e3iSbxaKaheRe34Sc38RahyRchr0n6jAmljGr5XDqQLvpAe HTTP/1.1" 200 2
172.22.2.4 - - [09/Apr/2022:21:39:08 -0500] "GET /BLA/boletinlegal/ HTTP/1.1" 200 50602
172.22.2.4 - - [09/Apr/2022:21:40:50 -0500] "GET /BLA/boletinlegal/Circulares/2020/CIRCULAR%20No.%2000019%20DEL%2018%20DE%20DICIEMBRE%20DEL%202020.pdf HTTP/1.1" 200 307959
172.22.2.4 - - [09/Apr/2022:21:40:58 -0500] "GET /BLA/boletinlegal/Circulares/2020/CIRCULAR%20No.%2000014%20del%2001%20de%20septiembre%20del%202020.pdf HTTP/1.1" 200 320826
172.22.2.4 - - [09/Apr/2022:21:39:58 -0500] "GET /BLA/boletinlegal/ HTTP/1.1" 200 36811
172.22.2.4 - - [09/Apr/2022:21:41:06 -0500] "GET /BLA/boletinlegal/Circulares/2019/Circular%20No.%2012%20del%2014%20de%20Marzo%20de%202019.pdf HTTP/1.1" 200 344384
191.95.134.236 - - [09/Apr/2022:21:41:11 -0500] "POST /forms/lservlet;jsessionid=ac16012b30d673f6d2d4e76547b0907bafa2467e5735.e3iSbxaKaheRe34Sc38RahyRchr0n6jAmljGr5XDqQLvpAe HTTP/1.1" 200 2
191.95.134.236 - - [09/Apr/2022:21:41:11 -0500] "POST /forms/lservlet;jsessionid=ac16012b30d673f6d2d4e76547b0907bafa2467e5735.e3iSbxaKaheRe34Sc38RahyRchr0n6jAmljGr5XDqQLvpAe HTTP/1.1" 200 2344
191.95.134.236 - - [09/Apr/2022:21:41:11 -0500] "GET /imagenes/Srch_frw.gif HTTP/1.1" 200 925
191.95.134.236 - - [09/Apr/2022:21:41:11 -0500] "POST /forms/lservlet;jsessionid=ac16012b30d673f6d2d4e76547b0907bafa2467e5735.e3iSbxaKaheRe34Sc38RahyRchr0n6jAmljGr5XDqQLvpAe HTTP/1.1" 200 10
191.95.134.236 - - [09/Apr/2022:21:41:14 -0500] "POST /forms/lservlet;jsessionid=ac16012b30d673f6d2d4e76547b0907bafa2467e5735.e3iSbxaKaheRe34Sc38RahyRchr0n6jAmljGr5XDqQLvpAe HTTP/1.1" 200 24
191.95.134.236 - - [09/Apr/2022:21:41:14 -0500] "POST /forms/lservlet;jsessionid=ac16012b30d673f6d2d4e76547b0907bafa2467e5735.e3iSbxaKaheRe34Sc38RahyRchr0n6jAmljGr5XDqQLvpAe HTTP/1.1" 200 14
172.22.2.4 - - [09/Apr/2022:21:41:15 -0500] "GET /BLA/boletinlegal/Circulares/2019/Circular%20No.%20006%20del%2008%20de%20Febrero%20de%202019.pdf HTTP/1.1" 200 674401
191.95.134.236 - - [09/Apr/2022:21:41:15 -0500] "POST /forms/lservlet;jsessionid=ac16012b30d673f6d2d4e76547b0907bafa2467e5735.e3iSbxaKaheRe34Sc38RahyRchr0n6jAmljGr5XDqQLvpAe HTTP/1.1" 200 3755
191.95.134.236 - - [09/Apr/2022:21:41:16 -0500] "POST /forms/lservlet;jsessionid=ac16012b30d673f6d2d4e76547b0907bafa2467e5735.e3iSbxaKaheRe34Sc38RahyRchr0n6jAmljGr5XDqQLvpAe HTTP/1.1" 200 2
191.95.134.236 - - [09/Apr/2022:21:41:21 -0500] "POST /forms/lservlet;jsessionid=ac16012b30d673f6d2d4e76547b0907bafa2467e5735.e3iSbxaKaheRe34Sc38RahyRchr0n6jAmljGr5XDqQLvpAe HTTP/1.1" 200 2
172.22.2.4 - - [09/Apr/2022:21:41:22 -0500] "GET /BLA/boletinlegal/Circulares/2019/Circular%20No.%200015%20del%2003%20de%20Octubre%20de%202019.pdf HTTP/1.1" 200 165608
191.95.134.236 - - [09/Apr/2022:21:41:21 -0500] "POST /forms/lservlet;jsessionid=ac16012b30d673f6d2d4e76547b0907bafa2467e5735.e3iSbxaKaheRe34Sc38RahyRchr0n6jAmljGr5XDqQLvpAe HTTP/1.1" 200 14
191.95.134.236 - - [09/Apr/2022:21:41:22 -0500] "POST /forms/lservlet;jsessionid=ac16012b30d673f6d2d4e76547b0907bafa2467e5735.e3iSbxaKaheRe34Sc38RahyRchr0n6jAmljGr5XDqQLvpAe HTTP/1.1" 200 14
191.95.134.236 - - [09/Apr/2022:21:41:23 -0500] "POST /forms/lservlet;jsessionid=ac16012b30d673f6d2d4e76547b0907bafa2467e5735.e3iSbxaKaheRe34Sc38RahyRchr0n6jAmljGr5XDqQLvpAe HTTP/1.1" 200 14
191.95.134.236 - - [09/Apr/2022:21:41:25 -0500] "POST /forms/lservlet;jsessionid=ac16012b30d673f6d2d4e76547b0907bafa2467e5735.e3iSbxaKaheRe34Sc38RahyRchr0n6jAmljGr5XDqQLvpAe HTTP/1.1" 200 14
172.22.2.4 - - [09/Apr/2022:21:41:27 -0500] "GET /BLA/boletinlegal/Circulares/2019/Circular%20No.%200005%20del%2020%20de%20Marzo%20de%202019.pdf HTTP/1.1" 200 159877
191.95.134.236 - - [09/Apr/2022:21:41:27 -0500] "POST /forms/lservlet;jsessionid=ac16012b30d673f6d2d4e76547b0907bafa2467e5735.e3iSbxaKaheRe34Sc38RahyRchr0n6jAmljGr5XDqQLvpAe HTTP/1.1" 200 106
191.95.134.236 - - [09/Apr/2022:21:41:27 -0500] "POST /forms/lservlet;jsessionid=ac16012b30d673f6d2d4e76547b0907bafa2467e5735.e3iSbxaKaheRe34Sc38RahyRchr0n6jAmljGr5XDqQLvpAe HTTP/1.1" 200 2
191.95.134.236 - - [09/Apr/2022:21:41:27 -0500] "GET /reports/rwservlet/getjobid74796?server=repnomi HTTP/1.1" 200 47691
191.95.134.236 - - [09/Apr/2022:21:41:37 -0500] "POST /forms/lservlet;jsessionid=ac16012b30d673f6d2d4e76547b0907bafa2467e5735.e3iSbxaKaheRe34Sc38RahyRchr0n6jAmljGr5XDqQLvpAe HTTP/1.1" 200 135
172.22.2.4 - - [09/Apr/2022:21:41:38 -0500] "GET /BLA/boletinlegal/Circulares/2019/Circular%20No.%200003%20del%2031%20de%20Enero%20de%202019.pdf HTTP/1.1" 200 164676
172.22.2.4 - - [09/Apr/2022:21:41:45 -0500] "GET /BLA/boletinlegal/Circulares/2019/Circular%2000020%20del%2020%20de%20diciembre%20de%202019.pdf HTTP/1.1" 200 145170
172.22.2.4 - - [09/Apr/2022:21:41:50 -0500] "GET /BLA/boletinlegal/Circulares/2019/Circular%2000018%20del%2020%20de%20noviembre%20de%202019.pdf HTTP/1.1" 200 158030
191.95.134.236 - - [09/Apr/2022:21:41:50 -0500] "POST /forms/lservlet;jsessionid=ac16012b30d673f6d2d4e76547b0907bafa2467e5735.e3iSbxaKaheRe34Sc38RahyRchr0n6jAmljGr5XDqQLvpAe HTTP/1.1" 200 72
191.95.134.236 - - [09/Apr/2022:21:41:51 -0500] "POST /forms/lservlet;jsessionid=ac16012b30d673f6d2d4e76547b0907bafa2467e5735.e3iSbxaKaheRe34Sc38RahyRchr0n6jAmljGr5XDqQLvpAe HTTP/1.1" 200 156
172.22.2.4 - - [09/Apr/2022:21:41:59 -0500] "GET /BLA/boletinlegal/Circulares/2019/.pdf HTTP/1.1" 404 1218
191.95.134.236 - - [09/Apr/2022:21:42:00 -0500] "POST /forms/lservlet;jsessionid=ac16012b30d673f6d2d4e76547b0907bafa2467e5735.e3iSbxaKaheRe34Sc38RahyRchr0n6jAmljGr5XDqQLvpAe HTTP/1.1" 200 121
172.22.2.4 - - [09/Apr/2022:21:42:02 -0500] "GET /BLA/boletinlegal/Circulares/2018/Circular%20No.%2011%20del%2024%20de%20Septiembre%20de%202018.pdf HTTP/1.1" 200 169541
172.22.2.4 - - [09/Apr/2022:21:42:07 -0500] "GET /BLA/boletinlegal/Circulares/2018/Circular%20No.%2010%20del%2021%20de%20Septiembre%20de%202018.pdf HTTP/1.1" 200 163426
172.22.2.4 - - [09/Apr/2022:21:42:13 -0500] "GET /BLA/boletinlegal/Circulares/2018/Circular%20No.%200015%20del%207%20de%20Diciembre%20de%202018.pdf HTTP/1.1" 200 165305
172.22.2.4 - - [09/Apr/2022:21:42:19 -0500] "GET /BLA/boletinlegal/Circulares/2018/CIRCULAR%20COJUNTA%20042%20DE%202018.pdf HTTP/1.1" 200 515008
172.22.2.4 - - [09/Apr/2022:21:42:32 -0500] "GET /BLA/boletinlegal/Circulares/2017/Circular%20No.%202%20del%201%20de%20Septiembre%20de%202017.pdf HTTP/1.1" 200 152575
216.245.221.92 - - [09/Apr/2022:21:42:37 -0500] "HEAD / HTTP/1.1" 200 -
172.22.2.4 - - [09/Apr/2022:21:42:39 -0500] "GET /BLA/boletinlegal/Circulares/2017/Circular%20No.%201%20del%2030%20de%20Marzo%20de%202017.pdf HTTP/1.1" 200 668532
191.95.134.236 - - [09/Apr/2022:21:42:44 -0500] "POST /forms/lservlet;jsessionid=ac16012b30d673f6d2d4e76547b0907bafa2467e5735.e3iSbxaKaheRe34Sc38RahyRchr0n6jAmljGr5XDqQLvpAe HTTP/1.1" 200 2
172.22.2.4 - - [09/Apr/2022:21:42:46 -0500] "GET /BLA/boletinlegal/Circulares/2017/Circular%20No.%2007%20del%2028%20de%20Abril%20de%202017.pdf HTTP/1.1" 200 309906
172.22.2.4 - - [09/Apr/2022:21:42:51 -0500] "GET /BLA/boletinlegal/Circulares/2017/Circular%20No.%20011%20del%2005%20de%20julio%20de%202017.pdf HTTP/1.1" 200 965526
191.95.134.236 - - [09/Apr/2022:21:42:55 -0500] "POST /forms/lservlet;jsessionid=ac16012b30d673f6d2d4e76547b0907bafa2467e5735.e3iSbxaKaheRe34Sc38RahyRchr0n6jAmljGr5XDqQLvpAe HTTP/1.1" 200 93
172.22.2.4 - - [09/Apr/2022:21:42:59 -0500] "GET /BLA/boletinlegal/Circulares/2015/Circular%20No.%202%20del%201%20de%20julio%20de%202015.pdf HTTP/1.1" 200 752890
207.46.13.209 - - [09/Apr/2022:21:43:05 -0500] "GET /AFLUENTESYEFUENTES/ HTTP/1.1" 200 4762
172.22.2.4 - - [09/Apr/2022:21:43:09 -0500] "GET /BLA/boletinlegal/Circulares/2015/Circular%20No.%201%20del%2010%20de%20Febrero%20de%202015.pdf HTTP/1.1" 200 660637
191.95.134.236 - - [09/Apr/2022:21:43:14 -0500] "POST /forms/lservlet;jsessionid=ac16012b30d673f6d2d4e76547b0907bafa2467e5735.e3iSbxaKaheRe34Sc38RahyRchr0n6jAmljGr5XDqQLvpAe HTTP/1.1" 200 2
191.95.134.236 - - [09/Apr/2022:21:43:14 -0500] "POST /forms/lservlet;jsessionid=ac16012b30d673f6d2d4e76547b0907bafa2467e5735.e3iSbxaKaheRe34Sc38RahyRchr0n6jAmljGr5XDqQLvpAe HTTP/1.1" 200 14
172.22.2.4 - - [09/Apr/2022:21:43:15 -0500] "GET /BLA/boletinlegal/Circulares/2014/Circular%20No.%203%20del%2014%20de%20Noviembre%20de%202014.pdf HTTP/1.1" 200 104132
191.95.134.236 - - [09/Apr/2022:21:43:15 -0500] "POST /forms/lservlet;jsessionid=ac16012b30d673f6d2d4e76547b0907bafa2467e5735.e3iSbxaKaheRe34Sc38RahyRchr0n6jAmljGr5XDqQLvpAe HTTP/1.1" 200 14
191.95.134.236 - - [09/Apr/2022:21:43:17 -0500] "POST /forms/lservlet;jsessionid=ac16012b30d673f6d2d4e76547b0907bafa2467e5735.e3iSbxaKaheRe34Sc38RahyRchr0n6jAmljGr5XDqQLvpAe HTTP/1.1" 200 14
191.95.134.236 - - [09/Apr/2022:21:43:18 -0500] "POST /forms/lservlet;jsessionid=ac16012b30d673f6d2d4e76547b0907bafa2467e5735.e3iSbxaKaheRe34Sc38RahyRchr0n6jAmljGr5XDqQLvpAe HTTP/1.1" 200 14
172.22.2.4 - - [09/Apr/2022:21:43:20 -0500] "GET /BLA/boletinlegal/Circulares/2014/Circular%20No.%202%20del%2021%20de%20septiembre%20de%202014.pdf HTTP/1.1" 200 143376
191.95.134.236 - - [09/Apr/2022:21:43:20 -0500] "POST /forms/lservlet;jsessionid=ac16012b30d673f6d2d4e76547b0907bafa2467e5735.e3iSbxaKaheRe34Sc38RahyRchr0n6jAmljGr5XDqQLvpAe HTTP/1.1" 200 15
191.95.134.236 - - [09/Apr/2022:21:43:23 -0500] "POST /forms/lservlet;jsessionid=ac16012b30d673f6d2d4e76547b0907bafa2467e5735.e3iSbxaKaheRe34Sc38RahyRchr0n6jAmljGr5XDqQLvpAe HTTP/1.1" 200 106
191.95.134.236 - - [09/Apr/2022:21:43:23 -0500] "POST /forms/lservlet;jsessionid=ac16012b30d673f6d2d4e76547b0907bafa2467e5735.e3iSbxaKaheRe34Sc38RahyRchr0n6jAmljGr5XDqQLvpAe HTTP/1.1" 200 11
191.95.134.236 - - [09/Apr/2022:21:43:23 -0500] "GET /reports/rwservlet/getjobid74797?server=repnomi HTTP/1.1" 200 47691
172.22.2.4 - - [09/Apr/2022:21:43:27 -0500] "GET /BLA/boletinlegal/Circulares/2014/Circular%20No.%201%20del%2008%20de%20Mayo%20de%202014.pdf HTTP/1.1" 200 180124
163.123.142.219 - - [09/Apr/2022:21:43:33 -0500] "GET /config/getuser?index=0 HTTP/1.1" 404 1018
172.22.2.4 - - [09/Apr/2022:21:43:34 -0500] "GET /BLA/boletinlegal/Circulares/2013/Circular%20No.%208%20del%201%20de%20Noviembre%20de%202013.pdf HTTP/1.1" 200 385156
172.22.2.4 - - [09/Apr/2022:21:43:41 -0500] "GET /BLA/boletinlegal/Circulares/2013/Circular%20No.%207%20del%201%20de%20Agosto%20de%202013.pdf HTTP/1.1" 200 340934
201.245.192.253 - - [09/Apr/2022:21:42:57 -0500] "POST /kwsrmcab/Wsrmcab HTTP/1.1" 200 45575
172.22.2.4 - - [09/Apr/2022:21:43:50 -0500] "GET /BLA/boletinlegal/Circulares/2013/Circular%20No.%206%20del%2019%20de%20julio%20de%202013.pdf HTTP/1.1" 200 4210437
172.22.2.4 - - [09/Apr/2022:21:44:08 -0500] "GET /BLA/boletinlegal/Circulares/2013/Circular%20No.%205%20del%2013%20de%20junio%20de%202013.pdf HTTP/1.1" 200 110904
172.22.2.4 - - [09/Apr/2022:21:44:15 -0500] "GET /BLA/boletinlegal/Circulares/2013/Circular%20No.%204%20del%2005%20de%20junio%20de%202013.pdf HTTP/1.1" 200 130461
191.95.134.236 - - [09/Apr/2022:21:44:18 -0500] "POST /forms/lservlet;jsessionid=ac16012b30d673f6d2d4e76547b0907bafa2467e5735.e3iSbxaKaheRe34Sc38RahyRchr0n6jAmljGr5XDqQLvpAe HTTP/1.1" 200 2
191.95.134.236 - - [09/Apr/2022:21:44:18 -0500] "POST /forms/lservlet;jsessionid=ac16012b30d673f6d2d4e76547b0907bafa2467e5735.e3iSbxaKaheRe34Sc38RahyRchr0n6jAmljGr5XDqQLvpAe HTTP/1.1" 200 14
191.95.134.236 - - [09/Apr/2022:21:44:19 -0500] "POST /forms/lservlet;jsessionid=ac16012b30d673f6d2d4e76547b0907bafa2467e5735.e3iSbxaKaheRe34Sc38RahyRchr0n6jAmljGr5XDqQLvpAe HTTP/1.1" 200 14
191.95.134.236 - - [09/Apr/2022:21:44:20 -0500] "POST /forms/lservlet;jsessionid=ac16012b30d673f6d2d4e76547b0907bafa2467e5735.e3iSbxaKaheRe34Sc38RahyRchr0n6jAmljGr5XDqQLvpAe HTTP/1.1" 200 107
191.95.134.236 - - [09/Apr/2022:21:44:20 -0500] "POST /forms/lservlet;jsessionid=ac16012b30d673f6d2d4e76547b0907bafa2467e5735.e3iSbxaKaheRe34Sc38RahyRchr0n6jAmljGr5XDqQLvpAe HTTP/1.1" 200 7
191.95.134.236 - - [09/Apr/2022:21:44:20 -0500] "GET /reports/rwservlet/getjobid74798?server=repnomi HTTP/1.1" 200 47495
172.22.2.4 - - [09/Apr/2022:21:44:22 -0500] "GET /BLA/boletinlegal/Circulares/2013/Circular%20No.%203%20del%2005%20de%20abril%20de%202013.pdf HTTP/1.1" 200 93580
201.245.192.253 - - [09/Apr/2022:21:43:44 -0500] "POST /kwsrmcab/Wsrmcab HTTP/1.1" 200 45735
172.22.2.4 - - [09/Apr/2022:21:44:29 -0500] "GET /BLA/boletinlegal/Circulares/2013/Circular%20No.%202%20del%2022%20de%20enero%20de%202013.pdf HTTP/1.1" 200 85466
172.22.2.4 - - [09/Apr/2022:21:44:40 -0500] "GET /BLA/boletinlegal/Circulares/2013/Circular%20No.%201%20del%2014%20de%20enero%20de%202013.pdf HTTP/1.1" 200 1298384
191.95.134.236 - - [09/Apr/2022:21:44:44 -0500] "POST /forms/lservlet;jsessionid=ac16012b30d673f6d2d4e76547b0907bafa2467e5735.e3iSbxaKaheRe34Sc38RahyRchr0n6jAmljGr5XDqQLvpAe HTTP/1.1" 200 2
172.22.2.4 - - [09/Apr/2022:21:44:49 -0500] "GET /BLA/boletinlegal/Circulares/2012/Circular%20No.%209%20del%2021%20de%20Agosto%20de%202012.pdf HTTP/1.1" 200 1402289
186.83.184.39 - - [09/Apr/2022:21:44:50 -0500] "GET /forest/ HTTP/1.1" 200 12041
172.22.2.4 - - [09/Apr/2022:21:44:57 -0500] "GET /BLA/boletinlegal/Circulares/2012/Circular%20No.%208%20del%2021%20de%20Agosto%20de%202012.pdf HTTP/1.1" 200 963197
186.83.184.39 - - [09/Apr/2022:21:45:01 -0500] "POST /forest/index.php HTTP/1.1" 200 12268
172.22.2.4 - - [09/Apr/2022:21:45:06 -0500] "GET /BLA/boletinlegal/Circulares/2012/Circular%20No.%207%20del%2008%20de%20Agosto%20de%202012.pdf HTTP/1.1" 200 972955
172.22.2.4 - - [09/Apr/2022:21:45:16 -0500] "GET /BLA/boletinlegal/Circulares/2012/Circular%20No.%206%20del%2025%20de%20Mayo%20de%202012.pdf HTTP/1.1" 200 387391
172.22.2.4 - - [09/Apr/2022:21:45:27 -0500] "GET /BLA/boletinlegal/Circulares/2012/Circular%20No.%205%20del%2027%20de%20Abril%20de%202012.pdf HTTP/1.1" 200 216613
172.22.2.4 - - [09/Apr/2022:21:45:33 -0500] "GET /BLA/boletinlegal/Circulares/2012/Circular%20No.%204%20del%2019%20de%20abril%20de%202012.pdf HTTP/1.1" 200 253045
172.22.2.4 - - [09/Apr/2022:21:45:40 -0500] "GET /BLA/boletinlegal/Circulares/2012/Circular%20No.%203%20del%2023%20de%20Marzo%20de%202012.pdf HTTP/1.1" 200 572950
191.95.134.236 - - [09/Apr/2022:21:45:42 -0500] "POST /forms/lservlet;jsessionid=ac16012b30d673f6d2d4e76547b0907bafa2467e5735.e3iSbxaKaheRe34Sc38RahyRchr0n6jAmljGr5XDqQLvpAe HTTP/1.1" 200 2
191.95.134.236 - - [09/Apr/2022:21:45:43 -0500] "POST /forms/lservlet;jsessionid=ac16012b30d673f6d2d4e76547b0907bafa2467e5735.e3iSbxaKaheRe34Sc38RahyRchr0n6jAmljGr5XDqQLvpAe HTTP/1.1" 200 14
191.95.134.236 - - [09/Apr/2022:21:45:44 -0500] "POST /forms/lservlet;jsessionid=ac16012b30d673f6d2d4e76547b0907bafa2467e5735.e3iSbxaKaheRe34Sc38RahyRchr0n6jAmljGr5XDqQLvpAe HTTP/1.1" 200 14
191.95.134.236 - - [09/Apr/2022:21:45:45 -0500] "POST /forms/lservlet;jsessionid=ac16012b30d673f6d2d4e76547b0907bafa2467e5735.e3iSbxaKaheRe34Sc38RahyRchr0n6jAmljGr5XDqQLvpAe HTTP/1.1" 200 107
191.95.134.236 - - [09/Apr/2022:21:45:45 -0500] "POST /forms/lservlet;jsessionid=ac16012b30d673f6d2d4e76547b0907bafa2467e5735.e3iSbxaKaheRe34Sc38RahyRchr0n6jAmljGr5XDqQLvpAe HTTP/1.1" 200 7
191.95.134.236 - - [09/Apr/2022:21:45:45 -0500] "GET /reports/rwservlet/getjobid74799?server=repnomi HTTP/1.1" 200 871359
172.22.2.4 - - [09/Apr/2022:21:45:47 -0500] "GET /BLA/boletinlegal/Circulares/2012/Circular%20No.%202%20del%2014%20de%20Marzo%20de%202012.pdf HTTP/1.1" 200 113666
172.22.2.4 - - [09/Apr/2022:21:44:08 -0500] "HEAD /BLA/boletinlegal/ HTTP/1.1" 200 -
172.22.2.4 - - [09/Apr/2022:21:45:53 -0500] "GET /BLA/boletinlegal/Circulares/2012/Circular%20No.%2016%20del%2022%20de%20octubre%20de%202012.pdf HTTP/1.1" 200 381186
172.22.2.4 - - [09/Apr/2022:21:45:58 -0500] "GET /BLA/boletinlegal/Circulares/2012/Circular%20No.%2015%20del%2022%20de%20octubre%20de%202012.pdf HTTP/1.1" 200 486506
172.22.2.4 - - [09/Apr/2022:21:46:06 -0500] "GET /BLA/boletinlegal/Circulares/2012/Circular%20No.%2014%20del%2011%20de%20Septiembre%20de%202012.pdf HTTP/1.1" 200 3427471
172.22.2.4 - - [09/Apr/2022:21:46:15 -0500] "GET /BLA/boletinlegal/Circulares/2012/Circular%20No.%2013%20del%2006%20de%20Septiembre%20de%202012.pdf HTTP/1.1" 200 351421
172.22.2.4 - - [09/Apr/2022:21:46:21 -0500] "GET /BLA/boletinlegal/Circulares/2012/Circular%20No.%2012%20del%2028%20de%20Agosto%20de%202012.pdf HTTP/1.1" 200 369945
172.22.2.4 - - [09/Apr/2022:21:46:32 -0500] "GET /BLA/boletinlegal/Circulares/2012/Circular%20No.%2011%20del%2027%20de%20Agosto%20de%202012.pdf HTTP/1.1" 200 526945
172.22.2.4 - - [09/Apr/2022:21:44:58 -0500] "GET /BLA/boletinlegal/ HTTP/1.1" 200 60932
172.22.2.4 - - [09/Apr/2022:21:46:42 -0500] "GET /BLA/boletinlegal/Circulares/2012/Circular%20No.%2010%20del%2026%20de%20Enero%20de%202012.pdf HTTP/1.1" 404 1218
191.95.134.236 - - [09/Apr/2022:21:46:44 -0500] "POST /forms/lservlet;jsessionid=ac16012b30d673f6d2d4e76547b0907bafa2467e5735.e3iSbxaKaheRe34Sc38RahyRchr0n6jAmljGr5XDqQLvpAe HTTP/1.1" 200 2
172.22.2.4 - - [09/Apr/2022:21:46:45 -0500] "GET /BLA/boletinlegal/Circulares/2012/Circular%20No.%2010%20del%2022%20de%20Agosto%20de%202012.pdf HTTP/1.1" 200 1563219
191.95.134.236 - - [09/Apr/2022:21:46:47 -0500] "POST /forms/lservlet;jsessionid=ac16012b30d673f6d2d4e76547b0907bafa2467e5735.e3iSbxaKaheRe34Sc38RahyRchr0n6jAmljGr5XDqQLvpAe HTTP/1.1" 200 2
191.95.134.236 - - [09/Apr/2022:21:46:48 -0500] "POST /forms/lservlet;jsessionid=ac16012b30d673f6d2d4e76547b0907bafa2467e5735.e3iSbxaKaheRe34Sc38RahyRchr0n6jAmljGr5XDqQLvpAe HTTP/1.1" 200 2308
191.95.134.236 - - [09/Apr/2022:21:46:48 -0500] "GET /imagenes/Srch_frw.gif HTTP/1.1" 200 925
191.95.134.236 - - [09/Apr/2022:21:46:48 -0500] "POST /forms/lservlet;jsessionid=ac16012b30d673f6d2d4e76547b0907bafa2467e5735.e3iSbxaKaheRe34Sc38RahyRchr0n6jAmljGr5XDqQLvpAe HTTP/1.1" 200 15
172.22.2.4 - - [09/Apr/2022:21:46:54 -0500] "GET /BLA/boletinlegal/Circulares/2012/Circular%20No.%201%20del%2017%20de%20Enero%20de%202012.pdf HTTP/1.1" 200 1118749
172.22.2.4 - - [09/Apr/2022:21:47:02 -0500] "GET /BLA/boletinlegal/Circulares/2011/Circular%20No.%209%20del%2003%20de%20Noviembre%20de%202011.pdf HTTP/1.1" 200 54568
172.22.2.4 - - [09/Apr/2022:21:47:07 -0500] "GET /BLA/boletinlegal/Circulares/2011/Circular%20No.%208%20del%2020%20de%20Septiembre%20de%202011.pdf HTTP/1.1" 200 285158
172.22.2.4 - - [09/Apr/2022:21:47:14 -0500] "GET /BLA/boletinlegal/consulta_actos.php?tipo=autos&no=5135&usuario=&sector=&fecha=2010&resuelve= HTTP/1.1" 200 1423
172.22.2.4 - - [09/Apr/2022:21:47:14 -0500] "GET /BLA/boletinlegal/images/background.gif HTTP/1.1" 200 -
172.22.2.4 - - [09/Apr/2022:21:47:18 -0500] "GET /BLA/boletinlegal/Circulares/2011/Circular%20No.%207%20del%2023%20de%20Diciembre%20de%202011.pdf HTTP/1.1" 200 1107785
191.95.134.236 - - [09/Apr/2022:21:47:19 -0500] "POST /forms/lservlet;jsessionid=ac16012b30d673f6d2d4e76547b0907bafa2467e5735.e3iSbxaKaheRe34Sc38RahyRchr0n6jAmljGr5XDqQLvpAe HTTP/1.1" 200 24
191.95.134.236 - - [09/Apr/2022:21:47:19 -0500] "POST /forms/lservlet;jsessionid=ac16012b30d673f6d2d4e76547b0907bafa2467e5735.e3iSbxaKaheRe34Sc38RahyRchr0n6jAmljGr5XDqQLvpAe HTTP/1.1" 200 14
191.95.134.236 - - [09/Apr/2022:21:47:21 -0500] "POST /forms/lservlet;jsessionid=ac16012b30d673f6d2d4e76547b0907bafa2467e5735.e3iSbxaKaheRe34Sc38RahyRchr0n6jAmljGr5XDqQLvpAe HTTP/1.1" 200 3931
191.95.134.236 - - [09/Apr/2022:21:47:21 -0500] "POST /forms/lservlet;jsessionid=ac16012b30d673f6d2d4e76547b0907bafa2467e5735.e3iSbxaKaheRe34Sc38RahyRchr0n6jAmljGr5XDqQLvpAe HTTP/1.1" 200 2
186.31.130.206 - - [09/Apr/2022:21:47:26 -0500] "GET /BLA/resoluciones/ HTTP/1.1" 200 13093
172.22.2.4 - - [09/Apr/2022:21:47:30 -0500] "GET /BLA/boletinlegal/Circulares/2011/Circular%20No.%207%20del%2015%20de%20Septiembre%20de%202011.pdf HTTP/1.1" 200 314873
69.63.184.6 - - [09/Apr/2022:21:47:33 -0500] "GET /images/pieza-mujeres-reverdecen-4-abril.jpg HTTP/1.1" 200 48916
172.22.2.4 - - [09/Apr/2022:21:47:36 -0500] "GET /BLA/boletinlegal/Circulares/2011/Circular%20No.%206%20del%2029%20de%20Julio%20de%202011.pdf HTTP/1.1" 200 262144
186.31.130.206 - - [09/Apr/2022:21:47:36 -0500] "GET /BLA/resoluciones/index.php?dir=AUTOS+2010%2F HTTP/1.1" 200 274332
216.245.221.92 - - [09/Apr/2022:21:47:37 -0500] "HEAD / HTTP/1.1" 200 -
172.22.2.4 - - [09/Apr/2022:21:47:46 -0500] "GET /BLA/boletinlegal/Circulares/2011/Circular%20No.%206%20del%2023%20de%20Septiembre%20de%202011.pdf HTTP/1.1" 200 252800
191.95.134.236 - - [09/Apr/2022:21:47:52 -0500] "POST /forms/lservlet;jsessionid=ac16012b30d673f6d2d4e76547b0907bafa2467e5735.e3iSbxaKaheRe34Sc38RahyRchr0n6jAmljGr5XDqQLvpAe HTTP/1.1" 200 2
191.95.134.236 - - [09/Apr/2022:21:47:52 -0500] "POST /forms/lservlet;jsessionid=ac16012b30d673f6d2d4e76547b0907bafa2467e5735.e3iSbxaKaheRe34Sc38RahyRchr0n6jAmljGr5XDqQLvpAe HTTP/1.1" 200 14
172.22.2.4 - - [09/Apr/2022:21:47:54 -0500] "GET /BLA/boletinlegal/Circulares/2011/Circular%20No.%205%20del%2014%20de%20Julio%20de%202011.pdf HTTP/1.1" 200 1488992
191.95.134.236 - - [09/Apr/2022:21:47:53 -0500] "POST /forms/lservlet;jsessionid=ac16012b30d673f6d2d4e76547b0907bafa2467e5735.e3iSbxaKaheRe34Sc38RahyRchr0n6jAmljGr5XDqQLvpAe HTTP/1.1" 200 14
191.95.134.236 - - [09/Apr/2022:21:47:55 -0500] "POST /forms/lservlet;jsessionid=ac16012b30d673f6d2d4e76547b0907bafa2467e5735.e3iSbxaKaheRe34Sc38RahyRchr0n6jAmljGr5XDqQLvpAe HTTP/1.1" 200 14
191.95.134.236 - - [09/Apr/2022:21:47:56 -0500] "POST /forms/lservlet;jsessionid=ac16012b30d673f6d2d4e76547b0907bafa2467e5735.e3iSbxaKaheRe34Sc38RahyRchr0n6jAmljGr5XDqQLvpAe HTTP/1.1" 200 14
191.95.134.236 - - [09/Apr/2022:21:47:58 -0500] "POST /forms/lservlet;jsessionid=ac16012b30d673f6d2d4e76547b0907bafa2467e5735.e3iSbxaKaheRe34Sc38RahyRchr0n6jAmljGr5XDqQLvpAe HTTP/1.1" 200 106
