201.184.82.154 - - [09/Apr/2022:23:00:24 -0500] "GET /kwssiamovil/sm/acme/a?s=U2FsdGVkX185D4Cbz88Dfl7rUT1t0wcyRTpisjj68nmjLNmW3dNC6b02cIJ8gCIFwcY7VRm125QrnWPH81FuyyZhqTRIdKxaMV+4x9/imamimeXPR7Rn91LEpEXMPr16X8gx0NlakxQ2ZlsmQ0w/asp7x/QvwNb3edSpPHhwORM=&u=U2FsdGVkX19SWN42uuJyPdf20cHcGAhfvgUfRg5Pi/Q=&y=U2FsdGVkX1+ummSxJ0Y/UeU4/BVVw/VDWG04fTy4Cl0yRoHpgJu1s2JLumbOhFyP HTTP/1.1" 200 25
201.184.82.154 - - [09/Apr/2022:23:00:24 -0500] "GET /kwssiamovil/sm/acme/a?s=U2FsdGVkX19eRGrHSg5hNjQ1g1sx0GvRFqkCCI0i6SO2RqrZ8qrXxA0uSEZ0usH238OGUAPcnNkHltRVqbqi9MRbP10OkPuVE/B+jNl6aurvBxhvuKMna+KIVucYra8aspJWr9A8y2vQej273deEXMAEdonISkuW4kXE07T/Dy0=&u=U2FsdGVkX19SWN42uuJyPdf20cHcGAhfvgUfRg5Pi/Q=&y=U2FsdGVkX1+ummSxJ0Y/UeU4/BVVw/VDWG04fTy4Cl0yRoHpgJu1s2JLumbOhFyP HTTP/1.1" 200 25
201.184.82.154 - - [09/Apr/2022:23:00:24 -0500] "GET /kwssiamovil/sm/acme/a?s=U2FsdGVkX1/lVXMPLjDLElnl/I9Eg9D8BDraJ1hAvb29x3YrA+KE3UMYY7Vz5/BaSBcL3kf3HtwgWI8YYen84fcjZYyWxzRZlfs5X6HKBbnm7HGxks8qIQ6neqFEuCD11S29EmfTXRs3xu6LJWYRovu7JXDi7cqFeEr3mK+iSPY=&u=U2FsdGVkX19SWN42uuJyPdf20cHcGAhfvgUfRg5Pi/Q=&y=U2FsdGVkX1+ummSxJ0Y/UeU4/BVVw/VDWG04fTy4Cl0yRoHpgJu1s2JLumbOhFyP HTTP/1.1" 200 25
201.184.82.154 - - [09/Apr/2022:23:00:25 -0500] "GET /kwssiamovil/sm/acme/a?s=U2FsdGVkX1/cAebCqBXq1aHgU5oMMUvJXSB4JwiqzlXSPIhUPqPj3jvQOEJW8cENH/KaX1mL6uBCc6KvkEzCIDmI/oRLrVEkCR6ujKuqgX49PYfYcP2UVla4iCBrGY1lSYCOBocYM+3D3lk+11oN88GheLnUBIRcw6NU5evOBxEFsCcQBQufgOLomojRHg9C&u=U2FsdGVkX19SWN42uuJyPdf20cHcGAhfvgUfRg5Pi/Q=&y=U2FsdGVkX1+ummSxJ0Y/UeU4/BVVw/VDWG04fTy4Cl0yRoHpgJu1s2JLumbOhFyP HTTP/1.1" 200 25
20.127.91.237 - - [09/Apr/2022:23:01:05 -0500] "-" 408 -
173.252.107.2 - - [09/Apr/2022:23:01:32 -0500] "GET /del-22-al-26-de-noviembre-se-realizara-la-semana-ecoempresarial-en-bogota.html HTTP/1.1" 206 860
173.252.107.116 - - [09/Apr/2022:23:01:32 -0500] "GET /del-22-al-26-de-noviembre-se-realizara-la-semana-ecoempresarial-en-bogota.html HTTP/1.1" 206 860
172.22.2.4 - - [09/Apr/2022:22:59:57 -0500] "HEAD /BLA/boletinlegal/ HTTP/1.1" 200 -
172.22.2.4 - - [09/Apr/2022:23:00:48 -0500] "GET /BLA/boletinlegal/ HTTP/1.1" 200 57542
216.245.221.92 - - [09/Apr/2022:23:02:37 -0500] "HEAD / HTTP/1.1" 200 -
172.22.2.4 - - [09/Apr/2022:23:05:47 -0500] "HEAD /BLA/boletinlegal/ HTTP/1.1" 200 -
172.22.2.4 - - [09/Apr/2022:23:07:34 -0500] "POST /BLA/boletinlegal/vendor/phpunit/phpunit/src/Util/PHP/eval-stdin.php HTTP/1.1" 404 1018
216.245.221.92 - - [09/Apr/2022:23:07:37 -0500] "HEAD / HTTP/1.1" 200 -
5.252.248.17 - - [09/Apr/2022:23:07:56 -0500] "GET /en-semana-santa-no-uses-palmas-ni-traigas-o-consumas-animales-silvestres.html HTTP/1.1" 200 959
172.22.2.4 - - [09/Apr/2022:23:06:38 -0500] "GET /BLA/boletinlegal/ HTTP/1.1" 200 59170
216.245.221.92 - - [09/Apr/2022:23:12:37 -0500] "HEAD / HTTP/1.1" 200 -
172.22.2.4 - - [09/Apr/2022:23:11:37 -0500] "HEAD /BLA/boletinlegal/ HTTP/1.1" 200 -
51.161.115.227 - - [09/Apr/2022:23:13:28 -0500] "GET /auambari-deleito-con-sus-sonidos-ambientales-a-los-asistentes-de-fima-2021.html HTTP/1.1" 200 888
172.22.2.4 - - [09/Apr/2022:23:12:28 -0500] "GET /BLA/boletinlegal/ HTTP/1.1" 200 58588
216.245.221.92 - - [09/Apr/2022:23:17:37 -0500] "HEAD / HTTP/1.1" 200 -
172.22.2.4 - - [09/Apr/2022:23:17:27 -0500] "HEAD /BLA/boletinlegal/ HTTP/1.1" 200 -
172.22.2.4 - - [09/Apr/2022:23:18:18 -0500] "GET /BLA/boletinlegal/ HTTP/1.1" 200 60932
172.22.2.4 - - [09/Apr/2022:23:22:00 -0500] "GET /BLA/boletinlegal/.env HTTP/1.1" 404 1018
216.245.221.92 - - [09/Apr/2022:23:22:37 -0500] "HEAD / HTTP/1.1" 200 -
40.77.167.28 - - [09/Apr/2022:23:22:47 -0500] "GET /en-esta-navidad-bogota-esta-mejorando-con-mas-espacios-verdes-para-el-disfrute-de-la-ciudadania.html HTTP/1.1" 200 1114
201.245.192.253 - - [09/Apr/2022:23:22:56 -0500] "POST /kwsrmcab/Wsrmcab HTTP/1.1" 200 45742
170.231.52.214 - - [09/Apr/2022:23:24:07 -0500] "GET / HTTP/1.1" 200 319
201.245.192.253 - - [09/Apr/2022:23:23:47 -0500] "POST /kwsrmcab/Wsrmcab HTTP/1.1" 200 45735
172.22.2.4 - - [09/Apr/2022:23:23:17 -0500] "HEAD /BLA/boletinlegal/ HTTP/1.1" 200 -
190.156.90.221 - - [09/Apr/2022:23:25:19 -0500] "GET /BLA/resoluciones/AUTOS%202021/5781.pdf HTTP/1.1" 200 353060
172.22.2.4 - - [09/Apr/2022:23:24:07 -0500] "GET /BLA/boletinlegal/ HTTP/1.1" 200 61416
207.46.13.43 - - [09/Apr/2022:23:26:18 -0500] "GET /BLA/resoluciones/RESOLUCIONES%202018/1471.pdf HTTP/1.1" 304 -
216.245.221.92 - - [09/Apr/2022:23:27:37 -0500] "HEAD / HTTP/1.1" 200 -
172.22.2.4 - - [09/Apr/2022:23:29:07 -0500] "HEAD /BLA/boletinlegal/ HTTP/1.1" 200 -
200.118.60.116 - - [09/Apr/2022:23:30:56 -0500] "GET /caminos-de-los-cerros-habilitados-en-esta-semana-santa-2022.html?fbclid=IwAR1XWJDFicdDxUYOuqhi6hvOSamWQRK0bChsG382N4D28r0JmtYao3-g_Tw HTTP/1.1" 200 832
172.22.2.4 - - [09/Apr/2022:23:29:58 -0500] "GET /BLA/boletinlegal/ HTTP/1.1" 200 59170
216.245.221.92 - - [09/Apr/2022:23:32:37 -0500] "HEAD / HTTP/1.1" 200 -
207.46.13.157 - - [09/Apr/2022:23:33:14 -0500] "GET /BLA/resoluciones/index.php?dir=AUTOS+2019%2F HTTP/1.1" 200 342490
201.245.192.253 - - [09/Apr/2022:23:32:56 -0500] "POST /kwsrmcab/Wsrmcab HTTP/1.1" 200 45742
201.245.192.253 - - [09/Apr/2022:23:33:46 -0500] "POST /kwsrmcab/Wsrmcab HTTP/1.1" 200 45735
172.22.2.4 - - [09/Apr/2022:23:34:57 -0500] "HEAD /BLA/boletinlegal/ HTTP/1.1" 200 -
172.22.2.4 - - [09/Apr/2022:23:35:48 -0500] "GET /BLA/boletinlegal/ HTTP/1.1" 200 47760
216.245.221.92 - - [09/Apr/2022:23:37:37 -0500] "HEAD / HTTP/1.1" 200 -
172.22.2.4 - - [09/Apr/2022:23:36:05 -0500] "GET /BLA/boletinlegal/ HTTP/1.1" 200 48908
172.22.2.4 - - [09/Apr/2022:23:38:01 -0500] "GET /BLA/boletinlegal/jurisprudencia/analisis/AnalisisT-606-15.docx HTTP/1.1" 200 26698
172.22.2.4 - - [09/Apr/2022:23:38:02 -0500] "GET /BLA/boletinlegal/apple-touch-icon-120x120-precomposed.png HTTP/1.1" 404 1140
172.22.2.4 - - [09/Apr/2022:23:38:02 -0500] "GET /BLA/boletinlegal/apple-touch-icon-120x120.png HTTP/1.1" 404 1140
172.22.2.4 - - [09/Apr/2022:23:38:02 -0500] "GET /BLA/boletinlegal/apple-touch-icon-precomposed.png HTTP/1.1" 404 1140
172.22.2.4 - - [09/Apr/2022:23:38:02 -0500] "GET /BLA/boletinlegal/apple-touch-icon.png HTTP/1.1" 404 1140
172.22.2.4 - - [09/Apr/2022:23:38:02 -0500] "GET /BLA/boletinlegal/favicon.ico HTTP/1.1" 404 1140
172.22.2.4 - - [09/Apr/2022:23:38:02 -0500] "GET /BLA/boletinlegal/apple-touch-icon-120x120-precomposed.png HTTP/1.1" 404 1140
172.22.2.4 - - [09/Apr/2022:23:38:02 -0500] "GET /BLA/boletinlegal/apple-touch-icon-120x120.png HTTP/1.1" 404 1140
167.94.138.44 - - [09/Apr/2022:23:39:27 -0500] "GET / HTTP/1.1" 200 319
167.94.138.44 - - [09/Apr/2022:23:39:28 -0500] "GET / HTTP/1.1" 200 319
167.94.138.44 - - [09/Apr/2022:23:39:28 -0500] "PRI * HTTP/2.0" 400 946
66.249.65.17 - - [09/Apr/2022:23:39:38 -0500] "-" 408 -
172.22.2.4 - - [09/Apr/2022:23:39:49 -0500] "GET /BLA/boletinlegal/Circulares/2022/CIRCULAR%20No.%2000003%20DEL%2007%20DE%20MARZO%20DEL%202022.pdf HTTP/1.1" 404 1038
172.22.2.4 - - [09/Apr/2022:23:39:51 -0500] "GET /BLA/boletinlegal/Circulares/2021/CIRCULAR%20No.%2000009%20DEL%2001%20DE%20OCTUBRE%20DEL%202021.pdf HTTP/1.1" 200 320793
172.22.2.4 - - [09/Apr/2022:23:39:58 -0500] "GET /BLA/boletinlegal/Circulares/2021/CIRCULAR%20No.%2000007%20DEL%2010%20DE%20AGOSTO%20DEL%202021.pdf HTTP/1.1" 200 266364
172.22.2.4 - - [09/Apr/2022:23:40:05 -0500] "GET /BLA/boletinlegal/Circulares/2021/CIRCULAR%20No.%2000006%20DEL%2005%20DE%20AGOSTO%20DEL%202021.pdf HTTP/1.1" 200 249615
172.22.2.4 - - [09/Apr/2022:23:40:09 -0500] "GET /BLA/boletinlegal/Circulares/2020/Circular%20No.%2000018%20del%2002%20de%20diciembre%20del%202020.pdf HTTP/1.1" 200 276868
172.22.2.4 - - [09/Apr/2022:23:40:16 -0500] "GET /BLA/boletinlegal/Circulares/2020/Circular%2000010%20del%2027%20de%20julio%20de%202020.pdf HTTP/1.1" 200 422655
172.22.2.4 - - [09/Apr/2022:23:40:23 -0500] "GET /BLA/boletinlegal/Circulares/2020/CIRCULAR%20No.%2000019%20DEL%2018%20DE%20DICIEMBRE%20DEL%202020.pdf HTTP/1.1" 200 307959
172.22.2.4 - - [09/Apr/2022:23:40:29 -0500] "GET /BLA/boletinlegal/Circulares/2020/CIRCULAR%20No.%2000014%20del%2001%20de%20septiembre%20del%202020.pdf HTTP/1.1" 200 320826
172.22.2.4 - - [09/Apr/2022:23:40:33 -0500] "GET /BLA/boletinlegal/Circulares/2019/Circular%20No.%2012%20del%2014%20de%20Marzo%20de%202019.pdf HTTP/1.1" 200 344384
172.22.2.4 - - [09/Apr/2022:23:40:39 -0500] "GET /BLA/boletinlegal/Circulares/2019/Circular%20No.%20006%20del%2008%20de%20Febrero%20de%202019.pdf HTTP/1.1" 200 674401
172.22.2.4 - - [09/Apr/2022:23:40:46 -0500] "GET /BLA/boletinlegal/Circulares/2019/Circular%20No.%200015%20del%2003%20de%20Octubre%20de%202019.pdf HTTP/1.1" 200 165608
172.22.2.4 - - [09/Apr/2022:23:40:52 -0500] "GET /BLA/boletinlegal/Circulares/2019/Circular%20No.%200005%20del%2020%20de%20Marzo%20de%202019.pdf HTTP/1.1" 200 159877
172.22.2.4 - - [09/Apr/2022:23:40:57 -0500] "GET /BLA/boletinlegal/Circulares/2019/Circular%20No.%200003%20del%2031%20de%20Enero%20de%202019.pdf HTTP/1.1" 200 164676
172.22.2.4 - - [09/Apr/2022:23:41:02 -0500] "GET /BLA/boletinlegal/Circulares/2019/Circular%2000020%20del%2020%20de%20diciembre%20de%202019.pdf HTTP/1.1" 200 145170
172.22.2.4 - - [09/Apr/2022:23:41:08 -0500] "GET /BLA/boletinlegal/Circulares/2019/Circular%2000018%20del%2020%20de%20noviembre%20de%202019.pdf HTTP/1.1" 200 158030
172.22.2.4 - - [09/Apr/2022:23:41:14 -0500] "GET /BLA/boletinlegal/Circulares/2019/.pdf HTTP/1.1" 404 1218
172.22.2.4 - - [09/Apr/2022:23:41:17 -0500] "GET /BLA/boletinlegal/Circulares/2018/Circular%20No.%2011%20del%2024%20de%20Septiembre%20de%202018.pdf HTTP/1.1" 200 169541
172.22.2.4 - - [09/Apr/2022:23:41:22 -0500] "GET /BLA/boletinlegal/Circulares/2018/Circular%20No.%2010%20del%2021%20de%20Septiembre%20de%202018.pdf HTTP/1.1" 200 163426
172.22.2.4 - - [09/Apr/2022:23:41:28 -0500] "GET /BLA/boletinlegal/Circulares/2018/Circular%20No.%200015%20del%207%20de%20Diciembre%20de%202018.pdf HTTP/1.1" 200 165305
42.236.17.200 - - [09/Apr/2022:23:41:29 -0500] "GET / HTTP/1.1" 200 319
172.22.2.4 - - [09/Apr/2022:23:41:36 -0500] "GET /BLA/boletinlegal/Circulares/2018/CIRCULAR%20COJUNTA%20042%20DE%202018.pdf HTTP/1.1" 200 515008
172.22.2.4 - - [09/Apr/2022:23:41:43 -0500] "GET /BLA/boletinlegal/Circulares/2017/Circular%20No.%202%20del%201%20de%20Septiembre%20de%202017.pdf HTTP/1.1" 200 152575
172.22.2.4 - - [09/Apr/2022:23:41:48 -0500] "GET /BLA/boletinlegal/Circulares/2017/Circular%20No.%201%20del%2030%20de%20Marzo%20de%202017.pdf HTTP/1.1" 200 668532
112.94.97.241 - - [09/Apr/2022:23:41:39 -0500] "POST /HNAP1/ HTTP/1.0" 400 945
172.22.2.4 - - [09/Apr/2022:23:41:54 -0500] "GET /BLA/boletinlegal/Circulares/2017/Circular%20No.%2007%20del%2028%20de%20Abril%20de%202017.pdf HTTP/1.1" 200 309906
172.22.2.4 - - [09/Apr/2022:23:41:59 -0500] "GET /BLA/boletinlegal/Circulares/2017/Circular%20No.%20011%20del%2005%20de%20julio%20de%202017.pdf HTTP/1.1" 200 965526
172.22.2.4 - - [09/Apr/2022:23:42:03 -0500] "GET /BLA/boletinlegal/Circulares/2015/Circular%20No.%202%20del%201%20de%20julio%20de%202015.pdf HTTP/1.1" 200 752890
42.236.10.104 - - [09/Apr/2022:23:42:07 -0500] "GET / HTTP/1.1" 200 319
172.22.2.4 - - [09/Apr/2022:23:42:12 -0500] "GET /BLA/boletinlegal/Circulares/2015/Circular%20No.%201%20del%2010%20de%20Febrero%20de%202015.pdf HTTP/1.1" 200 660637
207.46.13.209 - - [09/Apr/2022:23:42:16 -0500] "GET / HTTP/1.1" 200 319
172.22.2.4 - - [09/Apr/2022:23:42:18 -0500] "GET /BLA/boletinlegal/Circulares/2014/Circular%20No.%203%20del%2014%20de%20Noviembre%20de%202014.pdf HTTP/1.1" 200 104132
172.22.2.4 - - [09/Apr/2022:23:42:24 -0500] "GET /BLA/boletinlegal/Circulares/2014/Circular%20No.%202%20del%2021%20de%20septiembre%20de%202014.pdf HTTP/1.1" 200 143376
172.22.2.4 - - [09/Apr/2022:23:40:47 -0500] "HEAD /BLA/boletinlegal/ HTTP/1.1" 200 -
172.22.2.4 - - [09/Apr/2022:23:42:31 -0500] "GET /BLA/boletinlegal/Circulares/2014/Circular%20No.%201%20del%2008%20de%20Mayo%20de%202014.pdf HTTP/1.1" 200 180124
172.22.2.4 - - [09/Apr/2022:23:42:35 -0500] "GET /BLA/boletinlegal/Circulares/2013/Circular%20No.%208%20del%201%20de%20Noviembre%20de%202013.pdf HTTP/1.1" 200 385156
216.245.221.92 - - [09/Apr/2022:23:42:37 -0500] "HEAD / HTTP/1.1" 200 -
172.22.2.4 - - [09/Apr/2022:23:42:41 -0500] "GET /BLA/boletinlegal/Circulares/2013/Circular%20No.%207%20del%201%20de%20Agosto%20de%202013.pdf HTTP/1.1" 200 340934
172.22.2.4 - - [09/Apr/2022:23:42:48 -0500] "GET /BLA/boletinlegal/Circulares/2013/Circular%20No.%206%20del%2019%20de%20julio%20de%202013.pdf HTTP/1.1" 200 4210437
172.22.2.4 - - [09/Apr/2022:23:43:07 -0500] "GET /BLA/boletinlegal/Circulares/2013/Circular%20No.%205%20del%2013%20de%20junio%20de%202013.pdf HTTP/1.1" 200 110904
172.22.2.4 - - [09/Apr/2022:23:43:15 -0500] "GET /BLA/boletinlegal/Circulares/2013/Circular%20No.%204%20del%2005%20de%20junio%20de%202013.pdf HTTP/1.1" 200 130461
172.22.2.4 - - [09/Apr/2022:23:41:38 -0500] "GET /BLA/boletinlegal/ HTTP/1.1" 200 55877
172.22.2.4 - - [09/Apr/2022:23:43:20 -0500] "GET /BLA/boletinlegal/Circulares/2013/Circular%20No.%203%20del%2005%20de%20abril%20de%202013.pdf HTTP/1.1" 200 93580
172.22.2.4 - - [09/Apr/2022:23:43:27 -0500] "GET /BLA/boletinlegal/Circulares/2013/Circular%20No.%202%20del%2022%20de%20enero%20de%202013.pdf HTTP/1.1" 200 85466
172.22.2.4 - - [09/Apr/2022:23:43:33 -0500] "GET /BLA/boletinlegal/Circulares/2013/Circular%20No.%201%20del%2014%20de%20enero%20de%202013.pdf HTTP/1.1" 200 1298384
172.22.2.4 - - [09/Apr/2022:23:43:39 -0500] "GET /BLA/boletinlegal/Circulares/2012/Circular%20No.%2016%20del%2022%20de%20octubre%20de%202012.pdf HTTP/1.1" 200 381186
201.245.192.253 - - [09/Apr/2022:23:42:55 -0500] "POST /kwsrmcab/Wsrmcab HTTP/1.1" 200 45742
172.22.2.4 - - [09/Apr/2022:23:43:45 -0500] "GET /BLA/boletinlegal/Circulares/2012/Circular%20No.%2015%20del%2022%20de%20octubre%20de%202012.pdf HTTP/1.1" 200 486506
201.245.192.253 - - [09/Apr/2022:23:43:45 -0500] "POST /kwsrmcab/Wsrmcab HTTP/1.1" 200 45735
54.92.201.194 - - [09/Apr/2022:23:44:43 -0500] "GET /importante-avance-en-la-calidad-del-agua-de-los-principales-rios-de-bogota.html HTTP/1.1" 200 1095
216.245.221.92 - - [09/Apr/2022:23:47:37 -0500] "HEAD / HTTP/1.1" 200 -
172.22.2.4 - - [09/Apr/2022:23:46:37 -0500] "HEAD /BLA/boletinlegal/ HTTP/1.1" 200 -
172.22.2.4 - - [09/Apr/2022:23:47:27 -0500] "GET /BLA/boletinlegal/ HTTP/1.1" 200 51004
172.22.2.4 - - [09/Apr/2022:23:48:19 -0500] "GET /BLA/boletinlegal/ HTTP/1.1" 200 36811
216.245.221.92 - - [09/Apr/2022:23:52:37 -0500] "HEAD / HTTP/1.1" 200 -
172.22.2.4 - - [09/Apr/2022:23:52:27 -0500] "HEAD /BLA/boletinlegal/ HTTP/1.1" 200 -
172.22.2.4 - - [09/Apr/2022:23:53:17 -0500] "GET /BLA/boletinlegal/ HTTP/1.1" 200 59170
216.245.221.92 - - [09/Apr/2022:23:57:37 -0500] "HEAD / HTTP/1.1" 200 -
192.241.226.66 - - [09/Apr/2022:23:58:33 -0500] "GET /ReportServer HTTP/1.1" 404 1018
172.22.2.4 - - [09/Apr/2022:23:58:17 -0500] "HEAD /BLA/boletinlegal/ HTTP/1.1" 200 -

:: Command execute ::

Enter:
 
Select:
 

:: Search ::
regexp 

:: Upload ::
 
[ ok ]

:: Make Dir ::
 
[ ok ]
:: Make File ::
 
[ ok ]

:: Go Dir ::
 
:: Go File ::
 

--[ c99shell v. 1.0 pre-release build #13 powered by Captain Crunch Security Team | http://ccteam.ru | Generation time: 0.234 ]--