186.102.20.132 - - [13/Apr/2022:10:36:04 -0500] "GET /kwssiamovil/sm/acme/a?s=U2FsdGVkX1/NJ/mzoos5L9BTuxIlFZuBxZ7sxEaU4h3KmIgggeWYd1cDWjPrM61N0F5TP1kU25zA9wMq9BzYTuWcdygXVPMKEldIDLgHiW+cNlFUSBkmJ2U3yKb5nCFVCZUE0KbcMFB1I3FcNBPQwgz5fnZLLhEKGSP8sU0sZCpkWTrua0LdcmRFVaPoEdruGAV8wsCvYPs4LAoenvdID9F+mmu30dXv3UurM7C3YldgJ2B2XeAORJ7iltU50d9WH9scD8vyBnHo3bY044N2a9OA/YVgSh0wQsfyNLuJ2Bnnn1ydpLZhlZzqtDboVhw3&u=U2FsdGVkX1+f709lJsolZWc0frC54gn9/UaclMpIAqvn4HXSSz9Q8OVsNmDixSb/&y=U2FsdGVkX1/opX4ry6Ghq8jKt3lGGPIv4PpXaMssFC01mFJBmmlvulNd9HABGRzk HTTP/1.1" 200 24
186.102.20.132 - - [13/Apr/2022:10:36:05 -0500] "GET /kwssiamovil/sm/acme/a?s=U2FsdGVkX1+s4d4hLHTW3iVr6jwemz2+FTwEdHTvfRl0CUWx7PcXrwGtf36ooPem3DTDqOeybmiRZcikqsKAPvjPEC9Ds7N9OHw+mw73FZBOES9/cuNAAk6rQ2Y357JG9sMMoFziASFWvFmkzznEihrlNgxI1JHLFfrmoOJTG6rhMEih9uz4cB04JRo7n3PPDG0nVVw1WBBqYZiNpZxmjg==&u=U2FsdGVkX1+f709lJsolZWc0frC54gn9/UaclMpIAqvn4HXSSz9Q8OVsNmDixSb/&y=U2FsdGVkX1/opX4ry6Ghq8jKt3lGGPIv4PpXaMssFC01mFJBmmlvulNd9HABGRzk HTTP/1.1" 200 25
186.102.20.132 - - [13/Apr/2022:10:36:05 -0500] "GET /kwssiamovil/sm/acme/a?s=U2FsdGVkX19vRF4H2IoZWqXLLRBEbh5EXHwfh8UOLLQIv3/bIA2XY4NXdc+0BcTPNp8nuuqd1KFAATLdwJ3Azgk4P4LyYp4Ka7eiJNz0NL784CMuFtjnYn6R4SSBi3H+iRzPz/rmxstOXUNrZjwXnrMpEyrXo358qOJufALQ+qgcm+X/DIkwink3xdR5QQvhr3Y/iwzw5gdb4Q1+6jZTirbti8ljbwBVtn0ZceBw4zSjG4F/bRp26zAHKpOG0SO6gTJXJ6E1v8yJO8nNwSGbwqxVteSfpEZinJFpKlHlIJ0=&u=U2FsdGVkX1+f709lJsolZWc0frC54gn9/UaclMpIAqvn4HXSSz9Q8OVsNmDixSb/&y=U2FsdGVkX1/opX4ry6Ghq8jKt3lGGPIv4PpXaMssFC01mFJBmmlvulNd9HABGRzk HTTP/1.1" 200 24
172.22.2.4 - - [13/Apr/2022:10:34:25 -0500] "HEAD /BLA/boletinlegal/ HTTP/1.1" 200 -
186.102.20.132 - - [13/Apr/2022:10:36:05 -0500] "GET /kwssiamovil/sm/acme/a?s=U2FsdGVkX19KnAVDifGw33c8ij473f5MNZSaG+6W/6Te+PmcmQ+STUdCsOpuHahQSzNzLoL+a9nLZWOGAESvOo6ZvkJH8hKNmpUjOJX0dyvCXqWF7wNBTv5RXxP/Kk21RPyIKc8MpTcQ50aKDNC3jHdFWuEJr6EPQA+dzn/Wx3jxke5+6WrqY3Fb8BRdmuUWlHYP07d7B63mruEFYbFoocXHMb/OLcKc4XaN1VIHEps=&u=U2FsdGVkX1+f709lJsolZWc0frC54gn9/UaclMpIAqvn4HXSSz9Q8OVsNmDixSb/&y=U2FsdGVkX1/opX4ry6Ghq8jKt3lGGPIv4PpXaMssFC01mFJBmmlvulNd9HABGRzk HTTP/1.1" 200 25
186.102.20.132 - - [13/Apr/2022:10:36:05 -0500] "GET /kwssiamovil/sm/acme/a?s=U2FsdGVkX18DP1xVoBJS0ziENASJ//EOHyJE5R6iDnbqileAndX+1U7IYFuW8TOLGNZHqQ1iabexVG4aOCPMp1Z/olbpIFGYgWXJZC+qonDANNQgDk/LclMfviT+cEuqNb7I2CsMeyKBtutw7xG5XHBwQSFfxDAN8bdc927JFcqTce2SgTvRbySr4zJDqc0dmJ8YH6cOMoEUkjgHrMFpqw==&u=U2FsdGVkX1+f709lJsolZWc0frC54gn9/UaclMpIAqvn4HXSSz9Q8OVsNmDixSb/&y=U2FsdGVkX1/opX4ry6Ghq8jKt3lGGPIv4PpXaMssFC01mFJBmmlvulNd9HABGRzk HTTP/1.1" 200 25
186.102.20.132 - - [13/Apr/2022:10:36:06 -0500] "GET /kwssiamovil/sm/acme/a?s=U2FsdGVkX1+FdhirStcI+TjzzEnalUK59qvwG4f4o+BRYY8deecTXJ4i5xVij75hVZHeHCLWhwSUD2MEAOdgkjy0MMOmeTYKhsWBavKJfzie1Rxcr/z8lWTc//p8YFOb6Ivv38qOv39W7IAQWjDCr0JwaI6lFw6iKfz8FR7Pz/igMR47dmfyUST0+/f4YwTJ34I/BwNIPloZO4hA6fAww1lZ+vOx6j/lpZpnsfdXkWI=&u=U2FsdGVkX1+f709lJsolZWc0frC54gn9/UaclMpIAqvn4HXSSz9Q8OVsNmDixSb/&y=U2FsdGVkX1/opX4ry6Ghq8jKt3lGGPIv4PpXaMssFC01mFJBmmlvulNd9HABGRzk HTTP/1.1" 200 25
186.102.20.132 - - [13/Apr/2022:10:36:06 -0500] "GET /kwssiamovil/sm/acme/a?s=U2FsdGVkX18ujLiE5Sl7uoDfcuM08zJRrNpzPn9q6RCtHDI58EwB+N7nlCv6hl6jP12eEE2B1WD8pGuv+/TsZW4nvy3krIdlRrIKqVWWbmaZQq+kmMmSq67R6ywtAKgYpK14hmtPu8rgO4/OK1FgYBOmSBubHfhY04ghi0FSnQvLrYGqfGAZGzg30VIIeklbpkoFhPk8G6ErXKsGcYIKsQ==&u=U2FsdGVkX1+f709lJsolZWc0frC54gn9/UaclMpIAqvn4HXSSz9Q8OVsNmDixSb/&y=U2FsdGVkX1/opX4ry6Ghq8jKt3lGGPIv4PpXaMssFC01mFJBmmlvulNd9HABGRzk HTTP/1.1" 200 25
186.102.20.132 - - [13/Apr/2022:10:36:06 -0500] "GET /kwssiamovil/sm/acme/a?s=U2FsdGVkX18AdO9iKGQLetsGjjfC2ADL26hrvwBtCIOBaD7JGWEftXaMuvJFqwbt/7OGPLh/3YzPIfGMUjLccm2L4QqT4GXY9HxXVmjE4QT0YvLR/NJ+TnEIHqviwy3SG30tmLh415GF+xknzU9TU9x7qVXeSMKvE/mD+YxXUqXUjN88B/EVME922r9vPvy79sOFpjxtkBZtbd2n2k6yRA==&u=U2FsdGVkX1+f709lJsolZWc0frC54gn9/UaclMpIAqvn4HXSSz9Q8OVsNmDixSb/&y=U2FsdGVkX1/opX4ry6Ghq8jKt3lGGPIv4PpXaMssFC01mFJBmmlvulNd9HABGRzk HTTP/1.1" 200 25
172.22.2.4 - - [13/Apr/2022:10:36:06 -0500] "GET /BLA/boletinlegal/consulta_actos.php?tipo=resoluciones&no=2082&usuario=&sector=&fecha=2006&resuelve= HTTP/1.1" 200 626
186.102.20.132 - - [13/Apr/2022:10:36:06 -0500] "GET /kwssiamovil/sm/acme/a?s=U2FsdGVkX1/2y0xS7OexriVNcU0BlJ4H395gBRErCKyBAEOOGuEbzkzwz8ntRlm73GvQUs2wvRRwAztuVcjgIrQLT4Dowl9s6s1lx0rGD43aNSGN2taGWAGBiJSRaxte8q4krZVDY2Z5wi9sRZ37fZT26LvW2xJZpTBU0BjkJ2ksioWMhGxWR7Sb4To739Kf&u=U2FsdGVkX1+f709lJsolZWc0frC54gn9/UaclMpIAqvn4HXSSz9Q8OVsNmDixSb/&y=U2FsdGVkX1/opX4ry6Ghq8jKt3lGGPIv4PpXaMssFC01mFJBmmlvulNd9HABGRzk HTTP/1.1" 200 25
186.102.20.132 - - [13/Apr/2022:10:36:07 -0500] "GET /kwssiamovil/sm/acme/a?s=U2FsdGVkX1/BfmkaqJPHha/HFYVBuaAr/2YjMcQtyPRSNgsxI/pAbtqFhI5mbP+pb8ibdxmcaAEt9+mD3VCCPZC8Z3qpG7rUnjSKgFTOmD+ghnalgFDGVowqxeEEgyKNy9WAVNnZji8GgKzDd9MvBbznZTl9Vo3qrJ6E8LURVpXSaH/3WKi4tthPwkO+RbIPCy5W1Caxrp5WuFYOA8OPCg==&u=U2FsdGVkX1+f709lJsolZWc0frC54gn9/UaclMpIAqvn4HXSSz9Q8OVsNmDixSb/&y=U2FsdGVkX1/opX4ry6Ghq8jKt3lGGPIv4PpXaMssFC01mFJBmmlvulNd9HABGRzk HTTP/1.1" 200 25
186.102.20.132 - - [13/Apr/2022:10:36:07 -0500] "GET /kwssiamovil/sm/acme/a?s=U2FsdGVkX1+4GmgOIOK6kOKMnOLDrp3FFlEIMo0YmGjk0E1vZXzFLihSbAvMXAMCi5uryRkTuNcvx/vR4Ym8ox+6Ws3eZQYuM+n61G4O9UIt0TmhRunqoyz8nsQtwYEWKVrHjkQRt2pzavlrMkKA70YaHsI5D9+UQ4yOi7UH+uaNq3DwQRmcrR5sLPcEZ4vM&u=U2FsdGVkX1+f709lJsolZWc0frC54gn9/UaclMpIAqvn4HXSSz9Q8OVsNmDixSb/&y=U2FsdGVkX1/opX4ry6Ghq8jKt3lGGPIv4PpXaMssFC01mFJBmmlvulNd9HABGRzk HTTP/1.1" 200 25
186.102.20.132 - - [13/Apr/2022:10:36:07 -0500] "GET /kwssiamovil/sm/acme/a?s=U2FsdGVkX1959hxJ5cNe3tpIaKqXzG0dl2tzDzKNEVxwhK0i35/T/5maQYssj50f3x8JqA4St1hFR8p8wKJv+xo1hyLxdKo863KguDwnsc3UDmspZA4V4ivHd6+0yVaBGPMZ44GmVyc0Z2v0mw8Q1tEywTL8DrdjqHh3jJYpFP9iSG7Ldk7NrBbKxZxBSrW6am1msbD4Uopi3d4xr49H1Q==&u=U2FsdGVkX1+f709lJsolZWc0frC54gn9/UaclMpIAqvn4HXSSz9Q8OVsNmDixSb/&y=U2FsdGVkX1/opX4ry6Ghq8jKt3lGGPIv4PpXaMssFC01mFJBmmlvulNd9HABGRzk HTTP/1.1" 200 25
186.102.20.132 - - [13/Apr/2022:10:36:07 -0500] "GET /kwssiamovil/sm/acme/a?s=U2FsdGVkX19W+0uHPgzBkHtCq8d0PSuAvgZpoBHb63AWhlBCWtVxZNRbkJlW8PgEg31KqITp9QRf2YbSU9mVPThAd2i8Rvjyi515m33sxkEVVwVVpwLQbbW917UqhQVgHA9l/P3xZ/lAQd5lt1vnCT9ClSn9Si3lzqn3/OohbcjqPS9xflYgK9OP1bzy5k+g+ZHHZKe8fDPEZDea1sMmfQ==&u=U2FsdGVkX1+f709lJsolZWc0frC54gn9/UaclMpIAqvn4HXSSz9Q8OVsNmDixSb/&y=U2FsdGVkX1/opX4ry6Ghq8jKt3lGGPIv4PpXaMssFC01mFJBmmlvulNd9HABGRzk HTTP/1.1" 200 25
172.22.2.4 - - [13/Apr/2022:10:36:07 -0500] "GET /BLA/boletinlegal/consulta_actos.php?tipo=resoluciones&no=2082&usuario=&sector=&fecha=2006&resuelve= HTTP/1.1" 200 626
172.22.2.4 - - [13/Apr/2022:10:36:08 -0500] "GET /BLA/boletinlegal/consulta_actos.php?tipo=resoluciones&no=2082&usuario=&sector=&fecha=2006&resuelve= HTTP/1.1" 200 626
172.22.2.4 - - [13/Apr/2022:10:36:15 -0500] "GET /BLA/boletinlegal/consulta_actos.php?tipo=resoluciones&no=1503&usuario=&sector=&fecha=2006&resuelve= HTTP/1.1" 200 626
207.46.13.157 - - [13/Apr/2022:10:36:15 -0500] "GET /BLA/resoluciones/index.php?dir=AUTOS+2019%2F HTTP/1.1" 200 342653
172.22.2.4 - - [13/Apr/2022:10:36:19 -0500] "GET /BLA/boletinlegal/consulta_actos.php?tipo=resoluciones&no=1503&usuario=&sector=&fecha=2006&resuelve= HTTP/1.1" 200 626
172.22.2.4 - - [13/Apr/2022:10:36:19 -0500] "GET /BLA/boletinlegal/consulta_actos.php?tipo=resoluciones&no=1503&usuario=&sector=&fecha=2006&resuelve= HTTP/1.1" 200 626
172.22.2.4 - - [13/Apr/2022:10:36:29 -0500] "GET /BLA/boletinlegal/consulta_actos.php?tipo=resoluciones&no=0175&usuario=&sector=&fecha=2006&resuelve= HTTP/1.1" 200 626
172.22.2.4 - - [13/Apr/2022:10:36:32 -0500] "GET /BLA/boletinlegal/consulta_actos.php?tipo=resoluciones&no=0175&usuario=&sector=&fecha=2006&resuelve= HTTP/1.1" 200 626
172.22.2.4 - - [13/Apr/2022:10:36:33 -0500] "GET /BLA/boletinlegal/consulta_actos.php?tipo=resoluciones&no=0175&usuario=&sector=&fecha=2006&resuelve= HTTP/1.1" 200 626
172.22.2.4 - - [13/Apr/2022:10:36:33 -0500] "GET /BLA/boletinlegal/actos.php HTTP/1.1" 200 9559
172.22.2.4 - - [13/Apr/2022:10:36:43 -0500] "GET /BLA/boletinlegal/consulta_actos.php?tipo=autos&no=6373&usuario=&sector=&fecha=2021&resuelve= HTTP/1.1" 200 626
172.22.2.4 - - [13/Apr/2022:10:36:45 -0500] "GET /BLA/boletinlegal/consulta_actos.php?tipo=resoluciones&no=1141&usuario=&sector=&fecha=2007&resuelve= HTTP/1.1" 200 626
172.22.2.4 - - [13/Apr/2022:10:36:47 -0500] "GET /BLA/boletinlegal/consulta_actos.php?tipo=resoluciones&no=1141&usuario=&sector=&fecha=2007&resuelve= HTTP/1.1" 200 626
172.22.2.4 - - [13/Apr/2022:10:36:55 -0500] "GET /BLA/boletinlegal/consulta_actos.php?tipo=resoluciones&no=3602&usuario=&sector=&fecha=2007&resuelve= HTTP/1.1" 200 626
172.22.2.4 - - [13/Apr/2022:10:36:55 -0500] "GET /BLA/boletinlegal/consulta_actos.php?tipo=resoluciones&no=3602&usuario=&sector=&fecha=2007&resuelve= HTTP/1.1" 200 626
172.22.2.4 - - [13/Apr/2022:10:35:15 -0500] "GET /BLA/boletinlegal/ HTTP/1.1" 200 56669
216.245.221.92 - - [13/Apr/2022:10:37:04 -0500] "HEAD / HTTP/1.1" 200 -
172.22.2.4 - - [13/Apr/2022:10:37:04 -0500] "GET /BLA/boletinlegal/consulta_actos.php?tipo=resoluciones&no=1159&usuario=&sector=&fecha=2007&resuelve= HTTP/1.1" 200 626
172.22.2.4 - - [13/Apr/2022:10:37:05 -0500] "GET /BLA/boletinlegal/consulta_actos.php?tipo=resoluciones&no=1159&usuario=&sector=&fecha=2007&resuelve= HTTP/1.1" 200 626
172.22.2.4 - - [13/Apr/2022:10:37:05 -0500] "GET /BLA/boletinlegal/consulta_actos.php?tipo=resoluciones&no=1159&usuario=&sector=&fecha=2007&resuelve= HTTP/1.1" 200 626
66.249.66.86 - - [13/Apr/2022:10:37:14 -0500] "-" 408 -
172.22.2.4 - - [13/Apr/2022:10:37:15 -0500] "GET /BLA/boletinlegal/consulta_actos.php?tipo=resoluciones&no=1058&usuario=&sector=&fecha=2014&resuelve= HTTP/1.1" 200 626
172.22.2.4 - - [13/Apr/2022:10:37:17 -0500] "GET /BLA/boletinlegal/consulta_actos.php?tipo=resoluciones&no=1058&usuario=&sector=&fecha=2014&resuelve= HTTP/1.1" 200 626
172.22.2.4 - - [13/Apr/2022:10:37:17 -0500] "GET /BLA/boletinlegal/consulta_actos.php?tipo=resoluciones&no=1058&usuario=&sector=&fecha=2014&resuelve= HTTP/1.1" 200 626
172.22.2.4 - - [13/Apr/2022:10:37:28 -0500] "GET /BLA/boletinlegal/consulta_actos.php?tipo=resoluciones&no=1365&usuario=&sector=&fecha=2014&resuelve= HTTP/1.1" 200 626
172.22.2.4 - - [13/Apr/2022:10:37:29 -0500] "GET /BLA/boletinlegal/consulta_actos.php?tipo=resoluciones&no=1365&usuario=&sector=&fecha=2014&resuelve= HTTP/1.1" 200 626
172.22.2.4 - - [13/Apr/2022:10:37:29 -0500] "GET /BLA/boletinlegal/consulta_actos.php?tipo=resoluciones&no=1365&usuario=&sector=&fecha=2014&resuelve= HTTP/1.1" 200 626
191.95.134.236 - - [13/Apr/2022:10:37:50 -0500] "POST /forms/lservlet;jsessionid=ac16012b30d6532c3f7e73624a11a4a9a72c2f6d7170.e3iSbxaKaheRe3iOaNeTahmObO1ynknvrkLOlQzNp65In0 HTTP/1.1" 200 2
172.22.2.4 - - [13/Apr/2022:10:38:11 -0500] "GET /BLA/boletinlegal/consulta_actos.php?tipo=resoluciones&no=1492&usuario=&sector=&fecha=2020&resuelve= HTTP/1.1" 200 626
191.95.134.236 - - [13/Apr/2022:10:38:12 -0500] "POST /forms/lservlet;jsessionid=ac16012b30d6532c3f7e73624a11a4a9a72c2f6d7170.e3iSbxaKaheRe3iOaNeTahmObO1ynknvrkLOlQzNp65In0 HTTP/1.1" 200 2
172.22.2.4 - - [13/Apr/2022:10:38:12 -0500] "GET /BLA/boletinlegal/consulta_actos.php?tipo=resoluciones&no=1492&usuario=&sector=&fecha=2020&resuelve= HTTP/1.1" 200 626
191.95.134.236 - - [13/Apr/2022:10:38:12 -0500] "POST /forms/lservlet;jsessionid=ac16012b30d6532c3f7e73624a11a4a9a72c2f6d7170.e3iSbxaKaheRe3iOaNeTahmObO1ynknvrkLOlQzNp65In0 HTTP/1.1" 200 14
191.95.134.236 - - [13/Apr/2022:10:38:13 -0500] "POST /forms/lservlet;jsessionid=ac16012b30d6532c3f7e73624a11a4a9a72c2f6d7170.e3iSbxaKaheRe3iOaNeTahmObO1ynknvrkLOlQzNp65In0 HTTP/1.1" 200 14
172.22.2.4 - - [13/Apr/2022:10:38:15 -0500] "GET /BLA/boletinlegal/consulta_actos.php?tipo=resoluciones&no=1492&usuario=&sector=&fecha=2020&resuelve= HTTP/1.1" 200 626
191.95.134.236 - - [13/Apr/2022:10:38:15 -0500] "POST /forms/lservlet;jsessionid=ac16012b30d6532c3f7e73624a11a4a9a72c2f6d7170.e3iSbxaKaheRe3iOaNeTahmObO1ynknvrkLOlQzNp65In0 HTTP/1.1" 200 14
191.95.134.236 - - [13/Apr/2022:10:38:16 -0500] "POST /forms/lservlet;jsessionid=ac16012b30d6532c3f7e73624a11a4a9a72c2f6d7170.e3iSbxaKaheRe3iOaNeTahmObO1ynknvrkLOlQzNp65In0 HTTP/1.1" 200 14
191.95.134.236 - - [13/Apr/2022:10:38:18 -0500] "POST /forms/lservlet;jsessionid=ac16012b30d6532c3f7e73624a11a4a9a72c2f6d7170.e3iSbxaKaheRe3iOaNeTahmObO1ynknvrkLOlQzNp65In0 HTTP/1.1" 200 15
191.95.134.236 - - [13/Apr/2022:10:38:21 -0500] "POST /forms/lservlet;jsessionid=ac16012b30d6532c3f7e73624a11a4a9a72c2f6d7170.e3iSbxaKaheRe3iOaNeTahmObO1ynknvrkLOlQzNp65In0 HTTP/1.1" 200 15
172.22.2.4 - - [13/Apr/2022:10:38:24 -0500] "GET /BLA/boletinlegal/consulta_actos.php?tipo=resoluciones&no=5632&usuario=&sector=&fecha=2021&resuelve= HTTP/1.1" 200 626
191.95.134.236 - - [13/Apr/2022:10:38:25 -0500] "POST /forms/lservlet;jsessionid=ac16012b30d6532c3f7e73624a11a4a9a72c2f6d7170.e3iSbxaKaheRe3iOaNeTahmObO1ynknvrkLOlQzNp65In0 HTTP/1.1" 200 107
191.95.134.236 - - [13/Apr/2022:10:38:25 -0500] "POST /forms/lservlet;jsessionid=ac16012b30d6532c3f7e73624a11a4a9a72c2f6d7170.e3iSbxaKaheRe3iOaNeTahmObO1ynknvrkLOlQzNp65In0 HTTP/1.1" 200 2
172.22.2.4 - - [13/Apr/2022:10:38:25 -0500] "GET /BLA/boletinlegal/consulta_actos.php?tipo=resoluciones&no=5632&usuario=&sector=&fecha=2021&resuelve= HTTP/1.1" 200 626
172.22.2.4 - - [13/Apr/2022:10:38:25 -0500] "GET /BLA/boletinlegal/consulta_actos.php?tipo=resoluciones&no=5632&usuario=&sector=&fecha=2021&resuelve= HTTP/1.1" 200 626
172.22.2.4 - - [13/Apr/2022:10:38:33 -0500] "GET /BLA/boletinlegal/consulta_actos.php?tipo=resoluciones&no=5609&usuario=&sector=&fecha=2021&resuelve= HTTP/1.1" 200 626
172.22.2.4 - - [13/Apr/2022:10:38:34 -0500] "GET /BLA/boletinlegal/consulta_actos.php?tipo=resoluciones&no=5609&usuario=&sector=&fecha=2021&resuelve= HTTP/1.1" 200 626
191.95.134.236 - - [13/Apr/2022:10:38:25 -0500] "GET /reports/rwservlet/getjobid74864?server=repnomi HTTP/1.1" 200 2829206
172.22.2.4 - - [13/Apr/2022:10:38:43 -0500] "GET /BLA/boletinlegal/consulta_actos.php?tipo=resoluciones&no=2350&usuario=&sector=&fecha=2021&resuelve= HTTP/1.1" 200 626
172.22.2.4 - - [13/Apr/2022:10:38:45 -0500] "GET /BLA/boletinlegal/consulta_actos.php?tipo=resoluciones&no=2350&usuario=&sector=&fecha=2021&resuelve= HTTP/1.1" 200 626
172.22.2.4 - - [13/Apr/2022:10:38:45 -0500] "GET /BLA/boletinlegal/consulta_actos.php?tipo=resoluciones&no=2350&usuario=&sector=&fecha=2021&resuelve= HTTP/1.1" 200 626
172.22.2.4 - - [13/Apr/2022:10:38:47 -0500] "GET /BLA/boletinlegal/consulta_actos.php?tipo=resoluciones&no=2350&usuario=&sector=&fecha=2021&resuelve= HTTP/1.1" 200 626
172.22.2.4 - - [13/Apr/2022:10:38:47 -0500] "GET /BLA/boletinlegal/consulta_actos.php?tipo=resoluciones&no=2350&usuario=&sector=&fecha=2021&resuelve= HTTP/1.1" 200 626
172.22.2.4 - - [13/Apr/2022:10:38:56 -0500] "GET /BLA/boletinlegal/consulta_actos.php?tipo=resoluciones&no=5623&usuario=&sector=&fecha=2021&resuelve= HTTP/1.1" 200 626
172.22.2.4 - - [13/Apr/2022:10:38:57 -0500] "GET /BLA/boletinlegal/consulta_actos.php?tipo=resoluciones&no=5623&usuario=&sector=&fecha=2021&resuelve= HTTP/1.1" 200 626
172.22.2.4 - - [13/Apr/2022:10:38:57 -0500] "GET /BLA/boletinlegal/consulta_actos.php?tipo=resoluciones&no=5623&usuario=&sector=&fecha=2021&resuelve= HTTP/1.1" 200 626
172.22.2.4 - - [13/Apr/2022:10:38:57 -0500] "GET /BLA/boletinlegal/consulta_actos.php?tipo=resoluciones&no=6918&usuario=&sector=&fecha=2010&resuelve= HTTP/1.1" 200 2006
172.22.2.4 - - [13/Apr/2022:10:38:57 -0500] "GET /BLA/boletinlegal/consulta_actos.php?tipo=resoluciones&no=5623&usuario=&sector=&fecha=2021&resuelve= HTTP/1.1" 200 626
172.22.2.4 - - [13/Apr/2022:10:38:57 -0500] "GET /BLA/boletinlegal/consulta_actos.php?tipo=resoluciones&no=5623&usuario=&sector=&fecha=2021&resuelve= HTTP/1.1" 200 626
172.22.2.4 - - [13/Apr/2022:10:38:57 -0500] "GET /BLA/boletinlegal/consulta_actos.php?tipo=resoluciones&no=5623&usuario=&sector=&fecha=2021&resuelve= HTTP/1.1" 200 626
172.22.2.4 - - [13/Apr/2022:10:38:57 -0500] "GET /BLA/boletinlegal/consulta_actos.php?tipo=resoluciones&no=5623&usuario=&sector=&fecha=2021&resuelve= HTTP/1.1" 200 626
201.245.192.253 - - [13/Apr/2022:10:39:00 -0500] "GET /BLA/resoluciones/RESOLUCIONES%202017/1632.pdf HTTP/1.1" 200 315413
172.22.2.4 - - [13/Apr/2022:10:39:03 -0500] "GET /BLA/boletinlegal/consulta_actos.php?tipo=resoluciones&no=3356&usuario=&sector=&fecha=2021&resuelve= HTTP/1.1" 200 626
172.22.2.4 - - [13/Apr/2022:10:39:03 -0500] "GET /BLA/boletinlegal/sugerencias.php HTTP/1.1" 200 8615
172.22.2.4 - - [13/Apr/2022:10:39:04 -0500] "GET /BLA/boletinlegal/consulta_actos.php?tipo=resoluciones&no=3356&usuario=&sector=&fecha=2021&resuelve= HTTP/1.1" 200 626
172.22.2.4 - - [13/Apr/2022:10:39:04 -0500] "GET /BLA/boletinlegal/consulta_actos.php?tipo=resoluciones&no=3356&usuario=&sector=&fecha=2021&resuelve= HTTP/1.1" 200 626
172.22.2.4 - - [13/Apr/2022:10:39:04 -0500] "GET /BLA/boletinlegal/consulta_actos.php?tipo=resoluciones&no=3356&usuario=&sector=&fecha=2021&resuelve= HTTP/1.1" 200 626
172.22.2.4 - - [13/Apr/2022:10:39:17 -0500] "GET /BLA/boletinlegal/consulta_actos.php?tipo=resoluciones&no=3356&usuario=&sector=&fecha=2021&resuelve= HTTP/1.1" 200 626
172.22.2.4 - - [13/Apr/2022:10:39:18 -0500] "GET /BLA/boletinlegal/consulta_actos.php?tipo=resoluciones&no=3356&usuario=&sector=&fecha=2021&resuelve= HTTP/1.1" 200 626
191.95.134.236 - - [13/Apr/2022:10:40:25 -0500] "POST /forms/lservlet;jsessionid=ac16012b30d6532c3f7e73624a11a4a9a72c2f6d7170.e3iSbxaKaheRe3iOaNeTahmObO1ynknvrkLOlQzNp65In0 HTTP/1.1" 200 2
191.95.134.236 - - [13/Apr/2022:10:40:32 -0500] "POST /forms/lservlet;jsessionid=ac16012b30d6532c3f7e73624a11a4a9a72c2f6d7170.e3iSbxaKaheRe3iOaNeTahmObO1ynknvrkLOlQzNp65In0 HTTP/1.1" 200 2
191.95.134.236 - - [13/Apr/2022:10:40:32 -0500] "POST /forms/lservlet;jsessionid=ac16012b30d6532c3f7e73624a11a4a9a72c2f6d7170.e3iSbxaKaheRe3iOaNeTahmObO1ynknvrkLOlQzNp65In0 HTTP/1.1" 200 14
191.95.134.236 - - [13/Apr/2022:10:40:33 -0500] "POST /forms/lservlet;jsessionid=ac16012b30d6532c3f7e73624a11a4a9a72c2f6d7170.e3iSbxaKaheRe3iOaNeTahmObO1ynknvrkLOlQzNp65In0 HTTP/1.1" 200 14
191.95.134.236 - - [13/Apr/2022:10:40:35 -0500] "POST /forms/lservlet;jsessionid=ac16012b30d6532c3f7e73624a11a4a9a72c2f6d7170.e3iSbxaKaheRe3iOaNeTahmObO1ynknvrkLOlQzNp65In0 HTTP/1.1" 200 14
172.22.2.4 - - [13/Apr/2022:10:40:37 -0500] "GET /BLA/boletinlegal/images/pdf.gif HTTP/1.1" 200 567
191.95.134.236 - - [13/Apr/2022:10:40:36 -0500] "POST /forms/lservlet;jsessionid=ac16012b30d6532c3f7e73624a11a4a9a72c2f6d7170.e3iSbxaKaheRe3iOaNeTahmObO1ynknvrkLOlQzNp65In0 HTTP/1.1" 200 14
191.95.134.236 - - [13/Apr/2022:10:40:38 -0500] "POST /forms/lservlet;jsessionid=ac16012b30d6532c3f7e73624a11a4a9a72c2f6d7170.e3iSbxaKaheRe3iOaNeTahmObO1ynknvrkLOlQzNp65In0 HTTP/1.1" 200 15
191.95.134.236 - - [13/Apr/2022:10:40:41 -0500] "POST /forms/lservlet;jsessionid=ac16012b30d6532c3f7e73624a11a4a9a72c2f6d7170.e3iSbxaKaheRe3iOaNeTahmObO1ynknvrkLOlQzNp65In0 HTTP/1.1" 200 15
191.95.134.236 - - [13/Apr/2022:10:40:45 -0500] "POST /forms/lservlet;jsessionid=ac16012b30d6532c3f7e73624a11a4a9a72c2f6d7170.e3iSbxaKaheRe3iOaNeTahmObO1ynknvrkLOlQzNp65In0 HTTP/1.1" 200 15
191.95.134.236 - - [13/Apr/2022:10:40:53 -0500] "POST /forms/lservlet;jsessionid=ac16012b30d6532c3f7e73624a11a4a9a72c2f6d7170.e3iSbxaKaheRe3iOaNeTahmObO1ynknvrkLOlQzNp65In0 HTTP/1.1" 200 15
191.95.134.236 - - [13/Apr/2022:10:41:02 -0500] "POST /forms/lservlet;jsessionid=ac16012b30d6532c3f7e73624a11a4a9a72c2f6d7170.e3iSbxaKaheRe3iOaNeTahmObO1ynknvrkLOlQzNp65In0 HTTP/1.1" 200 15
191.95.134.236 - - [13/Apr/2022:10:41:11 -0500] "POST /forms/lservlet;jsessionid=ac16012b30d6532c3f7e73624a11a4a9a72c2f6d7170.e3iSbxaKaheRe3iOaNeTahmObO1ynknvrkLOlQzNp65In0 HTTP/1.1" 200 15
191.95.134.236 - - [13/Apr/2022:10:41:20 -0500] "POST /forms/lservlet;jsessionid=ac16012b30d6532c3f7e73624a11a4a9a72c2f6d7170.e3iSbxaKaheRe3iOaNeTahmObO1ynknvrkLOlQzNp65In0 HTTP/1.1" 200 15
172.22.2.4 - - [13/Apr/2022:10:40:19 -0500] "GET /BLA/boletinlegal/ HTTP/1.1" 200 36811
191.95.134.236 - - [13/Apr/2022:10:41:29 -0500] "POST /forms/lservlet;jsessionid=ac16012b30d6532c3f7e73624a11a4a9a72c2f6d7170.e3iSbxaKaheRe3iOaNeTahmObO1ynknvrkLOlQzNp65In0 HTTP/1.1" 200 15
181.61.164.108 - - [13/Apr/2022:10:41:36 -0500] "GET /BLA/resoluciones/index.php?dir=RESOLUCIONES+2005%2FRES+2005+351-400%2F HTTP/1.1" 200 12243
179.33.77.249 - - [13/Apr/2022:10:41:37 -0500] "GET /caminos-de-los-cerros-habilitados-en-esta-semana-santa-2022.html HTTP/1.1" 200 832
181.61.164.108 - - [13/Apr/2022:10:41:39 -0500] "GET /BLA/resoluciones/RESOLUCIONES%202005/RES%202005%20351-400/00000351.tif HTTP/1.1" 200 130982
181.61.164.108 - - [13/Apr/2022:10:41:39 -0500] "GET /BLA/resoluciones/RESOLUCIONES%202005/RES%202005%20351-400/00000352.tif HTTP/1.1" 200 326190
181.61.164.108 - - [13/Apr/2022:10:41:40 -0500] "GET /BLA/resoluciones/RESOLUCIONES%202005/RES%202005%20351-400/00000353.tif HTTP/1.1" 200 144052
181.61.164.108 - - [13/Apr/2022:10:41:41 -0500] "GET /BLA/resoluciones/RESOLUCIONES%202005/RES%202005%20351-400/00000354.tif HTTP/1.1" 200 126610
181.61.164.108 - - [13/Apr/2022:10:41:42 -0500] "GET /BLA/resoluciones/RESOLUCIONES%202005/RES%202005%20351-400/00000355.tif HTTP/1.1" 200 158392
181.61.164.108 - - [13/Apr/2022:10:41:43 -0500] "GET /BLA/resoluciones/RESOLUCIONES%202005/RES%202005%20351-400/00000356.tif HTTP/1.1" 200 168594
181.61.164.108 - - [13/Apr/2022:10:41:43 -0500] "GET /BLA/resoluciones/RESOLUCIONES%202005/RES%202005%20351-400/00000357.tif HTTP/1.1" 200 327262
181.61.164.108 - - [13/Apr/2022:10:41:44 -0500] "GET /BLA/resoluciones/RESOLUCIONES%202005/RES%202005%20351-400/00000358.tif HTTP/1.1" 200 171714
181.61.164.108 - - [13/Apr/2022:10:41:45 -0500] "GET /BLA/resoluciones/RESOLUCIONES%202005/RES%202005%20351-400/00000359.tif HTTP/1.1" 200 1362722
181.61.164.108 - - [13/Apr/2022:10:41:46 -0500] "GET /BLA/resoluciones/RESOLUCIONES%202005/RES%202005%20351-400/00000360.tif HTTP/1.1" 200 316822
181.61.164.108 - - [13/Apr/2022:10:41:47 -0500] "GET /BLA/resoluciones/RESOLUCIONES%202005/RES%202005%20351-400/00000361.tif HTTP/1.1" 200 368240
181.61.164.108 - - [13/Apr/2022:10:41:47 -0500] "GET /BLA/resoluciones/RESOLUCIONES%202005/RES%202005%20351-400/00000362.tif HTTP/1.1" 200 166806
181.61.164.108 - - [13/Apr/2022:10:41:49 -0500] "GET /BLA/resoluciones/RESOLUCIONES%202005/RES%202005%20351-400/00000363.tif HTTP/1.1" 200 181170
181.61.164.108 - - [13/Apr/2022:10:41:49 -0500] "GET /BLA/resoluciones/RESOLUCIONES%202005/RES%202005%20351-400/00000364.tif HTTP/1.1" 200 76634
181.61.164.108 - - [13/Apr/2022:10:41:50 -0500] "GET /BLA/resoluciones/RESOLUCIONES%202005/RES%202005%20351-400/00000365.tif HTTP/1.1" 200 48016
181.61.164.108 - - [13/Apr/2022:10:41:51 -0500] "GET /BLA/resoluciones/RESOLUCIONES%202005/RES%202005%20351-400/00000366.tif HTTP/1.1" 200 41700
181.61.164.108 - - [13/Apr/2022:10:41:52 -0500] "GET /BLA/resoluciones/RESOLUCIONES%202005/RES%202005%20351-400/00000367.tif HTTP/1.1" 200 42074
181.61.164.108 - - [13/Apr/2022:10:41:52 -0500] "GET /BLA/resoluciones/RESOLUCIONES%202005/RES%202005%20351-400/00000368.tif HTTP/1.1" 200 42090
181.61.164.108 - - [13/Apr/2022:10:41:53 -0500] "GET /BLA/resoluciones/RESOLUCIONES%202005/RES%202005%20351-400/00000369.tif HTTP/1.1" 200 45718
181.61.164.108 - - [13/Apr/2022:10:41:54 -0500] "GET /BLA/resoluciones/RESOLUCIONES%202005/RES%202005%20351-400/00000370.tif HTTP/1.1" 200 318834
181.61.164.108 - - [13/Apr/2022:10:41:55 -0500] "GET /BLA/resoluciones/RESOLUCIONES%202005/RES%202005%20351-400/00000371.tif HTTP/1.1" 200 155368
172.22.2.4 - - [13/Apr/2022:10:40:15 -0500] "HEAD /BLA/boletinlegal/ HTTP/1.1" 200 -
181.61.164.108 - - [13/Apr/2022:10:41:55 -0500] "GET /BLA/resoluciones/RESOLUCIONES%202005/RES%202005%20351-400/00000372.tif HTTP/1.1" 200 140830
181.61.164.108 - - [13/Apr/2022:10:41:56 -0500] "GET /BLA/resoluciones/RESOLUCIONES%202005/RES%202005%20351-400/00000373.tif HTTP/1.1" 200 158014
181.61.164.108 - - [13/Apr/2022:10:41:57 -0500] "GET /BLA/resoluciones/RESOLUCIONES%202005/RES%202005%20351-400/00000374.tif HTTP/1.1" 200 41190
181.61.164.108 - - [13/Apr/2022:10:41:58 -0500] "GET /BLA/resoluciones/RESOLUCIONES%202005/RES%202005%20351-400/00000375.tif HTTP/1.1" 200 81218
216.245.221.92 - - [13/Apr/2022:10:42:04 -0500] "HEAD / HTTP/1.1" 200 -
191.95.134.236 - - [13/Apr/2022:10:42:21 -0500] "POST /forms/lservlet;jsessionid=ac16012b30d6532c3f7e73624a11a4a9a72c2f6d7170.e3iSbxaKaheRe3iOaNeTahmObO1ynknvrkLOlQzNp65In0 HTTP/1.1" 200 107
191.95.134.236 - - [13/Apr/2022:10:42:21 -0500] "POST /forms/lservlet;jsessionid=ac16012b30d6532c3f7e73624a11a4a9a72c2f6d7170.e3iSbxaKaheRe3iOaNeTahmObO1ynknvrkLOlQzNp65In0 HTTP/1.1" 200 2
191.95.134.236 - - [13/Apr/2022:10:42:21 -0500] "GET /reports/rwservlet/getjobid74866?server=repnomi HTTP/1.1" 200 63248
191.95.134.236 - - [13/Apr/2022:10:42:25 -0500] "POST /forms/lservlet;jsessionid=ac16012b30d6532c3f7e73624a11a4a9a72c2f6d7170.e3iSbxaKaheRe3iOaNeTahmObO1ynknvrkLOlQzNp65In0 HTTP/1.1" 200 2
172.22.2.4 - - [13/Apr/2022:10:40:46 -0500] "GET /BLA/boletinlegal/index.php HTTP/1.1" 200 44043
172.22.2.4 - - [13/Apr/2022:10:41:05 -0500] "GET /BLA/boletinlegal/ HTTP/1.1" 200 47414
172.22.2.4 - - [13/Apr/2022:10:42:56 -0500] "GET /BLA/boletinlegal/consulta_actos.php?tipo=resoluciones&no=2442&usuario=&sector=PEV&fecha=2009&resuelve= HTTP/1.1" 200 626
172.22.2.4 - - [13/Apr/2022:10:42:57 -0500] "GET /BLA/boletinlegal/consulta_actos.php?tipo=resoluciones&no=2442&usuario=&sector=PEV&fecha=2009&resuelve= HTTP/1.1" 200 626
172.22.2.4 - - [13/Apr/2022:10:43:04 -0500] "GET /BLA/boletinlegal/consulta_actos.php?tipo=resoluciones&no=0242&usuario=&sector=PEV&fecha=2009&resuelve= HTTP/1.1" 200 1173
190.93.137.233 - - [13/Apr/2022:10:43:08 -0500] "GET /BLA/resoluciones/RESOLUCIONES%202009/0242.pdf HTTP/1.1" 200 566343
66.249.66.85 - - [13/Apr/2022:10:43:17 -0500] "-" 408 -
201.245.192.253 - - [13/Apr/2022:10:42:39 -0500] "POST /kwsrmcab/Wsrmcab HTTP/1.1" 200 45582
181.61.164.108 - - [13/Apr/2022:10:43:57 -0500] "GET /BLA/resoluciones/RESOLUCIONES%202005/RES%202005%20351-400/00000376.tif HTTP/1.1" 200 82578
181.61.164.108 - - [13/Apr/2022:10:43:58 -0500] "GET /BLA/resoluciones/RESOLUCIONES%202005/RES%202005%20351-400/00000377.tif HTTP/1.1" 200 73466
181.61.164.108 - - [13/Apr/2022:10:43:59 -0500] "GET /BLA/resoluciones/RESOLUCIONES%202005/RES%202005%20351-400/00000378.tif HTTP/1.1" 200 40402
181.61.164.108 - - [13/Apr/2022:10:44:00 -0500] "GET /BLA/resoluciones/RESOLUCIONES%202005/RES%202005%20351-400/00000379.tif HTTP/1.1" 200 145494
181.61.164.108 - - [13/Apr/2022:10:44:02 -0500] "GET /BLA/resoluciones/RESOLUCIONES%202005/RES%202005%20351-400/00000380.tif HTTP/1.1" 200 388272
181.61.164.108 - - [13/Apr/2022:10:44:05 -0500] "GET /BLA/resoluciones/RESOLUCIONES%202005/RES%202005%20351-400/00000381.tif HTTP/1.1" 200 245756
181.61.164.108 - - [13/Apr/2022:10:44:06 -0500] "GET /BLA/resoluciones/RESOLUCIONES%202005/RES%202005%20351-400/00000382.tif HTTP/1.1" 200 204174
181.61.164.108 - - [13/Apr/2022:10:44:07 -0500] "GET /BLA/resoluciones/RESOLUCIONES%202005/RES%202005%20351-400/00000383.tif HTTP/1.1" 200 203848
181.61.164.108 - - [13/Apr/2022:10:44:08 -0500] "GET /BLA/resoluciones/RESOLUCIONES%202005/RES%202005%20351-400/00000384.tif HTTP/1.1" 200 312264
181.61.164.108 - - [13/Apr/2022:10:44:10 -0500] "GET /BLA/resoluciones/RESOLUCIONES%202005/RES%202005%20351-400/00000385.tif HTTP/1.1" 200 407150
181.61.164.108 - - [13/Apr/2022:10:44:11 -0500] "GET /BLA/resoluciones/RESOLUCIONES%202005/RES%202005%20351-400/00000386.tif HTTP/1.1" 200 322942
181.61.164.108 - - [13/Apr/2022:10:44:12 -0500] "GET /BLA/resoluciones/RESOLUCIONES%202005/RES%202005%20351-400/00000387.tif HTTP/1.1" 200 238484
181.61.164.108 - - [13/Apr/2022:10:44:13 -0500] "GET /BLA/resoluciones/RESOLUCIONES%202005/RES%202005%20351-400/00000388.tif HTTP/1.1" 200 236062
181.61.164.108 - - [13/Apr/2022:10:44:13 -0500] "GET /BLA/resoluciones/RESOLUCIONES%202005/RES%202005%20351-400/00000389.tif HTTP/1.1" 200 200312
181.61.164.108 - - [13/Apr/2022:10:44:14 -0500] "GET /BLA/resoluciones/RESOLUCIONES%202005/RES%202005%20351-400/00000390.tif HTTP/1.1" 200 326736
201.245.192.253 - - [13/Apr/2022:10:43:26 -0500] "POST /kwsrmcab/Wsrmcab HTTP/1.1" 200 43304
181.61.164.108 - - [13/Apr/2022:10:44:15 -0500] "GET /BLA/resoluciones/RESOLUCIONES%202005/RES%202005%20351-400/00000391.tif HTTP/1.1" 200 50502
181.61.164.108 - - [13/Apr/2022:10:44:16 -0500] "GET /BLA/resoluciones/RESOLUCIONES%202005/RES%202005%20351-400/00000392.tif HTTP/1.1" 200 443366
181.61.164.108 - - [13/Apr/2022:10:44:17 -0500] "GET /BLA/resoluciones/RESOLUCIONES%202005/RES%202005%20351-400/00000393.tif HTTP/1.1" 200 175398
181.61.164.108 - - [13/Apr/2022:10:44:18 -0500] "GET /BLA/resoluciones/RESOLUCIONES%202005/RES%202005%20351-400/00000394.tif HTTP/1.1" 200 224268
181.61.164.108 - - [13/Apr/2022:10:44:19 -0500] "GET /BLA/resoluciones/RESOLUCIONES%202005/RES%202005%20351-400/00000395.tif HTTP/1.1" 200 191182
181.61.164.108 - - [13/Apr/2022:10:44:20 -0500] "GET /BLA/resoluciones/RESOLUCIONES%202005/RES%202005%20351-400/00000396.tif HTTP/1.1" 200 190356
181.61.164.108 - - [13/Apr/2022:10:44:21 -0500] "GET /BLA/resoluciones/RESOLUCIONES%202005/RES%202005%20351-400/00000397.tif HTTP/1.1" 200 185648
181.61.164.108 - - [13/Apr/2022:10:44:23 -0500] "GET /BLA/resoluciones/RESOLUCIONES%202005/RES%202005%20351-400/00000398.tif HTTP/1.1" 200 178220
181.61.164.108 - - [13/Apr/2022:10:44:24 -0500] "GET /BLA/resoluciones/RESOLUCIONES%202005/RES%202005%20351-400/00000399.tif HTTP/1.1" 200 244060
181.61.164.108 - - [13/Apr/2022:10:44:25 -0500] "GET /BLA/resoluciones/RESOLUCIONES%202005/RES%202005%20351-400/00000400.tif HTTP/1.1" 200 392494
191.95.134.236 - - [13/Apr/2022:10:44:25 -0500] "POST /forms/lservlet;jsessionid=ac16012b30d6532c3f7e73624a11a4a9a72c2f6d7170.e3iSbxaKaheRe3iOaNeTahmObO1ynknvrkLOlQzNp65In0 HTTP/1.1" 200 2
181.61.164.108 - - [13/Apr/2022:10:44:30 -0500] "GET /BLA/resoluciones/index.php?dir=RESOLUCIONES+2005%2FRES+2005+401-450%2F HTTP/1.1" 200 12254
181.61.164.108 - - [13/Apr/2022:10:44:32 -0500] "GET /BLA/resoluciones/RESOLUCIONES%202005/RES%202005%20401-450/00000401.tif HTTP/1.1" 200 230652
181.61.164.108 - - [13/Apr/2022:10:44:33 -0500] "GET /BLA/resoluciones/RESOLUCIONES%202005/RES%202005%20401-450/00000402.tif HTTP/1.1" 200 333896
181.61.164.108 - - [13/Apr/2022:10:44:34 -0500] "GET /BLA/resoluciones/RESOLUCIONES%202005/RES%202005%20401-450/00000403.tif HTTP/1.1" 200 433422
181.61.164.108 - - [13/Apr/2022:10:44:35 -0500] "GET /BLA/resoluciones/RESOLUCIONES%202005/RES%202005%20401-450/00000404.tif HTTP/1.1" 200 305634
181.61.164.108 - - [13/Apr/2022:10:44:36 -0500] "GET /BLA/resoluciones/RESOLUCIONES%202005/RES%202005%20401-450/00000405.tif HTTP/1.1" 200 176102
172.22.2.4 - - [13/Apr/2022:10:44:37 -0500] "GET /BLA/boletinlegal/actos.php HTTP/1.1" 200 9559
172.22.2.4 - - [13/Apr/2022:10:44:37 -0500] "GET /BLA/boletinlegal/style.css HTTP/1.1" 200 9406
172.22.2.4 - - [13/Apr/2022:10:44:37 -0500] "GET /BLA/boletinlegal/styles2.css HTTP/1.1" 200 1838
172.22.2.4 - - [13/Apr/2022:10:44:37 -0500] "GET /BLA/boletinlegal/js/popup.js HTTP/1.1" 200 1270
172.22.2.4 - - [13/Apr/2022:10:44:37 -0500] "GET /BLA/boletinlegal/js/jquery1.js HTTP/1.1" 200 29846
172.22.2.4 - - [13/Apr/2022:10:44:37 -0500] "GET /BLA/boletinlegal/js/lib.js HTTP/1.1" 200 6474
172.22.2.4 - - [13/Apr/2022:10:44:37 -0500] "GET /BLA/boletinlegal/niceforms.js HTTP/1.1" 200 22876
172.22.2.4 - - [13/Apr/2022:10:44:37 -0500] "GET /BLA/boletinlegal/js/ajax_actos.js HTTP/1.1" 200 1322
172.22.2.4 - - [13/Apr/2022:10:44:37 -0500] "GET /BLA/boletinlegal/niceforms-default.css HTTP/1.1" 200 6694
172.22.2.4 - - [13/Apr/2022:10:44:37 -0500] "GET /BLA/boletinlegal/images/subscribe-icon-big.png HTTP/1.1" 200 47702
172.22.2.4 - - [13/Apr/2022:10:44:37 -0500] "GET /BLA/boletinlegal/images/abajo.png HTTP/1.1" 200 96676
172.22.2.4 - - [13/Apr/2022:10:44:37 -0500] "GET /BLA/boletinlegal/images/historia.png HTTP/1.1" 200 52775
172.22.2.4 - - [13/Apr/2022:10:44:37 -0500] "GET /BLA/boletinlegal/images/registro-usuarios.png HTTP/1.1" 200 8106
172.22.2.4 - - [13/Apr/2022:10:44:37 -0500] "GET /BLA/boletinlegal/images/cabezote%20BLEGAL.jpg HTTP/1.1" 200 118164
172.22.2.4 - - [13/Apr/2022:10:44:37 -0500] "GET /BLA/boletinlegal/images/icono-email.png HTTP/1.1" 200 5544
172.22.2.4 - - [13/Apr/2022:10:44:37 -0500] "GET /BLA/boletinlegal/images/green-yellow-blue-pink-th.png HTTP/1.1" 200 7394
172.22.2.4 - - [13/Apr/2022:10:44:37 -0500] "GET /BLA/boletinlegal/images/menu_lft.gif HTTP/1.1" 200 1713
181.61.164.108 - - [13/Apr/2022:10:44:37 -0500] "GET /BLA/resoluciones/RESOLUCIONES%202005/RES%202005%20401-450/00000406.tif HTTP/1.1" 200 258556
172.22.2.4 - - [13/Apr/2022:10:44:37 -0500] "GET /BLA/boletinlegal/images/body_bg.jpg HTTP/1.1" 200 1601
172.22.2.4 - - [13/Apr/2022:10:44:37 -0500] "GET /BLA/boletinlegal/images/tel.png HTTP/1.1" 200 14477
172.22.2.4 - - [13/Apr/2022:10:44:37 -0500] "GET /BLA/boletinlegal/images/menu_rght.gif HTTP/1.1" 200 1627
172.22.2.4 - - [13/Apr/2022:10:44:37 -0500] "GET /BLA/boletinlegal/images/menu_bg.jpg HTTP/1.1" 200 620
172.22.2.4 - - [13/Apr/2022:10:44:37 -0500] "GET /BLA/boletinlegal/images/bg_top.jpg HTTP/1.1" 200 522
172.22.2.4 - - [13/Apr/2022:10:44:37 -0500] "GET /BLA/boletinlegal/images/hover.jpg HTTP/1.1" 200 640
172.22.2.4 - - [13/Apr/2022:10:44:37 -0500] "GET /BLA/boletinlegal/images/text.jpg HTTP/1.1" 200 568
172.22.2.4 - - [13/Apr/2022:10:44:37 -0500] "GET /BLA/boletinlegal/images/footer_bg.jpg HTTP/1.1" 200 586
172.22.2.4 - - [13/Apr/2022:10:44:37 -0500] "GET /BLA/boletinlegal/images/footer_bg_l.jpg HTTP/1.1" 200 776
172.22.2.4 - - [13/Apr/2022:10:44:37 -0500] "GET /BLA/boletinlegal/img/select-right.png HTTP/1.1" 200 44019
172.22.2.4 - - [13/Apr/2022:10:44:37 -0500] "GET /BLA/boletinlegal/img/select-left.png HTTP/1.1" 200 263
172.22.2.4 - - [13/Apr/2022:10:44:37 -0500] "GET /BLA/boletinlegal/img/0.png HTTP/1.1" 200 110
172.22.2.4 - - [13/Apr/2022:10:44:37 -0500] "GET /BLA/boletinlegal/img/button-left.png HTTP/1.1" 200 57071
172.22.2.4 - - [13/Apr/2022:10:44:37 -0500] "GET /BLA/boletinlegal/img/button.png HTTP/1.1" 200 43241
172.22.2.4 - - [13/Apr/2022:10:44:37 -0500] "GET /BLA/boletinlegal/img/button-right.png HTTP/1.1" 200 57878
172.22.2.4 - - [13/Apr/2022:10:44:37 -0500] "GET /BLA/boletinlegal/favicon.ico HTTP/1.1" 404 1326
181.61.164.108 - - [13/Apr/2022:10:44:38 -0500] "GET /BLA/resoluciones/RESOLUCIONES%202005/RES%202005%20401-450/00000407.tif HTTP/1.1" 200 448738
181.61.164.108 - - [13/Apr/2022:10:44:39 -0500] "GET /BLA/resoluciones/RESOLUCIONES%202005/RES%202005%20401-450/00000408.tif HTTP/1.1" 200 130906
181.61.164.108 - - [13/Apr/2022:10:44:40 -0500] "GET /BLA/resoluciones/RESOLUCIONES%202005/RES%202005%20401-450/00000409.tif HTTP/1.1" 200 133274
181.61.164.108 - - [13/Apr/2022:10:44:42 -0500] "GET /BLA/resoluciones/RESOLUCIONES%202005/RES%202005%20401-450/00000410.tif HTTP/1.1" 200 148106
172.22.2.4 - - [13/Apr/2022:10:44:43 -0500] "GET /BLA/boletinlegal/images/background.gif HTTP/1.1" 200 -
172.22.2.4 - - [13/Apr/2022:10:44:44 -0500] "GET /BLA/boletinlegal/consulta_actos.php?tipo=resoluciones&no=&usuario=&sector=&fecha=2022&resuelve= HTTP/1.1" 200 40954
172.22.2.4 - - [13/Apr/2022:10:44:45 -0500] "GET /BLA/boletinlegal/images/pdf.gif HTTP/1.1" 200 567
172.22.2.4 - - [13/Apr/2022:10:44:45 -0500] "GET /BLA/boletinlegal/images/background.gif HTTP/1.1" 200 -
181.61.164.108 - - [13/Apr/2022:10:44:47 -0500] "GET /BLA/resoluciones/RESOLUCIONES%202005/RES%202005%20401-450/00000411.tif HTTP/1.1" 200 132770
181.61.164.108 - - [13/Apr/2022:10:44:48 -0500] "GET /BLA/resoluciones/RESOLUCIONES%202005/RES%202005%20401-450/00000412.tif HTTP/1.1" 200 137714
181.61.164.108 - - [13/Apr/2022:10:44:49 -0500] "GET /BLA/resoluciones/RESOLUCIONES%202005/RES%202005%20401-450/00000413.tif HTTP/1.1" 200 145226
181.61.164.108 - - [13/Apr/2022:10:44:52 -0500] "GET /BLA/resoluciones/RESOLUCIONES%202005/RES%202005%20401-450/00000414.tif HTTP/1.1" 200 131924
181.61.164.108 - - [13/Apr/2022:10:44:53 -0500] "GET /BLA/resoluciones/RESOLUCIONES%202005/RES%202005%20401-450/00000415.tif HTTP/1.1" 200 138794
181.61.164.108 - - [13/Apr/2022:10:44:54 -0500] "GET /BLA/resoluciones/RESOLUCIONES%202005/RES%202005%20401-450/00000416.tif HTTP/1.1" 200 109166
181.61.164.108 - - [13/Apr/2022:10:44:55 -0500] "GET /BLA/resoluciones/RESOLUCIONES%202005/RES%202005%20401-450/00000417.tif HTTP/1.1" 200 131450
181.61.164.108 - - [13/Apr/2022:10:44:56 -0500] "GET /BLA/resoluciones/RESOLUCIONES%202005/RES%202005%20401-450/00000418.tif HTTP/1.1" 200 141532
181.61.164.108 - - [13/Apr/2022:10:44:57 -0500] "GET /BLA/resoluciones/RESOLUCIONES%202005/RES%202005%20401-450/00000419.tif HTTP/1.1" 200 132834
181.61.164.108 - - [13/Apr/2022:10:44:59 -0500] "GET /BLA/resoluciones/RESOLUCIONES%202005/RES%202005%20401-450/00000420.tif HTTP/1.1" 200 147782
181.61.164.108 - - [13/Apr/2022:10:45:00 -0500] "GET /BLA/resoluciones/RESOLUCIONES%202005/RES%202005%20401-450/00000421.tif HTTP/1.1" 200 155968
181.61.164.108 - - [13/Apr/2022:10:45:01 -0500] "GET /BLA/resoluciones/RESOLUCIONES%202005/RES%202005%20401-450/00000422.tif HTTP/1.1" 200 144298
181.61.164.108 - - [13/Apr/2022:10:45:02 -0500] "GET /BLA/resoluciones/RESOLUCIONES%202005/RES%202005%20401-450/00000423.tif HTTP/1.1" 200 145810
181.61.164.108 - - [13/Apr/2022:10:45:03 -0500] "GET /BLA/resoluciones/RESOLUCIONES%202005/RES%202005%20401-450/00000424.tif HTTP/1.1" 200 137610
181.61.164.108 - - [13/Apr/2022:10:45:04 -0500] "GET /BLA/resoluciones/RESOLUCIONES%202005/RES%202005%20401-450/00000425.tif HTTP/1.1" 200 140088
191.95.134.236 - - [13/Apr/2022:10:45:04 -0500] "POST /forms/lservlet;jsessionid=ac16012b30d6532c3f7e73624a11a4a9a72c2f6d7170.e3iSbxaKaheRe3iOaNeTahmObO1ynknvrkLOlQzNp65In0 HTTP/1.1" 200 2
191.95.134.236 - - [13/Apr/2022:10:45:05 -0500] "POST /forms/lservlet;jsessionid=ac16012b30d6532c3f7e73624a11a4a9a72c2f6d7170.e3iSbxaKaheRe3iOaNeTahmObO1ynknvrkLOlQzNp65In0 HTTP/1.1" 200 14
191.95.134.236 - - [13/Apr/2022:10:45:06 -0500] "POST /forms/lservlet;jsessionid=ac16012b30d6532c3f7e73624a11a4a9a72c2f6d7170.e3iSbxaKaheRe3iOaNeTahmObO1ynknvrkLOlQzNp65In0 HTTP/1.1" 200 14
181.61.164.108 - - [13/Apr/2022:10:45:07 -0500] "GET /BLA/resoluciones/RESOLUCIONES%202005/RES%202005%20401-450/00000426.tif HTTP/1.1" 200 162816
191.95.134.236 - - [13/Apr/2022:10:45:07 -0500] "POST /forms/lservlet;jsessionid=ac16012b30d6532c3f7e73624a11a4a9a72c2f6d7170.e3iSbxaKaheRe3iOaNeTahmObO1ynknvrkLOlQzNp65In0 HTTP/1.1" 200 14
181.61.164.108 - - [13/Apr/2022:10:45:09 -0500] "GET /BLA/resoluciones/RESOLUCIONES%202005/RES%202005%20401-450/00000427.tif HTTP/1.1" 200 133120
191.95.134.236 - - [13/Apr/2022:10:45:09 -0500] "POST /forms/lservlet;jsessionid=ac16012b30d6532c3f7e73624a11a4a9a72c2f6d7170.e3iSbxaKaheRe3iOaNeTahmObO1ynknvrkLOlQzNp65In0 HTTP/1.1" 200 14
181.61.164.108 - - [13/Apr/2022:10:45:10 -0500] "GET /BLA/resoluciones/RESOLUCIONES%202005/RES%202005%20401-450/00000428.tif HTTP/1.1" 200 161760
181.61.164.108 - - [13/Apr/2022:10:45:11 -0500] "GET /BLA/resoluciones/RESOLUCIONES%202005/RES%202005%20401-450/00000429.tif HTTP/1.1" 200 142028
191.95.134.236 - - [13/Apr/2022:10:45:11 -0500] "POST /forms/lservlet;jsessionid=ac16012b30d6532c3f7e73624a11a4a9a72c2f6d7170.e3iSbxaKaheRe3iOaNeTahmObO1ynknvrkLOlQzNp65In0 HTTP/1.1" 200 15
181.61.164.108 - - [13/Apr/2022:10:45:12 -0500] "GET /BLA/resoluciones/RESOLUCIONES%202005/RES%202005%20401-450/00000430.tif HTTP/1.1" 200 148608
181.61.164.108 - - [13/Apr/2022:10:45:13 -0500] "GET /BLA/resoluciones/RESOLUCIONES%202005/RES%202005%20401-450/00000431.tif HTTP/1.1" 200 133968
181.61.164.108 - - [13/Apr/2022:10:45:13 -0500] "GET /BLA/resoluciones/RESOLUCIONES%202005/RES%202005%20401-450/00000432.tif HTTP/1.1" 200 135844
191.95.134.236 - - [13/Apr/2022:10:45:13 -0500] "POST /forms/lservlet;jsessionid=ac16012b30d6532c3f7e73624a11a4a9a72c2f6d7170.e3iSbxaKaheRe3iOaNeTahmObO1ynknvrkLOlQzNp65In0 HTTP/1.1" 200 15
181.61.164.108 - - [13/Apr/2022:10:45:15 -0500] "GET /BLA/resoluciones/RESOLUCIONES%202005/RES%202005%20401-450/00000433.tif HTTP/1.1" 200 140206
181.61.164.108 - - [13/Apr/2022:10:45:15 -0500] "GET /BLA/resoluciones/RESOLUCIONES%202005/RES%202005%20401-450/00000434.tif HTTP/1.1" 200 133374
181.61.164.108 - - [13/Apr/2022:10:45:16 -0500] "GET /BLA/resoluciones/RESOLUCIONES%202005/RES%202005%20401-450/00000435.tif HTTP/1.1" 200 113330
181.61.164.108 - - [13/Apr/2022:10:45:17 -0500] "GET /BLA/resoluciones/RESOLUCIONES%202005/RES%202005%20401-450/00000436.tif HTTP/1.1" 200 151310
191.95.134.236 - - [13/Apr/2022:10:45:18 -0500] "POST /forms/lservlet;jsessionid=ac16012b30d6532c3f7e73624a11a4a9a72c2f6d7170.e3iSbxaKaheRe3iOaNeTahmObO1ynknvrkLOlQzNp65In0 HTTP/1.1" 200 107
191.95.134.236 - - [13/Apr/2022:10:45:18 -0500] "POST /forms/lservlet;jsessionid=ac16012b30d6532c3f7e73624a11a4a9a72c2f6d7170.e3iSbxaKaheRe3iOaNeTahmObO1ynknvrkLOlQzNp65In0 HTTP/1.1" 200 2
191.95.134.236 - - [13/Apr/2022:10:45:18 -0500] "POST /forms/lservlet;jsessionid=ac16012b30d6532c3f7e73624a11a4a9a72c2f6d7170.e3iSbxaKaheRe3iOaNeTahmObO1ynknvrkLOlQzNp65In0 HTTP/1.1" 200 2027
181.61.164.108 - - [13/Apr/2022:10:45:18 -0500] "GET /BLA/resoluciones/RESOLUCIONES%202005/RES%202005%20401-450/00000437.tif HTTP/1.1" 200 144904
191.95.134.236 - - [13/Apr/2022:10:45:18 -0500] "POST /forms/lservlet;jsessionid=ac16012b30d6532c3f7e73624a11a4a9a72c2f6d7170.e3iSbxaKaheRe3iOaNeTahmObO1ynknvrkLOlQzNp65In0 HTTP/1.1" 200 78
181.61.164.108 - - [13/Apr/2022:10:45:18 -0500] "GET /BLA/resoluciones/RESOLUCIONES%202005/RES%202005%20401-450/00000438.tif HTTP/1.1" 200 141574
191.95.134.236 - - [13/Apr/2022:10:45:18 -0500] "GET /reports/rwservlet/getjobid74867?server=repnomi HTTP/1.1" 200 654704
181.61.164.108 - - [13/Apr/2022:10:45:19 -0500] "GET /BLA/resoluciones/RESOLUCIONES%202005/RES%202005%20401-450/00000439.tif HTTP/1.1" 200 141566
181.61.164.108 - - [13/Apr/2022:10:45:20 -0500] "GET /BLA/resoluciones/RESOLUCIONES%202005/RES%202005%20401-450/00000440.tif HTTP/1.1" 200 163038
181.61.164.108 - - [13/Apr/2022:10:45:21 -0500] "GET /BLA/resoluciones/RESOLUCIONES%202005/RES%202005%20401-450/00000441.tif HTTP/1.1" 200 143816
181.61.164.108 - - [13/Apr/2022:10:45:22 -0500] "GET /BLA/resoluciones/RESOLUCIONES%202005/RES%202005%20401-450/00000442.tif HTTP/1.1" 200 170212
181.61.164.108 - - [13/Apr/2022:10:45:23 -0500] "GET /BLA/resoluciones/RESOLUCIONES%202005/RES%202005%20401-450/00000443.tif HTTP/1.1" 200 136608
181.61.164.108 - - [13/Apr/2022:10:45:23 -0500] "GET /BLA/resoluciones/RESOLUCIONES%202005/RES%202005%20401-450/00000444.tif HTTP/1.1" 200 164670
191.95.134.236 - - [13/Apr/2022:10:45:23 -0500] "POST /forms/lservlet;jsessionid=ac16012b30d6532c3f7e73624a11a4a9a72c2f6d7170.e3iSbxaKaheRe3iOaNeTahmObO1ynknvrkLOlQzNp65In0 HTTP/1.1" 200 34757
191.95.134.236 - - [13/Apr/2022:10:45:24 -0500] "GET /imagenes/listval.gif HTTP/1.1" 200 905
191.95.134.236 - - [13/Apr/2022:10:45:24 -0500] "POST /forms/lservlet;jsessionid=ac16012b30d6532c3f7e73624a11a4a9a72c2f6d7170.e3iSbxaKaheRe3iOaNeTahmObO1ynknvrkLOlQzNp65In0 HTTP/1.1" 200 7
191.95.134.236 - - [13/Apr/2022:10:45:24 -0500] "POST /forms/lservlet;jsessionid=ac16012b30d6532c3f7e73624a11a4a9a72c2f6d7170.e3iSbxaKaheRe3iOaNeTahmObO1ynknvrkLOlQzNp65In0 HTTP/1.1" 200 34
181.61.164.108 - - [13/Apr/2022:10:45:24 -0500] "GET /BLA/resoluciones/RESOLUCIONES%202005/RES%202005%20401-450/00000445.tif HTTP/1.1" 200 146328
191.95.134.236 - - [13/Apr/2022:10:45:24 -0500] "POST /forms/lservlet;jsessionid=ac16012b30d6532c3f7e73624a11a4a9a72c2f6d7170.e3iSbxaKaheRe3iOaNeTahmObO1ynknvrkLOlQzNp65In0 HTTP/1.1" 200 2
181.61.164.108 - - [13/Apr/2022:10:45:25 -0500] "GET /BLA/resoluciones/RESOLUCIONES%202005/RES%202005%20401-450/00000446.tif HTTP/1.1" 200 147522
191.95.134.236 - - [13/Apr/2022:10:45:25 -0500] "POST /forms/lservlet;jsessionid=ac16012b30d6532c3f7e73624a11a4a9a72c2f6d7170.e3iSbxaKaheRe3iOaNeTahmObO1ynknvrkLOlQzNp65In0 HTTP/1.1" 200 2
191.95.134.236 - - [13/Apr/2022:10:45:25 -0500] "POST /forms/lservlet;jsessionid=ac16012b30d6532c3f7e73624a11a4a9a72c2f6d7170.e3iSbxaKaheRe3iOaNeTahmObO1ynknvrkLOlQzNp65In0 HTTP/1.1" 200 662
191.95.134.236 - - [13/Apr/2022:10:45:25 -0500] "POST /forms/lservlet;jsessionid=ac16012b30d6532c3f7e73624a11a4a9a72c2f6d7170.e3iSbxaKaheRe3iOaNeTahmObO1ynknvrkLOlQzNp65In0 HTTP/1.1" 200 10
181.61.164.108 - - [13/Apr/2022:10:45:26 -0500] "GET /BLA/resoluciones/RESOLUCIONES%202005/RES%202005%20401-450/00000447.tif HTTP/1.1" 200 165720
181.61.164.108 - - [13/Apr/2022:10:45:26 -0500] "GET /BLA/resoluciones/RESOLUCIONES%202005/RES%202005%20401-450/00000448.tif HTTP/1.1" 200 122494
181.61.164.108 - - [13/Apr/2022:10:45:27 -0500] "GET /BLA/resoluciones/RESOLUCIONES%202005/RES%202005%20401-450/00000449.tif HTTP/1.1" 200 156978
191.95.134.236 - - [13/Apr/2022:10:45:27 -0500] "POST /forms/lservlet;jsessionid=ac16012b30d6532c3f7e73624a11a4a9a72c2f6d7170.e3iSbxaKaheRe3iOaNeTahmObO1ynknvrkLOlQzNp65In0 HTTP/1.1" 200 26
181.61.164.108 - - [13/Apr/2022:10:45:28 -0500] "GET /BLA/resoluciones/RESOLUCIONES%202005/RES%202005%20401-450/00000450.tif HTTP/1.1" 200 152252
191.95.134.236 - - [13/Apr/2022:10:45:28 -0500] "POST /forms/lservlet;jsessionid=ac16012b30d6532c3f7e73624a11a4a9a72c2f6d7170.e3iSbxaKaheRe3iOaNeTahmObO1ynknvrkLOlQzNp65In0 HTTP/1.1" 200 14
191.95.134.236 - - [13/Apr/2022:10:45:29 -0500] "POST /forms/lservlet;jsessionid=ac16012b30d6532c3f7e73624a11a4a9a72c2f6d7170.e3iSbxaKaheRe3iOaNeTahmObO1ynknvrkLOlQzNp65In0 HTTP/1.1" 200 4490
191.95.134.236 - - [13/Apr/2022:10:45:30 -0500] "POST /forms/lservlet;jsessionid=ac16012b30d6532c3f7e73624a11a4a9a72c2f6d7170.e3iSbxaKaheRe3iOaNeTahmObO1ynknvrkLOlQzNp65In0 HTTP/1.1" 200 2
181.61.164.108 - - [13/Apr/2022:10:45:33 -0500] "GET /BLA/resoluciones/index.php?dir=RESOLUCIONES+2005%2FRES+2005+451-500%2F HTTP/1.1" 200 12244
181.61.164.108 - - [13/Apr/2022:10:45:35 -0500] "GET /BLA/resoluciones/RESOLUCIONES%202005/RES%202005%20451-500/00000451.tif HTTP/1.1" 200 136176
181.61.164.108 - - [13/Apr/2022:10:45:36 -0500] "GET /BLA/resoluciones/RESOLUCIONES%202005/RES%202005%20451-500/00000452.tif HTTP/1.1" 200 144546
181.61.164.108 - - [13/Apr/2022:10:45:37 -0500] "GET /BLA/resoluciones/RESOLUCIONES%202005/RES%202005%20451-500/00000453.tif HTTP/1.1" 200 135048
181.61.164.108 - - [13/Apr/2022:10:45:38 -0500] "GET /BLA/resoluciones/RESOLUCIONES%202005/RES%202005%20451-500/00000454.tif HTTP/1.1" 200 158532
181.61.164.108 - - [13/Apr/2022:10:45:39 -0500] "GET /BLA/resoluciones/RESOLUCIONES%202005/RES%202005%20451-500/00000455.tif HTTP/1.1" 200 156458
181.61.164.108 - - [13/Apr/2022:10:45:39 -0500] "GET /BLA/resoluciones/RESOLUCIONES%202005/RES%202005%20451-500/00000456.tif HTTP/1.1" 200 142664
181.61.164.108 - - [13/Apr/2022:10:45:40 -0500] "GET /BLA/resoluciones/RESOLUCIONES%202005/RES%202005%20451-500/00000457.tif HTTP/1.1" 200 129556
181.61.164.108 - - [13/Apr/2022:10:45:41 -0500] "GET /BLA/resoluciones/RESOLUCIONES%202005/RES%202005%20451-500/00000458.tif HTTP/1.1" 200 129716
181.61.164.108 - - [13/Apr/2022:10:45:42 -0500] "GET /BLA/resoluciones/RESOLUCIONES%202005/RES%202005%20451-500/00000459.tif HTTP/1.1" 200 140872
181.61.164.108 - - [13/Apr/2022:10:45:43 -0500] "GET /BLA/resoluciones/RESOLUCIONES%202005/RES%202005%20451-500/00000460.tif HTTP/1.1" 200 141126
181.61.164.108 - - [13/Apr/2022:10:45:44 -0500] "GET /BLA/resoluciones/RESOLUCIONES%202005/RES%202005%20451-500/00000461.tif HTTP/1.1" 200 238654
181.61.164.108 - - [13/Apr/2022:10:45:45 -0500] "GET /BLA/resoluciones/RESOLUCIONES%202005/RES%202005%20451-500/00000462.tif HTTP/1.1" 200 254800
181.61.164.108 - - [13/Apr/2022:10:45:46 -0500] "GET /BLA/resoluciones/RESOLUCIONES%202005/RES%202005%20451-500/00000463.tif HTTP/1.1" 200 140622
181.61.164.108 - - [13/Apr/2022:10:45:47 -0500] "GET /BLA/resoluciones/RESOLUCIONES%202005/RES%202005%20451-500/00000464.tif HTTP/1.1" 200 354286
181.61.164.108 - - [13/Apr/2022:10:45:48 -0500] "GET /BLA/resoluciones/RESOLUCIONES%202005/RES%202005%20451-500/00000465.tif HTTP/1.1" 200 287924
181.61.164.108 - - [13/Apr/2022:10:45:50 -0500] "GET /BLA/resoluciones/RESOLUCIONES%202005/RES%202005%20451-500/00000466.tif HTTP/1.1" 200 160666
181.61.164.108 - - [13/Apr/2022:10:45:51 -0500] "GET /BLA/resoluciones/RESOLUCIONES%202005/RES%202005%20451-500/00000467.tif HTTP/1.1" 200 219156
181.61.164.108 - - [13/Apr/2022:10:45:52 -0500] "GET /BLA/resoluciones/RESOLUCIONES%202005/RES%202005%20451-500/00000468.tif HTTP/1.1" 200 240478
181.61.164.108 - - [13/Apr/2022:10:45:53 -0500] "GET /BLA/resoluciones/RESOLUCIONES%202005/RES%202005%20451-500/00000469.tif HTTP/1.1" 200 1046310
181.61.164.108 - - [13/Apr/2022:10:45:59 -0500] "GET /BLA/resoluciones/RESOLUCIONES%202005/RES%202005%20451-500/00000470.tif HTTP/1.1" 200 575948
181.61.164.108 - - [13/Apr/2022:10:46:00 -0500] "GET /BLA/resoluciones/RESOLUCIONES%202005/RES%202005%20451-500/00000471.tif HTTP/1.1" 200 85582
181.61.164.108 - - [13/Apr/2022:10:46:01 -0500] "GET /BLA/resoluciones/RESOLUCIONES%202005/RES%202005%20451-500/00000472.tif HTTP/1.1" 200 477088
181.61.164.108 - - [13/Apr/2022:10:46:02 -0500] "GET /BLA/resoluciones/RESOLUCIONES%202005/RES%202005%20451-500/00000473.tif HTTP/1.1" 200 141318
181.61.164.108 - - [13/Apr/2022:10:46:08 -0500] "GET /BLA/resoluciones/RESOLUCIONES%202005/RES%202005%20451-500/00000474.tif HTTP/1.1" 200 106414
181.61.164.108 - - [13/Apr/2022:10:46:08 -0500] "GET /BLA/resoluciones/RESOLUCIONES%202005/RES%202005%20451-500/00000475.tif HTTP/1.1" 200 2647768
181.61.164.108 - - [13/Apr/2022:10:46:13 -0500] "GET /BLA/resoluciones/RESOLUCIONES%202005/RES%202005%20451-500/00000476.tif HTTP/1.1" 200 48248
172.22.2.4 - - [13/Apr/2022:10:46:20 -0500] "GET /BLA/boletinlegal/Circulares/2022/CIRCULAR%20No.%2000003%20DEL%2007%20DE%20MARZO%20DEL%202022.pdf HTTP/1.1" 404 1326
181.61.164.108 - - [13/Apr/2022:10:46:21 -0500] "GET /BLA/resoluciones/RESOLUCIONES%202005/RES%202005%20451-500/00000477.tif HTTP/1.1" 200 179544
191.95.134.236 - - [13/Apr/2022:10:46:26 -0500] "POST /forms/lservlet;jsessionid=ac16012b30d6532c3f7e73624a11a4a9a72c2f6d7170.e3iSbxaKaheRe3iOaNeTahmObO1ynknvrkLOlQzNp65In0 HTTP/1.1" 200 2
