!C99Shell v. 1.0 pre-release build #13!

Software: Apache. PHP/5.5.15 

uname -a: Windows NT SVR-DMZ 6.1 build 7600 (Windows Server 2008 R2 Enterprise Edition) i586 

SYSTEM 

Safe-mode: OFF (not secure)

E:\nuevo\apache\logs\   drwxrwxrwx
Free 7.33 GB of 239.26 GB (3.07%)
Detected drives: [ a ] [ c ] [ d ] [ e ] [ f ]
Home    Back    Forward    UPDIR    Refresh    Search    Buffer    Encoder    Tools    Proc.    FTP brute    Sec.    SQL    PHP-code    Update    Feedback    Self remove    Logout    


Viewing file:     access.2022.04.13.log (1.91 MB)      -rw-rw-rw-
Select action/file-type:
(+) | (+) | (+) | Code (+) | Session (+) | (+) | SDB (+) | (+) | (+) | (+) | (+) | (+) |
172.22.2.4 - - [12/Apr/2022:23:58:23 -0500] "GET /BLA/boletinlegal/ HTTP/1.1" 200 52537
216.245.221.92 - - [13/Apr/2022:00:02:05 -0500] "HEAD / HTTP/1.1" 200 -
186.80.52.37 - - [13/Apr/2022:00:03:11 -0500] "GET /BLA/resoluciones/AUTOS%202021/5504.pdf HTTP/1.1" 200 475958
186.80.52.37 - - [13/Apr/2022:00:03:17 -0500] "GET /BLA/resoluciones/AUTOS%202021/5376.pdf HTTP/1.1" 200 394768
69.171.249.15 - - [13/Apr/2022:00:03:28 -0500] "GET /feria-de-servicios-ambientales-viernes-1-y-sabado-2-de-abril-en-la-localidad-de-teusaquillo.html HTTP/1.1" 206 1027
173.252.107.24 - - [13/Apr/2022:00:03:29 -0500] "GET /images/feria-servicios-cuidamos-bogota-31-marzo.jpg HTTP/1.1" 200 109745
31.13.127.15 - - [13/Apr/2022:00:03:50 -0500] "GET /images/interpretes-humedales-principal-26-marzo.jpg HTTP/1.1" 200 40211
173.252.107.3 - - [13/Apr/2022:00:03:53 -0500] "GET /images/operativos-control-residuos-hospitalarios-28-marzo.jpg HTTP/1.1" 200 36883
207.46.13.43 - - [13/Apr/2022:00:04:06 -0500] "GET /sipse/faces/faces/autenticacion.xhtml HTTP/1.1" 200 12496
172.22.2.4 - - [13/Apr/2022:00:04:11 -0500] "GET /BLA/boletinlegal/jurisprudencia/analisis/AnalisisC-273-11.docx HTTP/1.1" 200 22036
207.46.13.157 - - [13/Apr/2022:00:04:58 -0500] "GET /BLA/resoluciones/index.php?dir=AUTOS+2019%2F HTTP/1.1" 200 342653
172.22.2.4 - - [13/Apr/2022:00:03:23 -0500] "HEAD /BLA/boletinlegal/ HTTP/1.1" 200 -
172.22.2.4 - - [13/Apr/2022:00:04:13 -0500] "GET /BLA/boletinlegal/ HTTP/1.1" 200 59170
173.252.107.23 - - [13/Apr/2022:00:06:13 -0500] "GET /images/rueda-prensa-lluvias-secretaria-principal-23-marzo.jpg HTTP/1.1" 200 42664
173.252.107.19 - - [13/Apr/2022:00:06:22 -0500] "GET /images/dia-agua-participantes-22-marzo.jpg HTTP/1.1" 200 53143
216.245.221.92 - - [13/Apr/2022:00:07:05 -0500] "HEAD / HTTP/1.1" 200 -
207.46.13.209 - - [13/Apr/2022:00:07:42 -0500] "GET / HTTP/1.1" 200 319
94.102.61.10 - - [13/Apr/2022:00:08:31 -0500] "GET / HTTP/1.1" 200 319
209.95.51.169 - - [13/Apr/2022:00:08:48 -0500] "GET /Autoliquidacion/ HTTP/1.1" 200 6629
190.27.61.111 - - [13/Apr/2022:00:10:48 -0500] "GET /caminos-de-los-cerros-habilitados-en-esta-semana-santa-2022.html HTTP/1.1" 200 832
172.22.2.4 - - [13/Apr/2022:00:09:13 -0500] "HEAD /BLA/boletinlegal/ HTTP/1.1" 200 -
172.22.2.4 - - [13/Apr/2022:00:10:03 -0500] "GET /BLA/boletinlegal/ HTTP/1.1" 200 61416
181.118.144.22 - - [13/Apr/2022:00:11:53 -0500] "GET / HTTP/1.1" 200 4720
181.118.144.22 - - [13/Apr/2022:00:11:53 -0500] "GET /js/url.js HTTP/1.1" 404 1294
181.118.144.22 - - [13/Apr/2022:00:11:53 -0500] "GET /fonts/icomoon/style.css HTTP/1.1" 200 79820
181.118.144.22 - - [13/Apr/2022:00:11:53 -0500] "GET /css/bootstrap.min.css HTTP/1.1" 200 178212
181.118.144.22 - - [13/Apr/2022:00:11:53 -0500] "GET /css/style.css HTTP/1.1" 200 3473
216.245.221.92 - - [13/Apr/2022:00:12:05 -0500] "HEAD / HTTP/1.1" 200 -
191.95.49.14 - - [13/Apr/2022:00:14:25 -0500] "GET /caminos-de-los-cerros-habilitados-en-esta-semana-santa-2022.html HTTP/1.1" 200 832
172.22.2.4 - - [13/Apr/2022:00:15:03 -0500] "HEAD /BLA/boletinlegal/ HTTP/1.1" 200 -
216.245.221.92 - - [13/Apr/2022:00:17:05 -0500] "HEAD / HTTP/1.1" 200 -
172.22.2.4 - - [13/Apr/2022:00:15:53 -0500] "GET /BLA/boletinlegal/ HTTP/1.1" 200 59170
152.61.192.232 - - [13/Apr/2022:00:17:41 -0500] "GET / HTTP/1.1" 200 319
207.46.13.194 - - [13/Apr/2022:00:19:00 -0500] "GET /portaldeninos/2021/07/01/en-fotos-conoce-algunos-de-los-lugares-mas-biodiversos-de-bogota/ HTTP/1.1" 200 93566
152.61.128.50 - - [13/Apr/2022:00:20:48 -0500] "GET / HTTP/1.1" 200 319
186.169.156.209 - - [13/Apr/2022:00:21:17 -0500] "OPTIONS /kwssiamovil/sm/setfile/f? HTTP/1.1" 200 13
186.169.156.209 - - [13/Apr/2022:00:21:17 -0500] "POST /kwssiamovil/sm/setfile/f? HTTP/1.1" 200 381
186.169.156.209 - - [13/Apr/2022:00:21:25 -0500] "OPTIONS /kwssiamovil/sm/setfile/f? HTTP/1.1" 200 13
186.169.156.209 - - [13/Apr/2022:00:21:26 -0500] "POST /kwssiamovil/sm/setfile/f? HTTP/1.1" 200 381
186.169.156.209 - - [13/Apr/2022:00:21:31 -0500] "OPTIONS /kwssiamovil/sm/setfile/f? HTTP/1.1" 200 13
34.91.173.91 - - [13/Apr/2022:00:21:36 -0500] "GET / HTTP/1.1" 200 319
186.169.156.209 - - [13/Apr/2022:00:21:32 -0500] "POST /kwssiamovil/sm/setfile/f? HTTP/1.1" 200 381
186.169.156.209 - - [13/Apr/2022:00:21:38 -0500] "OPTIONS /kwssiamovil/sm/setfile/f? HTTP/1.1" 200 13
186.169.156.209 - - [13/Apr/2022:00:21:38 -0500] "POST /kwssiamovil/sm/setfile/f? HTTP/1.1" 200 381
186.169.156.209 - - [13/Apr/2022:00:21:43 -0500] "OPTIONS /kwssiamovil/sm/setfile/f? HTTP/1.1" 200 13
186.169.156.209 - - [13/Apr/2022:00:21:43 -0500] "POST /kwssiamovil/sm/setfile/f? HTTP/1.1" 200 381
186.169.156.209 - - [13/Apr/2022:00:21:51 -0500] "OPTIONS /kwssiamovil/sm/setfile/f? HTTP/1.1" 200 13
186.169.156.209 - - [13/Apr/2022:00:21:51 -0500] "POST /kwssiamovil/sm/setfile/f? HTTP/1.1" 200 381
186.169.156.209 - - [13/Apr/2022:00:22:01 -0500] "OPTIONS /kwssiamovil/sm/setfile/f? HTTP/1.1" 200 13
216.245.221.92 - - [13/Apr/2022:00:22:05 -0500] "HEAD / HTTP/1.1" 200 -
186.169.156.209 - - [13/Apr/2022:00:22:01 -0500] "POST /kwssiamovil/sm/setfile/f? HTTP/1.1" 200 381
186.169.156.209 - - [13/Apr/2022:00:22:11 -0500] "OPTIONS /kwssiamovil/sm/setfile/f? HTTP/1.1" 200 13
62.231.95.186 - - [13/Apr/2022:00:22:11 -0500] "-" 408 -
186.169.156.209 - - [13/Apr/2022:00:22:11 -0500] "POST /kwssiamovil/sm/setfile/f? HTTP/1.1" 200 381
186.169.156.209 - - [13/Apr/2022:00:22:27 -0500] "GET /kwssiamovil/sm/acme/a?s=U2FsdGVkX18e1HxSg4z9YwhqnjnSa5b7hufb31BemfcEx4KQbEHV68U3+aZl8oGYu7Ri9Iinoea5Vgl0nVEYvwnfHH9aRSKzYa89TAytimoN+KQtSZGqmGxCIWQ7R4zW3PovWngHcNmOFPvRohLDF2cmqTv6nzZzBvGzsG3B7lbYz3tfHEn7ML71Dl3eNpSP8VMKYibm8b8bEjm/rndnBWc51DtOAorIuk423G0lgBY1etnCMq9pI7Lcg4rLZ7cumqXIIcXqZ62fD1UZPl4wOg==&u=U2FsdGVkX199/6ScV/hjDSHtPO1uCrcpnL/BP92jwNA=&y=U2FsdGVkX19YymiKxl7zaKG/+3RiVxvVQ60O2O7sJ6KWWaLztUAQE0cfnc0baPjN HTTP/1.1" 200 25
186.169.156.209 - - [13/Apr/2022:00:22:27 -0500] "GET /kwssiamovil/sm/acme/a?s=U2FsdGVkX180pXwZKIBC+/DZZrWHP+5rR7WaXX1X2GLWRm7JZCmpv8WJMJHA9xOQ1gbqzbwjNrfp3AMoFXPP4XlJG+1K9s7cPlivxKF3LroIjcUhCr1nDmoD9bGOXfhcqWkJ8PElXlCpbyzGISDY1pv/XJ8VhIn0uf6r088PBgtCkBh1PFbQZFpK3XS93Oau5Tcu+Dt+TyNKofvQJZxJNANd+YJSAZMhIgjpSCDNNLZ19LvFt7UYc+tocxD2soMATBNJ5T3hvJv4tB+SRE46ECg2vNujqotZCKRBtI9JV+AFhKi6+gWJVph0Yb3LuVvSaOmhf9Dh8WYJ7K0AARaQ7+4wvxEvq0yuPK7pisYoHzqp4b/TaIDO7tA/rEfbLyiXjDLAd6M+RimqriAYwUlIsQk81MZ6mo0K0E2WXXjSoNdDLU2GFhc76k5O4gRiF4en7s5wcwe0Ab+h3/l5GfuuAQZCImwMLCKXp7F8CvKFCchwq7/Q9W0JvP/W6ASAb7hz0oGyABoNmDu8C29r8KZM9QIAbnHrDil2xi0HXRh/LgQ0Vi4R1NwNWmAIdvNjNW6G4Vwegff82hgfI2+R7wV8A79uWYq4rpFsfJeSrsNWewl5R4vWnsvk+pxmqOzS1PeS8O7btcObIqWO4dF2Fh7yEgviv+egyC4My23VYr8Bx6+jOGBXLZPM5vycpoyMy2ioIBXfNLXNR/SmHXbo8eTZeNZ0hmzgcY6jEktbeEgNCRL/gq6ebxGriZM6TVgBgA7+F5SomkgiFAiR7eZC+jJ1cbii1ysTTsHra0QCYWXEOPGFVZMY4q02XZmJMdAAz3x2BmDEjXf+v0iRbcRMPuffotWbP7epsYny3f8gQyujESl1mP5DrSR688NVgdQLnTioUsBpOw3m2SAbqAgZwIGFwEU68op9lYai8Tr0kSemzs7e53iUHWYNfWXRJvnlNmKNKxyNXMvjnCe+qbGlTigZR2iIQrDaFRLoeV7uNtFobL7DoNOmwv/nTBGm+NGrr/rVMt4oIJJIAyBoPtWjRgMsP7PNDXGsfWUaXGDEBIswSiM7gzsbeT6aU00Acow6Z29PLhwAWKzFWzr8dVQdLxFYFNOOj0NFufI386MzcTp5HnLIY43NWbECu1fh9usTO5akpGt/lGVqHsKRABaBP+g4S24hpHtfr4gTId+CojsKWds7wMRCX5zUIcZ/htRlQ9HnOaI8ZnWdMSDUFIRYzgXDkyghXKsDSrSc4ZhPLUNamwX88xYIO/lfBXiQKuo+QwQcBFUpo1Kw2DrGTd3D+BrthhLkcPAYiwCS0IIg2jsXo5vqx2RkRSDImtEU9V9+ZyDwrCbH1Mp2L++U4dK+ke862H6xPsNRneRPwZ0V2CcuhnC3OTSj1BtXwzd2UA6b4u4Bxt1hRwWOnM+2IIMh4kPjVOEWVpp3de0SbExk3Vus+GWeYtYva57mrhyoRkF4Wt6UKMpmn1SrkFReE2rPEQFunSk8dHWW8FPssY8iK12+lFI5ksVlsNMWIFAVXegWgrxcy5zO+4gSku5YApIyCBj1PW5tnab7RpbxCtjcZiJzrPBrVz9QEBy6ACDl5Owuqms6hR/Lsz5lFjS0GzpF+qK76/HUtokJ3+lH/hfY/mc0bS1Fc1cPbhhX5v9r55YwG1YZUdo+JF2lbArvSFQsEsk8su993PO+VE9qs12Gjos53TxzQbBW/I3IO+xg3PqJQjzmMiYFgZnu99ZX/JFCdPAQNISXqwuYbwv8NuFpQKv7YZYp1TpY+bM8averCTS/4poXxhzg7tTDi4G9G787+xhMaC2nHcNUTX03O2ob6kawfJb5BRgCQGZTdHFMcilTuP9v3kbq6emXMh0RdEY3EXrwYJZSYwOlgzf1a459TepJIyvb1Bym59khCO3cUv5JGco+KyNQwYv9MjLomZgvj/Vy/hHCEPuRE4FkApilsM9/cDmLybMcRag6pRdnLYVs+pttQUIkYFCRC5eCtofIcXkE2b5sbVubTqpwobOMz+nOvdqbJvovjp8EB7m2L6szSzC2FB7rOH3WkiuNZoHWrz79Z13lw68mhKTuTHbjjQyhUsBB7jcsoaDHfpWceUFkCpgtFVIIJHJq/wjnKUUsz/vKCWT33llzvACH1VCfqQyiupASkMjcqFgCOhZggQWBwLcMFWDRXIycEaVvKp+ogFMcqmwu34xTM00ct9eVPgjdKovytzvrXWs/ldcO5XwFYMRRYdfB+6YWSXV4XjVRxHynPMLTQGowMNpuHILZzg6JZWezko3oinS5+hpcczXBMTBoS29fpkvYpcyNewUuZJIVTANeoT/02tK7UfDiWaWNZ2900ffvi6duzAZT320q1/LKDhIgJAJr+JZzZv6UpvrpOKiykglYLYY7DnLnbUZrYiA=&u=U2FsdGVkX199/6ScV/hjDSHtPO1uCrcpnL/BP92jwNA=&y=U2FsdGVkX19YymiKxl7zaKG/+3RiVxvVQ60O2O7sJ6KWWaLztUAQE0cfnc0baPjN HTTP/1.1" 200 25
186.169.156.209 - - [13/Apr/2022:00:22:28 -0500] "GET /kwssiamovil/sm/acme/a?s=U2FsdGVkX1/jhZBcPHaMr/K1qMAS1A7fKvuJ+tjm2C/08wyRiDFnQD0ukdKDsiMMZigBD5Spn299nnhgU1ipm3eRHZ+J2gPn/llmJPFOtAvZKvR/xHCModHsKx2Dq8TeyODQR6GAfD+scUBaelbj+6T6RT3p+tBni1AZkEecSKI=&u=U2FsdGVkX199/6ScV/hjDSHtPO1uCrcpnL/BP92jwNA=&y=U2FsdGVkX19YymiKxl7zaKG/+3RiVxvVQ60O2O7sJ6KWWaLztUAQE0cfnc0baPjN HTTP/1.1" 200 25
186.169.156.209 - - [13/Apr/2022:00:22:28 -0500] "GET /kwssiamovil/sm/acme/a?s=U2FsdGVkX19HeA9s76Ot/xGloHwP6ze0SxXLoeYkEGW1ax/xUSLLpM3zWZzZkOqmW07YJXdB6NYPfEYeORQZ4KVRR5NushR8wtYzKezza4wW+qwlQKzVcHuVh4w/i+x3OrMZKqycNSwXqyTl+XB0+RQDuDNmNWJSM72d1bqH2XA=&u=U2FsdGVkX199/6ScV/hjDSHtPO1uCrcpnL/BP92jwNA=&y=U2FsdGVkX19YymiKxl7zaKG/+3RiVxvVQ60O2O7sJ6KWWaLztUAQE0cfnc0baPjN HTTP/1.1" 200 25
186.169.156.209 - - [13/Apr/2022:00:22:28 -0500] "GET /kwssiamovil/sm/acme/a?s=U2FsdGVkX19yCaOmjC3nZ+nnJTs1ppltKyMhUtmCyx0yQkzN/wsgSGNoh6AKn0nKh0XHbYvBu/4nOqr+vaByMpFVB4dQWp5AcsAeuw3IZrRPoDwnoGPNyZ3OaBQmqU1ZhX907o0kXo8HBTrhFp12ZEhreZoJ9kZhE+aX5fhrTnw=&u=U2FsdGVkX199/6ScV/hjDSHtPO1uCrcpnL/BP92jwNA=&y=U2FsdGVkX19YymiKxl7zaKG/+3RiVxvVQ60O2O7sJ6KWWaLztUAQE0cfnc0baPjN HTTP/1.1" 200 25
186.169.156.209 - - [13/Apr/2022:00:22:29 -0500] "GET /kwssiamovil/sm/acme/a?s=U2FsdGVkX18STN27c2f3L+h/ZTspKlTysidM2KEBeqMxmLr+fCr/j1K/N8AGxFcVSZ1yBCBJ2vbuN8v3cndu2KGv7bpAkqlqZtGv+kwoTfV30sU+EYWzrqpf69ZslNXqjGmdYvdMDRgPRhabknNokb46MfxqbbTcryservq4i5fOXRniVVQBtkrR0VviVixc&u=U2FsdGVkX199/6ScV/hjDSHtPO1uCrcpnL/BP92jwNA=&y=U2FsdGVkX19YymiKxl7zaKG/+3RiVxvVQ60O2O7sJ6KWWaLztUAQE0cfnc0baPjN HTTP/1.1" 200 25
186.169.156.209 - - [13/Apr/2022:00:22:29 -0500] "GET /kwssiamovil/sm/acme/a?s=U2FsdGVkX1+lN/J7KXz/FmZ5/EqKy++7HaZOWwott043/lR3PJqkhiloB0+BhYxSOrHtHg2XsQ9xF4Vl15JevMBVskmyTFRuQYq2A3j4ZcjyERCyJKS+VkoxhH9+4SqBJCOEhctJ48d8OPis3BJ1E3mbddtNBzDd9WwlYXDqtZUuvHHAIcugpA/hE13Gv+9yxdQ9EpmLxPtsG24sld0YXg==&u=U2FsdGVkX199/6ScV/hjDSHtPO1uCrcpnL/BP92jwNA=&y=U2FsdGVkX19YymiKxl7zaKG/+3RiVxvVQ60O2O7sJ6KWWaLztUAQE0cfnc0baPjN HTTP/1.1" 200 25
186.169.156.209 - - [13/Apr/2022:00:22:29 -0500] "GET /kwssiamovil/sm/acme/a?s=U2FsdGVkX1+EOVWMukCAfjDhxfT7Il050+i1U/mO0hFqjkSdlha+g4cH9ngKAzODCUL9/SmhzcVhR8eX9LZSRSS/CoXCATWkDG+R2IBbVY7xQ4VqaEeyb0pulcin3BqAzQRK3LGaKWMd/1IottnbfVdBYvd4Q8Fpj/fS3N6Mdotsmj7hnVjQMVgMg7N0iYlr&u=U2FsdGVkX199/6ScV/hjDSHtPO1uCrcpnL/BP92jwNA=&y=U2FsdGVkX19YymiKxl7zaKG/+3RiVxvVQ60O2O7sJ6KWWaLztUAQE0cfnc0baPjN HTTP/1.1" 200 25
186.169.156.209 - - [13/Apr/2022:00:22:30 -0500] "GET /kwssiamovil/sm/acme/a?s=U2FsdGVkX1/DJ8rw7GmFjAfAYwIJ8xD0AJ957j8P6xp5WkCmo79MhZyDMMrcwQn600zFuHwhIEb4e0cXK+/Kv395tUkg7cruqtx1fdYSda+7uA/nBMZe1CQ2j+sjtUGOWXocOtSdObMw4iF3ssrRdy1jIQXOsdOu/kfiqYL/7WxmS5JKUKVzC/NloIE4A+A8jZR8rhyNQ5utF+b1VVsViw==&u=U2FsdGVkX199/6ScV/hjDSHtPO1uCrcpnL/BP92jwNA=&y=U2FsdGVkX19YymiKxl7zaKG/+3RiVxvVQ60O2O7sJ6KWWaLztUAQE0cfnc0baPjN HTTP/1.1" 200 25
186.169.156.209 - - [13/Apr/2022:00:22:30 -0500] "GET /kwssiamovil/sm/acme/a?s=U2FsdGVkX1+MX0jycLCvvprr/VmOkQ1mEfUeSMziecG3Ex511WiBIjgkYgWoKn3oqu9Dy6UZp5cnu/qhfJ3zP4vurvqR+uqtT1iJcHBJOBTLeqlWLpMiYJeC847sFqgmDqdVtbxKnb3QF+OmpZ6IUch5q+UnhcjSgeg94Z7tEl7g2Y1Kz04jKS6IvMA9uaUV&u=U2FsdGVkX199/6ScV/hjDSHtPO1uCrcpnL/BP92jwNA=&y=U2FsdGVkX19YymiKxl7zaKG/+3RiVxvVQ60O2O7sJ6KWWaLztUAQE0cfnc0baPjN HTTP/1.1" 200 25
186.169.156.209 - - [13/Apr/2022:00:22:30 -0500] "GET /kwssiamovil/sm/acme/a?s=U2FsdGVkX1/eSSVarLjmKgISLBoY+dcasMXOJv+qfeLc+f8thUgTu56KuuBgJ7rgX9jIRlCCBkuuQa1XcZLR3VTe9uFTbzim0xdOvs4VXEwDTXad/jCB7POY/RiJR4mjQail3mj8Bo5OQcATxkfhwmqZZbDnplQAlQ+PJG1LaUM3sPstoXzlQo0yZzszn3qtMrqqJ59KQIXBHRZMNYQ4cg==&u=U2FsdGVkX199/6ScV/hjDSHtPO1uCrcpnL/BP92jwNA=&y=U2FsdGVkX19YymiKxl7zaKG/+3RiVxvVQ60O2O7sJ6KWWaLztUAQE0cfnc0baPjN HTTP/1.1" 200 25
186.169.156.209 - - [13/Apr/2022:00:22:31 -0500] "GET /kwssiamovil/sm/acme/a?s=U2FsdGVkX1+sdmsbFasnX2+XPOI14XyJB6AfnGbgaIXzNoPWnAamgrYmeWTkqXQ9EhKcePMiULK90ddY0QnoO+bhTeIRASnljlfo3eZnsWswRLKAapyguhwOTPk3l+XyPWjqJdFvL9MsA8xCgrploNC3ub8lXve+OuOC5oGs9WSqJ47B9Z+djd1cEtNNLC2o&u=U2FsdGVkX199/6ScV/hjDSHtPO1uCrcpnL/BP92jwNA=&y=U2FsdGVkX19YymiKxl7zaKG/+3RiVxvVQ60O2O7sJ6KWWaLztUAQE0cfnc0baPjN HTTP/1.1" 200 25
186.169.156.209 - - [13/Apr/2022:00:22:31 -0500] "GET /kwssiamovil/sm/acme/a?s=U2FsdGVkX1/nzejrVM9VXtkG88A3yzj4bgya2vK6slyWLn88uT+WGpsFqWeq4Uimb/jRmW3GHyTzB+hi9K9qHSoRj169XfyYw70x/rMDofuvEZ6ifVGRe2JSblPFMZDs0Ixk1pXnVPCKAXofR8GasYCUGto3phhLockQK9bri4HgREnkGtZ15RmUu3Pq1sLuvW9ZDtiH1Jqej7G1Man8sw==&u=U2FsdGVkX199/6ScV/hjDSHtPO1uCrcpnL/BP92jwNA=&y=U2FsdGVkX19YymiKxl7zaKG/+3RiVxvVQ60O2O7sJ6KWWaLztUAQE0cfnc0baPjN HTTP/1.1" 200 25
186.169.156.209 - - [13/Apr/2022:00:22:31 -0500] "GET /kwssiamovil/sm/acme/a?s=U2FsdGVkX1+oCNqrRa5bqxI8RBPkVmWDDSDSDgy0JGGhmDHpCTSeDg2weCPotPmwR1y+DJHKsouEBCw3m8r42+NHU9DSETvWAYRzX533g/jYZVI3wqciNoNoTu7lm18XbN9Gctcs5KLT+xk4a6Uu6J3K3OC9LY4Kc8Trbjk0e+8oQKMtFWl63NJIKTuvRdYf&u=U2FsdGVkX199/6ScV/hjDSHtPO1uCrcpnL/BP92jwNA=&y=U2FsdGVkX19YymiKxl7zaKG/+3RiVxvVQ60O2O7sJ6KWWaLztUAQE0cfnc0baPjN HTTP/1.1" 200 25
186.169.156.209 - - [13/Apr/2022:00:22:32 -0500] "GET /kwssiamovil/sm/acme/a?s=U2FsdGVkX1+SO7yuUpQQN86GB9pwfBkSjtX3Pin1uHjvlzuBhgxPFcYZKj8qECNqU+ricPQ1WtpeksSrfIORy4SlKA0euMTgcAXVrIcdfLqPpPQr4PleUqM5RbTf8D3mk60sqm1YsvxfKmHY2xmHThStoE9NbpdyTRyBjy0tQ0zWeabkpxOjPzjhmpMbS1f/RP+QfcmV/70Q2stHn61aZA==&u=U2FsdGVkX199/6ScV/hjDSHtPO1uCrcpnL/BP92jwNA=&y=U2FsdGVkX19YymiKxl7zaKG/+3RiVxvVQ60O2O7sJ6KWWaLztUAQE0cfnc0baPjN HTTP/1.1" 200 25
186.169.156.209 - - [13/Apr/2022:00:22:32 -0500] "GET /kwssiamovil/sm/acme/a?s=U2FsdGVkX1+BnQn5Die5dX7wa3setfx9nuxnv+JsRMw+NLXVBwZnKSKjMBz4znMruULRRahGlzMURTMhE4hw0Z9PfwRBuLhRkiuRpEn6CrrLP8ySn7rsrtvJUtYTNKlQkyF48ZcKIy5hATpEwN1BDfLrIf75PceHMzbZJPXBGuzUPOnpowO70B2enmQtpYP3&u=U2FsdGVkX199/6ScV/hjDSHtPO1uCrcpnL/BP92jwNA=&y=U2FsdGVkX19YymiKxl7zaKG/+3RiVxvVQ60O2O7sJ6KWWaLztUAQE0cfnc0baPjN HTTP/1.1" 200 25
186.169.156.209 - - [13/Apr/2022:00:22:32 -0500] "GET /kwssiamovil/sm/acme/a?s=U2FsdGVkX18QKLLa9mvFJZNhCowfP/j+Wf8/DQRivgG1Ktv4lN3jY99DdGWzJtML8jktgHBLct/LLOd+UpCnBxjuVLlsMF7UQ4hMAf0u9PMKpUuc8FBN5S8TSC98YKo21m7SvbdpOXFgdTvOYF9SEKNzZl4CzUX5pD52w3SjOgKkpWgeKKzpwhbbTodRr+mTn8iGZLK4JAuBEYDAhpeQmw==&u=U2FsdGVkX199/6ScV/hjDSHtPO1uCrcpnL/BP92jwNA=&y=U2FsdGVkX19YymiKxl7zaKG/+3RiVxvVQ60O2O7sJ6KWWaLztUAQE0cfnc0baPjN HTTP/1.1" 200 25
186.169.156.209 - - [13/Apr/2022:00:22:32 -0500] "GET /kwssiamovil/sm/acme/a?s=U2FsdGVkX19L+aIS67gqC3Qr8qYSkqwgDcRLPRzpD/mq0ebC9+nM3BAUu1rlMnr+45OhXwL48A3jNns/oL9TBT30DAhLaEn3UZ5xtjkvtwg1kSDiCv8AF9HPgAehqERZiR4f7oRrdfZpBMgejWXrFUFPkLh/dkSOLHSAbdzzYX+6Uh+6OYthntEHjuPa6Gxr&u=U2FsdGVkX199/6ScV/hjDSHtPO1uCrcpnL/BP92jwNA=&y=U2FsdGVkX19YymiKxl7zaKG/+3RiVxvVQ60O2O7sJ6KWWaLztUAQE0cfnc0baPjN HTTP/1.1" 200 25
172.22.2.4 - - [13/Apr/2022:00:20:53 -0500] "HEAD /BLA/boletinlegal/ HTTP/1.1" 200 -
186.169.156.209 - - [13/Apr/2022:00:22:33 -0500] "GET /kwssiamovil/sm/acme/a?s=U2FsdGVkX1+YC9+1fQBa+dGHdxirDM+V3BUr/2Owek+VHvh+X526FV9GOZJhLc9qhwp0J05bw51uQczvg8eMOIzlL0SUzRD/UEKcvBBtGkOkn3cGZwFssx4bq18qungayAqTO6GD5ozo9iq6nYyG3CnYMnCSoApR9uWsFRsG8uBUHej+i3Q5BKNrANXb2DK3wvf4GT9Ia5/zNjR8/1SPnQ==&u=U2FsdGVkX199/6ScV/hjDSHtPO1uCrcpnL/BP92jwNA=&y=U2FsdGVkX19YymiKxl7zaKG/+3RiVxvVQ60O2O7sJ6KWWaLztUAQE0cfnc0baPjN HTTP/1.1" 200 25
186.169.156.209 - - [13/Apr/2022:00:22:33 -0500] "GET /kwssiamovil/sm/acme/a?s=U2FsdGVkX1++uhMNiwaiaJbnNp6VBM0rZj2V76PimJuDy55XNHp1wCrK0DYlBn6dgW9l1pI0eWXXEMHcdg6y/6jye1MAZKGB4R8plLIjADgbM7yyrcyKARr0ytb6O2xHs9RTo/Jq7NC6V8EeHOe9xPkk1byVqes92+tC2/4ia+yDUNH0J0a3+CTbp+Tid8k3&u=U2FsdGVkX199/6ScV/hjDSHtPO1uCrcpnL/BP92jwNA=&y=U2FsdGVkX19YymiKxl7zaKG/+3RiVxvVQ60O2O7sJ6KWWaLztUAQE0cfnc0baPjN HTTP/1.1" 200 25
186.169.156.209 - - [13/Apr/2022:00:22:33 -0500] "GET /kwssiamovil/sm/acme/a?s=U2FsdGVkX18HoVanfEoPxrxp6WnXxnxKyuHSetHK+6x4d7OTOvgeKrlhB9WqtlczfxVxH40Q9kmf5Mi2rgZ2lr5x4Gyjov1C6Axu8to1maj/w4N34Na3/L4rLnI/wLV16mtY8X52DtkIwzpfG8d6Yzdku0pcRRi5HZqxpwzJhKafJ+IfEVwvw8Ea04CJvXKT+U5HtrheTbBeL90rROVYYA==&u=U2FsdGVkX199/6ScV/hjDSHtPO1uCrcpnL/BP92jwNA=&y=U2FsdGVkX19YymiKxl7zaKG/+3RiVxvVQ60O2O7sJ6KWWaLztUAQE0cfnc0baPjN HTTP/1.1" 200 25
186.169.156.209 - - [13/Apr/2022:00:22:34 -0500] "GET /kwssiamovil/sm/acme/a?s=U2FsdGVkX1+SMsu5SvFtRnSUG0psLN4cUrQHfYQu8kQWQrFM8zqtJ2e0PfpUHXP+ZKH5GnySTx1Z7RUkZuSuYQNXH+m41USW+CpxVeuWEznwIR+iIzGDfP26tN/FuQSx3Q77Zu5ZeX6OMOHpg2+dPW57gFE5kdx8d/aPvdYFdOsfpG4q7oNxHWrN0bjzvbt0&u=U2FsdGVkX199/6ScV/hjDSHtPO1uCrcpnL/BP92jwNA=&y=U2FsdGVkX19YymiKxl7zaKG/+3RiVxvVQ60O2O7sJ6KWWaLztUAQE0cfnc0baPjN HTTP/1.1" 200 25
172.22.2.4 - - [13/Apr/2022:00:21:43 -0500] "GET /BLA/boletinlegal/ HTTP/1.1" 200 60932
201.245.192.253 - - [13/Apr/2022:00:22:41 -0500] "POST /kwsrmcab/Wsrmcab HTTP/1.1" 200 45432
201.245.192.253 - - [13/Apr/2022:00:23:31 -0500] "POST /kwsrmcab/Wsrmcab HTTP/1.1" 200 42318
186.102.36.78 - - [13/Apr/2022:00:25:09 -0500] "GET /kwssiamovil/sm/ldap/au?x=U2FsdGVkX1+/WOumXfm5q9nXHH4mzRGNMGOs6F/I7GtGXGJRxc0fiIz3QzSWSaJE&y=U2FsdGVkX180iM8XHyrEhkNDsVTi8tGwjbhc8oMutwQ= HTTP/1.1" 200 30
186.102.36.78 - - [13/Apr/2022:00:25:09 -0500] "GET /kwssiamovil/sm/acme/s?s=U2FsdGVkX1/DXiWJEXmzZhqGkcCuXuwk/nXgRmc0J2RMMyy1qzwVUScD8Hkhy6DWYdnRnQD72mwEGqnL2tcrxXTCl5VmX7QavXzVB+hsKQ8=&u=U2FsdGVkX18d4yVU/kNTh18bnjXGpO7qU5nUd3O0Drg=&y=U2FsdGVkX180iM8XHyrEhkNDsVTi8tGwjbhc8oMutwQ= HTTP/1.1" 200 97
186.102.36.78 - - [13/Apr/2022:00:25:09 -0500] "GET /kwssiamovil/sm/acme/s?s=U2FsdGVkX1+IVkTN48FLuiEKchw9unR1kWRDGgkWGU9LNPtjFl/G1myZxJ9eAzm6Yn3b9NyeeV4mnjknSvfdkLqsc64A+XnfHrHRrVec7dGzr5vvsQbjGnzzjaZ85kTSTpMeY4cbnhlWba31VubLaK70P9kIcHOf3WwNC+sv65hwm1nlhrWve3ZDdxUFNK8s1qE5zIMk9niO7eWYZeg02Z/AoDNb31C6tFFzMSpmDPGwQlusyKmyaxRAxbw5R6OIZCXviHO5Yl+J7C3ZFPbHtRQCwriIXD02hT1LaVVPf1dJem5innPKFHKY3Faa+KCLV7gO4iHSpQfQo47DZhCbyvKKJC0HWeTM7QtH/AUdLA2n/N48aTronvi8o4fvIZDFtv8QsjkvTt63h1oE52cMfGyFkDyl9y/YpPOtAHlsp1yz1rsgkTYMC+Vy2ZUpINsC6gDb7lfR52FTUziRt0CyTLBNTXENvA/ulWrPCAzMEK3hoLByJJ+3v6LK00ch/5GR1L4MDZuo7UOZ/n/i09WcSaDmAbkBGgbmlV5BLrfgoMh9JWQWrdVtJVCGpzNS4vH8m58la+TTb57GPW0XRY6ARMg0kY2CrFJt27V/A/OB/zcRt34M+NsF4NiwhX8/X3ImDdklyxbVJOVxsvRr3sBdVjb64sNyIs7DsqgcDXnTGhU2ebkV+Hebh3dndHSr/+8yISv2f3sBWLH0ztNp/p/0WewXgiI3BEXhUsLOInAp2iJOaSZ8+EfuoUKhMwgp9h1yp/oRePJfdxcosSno7AzObCPII8KHTJuwTGH5awqTrpBmBRaexxy9cEKXp4hefmpP6mgTPe7qL0hTE8PaQgQU90meDz7f7U5PvODC+qjWex3i34D6I0EjxlLgiK4eUBaZFDPbaE2KztCbT6sFL+gHLH7J3+ki7vgvYXSieK2zRbBabsZzJWHA0eiPNyTTUqyDDYPg3fouyINpr4OFYkyFP4lvZHIAmjeevr41f1AhTWtMrBTdCMth/VhGZyTZg1BubQ3gA+/6dv6IHQefl3DmypJafjTH9QLgSnvITEA4QNdi+Bzev/6RSa6l2FOdNZ6sMer3cgMYyDzHjtWpcDBDdxCLoMQU3pc2S5iuO0cSApI=&u=U2FsdGVkX18d4yVU/kNTh18bnjXGpO7qU5nUd3O0Drg=&y=U2FsdGVkX180iM8XHyrEhkNDsVTi8tGwjbhc8oMutwQ= HTTP/1.1" 200 870
186.102.36.78 - - [13/Apr/2022:00:25:09 -0500] "GET /kwssiamovil/sm/acme/s?s=U2FsdGVkX18u5qp4TqQbEIrZlsB2iRHju365OBA/PU4hp0hD5WZWYHRO+fAP3dO4&u=U2FsdGVkX18d4yVU/kNTh18bnjXGpO7qU5nUd3O0Drg=&y=U2FsdGVkX180iM8XHyrEhkNDsVTi8tGwjbhc8oMutwQ= HTTP/1.1" 200 70
186.102.36.78 - - [13/Apr/2022:00:25:09 -0500] "GET /kwssiamovil/sm/acme/s?s=U2FsdGVkX19e5wi5WAnPf5KTnvRSPj9WWU0X4FIo8PittcDBacr3mqwWhUOM/6XD&u=U2FsdGVkX18d4yVU/kNTh18bnjXGpO7qU5nUd3O0Drg=&y=U2FsdGVkX180iM8XHyrEhkNDsVTi8tGwjbhc8oMutwQ= HTTP/1.1" 200 70
186.102.36.78 - - [13/Apr/2022:00:25:10 -0500] "GET /kwssiamovil/sm/acme/s?s=U2FsdGVkX1/+nlqNapgR/c0MRsAkr1Pr4Nm13L4QfCipaJDCaWL7D61kxC4+eZ9p&u=U2FsdGVkX18d4yVU/kNTh18bnjXGpO7qU5nUd3O0Drg=&y=U2FsdGVkX180iM8XHyrEhkNDsVTi8tGwjbhc8oMutwQ= HTTP/1.1" 200 70
186.102.36.78 - - [13/Apr/2022:00:25:10 -0500] "GET /kwssiamovil/sm/acme/s?s=U2FsdGVkX1/h6L5YIrz6BgurnxWZ2Qh+5a93HbeMsLm89zhOPGwh6FAVlwUPPnPo1kPSgKVGo/ThU1goH6drIsXTDyJFoAGOoWpTuJW5PBBhIqYZNoaLhO0NlLWUa5dFXqf6NUXmTirND5FI5KnqT9VibIWz93uVrRd67j97WNVsOmbPNIqeEBwjngw/JKXNe6jzxsFSoRwr2XD6ey6NjJ5SwKvLP7E2HnB5x9xh2l468qxSpKh2uDycuD0yWgNhhfpM9q8kZWw5SUtN8ZZz1A2eW5YgfdEIqy0KWNxzgzsvNkabNmzNq9ICzvsv9IUckFSNcIyDjJWzQXs1kqQeeg==&u=U2FsdGVkX18d4yVU/kNTh18bnjXGpO7qU5nUd3O0Drg=&y=U2FsdGVkX180iM8XHyrEhkNDsVTi8tGwjbhc8oMutwQ= HTTP/1.1" 200 196
186.102.36.78 - - [13/Apr/2022:00:25:10 -0500] "GET /kwssiamovil/sm/cjson/pre?f=1&x=U2FsdGVkX1+/WOumXfm5q9nXHH4mzRGNMGOs6F/I7GtGXGJRxc0fiIz3QzSWSaJE HTTP/1.1" 200 30975
172.22.2.4 - - [13/Apr/2022:00:25:43 -0500] "GET /BLA/boletinlegal/Circulares/2013/Circular%20No.%206%20del%2019%20de%20julio%20de%202013.pdf HTTP/1.1" 304 -
216.245.221.92 - - [13/Apr/2022:00:27:05 -0500] "HEAD / HTTP/1.1" 200 -
172.22.2.4 - - [13/Apr/2022:00:26:43 -0500] "HEAD /BLA/boletinlegal/ HTTP/1.1" 200 -
172.22.2.4 - - [13/Apr/2022:00:27:33 -0500] "GET /BLA/boletinlegal/ HTTP/1.1" 200 61416
216.245.221.92 - - [13/Apr/2022:00:32:05 -0500] "HEAD / HTTP/1.1" 200 -
201.245.192.253 - - [13/Apr/2022:00:32:41 -0500] "POST /kwsrmcab/Wsrmcab HTTP/1.1" 200 45432
172.22.2.4 - - [13/Apr/2022:00:32:32 -0500] "HEAD /BLA/boletinlegal/ HTTP/1.1" 200 -
201.245.192.253 - - [13/Apr/2022:00:33:26 -0500] "POST /kwsrmcab/Wsrmcab HTTP/1.1" 200 42318
172.22.2.4 - - [13/Apr/2022:00:33:23 -0500] "GET /BLA/boletinlegal/ HTTP/1.1" 200 55089
207.46.13.209 - - [13/Apr/2022:00:36:15 -0500] "GET /bla/resoluciones/resoluciones%202016/0527.pdf HTTP/1.1" 200 524368
216.245.221.92 - - [13/Apr/2022:00:37:05 -0500] "HEAD / HTTP/1.1" 200 -
207.46.13.43 - - [13/Apr/2022:00:38:29 -0500] "GET /bla/resoluciones/resoluciones%202016/2355.pdf HTTP/1.1" 200 687200
186.155.138.233 - - [13/Apr/2022:00:38:54 -0500] "POST /procesar.php HTTP/1.1" 200 866
186.155.138.233 - - [13/Apr/2022:00:38:56 -0500] "GET /favicon.ico HTTP/1.1" 404 1222
186.102.36.78 - - [13/Apr/2022:00:39:09 -0500] "GET /kwssiamovil/sm/ldap/au?x=U2FsdGVkX1933s2ic6ouehcuNF5kCULm0H/HVCWg5Ua6ggbvLsvwgjJUH867VAW6&y=U2FsdGVkX19+gPUktDVx19T1Jvn1mBROyEMH6zrtyY0= HTTP/1.1" 200 30
186.102.36.78 - - [13/Apr/2022:00:39:09 -0500] "GET /kwssiamovil/sm/acme/s?s=U2FsdGVkX1+1nu67+g7oHrLipwwA26Ln9zNcO8vyug6LLr3QFPdpjDiilmsfk6YdTvm9H/v1jh9zvg9W/b4wmzhQR0KnIOqyC1rf6EqYeP4=&u=U2FsdGVkX1/K0Xc7HZYnmESjZ+NMLZAVt9jfEV+IWPs=&y=U2FsdGVkX19+gPUktDVx19T1Jvn1mBROyEMH6zrtyY0= HTTP/1.1" 200 97
186.102.36.78 - - [13/Apr/2022:00:39:09 -0500] "GET /kwssiamovil/sm/acme/s?s=U2FsdGVkX195w0Kqj/AIL45m+8mEynsUTnb5gqbCkWmSKGBfdbXtC3CkLh6LqQZjinw6hce9HyJsKe8jSMCPj8yC2s6zHe9faKalscaCSMoLnzQzZAjtXBvIPqIzVAJd2mVEqHKiZuSGC5UBmqnKyTulD9N19EfvroNeseS7OYB1qHPsC9Oc3SE9i9E7ssp6Krwcoh3dz7DinE8j9yzfowQr+lfLuH8OHM7BADZhCjqaFiwBm9NI3LicyOoxh/arr54MJ+mYkMXZk29bKJdUwwKvsnQa3drtxUTHGOgOLb8YfNRpM0dU8zB4Czx+91mCMvYZKLCpL6RmfWU8+qFiWOEW2kbbiRIwHD2SuqX5H9IBo/+gWmdEAv3SAN8XpzG2NaG9lzmaHBPN27xhsyJcEnl4njvoVULytC5+3mRSYABI3C6qWPHzPBuiqI/gowU4U1czJcwXaGrftweUv7cW0TVrQCEHbfrB9m3iucxke7pRzVgthoeOiRd4pftaROlCYd0qD30f8jK+nVlzE13U/vgSOrVZzALANcpP3IwcE6+RGDV9f8vadkl0vZcczshytv3yq1StT9AhRVC4jbRdOD04+g8ae3EzKbkujEcljt+mc9fX/kya+YV1B7CNJdCB9nHH0CbL6GSlYiXwgELHHhJdnh07aBhyjiqmYRizKvZZ5ywjg+gB1fl7jMBnUXY3WicQ595Nlc58EM887lOqOQGZLaZMZK5jTvGp1Qel4qn7UpNErvxa2fP5cMiBpnU573Eq1m0RXkLMk+ylGauTatxpE/Kj/OfE4CyOEg9sotnby4dYDWEuu2lcTJoyHsOG4R40UdLNbzl2SIOe1zDA5zmt88oHVB0j4ewiVUmfDS9bwRXl31ed/FWAfezvihkM6Q7xx0A9qnjFb66GPsWDlJo8QKAWglZVP03R3Pf7Pk7QWChS58551v/Zgux37RgZQP4RiKQx392EvZ56NAmFDx1li6410mn6QYbkhQZFD8qoSR9N0ywL/TZXl1gtnNobdqDpQ8EQN4sGOy6CILRORuMuK0YXudxTl2a9aMEYJZ+E52ktKwfJ1YRZoDvY17e2Myk+7QqxUYRATR3u4ztjyht7NVePmDVq+MO8MWxrpXY=&u=U2FsdGVkX1/K0Xc7HZYnmESjZ+NMLZAVt9jfEV+IWPs=&y=U2FsdGVkX19+gPUktDVx19T1Jvn1mBROyEMH6zrtyY0= HTTP/1.1" 200 1774
186.102.36.78 - - [13/Apr/2022:00:39:09 -0500] "GET /kwssiamovil/sm/acme/s?s=U2FsdGVkX1+yA0+0jczJkKcbNCzrQ38WLfE9W/Q9l5ckXXNldeDSpdetUfEiGLZC&u=U2FsdGVkX1/K0Xc7HZYnmESjZ+NMLZAVt9jfEV+IWPs=&y=U2FsdGVkX19+gPUktDVx19T1Jvn1mBROyEMH6zrtyY0= HTTP/1.1" 200 70
186.102.36.78 - - [13/Apr/2022:00:39:09 -0500] "GET /kwssiamovil/sm/acme/s?s=U2FsdGVkX19mnBiZljV9JPnSnoKrZkt4lX2jSKNKD7PJ6G/GnBHi8rd9TEqBtYCb&u=U2FsdGVkX1/K0Xc7HZYnmESjZ+NMLZAVt9jfEV+IWPs=&y=U2FsdGVkX19+gPUktDVx19T1Jvn1mBROyEMH6zrtyY0= HTTP/1.1" 200 70
186.102.36.78 - - [13/Apr/2022:00:39:09 -0500] "GET /kwssiamovil/sm/acme/s?s=U2FsdGVkX18tXTibkHE25+D0ReEZQiCLUKboyH1FoTsTYU6P46Qrz/T3NF27c4LU&u=U2FsdGVkX1/K0Xc7HZYnmESjZ+NMLZAVt9jfEV+IWPs=&y=U2FsdGVkX19+gPUktDVx19T1Jvn1mBROyEMH6zrtyY0= HTTP/1.1" 200 70
186.102.36.78 - - [13/Apr/2022:00:39:09 -0500] "GET /kwssiamovil/sm/acme/s?s=U2FsdGVkX1+JvZZ3W1EWQWmCGPDZPOVfA//p+NytQN8FSwwh+ZzQjZPLAp+m7DaV&u=U2FsdGVkX1/K0Xc7HZYnmESjZ+NMLZAVt9jfEV+IWPs=&y=U2FsdGVkX19+gPUktDVx19T1Jvn1mBROyEMH6zrtyY0= HTTP/1.1" 200 70
186.102.36.78 - - [13/Apr/2022:00:39:10 -0500] "GET /kwssiamovil/sm/acme/s?s=U2FsdGVkX1+YzrwJqKnh342cXYAMQ21U4LQry0hGG4WGfPwpsSzdfpbaXveW/KAv&u=U2FsdGVkX1/K0Xc7HZYnmESjZ+NMLZAVt9jfEV+IWPs=&y=U2FsdGVkX19+gPUktDVx19T1Jvn1mBROyEMH6zrtyY0= HTTP/1.1" 200 70
186.102.36.78 - - [13/Apr/2022:00:39:10 -0500] "GET /kwssiamovil/sm/acme/s?s=U2FsdGVkX1/E91uppQ06fBNVF4leAmu7KIT3c06qt+UGIYD8aylJh/XW7vTZyeBp&u=U2FsdGVkX1/K0Xc7HZYnmESjZ+NMLZAVt9jfEV+IWPs=&y=U2FsdGVkX19+gPUktDVx19T1Jvn1mBROyEMH6zrtyY0= HTTP/1.1" 200 70
186.102.36.78 - - [13/Apr/2022:00:39:10 -0500] "GET /kwssiamovil/sm/acme/s?s=U2FsdGVkX1/TkXkVPpVT/wl72bkwOftqiFLIJcXN4Cy0cHdDPqqTFoQExb3WbjyHzIr1jS/WddFeAtrojKwAjptr7J3WBJUCY2ShgeV+ZGo9YhplGUsfkGqeta0E88gtldwXF9jkdbLpx6BWkBo7ZKlo6ZUhrNOvh1MyciDRG/mlFnUeL1LMHQq9zvhXNxzJfUUrqwm0xiqR1rc0HxfB1WgiGHq/Ulo5+P8NKlOpvExutn7odVdgrpd14YQXRd7GY6f8yd9qjyIETA5SVZVp4tCzhPhtuwcIf4WM3u7RgZfy/uIR1I75rwbsb05BcIbZDO7Ib172cr9950eBtNfYgQ==&u=U2FsdGVkX1/K0Xc7HZYnmESjZ+NMLZAVt9jfEV+IWPs=&y=U2FsdGVkX19+gPUktDVx19T1Jvn1mBROyEMH6zrtyY0= HTTP/1.1" 200 196
186.102.36.78 - - [13/Apr/2022:00:39:10 -0500] "GET /kwssiamovil/sm/cjson/pre?f=1&x=U2FsdGVkX1933s2ic6ouehcuNF5kCULm0H/HVCWg5Ua6ggbvLsvwgjJUH867VAW6 HTTP/1.1" 200 30975
114.119.147.2 - - [13/Apr/2022:00:39:50 -0500] "-" 408 -
172.22.2.4 - - [13/Apr/2022:00:38:23 -0500] "HEAD /BLA/boletinlegal/ HTTP/1.1" 200 -
114.119.130.210 - - [13/Apr/2022:00:40:27 -0500] "-" 408 -
172.22.2.4 - - [13/Apr/2022:00:39:13 -0500] "GET /BLA/boletinlegal/ HTTP/1.1" 200 59170
114.119.138.67 - - [13/Apr/2022:00:41:17 -0500] "-" 408 -
216.245.221.92 - - [13/Apr/2022:00:42:05 -0500] "HEAD / HTTP/1.1" 200 -
199.59.150.180 - - [13/Apr/2022:00:43:09 -0500] "GET /images/carro-carga-movilidad-4-febrero.jpg HTTP/1.1" 200 46258
201.245.192.253 - - [13/Apr/2022:00:42:42 -0500] "POST /kwsrmcab/Wsrmcab HTTP/1.1" 200 45432
201.245.192.253 - - [13/Apr/2022:00:43:27 -0500] "POST /kwsrmcab/Wsrmcab HTTP/1.1" 200 42318
69.171.249.22 - - [13/Apr/2022:00:45:24 -0500] "GET /images/JBB1.jpeg HTTP/1.1" 200 90628
172.22.2.4 - - [13/Apr/2022:00:44:12 -0500] "HEAD /BLA/boletinlegal/ HTTP/1.1" 200 -
172.22.2.4 - - [13/Apr/2022:00:45:03 -0500] "GET /BLA/boletinlegal/ HTTP/1.1" 200 55877
216.245.221.92 - - [13/Apr/2022:00:47:05 -0500] "HEAD / HTTP/1.1" 200 -
186.102.36.78 - - [13/Apr/2022:00:48:44 -0500] "GET /kwssiamovil/sm/ldap/au?x=U2FsdGVkX19g1UL1+4G+GjDfuJKOIsi6+dqm4gFKcm2xAhPeOkEu8LbUikW+znOL&y=U2FsdGVkX18+XafxmzF7AvHq/CEQCoRJX7blXwgrn3w= HTTP/1.1" 200 31
186.102.36.78 - - [13/Apr/2022:00:48:50 -0500] "GET /kwssiamovil/sm/ldap/au?x=U2FsdGVkX1/QXRZc4zFsxmd927SH8+RAkWBeI5WJ9zLyfp15UDVhJ7zagiC5pgB6&y=U2FsdGVkX18jbmldhlb+BB1nSpaiG5l65RdEgktSIJg= HTTP/1.1" 200 30
186.102.36.78 - - [13/Apr/2022:00:48:50 -0500] "GET /kwssiamovil/sm/acme/s?s=U2FsdGVkX1/zBes34yN69yG8hXfN6y6/qt/sx/SZ8AR/nU/P7qCC1vg8Irel7RtMxp9jk67XSYy9q1m/X4M4F7C12sBYScwat+uYLDW/iTs=&u=U2FsdGVkX185XTvlaLrcZT+qiGbx8PDJocOf6VOdlfo=&y=U2FsdGVkX18jbmldhlb+BB1nSpaiG5l65RdEgktSIJg= HTTP/1.1" 200 97
186.102.36.78 - - [13/Apr/2022:00:48:50 -0500] "GET /kwssiamovil/sm/acme/s?s=U2FsdGVkX19ScHMPHjmIOGBbktUsdMwH5DMICYUWqNsqKsy5ROP/DvzrwxwXTGhAjX1CsFIj641jiuYUYkIBj1Zsg/3I/tH/fIaHvSvKW7Zuk3CQok3qrsP3RN0By7Pv5g+3pMIGTKM0WSJJqZ7Kj6HS6aN/fUwPWKzzMGJ8gP/eVz7TbSpe8ppzB+cAeBcFUk5J3tZ4sy5cQxAtfYbrnaSU2XRfXtiTuqcLesGTkGp1smqGPQd6t5jHBIQkD+FP1Wt9w6/sEF9w162NS7qAypng8jlW1RcXJSYhU4Gjd1uFTPidY4amOqHK48Se97BwMGFyrLzwJ9oHLn115+EgsYhGlkwUmvw43EZLZ4n3EGNHPzutHyWAL8Q6I2/01b5yH/TvlnFgt0p0jZdFeRbG8mKzYH/Ub1dTKQlCwp0rTGh+re8t4sT31HmYvgLCspwDU6ou5RMe9neY9HSAMkZm1DjdyGvUNxLiLtjSoMhw5kQPF5dEgfr7N5nxx08ZoAZtD+NCMZ/I7foXRsSIMNIOgroQHqSdnxdBGe/vSp6TIjd8P3zbYeKlTle2laVT0u8xvSTMTTvIbruN82Zs5/lqOkdzQcRjgUSxXsvBpBJOqsFzi4YcO98qGOug/f6gy+tIrXny0Fyu+rdRqq1YCjyGml3bv3yHegyH5nJ3fHsZiubNlSkBo8gvbVkf+pw2F6uyoT7LPKXV45Lmt9Q8rq8w7wtm4E9CziuZXdmW3jyEZekSa+ZgDs3nYZNdZvejJtI9R703Yg+WsaUEDR668kx5Hms41UzL+bpIIlqEAMNpF1wAcjgswCGrMgEfFZluCIc31FizpxnujgVqtJfIb9RSPkkW5NGWViKs/KZ499X1shCjKzs6TGblJQWfrc4HTvdmZRoyX81MtXH2cggfSUb5lAasV8Ms0ysN6t3JpBGzkVfEW8v1415JyoMyS8d5+bEklyf3iv7TwTnw0Wv2eFc4kC6R3+yiHLYAcfFTWZOV/y2WsM350Fh5Mtc6bWsQf9xnzOt9waMD3YmQVqQwUgBbZUzdsQB7xDSxGYWumXgvzGSlHZf9G7QZPSPz7pG4wty8UQrYVKbNZR7T24ZadBiReTs6CXamGd9v5nUPvGuvkwg=&u=U2FsdGVkX185XTvlaLrcZT+qiGbx8PDJocOf6VOdlfo=&y=U2FsdGVkX18jbmldhlb+BB1nSpaiG5l65RdEgktSIJg= HTTP/1.1" 200 2241
186.102.36.78 - - [13/Apr/2022:00:48:50 -0500] "GET /kwssiamovil/sm/acme/s?s=U2FsdGVkX18Radzpc6qri4zglheMSmojWP65rRVmKkTlyH0oVwydca2/EV7fTYA+&u=U2FsdGVkX185XTvlaLrcZT+qiGbx8PDJocOf6VOdlfo=&y=U2FsdGVkX18jbmldhlb+BB1nSpaiG5l65RdEgktSIJg= HTTP/1.1" 200 70
186.102.36.78 - - [13/Apr/2022:00:48:50 -0500] "GET /kwssiamovil/sm/acme/s?s=U2FsdGVkX19+ejBVo3aXluSESvwTAeXEVxv61DGn1nYEp9ICVBCWVsrqcd85n0XP&u=U2FsdGVkX185XTvlaLrcZT+qiGbx8PDJocOf6VOdlfo=&y=U2FsdGVkX18jbmldhlb+BB1nSpaiG5l65RdEgktSIJg= HTTP/1.1" 200 70
186.102.36.78 - - [13/Apr/2022:00:48:51 -0500] "GET /kwssiamovil/sm/acme/s?s=U2FsdGVkX1/Bs2wKvn2d70j9EK6VY5nEiBgsBqc0KMaWOhBk7UIRpyi3wIlBs+YI&u=U2FsdGVkX185XTvlaLrcZT+qiGbx8PDJocOf6VOdlfo=&y=U2FsdGVkX18jbmldhlb+BB1nSpaiG5l65RdEgktSIJg= HTTP/1.1" 200 70
186.102.36.78 - - [13/Apr/2022:00:48:51 -0500] "GET /kwssiamovil/sm/acme/s?s=U2FsdGVkX1/QhmrMLaspb8gfj00n4ay6f5Zf0J2NOTjle0mkujYFxtinqFSxVzH+&u=U2FsdGVkX185XTvlaLrcZT+qiGbx8PDJocOf6VOdlfo=&y=U2FsdGVkX18jbmldhlb+BB1nSpaiG5l65RdEgktSIJg= HTTP/1.1" 200 70
186.102.36.78 - - [13/Apr/2022:00:48:51 -0500] "GET /kwssiamovil/sm/acme/s?s=U2FsdGVkX19RBzsElhLi9GAY7ToMOE4T9goACgN0xDPsS/fFe63oF5POAUvxlJkC&u=U2FsdGVkX185XTvlaLrcZT+qiGbx8PDJocOf6VOdlfo=&y=U2FsdGVkX18jbmldhlb+BB1nSpaiG5l65RdEgktSIJg= HTTP/1.1" 200 70
186.102.36.78 - - [13/Apr/2022:00:48:51 -0500] "GET /kwssiamovil/sm/acme/s?s=U2FsdGVkX18AM5CFh7LTJQ/491Qe4UVycdVeFGGSNbRHgfSQNuGsUMAQfe/LYYEc&u=U2FsdGVkX185XTvlaLrcZT+qiGbx8PDJocOf6VOdlfo=&y=U2FsdGVkX18jbmldhlb+BB1nSpaiG5l65RdEgktSIJg= HTTP/1.1" 200 70
186.102.36.78 - - [13/Apr/2022:00:48:51 -0500] "GET /kwssiamovil/sm/acme/s?s=U2FsdGVkX19vR3jo48FCD3dUk0jioo7xDEg7aY+QL7uOMss2Rx5AnVlm3ysZSSlu&u=U2FsdGVkX185XTvlaLrcZT+qiGbx8PDJocOf6VOdlfo=&y=U2FsdGVkX18jbmldhlb+BB1nSpaiG5l65RdEgktSIJg= HTTP/1.1" 200 70
186.102.36.78 - - [13/Apr/2022:00:48:51 -0500] "GET /kwssiamovil/sm/acme/s?s=U2FsdGVkX1/Hf4yzddijSNPHI9HeqVKwi8DZNFYhJmll/yjEODxy/lzRgTAps9Tk&u=U2FsdGVkX185XTvlaLrcZT+qiGbx8PDJocOf6VOdlfo=&y=U2FsdGVkX18jbmldhlb+BB1nSpaiG5l65RdEgktSIJg= HTTP/1.1" 200 70
186.102.36.78 - - [13/Apr/2022:00:48:51 -0500] "GET /kwssiamovil/sm/acme/s?s=U2FsdGVkX18CzaQUFm5/3BAD8xVDjiydViLY3w6uJ+GpdRp2amDOGZyslFVJYR0lI8yv68eYFYAuILMrQH/pBDDmAP2GtTed99AluLaxgfaa+NCwcbxFdkcaWH83ikBGO0fhatONE4s+50DVuMHTz+DZU4ERJtklZmrYQ3Prw0QyLzKNkr6Ud+WG+c6qKiVW6cz4GDOTY0PxEIRMSZZvo0rjsVzVwmIk0T3XSLS5EGVd+6OVyqxj9l7HXbBasO2/uE6uv5m66sUVGMIlx2d/wKm7T1g/qes9WO2Q7QPKrc+zH/F+SvgnRLh4NgDpqTZo0+AThF3YiPnS2tOXHY2j0w==&u=U2FsdGVkX185XTvlaLrcZT+qiGbx8PDJocOf6VOdlfo=&y=U2FsdGVkX18jbmldhlb+BB1nSpaiG5l65RdEgktSIJg= HTTP/1.1" 200 196
186.102.36.78 - - [13/Apr/2022:00:48:51 -0500] "GET /kwssiamovil/sm/cjson/pre?f=1&x=U2FsdGVkX1/QXRZc4zFsxmd927SH8+RAkWBeI5WJ9zLyfp15UDVhJ7zagiC5pgB6 HTTP/1.1" 200 30975
172.22.2.4 - - [13/Apr/2022:00:50:02 -0500] "HEAD /BLA/boletinlegal/ HTTP/1.1" 200 -
216.245.221.92 - - [13/Apr/2022:00:52:05 -0500] "HEAD / HTTP/1.1" 200 -
172.22.2.4 - - [13/Apr/2022:00:50:53 -0500] "GET /BLA/boletinlegal/ HTTP/1.1" 200 61416
186.102.36.78 - - [12/Apr/2022:23:13:49 -0500] "POST /kwssiamovil/sm/setfile/f? HTTP/1.1" 400 1022
207.46.13.209 - - [13/Apr/2022:00:54:57 -0500] "GET /bla/resoluciones/resoluciones%202016/1121.pdf HTTP/1.1" 200 247796
216.245.221.92 - - [13/Apr/2022:00:57:05 -0500] "HEAD / HTTP/1.1" 200 -
172.22.2.4 - - [13/Apr/2022:00:55:53 -0500] "HEAD /BLA/boletinlegal/ HTTP/1.1" 200 -
172.22.2.4 - - [13/Apr/2022:00:56:43 -0500] "GET /BLA/boletinlegal/ HTTP/1.1" 200 59170
66.249.79.111 - - [13/Apr/2022:00:59:29 -0500] "-" 408 -
207.46.13.199 - - [13/Apr/2022:00:59:54 -0500] "GET /BLA/resoluciones/RESOLUCIONES%202014/1974.pdf HTTP/1.1" 200 2229744
172.22.2.4 - - [13/Apr/2022:01:00:31 -0500] "GET /BLA/boletinlegal/ HTTP/1.1" 200 24523
216.245.221.92 - - [13/Apr/2022:01:02:05 -0500] "HEAD / HTTP/1.1" 200 -
66.249.79.181 - - [13/Apr/2022:01:02:11 -0500] "-" 408 -
40.77.167.78 - - [13/Apr/2022:01:02:13 -0500] "GET / HTTP/1.1" 200 4720
172.22.2.4 - - [13/Apr/2022:01:01:42 -0500] "HEAD /BLA/boletinlegal/ HTTP/1.1" 200 -
172.22.2.4 - - [13/Apr/2022:01:04:11 -0500] "GET /BLA/boletinlegal/Circulares/2010/Circular%2006%20de%208%20de%20septiembre%20de%202010.pdf HTTP/1.1" 304 -
172.22.2.4 - - [13/Apr/2022:01:02:33 -0500] "GET /BLA/boletinlegal/ HTTP/1.1" 200 59170
172.22.2.4 - - [13/Apr/2022:01:04:32 -0500] "GET /BLA/boletinlegal/jurisprudencia/analisis/ANALISIST-257-96.docx HTTP/1.1" 200 19486
216.245.221.92 - - [13/Apr/2022:01:07:05 -0500] "HEAD / HTTP/1.1" 200 -
207.46.13.179 - - [13/Apr/2022:01:07:46 -0500] "GET /bla/resoluciones/resoluciones%202016/2361.pdf HTTP/1.1" 200 393665
172.22.2.4 - - [13/Apr/2022:01:07:32 -0500] "HEAD /BLA/boletinlegal/ HTTP/1.1" 200 -
207.46.13.179 - - [13/Apr/2022:01:09:17 -0500] "GET /Residuos/farmaceutica/farmaceutica.html HTTP/1.1" 200 1967
157.55.39.149 - - [13/Apr/2022:01:09:31 -0500] "-" 408 -
172.22.2.4 - - [13/Apr/2022:01:08:23 -0500] "GET /BLA/boletinlegal/ HTTP/1.1" 200 59170
207.46.13.199 - - [13/Apr/2022:01:10:04 -0500] "GET /bla/resoluciones/resoluciones%202016/2205.pdf HTTP/1.1" 200 307763
173.252.107.7 - - [13/Apr/2022:01:10:36 -0500] "GET /images/rueda-prensa-lluvias-secretaria-principal-23-marzo.jpg HTTP/1.1" 200 42664
216.245.221.92 - - [13/Apr/2022:01:12:05 -0500] "HEAD / HTTP/1.1" 200 -
172.22.2.4 - - [13/Apr/2022:01:13:22 -0500] "HEAD /BLA/boletinlegal/ HTTP/1.1" 200 -
207.46.13.178 - - [13/Apr/2022:01:15:28 -0500] "GET /bogota-consolida-avances-ambientales-con-el-compromiso-ciudadano-planes-estrategicos-y-acuerdos-con-diversos-sectores.html HTTP/1.1" 304 -
172.22.2.4 - - [13/Apr/2022:01:14:13 -0500] "GET /BLA/boletinlegal/ HTTP/1.1" 200 49344
152.61.192.232 - - [13/Apr/2022:01:16:43 -0500] "GET /arcgis/services/Calidad_del_Agua_WQI/MapServer/WMSServer?request=GetCapabilities&service=WMS HTTP/1.1" 503 1020
152.61.192.232 - - [13/Apr/2022:01:16:44 -0500] "GET /arcgis/services/Calidad_del_Agua_WQI/MapServer/WMSServer?SERVICE=WMS&REQUEST=GetCapabilities HTTP/1.1" 503 1020
152.61.192.232 - - [13/Apr/2022:01:16:44 -0500] "GET /arcgis/services/Calidad_del_Agua_WQI/MapServer/WMSServer?WMTVER=1.0.0&REQUEST=capabilities HTTP/1.1" 503 1020
216.245.221.92 - - [13/Apr/2022:01:17:05 -0500] "HEAD / HTTP/1.1" 200 -
66.249.79.113 - - [13/Apr/2022:01:18:52 -0500] "-" 408 -
172.22.2.4 - - [13/Apr/2022:01:19:12 -0500] "HEAD /BLA/boletinlegal/ HTTP/1.1" 200 -
172.22.2.4 - - [13/Apr/2022:01:20:03 -0500] "GET /BLA/boletinlegal/ HTTP/1.1" 200 61416
216.245.221.92 - - [13/Apr/2022:01:22:05 -0500] "HEAD / HTTP/1.1" 200 -
201.245.192.253 - - [13/Apr/2022:01:22:41 -0500] "POST /kwsrmcab/Wsrmcab HTTP/1.1" 200 45437
201.245.192.253 - - [13/Apr/2022:01:23:30 -0500] "POST /kwsrmcab/Wsrmcab HTTP/1.1" 200 42339
152.61.128.50 - - [13/Apr/2022:01:26:29 -0500] "GET /arcgis/services/Calidad_del_Agua_WQI/MapServer/WMSServer?request=GetCapabilities&service=WMS HTTP/1.1" 503 1020
152.61.128.50 - - [13/Apr/2022:01:26:30 -0500] "GET /arcgis/services/Calidad_del_Agua_WQI/MapServer/WMSServer?SERVICE=WMS&REQUEST=GetCapabilities HTTP/1.1" 503 1020
152.61.128.50 - - [13/Apr/2022:01:26:31 -0500] "GET /arcgis/services/Calidad_del_Agua_WQI/MapServer/WMSServer?WMTVER=1.0.0&REQUEST=capabilities HTTP/1.1" 503 1020
172.22.2.4 - - [13/Apr/2022:01:25:02 -0500] "HEAD /BLA/boletinlegal/ HTTP/1.1" 200 -
216.245.221.92 - - [13/Apr/2022:01:27:05 -0500] "HEAD / HTTP/1.1" 200 -
172.22.2.4 - - [13/Apr/2022:01:25:53 -0500] "GET /BLA/boletinlegal/ HTTP/1.1" 200 59170
66.249.79.111 - - [13/Apr/2022:01:27:50 -0500] "-" 408 -
172.22.2.4 - - [13/Apr/2022:01:31:19 -0500] "GET /BLA/boletinlegal/ HTTP/1.1" 200 24523
216.245.221.92 - - [13/Apr/2022:01:32:05 -0500] "HEAD / HTTP/1.1" 200 -
40.77.167.46 - - [13/Apr/2022:01:32:08 -0500] "GET /bla/resoluciones/resoluciones%202016/2142.pdf HTTP/1.1" 200 405553
172.22.2.4 - - [13/Apr/2022:01:32:15 -0500] "GET /BLA/boletinlegal/robots.txt HTTP/1.1" 404 1038
172.22.2.4 - - [13/Apr/2022:01:32:20 -0500] "GET /BLA/boletinlegal/Directivas/2019/Directiva%20No.%200001%20del%2011%20de%20junio%20de%202019.pdf HTTP/1.1" 304 -
172.22.2.4 - - [13/Apr/2022:01:30:52 -0500] "HEAD /BLA/boletinlegal/ HTTP/1.1" 200 -
172.22.2.4 - - [13/Apr/2022:01:31:43 -0500] "GET /BLA/boletinlegal/ HTTP/1.1" 200 47760
201.245.192.253 - - [13/Apr/2022:01:32:41 -0500] "POST /kwsrmcab/Wsrmcab HTTP/1.1" 200 45437
172.22.2.4 - - [13/Apr/2022:01:32:16 -0500] "GET /BLA/boletinlegal/index.php HTTP/1.1" 200 53739
201.245.192.253 - - [13/Apr/2022:01:33:28 -0500] "POST /kwsrmcab/Wsrmcab HTTP/1.1" 200 42339
66.249.79.111 - - [13/Apr/2022:01:34:46 -0500] "-" 408 -
216.245.221.92 - - [13/Apr/2022:01:37:05 -0500] "HEAD / HTTP/1.1" 200 -
172.22.2.4 - - [13/Apr/2022:01:36:42 -0500] "HEAD /BLA/boletinlegal/ HTTP/1.1" 200 -
172.22.2.4 - - [13/Apr/2022:01:37:33 -0500] "GET /BLA/boletinlegal/ HTTP/1.1" 200 58588
216.245.221.92 - - [13/Apr/2022:01:42:05 -0500] "HEAD / HTTP/1.1" 200 -
66.249.79.111 - - [13/Apr/2022:01:42:34 -0500] "-" 408 -
201.245.192.253 - - [13/Apr/2022:01:42:41 -0500] "POST /kwsrmcab/Wsrmcab HTTP/1.1" 200 45437
172.22.2.4 - - [13/Apr/2022:01:42:32 -0500] "HEAD /BLA/boletinlegal/ HTTP/1.1" 200 -
201.245.192.253 - - [13/Apr/2022:01:43:29 -0500] "POST /kwsrmcab/Wsrmcab HTTP/1.1" 200 42339
172.22.2.4 - - [13/Apr/2022:01:43:23 -0500] "GET /BLA/boletinlegal/ HTTP/1.1" 200 55877
216.245.221.92 - - [13/Apr/2022:01:47:05 -0500] "HEAD / HTTP/1.1" 200 -
172.22.2.4 - - [13/Apr/2022:01:48:03 -0500] "POST /BLA/boletinlegal/GponForm/diag_Form?style/ HTTP/1.1" 404 1015
172.22.2.4 - - [13/Apr/2022:01:48:22 -0500] "HEAD /BLA/boletinlegal/ HTTP/1.1" 200 -
207.46.13.199 - - [13/Apr/2022:01:50:48 -0500] "GET /bla/resoluciones/resoluciones%202016/1633.pdf HTTP/1.1" 200 279274
172.22.2.4 - - [13/Apr/2022:01:49:13 -0500] "GET /BLA/boletinlegal/ HTTP/1.1" 200 56300
216.245.221.92 - - [13/Apr/2022:01:52:05 -0500] "HEAD / HTTP/1.1" 200 -
207.46.13.43 - - [13/Apr/2022:01:53:55 -0500] "GET /bla/resoluciones/resoluciones%202016/1867.pdf HTTP/1.1" 200 510710
172.22.2.4 - - [13/Apr/2022:01:54:12 -0500] "HEAD /BLA/boletinlegal/ HTTP/1.1" 200 -
66.249.79.111 - - [13/Apr/2022:01:55:57 -0500] "-" 408 -
172.22.2.4 - - [13/Apr/2022:01:55:03 -0500] "GET /BLA/boletinlegal/ HTTP/1.1" 200 61416
216.245.221.92 - - [13/Apr/2022:01:57:05 -0500] "HEAD / HTTP/1.1" 200 -
172.22.2.4 - - [13/Apr/2022:02:00:02 -0500] "HEAD /BLA/boletinlegal/ HTTP/1.1" 200 -
216.245.221.92 - - [13/Apr/2022:02:02:05 -0500] "HEAD / HTTP/1.1" 200 -
172.22.2.4 - - [13/Apr/2022:02:00:53 -0500] "GET /BLA/boletinlegal/ HTTP/1.1" 200 60932
66.249.79.111 - - [13/Apr/2022:02:04:09 -0500] "-" 408 -
216.245.221.92 - - [13/Apr/2022:02:07:05 -0500] "HEAD / HTTP/1.1" 200 -
154.209.125.49 - - [13/Apr/2022:02:07:15 -0500] "GET / HTTP/1.1" 200 319
172.22.2.4 - - [13/Apr/2022:02:05:52 -0500] "HEAD /BLA/boletinlegal/ HTTP/1.1" 200 -
172.22.2.4 - - [13/Apr/2022:02:06:42 -0500] "GET /BLA/boletinlegal/ HTTP/1.1" 200 58588
66.249.79.111 - - [13/Apr/2022:02:11:34 -0500] "-" 408 -
216.245.221.92 - - [13/Apr/2022:02:12:05 -0500] "HEAD / HTTP/1.1" 200 -
172.22.2.4 - - [13/Apr/2022:02:11:46 -0500] "GET /BLA/boletinlegal/ HTTP/1.1" 200 40907
207.46.13.43 - - [13/Apr/2022:02:13:12 -0500] "GET /bla/resoluciones/resoluciones%202016/2196.pdf HTTP/1.1" 200 548588
172.22.2.4 - - [13/Apr/2022:02:11:42 -0500] "HEAD /BLA/boletinlegal/ HTTP/1.1" 200 -
172.22.2.4 - - [13/Apr/2022:02:12:33 -0500] "GET /BLA/boletinlegal/ HTTP/1.1" 200 53739
79.110.73.185 - - [13/Apr/2022:02:16:50 -0500] "GET /BLA/resoluciones/RESOLUCIONES%202016/1302.pdf HTTP/1.1" 200 498413
216.245.221.92 - - [13/Apr/2022:02:17:05 -0500] "HEAD / HTTP/1.1" 200 -
66.249.79.111 - - [13/Apr/2022:02:17:22 -0500] "-" 408 -
172.22.2.4 - - [13/Apr/2022:02:17:32 -0500] "HEAD /BLA/boletinlegal/ HTTP/1.1" 200 -
172.22.2.4 - - [13/Apr/2022:02:18:22 -0500] "GET /BLA/boletinlegal/ HTTP/1.1" 200 59170
172.22.2.4 - - [13/Apr/2022:02:20:35 -0500] "GET /BLA/boletinlegal/owa/auth/logon.aspx?url=https%3a%2f%2f1%2fecp%2f HTTP/1.1" 404 1018
216.245.221.92 - - [13/Apr/2022:02:22:05 -0500] "HEAD / HTTP/1.1" 200 -
199.59.150.180 - - [13/Apr/2022:02:23:04 -0500] "-" 408 -
201.245.192.253 - - [13/Apr/2022:02:22:41 -0500] "POST /kwsrmcab/Wsrmcab HTTP/1.1" 200 45289
201.245.192.253 - - [13/Apr/2022:02:23:27 -0500] "POST /kwsrmcab/Wsrmcab HTTP/1.1" 200 42324
66.249.79.111 - - [13/Apr/2022:02:24:35 -0500] "-" 408 -
172.22.2.4 - - [13/Apr/2022:02:23:22 -0500] "HEAD /BLA/boletinlegal/ HTTP/1.1" 200 -
172.22.2.4 - - [13/Apr/2022:02:24:13 -0500] "GET /BLA/boletinlegal/ HTTP/1.1" 200 60932
216.245.221.92 - - [13/Apr/2022:02:27:05 -0500] "HEAD / HTTP/1.1" 200 -
191.95.172.62 - - [13/Apr/2022:02:30:46 -0500] "GET /BLA/boletinlegal/js/jquery.scrollShow.js HTTP/1.1" 200 4586
191.95.172.62 - - [13/Apr/2022:02:30:46 -0500] "GET /galeria/galeria/jquery.fancybox.js?v=2.1.5 HTTP/1.1" 200 48706
191.95.172.62 - - [13/Apr/2022:02:30:46 -0500] "GET /galeria/carrusel/Carrusel/jquery.thumbnailScroller.css HTTP/1.1" 200 2066
191.95.172.62 - - [13/Apr/2022:02:30:47 -0500] "GET /galeria/carrusel/Carrusel/jquery-ui-1.8.13.custom.min.js HTTP/1.1" 200 10800
191.95.172.62 - - [13/Apr/2022:02:30:47 -0500] "GET /galeria/carrusel/Carrusel/jquery.thumbnailScroller.js HTTP/1.1" 200 8157
191.95.172.62 - - [13/Apr/2022:02:30:47 -0500] "GET /galeria/nivo-slider/demo/banner.html HTTP/1.1" 200 5446
191.95.172.62 - - [13/Apr/2022:02:30:49 -0500] "GET /galeria/nivo-slider/themes/default/default.css HTTP/1.1" 200 1569
191.95.172.62 - - [13/Apr/2022:02:30:50 -0500] "GET /galeria/nivo-slider/themes/pascal/pascal.css HTTP/1.1" 200 2258
191.95.172.62 - - [13/Apr/2022:02:30:50 -0500] "GET /galeria/nivo-slider/themes/orman/orman.css HTTP/1.1" 200 2152
191.95.172.62 - - [13/Apr/2022:02:30:50 -0500] "GET /galeria/nivo-slider/demo/style.css HTTP/1.1" 200 2222
191.95.172.62 - - [13/Apr/2022:02:30:50 -0500] "GET /galeria/nivo-slider/nivo-slider.css HTTP/1.1" 200 1507
191.95.172.62 - - [13/Apr/2022:02:30:50 -0500] "GET /galeria/nivo-slider/jquery.nivo.slider.pack.js HTTP/1.1" 200 11561
191.95.172.62 - - [13/Apr/2022:02:30:50 -0500] "GET /galeria/nivo-slider/demo/scripts/jquery-1.7.1.min.js HTTP/1.1" 200 93868
191.95.172.62 - - [13/Apr/2022:02:30:50 -0500] "GET /galeria/nivo-slider/demo/images/Bannermujeresquereverdecen.jpg HTTP/1.1" 200 46558
191.95.172.62 - - [13/Apr/2022:02:30:50 -0500] "GET /galeria/nivo-slider/demo/images/bannertortuga_optimized.jpg HTTP/1.1" 200 39066
191.95.172.62 - - [13/Apr/2022:02:30:50 -0500] "GET /galeria/nivo-slider/demo/images/bannertrafico_optimized.jpg HTTP/1.1" 200 42578
191.95.172.62 - - [13/Apr/2022:02:30:50 -0500] "GET /galeria/nivo-slider/demo/images/Bannersedeelectronica.jpg HTTP/1.1" 200 40383
191.95.172.62 - - [13/Apr/2022:02:30:50 -0500] "GET /galeria/nivo-slider/demo/images/bannerrutaesperanza.jpg HTTP/1.1" 200 55560
191.95.172.62 - - [13/Apr/2022:02:30:50 -0500] "GET /galeria/nivo-slider/demo/images/banneraire2021.jpg HTTP/1.1" 200 265101
191.95.172.62 - - [13/Apr/2022:02:30:51 -0500] "GET /galeria/nivo-slider/demo/images/bannerresiduoshospitalariosagosto.jpg HTTP/1.1" 200 36499
191.95.172.62 - - [13/Apr/2022:02:30:51 -0500] "GET /galeria/nivo-slider/demo/images/Bannerplasticosseptiembre.jpg HTTP/1.1" 200 45633
191.95.172.62 - - [13/Apr/2022:02:30:51 -0500] "GET /galeria/nivo-slider/demo/images/banneraccionpopularcrr68.jpg HTTP/1.1" 200 51887
191.95.172.62 - - [13/Apr/2022:02:30:51 -0500] "GET /galeria/nivo-slider/demo/images/banneraccionpopular.jpeg HTTP/1.1" 200 41707
191.95.172.62 - - [13/Apr/2022:02:30:51 -0500] "GET /galeria/nivo-slider/demo/images/bannerclases2021.jpg HTTP/1.1" 200 68230
191.95.172.62 - - [13/Apr/2022:02:30:51 -0500] "GET /galeria/nivo-slider/demo/images/bannercapacitacionesbogota.jpg HTTP/1.1" 200 42416
191.95.172.62 - - [13/Apr/2022:02:30:51 -0500] "GET /galeria/nivo-slider/demo/images/Bannerenvases.jpg HTTP/1.1" 200 37316
191.95.172.62 - - [13/Apr/2022:02:30:51 -0500] "GET /galeria/nivo-slider/demo/images/Bannervirtualescanales.jpg HTTP/1.1" 200 174544
191.95.172.62 - - [13/Apr/2022:02:30:51 -0500] "GET /galeria/nivo-slider/demo/images/4Simple_Slider.png HTTP/1.1" 200 11722
191.95.172.62 - - [13/Apr/2022:02:30:51 -0500] "GET /galeria/nivo-slider/themes/default/loading.gif HTTP/1.1" 200 1737
172.22.2.4 - - [13/Apr/2022:02:29:12 -0500] "HEAD /BLA/boletinlegal/ HTTP/1.1" 200 -
191.95.172.62 - - [13/Apr/2022:02:30:52 -0500] "GET /galeria/nivo-slider/themes/default/arrows.png HTTP/1.1" 200 824
191.95.172.62 - - [13/Apr/2022:02:30:52 -0500] "GET /galeria/nivo-slider/themes/default/bullets.png HTTP/1.1" 200 1281
207.46.13.43 - - [13/Apr/2022:02:31:05 -0500] "GET /bla/resoluciones/resoluciones%202016/2500.pdf HTTP/1.1" 200 498136
172.22.2.4 - - [13/Apr/2022:02:30:02 -0500] "GET /BLA/boletinlegal/ HTTP/1.1" 200 55877
66.249.79.111 - - [13/Apr/2022:02:32:05 -0500] "-" 408 -
216.245.221.92 - - [13/Apr/2022:02:32:05 -0500] "HEAD / HTTP/1.1" 200 -
207.46.13.43 - - [13/Apr/2022:02:32:44 -0500] "GET /bla/resoluciones/resoluciones%202016/0605.pdf HTTP/1.1" 200 483924
35.204.219.20 - - [13/Apr/2022:02:32:59 -0500] "GET / HTTP/1.1" 200 319
201.245.192.253 - - [13/Apr/2022:02:32:41 -0500] "POST /kwsrmcab/Wsrmcab HTTP/1.1" 200 45289
207.46.13.43 - - [13/Apr/2022:02:33:43 -0500] "GET /appsia/controlador HTTP/1.1" 200 4799
20.36.244.102 - - [13/Apr/2022:02:33:25 -0500] "GET /noticias/rssambiente.php HTTP/1.1" 406 -
207.46.13.209 - - [13/Apr/2022:02:33:55 -0500] "GET /appsia/css/estilos.css HTTP/1.1" 200 4804
40.77.167.46 - - [13/Apr/2022:02:34:02 -0500] "GET /appsia/scripts/validarIngreso.js HTTP/1.1" 200 851
201.245.192.253 - - [13/Apr/2022:02:33:25 -0500] "POST /kwsrmcab/Wsrmcab HTTP/1.1" 200 42324
172.22.2.4 - - [13/Apr/2022:02:34:46 -0500] "GET /BLA/boletinlegal/ HTTP/1.1" 200 32715
172.22.2.4 - - [13/Apr/2022:02:35:02 -0500] "GET /BLA/boletinlegal/ HTTP/1.1" 200 32715
172.22.2.4 - - [13/Apr/2022:02:35:13 -0500] "OPTIONS /BLA/boletinlegal/ HTTP/1.1" 200 24523
172.22.2.4 - - [13/Apr/2022:02:35:02 -0500] "HEAD /BLA/boletinlegal/ HTTP/1.1" 200 -
216.245.221.92 - - [13/Apr/2022:02:37:05 -0500] "HEAD / HTTP/1.1" 200 -
172.22.2.4 - - [13/Apr/2022:02:35:52 -0500] "GET /BLA/boletinlegal/ HTTP/1.1" 200 58006
66.249.79.111 - - [13/Apr/2022:02:38:27 -0500] "-" 408 -
216.245.221.92 - - [13/Apr/2022:02:42:05 -0500] "HEAD / HTTP/1.1" 200 -
194.31.98.165 - - [13/Apr/2022:02:42:28 -0500] "HEAD / HTTP/1.0" 200 -
172.22.2.4 - - [13/Apr/2022:02:40:52 -0500] "HEAD /BLA/boletinlegal/ HTTP/1.1" 200 -
172.22.2.4 - - [13/Apr/2022:02:41:42 -0500] "GET /BLA/boletinlegal/ HTTP/1.1" 200 56300
201.245.192.253 - - [13/Apr/2022:02:42:41 -0500] "POST /kwsrmcab/Wsrmcab HTTP/1.1" 200 45289
201.245.192.253 - - [13/Apr/2022:02:43:26 -0500] "POST /kwsrmcab/Wsrmcab HTTP/1.1" 200 42324
66.249.79.111 - - [13/Apr/2022:02:44:38 -0500] "-" 408 -
216.245.221.92 - - [13/Apr/2022:02:47:05 -0500] "HEAD / HTTP/1.1" 200 -
172.22.2.4 - - [13/Apr/2022:02:46:42 -0500] "HEAD /BLA/boletinlegal/ HTTP/1.1" 200 -
172.22.2.4 - - [13/Apr/2022:02:47:32 -0500] "GET /BLA/boletinlegal/ HTTP/1.1" 200 58006
207.46.13.157 - - [13/Apr/2022:02:49:13 -0500] "GET /bla/resoluciones/resoluciones%202016/1573.pdf HTTP/1.1" 200 663405
66.249.79.111 - - [13/Apr/2022:02:50:23 -0500] "-" 408 -
45.155.204.146 - - [13/Apr/2022:02:51:47 -0500] "GET /solr/admin/info/system?wt=json HTTP/1.1" 404 1018
216.245.221.92 - - [13/Apr/2022:02:52:05 -0500] "HEAD / HTTP/1.1" 200 -
172.22.2.4 - - [13/Apr/2022:02:52:32 -0500] "HEAD /BLA/boletinlegal/ HTTP/1.1" 200 -
172.22.2.4 - - [13/Apr/2022:02:53:23 -0500] "GET /BLA/boletinlegal/ HTTP/1.1" 200 59170
66.249.79.111 - - [13/Apr/2022:02:56:07 -0500] "-" 408 -
216.245.221.92 - - [13/Apr/2022:02:57:05 -0500] "HEAD / HTTP/1.1" 200 -
194.93.0.40 - - [13/Apr/2022:02:59:17 -0500] "-" 408 -
172.22.2.4 - - [13/Apr/2022:02:58:22 -0500] "HEAD /BLA/boletinlegal/ HTTP/1.1" 200 -
172.22.2.4 - - [13/Apr/2022:02:59:12 -0500] "GET /BLA/boletinlegal/ HTTP/1.1" 200 60932
216.245.221.92 - - [13/Apr/2022:03:02:05 -0500] "HEAD / HTTP/1.1" 200 -
66.249.79.111 - - [13/Apr/2022:03:02:16 -0500] "-" 408 -
66.249.79.121 - - [13/Apr/2022:03:02:56 -0500] "-" 408 -
40.77.167.46 - - [13/Apr/2022:03:02:56 -0500] "GET /bla/resoluciones/resoluciones%202016/0925.pdf HTTP/1.1" 200 340347
207.46.13.179 - - [13/Apr/2022:03:04:37 -0500] "GET /Publicaciones/2022EE28381.pdf HTTP/1.1" 404 227
45.155.204.146 - - [13/Apr/2022:03:05:47 -0500] "GET /index.php?s=/Index/\\think\\app/invokefunction&function=call_user_func_array&vars[0]=md5&vars[1][]=HelloThinkPHP21 HTTP/1.1" 404 1018
172.22.2.4 - - [13/Apr/2022:03:04:12 -0500] "HEAD /BLA/boletinlegal/ HTTP/1.1" 200 -
