181.61.164.108 - - [13/Apr/2022:10:27:16 -0500] "GET /BLA/resoluciones/RESOLUCIONES%202005/RES%202005%20201-250/00000208.tif HTTP/1.1" 200 209438
181.61.164.108 - - [13/Apr/2022:10:27:17 -0500] "GET /BLA/resoluciones/RESOLUCIONES%202005/RES%202005%20201-250/00000209.tif HTTP/1.1" 200 134200
181.61.164.108 - - [13/Apr/2022:10:27:18 -0500] "GET /BLA/resoluciones/RESOLUCIONES%202005/RES%202005%20201-250/00000210.tif HTTP/1.1" 200 126378
191.95.134.236 - - [13/Apr/2022:10:27:18 -0500] "POST /forms/lservlet;jsessionid=ac16012b30d6532c3f7e73624a11a4a9a72c2f6d7170.e3iSbxaKaheRe3iOaNeTahmObO1ynknvrkLOlQzNp65In0 HTTP/1.1" 200 2
181.61.164.108 - - [13/Apr/2022:10:27:19 -0500] "GET /BLA/resoluciones/RESOLUCIONES%202005/RES%202005%20201-250/00000211.tif HTTP/1.1" 200 126712
191.95.134.236 - - [13/Apr/2022:10:27:18 -0500] "POST /forms/lservlet;jsessionid=ac16012b30d6532c3f7e73624a11a4a9a72c2f6d7170.e3iSbxaKaheRe3iOaNeTahmObO1ynknvrkLOlQzNp65In0 HTTP/1.1" 200 14
181.61.164.108 - - [13/Apr/2022:10:27:19 -0500] "GET /BLA/resoluciones/RESOLUCIONES%202005/RES%202005%20201-250/00000212.tif HTTP/1.1" 200 238404
181.61.164.108 - - [13/Apr/2022:10:27:20 -0500] "GET /BLA/resoluciones/RESOLUCIONES%202005/RES%202005%20201-250/00000213.tif HTTP/1.1" 200 150502
191.95.134.236 - - [13/Apr/2022:10:27:20 -0500] "POST /forms/lservlet;jsessionid=ac16012b30d6532c3f7e73624a11a4a9a72c2f6d7170.e3iSbxaKaheRe3iOaNeTahmObO1ynknvrkLOlQzNp65In0 HTTP/1.1" 200 14
181.61.164.108 - - [13/Apr/2022:10:27:21 -0500] "GET /BLA/resoluciones/RESOLUCIONES%202005/RES%202005%20201-250/00000214.tif HTTP/1.1" 200 183600
181.61.164.108 - - [13/Apr/2022:10:27:22 -0500] "GET /BLA/resoluciones/RESOLUCIONES%202005/RES%202005%20201-250/00000215.tif HTTP/1.1" 200 759370
191.95.134.236 - - [13/Apr/2022:10:27:21 -0500] "POST /forms/lservlet;jsessionid=ac16012b30d6532c3f7e73624a11a4a9a72c2f6d7170.e3iSbxaKaheRe3iOaNeTahmObO1ynknvrkLOlQzNp65In0 HTTP/1.1" 200 14
181.61.164.108 - - [13/Apr/2022:10:27:22 -0500] "GET /BLA/resoluciones/RESOLUCIONES%202005/RES%202005%20201-250/00000216.tif HTTP/1.1" 200 147918
181.61.164.108 - - [13/Apr/2022:10:27:23 -0500] "GET /BLA/resoluciones/RESOLUCIONES%202005/RES%202005%20201-250/00000217.tif HTTP/1.1" 200 248930
191.95.134.236 - - [13/Apr/2022:10:27:22 -0500] "POST /forms/lservlet;jsessionid=ac16012b30d6532c3f7e73624a11a4a9a72c2f6d7170.e3iSbxaKaheRe3iOaNeTahmObO1ynknvrkLOlQzNp65In0 HTTP/1.1" 200 14
181.61.164.108 - - [13/Apr/2022:10:27:24 -0500] "GET /BLA/resoluciones/RESOLUCIONES%202005/RES%202005%20201-250/00000218.tif HTTP/1.1" 200 43802
181.61.164.108 - - [13/Apr/2022:10:27:24 -0500] "GET /BLA/resoluciones/RESOLUCIONES%202005/RES%202005%20201-250/00000219.tif HTTP/1.1" 200 91398
181.61.164.108 - - [13/Apr/2022:10:27:25 -0500] "GET /BLA/resoluciones/RESOLUCIONES%202005/RES%202005%20201-250/00000220.tif HTTP/1.1" 200 752188
191.95.134.236 - - [13/Apr/2022:10:27:24 -0500] "POST /forms/lservlet;jsessionid=ac16012b30d6532c3f7e73624a11a4a9a72c2f6d7170.e3iSbxaKaheRe3iOaNeTahmObO1ynknvrkLOlQzNp65In0 HTTP/1.1" 200 15
181.61.164.108 - - [13/Apr/2022:10:27:26 -0500] "GET /BLA/resoluciones/RESOLUCIONES%202005/RES%202005%20201-250/00000221.tif HTTP/1.1" 200 46318
181.61.164.108 - - [13/Apr/2022:10:27:27 -0500] "GET /BLA/resoluciones/RESOLUCIONES%202005/RES%202005%20201-250/00000222.tif HTTP/1.1" 200 48854
191.95.134.236 - - [13/Apr/2022:10:27:27 -0500] "POST /forms/lservlet;jsessionid=ac16012b30d6532c3f7e73624a11a4a9a72c2f6d7170.e3iSbxaKaheRe3iOaNeTahmObO1ynknvrkLOlQzNp65In0 HTTP/1.1" 200 106
191.95.134.236 - - [13/Apr/2022:10:27:27 -0500] "POST /forms/lservlet;jsessionid=ac16012b30d6532c3f7e73624a11a4a9a72c2f6d7170.e3iSbxaKaheRe3iOaNeTahmObO1ynknvrkLOlQzNp65In0 HTTP/1.1" 200 2
181.61.164.108 - - [13/Apr/2022:10:27:27 -0500] "GET /BLA/resoluciones/RESOLUCIONES%202005/RES%202005%20201-250/00000223.tif HTTP/1.1" 200 233226
191.95.134.236 - - [13/Apr/2022:10:27:27 -0500] "GET /reports/rwservlet/getjobid74861?server=repnomi HTTP/1.1" 200 48165
181.61.164.108 - - [13/Apr/2022:10:27:28 -0500] "GET /BLA/resoluciones/RESOLUCIONES%202005/RES%202005%20201-250/00000224.tif HTTP/1.1" 200 146694
181.61.164.108 - - [13/Apr/2022:10:27:29 -0500] "GET /BLA/resoluciones/RESOLUCIONES%202005/RES%202005%20201-250/00000225.tif HTTP/1.1" 200 123696
181.61.164.108 - - [13/Apr/2022:10:27:31 -0500] "GET /BLA/resoluciones/RESOLUCIONES%202005/RES%202005%20201-250/00000226.tif HTTP/1.1" 200 123250
191.95.134.236 - - [13/Apr/2022:10:27:31 -0500] "POST /forms/lservlet;jsessionid=ac16012b30d6532c3f7e73624a11a4a9a72c2f6d7170.e3iSbxaKaheRe3iOaNeTahmObO1ynknvrkLOlQzNp65In0 HTTP/1.1" 200 2
191.95.134.236 - - [13/Apr/2022:10:27:31 -0500] "POST /forms/lservlet;jsessionid=ac16012b30d6532c3f7e73624a11a4a9a72c2f6d7170.e3iSbxaKaheRe3iOaNeTahmObO1ynknvrkLOlQzNp65In0 HTTP/1.1" 200 14
191.95.134.236 - - [13/Apr/2022:10:27:32 -0500] "POST /forms/lservlet;jsessionid=ac16012b30d6532c3f7e73624a11a4a9a72c2f6d7170.e3iSbxaKaheRe3iOaNeTahmObO1ynknvrkLOlQzNp65In0 HTTP/1.1" 200 14
181.61.164.108 - - [13/Apr/2022:10:27:34 -0500] "GET /BLA/resoluciones/RESOLUCIONES%202005/RES%202005%20201-250/00000227.tif HTTP/1.1" 200 116748
181.61.164.108 - - [13/Apr/2022:10:27:34 -0500] "GET /BLA/resoluciones/RESOLUCIONES%202005/RES%202005%20201-250/00000228.tif HTTP/1.1" 200 118672
191.95.134.236 - - [13/Apr/2022:10:27:34 -0500] "POST /forms/lservlet;jsessionid=ac16012b30d6532c3f7e73624a11a4a9a72c2f6d7170.e3iSbxaKaheRe3iOaNeTahmObO1ynknvrkLOlQzNp65In0 HTTP/1.1" 200 14
181.61.164.108 - - [13/Apr/2022:10:27:35 -0500] "GET /BLA/resoluciones/RESOLUCIONES%202005/RES%202005%20201-250/00000229.tif HTTP/1.1" 200 129106
181.61.164.108 - - [13/Apr/2022:10:27:36 -0500] "GET /BLA/resoluciones/RESOLUCIONES%202005/RES%202005%20201-250/00000230.tif HTTP/1.1" 200 123800
191.95.134.236 - - [13/Apr/2022:10:27:35 -0500] "POST /forms/lservlet;jsessionid=ac16012b30d6532c3f7e73624a11a4a9a72c2f6d7170.e3iSbxaKaheRe3iOaNeTahmObO1ynknvrkLOlQzNp65In0 HTTP/1.1" 200 14
181.61.164.108 - - [13/Apr/2022:10:27:36 -0500] "GET /BLA/resoluciones/RESOLUCIONES%202005/RES%202005%20201-250/00000231.tif HTTP/1.1" 200 128960
181.61.164.108 - - [13/Apr/2022:10:27:37 -0500] "GET /BLA/resoluciones/RESOLUCIONES%202005/RES%202005%20201-250/00000232.tif HTTP/1.1" 200 114398
181.61.164.108 - - [13/Apr/2022:10:27:38 -0500] "GET /BLA/resoluciones/RESOLUCIONES%202005/RES%202005%20201-250/00000233.tif HTTP/1.1" 200 122250
191.95.134.236 - - [13/Apr/2022:10:27:37 -0500] "POST /forms/lservlet;jsessionid=ac16012b30d6532c3f7e73624a11a4a9a72c2f6d7170.e3iSbxaKaheRe3iOaNeTahmObO1ynknvrkLOlQzNp65In0 HTTP/1.1" 200 15
181.61.164.108 - - [13/Apr/2022:10:27:38 -0500] "GET /BLA/resoluciones/RESOLUCIONES%202005/RES%202005%20201-250/00000234.tif HTTP/1.1" 200 120534
191.95.134.236 - - [13/Apr/2022:10:27:40 -0500] "POST /forms/lservlet;jsessionid=ac16012b30d6532c3f7e73624a11a4a9a72c2f6d7170.e3iSbxaKaheRe3iOaNeTahmObO1ynknvrkLOlQzNp65In0 HTTP/1.1" 200 110
191.95.134.236 - - [13/Apr/2022:10:27:40 -0500] "POST /forms/lservlet;jsessionid=ac16012b30d6532c3f7e73624a11a4a9a72c2f6d7170.e3iSbxaKaheRe3iOaNeTahmObO1ynknvrkLOlQzNp65In0 HTTP/1.1" 200 2
181.61.164.108 - - [13/Apr/2022:10:27:40 -0500] "GET /BLA/resoluciones/RESOLUCIONES%202005/RES%202005%20201-250/00000235.tif HTTP/1.1" 200 106654
191.95.134.236 - - [13/Apr/2022:10:27:40 -0500] "GET /reports/rwservlet/getjobid74862?server=repnomi HTTP/1.1" 200 48165
181.61.164.108 - - [13/Apr/2022:10:27:41 -0500] "GET /BLA/resoluciones/RESOLUCIONES%202005/RES%202005%20201-250/00000236.tif HTTP/1.1" 200 119168
181.61.164.108 - - [13/Apr/2022:10:27:42 -0500] "GET /BLA/resoluciones/RESOLUCIONES%202005/RES%202005%20201-250/00000237.tif HTTP/1.1" 200 115430
181.61.164.108 - - [13/Apr/2022:10:27:42 -0500] "GET /BLA/resoluciones/RESOLUCIONES%202005/RES%202005%20201-250/00000238.tif HTTP/1.1" 200 118774
181.61.164.108 - - [13/Apr/2022:10:27:44 -0500] "GET /BLA/resoluciones/RESOLUCIONES%202005/RES%202005%20201-250/00000239.tif HTTP/1.1" 200 117980
181.61.164.108 - - [13/Apr/2022:10:27:52 -0500] "GET /BLA/resoluciones/RESOLUCIONES%202005/RES%202005%20201-250/00000240.tif HTTP/1.1" 200 120970
181.61.164.108 - - [13/Apr/2022:10:27:55 -0500] "GET /BLA/resoluciones/RESOLUCIONES%202005/RES%202005%20201-250/00000241.tif HTTP/1.1" 200 125286
181.61.164.108 - - [13/Apr/2022:10:27:56 -0500] "GET /BLA/resoluciones/RESOLUCIONES%202005/RES%202005%20201-250/00000242.tif HTTP/1.1" 200 125424
181.61.164.108 - - [13/Apr/2022:10:27:57 -0500] "GET /BLA/resoluciones/RESOLUCIONES%202005/RES%202005%20201-250/00000243.tif HTTP/1.1" 200 108360
181.61.164.108 - - [13/Apr/2022:10:27:58 -0500] "GET /BLA/resoluciones/RESOLUCIONES%202005/RES%202005%20201-250/00000244.tif HTTP/1.1" 200 121292
181.61.164.108 - - [13/Apr/2022:10:27:59 -0500] "GET /BLA/resoluciones/RESOLUCIONES%202005/RES%202005%20201-250/00000245.tif HTTP/1.1" 200 121286
181.61.164.108 - - [13/Apr/2022:10:28:00 -0500] "GET /BLA/resoluciones/RESOLUCIONES%202005/RES%202005%20201-250/00000246.tif HTTP/1.1" 200 116628
181.61.164.108 - - [13/Apr/2022:10:28:02 -0500] "GET /BLA/resoluciones/RESOLUCIONES%202005/RES%202005%20201-250/00000247.tif HTTP/1.1" 200 124710
181.61.164.108 - - [13/Apr/2022:10:28:02 -0500] "GET /BLA/resoluciones/RESOLUCIONES%202005/RES%202005%20201-250/00000248.tif HTTP/1.1" 200 130274
181.61.164.108 - - [13/Apr/2022:10:28:03 -0500] "GET /BLA/resoluciones/RESOLUCIONES%202005/RES%202005%20201-250/00000249.tif HTTP/1.1" 200 127448
181.61.164.108 - - [13/Apr/2022:10:28:04 -0500] "GET /BLA/resoluciones/RESOLUCIONES%202005/RES%202005%20201-250/00000250.tif HTTP/1.1" 200 131498
181.61.164.108 - - [13/Apr/2022:10:28:08 -0500] "GET /BLA/resoluciones/index.php?dir=RESOLUCIONES+2005%2FRES+2005+251-300%2F HTTP/1.1" 200 12254
181.61.164.108 - - [13/Apr/2022:10:28:09 -0500] "GET /BLA/resoluciones/RESOLUCIONES%202005/RES%202005%20251-300/00000251.tif HTTP/1.1" 200 127364
181.61.164.108 - - [13/Apr/2022:10:28:10 -0500] "GET /BLA/resoluciones/RESOLUCIONES%202005/RES%202005%20251-300/00000252.tif HTTP/1.1" 200 124050
181.61.164.108 - - [13/Apr/2022:10:28:11 -0500] "GET /BLA/resoluciones/RESOLUCIONES%202005/RES%202005%20251-300/00000253.tif HTTP/1.1" 200 116926
181.61.164.108 - - [13/Apr/2022:10:28:14 -0500] "GET /BLA/resoluciones/RESOLUCIONES%202005/RES%202005%20251-300/00000254.tif HTTP/1.1" 200 135584
181.61.164.108 - - [13/Apr/2022:10:28:15 -0500] "GET /BLA/resoluciones/RESOLUCIONES%202005/RES%202005%20251-300/00000255.tif HTTP/1.1" 200 121170
181.61.164.108 - - [13/Apr/2022:10:28:16 -0500] "GET /BLA/resoluciones/RESOLUCIONES%202005/RES%202005%20251-300/00000256.tif HTTP/1.1" 200 130816
181.61.164.108 - - [13/Apr/2022:10:28:17 -0500] "GET /BLA/resoluciones/RESOLUCIONES%202005/RES%202005%20251-300/00000257.tif HTTP/1.1" 200 110566
181.61.164.108 - - [13/Apr/2022:10:28:18 -0500] "GET /BLA/resoluciones/RESOLUCIONES%202005/RES%202005%20251-300/00000258.tif HTTP/1.1" 200 122344
181.61.164.108 - - [13/Apr/2022:10:28:19 -0500] "GET /BLA/resoluciones/RESOLUCIONES%202005/RES%202005%20251-300/00000259.tif HTTP/1.1" 200 119262
181.61.164.108 - - [13/Apr/2022:10:28:20 -0500] "GET /BLA/resoluciones/RESOLUCIONES%202005/RES%202005%20251-300/00000260.tif HTTP/1.1" 200 122156
181.61.164.108 - - [13/Apr/2022:10:28:21 -0500] "GET /BLA/resoluciones/RESOLUCIONES%202005/RES%202005%20251-300/00000261.tif HTTP/1.1" 200 124398
181.61.164.108 - - [13/Apr/2022:10:28:22 -0500] "GET /BLA/resoluciones/RESOLUCIONES%202005/RES%202005%20251-300/00000262.tif HTTP/1.1" 200 122160
181.61.164.108 - - [13/Apr/2022:10:28:24 -0500] "GET /BLA/resoluciones/RESOLUCIONES%202005/RES%202005%20251-300/00000263.tif HTTP/1.1" 200 115868
181.61.164.108 - - [13/Apr/2022:10:28:25 -0500] "GET /BLA/resoluciones/RESOLUCIONES%202005/RES%202005%20251-300/00000264.tif HTTP/1.1" 200 114300
181.61.164.108 - - [13/Apr/2022:10:28:25 -0500] "GET /BLA/resoluciones/RESOLUCIONES%202005/RES%202005%20251-300/00000265.tif HTTP/1.1" 200 115644
181.61.164.108 - - [13/Apr/2022:10:28:26 -0500] "GET /BLA/resoluciones/RESOLUCIONES%202005/RES%202005%20251-300/00000266.tif HTTP/1.1" 200 119838
181.61.164.108 - - [13/Apr/2022:10:28:27 -0500] "GET /BLA/resoluciones/RESOLUCIONES%202005/RES%202005%20251-300/00000267.tif HTTP/1.1" 200 124452
181.61.164.108 - - [13/Apr/2022:10:28:28 -0500] "GET /BLA/resoluciones/RESOLUCIONES%202005/RES%202005%20251-300/00000268.tif HTTP/1.1" 200 124290
181.61.164.108 - - [13/Apr/2022:10:28:29 -0500] "GET /BLA/resoluciones/RESOLUCIONES%202005/RES%202005%20251-300/00000269.tif HTTP/1.1" 200 127414
181.61.164.108 - - [13/Apr/2022:10:28:29 -0500] "GET /BLA/resoluciones/RESOLUCIONES%202005/RES%202005%20251-300/00000270.tif HTTP/1.1" 200 119084
181.61.164.108 - - [13/Apr/2022:10:28:30 -0500] "GET /BLA/resoluciones/RESOLUCIONES%202005/RES%202005%20251-300/00000271.tif HTTP/1.1" 200 121612
181.61.164.108 - - [13/Apr/2022:10:28:31 -0500] "GET /BLA/resoluciones/RESOLUCIONES%202005/RES%202005%20251-300/00000272.tif HTTP/1.1" 200 131026
181.61.164.108 - - [13/Apr/2022:10:28:32 -0500] "GET /BLA/resoluciones/RESOLUCIONES%202005/RES%202005%20251-300/00000273.tif HTTP/1.1" 200 129744
181.61.164.108 - - [13/Apr/2022:10:28:32 -0500] "GET /BLA/resoluciones/RESOLUCIONES%202005/RES%202005%20251-300/00000274.tif HTTP/1.1" 200 119568
181.61.164.108 - - [13/Apr/2022:10:28:33 -0500] "GET /BLA/resoluciones/RESOLUCIONES%202005/RES%202005%20251-300/00000275.tif HTTP/1.1" 200 120318
181.61.164.108 - - [13/Apr/2022:10:28:36 -0500] "GET /BLA/resoluciones/RESOLUCIONES%202005/RES%202005%20251-300/00000276.tif HTTP/1.1" 200 116664
181.61.164.108 - - [13/Apr/2022:10:28:36 -0500] "GET /BLA/resoluciones/RESOLUCIONES%202005/RES%202005%20251-300/00000277.tif HTTP/1.1" 200 119068
191.95.134.236 - - [13/Apr/2022:10:28:37 -0500] "POST /forms/lservlet;jsessionid=ac16012b30d6532c3f7e73624a11a4a9a72c2f6d7170.e3iSbxaKaheRe3iOaNeTahmObO1ynknvrkLOlQzNp65In0 HTTP/1.1" 200 2
181.61.164.108 - - [13/Apr/2022:10:28:37 -0500] "GET /BLA/resoluciones/RESOLUCIONES%202005/RES%202005%20251-300/00000278.tif HTTP/1.1" 200 115668
181.61.164.108 - - [13/Apr/2022:10:28:38 -0500] "GET /BLA/resoluciones/RESOLUCIONES%202005/RES%202005%20251-300/00000279.tif HTTP/1.1" 200 140206
191.95.134.236 - - [13/Apr/2022:10:28:37 -0500] "POST /forms/lservlet;jsessionid=ac16012b30d6532c3f7e73624a11a4a9a72c2f6d7170.e3iSbxaKaheRe3iOaNeTahmObO1ynknvrkLOlQzNp65In0 HTTP/1.1" 200 14
181.61.164.108 - - [13/Apr/2022:10:28:39 -0500] "GET /BLA/resoluciones/RESOLUCIONES%202005/RES%202005%20251-300/00000280.tif HTTP/1.1" 200 127834
191.95.134.236 - - [13/Apr/2022:10:28:38 -0500] "POST /forms/lservlet;jsessionid=ac16012b30d6532c3f7e73624a11a4a9a72c2f6d7170.e3iSbxaKaheRe3iOaNeTahmObO1ynknvrkLOlQzNp65In0 HTTP/1.1" 200 107
191.95.134.236 - - [13/Apr/2022:10:28:39 -0500] "POST /forms/lservlet;jsessionid=ac16012b30d6532c3f7e73624a11a4a9a72c2f6d7170.e3iSbxaKaheRe3iOaNeTahmObO1ynknvrkLOlQzNp65In0 HTTP/1.1" 200 2
181.61.164.108 - - [13/Apr/2022:10:28:39 -0500] "GET /BLA/resoluciones/RESOLUCIONES%202005/RES%202005%20251-300/00000281.tif HTTP/1.1" 200 117370
191.95.134.236 - - [13/Apr/2022:10:28:39 -0500] "GET /reports/rwservlet/getjobid74863?server=repnomi HTTP/1.1" 200 47542
181.61.164.108 - - [13/Apr/2022:10:28:40 -0500] "GET /BLA/resoluciones/RESOLUCIONES%202005/RES%202005%20251-300/00000282.tif HTTP/1.1" 200 123580
181.61.164.108 - - [13/Apr/2022:10:28:41 -0500] "GET /BLA/resoluciones/RESOLUCIONES%202005/RES%202005%20251-300/00000283.tif HTTP/1.1" 200 114418
181.61.164.108 - - [13/Apr/2022:10:28:41 -0500] "GET /BLA/resoluciones/RESOLUCIONES%202005/RES%202005%20251-300/00000284.tif HTTP/1.1" 200 114790
181.61.164.108 - - [13/Apr/2022:10:28:42 -0500] "GET /BLA/resoluciones/RESOLUCIONES%202005/RES%202005%20251-300/00000285.tif HTTP/1.1" 200 125976
181.61.164.108 - - [13/Apr/2022:10:28:43 -0500] "GET /BLA/resoluciones/RESOLUCIONES%202005/RES%202005%20251-300/00000286.tif HTTP/1.1" 200 122890
190.145.171.228 - - [13/Apr/2022:10:28:43 -0500] "GET /BLA/resoluciones/ HTTP/1.1" 200 13093
181.61.164.108 - - [13/Apr/2022:10:28:44 -0500] "GET /BLA/resoluciones/RESOLUCIONES%202005/RES%202005%20251-300/00000287.tif HTTP/1.1" 200 125910
181.61.164.108 - - [13/Apr/2022:10:28:44 -0500] "GET /BLA/resoluciones/RESOLUCIONES%202005/RES%202005%20251-300/00000288.tif HTTP/1.1" 200 142960
181.61.164.108 - - [13/Apr/2022:10:28:45 -0500] "GET /BLA/resoluciones/RESOLUCIONES%202005/RES%202005%20251-300/00000289.tif HTTP/1.1" 200 123196
181.61.164.108 - - [13/Apr/2022:10:28:46 -0500] "GET /BLA/resoluciones/RESOLUCIONES%202005/RES%202005%20251-300/00000290.tif HTTP/1.1" 200 113482
181.61.164.108 - - [13/Apr/2022:10:28:48 -0500] "GET /BLA/resoluciones/RESOLUCIONES%202005/RES%202005%20251-300/00000291.tif HTTP/1.1" 200 129092
181.61.164.108 - - [13/Apr/2022:10:28:49 -0500] "GET /BLA/resoluciones/RESOLUCIONES%202005/RES%202005%20251-300/00000292.tif HTTP/1.1" 200 124318
181.61.164.108 - - [13/Apr/2022:10:28:49 -0500] "GET /BLA/resoluciones/RESOLUCIONES%202005/RES%202005%20251-300/00000293.tif HTTP/1.1" 200 137818
181.61.164.108 - - [13/Apr/2022:10:28:50 -0500] "GET /BLA/resoluciones/RESOLUCIONES%202005/RES%202005%20251-300/00000294.tif HTTP/1.1" 200 128030
181.61.164.108 - - [13/Apr/2022:10:28:51 -0500] "GET /BLA/resoluciones/RESOLUCIONES%202005/RES%202005%20251-300/00000295.tif HTTP/1.1" 200 131162
181.61.164.108 - - [13/Apr/2022:10:28:51 -0500] "GET /BLA/resoluciones/RESOLUCIONES%202005/RES%202005%20251-300/00000296.tif HTTP/1.1" 200 118140
181.61.164.108 - - [13/Apr/2022:10:28:52 -0500] "GET /BLA/resoluciones/RESOLUCIONES%202005/RES%202005%20251-300/00000297.tif HTTP/1.1" 200 118002
181.61.164.108 - - [13/Apr/2022:10:28:53 -0500] "GET /BLA/resoluciones/RESOLUCIONES%202005/RES%202005%20251-300/00000298.tif HTTP/1.1" 200 118750
181.61.164.108 - - [13/Apr/2022:10:28:53 -0500] "GET /BLA/resoluciones/RESOLUCIONES%202005/RES%202005%20251-300/00000299.tif HTTP/1.1" 200 134328
181.61.164.108 - - [13/Apr/2022:10:28:54 -0500] "GET /BLA/resoluciones/RESOLUCIONES%202005/RES%202005%20251-300/00000300.tif HTTP/1.1" 200 143040
181.61.164.108 - - [13/Apr/2022:10:29:02 -0500] "GET /BLA/resoluciones/index.php?dir=RESOLUCIONES+2005%2FRES+2005+301-351%2F HTTP/1.1" 200 12252
181.61.164.108 - - [13/Apr/2022:10:29:03 -0500] "GET /BLA/resoluciones/RESOLUCIONES%202005/RES%202005%20301-351/00000301.tif HTTP/1.1" 200 127870
181.61.164.108 - - [13/Apr/2022:10:29:04 -0500] "GET /BLA/resoluciones/RESOLUCIONES%202005/RES%202005%20301-351/00000302.tif HTTP/1.1" 200 122222
181.61.164.108 - - [13/Apr/2022:10:29:04 -0500] "GET /BLA/resoluciones/RESOLUCIONES%202005/RES%202005%20301-351/00000303.tif HTTP/1.1" 200 132740
181.61.164.108 - - [13/Apr/2022:10:29:05 -0500] "GET /BLA/resoluciones/RESOLUCIONES%202005/RES%202005%20301-351/00000304.tif HTTP/1.1" 200 273212
181.61.164.108 - - [13/Apr/2022:10:29:06 -0500] "GET /BLA/resoluciones/RESOLUCIONES%202005/RES%202005%20301-351/00000305.tif HTTP/1.1" 200 244964
181.61.164.108 - - [13/Apr/2022:10:29:06 -0500] "GET /BLA/resoluciones/RESOLUCIONES%202005/RES%202005%20301-351/00000306.tif HTTP/1.1" 200 40652
181.61.164.108 - - [13/Apr/2022:10:29:07 -0500] "GET /BLA/resoluciones/RESOLUCIONES%202005/RES%202005%20301-351/00000307.tif HTTP/1.1" 200 52220
181.61.164.108 - - [13/Apr/2022:10:29:08 -0500] "GET /BLA/resoluciones/RESOLUCIONES%202005/RES%202005%20301-351/00000308.tif HTTP/1.1" 200 164928
181.61.164.108 - - [13/Apr/2022:10:29:08 -0500] "GET /BLA/resoluciones/RESOLUCIONES%202005/RES%202005%20301-351/00000309.tif HTTP/1.1" 200 124278
181.61.164.108 - - [13/Apr/2022:10:29:10 -0500] "GET /BLA/resoluciones/RESOLUCIONES%202005/RES%202005%20301-351/00000310.tif HTTP/1.1" 200 155078
181.61.164.108 - - [13/Apr/2022:10:29:10 -0500] "GET /BLA/resoluciones/RESOLUCIONES%202005/RES%202005%20301-351/00000311.tif HTTP/1.1" 200 151164
186.82.224.192 - - [13/Apr/2022:10:29:10 -0500] "GET /en-semana-santa-jardin-botanico-una-opcion-vital-para-reconectarse-y-vivir-la-naturaleza.html HTTP/1.1" 200 1012
181.61.164.108 - - [13/Apr/2022:10:29:11 -0500] "GET /BLA/resoluciones/RESOLUCIONES%202005/RES%202005%20301-351/00000312.tif HTTP/1.1" 200 179794
181.61.164.108 - - [13/Apr/2022:10:29:12 -0500] "GET /BLA/resoluciones/RESOLUCIONES%202005/RES%202005%20301-351/00000313.tif HTTP/1.1" 200 189588
181.61.164.108 - - [13/Apr/2022:10:29:13 -0500] "GET /BLA/resoluciones/RESOLUCIONES%202005/RES%202005%20301-351/00000314.tif HTTP/1.1" 200 157176
181.61.164.108 - - [13/Apr/2022:10:29:14 -0500] "GET /BLA/resoluciones/RESOLUCIONES%202005/RES%202005%20301-351/00000315.tif HTTP/1.1" 200 152358
181.61.164.108 - - [13/Apr/2022:10:29:15 -0500] "GET /BLA/resoluciones/RESOLUCIONES%202005/RES%202005%20301-351/00000316.tif HTTP/1.1" 200 156722
181.61.164.108 - - [13/Apr/2022:10:29:15 -0500] "GET /BLA/resoluciones/RESOLUCIONES%202005/RES%202005%20301-351/00000317.tif HTTP/1.1" 200 167846
181.61.164.108 - - [13/Apr/2022:10:29:16 -0500] "GET /BLA/resoluciones/RESOLUCIONES%202005/RES%202005%20301-351/00000318.tif HTTP/1.1" 200 153552
181.61.164.108 - - [13/Apr/2022:10:29:17 -0500] "GET /BLA/resoluciones/RESOLUCIONES%202005/RES%202005%20301-351/00000319.tif HTTP/1.1" 200 157108
181.61.164.108 - - [13/Apr/2022:10:29:18 -0500] "GET /BLA/resoluciones/RESOLUCIONES%202005/RES%202005%20301-351/00000320.tif HTTP/1.1" 200 154412
181.61.164.108 - - [13/Apr/2022:10:29:18 -0500] "GET /BLA/resoluciones/RESOLUCIONES%202005/RES%202005%20301-351/00000321.tif HTTP/1.1" 200 156982
181.61.164.108 - - [13/Apr/2022:10:29:19 -0500] "GET /BLA/resoluciones/RESOLUCIONES%202005/RES%202005%20301-351/00000322.tif HTTP/1.1" 200 155618
181.61.164.108 - - [13/Apr/2022:10:29:20 -0500] "GET /BLA/resoluciones/RESOLUCIONES%202005/RES%202005%20301-351/00000323.tif HTTP/1.1" 200 154252
181.61.164.108 - - [13/Apr/2022:10:29:21 -0500] "GET /BLA/resoluciones/RESOLUCIONES%202005/RES%202005%20301-351/00000324.tif HTTP/1.1" 200 156750
181.61.164.108 - - [13/Apr/2022:10:29:22 -0500] "GET /BLA/resoluciones/RESOLUCIONES%202005/RES%202005%20301-351/00000325.tif HTTP/1.1" 200 155828
181.61.164.108 - - [13/Apr/2022:10:29:24 -0500] "GET /BLA/resoluciones/RESOLUCIONES%202005/RES%202005%20301-351/00000326.tif HTTP/1.1" 200 132948
181.61.164.108 - - [13/Apr/2022:10:29:25 -0500] "GET /BLA/resoluciones/RESOLUCIONES%202005/RES%202005%20301-351/00000327.tif HTTP/1.1" 200 198272
181.61.164.108 - - [13/Apr/2022:10:29:26 -0500] "GET /BLA/resoluciones/RESOLUCIONES%202005/RES%202005%20301-351/00000328.tif HTTP/1.1" 200 159144
181.61.164.108 - - [13/Apr/2022:10:29:27 -0500] "GET /BLA/resoluciones/RESOLUCIONES%202005/RES%202005%20301-351/00000329.tif HTTP/1.1" 200 117884
181.61.164.108 - - [13/Apr/2022:10:29:28 -0500] "GET /BLA/resoluciones/RESOLUCIONES%202005/RES%202005%20301-351/00000330.tif HTTP/1.1" 200 118500
181.61.164.108 - - [13/Apr/2022:10:29:28 -0500] "GET /BLA/resoluciones/RESOLUCIONES%202005/RES%202005%20301-351/00000331.tif HTTP/1.1" 200 163556
181.61.164.108 - - [13/Apr/2022:10:29:29 -0500] "GET /BLA/resoluciones/RESOLUCIONES%202005/RES%202005%20301-351/00000332.tif HTTP/1.1" 200 159098
181.61.164.108 - - [13/Apr/2022:10:29:30 -0500] "GET /BLA/resoluciones/RESOLUCIONES%202005/RES%202005%20301-351/00000333.tif HTTP/1.1" 200 168068
181.61.164.108 - - [13/Apr/2022:10:29:31 -0500] "GET /BLA/resoluciones/RESOLUCIONES%202005/RES%202005%20301-351/00000334.tif HTTP/1.1" 200 342244
181.61.164.108 - - [13/Apr/2022:10:29:32 -0500] "GET /BLA/resoluciones/RESOLUCIONES%202005/RES%202005%20301-351/00000335.tif HTTP/1.1" 200 237628
181.61.164.108 - - [13/Apr/2022:10:29:32 -0500] "GET /BLA/resoluciones/RESOLUCIONES%202005/RES%202005%20301-351/00000336.tif HTTP/1.1" 200 190100
181.61.164.108 - - [13/Apr/2022:10:29:33 -0500] "GET /BLA/resoluciones/RESOLUCIONES%202005/RES%202005%20301-351/00000337.tif HTTP/1.1" 200 322232
181.61.164.108 - - [13/Apr/2022:10:29:34 -0500] "GET /BLA/resoluciones/RESOLUCIONES%202005/RES%202005%20301-351/00000338.tif HTTP/1.1" 200 201172
181.61.164.108 - - [13/Apr/2022:10:29:35 -0500] "GET /BLA/resoluciones/RESOLUCIONES%202005/RES%202005%20301-351/00000339.tif HTTP/1.1" 200 255762
181.61.164.108 - - [13/Apr/2022:10:29:36 -0500] "GET /BLA/resoluciones/RESOLUCIONES%202005/RES%202005%20301-351/00000340.tif HTTP/1.1" 200 167210
181.61.164.108 - - [13/Apr/2022:10:29:37 -0500] "GET /BLA/resoluciones/RESOLUCIONES%202005/RES%202005%20301-351/00000341.tif HTTP/1.1" 200 133278
181.61.164.108 - - [13/Apr/2022:10:29:38 -0500] "GET /BLA/resoluciones/RESOLUCIONES%202005/RES%202005%20301-351/00000342.tif HTTP/1.1" 200 129022
181.61.164.108 - - [13/Apr/2022:10:29:38 -0500] "GET /BLA/resoluciones/RESOLUCIONES%202005/RES%202005%20301-351/00000343.tif HTTP/1.1" 200 136488
181.61.164.108 - - [13/Apr/2022:10:29:39 -0500] "GET /BLA/resoluciones/RESOLUCIONES%202005/RES%202005%20301-351/00000344.tif HTTP/1.1" 200 143618
181.61.164.108 - - [13/Apr/2022:10:29:40 -0500] "GET /BLA/resoluciones/RESOLUCIONES%202005/RES%202005%20301-351/00000345.tif HTTP/1.1" 200 144382
181.61.164.108 - - [13/Apr/2022:10:29:41 -0500] "GET /BLA/resoluciones/RESOLUCIONES%202005/RES%202005%20301-351/00000346.tif HTTP/1.1" 200 145556
181.61.164.108 - - [13/Apr/2022:10:29:41 -0500] "GET /BLA/resoluciones/RESOLUCIONES%202005/RES%202005%20301-351/00000347.tif HTTP/1.1" 200 149332
191.95.134.236 - - [13/Apr/2022:10:29:42 -0500] "POST /forms/lservlet;jsessionid=ac16012b30d6532c3f7e73624a11a4a9a72c2f6d7170.e3iSbxaKaheRe3iOaNeTahmObO1ynknvrkLOlQzNp65In0 HTTP/1.1" 200 2
181.61.164.108 - - [13/Apr/2022:10:29:42 -0500] "GET /BLA/resoluciones/RESOLUCIONES%202005/RES%202005%20301-351/00000348.tif HTTP/1.1" 200 138686
181.61.164.108 - - [13/Apr/2022:10:29:43 -0500] "GET /BLA/resoluciones/RESOLUCIONES%202005/RES%202005%20301-351/00000349.tif HTTP/1.1" 200 138766
181.61.164.108 - - [13/Apr/2022:10:29:44 -0500] "GET /BLA/resoluciones/RESOLUCIONES%202005/RES%202005%20301-351/00000350.tif HTTP/1.1" 200 131934
172.22.2.4 - - [13/Apr/2022:10:28:35 -0500] "HEAD /BLA/boletinlegal/ HTTP/1.1" 200 -
181.237.58.219 - - [13/Apr/2022:10:31:01 -0500] "GET /documents/10184/2325415/pieza-concurso-buenas-practicas-20-septiembre.jpg HTTP/1.1" 404 1132
172.22.2.4 - - [13/Apr/2022:10:29:25 -0500] "GET /BLA/boletinlegal/ HTTP/1.1" 200 61416
191.95.134.236 - - [13/Apr/2022:10:31:43 -0500] "POST /forms/lservlet;jsessionid=ac16012b30d6532c3f7e73624a11a4a9a72c2f6d7170.e3iSbxaKaheRe3iOaNeTahmObO1ynknvrkLOlQzNp65In0 HTTP/1.1" 200 2
216.245.221.92 - - [13/Apr/2022:10:32:04 -0500] "HEAD / HTTP/1.1" 200 -
172.22.2.4 - - [13/Apr/2022:10:32:21 -0500] "GET /BLA/boletinlegal/actos.php HTTP/1.1" 200 9559
186.82.224.192 - - [13/Apr/2022:10:32:22 -0500] "GET /documents/10184/2325415/pieza-concurso-buenas-practicas-20-septiembre.jpg HTTP/1.1" 404 1030
172.22.2.4 - - [13/Apr/2022:10:32:22 -0500] "GET /BLA/boletinlegal/favicon.ico HTTP/1.1" 404 1326
172.22.2.4 - - [13/Apr/2022:10:32:36 -0500] "GET /BLA/boletinlegal/consulta_actos.php?tipo=resoluciones&no=0208&usuario=&sector=&fecha=2000&resuelve= HTTP/1.1" 200 626
172.22.2.4 - - [13/Apr/2022:10:32:43 -0500] "GET /BLA/boletinlegal/consulta_actos.php?tipo=resoluciones&no=0789&usuario=&sector=&fecha=2000&resuelve= HTTP/1.1" 200 626
172.22.2.4 - - [13/Apr/2022:10:32:46 -0500] "GET /BLA/boletinlegal/consulta_actos.php?tipo=resoluciones&no=0789&usuario=&sector=&fecha=2000&resuelve= HTTP/1.1" 200 626
172.22.2.4 - - [13/Apr/2022:10:32:19 -0500] "GET /BLA/boletinlegal/ HTTP/1.1" 200 24523
172.22.2.4 - - [13/Apr/2022:10:32:53 -0500] "GET /BLA/boletinlegal/consulta_actos.php?tipo=resoluciones&no=0503&usuario=&sector=&fecha=2000&resuelve= HTTP/1.1" 200 626
172.22.2.4 - - [13/Apr/2022:10:32:58 -0500] "GET /BLA/boletinlegal/consulta_actos.php?tipo=resoluciones&no=0489&usuario=&sector=&fecha=2000&resuelve= HTTP/1.1" 200 626
172.22.2.4 - - [13/Apr/2022:10:33:04 -0500] "GET /BLA/boletinlegal/consulta_actos.php?tipo=resoluciones&no=0488&usuario=&sector=&fecha=2000&resuelve= HTTP/1.1" 200 626
172.22.2.4 - - [13/Apr/2022:10:33:13 -0500] "GET /BLA/boletinlegal/consulta_actos.php?tipo=resoluciones&no=0295&usuario=&sector=&fecha=2000&resuelve= HTTP/1.1" 200 626
172.22.2.4 - - [13/Apr/2022:10:33:20 -0500] "GET /BLA/boletinlegal/consulta_actos.php?tipo=resoluciones&no=2586&usuario=&sector=&fecha=2000&resuelve= HTTP/1.1" 200 626
172.22.2.4 - - [13/Apr/2022:10:33:21 -0500] "GET /BLA/boletinlegal/consulta_actos.php?tipo=resoluciones&no=2586&usuario=&sector=&fecha=2000&resuelve= HTTP/1.1" 200 626
186.102.37.247 - - [13/Apr/2022:10:33:24 -0500] "GET /kwssiamovil/sm/acme/a?s=U2FsdGVkX18RIgJbbRfBsqglQMTNZ/OTehG9F1Osl/tz+Ec+WHwnIzajz6iluIg1vJQLDHJSR70HVtpZKPySeRSAQ0nFRJevEvFV8HxJsjITr8dTAlILEIS23MmWwV///2+/8Lj03MS/yq3zOAE93SNUdlXcSNEloahtVcA9XUpOK0shPyh45ZowQXqlNW6+QC9wYJfI6rYtqw8ych4Zh+0Ae6RKHIIcD7r/Bv1ZoqvWQegbnpPls71bt31SAftdtm4yswCUeY7dN/7ICC4ZXw==&u=U2FsdGVkX18CQHHvl9DGQGrqlIuCvA6MXMi/NOjouJTSGPLZxfc8efoy3dIxTqLB&y=U2FsdGVkX19ef0XNOWofHpKhBMrV41FhCgLDlumyEiVEP/ZRv9c4y57WlRfbn3sx HTTP/1.1" 200 25
201.245.192.253 - - [13/Apr/2022:10:32:40 -0500] "POST /kwsrmcab/Wsrmcab HTTP/1.1" 200 45747
186.102.37.247 - - [13/Apr/2022:10:33:25 -0500] "GET /kwssiamovil/sm/acme/a?s=U2FsdGVkX18I2b7tOnbQTGAsMHswast+6NWbsiM8drunDKTK4nxmFLDjeRnh71fn6NE9mNISWJ22SccktUTisgOWMLhN5iWnBz75AFcVLjicXU2ksT9tk1bG/u9+RchTVhiv4hOOwKJsxr0ihg3UTx/MY/QJ12xzTWvd2qV0Pcm+ntpCLzEedQbNyAh7iwW2BDUwlDAqCtxVid9VKbhO4gmHwCbihziixzaW2gC8YH+mWYn29Ae6b+8UW0uqSp3ihKmjfx5p6uKlzQ1vSS/X8PLUUhVAU8IQ44BLGSCM48EEUFjRHzkL/d1waLd6MbTnDs391g6E7vaUEz7Df0fsHwuC3MS7mEgPHzioqmULOPGH3PCtwtkQcbGGis53NR8FE2H+csMb0NGlQcjt5Cc/CEruWnwwqsomCdeDcmPObQ1VmvpUYj3mGjQsTXWkG3t1aYfgL6epFHV9OXvBohVAakQUOkL1m+HS6WPw/PDgAXOC6nottIUl3M/W/RHk/Ni1cBtEAyY25vTGnUwF9m2QmhWbzNbkylbJjSrU8Ak7xJnUtTWKwJEwnT0HjxKDgmnoS8VRRZ9SsjXII7Wn8hqRLRcp9JlZZ/mAU6lpvj2IRZftivsvjQip5u7vX3mm2wgoZYNdy55c82aqYyrYZj8LrKOd7dRYAy7+28NZYY4no0KUrZmeoavHflWZZ+P1YnHQOrJmyMtquse8KxwS7Z+NG3NgFseAe2KUG0+SWlQ47KkhojINbLNhKL9Cj7NK2PeK9WPGRKtnGZPd5MHqUDXluDXfN5vJp54+HkoRo0yHh7aebrgyRtn9zXhb5f6uhvQhgtv645aP0HLhbH5GiC52OaINam0kyxlNz/u3D+xdjJ1gusaLynnfmHlm1Lw5hywewJzLx2/scWsCEoQMehJ+Ap5HeOy9UZRz8b5cpFAyUpAjVUipMLFt5yZiZ8/6bL9EdbQCJvZoRMe5F75mEM6RydZNUH20R9a5Xh1j61eqRfRhav4OyJTRLCcgcfJBi2fXW60ZpaekeoWDSRFhnn4AHQK6kp5m4SVDK1CNi8RqxKB0jU5vlsLv5PbYR/W1fm/kD3ai/SVJS5dWJ3E8Pvsds8o9pt6rCqpw73xwjUxbGPKfeIoXAbG+TvGt5yLMmd+v9ssLGoqCn+ueWPZunPLzqyB7o9Fx3OamxEFj0uJnt2fd8x8Rbo0byI78lMXobQ989f9lmCwBoPv7YVDsVmrOKC8flEkYdlacMGt/Qr8JwkWwikSoMc3P3eV8CQBS5FctQ5SNdXi0eWYL7ieGpYXwmoPUWrxYFV4BqY0fnAtpIyKrcbCDYFj+dx6U2/LpKhg+mTb+7lGt/IHM5X1BcVfE+HfysYZxesCKd3Ee+emm7wj/bJJ1S/NotWVYJvxDzmmo5vVDA2FTj8hGN79rUYOpN6PhFUWgc3L00y7hhMbDWAnjRgreySGg6z/KzUN0FswbX509zsy9yWiV7efbAkb0XklmiiYtpw7w6/he/7rtEKBncjC2SoUkEd3C6wLC0iROQzKjFX0cE64Wo89tvmbO5Vk8n+fAFvZiUd8DkMzydmTvQNNgQPL/0ntyzY42nVO8IVFeZGIJvMTRFuIom3r1k6zRGKpysS2cKq43I3vCe2TVM60teo/lIoJUL50v4G7zliSWqFUhy6DuHXvePVxGQxKc68pVcb5/DFJdU1jxHMNVWCKs/9Rp8JKAqDYTJ026R4rizJcD5jjSrMm4sgtL921hkCVx9ai9nO4dTQi3Dj4gTy1KDCRjBxvTHSlyHDrfIhQSf5efYYdDmwSNL+NVmJSGCYSOy7Qypw+ps+INJmS89J2Kv8U82mGtY+TGTzG8M7P3SSz3P9bJxS2D7JovjR4cIJ3Jn+D5NO99tfhOTUJjbZ2/mmjHNhQsQWQLM2yvLMwI+GzZ7vo/Eu3Mvc4G9Z1MHFV3wJn1WIugRUCtB/L7X4AxvLdR5siVJfIqR3xRv3JkFnqy7blnNHnEus3zP9mJTud5M7R81gmIjLMg/h4wbCoZLQEMYTBnkhS60ZBbH3vq+2uNLKdKSKu8doZNrfnP75ORaLK3OeFhqmlmanCqvlnaUx0Nd2w82LknAS+TAhqT0W42fCAOLYFPEpyG5ceyxdIjlCNSfGjLUXVlZNZeSL08ynlU0EfDHYAwnudrkIPqanUXuP1Z8uS8gvAIX7hrFbUzPex2VNNpoge6qd4S5Mhoo0PGR00r6AUDiWeegd/Wa+40fEsgveHlx3g6+ji9nFx7ozB1n9VMjPVT2l6KSVdPL/Y6COAouDX9F4XZdMRem1BEV2o0mjCjbOrnCO4EFPwgHpJ2pEqmZHWROaY=&u=U2FsdGVkX18CQHHvl9DGQGrqlIuCvA6MXMi/NOjouJTSGPLZxfc8efoy3dIxTqLB&y=U2FsdGVkX19ef0XNOWofHpKhBMrV41FhCgLDlumyEiVEP/ZRv9c4y57WlRfbn3sx HTTP/1.1" 200 25
186.102.37.247 - - [13/Apr/2022:10:33:25 -0500] "GET /kwssiamovil/sm/acme/a?s=U2FsdGVkX1+0t50ojL8NE4nKXHKjziv5QI2476O8DRgaFnuVn4CYj3WxFYCFiy7Lyoq28kD0Zp6Pf+ibSoVAVWLOI3bvYtbJ60tk8Wi+TG5HFSqt7I6EqLC2MPKgqpbQ5uR6gudjHtHCLOtaBsgAYxeSALUgWgrgoTk1d6tgwE4=&u=U2FsdGVkX18CQHHvl9DGQGrqlIuCvA6MXMi/NOjouJTSGPLZxfc8efoy3dIxTqLB&y=U2FsdGVkX19ef0XNOWofHpKhBMrV41FhCgLDlumyEiVEP/ZRv9c4y57WlRfbn3sx HTTP/1.1" 200 25
186.102.37.247 - - [13/Apr/2022:10:33:25 -0500] "GET /kwssiamovil/sm/acme/a?s=U2FsdGVkX19t4gd27QlgkwIQJtCX5pE64x2VDe140j3ez8hMnVA10hk6L4W72ysIakn5hH/BkZ2TkApPjx5Ugb+1SefHSwR1QpHRDq1+yA5KW1cVa99J3XubJIbFz80AapdfFZVBvPUXBMc8EPr696n43mP9mNcGrdsHDkxPTE0=&u=U2FsdGVkX18CQHHvl9DGQGrqlIuCvA6MXMi/NOjouJTSGPLZxfc8efoy3dIxTqLB&y=U2FsdGVkX19ef0XNOWofHpKhBMrV41FhCgLDlumyEiVEP/ZRv9c4y57WlRfbn3sx HTTP/1.1" 200 25
186.102.37.247 - - [13/Apr/2022:10:33:25 -0500] "GET /kwssiamovil/sm/acme/a?s=U2FsdGVkX1+n2Y/XzizPcy0wpj+T+yevI0Uj19W6d3V+qhXnM6k5Yc7ad7sTj0oob/pG/qMlFcpBWGdIcqnMY9MFtu626BYriuFROD4VpxrvxCvKVrwmN7FsdWP+k8FaB3L4C0qOlfL4asTeQXRHMCI8n2/FzLS91ZvSmUAgL2w=&u=U2FsdGVkX18CQHHvl9DGQGrqlIuCvA6MXMi/NOjouJTSGPLZxfc8efoy3dIxTqLB&y=U2FsdGVkX19ef0XNOWofHpKhBMrV41FhCgLDlumyEiVEP/ZRv9c4y57WlRfbn3sx HTTP/1.1" 200 25
186.102.37.247 - - [13/Apr/2022:10:33:25 -0500] "GET /kwssiamovil/sm/acme/a?s=U2FsdGVkX19rqjK2673qdXWFtZMQzlbCvULP2NSnzMkPKIg6EB26LmxcGMV2ms6buk9stkEIMIrvzJSKvxgCn3qVlZW2+tBesRrbZliAmPNHZiJ3VePTypy+G3ytQYstpqDyuAw9ijkfxEdxwslCMWscp/yhVsnQiGgKwNSrN9LqV3qf1citMdH47uMVV6GrNZZkyZNrCAXc7vt+O9Q07g==&u=U2FsdGVkX18CQHHvl9DGQGrqlIuCvA6MXMi/NOjouJTSGPLZxfc8efoy3dIxTqLB&y=U2FsdGVkX19ef0XNOWofHpKhBMrV41FhCgLDlumyEiVEP/ZRv9c4y57WlRfbn3sx HTTP/1.1" 200 25
172.22.2.4 - - [13/Apr/2022:10:33:27 -0500] "GET /BLA/boletinlegal/consulta_actos.php?tipo=resoluciones&no=2356&usuario=&sector=&fecha=2000&resuelve= HTTP/1.1" 200 626
172.22.2.4 - - [13/Apr/2022:10:33:36 -0500] "GET /BLA/boletinlegal/style.css HTTP/1.1" 200 9406
172.22.2.4 - - [13/Apr/2022:10:33:36 -0500] "GET /BLA/boletinlegal/styles2.css HTTP/1.1" 200 1838
172.22.2.4 - - [13/Apr/2022:10:33:36 -0500] "GET /BLA/boletinlegal/js/jquery.js HTTP/1.1" 200 57254
172.22.2.4 - - [13/Apr/2022:10:33:36 -0500] "GET /BLA/boletinlegal/js/jquery.scrollTo-min.js HTTP/1.1" 200 1150
172.22.2.4 - - [13/Apr/2022:10:33:36 -0500] "GET /BLA/boletinlegal/js/jquery.scrollShow.js HTTP/1.1" 200 4586
172.22.2.4 - - [13/Apr/2022:10:33:36 -0500] "GET /BLA/boletinlegal/images/cabezote%20BLEGAL.jpg HTTP/1.1" 200 118164
172.22.2.4 - - [13/Apr/2022:10:33:36 -0500] "GET /BLA/boletinlegal/images/subscribe-icon-big.png HTTP/1.1" 200 47702
172.22.2.4 - - [13/Apr/2022:10:33:36 -0500] "GET /BLA/boletinlegal/images/historia.png HTTP/1.1" 200 52775
172.22.2.4 - - [13/Apr/2022:10:33:36 -0500] "GET /BLA/boletinlegal/images/registro-usuarios.png HTTP/1.1" 200 8106
172.22.2.4 - - [13/Apr/2022:10:33:36 -0500] "GET /BLA/boletinlegal/images/arr_l.jpg HTTP/1.1" 200 1979
172.22.2.4 - - [13/Apr/2022:10:33:36 -0500] "GET /BLA/boletinlegal/images/screen_1.png HTTP/1.1" 200 202547
172.22.2.4 - - [13/Apr/2022:10:33:36 -0500] "GET /BLA/boletinlegal/images/launch.jpg HTTP/1.1" 200 14577
172.22.2.4 - - [13/Apr/2022:10:33:36 -0500] "GET /BLA/boletinlegal/images/body_bg.jpg HTTP/1.1" 200 1601
172.22.2.4 - - [13/Apr/2022:10:33:36 -0500] "GET /BLA/boletinlegal/images/menu_lft.gif HTTP/1.1" 200 1713
172.22.2.4 - - [13/Apr/2022:10:33:36 -0500] "GET /BLA/boletinlegal/images/menu_rght.gif HTTP/1.1" 200 1627
172.22.2.4 - - [13/Apr/2022:10:33:36 -0500] "GET /BLA/boletinlegal/images/bg_top.jpg HTTP/1.1" 200 522
172.22.2.4 - - [13/Apr/2022:10:33:36 -0500] "GET /BLA/boletinlegal/images/menu_bg.jpg HTTP/1.1" 200 620
172.22.2.4 - - [13/Apr/2022:10:33:36 -0500] "GET /BLA/boletinlegal/images/hover.jpg HTTP/1.1" 200 640
172.22.2.4 - - [13/Apr/2022:10:33:36 -0500] "GET /BLA/boletinlegal/images/text.jpg HTTP/1.1" 200 568
172.22.2.4 - - [13/Apr/2022:10:33:40 -0500] "GET /BLA/boletinlegal/consulta_actos.php?tipo=resoluciones&no=1929&usuario=&sector=&fecha=2000&resuelve= HTTP/1.1" 200 626
191.95.134.236 - - [13/Apr/2022:10:33:43 -0500] "POST /forms/lservlet;jsessionid=ac16012b30d6532c3f7e73624a11a4a9a72c2f6d7170.e3iSbxaKaheRe3iOaNeTahmObO1ynknvrkLOlQzNp65In0 HTTP/1.1" 200 2
172.22.2.4 - - [13/Apr/2022:10:33:45 -0500] "GET /BLA/boletinlegal/images/screen_2.png HTTP/1.1" 200 362502
172.22.2.4 - - [13/Apr/2022:10:33:45 -0500] "GET /BLA/boletinlegal/images/arr_r.jpg HTTP/1.1" 200 1998
172.22.2.4 - - [13/Apr/2022:10:33:45 -0500] "GET /BLA/boletinlegal/images/screen_3.png HTTP/1.1" 200 210620
172.22.2.4 - - [13/Apr/2022:10:33:45 -0500] "GET /BLA/boletinlegal/images/screen_5.png HTTP/1.1" 200 368876
172.22.2.4 - - [13/Apr/2022:10:33:45 -0500] "GET /BLA/boletinlegal/images/footer_bg.jpg HTTP/1.1" 200 586
172.22.2.4 - - [13/Apr/2022:10:33:54 -0500] "GET /BLA/boletinlegal/normativa.php HTTP/1.1" 200 8292
172.22.2.4 - - [13/Apr/2022:10:33:54 -0500] "GET /BLA/boletinlegal/niceforms-default.css HTTP/1.1" 200 6694
172.22.2.4 - - [13/Apr/2022:10:33:54 -0500] "GET /BLA/boletinlegal/niceforms.js HTTP/1.1" 200 22876
172.22.2.4 - - [13/Apr/2022:10:33:54 -0500] "GET /BLA/boletinlegal/images/abajo.png HTTP/1.1" 200 96676
172.22.2.4 - - [13/Apr/2022:10:33:54 -0500] "GET /BLA/boletinlegal/js/ajax_normativa.js HTTP/1.1" 200 1154
172.22.2.4 - - [13/Apr/2022:10:33:54 -0500] "GET /BLA/boletinlegal/images/tel.png HTTP/1.1" 200 14477
172.22.2.4 - - [13/Apr/2022:10:33:54 -0500] "GET /BLA/boletinlegal/images/icono-email.png HTTP/1.1" 200 5544
172.22.2.4 - - [13/Apr/2022:10:33:55 -0500] "GET /BLA/boletinlegal/images/footer_bg_l.jpg HTTP/1.1" 200 776
172.22.2.4 - - [13/Apr/2022:10:33:55 -0500] "GET /BLA/boletinlegal/img/0.png HTTP/1.1" 200 110
172.22.2.4 - - [13/Apr/2022:10:33:55 -0500] "GET /BLA/boletinlegal/img/select-left.png HTTP/1.1" 200 263
172.22.2.4 - - [13/Apr/2022:10:33:55 -0500] "GET /BLA/boletinlegal/img/select-right.png HTTP/1.1" 200 44019
172.22.2.4 - - [13/Apr/2022:10:33:55 -0500] "GET /BLA/boletinlegal/img/button-left.png HTTP/1.1" 200 57071
172.22.2.4 - - [13/Apr/2022:10:33:55 -0500] "GET /BLA/boletinlegal/img/button.png HTTP/1.1" 200 43241
172.22.2.4 - - [13/Apr/2022:10:33:55 -0500] "GET /BLA/boletinlegal/img/button-right.png HTTP/1.1" 200 57878
172.22.2.4 - - [13/Apr/2022:10:33:55 -0500] "GET /BLA/boletinlegal/favicon.ico HTTP/1.1" 404 1334
172.22.2.4 - - [13/Apr/2022:10:33:57 -0500] "GET /BLA/boletinlegal/consulta_actos.php?tipo=resoluciones&no=1887&usuario=&sector=&fecha=2000&resuelve= HTTP/1.1" 200 626
172.22.2.4 - - [13/Apr/2022:10:33:58 -0500] "GET /BLA/boletinlegal/consulta_actos.php?tipo=resoluciones&no=1887&usuario=&sector=&fecha=2000&resuelve= HTTP/1.1" 200 626
172.22.2.4 - - [13/Apr/2022:10:33:59 -0500] "GET /BLA/boletinlegal/consulta_actos.php?tipo=resoluciones&no=1887&usuario=&sector=&fecha=2000&resuelve= HTTP/1.1" 200 626
172.22.2.4 - - [13/Apr/2022:10:33:59 -0500] "GET /BLA/boletinlegal/consulta_actos.php?tipo=resoluciones&no=1887&usuario=&sector=&fecha=2000&resuelve= HTTP/1.1" 200 626
172.22.2.4 - - [13/Apr/2022:10:34:01 -0500] "GET /BLA/boletinlegal/consulta_normativa.php?tipo=&sector=Aire&ano=&resuelve= HTTP/1.1" 200 949
172.22.2.4 - - [13/Apr/2022:10:34:01 -0500] "GET /BLA/boletinlegal/images/docs.png HTTP/1.1" 200 10288
172.22.2.4 - - [13/Apr/2022:10:34:08 -0500] "GET /BLA/boletinlegal/consulta_actos.php?tipo=resoluciones&no=1814&usuario=&sector=&fecha=2000&resuelve= HTTP/1.1" 200 626
172.22.2.4 - - [13/Apr/2022:10:34:10 -0500] "GET /BLA/boletinlegal/consulta_actos.php?tipo=resoluciones&no=1814&usuario=&sector=&fecha=2000&resuelve= HTTP/1.1" 200 626
201.245.192.253 - - [13/Apr/2022:10:33:26 -0500] "POST /kwsrmcab/Wsrmcab HTTP/1.1" 200 43304
172.22.2.4 - - [13/Apr/2022:10:34:17 -0500] "GET /BLA/boletinlegal/consulta_actos.php?tipo=resoluciones&no=0015&usuario=&sector=&fecha=2000&resuelve= HTTP/1.1" 200 626
172.22.2.4 - - [13/Apr/2022:10:34:18 -0500] "GET /BLA/boletinlegal/consulta_actos.php?tipo=resoluciones&no=0015&usuario=&sector=&fecha=2000&resuelve= HTTP/1.1" 200 626
172.22.2.4 - - [13/Apr/2022:10:33:36 -0500] "GET /BLA/boletinlegal/ HTTP/1.1" 200 32715
172.22.2.4 - - [13/Apr/2022:10:34:27 -0500] "GET /BLA/boletinlegal/consulta_actos.php?tipo=resoluciones&no=1454&usuario=&sector=&fecha=2000&resuelve= HTTP/1.1" 200 626
192.168.171.18 - - [13/Apr/2022:10:34:30 -0500] "GET /BLA/boletinlegal/actos.php HTTP/1.1" 200 9559
172.22.2.4 - - [13/Apr/2022:10:34:33 -0500] "GET /BLA/boletinlegal/consulta_actos.php?tipo=resoluciones&no=1388&usuario=&sector=&fecha=2000&resuelve= HTTP/1.1" 200 626
172.22.2.4 - - [13/Apr/2022:10:34:39 -0500] "GET /BLA/boletinlegal/consulta_actos.php?tipo=resoluciones&no=1297&usuario=&sector=&fecha=2000&resuelve= HTTP/1.1" 200 626
172.22.2.4 - - [13/Apr/2022:10:34:40 -0500] "GET /BLA/boletinlegal/consulta_actos.php?tipo=resoluciones&no=1297&usuario=&sector=&fecha=2000&resuelve= HTTP/1.1" 200 626
172.22.2.4 - - [13/Apr/2022:10:34:46 -0500] "GET /BLA/boletinlegal/consulta_actos.php?tipo=resoluciones&no=1237&usuario=&sector=&fecha=2000&resuelve= HTTP/1.1" 200 626
172.22.2.4 - - [13/Apr/2022:10:34:47 -0500] "GET /BLA/boletinlegal/consulta_actos.php?tipo=resoluciones&no=1237&usuario=&sector=&fecha=2000&resuelve= HTTP/1.1" 200 626
172.22.2.4 - - [13/Apr/2022:10:34:53 -0500] "GET /BLA/boletinlegal/consulta_actos.php?tipo=resoluciones&no=1148&usuario=&sector=&fecha=2000&resuelve= HTTP/1.1" 200 626
172.22.2.4 - - [13/Apr/2022:10:34:53 -0500] "GET /BLA/boletinlegal/consulta_actos.php?tipo=resoluciones&no=1148&usuario=&sector=&fecha=2000&resuelve= HTTP/1.1" 200 626
172.22.2.4 - - [13/Apr/2022:10:34:54 -0500] "GET /BLA/boletinlegal/consulta_actos.php?tipo=resoluciones&no=1148&usuario=&sector=&fecha=2000&resuelve= HTTP/1.1" 200 626
172.22.2.4 - - [13/Apr/2022:10:34:54 -0500] "GET /BLA/boletinlegal/consulta_actos.php?tipo=resoluciones&no=1148&usuario=&sector=&fecha=2000&resuelve= HTTP/1.1" 200 626
172.22.2.4 - - [13/Apr/2022:10:35:01 -0500] "GET /BLA/boletinlegal/consulta_actos.php?tipo=resoluciones&no=1844&usuario=&sector=&fecha=2000&resuelve= HTTP/1.1" 200 626
172.22.2.4 - - [13/Apr/2022:10:35:02 -0500] "GET /BLA/boletinlegal/consulta_actos.php?tipo=resoluciones&no=1844&usuario=&sector=&fecha=2000&resuelve= HTTP/1.1" 200 626
172.22.2.4 - - [13/Apr/2022:10:35:02 -0500] "GET /BLA/boletinlegal/consulta_actos.php?tipo=resoluciones&no=1844&usuario=&sector=&fecha=2000&resuelve= HTTP/1.1" 200 626
172.22.2.4 - - [13/Apr/2022:10:33:27 -0500] "GET /BLA/boletinlegal/index.php HTTP/1.1" 200 54457
172.22.2.4 - - [13/Apr/2022:10:35:14 -0500] "GET /BLA/boletinlegal/consulta_actos.php?tipo=resoluciones&no=0156&usuario=&sector=&fecha=2001&resuelve= HTTP/1.1" 200 626
172.22.2.4 - - [13/Apr/2022:10:35:15 -0500] "GET /BLA/boletinlegal/consulta_actos.php?tipo=resoluciones&no=0156&usuario=&sector=&fecha=2001&resuelve= HTTP/1.1" 200 626
172.22.2.4 - - [13/Apr/2022:10:35:24 -0500] "GET /BLA/boletinlegal/consulta_actos.php?tipo=resoluciones&no=1509&usuario=&sector=&fecha=2002&resuelve= HTTP/1.1" 200 626
172.22.2.4 - - [13/Apr/2022:10:35:25 -0500] "GET /BLA/boletinlegal/consulta_actos.php?tipo=resoluciones&no=1509&usuario=&sector=&fecha=2002&resuelve= HTTP/1.1" 200 626
172.22.2.4 - - [13/Apr/2022:10:35:25 -0500] "GET /BLA/boletinlegal/consulta_actos.php?tipo=resoluciones&no=1509&usuario=&sector=&fecha=2002&resuelve= HTTP/1.1" 200 626
186.102.20.132 - - [13/Apr/2022:10:35:33 -0500] "OPTIONS /kwssiamovil/sm/setfile/f? HTTP/1.1" 200 13
186.102.20.132 - - [13/Apr/2022:10:35:33 -0500] "POST /kwssiamovil/sm/setfile/f? HTTP/1.1" 200 381
186.102.20.132 - - [13/Apr/2022:10:35:36 -0500] "OPTIONS /kwssiamovil/sm/setfile/f? HTTP/1.1" 200 13
186.102.20.132 - - [13/Apr/2022:10:35:36 -0500] "POST /kwssiamovil/sm/setfile/f? HTTP/1.1" 200 381
186.102.20.132 - - [13/Apr/2022:10:35:39 -0500] "OPTIONS /kwssiamovil/sm/setfile/f? HTTP/1.1" 200 13
172.22.2.4 - - [13/Apr/2022:10:35:42 -0500] "GET /BLA/boletinlegal/consulta_actos.php?tipo=resoluciones&no=0223&usuario=&sector=&fecha=2006&resuelve= HTTP/1.1" 200 626
191.95.134.236 - - [13/Apr/2022:10:35:43 -0500] "POST /forms/lservlet;jsessionid=ac16012b30d6532c3f7e73624a11a4a9a72c2f6d7170.e3iSbxaKaheRe3iOaNeTahmObO1ynknvrkLOlQzNp65In0 HTTP/1.1" 200 2
186.102.20.132 - - [13/Apr/2022:10:35:39 -0500] "POST /kwssiamovil/sm/setfile/f? HTTP/1.1" 200 381
186.102.20.132 - - [13/Apr/2022:10:35:44 -0500] "OPTIONS /kwssiamovil/sm/setfile/f? HTTP/1.1" 200 13
172.22.2.4 - - [13/Apr/2022:10:35:44 -0500] "GET /BLA/boletinlegal/consulta_actos.php?tipo=resoluciones&no=0223&usuario=&sector=&fecha=2006&resuelve= HTTP/1.1" 200 626
186.102.20.132 - - [13/Apr/2022:10:35:44 -0500] "POST /kwssiamovil/sm/setfile/f? HTTP/1.1" 200 381
186.102.20.132 - - [13/Apr/2022:10:35:48 -0500] "OPTIONS /kwssiamovil/sm/setfile/f? HTTP/1.1" 200 13
186.102.20.132 - - [13/Apr/2022:10:35:48 -0500] "POST /kwssiamovil/sm/setfile/f? HTTP/1.1" 200 381
186.102.20.132 - - [13/Apr/2022:10:35:52 -0500] "OPTIONS /kwssiamovil/sm/setfile/f? HTTP/1.1" 200 13
186.102.20.132 - - [13/Apr/2022:10:35:52 -0500] "POST /kwssiamovil/sm/setfile/f? HTTP/1.1" 200 381
186.102.20.132 - - [13/Apr/2022:10:35:55 -0500] "OPTIONS /kwssiamovil/sm/setfile/f? HTTP/1.1" 200 13
186.102.20.132 - - [13/Apr/2022:10:35:55 -0500] "POST /kwssiamovil/sm/setfile/f? HTTP/1.1" 200 381
172.22.2.4 - - [13/Apr/2022:10:35:57 -0500] "GET /BLA/boletinlegal/consulta_actos.php?tipo=resoluciones&no=1666&usuario=&sector=&fecha=2006&resuelve= HTTP/1.1" 200 626
172.22.2.4 - - [13/Apr/2022:10:35:58 -0500] "GET /BLA/boletinlegal/consulta_actos.php?tipo=resoluciones&no=1666&usuario=&sector=&fecha=2006&resuelve= HTTP/1.1" 200 626
172.22.2.4 - - [13/Apr/2022:10:35:59 -0500] "GET /BLA/boletinlegal/consulta_actos.php?tipo=resoluciones&no=1666&usuario=&sector=&fecha=2006&resuelve= HTTP/1.1" 200 626
186.102.20.132 - - [13/Apr/2022:10:36:03 -0500] "GET /kwssiamovil/sm/acme/a?s=U2FsdGVkX1+gke78KaIntTSsI4wkMEncQ+YXP8FVp5x6IMrCRKlIH7d7LrP2AGOTOrZ8m7dsD1iCuZUMIGt0w00JhtGfDTmaM4hFbQ6X5ihZdyY0O6l6fK00mB0KsP6ImJDvZ4Swru0lVG/vtSsZC7P+7K/BYrl/6yyC+kqKQm5nzzzHO4tWuS5sq66VULA9RHGXdNL6kDTVzpqOoLTFrduS0VCLcJflRXEa9DGBG5c5vltdLlOPBdIqfUdFst6zX4d3AuXIaz/NYdiQUv1KqA==&u=U2FsdGVkX1+f709lJsolZWc0frC54gn9/UaclMpIAqvn4HXSSz9Q8OVsNmDixSb/&y=U2FsdGVkX1/opX4ry6Ghq8jKt3lGGPIv4PpXaMssFC01mFJBmmlvulNd9HABGRzk HTTP/1.1" 200 25
186.102.20.132 - - [13/Apr/2022:10:36:03 -0500] "GET /kwssiamovil/sm/acme/a?s=U2FsdGVkX1+j6gxTAOJsOghQC9mJM31bJ+ZrbGwByOrMPPMIT6WTGfPvuibf93vTB4n3JEV6gI0K2+4xpbi5M896MMed4zLxIboNOYNG91gg/SmudHjZPGh6srqMqqbr3FowJxy0u1UsqhqjwXDjcWqsx063eI6kdiU6fCVd/kRHLZ8LgVa15+3bS3hseaMaph55ivQZgh5hwBq7tirfi/MKF5plBryZ3C7+xom6MXip6adPbkwsASmI77qxpdFTs+yOAjc7n7AmnTChqVcQSsUkh83QzCbVMKl3qsGomqTvF+dXESGGSG7TejB4JOUrc+Zs+HPCmZQGleYr7gF/8nfnas+16BR9IsJCR/IPyrs1q0s+UKMPM9eFxZDC3C2LfLpLKi2PMVkmtp+Hs8rUho0GhcAOFpZFQ9vjJq3rlIY4MIRiR3eCoze92BlCw7y7YRL0WAdv3lScqekiOZ9wl8VmuDg0PxqrdvzHlSWwUFaDnTCiiSrMXbRSR6B1Dmw1V1AfxLqyPqTTFah+Sy8/0pgJaHxE5s8NGubs/O3iGvlKljXY9aGIKuAkuAYywepYlMwBnpP/WA7mHw0Ryrr3zB1TZipp8NtpYXuDBbqd6YoUOIug4n4meRtAdqL2ldhjrDeqHcgEzcbejgp1uzMRQlesyYcHEyi4aYtSKNvrcIEHtEddWnz5sHgLe3TjvJjJhC9e/ruh9AS79B+UZhbVbsNyz/xcbtNRZLV+qkmO3iDmAquOUx2agfBCOo8qnKiqYIi/00zGs13yO5NWcmI6qi8KmZadhMKIPrCGypo0Iz0+xv0WG1dt5aWeRZ32foOuXug4HW52ds2H5LJnqpyQZted1swUxnePPaIeJu7PswIncsoV0zMkcPA/dW9DNVSroJJgpWbWqgjqWKJlhKGboRGdF1/TwB0WNuAdYPsngb//1zlnRCHCmsVeHX/wUp0Gk+sZaY6WIGBYUXmoWkUY64azE1rML0jPXN4O1e7SmKS4juy6D0iOx0WJAqRRqArBrC66Afr9cAvYkr36S2gEpkx5ketP3BDN5sOXQr9UDmoY7kXEQ5A0qVAXumiNJ+9cI9YnRL56DhvFkTtDC7hngtD9jcfwV9QWla4ZVho5Nn9ofjMKv09vgoG0Bxp18WnpEDcvKeoBFgiA7Nz7m9lsRKhUcWa2FgxW7oSUrDPR5HYzZMftPsLkpswVMZey1m+4P42QMArtBOEfcf0fyZ3ghVCxBCDMMejv5pM0sMejRyxxj0dmiezSwsPDKQZP8uwNzLfWSIh1aLOnbC1agaayVfmlJ4KHOeiTBBtIMWleSPjCFaH1kXvKRDwZ1OGH4W9F3PgB1oNfawdZgUh9az75yrIO9YkXas0iM4+seIsd7WyDMzWr0BMQI8a7G/QrjToYKWKQ1NvvSIqZWQu/wmVrhl0dKJNS+142NTruj0oyTgDezz9mGSlmFGr3kmbXmodjrk5yHaUN3WT6Md466dFagnKbWXuK2q7gIp+JuCy+ufWvlmaow6q3PluJT0Pa9GuJA1nhK0jM+nwr0u5w5If9yJ/zwu0sPD3tkwpS8JKITyTmIgLJNhq6YDkqXAqPfnmmv95m7ypdknELDl+j8PKW1kWQjz7hVIm5InbKxSDU7t0=&u=U2FsdGVkX1+f709lJsolZWc0frC54gn9/UaclMpIAqvn4HXSSz9Q8OVsNmDixSb/&y=U2FsdGVkX1/opX4ry6Ghq8jKt3lGGPIv4PpXaMssFC01mFJBmmlvulNd9HABGRzk HTTP/1.1" 200 25
186.102.20.132 - - [13/Apr/2022:10:36:03 -0500] "GET /kwssiamovil/sm/acme/a?s=U2FsdGVkX18OHeOBPUT32wafe8eL52TSWDUZC6AxZB4w3tuo4osk9ILfYYU9Lm2H9Wtc4W6Q90cwF9igJTlt+hlCOK9Njm6Mr/Zj7O+dSbu8STQ4QnG5XGY46gGcNicAvihb/1ncPurwnPp5AhWbC+Oc3UQF02+1WyK++d2wW7s=&u=U2FsdGVkX1+f709lJsolZWc0frC54gn9/UaclMpIAqvn4HXSSz9Q8OVsNmDixSb/&y=U2FsdGVkX1/opX4ry6Ghq8jKt3lGGPIv4PpXaMssFC01mFJBmmlvulNd9HABGRzk HTTP/1.1" 200 25
186.102.20.132 - - [13/Apr/2022:10:36:04 -0500] "GET /kwssiamovil/sm/acme/a?s=U2FsdGVkX1/NMNYYj+MvlXk3K7DOmsF/NuSu4qYkeL4XJYHoRixOJvca5sUQRJKoSfCiPM1ijzK+izvvE+KeiEBg2DekwXcLSxNCzB+37qzxIDjI/GXYwctDKlWd1J6QZa/5FGR2l3UTlXE9MKzgnxQ2Oy/TZw16Vg2OTLKEUtI=&u=U2FsdGVkX1+f709lJsolZWc0frC54gn9/UaclMpIAqvn4HXSSz9Q8OVsNmDixSb/&y=U2FsdGVkX1/opX4ry6Ghq8jKt3lGGPIv4PpXaMssFC01mFJBmmlvulNd9HABGRzk HTTP/1.1" 200 25
186.102.20.132 - - [13/Apr/2022:10:36:04 -0500] "GET /kwssiamovil/sm/acme/a?s=U2FsdGVkX18OpVYK/QR8VvcjSITCSmr97GKnAjp9P7kXLoOxgRwMOIbyVBxF5rNp7di3k9d0GYleo4D5mfmddl25VsuxcKdCx3fmL9OmBeGpxdZ5zCqG9gFZaH9eqN9kagXWHUfddzNHos0lWeQc7sneVoLZ80WbY11ljgCTN9I=&u=U2FsdGVkX1+f709lJsolZWc0frC54gn9/UaclMpIAqvn4HXSSz9Q8OVsNmDixSb/&y=U2FsdGVkX1/opX4ry6Ghq8jKt3lGGPIv4PpXaMssFC01mFJBmmlvulNd9HABGRzk HTTP/1.1" 200 25
186.102.20.132 - - [13/Apr/2022:10:36:04 -0500] "GET /kwssiamovil/sm/acme/a?s=U2FsdGVkX18/oPnMbIJSVG84XK1V2BA+5tqN4zke6Ta6COQsWxMYFpwqEkY1cYFFC7XsZXdFQicPa7tR8rBqQSMT+mHNmIYT0TUKWYrV5o5HxFNrPjtB9MJZDQj+2u8wJCigJWY+Kr6C/IK4rvF2fmpB5MqYP6/L0XpYRu8DMz2hxLEWxe3IsYfB+Hn122b5c43UwXJX9ghluAWoxK4b+g==&u=U2FsdGVkX1+f709lJsolZWc0frC54gn9/UaclMpIAqvn4HXSSz9Q8OVsNmDixSb/&y=U2FsdGVkX1/opX4ry6Ghq8jKt3lGGPIv4PpXaMssFC01mFJBmmlvulNd9HABGRzk HTTP/1.1" 200 25
186.102.20.132 - - [13/Apr/2022:10:36:04 -0500] "GET /kwssiamovil/sm/acme/a?s=U2FsdGVkX19oRl4isUhRdyPPyMc5EHNgy+KIbPoq8JMSVmHSntcoWs8WaRAUvfj3ovcv1FRHYDoPGcvqAS2fbzYps0Ano/S/AHSmEMKCk3okYEPBA7uKlX2J81WHQUTvAXudgr1zqZEjoJqFparzUVJSPCMRkbQGNGVSdYJc429md3OBsg7apeA7oJ/IL6LvUKopydPeQ/4IZ1sVotV+Nw==&u=U2FsdGVkX1+f709lJsolZWc0frC54gn9/UaclMpIAqvn4HXSSz9Q8OVsNmDixSb/&y=U2FsdGVkX1/opX4ry6Ghq8jKt3lGGPIv4PpXaMssFC01mFJBmmlvulNd9HABGRzk HTTP/1.1" 200 25
