186.84.89.148 - - [13/Apr/2022:10:15:51 -0500] "GET /BLA/boletinlegal/images/green-yellow-blue-pink-th.png HTTP/1.1" 200 7394
186.84.89.148 - - [13/Apr/2022:10:15:51 -0500] "GET /BLA/boletinlegal/images/historia.png HTTP/1.1" 200 52775
186.84.89.148 - - [13/Apr/2022:10:15:51 -0500] "GET /BLA/boletinlegal/images/abajo.png HTTP/1.1" 200 96676
186.84.89.148 - - [13/Apr/2022:10:15:51 -0500] "GET /BLA/boletinlegal/images/tel.png HTTP/1.1" 200 14477
186.84.89.148 - - [13/Apr/2022:10:15:51 -0500] "GET /BLA/boletinlegal/images/icono-email.png HTTP/1.1" 200 5544
186.84.89.148 - - [13/Apr/2022:10:15:51 -0500] "GET /BLA/boletinlegal/images/body_bg.jpg HTTP/1.1" 200 1601
186.84.89.148 - - [13/Apr/2022:10:15:51 -0500] "GET /BLA/boletinlegal/images/menu_lft.gif HTTP/1.1" 200 1713
186.84.89.148 - - [13/Apr/2022:10:15:51 -0500] "GET /BLA/boletinlegal/images/text.jpg HTTP/1.1" 200 568
186.84.89.148 - - [13/Apr/2022:10:15:52 -0500] "GET /BLA/boletinlegal/images/footer_bg.jpg HTTP/1.1" 200 586
186.84.89.148 - - [13/Apr/2022:10:15:52 -0500] "GET /BLA/boletinlegal/images/bg_top.jpg HTTP/1.1" 200 522
186.84.89.148 - - [13/Apr/2022:10:15:52 -0500] "GET /BLA/boletinlegal/images/menu_bg.jpg HTTP/1.1" 200 620
186.84.89.148 - - [13/Apr/2022:10:15:52 -0500] "GET /BLA/boletinlegal/images/menu_rght.gif HTTP/1.1" 200 1627
186.84.89.148 - - [13/Apr/2022:10:15:52 -0500] "GET /BLA/boletinlegal/images/hover.jpg HTTP/1.1" 200 640
186.84.89.148 - - [13/Apr/2022:10:15:52 -0500] "GET /BLA/boletinlegal/images/footer_bg_l.jpg HTTP/1.1" 200 776
186.84.89.148 - - [13/Apr/2022:10:15:52 -0500] "GET /BLA/boletinlegal/img/0.png HTTP/1.1" 200 110
186.84.89.148 - - [13/Apr/2022:10:15:52 -0500] "GET /BLA/boletinlegal/img/select-left.png HTTP/1.1" 200 263
186.84.89.148 - - [13/Apr/2022:10:15:52 -0500] "GET /BLA/boletinlegal/img/button-left.png HTTP/1.1" 200 57071
186.84.89.148 - - [13/Apr/2022:10:15:52 -0500] "GET /BLA/boletinlegal/img/select-right.png HTTP/1.1" 200 44019
186.84.89.148 - - [13/Apr/2022:10:15:52 -0500] "GET /BLA/boletinlegal/img/button-right.png HTTP/1.1" 200 57878
186.84.89.148 - - [13/Apr/2022:10:15:52 -0500] "GET /BLA/boletinlegal/img/button.png HTTP/1.1" 200 43241
190.0.246.130 - - [13/Apr/2022:10:15:58 -0500] "POST /sipse/faces/presentacion/proyectos/proyecto/proyecto.xhtml HTTP/1.1" 200 25635
190.0.246.130 - - [13/Apr/2022:10:15:59 -0500] "GET /sipse/faces/javax.faces.resource/jquery/jquery.js?ln=primefaces&v=4.0 HTTP/1.1" 304 -
190.0.246.130 - - [13/Apr/2022:10:15:59 -0500] "GET /sipse/faces/javax.faces.resource/jquery/jquery-plugins.js?ln=primefaces&v=4.0 HTTP/1.1" 304 -
190.0.246.130 - - [13/Apr/2022:10:15:59 -0500] "GET /sipse/faces/javax.faces.resource/primefaces.js?ln=primefaces&v=4.0 HTTP/1.1" 304 -
190.0.246.130 - - [13/Apr/2022:10:15:59 -0500] "GET /sipse/faces/javax.faces.resource/layout/layout.js?ln=primefaces&v=4.0 HTTP/1.1" 304 -
186.84.89.148 - - [13/Apr/2022:10:16:02 -0500] "GET /BLA/boletinlegal/consulta_actos.php?tipo=resoluciones&no=1404&usuario=&sector=&fecha=2020&resuelve= HTTP/1.1" 200 1101
186.84.89.148 - - [13/Apr/2022:10:16:02 -0500] "GET /BLA/boletinlegal/images/pdf.gif HTTP/1.1" 200 567
190.0.246.130 - - [13/Apr/2022:10:16:05 -0500] "POST /sipse/faces/presentacion/proyectos/proyecto/proyectoAdministrador/editarAdministrador.xhtml HTTP/1.1" 200 19328
186.84.89.148 - - [13/Apr/2022:10:16:05 -0500] "GET /BLA/resoluciones/RESOLUCIONES%202020/1404.pdf HTTP/1.1" 200 539290
190.0.246.130 - - [13/Apr/2022:10:16:10 -0500] "POST /sipse/faces/presentacion/proyectos/proyecto/proyectoAdministrador/editarAdministrador.xhtml HTTP/1.1" 200 2216
190.0.246.130 - - [13/Apr/2022:10:16:17 -0500] "POST /sipse/faces/presentacion/proyectos/proyecto/proyectoAdministrador/editarAdministrador.xhtml HTTP/1.1" 200 76703
190.0.246.130 - - [13/Apr/2022:10:16:18 -0500] "GET /sipse/faces/javax.faces.resource/jquery/jquery.js?ln=primefaces&v=4.0 HTTP/1.1" 304 -
190.0.246.130 - - [13/Apr/2022:10:16:18 -0500] "GET /sipse/faces/javax.faces.resource/jquery/jquery-plugins.js?ln=primefaces&v=4.0 HTTP/1.1" 304 -
190.0.246.130 - - [13/Apr/2022:10:16:18 -0500] "GET /sipse/faces/javax.faces.resource/primefaces.js?ln=primefaces&v=4.0 HTTP/1.1" 304 -
190.0.246.130 - - [13/Apr/2022:10:16:18 -0500] "GET /sipse/faces/javax.faces.resource/layout/layout.js?ln=primefaces&v=4.0 HTTP/1.1" 304 -
190.0.246.130 - - [13/Apr/2022:10:16:19 -0500] "POST /sipse/faces/presentacion/proyectos/proyecto/proyecto.xhtml HTTP/1.1" 200 3257
190.0.246.130 - - [13/Apr/2022:10:16:21 -0500] "POST /sipse/faces/presentacion/proyectos/proyecto/proyecto.xhtml HTTP/1.1" 200 28853
190.0.246.130 - - [13/Apr/2022:10:16:23 -0500] "GET /sipse/faces/javax.faces.resource/jquery/jquery.js?ln=primefaces&v=4.0 HTTP/1.1" 304 -
190.0.246.130 - - [13/Apr/2022:10:16:23 -0500] "GET /sipse/faces/javax.faces.resource/jquery/jquery-plugins.js?ln=primefaces&v=4.0 HTTP/1.1" 304 -
190.0.246.130 - - [13/Apr/2022:10:16:23 -0500] "GET /sipse/faces/javax.faces.resource/primefaces.js?ln=primefaces&v=4.0 HTTP/1.1" 304 -
190.0.246.130 - - [13/Apr/2022:10:16:23 -0500] "GET /sipse/faces/javax.faces.resource/layout/layout.js?ln=primefaces&v=4.0 HTTP/1.1" 304 -
190.0.246.130 - - [13/Apr/2022:10:16:27 -0500] "POST /sipse/faces/presentacion/proyectos/proyecto/listarProyecto.xhtml HTTP/1.1" 200 35607
190.0.246.130 - - [13/Apr/2022:10:16:29 -0500] "POST /sipse/faces/presentacion/proyectos/proyecto/listarProyecto.xhtml HTTP/1.1" 200 4914
190.0.246.130 - - [13/Apr/2022:10:16:31 -0500] "POST /sipse/faces/presentacion/proyectos/proyecto/listarProyecto.xhtml HTTP/1.1" 200 163
190.0.246.130 - - [13/Apr/2022:10:16:32 -0500] "GET /sipse/faces/javax.faces.resource/primefaces.css?ln=primefaces&v=4.0 HTTP/1.1" 304 -
190.0.246.130 - - [13/Apr/2022:10:16:32 -0500] "GET /sipse/faces/javax.faces.resource/theme.css?ln=primefaces-sipse HTTP/1.1" 304 -
190.0.246.130 - - [13/Apr/2022:10:16:32 -0500] "GET /sipse/faces/javax.faces.resource/layout/layout.css?ln=primefaces&v=4.0 HTTP/1.1" 304 -
190.0.246.130 - - [13/Apr/2022:10:16:32 -0500] "GET /sipse/faces/javax.faces.resource/jquery/jquery.js?ln=primefaces&v=4.0 HTTP/1.1" 304 -
190.0.246.130 - - [13/Apr/2022:10:16:32 -0500] "GET /sipse/faces/javax.faces.resource/jquery/jquery-plugins.js?ln=primefaces&v=4.0 HTTP/1.1" 304 -
190.0.246.130 - - [13/Apr/2022:10:16:31 -0500] "GET /sipse/faces/presentacion/proyectos/proyecto/proyecto.xhtml HTTP/1.1" 200 89644
190.0.246.130 - - [13/Apr/2022:10:16:32 -0500] "GET /sipse/faces/javax.faces.resource/layout/layout.js?ln=primefaces&v=4.0 HTTP/1.1" 304 -
190.0.246.130 - - [13/Apr/2022:10:16:32 -0500] "GET /sipse/faces/javax.faces.resource/primefaces.js?ln=primefaces&v=4.0 HTTP/1.1" 304 -
190.0.246.130 - - [13/Apr/2022:10:16:32 -0500] "GET /sipse/faces/javax.faces.resource/images/ui-icons_898989_256x240.png?ln=primefaces-aristo HTTP/1.1" 200 5355
190.0.246.130 - - [13/Apr/2022:10:16:33 -0500] "GET /sipse/faces/javax.faces.resource/images/ui-bg_flat_0_2d5972_40x100.png?ln=primefaces-aristo HTTP/1.1" 304 -
190.0.246.130 - - [13/Apr/2022:10:16:33 -0500] "POST /sipse/faces/presentacion/proyectos/proyecto/proyecto.xhtml HTTP/1.1" 200 3257
190.0.246.130 - - [13/Apr/2022:10:16:37 -0500] "POST /sipse/faces/presentacion/proyectos/proyecto/proyecto.xhtml HTTP/1.1" 200 25655
190.0.246.130 - - [13/Apr/2022:10:16:38 -0500] "GET /sipse/faces/javax.faces.resource/jquery/jquery.js?ln=primefaces&v=4.0 HTTP/1.1" 304 -
190.0.246.130 - - [13/Apr/2022:10:16:39 -0500] "GET /sipse/faces/javax.faces.resource/jquery/jquery-plugins.js?ln=primefaces&v=4.0 HTTP/1.1" 304 -
190.0.246.130 - - [13/Apr/2022:10:16:39 -0500] "GET /sipse/faces/javax.faces.resource/primefaces.js?ln=primefaces&v=4.0 HTTP/1.1" 304 -
190.0.246.130 - - [13/Apr/2022:10:16:39 -0500] "GET /sipse/faces/javax.faces.resource/layout/layout.js?ln=primefaces&v=4.0 HTTP/1.1" 304 -
190.0.246.130 - - [13/Apr/2022:10:16:48 -0500] "POST /sipse/faces/presentacion/proyectos/proyecto/proyectoAdministrador/editarAdministrador.xhtml HTTP/1.1" 200 19328
191.95.134.236 - - [13/Apr/2022:10:16:48 -0500] "POST /forms/lservlet;jsessionid=ac16012b30d6532c3f7e73624a11a4a9a72c2f6d7170.e3iSbxaKaheRe3iOaNeTahmObO1ynknvrkLOlQzNp65In0 HTTP/1.1" 200 2
190.0.246.130 - - [13/Apr/2022:10:16:52 -0500] "POST /sipse/faces/presentacion/proyectos/proyecto/proyectoAdministrador/editarAdministrador.xhtml HTTP/1.1" 200 2216
186.154.36.158 - - [13/Apr/2022:10:16:57 -0500] "GET /en-semana-santa-jardin-botanico-una-opcion-vital-para-reconectarse-y-vivir-la-naturaleza.html HTTP/1.1" 200 1012
190.0.246.130 - - [13/Apr/2022:10:16:59 -0500] "POST /sipse/faces/presentacion/proyectos/proyecto/proyectoAdministrador/editarAdministrador.xhtml HTTP/1.1" 200 80920
190.0.246.130 - - [13/Apr/2022:10:16:59 -0500] "GET /sipse/faces/javax.faces.resource/jquery/jquery.js?ln=primefaces&v=4.0 HTTP/1.1" 304 -
190.0.246.130 - - [13/Apr/2022:10:16:59 -0500] "GET /sipse/faces/javax.faces.resource/jquery/jquery-plugins.js?ln=primefaces&v=4.0 HTTP/1.1" 304 -
190.0.246.130 - - [13/Apr/2022:10:17:00 -0500] "GET /sipse/faces/javax.faces.resource/primefaces.js?ln=primefaces&v=4.0 HTTP/1.1" 304 -
190.0.246.130 - - [13/Apr/2022:10:17:00 -0500] "GET /sipse/faces/javax.faces.resource/layout/layout.js?ln=primefaces&v=4.0 HTTP/1.1" 304 -
190.0.246.130 - - [13/Apr/2022:10:17:00 -0500] "GET /sipse/faces/javax.faces.resource/messages/messages.png?ln=primefaces&v=4.0 HTTP/1.1" 304 -
190.0.246.130 - - [13/Apr/2022:10:17:00 -0500] "POST /sipse/faces/presentacion/proyectos/proyecto/proyecto.xhtml HTTP/1.1" 200 3257
190.0.246.130 - - [13/Apr/2022:10:17:03 -0500] "POST /sipse/faces/presentacion/proyectos/proyecto/proyecto.xhtml HTTP/1.1" 200 25652
216.245.221.92 - - [13/Apr/2022:10:17:04 -0500] "HEAD / HTTP/1.1" 200 -
190.0.246.130 - - [13/Apr/2022:10:17:04 -0500] "GET /sipse/faces/javax.faces.resource/jquery/jquery.js?ln=primefaces&v=4.0 HTTP/1.1" 304 -
190.0.246.130 - - [13/Apr/2022:10:17:04 -0500] "GET /sipse/faces/javax.faces.resource/jquery/jquery-plugins.js?ln=primefaces&v=4.0 HTTP/1.1" 304 -
190.0.246.130 - - [13/Apr/2022:10:17:04 -0500] "GET /sipse/faces/javax.faces.resource/primefaces.js?ln=primefaces&v=4.0 HTTP/1.1" 304 -
190.0.246.130 - - [13/Apr/2022:10:17:05 -0500] "GET /sipse/faces/javax.faces.resource/layout/layout.js?ln=primefaces&v=4.0 HTTP/1.1" 304 -
190.0.246.130 - - [13/Apr/2022:10:17:10 -0500] "POST /sipse/faces/presentacion/proyectos/proyecto/proyectoAdministrador/editarAdministrador.xhtml HTTP/1.1" 200 19327
190.0.246.130 - - [13/Apr/2022:10:17:13 -0500] "POST /sipse/faces/presentacion/proyectos/proyecto/proyectoAdministrador/editarAdministrador.xhtml HTTP/1.1" 200 2216
190.0.246.130 - - [13/Apr/2022:10:17:20 -0500] "POST /sipse/faces/presentacion/proyectos/proyecto/proyectoAdministrador/editarAdministrador.xhtml HTTP/1.1" 200 80916
190.0.246.130 - - [13/Apr/2022:10:17:21 -0500] "GET /sipse/faces/javax.faces.resource/jquery/jquery.js?ln=primefaces&v=4.0 HTTP/1.1" 304 -
190.0.246.130 - - [13/Apr/2022:10:17:21 -0500] "GET /sipse/faces/javax.faces.resource/jquery/jquery-plugins.js?ln=primefaces&v=4.0 HTTP/1.1" 304 -
190.0.246.130 - - [13/Apr/2022:10:17:21 -0500] "GET /sipse/faces/javax.faces.resource/primefaces.js?ln=primefaces&v=4.0 HTTP/1.1" 304 -
190.0.246.130 - - [13/Apr/2022:10:17:21 -0500] "GET /sipse/faces/javax.faces.resource/layout/layout.js?ln=primefaces&v=4.0 HTTP/1.1" 304 -
190.0.246.130 - - [13/Apr/2022:10:17:22 -0500] "POST /sipse/faces/presentacion/proyectos/proyecto/proyecto.xhtml HTTP/1.1" 200 3257
172.22.2.4 - - [13/Apr/2022:10:17:34 -0500] "GET /BLA/boletinlegal/style.css HTTP/1.1" 200 9406
172.22.2.4 - - [13/Apr/2022:10:17:34 -0500] "GET /BLA/boletinlegal/styles2.css HTTP/1.1" 200 1838
172.22.2.4 - - [13/Apr/2022:10:17:34 -0500] "GET /BLA/boletinlegal/js/jquery.js HTTP/1.1" 200 57254
172.22.2.4 - - [13/Apr/2022:10:17:34 -0500] "GET /BLA/boletinlegal/js/jquery.scrollTo-min.js HTTP/1.1" 200 1150
172.22.2.4 - - [13/Apr/2022:10:17:34 -0500] "GET /BLA/boletinlegal/js/jquery.scrollShow.js HTTP/1.1" 200 4586
172.22.2.4 - - [13/Apr/2022:10:17:34 -0500] "GET /BLA/boletinlegal/images/cabezote%20BLEGAL.jpg HTTP/1.1" 200 118164
172.22.2.4 - - [13/Apr/2022:10:17:34 -0500] "GET /BLA/boletinlegal/images/subscribe-icon-big.png HTTP/1.1" 200 47702
172.22.2.4 - - [13/Apr/2022:10:17:34 -0500] "GET /BLA/boletinlegal/images/historia.png HTTP/1.1" 200 52775
172.22.2.4 - - [13/Apr/2022:10:17:34 -0500] "GET /BLA/boletinlegal/images/arr_l.jpg HTTP/1.1" 200 1979
172.22.2.4 - - [13/Apr/2022:10:17:34 -0500] "GET /BLA/boletinlegal/images/registro-usuarios.png HTTP/1.1" 200 8106
172.22.2.4 - - [13/Apr/2022:10:17:34 -0500] "GET /BLA/boletinlegal/images/screen_1.png HTTP/1.1" 200 202547
172.22.2.4 - - [13/Apr/2022:10:17:34 -0500] "GET /BLA/boletinlegal/images/launch.jpg HTTP/1.1" 200 14577
172.22.2.4 - - [13/Apr/2022:10:17:34 -0500] "GET /BLA/boletinlegal/images/body_bg.jpg HTTP/1.1" 200 1601
172.22.2.4 - - [13/Apr/2022:10:17:34 -0500] "GET /BLA/boletinlegal/images/menu_lft.gif HTTP/1.1" 200 1713
172.22.2.4 - - [13/Apr/2022:10:17:34 -0500] "GET /BLA/boletinlegal/images/menu_rght.gif HTTP/1.1" 200 1627
172.22.2.4 - - [13/Apr/2022:10:17:35 -0500] "GET /BLA/boletinlegal/images/menu_bg.jpg HTTP/1.1" 200 620
172.22.2.4 - - [13/Apr/2022:10:17:35 -0500] "GET /BLA/boletinlegal/images/text.jpg HTTP/1.1" 200 568
172.22.2.4 - - [13/Apr/2022:10:17:35 -0500] "GET /BLA/boletinlegal/images/hover.jpg HTTP/1.1" 200 640
172.22.2.4 - - [13/Apr/2022:10:17:35 -0500] "GET /BLA/boletinlegal/images/bg_top.jpg HTTP/1.1" 200 522
190.0.246.130 - - [13/Apr/2022:10:17:42 -0500] "POST /sipsesda/faces/vista/sistema/seleccionRol.jspx HTTP/1.1" 200 32884
172.22.2.4 - - [13/Apr/2022:10:17:43 -0500] "GET /BLA/boletinlegal/images/screen_2.png HTTP/1.1" 200 362502
172.22.2.4 - - [13/Apr/2022:10:17:43 -0500] "GET /BLA/boletinlegal/images/screen_3.png HTTP/1.1" 200 210620
172.22.2.4 - - [13/Apr/2022:10:17:43 -0500] "GET /BLA/boletinlegal/images/arr_r.jpg HTTP/1.1" 200 1998
172.22.2.4 - - [13/Apr/2022:10:17:43 -0500] "GET /BLA/boletinlegal/images/footer_bg.jpg HTTP/1.1" 200 586
172.22.2.4 - - [13/Apr/2022:10:17:43 -0500] "GET /BLA/boletinlegal/images/screen_5.png HTTP/1.1" 200 368876
201.245.192.253 - - [13/Apr/2022:10:17:45 -0500] "POST /sipse/faces/presentacion/financiero/solicitudProceso/consultarSolicitudProceso.xhtml HTTP/1.1" 200 360415
190.0.246.130 - - [13/Apr/2022:10:17:46 -0500] "GET /sipsesda/faces/vista/sistema/cargarMenu.jspx?accionMenu=listadoFuncionario&menuID=18 HTTP/1.1" 200 33129
190.0.246.130 - - [13/Apr/2022:10:17:46 -0500] "GET /sipsesda/imagenes/cargando.gif HTTP/1.1" 200 1287
190.0.246.130 - - [13/Apr/2022:10:17:46 -0500] "POST /sipsesda/faces/vista/sistema/cargarMenu.jspx HTTP/1.1" 200 36915
172.22.2.4 - - [13/Apr/2022:10:17:52 -0500] "GET /BLA/boletinlegal/actos.php HTTP/1.1" 200 9559
172.22.2.4 - - [13/Apr/2022:10:17:52 -0500] "GET /BLA/boletinlegal/js/ajax_actos.js HTTP/1.1" 200 1322
172.22.2.4 - - [13/Apr/2022:10:17:52 -0500] "GET /BLA/boletinlegal/niceforms-default.css HTTP/1.1" 200 6694
172.22.2.4 - - [13/Apr/2022:10:17:52 -0500] "GET /BLA/boletinlegal/niceforms.js HTTP/1.1" 200 22876
172.22.2.4 - - [13/Apr/2022:10:17:52 -0500] "GET /BLA/boletinlegal/js/lib.js HTTP/1.1" 200 6474
172.22.2.4 - - [13/Apr/2022:10:17:52 -0500] "GET /BLA/boletinlegal/js/popup.js HTTP/1.1" 200 1270
172.22.2.4 - - [13/Apr/2022:10:17:52 -0500] "GET /BLA/boletinlegal/js/jquery1.js HTTP/1.1" 200 29846
172.22.2.4 - - [13/Apr/2022:10:17:52 -0500] "GET /BLA/boletinlegal/images/green-yellow-blue-pink-th.png HTTP/1.1" 200 7394
172.22.2.4 - - [13/Apr/2022:10:17:52 -0500] "GET /BLA/boletinlegal/images/abajo.png HTTP/1.1" 200 96676
172.22.2.4 - - [13/Apr/2022:10:17:52 -0500] "GET /BLA/boletinlegal/images/tel.png HTTP/1.1" 200 14477
172.22.2.4 - - [13/Apr/2022:10:17:52 -0500] "GET /BLA/boletinlegal/images/icono-email.png HTTP/1.1" 200 5544
172.22.2.4 - - [13/Apr/2022:10:17:52 -0500] "GET /BLA/boletinlegal/images/footer_bg_l.jpg HTTP/1.1" 200 776
172.22.2.4 - - [13/Apr/2022:10:17:52 -0500] "GET /BLA/boletinlegal/img/0.png HTTP/1.1" 200 110
172.22.2.4 - - [13/Apr/2022:10:17:52 -0500] "GET /BLA/boletinlegal/img/button-right.png HTTP/1.1" 200 57878
172.22.2.4 - - [13/Apr/2022:10:17:52 -0500] "GET /BLA/boletinlegal/img/select-left.png HTTP/1.1" 200 263
172.22.2.4 - - [13/Apr/2022:10:17:52 -0500] "GET /BLA/boletinlegal/img/button.png HTTP/1.1" 200 43241
172.22.2.4 - - [13/Apr/2022:10:17:52 -0500] "GET /BLA/boletinlegal/img/select-right.png HTTP/1.1" 200 44019
172.22.2.4 - - [13/Apr/2022:10:17:52 -0500] "GET /BLA/boletinlegal/img/button-left.png HTTP/1.1" 200 57071
172.22.2.4 - - [13/Apr/2022:10:17:52 -0500] "GET /BLA/boletinlegal/favicon.ico HTTP/1.1" 404 1326
190.0.246.130 - - [13/Apr/2022:10:17:57 -0500] "POST /sipsesda/faces/vista/administracion/funcionario/listadoFuncionario.jspx HTTP/1.1" 200 37352
186.155.116.185 - - [13/Apr/2022:10:18:01 -0500] "GET /BLA/resoluciones/ HTTP/1.1" 200 13093
186.155.116.185 - - [13/Apr/2022:10:18:01 -0500] "GET /BLA/resoluciones/dlf/folder.png HTTP/1.1" 200 410
186.155.116.185 - - [13/Apr/2022:10:18:01 -0500] "GET /BLA/resoluciones/dlf/styles.css HTTP/1.1" 200 3049
186.155.116.185 - - [13/Apr/2022:10:18:01 -0500] "GET /BLA/resoluciones/dlf/bg.gif HTTP/1.1" 200 54
186.155.116.185 - - [13/Apr/2022:10:18:01 -0500] "GET /favicon.ico HTTP/1.1" 200 7782
190.0.246.130 - - [13/Apr/2022:10:18:23 -0500] "POST /sipsesda/faces/vista/administracion/funcionario/listadoFuncionario.jspx HTTP/1.1" 200 38982
172.22.2.4 - - [13/Apr/2022:10:17:34 -0500] "GET /BLA/boletinlegal/ HTTP/1.1" 200 32715
186.155.116.185 - - [13/Apr/2022:10:18:32 -0500] "GET /BLA/resoluciones/index.php?dir=AUTOS+2022%2F HTTP/1.1" 200 8009
186.155.116.185 - - [13/Apr/2022:10:18:32 -0500] "GET /BLA/resoluciones/dlf/dirup.png HTTP/1.1" 200 644
186.155.116.185 - - [13/Apr/2022:10:18:32 -0500] "GET /BLA/resoluciones/dlf/pdf.gif HTTP/1.1" 200 272
172.22.2.4 - - [13/Apr/2022:10:16:55 -0500] "HEAD /BLA/boletinlegal/ HTTP/1.1" 200 -
191.95.134.236 - - [13/Apr/2022:10:18:49 -0500] "POST /forms/lservlet;jsessionid=ac16012b30d6532c3f7e73624a11a4a9a72c2f6d7170.e3iSbxaKaheRe3iOaNeTahmObO1ynknvrkLOlQzNp65In0 HTTP/1.1" 200 2
186.84.89.148 - - [13/Apr/2022:10:19:01 -0500] "GET /BLA/boletinlegal/actos.php HTTP/1.1" 200 9559
186.84.89.148 - - [13/Apr/2022:10:19:10 -0500] "GET /BLA/boletinlegal/consulta_actos.php?tipo=resoluciones&no=3533&usuario=&sector=&fecha=2019&resuelve= HTTP/1.1" 200 1047
186.84.89.148 - - [13/Apr/2022:10:19:13 -0500] "GET /BLA/resoluciones/RESOLUCIONES%202019/3533. HTTP/1.1" 404 1298
186.155.116.185 - - [13/Apr/2022:10:19:18 -0500] "GET /BLA/resoluciones/index.php?dir= HTTP/1.1" 200 13093
186.84.89.148 - - [13/Apr/2022:10:19:23 -0500] "GET /BLA/boletinlegal/consulta_actos.php?tipo=resoluciones&no=3533&usuario=&sector=SILVICULTURA&fecha=2019&resuelve= HTTP/1.1" 200 1047
186.84.89.148 - - [13/Apr/2022:10:19:24 -0500] "GET /BLA/boletinlegal/consulta_actos.php?tipo=resoluciones&no=3533&usuario=&sector=SILVICULTURA&fecha=2019&resuelve= HTTP/1.1" 200 1047
186.155.116.185 - - [13/Apr/2022:10:19:25 -0500] "GET /BLA/resoluciones/index.php?dir=RESOLUCIONES+2022%2F HTTP/1.1" 200 12413
172.22.2.4 - - [13/Apr/2022:10:17:45 -0500] "GET /BLA/boletinlegal/ HTTP/1.1" 200 55877
186.84.89.148 - - [13/Apr/2022:10:19:28 -0500] "GET /BLA/resoluciones/RESOLUCIONES%202019/3533. HTTP/1.1" 404 1298
186.155.116.185 - - [13/Apr/2022:10:19:29 -0500] "GET /BLA/resoluciones/index.php?dir= HTTP/1.1" 200 13093
172.22.2.4 - - [13/Apr/2022:10:19:31 -0500] "GET /BLA/boletinlegal/actos.php HTTP/1.1" 200 9559
172.22.2.4 - - [13/Apr/2022:10:19:31 -0500] "GET /BLA/boletinlegal/favicon.ico HTTP/1.1" 404 1326
181.61.164.108 - - [13/Apr/2022:10:19:33 -0500] "GET /BLA/resoluciones/ HTTP/1.1" 200 13093
69.63.184.1 - - [13/Apr/2022:10:19:34 -0500] "GET /images/llantaton-jornada.jpg HTTP/1.1" 200 356045
186.84.89.148 - - [13/Apr/2022:10:19:35 -0500] "GET /BLA/resoluciones/ HTTP/1.1" 200 13093
186.84.89.148 - - [13/Apr/2022:10:19:35 -0500] "GET /BLA/resoluciones/dlf/styles.css HTTP/1.1" 200 3049
186.84.89.148 - - [13/Apr/2022:10:19:35 -0500] "GET /BLA/resoluciones/dlf/folder.png HTTP/1.1" 200 410
186.84.89.148 - - [13/Apr/2022:10:19:36 -0500] "GET /BLA/resoluciones/dlf/bg.gif HTTP/1.1" 200 54
186.84.89.148 - - [13/Apr/2022:10:19:38 -0500] "GET /BLA/resoluciones/dlf/dirup.png HTTP/1.1" 200 644
186.84.89.148 - - [13/Apr/2022:10:19:39 -0500] "GET /BLA/resoluciones/dlf/pdf.gif HTTP/1.1" 200 272
186.84.89.148 - - [13/Apr/2022:10:19:38 -0500] "GET /BLA/resoluciones/index.php?dir=RESOLUCIONES+2019%2F HTTP/1.1" 200 235205
172.22.2.4 - - [13/Apr/2022:10:19:19 -0500] "GET /BLA/boletinlegal/ HTTP/1.1" 200 32715
191.95.134.236 - - [13/Apr/2022:10:20:06 -0500] "POST /forms/lservlet;jsessionid=ac16012b30d6532c3f7e73624a11a4a9a72c2f6d7170.e3iSbxaKaheRe3iOaNeTahmObO1ynknvrkLOlQzNp65In0 HTTP/1.1" 200 2
191.95.134.236 - - [13/Apr/2022:10:20:06 -0500] "POST /forms/lservlet;jsessionid=ac16012b30d6532c3f7e73624a11a4a9a72c2f6d7170.e3iSbxaKaheRe3iOaNeTahmObO1ynknvrkLOlQzNp65In0 HTTP/1.1" 200 2318
191.95.134.236 - - [13/Apr/2022:10:20:06 -0500] "GET /imagenes/Srch_frw.gif HTTP/1.1" 200 925
191.95.134.236 - - [13/Apr/2022:10:20:06 -0500] "POST /forms/lservlet;jsessionid=ac16012b30d6532c3f7e73624a11a4a9a72c2f6d7170.e3iSbxaKaheRe3iOaNeTahmObO1ynknvrkLOlQzNp65In0 HTTP/1.1" 200 10
190.0.246.130 - - [13/Apr/2022:10:20:12 -0500] "POST /sipse/faces/presentacion/proyectos/proyecto/proyecto.xhtml HTTP/1.1" 200 5795
191.95.134.236 - - [13/Apr/2022:10:20:12 -0500] "POST /forms/lservlet;jsessionid=ac16012b30d6532c3f7e73624a11a4a9a72c2f6d7170.e3iSbxaKaheRe3iOaNeTahmObO1ynknvrkLOlQzNp65In0 HTTP/1.1" 200 24
191.95.134.236 - - [13/Apr/2022:10:20:14 -0500] "POST /forms/lservlet;jsessionid=ac16012b30d6532c3f7e73624a11a4a9a72c2f6d7170.e3iSbxaKaheRe3iOaNeTahmObO1ynknvrkLOlQzNp65In0 HTTP/1.1" 200 14
191.95.134.236 - - [13/Apr/2022:10:20:16 -0500] "POST /forms/lservlet;jsessionid=ac16012b30d6532c3f7e73624a11a4a9a72c2f6d7170.e3iSbxaKaheRe3iOaNeTahmObO1ynknvrkLOlQzNp65In0 HTTP/1.1" 200 3295
207.46.13.209 - - [13/Apr/2022:10:20:18 -0500] "GET /bla/resoluciones/resoluciones%202016/1121.pdf HTTP/1.1" 200 247796
190.0.246.130 - - [13/Apr/2022:10:20:17 -0500] "POST /sipse/faces/presentacion/proyectos/proyecto/proyecto.xhtml HTTP/1.1" 200 36324
191.95.134.236 - - [13/Apr/2022:10:20:18 -0500] "POST /forms/lservlet;jsessionid=ac16012b30d6532c3f7e73624a11a4a9a72c2f6d7170.e3iSbxaKaheRe3iOaNeTahmObO1ynknvrkLOlQzNp65In0 HTTP/1.1" 200 2
190.0.246.130 - - [13/Apr/2022:10:20:19 -0500] "GET /sipse/faces/javax.faces.resource/jquery/jquery.js?ln=primefaces&v=4.0 HTTP/1.1" 304 -
190.0.246.130 - - [13/Apr/2022:10:20:19 -0500] "GET /sipse/faces/javax.faces.resource/jquery/jquery-plugins.js?ln=primefaces&v=4.0 HTTP/1.1" 304 -
190.0.246.130 - - [13/Apr/2022:10:20:19 -0500] "GET /sipse/faces/javax.faces.resource/primefaces.js?ln=primefaces&v=4.0 HTTP/1.1" 304 -
190.0.246.130 - - [13/Apr/2022:10:20:20 -0500] "GET /sipse/faces/javax.faces.resource/layout/layout.js?ln=primefaces&v=4.0 HTTP/1.1" 304 -
190.0.246.130 - - [13/Apr/2022:10:20:20 -0500] "POST /sipse/faces/presentacion/workflow/reasignarReenrutar.xhtml HTTP/1.1" 200 29764
190.0.246.130 - - [13/Apr/2022:10:20:20 -0500] "POST /sipse/faces/presentacion/workflow/reasignarReenrutar.xhtml HTTP/1.1" 200 29764
190.0.246.130 - - [13/Apr/2022:10:20:21 -0500] "POST /sipse/faces/presentacion/workflow/reasignarReenrutar.xhtml HTTP/1.1" 200 29764
190.0.246.130 - - [13/Apr/2022:10:20:23 -0500] "POST /sipse/faces/presentacion/workflow/reasignarReenrutar.xhtml HTTP/1.1" 200 29764
190.0.246.130 - - [13/Apr/2022:10:20:25 -0500] "POST /sipse/faces/presentacion/workflow/reasignarReenrutar.xhtml HTTP/1.1" 200 15467
190.0.246.130 - - [13/Apr/2022:10:20:30 -0500] "POST /sipse/faces/presentacion/workflow/reasignarReenrutar.xhtml HTTP/1.1" 200 15521
190.0.246.130 - - [13/Apr/2022:10:20:33 -0500] "POST /sipse/faces/presentacion/workflow/reasignarReenrutar.xhtml HTTP/1.1" 200 742251
191.95.134.236 - - [13/Apr/2022:10:20:49 -0500] "POST /forms/lservlet;jsessionid=ac16012b30d6532c3f7e73624a11a4a9a72c2f6d7170.e3iSbxaKaheRe3iOaNeTahmObO1ynknvrkLOlQzNp65In0 HTTP/1.1" 200 2
190.0.246.130 - - [13/Apr/2022:10:20:46 -0500] "POST /sipse/faces/presentacion/workflow/reasignarReenrutar.xhtml HTTP/1.1" 200 768215
186.145.52.244 - - [13/Apr/2022:10:20:54 -0500] "GET /en-semana-santa-jardin-botanico-una-opcion-vital-para-reconectarse-y-vivir-la-naturaleza.html HTTP/1.1" 200 1012
172.22.2.4 - - [13/Apr/2022:10:21:15 -0500] "GET /BLA/boletinlegal/consulta_actos.php?tipo=autos&no=6436&usuario=&sector=&fecha=2021&resuelve= HTTP/1.1" 200 626
191.95.134.236 - - [13/Apr/2022:10:21:16 -0500] "POST /forms/lservlet;jsessionid=ac16012b30d6532c3f7e73624a11a4a9a72c2f6d7170.e3iSbxaKaheRe3iOaNeTahmObO1ynknvrkLOlQzNp65In0 HTTP/1.1" 200 2
191.95.134.236 - - [13/Apr/2022:10:21:16 -0500] "POST /forms/lservlet;jsessionid=ac16012b30d6532c3f7e73624a11a4a9a72c2f6d7170.e3iSbxaKaheRe3iOaNeTahmObO1ynknvrkLOlQzNp65In0 HTTP/1.1" 200 14
191.95.134.236 - - [13/Apr/2022:10:21:17 -0500] "POST /forms/lservlet;jsessionid=ac16012b30d6532c3f7e73624a11a4a9a72c2f6d7170.e3iSbxaKaheRe3iOaNeTahmObO1ynknvrkLOlQzNp65In0 HTTP/1.1" 200 14
191.95.134.236 - - [13/Apr/2022:10:21:19 -0500] "POST /forms/lservlet;jsessionid=ac16012b30d6532c3f7e73624a11a4a9a72c2f6d7170.e3iSbxaKaheRe3iOaNeTahmObO1ynknvrkLOlQzNp65In0 HTTP/1.1" 200 106
191.95.134.236 - - [13/Apr/2022:10:21:19 -0500] "POST /forms/lservlet;jsessionid=ac16012b30d6532c3f7e73624a11a4a9a72c2f6d7170.e3iSbxaKaheRe3iOaNeTahmObO1ynknvrkLOlQzNp65In0 HTTP/1.1" 200 2
191.95.134.236 - - [13/Apr/2022:10:21:20 -0500] "GET /reports/rwservlet/getjobid74857?server=repnomi HTTP/1.1" 200 47743
190.0.246.130 - - [13/Apr/2022:10:21:18 -0500] "POST /sipse/faces/presentacion/workflow/reasignarReenrutar.xhtml HTTP/1.1" 200 768785
190.0.246.130 - - [13/Apr/2022:10:21:28 -0500] "POST /sipse/faces/presentacion/workflow/reasignarReenrutar.xhtml HTTP/1.1" 200 4957
181.61.164.108 - - [13/Apr/2022:10:21:53 -0500] "GET /BLA/resoluciones/index.php?dir=RESOLUCIONES+2005%2F HTTP/1.1" 200 49518
181.61.164.108 - - [13/Apr/2022:10:21:56 -0500] "GET /BLA/resoluciones/index.php?dir=RESOLUCIONES+2005%2FRES+2005+51-100%2F HTTP/1.1" 200 12192
216.245.221.92 - - [13/Apr/2022:10:22:04 -0500] "HEAD / HTTP/1.1" 200 -
190.0.246.130 - - [13/Apr/2022:10:22:04 -0500] "POST /sipsesda/faces/vista/administracion/funcionario/listadoFuncionario.jspx HTTP/1.1" 200 20222
190.0.246.130 - - [13/Apr/2022:10:22:05 -0500] "GET /sipsesda/adf/jsLibs/resources/LocaleElements_es_CO10_1_3_4_0.js HTTP/1.1" 200 824
190.0.246.130 - - [13/Apr/2022:10:22:06 -0500] "GET /favicon.ico HTTP/1.1" 200 7782
190.0.246.130 - - [13/Apr/2022:10:22:12 -0500] "POST /sipsesda/faces/vista/administracion/funcionario/registrarFuncionario.jspx?_afPfm=1 HTTP/1.1" 200 7590
190.0.246.130 - - [13/Apr/2022:10:22:15 -0500] "POST /sipsesda/faces/vista/administracion/rolFuncionario/registrarRolFuncionario.jspx?_afPfm=1.1 HTTP/1.1" 200 20232
191.95.134.236 - - [13/Apr/2022:10:22:23 -0500] "POST /forms/lservlet;jsessionid=ac16012b30d6532c3f7e73624a11a4a9a72c2f6d7170.e3iSbxaKaheRe3iOaNeTahmObO1ynknvrkLOlQzNp65In0 HTTP/1.1" 200 2
191.95.134.236 - - [13/Apr/2022:10:22:23 -0500] "POST /forms/lservlet;jsessionid=ac16012b30d6532c3f7e73624a11a4a9a72c2f6d7170.e3iSbxaKaheRe3iOaNeTahmObO1ynknvrkLOlQzNp65In0 HTTP/1.1" 200 14
191.95.134.236 - - [13/Apr/2022:10:22:24 -0500] "POST /forms/lservlet;jsessionid=ac16012b30d6532c3f7e73624a11a4a9a72c2f6d7170.e3iSbxaKaheRe3iOaNeTahmObO1ynknvrkLOlQzNp65In0 HTTP/1.1" 200 110
191.95.134.236 - - [13/Apr/2022:10:22:25 -0500] "POST /forms/lservlet;jsessionid=ac16012b30d6532c3f7e73624a11a4a9a72c2f6d7170.e3iSbxaKaheRe3iOaNeTahmObO1ynknvrkLOlQzNp65In0 HTTP/1.1" 200 2
191.95.134.236 - - [13/Apr/2022:10:22:25 -0500] "GET /reports/rwservlet/getjobid74858?server=repnomi HTTP/1.1" 200 47743
181.61.164.108 - - [13/Apr/2022:10:23:13 -0500] "GET /BLA/resoluciones/RESOLUCIONES%202005/RES%202005%2051-100/00000051.tif HTTP/1.1" 200 147410
191.95.134.236 - - [13/Apr/2022:10:23:24 -0500] "POST /forms/lservlet;jsessionid=ac16012b30d6532c3f7e73624a11a4a9a72c2f6d7170.e3iSbxaKaheRe3iOaNeTahmObO1ynknvrkLOlQzNp65In0 HTTP/1.1" 200 2
201.245.192.253 - - [13/Apr/2022:10:22:39 -0500] "POST /kwsrmcab/Wsrmcab HTTP/1.1" 200 45747
181.61.164.108 - - [13/Apr/2022:10:23:32 -0500] "GET /BLA/resoluciones/RESOLUCIONES%202005/RES%202005%2051-100/00000052.tif HTTP/1.1" 200 143512
181.61.164.108 - - [13/Apr/2022:10:23:32 -0500] "GET /BLA/resoluciones/RESOLUCIONES%202005/RES%202005%2051-100/00000053.tif HTTP/1.1" 200 150550
181.61.164.108 - - [13/Apr/2022:10:23:33 -0500] "GET /BLA/resoluciones/RESOLUCIONES%202005/RES%202005%2051-100/00000054.tif HTTP/1.1" 200 130190
181.61.164.108 - - [13/Apr/2022:10:23:34 -0500] "GET /BLA/resoluciones/RESOLUCIONES%202005/RES%202005%2051-100/00000055.tif HTTP/1.1" 200 126010
181.61.164.108 - - [13/Apr/2022:10:23:34 -0500] "GET /BLA/resoluciones/RESOLUCIONES%202005/RES%202005%2051-100/00000056.tif HTTP/1.1" 200 122446
181.61.164.108 - - [13/Apr/2022:10:23:35 -0500] "GET /BLA/resoluciones/RESOLUCIONES%202005/RES%202005%2051-100/00000057.tif HTTP/1.1" 200 132726
181.61.164.108 - - [13/Apr/2022:10:23:36 -0500] "GET /BLA/resoluciones/RESOLUCIONES%202005/RES%202005%2051-100/00000058.tif HTTP/1.1" 200 136166
181.61.164.108 - - [13/Apr/2022:10:23:36 -0500] "GET /BLA/resoluciones/RESOLUCIONES%202005/RES%202005%2051-100/00000059.tif HTTP/1.1" 200 141146
181.61.164.108 - - [13/Apr/2022:10:23:37 -0500] "GET /BLA/resoluciones/RESOLUCIONES%202005/RES%202005%2051-100/00000060.tif HTTP/1.1" 200 134796
181.61.164.108 - - [13/Apr/2022:10:23:38 -0500] "GET /BLA/resoluciones/RESOLUCIONES%202005/RES%202005%2051-100/00000061.tif HTTP/1.1" 200 143176
181.61.164.108 - - [13/Apr/2022:10:23:41 -0500] "GET /BLA/resoluciones/RESOLUCIONES%202005/RES%202005%2051-100/00000062.tif HTTP/1.1" 200 137676
181.61.164.108 - - [13/Apr/2022:10:23:41 -0500] "GET /BLA/resoluciones/RESOLUCIONES%202005/RES%202005%2051-100/00000063.tif HTTP/1.1" 200 141068
181.61.164.108 - - [13/Apr/2022:10:23:42 -0500] "GET /BLA/resoluciones/RESOLUCIONES%202005/RES%202005%2051-100/00000064.tif HTTP/1.1" 200 137902
181.61.164.108 - - [13/Apr/2022:10:23:42 -0500] "GET /BLA/resoluciones/RESOLUCIONES%202005/RES%202005%2051-100/00000065.tif HTTP/1.1" 200 139490
181.61.164.108 - - [13/Apr/2022:10:23:43 -0500] "GET /BLA/resoluciones/RESOLUCIONES%202005/RES%202005%2051-100/00000066.tif HTTP/1.1" 200 122444
191.95.134.236 - - [13/Apr/2022:10:23:44 -0500] "POST /forms/lservlet;jsessionid=ac16012b30d6532c3f7e73624a11a4a9a72c2f6d7170.e3iSbxaKaheRe3iOaNeTahmObO1ynknvrkLOlQzNp65In0 HTTP/1.1" 200 2
181.61.164.108 - - [13/Apr/2022:10:23:44 -0500] "GET /BLA/resoluciones/RESOLUCIONES%202005/RES%202005%2051-100/00000067.tif HTTP/1.1" 200 126270
181.61.164.108 - - [13/Apr/2022:10:23:44 -0500] "GET /BLA/resoluciones/RESOLUCIONES%202005/RES%202005%2051-100/00000068.tif HTTP/1.1" 200 152210
191.95.134.236 - - [13/Apr/2022:10:23:44 -0500] "POST /forms/lservlet;jsessionid=ac16012b30d6532c3f7e73624a11a4a9a72c2f6d7170.e3iSbxaKaheRe3iOaNeTahmObO1ynknvrkLOlQzNp65In0 HTTP/1.1" 200 14
181.61.164.108 - - [13/Apr/2022:10:23:45 -0500] "GET /BLA/resoluciones/RESOLUCIONES%202005/RES%202005%2051-100/00000069.tif HTTP/1.1" 200 122694
181.61.164.108 - - [13/Apr/2022:10:23:46 -0500] "GET /BLA/resoluciones/RESOLUCIONES%202005/RES%202005%2051-100/00000070.tif HTTP/1.1" 200 146366
181.61.164.108 - - [13/Apr/2022:10:23:46 -0500] "GET /BLA/resoluciones/RESOLUCIONES%202005/RES%202005%2051-100/00000071.tif HTTP/1.1" 200 251400
191.95.134.236 - - [13/Apr/2022:10:23:45 -0500] "POST /forms/lservlet;jsessionid=ac16012b30d6532c3f7e73624a11a4a9a72c2f6d7170.e3iSbxaKaheRe3iOaNeTahmObO1ynknvrkLOlQzNp65In0 HTTP/1.1" 200 14
181.61.164.108 - - [13/Apr/2022:10:23:47 -0500] "GET /BLA/resoluciones/RESOLUCIONES%202005/RES%202005%2051-100/00000072.tif HTTP/1.1" 200 125428
181.61.164.108 - - [13/Apr/2022:10:23:48 -0500] "GET /BLA/resoluciones/RESOLUCIONES%202005/RES%202005%2051-100/00000073.tif HTTP/1.1" 200 123834
191.95.134.236 - - [13/Apr/2022:10:23:47 -0500] "POST /forms/lservlet;jsessionid=ac16012b30d6532c3f7e73624a11a4a9a72c2f6d7170.e3iSbxaKaheRe3iOaNeTahmObO1ynknvrkLOlQzNp65In0 HTTP/1.1" 200 14
181.61.164.108 - - [13/Apr/2022:10:23:48 -0500] "GET /BLA/resoluciones/RESOLUCIONES%202005/RES%202005%2051-100/00000074.tif HTTP/1.1" 200 125148
181.61.164.108 - - [13/Apr/2022:10:23:49 -0500] "GET /BLA/resoluciones/RESOLUCIONES%202005/RES%202005%2051-100/00000075.tif HTTP/1.1" 200 138038
191.95.134.236 - - [13/Apr/2022:10:23:48 -0500] "POST /forms/lservlet;jsessionid=ac16012b30d6532c3f7e73624a11a4a9a72c2f6d7170.e3iSbxaKaheRe3iOaNeTahmObO1ynknvrkLOlQzNp65In0 HTTP/1.1" 200 14
191.95.134.236 - - [13/Apr/2022:10:23:50 -0500] "POST /forms/lservlet;jsessionid=ac16012b30d6532c3f7e73624a11a4a9a72c2f6d7170.e3iSbxaKaheRe3iOaNeTahmObO1ynknvrkLOlQzNp65In0 HTTP/1.1" 200 15
191.95.134.236 - - [13/Apr/2022:10:23:53 -0500] "POST /forms/lservlet;jsessionid=ac16012b30d6532c3f7e73624a11a4a9a72c2f6d7170.e3iSbxaKaheRe3iOaNeTahmObO1ynknvrkLOlQzNp65In0 HTTP/1.1" 200 15
191.95.134.236 - - [13/Apr/2022:10:23:58 -0500] "POST /forms/lservlet;jsessionid=ac16012b30d6532c3f7e73624a11a4a9a72c2f6d7170.e3iSbxaKaheRe3iOaNeTahmObO1ynknvrkLOlQzNp65In0 HTTP/1.1" 200 15
191.95.134.236 - - [13/Apr/2022:10:24:05 -0500] "POST /forms/lservlet;jsessionid=ac16012b30d6532c3f7e73624a11a4a9a72c2f6d7170.e3iSbxaKaheRe3iOaNeTahmObO1ynknvrkLOlQzNp65In0 HTTP/1.1" 200 15
201.245.192.253 - - [13/Apr/2022:10:23:28 -0500] "POST /kwsrmcab/Wsrmcab HTTP/1.1" 200 43304
191.95.134.236 - - [13/Apr/2022:10:24:14 -0500] "POST /forms/lservlet;jsessionid=ac16012b30d6532c3f7e73624a11a4a9a72c2f6d7170.e3iSbxaKaheRe3iOaNeTahmObO1ynknvrkLOlQzNp65In0 HTTP/1.1" 200 107
191.95.134.236 - - [13/Apr/2022:10:24:15 -0500] "POST /forms/lservlet;jsessionid=ac16012b30d6532c3f7e73624a11a4a9a72c2f6d7170.e3iSbxaKaheRe3iOaNeTahmObO1ynknvrkLOlQzNp65In0 HTTP/1.1" 200 2
181.61.164.108 - - [13/Apr/2022:10:24:18 -0500] "GET /BLA/resoluciones/RESOLUCIONES%202005/RES%202005%2051-100/00000076.tif HTTP/1.1" 200 163596
181.61.164.108 - - [13/Apr/2022:10:24:19 -0500] "GET /BLA/resoluciones/RESOLUCIONES%202005/RES%202005%2051-100/00000077.tif HTTP/1.1" 200 143722
181.61.164.108 - - [13/Apr/2022:10:24:20 -0500] "GET /BLA/resoluciones/RESOLUCIONES%202005/RES%202005%2051-100/00000078.tif HTTP/1.1" 200 161350
181.61.164.108 - - [13/Apr/2022:10:24:21 -0500] "GET /BLA/resoluciones/RESOLUCIONES%202005/RES%202005%2051-100/00000079.tif HTTP/1.1" 200 158690
181.61.164.108 - - [13/Apr/2022:10:24:22 -0500] "GET /BLA/resoluciones/RESOLUCIONES%202005/RES%202005%2051-100/00000080.tif HTTP/1.1" 200 143332
181.61.164.108 - - [13/Apr/2022:10:24:22 -0500] "GET /BLA/resoluciones/RESOLUCIONES%202005/RES%202005%2051-100/00000081.tif HTTP/1.1" 200 130640
181.61.164.108 - - [13/Apr/2022:10:24:23 -0500] "GET /BLA/resoluciones/RESOLUCIONES%202005/RES%202005%2051-100/00000082.tif HTTP/1.1" 200 136822
172.22.2.4 - - [13/Apr/2022:10:22:45 -0500] "HEAD /BLA/boletinlegal/ HTTP/1.1" 200 -
181.61.164.108 - - [13/Apr/2022:10:24:26 -0500] "GET /BLA/resoluciones/RESOLUCIONES%202005/RES%202005%2051-100/00000083.tif HTTP/1.1" 200 116098
181.61.164.108 - - [13/Apr/2022:10:24:28 -0500] "GET /BLA/resoluciones/RESOLUCIONES%202005/RES%202005%2051-100/00000084.tif HTTP/1.1" 200 125402
181.61.164.108 - - [13/Apr/2022:10:24:29 -0500] "GET /BLA/resoluciones/RESOLUCIONES%202005/RES%202005%2051-100/00000085.tif HTTP/1.1" 200 126254
181.61.164.108 - - [13/Apr/2022:10:24:29 -0500] "GET /BLA/resoluciones/RESOLUCIONES%202005/RES%202005%2051-100/00000086.tif HTTP/1.1" 200 133824
181.61.164.108 - - [13/Apr/2022:10:24:30 -0500] "GET /BLA/resoluciones/RESOLUCIONES%202005/RES%202005%2051-100/00000087.tif HTTP/1.1" 200 125866
181.61.164.108 - - [13/Apr/2022:10:24:31 -0500] "GET /BLA/resoluciones/RESOLUCIONES%202005/RES%202005%2051-100/00000088.tif HTTP/1.1" 200 116916
181.61.164.108 - - [13/Apr/2022:10:24:31 -0500] "GET /BLA/resoluciones/RESOLUCIONES%202005/RES%202005%2051-100/00000089.tif HTTP/1.1" 200 144304
181.61.164.108 - - [13/Apr/2022:10:24:32 -0500] "GET /BLA/resoluciones/RESOLUCIONES%202005/RES%202005%2051-100/00000090.tif HTTP/1.1" 200 146860
181.61.164.108 - - [13/Apr/2022:10:24:33 -0500] "GET /BLA/resoluciones/RESOLUCIONES%202005/RES%202005%2051-100/00000091.tif HTTP/1.1" 200 136862
181.61.164.108 - - [13/Apr/2022:10:24:33 -0500] "GET /BLA/resoluciones/RESOLUCIONES%202005/RES%202005%2051-100/00000092.tif HTTP/1.1" 200 130852
181.61.164.108 - - [13/Apr/2022:10:24:34 -0500] "GET /BLA/resoluciones/RESOLUCIONES%202005/RES%202005%2051-100/00000093.tif HTTP/1.1" 200 145216
181.61.164.108 - - [13/Apr/2022:10:24:35 -0500] "GET /BLA/resoluciones/RESOLUCIONES%202005/RES%202005%2051-100/00000094.tif HTTP/1.1" 200 137798
181.61.164.108 - - [13/Apr/2022:10:24:36 -0500] "GET /BLA/resoluciones/RESOLUCIONES%202005/RES%202005%2051-100/00000095.tif HTTP/1.1" 200 137156
181.61.164.108 - - [13/Apr/2022:10:24:36 -0500] "GET /BLA/resoluciones/RESOLUCIONES%202005/RES%202005%2051-100/00000096.tif HTTP/1.1" 200 252838
181.61.164.108 - - [13/Apr/2022:10:24:37 -0500] "GET /BLA/resoluciones/RESOLUCIONES%202005/RES%202005%2051-100/00000097.tif HTTP/1.1" 200 131790
181.61.164.108 - - [13/Apr/2022:10:24:38 -0500] "GET /BLA/resoluciones/RESOLUCIONES%202005/RES%202005%2051-100/00000098.tif HTTP/1.1" 200 43870
181.61.164.108 - - [13/Apr/2022:10:24:38 -0500] "GET /BLA/resoluciones/RESOLUCIONES%202005/RES%202005%2051-100/00000099.tif HTTP/1.1" 200 47092
181.61.164.108 - - [13/Apr/2022:10:24:39 -0500] "GET /BLA/resoluciones/RESOLUCIONES%202005/RES%202005%2051-100/00000100.tif HTTP/1.1" 200 6314
191.95.134.236 - - [13/Apr/2022:10:25:10 -0500] "POST /forms/lservlet;jsessionid=ac16012b30d6532c3f7e73624a11a4a9a72c2f6d7170.e3iSbxaKaheRe3iOaNeTahmObO1ynknvrkLOlQzNp65In0 HTTP/1.1" 200 2
191.95.134.236 - - [13/Apr/2022:10:25:10 -0500] "POST /forms/lservlet;jsessionid=ac16012b30d6532c3f7e73624a11a4a9a72c2f6d7170.e3iSbxaKaheRe3iOaNeTahmObO1ynknvrkLOlQzNp65In0 HTTP/1.1" 200 14
191.95.134.236 - - [13/Apr/2022:10:25:11 -0500] "POST /forms/lservlet;jsessionid=ac16012b30d6532c3f7e73624a11a4a9a72c2f6d7170.e3iSbxaKaheRe3iOaNeTahmObO1ynknvrkLOlQzNp65In0 HTTP/1.1" 200 107
191.95.134.236 - - [13/Apr/2022:10:25:12 -0500] "POST /forms/lservlet;jsessionid=ac16012b30d6532c3f7e73624a11a4a9a72c2f6d7170.e3iSbxaKaheRe3iOaNeTahmObO1ynknvrkLOlQzNp65In0 HTTP/1.1" 200 2
191.95.134.236 - - [13/Apr/2022:10:25:13 -0500] "GET /reports/rwservlet/getjobid74860?server=repnomi HTTP/1.1" 200 63538
172.22.2.4 - - [13/Apr/2022:10:23:35 -0500] "GET /BLA/boletinlegal/ HTTP/1.1" 200 54090
191.95.134.236 - - [13/Apr/2022:10:25:24 -0500] "POST /forms/lservlet;jsessionid=ac16012b30d6532c3f7e73624a11a4a9a72c2f6d7170.e3iSbxaKaheRe3iOaNeTahmObO1ynknvrkLOlQzNp65In0 HTTP/1.1" 200 2
191.95.134.236 - - [13/Apr/2022:10:24:15 -0500] "GET /reports/rwservlet/getjobid74859?server=repnomi HTTP/1.1" 200 11180766
190.0.246.130 - - [13/Apr/2022:10:25:37 -0500] "POST /sipsesda/faces/vista/administracion/funcionario/registrarFuncionario.jspx?_afPfm=1 HTTP/1.1" 200 39050
190.0.246.130 - - [13/Apr/2022:10:25:44 -0500] "POST /sipsesda/faces/vista/administracion/funcionario/listadoFuncionario.jspx HTTP/1.1" 200 36915
190.0.246.130 - - [13/Apr/2022:10:25:48 -0500] "POST /sipsesda/faces/vista/administracion/funcionario/listadoFuncionario.jspx HTTP/1.1" 200 37352
190.0.246.130 - - [13/Apr/2022:10:25:51 -0500] "POST /sipsesda/faces/vista/administracion/funcionario/listadoFuncionario.jspx HTTP/1.1" 200 20003
181.61.164.108 - - [13/Apr/2022:10:26:00 -0500] "GET /BLA/resoluciones/index.php?dir=RESOLUCIONES+2005%2FRES+2005+151-200%2F HTTP/1.1" 200 12230
181.61.164.108 - - [13/Apr/2022:10:26:02 -0500] "GET /BLA/resoluciones/RESOLUCIONES%202005/RES%202005%20151-200/00000151.tif HTTP/1.1" 200 48382
181.61.164.108 - - [13/Apr/2022:10:26:02 -0500] "GET /BLA/resoluciones/RESOLUCIONES%202005/RES%202005%20151-200/00000152.tif HTTP/1.1" 200 50140
190.0.246.130 - - [13/Apr/2022:10:26:02 -0500] "POST /sipsesda/faces/vista/administracion/funcionario/registrarFuncionario.jspx?_afPfm=2 HTTP/1.1" 200 17887
181.61.164.108 - - [13/Apr/2022:10:26:03 -0500] "GET /BLA/resoluciones/RESOLUCIONES%202005/RES%202005%20151-200/00000153.tif HTTP/1.1" 200 46524
181.61.164.108 - - [13/Apr/2022:10:26:04 -0500] "GET /BLA/resoluciones/RESOLUCIONES%202005/RES%202005%20151-200/00000154.tif HTTP/1.1" 200 44284
181.61.164.108 - - [13/Apr/2022:10:26:05 -0500] "GET /BLA/resoluciones/RESOLUCIONES%202005/RES%202005%20151-200/00000155.tif HTTP/1.1" 200 44054
181.61.164.108 - - [13/Apr/2022:10:26:06 -0500] "GET /BLA/resoluciones/RESOLUCIONES%202005/RES%202005%20151-200/00000156.tif HTTP/1.1" 200 45334
181.61.164.108 - - [13/Apr/2022:10:26:07 -0500] "GET /BLA/resoluciones/RESOLUCIONES%202005/RES%202005%20151-200/00000157.tif HTTP/1.1" 200 45340
181.61.164.108 - - [13/Apr/2022:10:26:08 -0500] "GET /BLA/resoluciones/RESOLUCIONES%202005/RES%202005%20151-200/00000158.tif HTTP/1.1" 200 186246
190.0.246.130 - - [13/Apr/2022:10:26:08 -0500] "POST /sipsesda/faces/vista/administracion/cargoFuncionario/registrarCargoFuncionario.jspx?_afPfm=2.1 HTTP/1.1" 200 20011
181.61.164.108 - - [13/Apr/2022:10:26:09 -0500] "GET /BLA/resoluciones/RESOLUCIONES%202005/RES%202005%20151-200/00000159.tif HTTP/1.1" 200 45554
181.61.164.108 - - [13/Apr/2022:10:26:09 -0500] "GET /BLA/resoluciones/RESOLUCIONES%202005/RES%202005%20151-200/00000160.tif HTTP/1.1" 200 44126
181.61.164.108 - - [13/Apr/2022:10:26:10 -0500] "GET /BLA/resoluciones/RESOLUCIONES%202005/RES%202005%20151-200/00000161.tif HTTP/1.1" 200 44432
181.61.164.108 - - [13/Apr/2022:10:26:11 -0500] "GET /BLA/resoluciones/RESOLUCIONES%202005/RES%202005%20151-200/00000162.tif HTTP/1.1" 200 44742
181.61.164.108 - - [13/Apr/2022:10:26:11 -0500] "GET /BLA/resoluciones/RESOLUCIONES%202005/RES%202005%20151-200/00000163.tif HTTP/1.1" 200 43870
181.61.164.108 - - [13/Apr/2022:10:26:12 -0500] "GET /BLA/resoluciones/RESOLUCIONES%202005/RES%202005%20151-200/00000164.tif HTTP/1.1" 200 50182
181.61.164.108 - - [13/Apr/2022:10:26:13 -0500] "GET /BLA/resoluciones/RESOLUCIONES%202005/RES%202005%20151-200/00000165.tif HTTP/1.1" 200 62038
181.61.164.108 - - [13/Apr/2022:10:26:14 -0500] "GET /BLA/resoluciones/RESOLUCIONES%202005/RES%202005%20151-200/00000166.tif HTTP/1.1" 200 295966
181.61.164.108 - - [13/Apr/2022:10:26:14 -0500] "GET /BLA/resoluciones/RESOLUCIONES%202005/RES%202005%20151-200/00000167.tif HTTP/1.1" 200 43576
181.61.164.108 - - [13/Apr/2022:10:26:15 -0500] "GET /BLA/resoluciones/RESOLUCIONES%202005/RES%202005%20151-200/00000168.tif HTTP/1.1" 200 48892
181.61.164.108 - - [13/Apr/2022:10:26:16 -0500] "GET /BLA/resoluciones/RESOLUCIONES%202005/RES%202005%20151-200/00000169.tif HTTP/1.1" 200 86804
181.61.164.108 - - [13/Apr/2022:10:26:18 -0500] "GET /BLA/resoluciones/RESOLUCIONES%202005/RES%202005%20151-200/00000170.tif HTTP/1.1" 200 97626
181.61.164.108 - - [13/Apr/2022:10:26:18 -0500] "GET /BLA/resoluciones/RESOLUCIONES%202005/RES%202005%20151-200/00000171.tif HTTP/1.1" 200 109084
181.61.164.108 - - [13/Apr/2022:10:26:19 -0500] "GET /BLA/resoluciones/RESOLUCIONES%202005/RES%202005%20151-200/00000172.tif HTTP/1.1" 200 124798
181.61.164.108 - - [13/Apr/2022:10:26:20 -0500] "GET /BLA/resoluciones/RESOLUCIONES%202005/RES%202005%20151-200/00000173.tif HTTP/1.1" 200 180578
181.61.164.108 - - [13/Apr/2022:10:26:21 -0500] "GET /BLA/resoluciones/RESOLUCIONES%202005/RES%202005%20151-200/00000174.tif HTTP/1.1" 200 168804
181.61.164.108 - - [13/Apr/2022:10:26:23 -0500] "GET /BLA/resoluciones/RESOLUCIONES%202005/RES%202005%20151-200/00000175.tif HTTP/1.1" 200 168542
181.61.164.108 - - [13/Apr/2022:10:26:27 -0500] "GET /BLA/resoluciones/RESOLUCIONES%202005/RES%202005%20151-200/00000176.tif HTTP/1.1" 200 151076
181.61.164.108 - - [13/Apr/2022:10:26:29 -0500] "GET /BLA/resoluciones/RESOLUCIONES%202005/RES%202005%20151-200/00000177.tif HTTP/1.1" 200 167608
181.61.164.108 - - [13/Apr/2022:10:26:29 -0500] "GET /BLA/resoluciones/RESOLUCIONES%202005/RES%202005%20151-200/00000178.tif HTTP/1.1" 200 172516
181.61.164.108 - - [13/Apr/2022:10:26:33 -0500] "GET /BLA/resoluciones/RESOLUCIONES%202005/RES%202005%20151-200/00000179.tif HTTP/1.1" 200 113252
181.61.164.108 - - [13/Apr/2022:10:26:34 -0500] "GET /BLA/resoluciones/RESOLUCIONES%202005/RES%202005%20151-200/00000180.tif HTTP/1.1" 200 226106
181.61.164.108 - - [13/Apr/2022:10:26:41 -0500] "GET /BLA/resoluciones/RESOLUCIONES%202005/RES%202005%20151-200/00000181.tif HTTP/1.1" 200 186092
181.61.164.108 - - [13/Apr/2022:10:26:41 -0500] "GET /BLA/resoluciones/RESOLUCIONES%202005/RES%202005%20151-200/00000182.tif HTTP/1.1" 200 167830
181.61.164.108 - - [13/Apr/2022:10:26:42 -0500] "GET /BLA/resoluciones/RESOLUCIONES%202005/RES%202005%20151-200/00000183.tif HTTP/1.1" 200 298038
181.61.164.108 - - [13/Apr/2022:10:26:43 -0500] "GET /BLA/resoluciones/RESOLUCIONES%202005/RES%202005%20151-200/00000184.tif HTTP/1.1" 200 168146
181.61.164.108 - - [13/Apr/2022:10:26:44 -0500] "GET /BLA/resoluciones/RESOLUCIONES%202005/RES%202005%20151-200/00000185.tif HTTP/1.1" 200 196948
181.61.164.108 - - [13/Apr/2022:10:26:45 -0500] "GET /BLA/resoluciones/RESOLUCIONES%202005/RES%202005%20151-200/00000186.tif HTTP/1.1" 200 166032
181.61.164.108 - - [13/Apr/2022:10:26:47 -0500] "GET /BLA/resoluciones/RESOLUCIONES%202005/RES%202005%20151-200/00000187.tif HTTP/1.1" 200 151988
181.61.164.108 - - [13/Apr/2022:10:26:47 -0500] "GET /BLA/resoluciones/RESOLUCIONES%202005/RES%202005%20151-200/00000188.tif HTTP/1.1" 200 166394
181.61.164.108 - - [13/Apr/2022:10:26:48 -0500] "GET /BLA/resoluciones/RESOLUCIONES%202005/RES%202005%20151-200/00000189.tif HTTP/1.1" 200 48392
181.61.164.108 - - [13/Apr/2022:10:26:49 -0500] "GET /BLA/resoluciones/RESOLUCIONES%202005/RES%202005%20151-200/00000190.tif HTTP/1.1" 200 125700
181.61.164.108 - - [13/Apr/2022:10:26:50 -0500] "GET /BLA/resoluciones/RESOLUCIONES%202005/RES%202005%20151-200/00000191.tif HTTP/1.1" 200 126360
181.61.164.108 - - [13/Apr/2022:10:26:50 -0500] "GET /BLA/resoluciones/RESOLUCIONES%202005/RES%202005%20151-200/00000192.tif HTTP/1.1" 200 122684
191.95.134.236 - - [13/Apr/2022:10:26:51 -0500] "POST /forms/lservlet;jsessionid=ac16012b30d6532c3f7e73624a11a4a9a72c2f6d7170.e3iSbxaKaheRe3iOaNeTahmObO1ynknvrkLOlQzNp65In0 HTTP/1.1" 200 2
191.95.134.236 - - [13/Apr/2022:10:26:51 -0500] "POST /forms/lservlet;jsessionid=ac16012b30d6532c3f7e73624a11a4a9a72c2f6d7170.e3iSbxaKaheRe3iOaNeTahmObO1ynknvrkLOlQzNp65In0 HTTP/1.1" 200 2318
191.95.134.236 - - [13/Apr/2022:10:26:51 -0500] "GET /imagenes/Srch_frw.gif HTTP/1.1" 200 925
191.95.134.236 - - [13/Apr/2022:10:26:51 -0500] "POST /forms/lservlet;jsessionid=ac16012b30d6532c3f7e73624a11a4a9a72c2f6d7170.e3iSbxaKaheRe3iOaNeTahmObO1ynknvrkLOlQzNp65In0 HTTP/1.1" 200 10
181.61.164.108 - - [13/Apr/2022:10:26:51 -0500] "GET /BLA/resoluciones/RESOLUCIONES%202005/RES%202005%20151-200/00000193.tif HTTP/1.1" 200 135488
181.61.164.108 - - [13/Apr/2022:10:26:52 -0500] "GET /BLA/resoluciones/RESOLUCIONES%202005/RES%202005%20151-200/00000194.tif HTTP/1.1" 200 366926
191.95.134.236 - - [13/Apr/2022:10:26:54 -0500] "POST /forms/lservlet;jsessionid=ac16012b30d6532c3f7e73624a11a4a9a72c2f6d7170.e3iSbxaKaheRe3iOaNeTahmObO1ynknvrkLOlQzNp65In0 HTTP/1.1" 200 24
191.95.134.236 - - [13/Apr/2022:10:26:54 -0500] "POST /forms/lservlet;jsessionid=ac16012b30d6532c3f7e73624a11a4a9a72c2f6d7170.e3iSbxaKaheRe3iOaNeTahmObO1ynknvrkLOlQzNp65In0 HTTP/1.1" 200 14
191.95.134.236 - - [13/Apr/2022:10:26:55 -0500] "POST /forms/lservlet;jsessionid=ac16012b30d6532c3f7e73624a11a4a9a72c2f6d7170.e3iSbxaKaheRe3iOaNeTahmObO1ynknvrkLOlQzNp65In0 HTTP/1.1" 200 3961
191.95.134.236 - - [13/Apr/2022:10:26:56 -0500] "POST /forms/lservlet;jsessionid=ac16012b30d6532c3f7e73624a11a4a9a72c2f6d7170.e3iSbxaKaheRe3iOaNeTahmObO1ynknvrkLOlQzNp65In0 HTTP/1.1" 200 2
181.61.164.108 - - [13/Apr/2022:10:27:02 -0500] "GET /BLA/resoluciones/RESOLUCIONES%202005/RES%202005%20151-200/00000195.tif HTTP/1.1" 200 174686
181.61.164.108 - - [13/Apr/2022:10:27:03 -0500] "GET /BLA/resoluciones/RESOLUCIONES%202005/RES%202005%20151-200/00000196.tif HTTP/1.1" 200 43454
216.245.221.92 - - [13/Apr/2022:10:27:04 -0500] "HEAD / HTTP/1.1" 200 -
181.61.164.108 - - [13/Apr/2022:10:27:04 -0500] "GET /BLA/resoluciones/RESOLUCIONES%202005/RES%202005%20151-200/00000197.tif HTTP/1.1" 200 42186
181.61.164.108 - - [13/Apr/2022:10:27:05 -0500] "GET /BLA/resoluciones/RESOLUCIONES%202005/RES%202005%20151-200/00000198.tif HTTP/1.1" 200 41088
181.61.164.108 - - [13/Apr/2022:10:27:06 -0500] "GET /BLA/resoluciones/RESOLUCIONES%202005/RES%202005%20151-200/00000199.tif HTTP/1.1" 200 43802
181.61.164.108 - - [13/Apr/2022:10:27:06 -0500] "GET /BLA/resoluciones/RESOLUCIONES%202005/RES%202005%20151-200/00000200.tif HTTP/1.1" 200 41702
181.61.164.108 - - [13/Apr/2022:10:27:09 -0500] "GET /BLA/resoluciones/index.php?dir=RESOLUCIONES+2005%2FRES+2005+201-250%2F HTTP/1.1" 200 12248
181.61.164.108 - - [13/Apr/2022:10:27:11 -0500] "GET /BLA/resoluciones/RESOLUCIONES%202005/RES%202005%20201-250/00000201.tif HTTP/1.1" 200 290606
181.61.164.108 - - [13/Apr/2022:10:27:11 -0500] "GET /BLA/resoluciones/RESOLUCIONES%202005/RES%202005%20201-250/00000202.tif HTTP/1.1" 200 42116
181.61.164.108 - - [13/Apr/2022:10:27:12 -0500] "GET /BLA/resoluciones/RESOLUCIONES%202005/RES%202005%20201-250/00000203.tif HTTP/1.1" 200 43960
181.61.164.108 - - [13/Apr/2022:10:27:13 -0500] "GET /BLA/resoluciones/RESOLUCIONES%202005/RES%202005%20201-250/00000204.tif HTTP/1.1" 200 239970
181.61.164.108 - - [13/Apr/2022:10:27:14 -0500] "GET /BLA/resoluciones/RESOLUCIONES%202005/RES%202005%20201-250/00000205.tif HTTP/1.1" 200 196916
181.61.164.108 - - [13/Apr/2022:10:27:15 -0500] "GET /BLA/resoluciones/RESOLUCIONES%202005/RES%202005%20201-250/00000206.tif HTTP/1.1" 200 171928
181.61.164.108 - - [13/Apr/2022:10:27:15 -0500] "GET /BLA/resoluciones/RESOLUCIONES%202005/RES%202005%20201-250/00000207.tif HTTP/1.1" 200 176328
