172.22.2.4 - - [13/Apr/2022:18:17:29 -0500] "GET /BLA/boletinlegal/consulta_actos.php?tipo=resoluciones&no=2152&usuario=&sector=&fecha=2007&resuelve= HTTP/1.1" 200 626
172.22.2.4 - - [13/Apr/2022:18:17:29 -0500] "GET /BLA/boletinlegal/consulta_actos.php?tipo=resoluciones&no=2152&usuario=&sector=&fecha=2007&resuelve= HTTP/1.1" 200 626
172.22.2.4 - - [13/Apr/2022:18:16:04 -0500] "GET /BLA/boletinlegal/ HTTP/1.1" 200 58588
172.22.2.4 - - [13/Apr/2022:18:17:58 -0500] "GET /BLA/boletinlegal/consulta_actos.php?tipo=resoluciones&no=&usuario=&sector=&fecha=2007&resuelve=Virrey HTTP/1.1" 200 626
172.22.2.4 - - [13/Apr/2022:18:18:05 -0500] "GET /BLA/boletinlegal/consulta_actos.php?tipo=resoluciones&no=&usuario=&sector=&fecha=2007&resuelve=Virrey HTTP/1.1" 200 626
172.22.2.4 - - [13/Apr/2022:18:18:16 -0500] "GET /BLA/boletinlegal/actos.php HTTP/1.1" 200 9559
172.22.2.4 - - [13/Apr/2022:18:18:39 -0500] "GET /BLA/boletinlegal/consulta_actos.php?tipo=resoluciones&no=2152&usuario=&sector=&fecha=2007&resuelve= HTTP/1.1" 200 626
40.77.167.9 - - [13/Apr/2022:18:18:40 -0500] "GET /mas-de-14-000-llantas-fueron-recolectadas-durante-2021-en-actividades-de-llantaton.html HTTP/1.1" 200 1084
172.22.2.4 - - [13/Apr/2022:18:18:42 -0500] "GET /BLA/boletinlegal/consulta_actos.php?tipo=resoluciones&no=2152&usuario=&sector=&fecha=2007&resuelve= HTTP/1.1" 200 626
172.22.2.4 - - [13/Apr/2022:18:18:42 -0500] "GET /BLA/boletinlegal/consulta_actos.php?tipo=resoluciones&no=2152&usuario=&sector=&fecha=2007&resuelve= HTTP/1.1" 200 626
172.22.2.4 - - [13/Apr/2022:18:18:42 -0500] "GET /BLA/boletinlegal/consulta_actos.php?tipo=resoluciones&no=2152&usuario=&sector=&fecha=2007&resuelve= HTTP/1.1" 200 626
172.22.2.4 - - [13/Apr/2022:18:18:43 -0500] "GET /BLA/boletinlegal/consulta_actos.php?tipo=resoluciones&no=2152&usuario=&sector=&fecha=2007&resuelve= HTTP/1.1" 200 626
216.245.221.92 - - [13/Apr/2022:18:18:53 -0500] "HEAD / HTTP/1.1" 200 -
172.22.2.4 - - [13/Apr/2022:18:18:55 -0500] "GET /BLA/boletinlegal/actos.php HTTP/1.1" 200 9559
173.252.107.119 - - [13/Apr/2022:18:19:04 -0500] "GET /en-semana-santa-jardin-botanico-una-opcion-vital-para-reconectarse-y-vivir-la-naturaleza.html HTTP/1.1" 206 1012
173.252.107.19 - - [13/Apr/2022:18:19:12 -0500] "GET /images/JBB1.jpeg HTTP/1.1" 200 90628
172.22.2.4 - - [13/Apr/2022:18:19:32 -0500] "GET /BLA/boletinlegal/consulta_actos.php?tipo=resoluciones&no=2152&usuario=&sector=&fecha=2006&resuelve= HTTP/1.1" 200 626
172.22.2.4 - - [13/Apr/2022:18:19:38 -0500] "GET /BLA/boletinlegal/consulta_actos.php?tipo=resoluciones&no=2152&usuario=&sector=&fecha=2005&resuelve= HTTP/1.1" 200 626
172.22.2.4 - - [13/Apr/2022:18:19:41 -0500] "GET /BLA/boletinlegal/consulta_actos.php?tipo=resoluciones&no=2152&usuario=&sector=&fecha=2006&resuelve= HTTP/1.1" 200 626
172.22.2.4 - - [13/Apr/2022:18:19:45 -0500] "GET /BLA/boletinlegal/consulta_actos.php?tipo=resoluciones&no=2152&usuario=&sector=&fecha=2007&resuelve= HTTP/1.1" 200 626
172.22.2.4 - - [13/Apr/2022:18:19:49 -0500] "GET /BLA/boletinlegal/consulta_actos.php?tipo=resoluciones&no=2152&usuario=&sector=&fecha=2008&resuelve= HTTP/1.1" 200 1075
172.22.2.4 - - [13/Apr/2022:18:20:05 -0500] "GET /BLA/boletinlegal/consulta_actos.php?tipo=resoluciones&no=2152&usuario=&sector=&fecha=2009&resuelve= HTTP/1.1" 200 1050
172.22.2.4 - - [13/Apr/2022:18:20:14 -0500] "GET /BLA/boletinlegal/consulta_actos.php?tipo=resoluciones&no=2152&usuario=&sector=&fecha=2010&resuelve= HTTP/1.1" 200 1072
172.22.2.4 - - [13/Apr/2022:18:20:19 -0500] "GET /BLA/boletinlegal/consulta_actos.php?tipo=resoluciones&no=2152&usuario=&sector=&fecha=2011&resuelve= HTTP/1.1" 200 626
191.95.134.236 - - [13/Apr/2022:18:20:21 -0500] "POST /forms/lservlet;jsessionid=ac16012b30d67a44bb81c8c84fbfb3fefa868ee56a9b.e3iSbxaKaheRe3iOaNeTahmObO1ynknvrkLOlQzNp65In0 HTTP/1.1" 200 13
191.95.134.236 - - [13/Apr/2022:18:20:22 -0500] "POST /forms/lservlet;jsessionid=ac16012b30d67a44bb81c8c84fbfb3fefa868ee56a9b.e3iSbxaKaheRe3iOaNeTahmObO1ynknvrkLOlQzNp65In0 HTTP/1.1" 200 13
191.95.134.236 - - [13/Apr/2022:18:20:23 -0500] "POST /forms/lservlet;jsessionid=ac16012b30d67a44bb81c8c84fbfb3fefa868ee56a9b.e3iSbxaKaheRe3iOaNeTahmObO1ynknvrkLOlQzNp65In0 HTTP/1.1" 200 13
172.22.2.4 - - [13/Apr/2022:18:20:23 -0500] "GET /BLA/boletinlegal/consulta_actos.php?tipo=resoluciones&no=2152&usuario=&sector=&fecha=2012&resuelve= HTTP/1.1" 200 626
191.95.134.236 - - [13/Apr/2022:18:20:24 -0500] "POST /forms/lservlet;jsessionid=ac16012b30d67a44bb81c8c84fbfb3fefa868ee56a9b.e3iSbxaKaheRe3iOaNeTahmObO1ynknvrkLOlQzNp65In0 HTTP/1.1" 200 13
191.95.134.236 - - [13/Apr/2022:18:20:25 -0500] "POST /forms/lservlet;jsessionid=ac16012b30d67a44bb81c8c84fbfb3fefa868ee56a9b.e3iSbxaKaheRe3iOaNeTahmObO1ynknvrkLOlQzNp65In0 HTTP/1.1" 200 13
191.95.134.236 - - [13/Apr/2022:18:20:26 -0500] "POST /forms/lservlet;jsessionid=ac16012b30d67a44bb81c8c84fbfb3fefa868ee56a9b.e3iSbxaKaheRe3iOaNeTahmObO1ynknvrkLOlQzNp65In0 HTTP/1.1" 200 13
172.22.2.4 - - [13/Apr/2022:18:20:26 -0500] "GET /BLA/boletinlegal/consulta_actos.php?tipo=resoluciones&no=2152&usuario=&sector=&fecha=2012&resuelve= HTTP/1.1" 200 626
172.22.2.4 - - [13/Apr/2022:18:20:30 -0500] "GET /BLA/boletinlegal/consulta_actos.php?tipo=resoluciones&no=2152&usuario=&sector=&fecha=2013&resuelve= HTTP/1.1" 200 1057
191.95.134.236 - - [13/Apr/2022:18:20:43 -0500] "GET /forms/frmservlet?config=sia HTTP/1.1" 200 4046
191.95.134.236 - - [13/Apr/2022:18:20:43 -0500] "GET /forms/frmservlet?config=sia HTTP/1.1" 200 4046
191.95.134.236 - - [13/Apr/2022:18:20:43 -0500] "GET /forms/java/oracle/forms/registry/Registry.dat HTTP/1.1" 200 4213
191.95.134.236 - - [13/Apr/2022:18:20:43 -0500] "GET /forms/java/oracle/forms/registry/default.dat HTTP/1.1" 404 350
191.95.134.236 - - [13/Apr/2022:18:20:43 -0500] "GET /forms/frmservlet?config=sia&acceptLanguage=en-us,en;q=0.5&ifcmd=startsession HTTP/1.1" 200 118
191.95.134.236 - - [13/Apr/2022:18:20:43 -0500] "GET /forms/lservlet;jsessionid=ac16012b30d605daeec399974d469400a110269c1efa.e3iSbxaKaheRe3iOaNeTahmObO1ynknvrkLOlQzNp65In0?ifcmd=getinfo HTTP/1.1" 200 8
191.95.134.236 - - [13/Apr/2022:18:20:43 -0500] "POST /forms/lservlet;jsessionid=ac16012b30d605daeec399974d469400a110269c1efa.e3iSbxaKaheRe3iOaNeTahmObO1ynknvrkLOlQzNp65In0 HTTP/1.1" 200 8
191.95.134.236 - - [13/Apr/2022:18:20:45 -0500] "POST /forms/lservlet;jsessionid=ac16012b30d605daeec399974d469400a110269c1efa.e3iSbxaKaheRe3iOaNeTahmObO1ynknvrkLOlQzNp65In0 HTTP/1.1" 200 64000
191.95.134.236 - - [13/Apr/2022:18:20:46 -0500] "HEAD /imagenes/dama_logo.gif HTTP/1.1" 200 -
191.95.134.236 - - [13/Apr/2022:18:20:46 -0500] "POST /forms/lservlet;jsessionid=ac16012b30d605daeec399974d469400a110269c1efa.e3iSbxaKaheRe3iOaNeTahmObO1ynknvrkLOlQzNp65In0 HTTP/1.1" 200 64000
172.22.2.4 - - [13/Apr/2022:18:20:46 -0500] "GET /BLA/boletinlegal/consulta_actos.php?tipo=resoluciones&no=2152&usuario=&sector=&fecha=2014&resuelve= HTTP/1.1" 200 626
191.95.134.236 - - [13/Apr/2022:18:20:46 -0500] "POST /forms/lservlet;jsessionid=ac16012b30d605daeec399974d469400a110269c1efa.e3iSbxaKaheRe3iOaNeTahmObO1ynknvrkLOlQzNp65In0 HTTP/1.1" 200 63623
191.95.134.236 - - [13/Apr/2022:18:20:46 -0500] "POST /forms/lservlet;jsessionid=ac16012b30d605daeec399974d469400a110269c1efa.e3iSbxaKaheRe3iOaNeTahmObO1ynknvrkLOlQzNp65In0 HTTP/1.1" 200 2
172.22.2.4 - - [13/Apr/2022:18:20:50 -0500] "GET /BLA/boletinlegal/consulta_actos.php?tipo=resoluciones&no=2152&usuario=&sector=&fecha=2004&resuelve= HTTP/1.1" 200 626
186.102.7.152 - - [13/Apr/2022:18:20:51 -0500] "GET /kwssiamovil/sm/acme/a?s=U2FsdGVkX1+KS55UseymfBZRgcGFFhfNpmV2rtrNpC9UtU/sjqF/T5tSeW6Gl+HQ2hwQUOj/qzFCAiN36Wt3wWWmwJm85+j4IG7kYny4eDgW+RsFJ+FofOh1C75s0l8vM+5YHU2h5MY7gaGH5HIoG+2BrvkOBY82Zhiu6e2Za62u40SM7n3WvSuTi/l4xfP/AkElzqDYxTs+9gSUvN0v5R+fbCGBIjqmOShTmhGFezGr98PRyQnlKajUWAtyCrFKkSaL+AS9JW7Cl13dPPc+RQ==&u=U2FsdGVkX1+w7b1kLuohOCRAHGRgm7lrQuhSQC3Sfxj7fp5I16Igx+2GreGw1VGX&y=U2FsdGVkX1/wqGHb88oyc+q1/mJIAGAhEVe+XnckLB4xXM8tl/uhiqkEsXlLTmvG HTTP/1.1" 200 25
186.102.7.152 - - [13/Apr/2022:18:20:51 -0500] "GET /kwssiamovil/sm/acme/a?s=U2FsdGVkX18SKal+O3N9NL9vxMxO73It+WuDfX3rsAuqOay6AuK0tcF7fhvfNTJPMiz9Bww2WjL1Uodvs/aj81IcLpRIAlvvkbqQ8OfPoEDnIbHu9SH753PmYZoC18nBBY3xosiVBdAIeEtsTHhakb0MCYeVlrGtABW8FonSTp18NaRwoVUY/4NcOINofHMCwamc25jv+QxKlgeHWLul6Ds03z9Tusv1i2Fr+ppiMiZWPBBrrCCnqWnB7kUKy3OYX7GtunmLAso/hZIrbC429VNGuJDSYFu9q57ssjMjOzGD+GWmDmI26GtgpOG0ESxNJWBTNlVzPX4JXHkmeIP4nQQu7E5nNkXBel1KqmsBOtBXzyF5XXPbV+UmYLs7xUXHeV312M3DInzqKkR6Ldr4Suk5fE2a/ODOZwsRfveOSkC1k96F5tefjRm9C8J5zfbutdA+7SEoDJkmlaWtO7iM8ZWU+XIXP80ymzuj975m37zemc+OLFZYZWxM6De4VaQy/W+cCAUGFxExRCyh22I7iCYsszsL+P2KgUDokKnOmJ8XF/XDoTP/5JC8W8LjzmiVKMYmOy+BEzL8E59AUzlh5pEtT8s4VLdq9A3jI8Rrct9TrpU9JX58XcDN8dUXeYVs2I/1zNmLT/0eYtapPcOM5LIQ7FebMPp+g6cgpP7xbMI8gO1M4i5DkeoDCvasVxHGixcylbIRDJoOULsn5F8Y077CTL6+XiFtGKn+nUD/hLP9Vz7GaMXRljofOfr+9mYDw+fxxSB6jWCKfOVYBRtztF7cGmNoShLBSWt9l1WeQl853iysdZ6wFar+CPfB13Ojl8YRnqUwLZkqazLw2Ed0gnpfDsvVpM9HPs7qKjAfp9qu6yAtEksEjAmuzPxtMbNBdc40eqOuMb9BrCXiwpdBQ5aNUFS2d9bB/Xqp4QeXADmUPCRXP3hyr0HAm9qeM9UMybVfmC4V++Kn9TxNyrLXJi5diOxUHViJz8vSfBb0K3mwEvp1gvCzwV1D3XNe+xA7VXyfUlLpHSOcO6K9OmWXyRb5P2AXoSw20tASsWSXfoOp8BY4OIFLVUm9zwHuisuG2qNpew2OGnlFZu6NB6+VmOEzOQf8WLAFx+nOefA6diPyDzV1WW0/MifZ9aAbm40nstzWPBUwTm9sbcoy59IJup6JI65E9FGiC7hJux96SpV67sVtwhx9f6TR5b/hyrcHlnxpcRzxTjEzJhRfvqx1yrJBKsV1Qr50Yb40TZrCygWJQCD9vR+PJCghGuIRDfzVU6CQGlC+g8/ytEXgcFJ8VpRkSVHwpKEQEHyag0Tmr+pA5DqmOEsZngjYl0cFneMGq05eRMXKm/MWa1h/5umudN5OE3LU0DyOSS+CzIJCnaBDdpQ5qT/Gogyem3b3M77Jh8ZCwe6iwTBR2BIr80qxZYb64dIg1cbLvmUVQWtbm0PMBsCS/6weQBIZMq9FtpASIz5YKv0eQuuddN9KBEMdW2p/qdQGRu5tr31+cwlYl38QMsa/OqmxN41wiQzjkmaUDDSwXpeWlWmBblXphEwtHV/WqMXLHHHc1QZideBhsLhl/d0KxbR8cdoMAG/fQ/tmeXH65OHQGCGwIESNaRfmmpzhWh8FsBFXQxxZPKjlVav2ulDPvaNz1I21VoJallSUnFVWKBEj6IYs85vf1I0a1VMzIvwcgeasYT0SUjmB6aGQK212CDyrfsAaLaMw0B9mdKcLPjqSh50MI/8ZCi9ab98gGR0G16Fy9cLWE82qgFSMNWRcLJhaqTRzq+Tvejhd6D2p3ussj+t8GTJpoEtOWrLIvcLvqiqNhF9ePs4Lcd5/kTxFwLrE5UCKaPQLXYMV4oWqnDFHlOq1dqLUgXA8GTzDDy+dIComUGpbgCjXJzOrIs5o8VXwXwBvzlLMFnepg2aJGakP7ny7hgJygbvA33PzWiFRIoXaijnSggAKLmf5WG/n7lxa6CnZtvnkmyWQUCa9InYBgRPB/EUMmd+wkkeHrOIocQG4gvCiRkS7YkVhuCu5l90dbE++e0ssh8C0cs0B3onLKN4AuONHxjAC5QLwb0lFnQxrpG8vit+x/HpDFKLs3eaehwTTmV5MJrJxex6TyZrvEL+slyQeirsbug==&u=U2FsdGVkX1+w7b1kLuohOCRAHGRgm7lrQuhSQC3Sfxj7fp5I16Igx+2GreGw1VGX&y=U2FsdGVkX1/wqGHb88oyc+q1/mJIAGAhEVe+XnckLB4xXM8tl/uhiqkEsXlLTmvG HTTP/1.1" 200 25
186.102.7.152 - - [13/Apr/2022:18:20:52 -0500] "GET /kwssiamovil/sm/acme/a?s=U2FsdGVkX18P6DjGcIF610oz0WfDBr4pbR7YIfa5jU+E90Irgup27yG7DKSw8v4WfFvMyCNQjzrxHD/jGg0Rxee5XsJWhf8Mvvnadhq+3/9gcENfZM0ogPLoj1aTfG4XL31lfTnMNCFRqEYyD7lm4IIs4x/OKNC8vCu1N0oSTr4=&u=U2FsdGVkX1+w7b1kLuohOCRAHGRgm7lrQuhSQC3Sfxj7fp5I16Igx+2GreGw1VGX&y=U2FsdGVkX1/wqGHb88oyc+q1/mJIAGAhEVe+XnckLB4xXM8tl/uhiqkEsXlLTmvG HTTP/1.1" 200 25
186.102.7.152 - - [13/Apr/2022:18:20:52 -0500] "GET /kwssiamovil/sm/acme/a?s=U2FsdGVkX18hY39pT9Pe1iZiG+VEb/I83BByv6kzAvPsBwRot0uj6ZMgn5tQ6sSZS1ISmiPm+MjVgdD/kzSZXr8yq2WGyKPliKOOe5Ty1cIEGD0/+mYa5JexmewJlpUZ9ktli74C5jlMBqeef4oJ90MKjYmYCRfa19Z5/QR234Y=&u=U2FsdGVkX1+w7b1kLuohOCRAHGRgm7lrQuhSQC3Sfxj7fp5I16Igx+2GreGw1VGX&y=U2FsdGVkX1/wqGHb88oyc+q1/mJIAGAhEVe+XnckLB4xXM8tl/uhiqkEsXlLTmvG HTTP/1.1" 200 25
186.102.7.152 - - [13/Apr/2022:18:20:52 -0500] "GET /kwssiamovil/sm/acme/a?s=U2FsdGVkX18j6Vsqjt4LNbt9KeeCYxtVES8+S1UiuRBMw6L9QC2sWE6BiUtlckJ4HllqHa4Jw8FDuv+5WjuxGPc78DBwRcP5APtlecDqMXhtepuaePcphF9aKz/r3Q8Fqvw29oOmU9WApR+y+WhxHW1RbVhvILsptv1c/DPOrcY=&u=U2FsdGVkX1+w7b1kLuohOCRAHGRgm7lrQuhSQC3Sfxj7fp5I16Igx+2GreGw1VGX&y=U2FsdGVkX1/wqGHb88oyc+q1/mJIAGAhEVe+XnckLB4xXM8tl/uhiqkEsXlLTmvG HTTP/1.1" 200 25
186.102.7.152 - - [13/Apr/2022:18:20:53 -0500] "GET /kwssiamovil/sm/acme/a?s=U2FsdGVkX1/EImfAI8RhV8weGe5Uq2mrA7ZGIgHkTUNUlaLDTPJks8Dufu/Thhs7hHKFLKBNMFkHhtCza5T6Y+KyFllaDrzR/jK9PtPFB/s7yB5pqEHwbQ9PPW66s+XTL2bdXepuHysPpBiiJ0eIIzPCBtM4PIrecXabhFvdbFPPT67Tiytp61rFwn42jIRKc+cF5xsPXdCuMFbrbkbvNA==&u=U2FsdGVkX1+w7b1kLuohOCRAHGRgm7lrQuhSQC3Sfxj7fp5I16Igx+2GreGw1VGX&y=U2FsdGVkX1/wqGHb88oyc+q1/mJIAGAhEVe+XnckLB4xXM8tl/uhiqkEsXlLTmvG HTTP/1.1" 200 25
191.95.134.236 - - [13/Apr/2022:18:21:00 -0500] "POST /forms/lservlet;jsessionid=ac16012b30d605daeec399974d469400a110269c1efa.e3iSbxaKaheRe3iOaNeTahmObO1ynknvrkLOlQzNp65In0 HTTP/1.1" 200 7979
66.220.149.18 - - [13/Apr/2022:18:21:00 -0500] "GET /ruta-de-emprendimiento-verde-fortalecera-mas-de-220-proyectos-e-ideas-de-negocio-en-bogota-este-ano.html HTTP/1.1" 206 1048
191.95.134.236 - - [13/Apr/2022:18:21:00 -0500] "POST /forms/lservlet;jsessionid=ac16012b30d605daeec399974d469400a110269c1efa.e3iSbxaKaheRe3iOaNeTahmObO1ynknvrkLOlQzNp65In0 HTTP/1.1" 200 64
191.95.134.236 - - [13/Apr/2022:18:21:01 -0500] "POST /forms/lservlet;jsessionid=ac16012b30d605daeec399974d469400a110269c1efa.e3iSbxaKaheRe3iOaNeTahmObO1ynknvrkLOlQzNp65In0 HTTP/1.1" 200 2
191.95.134.236 - - [13/Apr/2022:18:21:01 -0500] "POST /forms/lservlet;jsessionid=ac16012b30d605daeec399974d469400a110269c1efa.e3iSbxaKaheRe3iOaNeTahmObO1ynknvrkLOlQzNp65In0 HTTP/1.1" 200 2
191.95.134.236 - - [13/Apr/2022:18:21:01 -0500] "POST /forms/lservlet;jsessionid=ac16012b30d605daeec399974d469400a110269c1efa.e3iSbxaKaheRe3iOaNeTahmObO1ynknvrkLOlQzNp65In0 HTTP/1.1" 200 2
191.95.134.236 - - [13/Apr/2022:18:21:04 -0500] "POST /forms/lservlet;jsessionid=ac16012b30d605daeec399974d469400a110269c1efa.e3iSbxaKaheRe3iOaNeTahmObO1ynknvrkLOlQzNp65In0 HTTP/1.1" 200 34712
191.95.134.236 - - [13/Apr/2022:18:21:05 -0500] "GET /imagenes/listval.gif HTTP/1.1" 200 905
191.95.134.236 - - [13/Apr/2022:18:21:05 -0500] "GET /imagenes/tree1.gif HTTP/1.1" 200 1161
191.95.134.236 - - [13/Apr/2022:18:21:05 -0500] "GET /imagenes/listval.gif HTTP/1.1" 200 905
191.95.134.236 - - [13/Apr/2022:18:21:05 -0500] "GET /imagenes/CAMERA3.gif HTTP/1.1" 200 4150
191.95.134.236 - - [13/Apr/2022:18:21:05 -0500] "GET /imagenes/SLIDE1.gif HTTP/1.1" 200 1111
191.95.134.236 - - [13/Apr/2022:18:21:05 -0500] "GET /imagenes/flexcomb.gif HTTP/1.1" 200 1169
191.95.134.236 - - [13/Apr/2022:18:21:05 -0500] "GET /imagenes/GO.gif HTTP/1.1" 200 904
191.95.134.236 - - [13/Apr/2022:18:21:05 -0500] "GET /imagenes/HRTOOLS.gif HTTP/1.1" 200 2238
191.95.134.236 - - [13/Apr/2022:18:21:05 -0500] "GET /imagenes/rt_rec1.gif HTTP/1.1" 200 867
191.95.134.236 - - [13/Apr/2022:18:21:05 -0500] "GET /imagenes/apply.gif HTTP/1.1" 200 903
191.95.134.236 - - [13/Apr/2022:18:21:06 -0500] "GET /imagenes/exit.gif HTTP/1.1" 200 916
191.95.134.236 - - [13/Apr/2022:18:21:06 -0500] "GET /imagenes/LISTVAL.gif HTTP/1.1" 200 905
191.95.134.236 - - [13/Apr/2022:18:21:06 -0500] "GET /imagenes/edit.gif HTTP/1.1" 200 919
191.95.134.236 - - [13/Apr/2022:18:21:06 -0500] "GET /imagenes/rt_rec4.gif HTTP/1.1" 200 865
191.95.134.236 - - [13/Apr/2022:18:21:06 -0500] "GET /imagenes/rt_rec3.gif HTTP/1.1" 200 844
191.95.134.236 - - [13/Apr/2022:18:21:06 -0500] "GET /imagenes/rt_rec2.gif HTTP/1.1" 200 847
191.95.134.236 - - [13/Apr/2022:18:21:06 -0500] "GET /imagenes/rt_rdel.gif HTTP/1.1" 200 899
191.95.134.236 - - [13/Apr/2022:18:21:06 -0500] "GET /imagenes/rt_radd.gif HTTP/1.1" 200 907
191.95.134.236 - - [13/Apr/2022:18:21:06 -0500] "GET /imagenes/rt_quer3.gif HTTP/1.1" 200 939
191.95.134.236 - - [13/Apr/2022:18:21:06 -0500] "GET /imagenes/rt_quer2.gif HTTP/1.1" 200 936
191.95.134.236 - - [13/Apr/2022:18:21:06 -0500] "GET /imagenes/rt_quer1.gif HTTP/1.1" 200 930
191.95.134.236 - - [13/Apr/2022:18:21:06 -0500] "GET /imagenes/rt_save.gif HTTP/1.1" 200 903
172.22.2.4 - - [13/Apr/2022:18:21:06 -0500] "GET /BLA/boletinlegal/consulta_actos.php?tipo=resoluciones&no=&usuario=&sector=&fecha=2007&resuelve=Virrey HTTP/1.1" 200 626
191.95.134.236 - - [13/Apr/2022:18:21:06 -0500] "GET /imagenes/rt_pset.gif HTTP/1.1" 200 914
191.95.134.236 - - [13/Apr/2022:18:21:06 -0500] "GET /imagenes/QUEJA.gif HTTP/1.1" 200 1091
191.95.134.236 - - [13/Apr/2022:18:21:06 -0500] "GET /imagenes/ARBOL.gif HTTP/1.1" 200 1026
191.95.134.236 - - [13/Apr/2022:18:21:06 -0500] "GET /imagenes/Clipboard.gif HTTP/1.1" 200 1466
191.95.134.236 - - [13/Apr/2022:18:21:07 -0500] "GET /imagenes/DINERO.gif HTTP/1.1" 200 1766
191.95.134.236 - - [13/Apr/2022:18:21:07 -0500] "GET /imagenes/URGENTE.gif HTTP/1.1" 200 964
191.95.134.236 - - [13/Apr/2022:18:21:07 -0500] "GET /imagenes/TREE4.gif HTTP/1.1" 200 4150
191.95.134.236 - - [13/Apr/2022:18:21:07 -0500] "POST /forms/lservlet;jsessionid=ac16012b30d605daeec399974d469400a110269c1efa.e3iSbxaKaheRe3iOaNeTahmObO1ynknvrkLOlQzNp65In0 HTTP/1.1" 200 7
191.95.134.236 - - [13/Apr/2022:18:21:07 -0500] "POST /forms/lservlet;jsessionid=ac16012b30d605daeec399974d469400a110269c1efa.e3iSbxaKaheRe3iOaNeTahmObO1ynknvrkLOlQzNp65In0 HTTP/1.1" 200 34
191.95.134.236 - - [13/Apr/2022:18:21:07 -0500] "POST /forms/lservlet;jsessionid=ac16012b30d605daeec399974d469400a110269c1efa.e3iSbxaKaheRe3iOaNeTahmObO1ynknvrkLOlQzNp65In0 HTTP/1.1" 200 2
191.95.134.236 - - [13/Apr/2022:18:21:08 -0500] "POST /forms/lservlet;jsessionid=ac16012b30d605daeec399974d469400a110269c1efa.e3iSbxaKaheRe3iOaNeTahmObO1ynknvrkLOlQzNp65In0 HTTP/1.1" 200 2
191.95.134.236 - - [13/Apr/2022:18:21:08 -0500] "POST /forms/lservlet;jsessionid=ac16012b30d605daeec399974d469400a110269c1efa.e3iSbxaKaheRe3iOaNeTahmObO1ynknvrkLOlQzNp65In0 HTTP/1.1" 200 699
191.95.134.236 - - [13/Apr/2022:18:21:08 -0500] "GET /imagenes/Srch_frw.gif HTTP/1.1" 200 925
191.95.134.236 - - [13/Apr/2022:18:21:08 -0500] "POST /forms/lservlet;jsessionid=ac16012b30d605daeec399974d469400a110269c1efa.e3iSbxaKaheRe3iOaNeTahmObO1ynknvrkLOlQzNp65In0 HTTP/1.1" 200 10
172.22.2.4 - - [13/Apr/2022:18:21:09 -0500] "GET /BLA/boletinlegal/consulta_actos.php?tipo=resoluciones&no=&usuario=&sector=&fecha=2007&resuelve=Virrey HTTP/1.1" 200 626
207.46.13.157 - - [13/Apr/2022:18:21:09 -0500] "GET /bla/resoluciones/resoluciones%202016/0340.pdf HTTP/1.1" 200 1077773
191.95.134.236 - - [13/Apr/2022:18:21:13 -0500] "POST /forms/lservlet;jsessionid=ac16012b30d605daeec399974d469400a110269c1efa.e3iSbxaKaheRe3iOaNeTahmObO1ynknvrkLOlQzNp65In0 HTTP/1.1" 200 24
172.22.2.4 - - [13/Apr/2022:18:21:13 -0500] "GET /BLA/boletinlegal/consulta_actos.php?tipo=resoluciones&no=&usuario=&sector=&fecha=2006&resuelve=Virrey HTTP/1.1" 200 626
172.22.2.4 - - [13/Apr/2022:18:21:14 -0500] "GET /BLA/boletinlegal/consulta_actos.php?tipo=resoluciones&no=&usuario=&sector=&fecha=2006&resuelve=Virrey HTTP/1.1" 200 626
191.95.134.236 - - [13/Apr/2022:18:21:13 -0500] "POST /forms/lservlet;jsessionid=ac16012b30d605daeec399974d469400a110269c1efa.e3iSbxaKaheRe3iOaNeTahmObO1ynknvrkLOlQzNp65In0 HTTP/1.1" 200 14
172.22.2.4 - - [13/Apr/2022:18:21:14 -0500] "GET /BLA/boletinlegal/consulta_actos.php?tipo=resoluciones&no=&usuario=&sector=&fecha=2006&resuelve=Virrey HTTP/1.1" 200 626
172.22.2.4 - - [13/Apr/2022:18:21:15 -0500] "GET /BLA/boletinlegal/consulta_actos.php?tipo=resoluciones&no=&usuario=&sector=&fecha=2006&resuelve=Virrey HTTP/1.1" 200 626
191.95.134.236 - - [13/Apr/2022:18:21:15 -0500] "POST /forms/lservlet;jsessionid=ac16012b30d605daeec399974d469400a110269c1efa.e3iSbxaKaheRe3iOaNeTahmObO1ynknvrkLOlQzNp65In0 HTTP/1.1" 200 4078
191.95.134.236 - - [13/Apr/2022:18:21:16 -0500] "POST /forms/lservlet;jsessionid=ac16012b30d605daeec399974d469400a110269c1efa.e3iSbxaKaheRe3iOaNeTahmObO1ynknvrkLOlQzNp65In0 HTTP/1.1" 200 2
172.22.2.4 - - [13/Apr/2022:18:21:18 -0500] "GET /BLA/boletinlegal/consulta_actos.php?tipo=resoluciones&no=&usuario=&sector=&fecha=2005&resuelve=Virrey HTTP/1.1" 200 626
172.22.2.4 - - [13/Apr/2022:18:21:18 -0500] "GET /BLA/boletinlegal/consulta_actos.php?tipo=resoluciones&no=&usuario=&sector=&fecha=2005&resuelve=Virrey HTTP/1.1" 200 626
172.22.2.4 - - [13/Apr/2022:18:21:18 -0500] "GET /BLA/boletinlegal/consulta_actos.php?tipo=resoluciones&no=&usuario=&sector=&fecha=2005&resuelve=Virrey HTTP/1.1" 200 626
172.22.2.4 - - [13/Apr/2022:18:21:18 -0500] "GET /BLA/boletinlegal/consulta_actos.php?tipo=resoluciones&no=&usuario=&sector=&fecha=2005&resuelve=Virrey HTTP/1.1" 200 626
172.22.2.4 - - [13/Apr/2022:18:21:19 -0500] "GET /BLA/boletinlegal/consulta_actos.php?tipo=resoluciones&no=&usuario=&sector=&fecha=2005&resuelve=Virrey HTTP/1.1" 200 626
172.22.2.4 - - [13/Apr/2022:18:21:21 -0500] "GET /BLA/boletinlegal/consulta_actos.php?tipo=resoluciones&no=&usuario=&sector=&fecha=2004&resuelve=Virrey HTTP/1.1" 200 626
172.22.2.4 - - [13/Apr/2022:18:21:25 -0500] "GET /BLA/boletinlegal/consulta_actos.php?tipo=resoluciones&no=&usuario=&sector=&fecha=2010&resuelve=Virrey HTTP/1.1" 200 626
172.22.2.4 - - [13/Apr/2022:18:21:29 -0500] "GET /BLA/boletinlegal/consulta_actos.php?tipo=resoluciones&no=&usuario=&sector=&fecha=2011&resuelve=Virrey HTTP/1.1" 200 626
191.95.134.236 - - [13/Apr/2022:18:21:35 -0500] "POST /forms/lservlet;jsessionid=ac16012b30d605daeec399974d469400a110269c1efa.e3iSbxaKaheRe3iOaNeTahmObO1ynknvrkLOlQzNp65In0 HTTP/1.1" 200 2
191.95.134.236 - - [13/Apr/2022:18:21:35 -0500] "POST /forms/lservlet;jsessionid=ac16012b30d605daeec399974d469400a110269c1efa.e3iSbxaKaheRe3iOaNeTahmObO1ynknvrkLOlQzNp65In0 HTTP/1.1" 200 14
191.95.134.236 - - [13/Apr/2022:18:21:37 -0500] "POST /forms/lservlet;jsessionid=ac16012b30d605daeec399974d469400a110269c1efa.e3iSbxaKaheRe3iOaNeTahmObO1ynknvrkLOlQzNp65In0 HTTP/1.1" 200 14
191.95.134.236 - - [13/Apr/2022:18:21:38 -0500] "POST /forms/lservlet;jsessionid=ac16012b30d605daeec399974d469400a110269c1efa.e3iSbxaKaheRe3iOaNeTahmObO1ynknvrkLOlQzNp65In0 HTTP/1.1" 200 14
191.95.134.236 - - [13/Apr/2022:18:21:39 -0500] "POST /forms/lservlet;jsessionid=ac16012b30d605daeec399974d469400a110269c1efa.e3iSbxaKaheRe3iOaNeTahmObO1ynknvrkLOlQzNp65In0 HTTP/1.1" 200 14
191.95.134.236 - - [13/Apr/2022:18:21:41 -0500] "POST /forms/lservlet;jsessionid=ac16012b30d605daeec399974d469400a110269c1efa.e3iSbxaKaheRe3iOaNeTahmObO1ynknvrkLOlQzNp65In0 HTTP/1.1" 200 15
191.95.134.236 - - [13/Apr/2022:18:21:44 -0500] "POST /forms/lservlet;jsessionid=ac16012b30d605daeec399974d469400a110269c1efa.e3iSbxaKaheRe3iOaNeTahmObO1ynknvrkLOlQzNp65In0 HTTP/1.1" 200 125
191.95.134.236 - - [13/Apr/2022:18:21:44 -0500] "POST /forms/lservlet;jsessionid=ac16012b30d605daeec399974d469400a110269c1efa.e3iSbxaKaheRe3iOaNeTahmObO1ynknvrkLOlQzNp65In0 HTTP/1.1" 200 2
191.95.134.236 - - [13/Apr/2022:18:21:44 -0500] "GET /reports/rwservlet/getjobid74922?server=repnomi HTTP/1.1" 200 47787
191.95.134.236 - - [13/Apr/2022:18:22:32 -0500] "POST /forms/lservlet;jsessionid=ac16012b30d605daeec399974d469400a110269c1efa.e3iSbxaKaheRe3iOaNeTahmObO1ynknvrkLOlQzNp65In0 HTTP/1.1" 200 2
191.95.134.236 - - [13/Apr/2022:18:22:32 -0500] "POST /forms/lservlet;jsessionid=ac16012b30d605daeec399974d469400a110269c1efa.e3iSbxaKaheRe3iOaNeTahmObO1ynknvrkLOlQzNp65In0 HTTP/1.1" 200 14
191.95.134.236 - - [13/Apr/2022:18:22:34 -0500] "POST /forms/lservlet;jsessionid=ac16012b30d605daeec399974d469400a110269c1efa.e3iSbxaKaheRe3iOaNeTahmObO1ynknvrkLOlQzNp65In0 HTTP/1.1" 200 14
191.95.134.236 - - [13/Apr/2022:18:22:36 -0500] "POST /forms/lservlet;jsessionid=ac16012b30d605daeec399974d469400a110269c1efa.e3iSbxaKaheRe3iOaNeTahmObO1ynknvrkLOlQzNp65In0 HTTP/1.1" 200 110
191.95.134.236 - - [13/Apr/2022:18:22:36 -0500] "POST /forms/lservlet;jsessionid=ac16012b30d605daeec399974d469400a110269c1efa.e3iSbxaKaheRe3iOaNeTahmObO1ynknvrkLOlQzNp65In0 HTTP/1.1" 200 2
191.95.134.236 - - [13/Apr/2022:18:22:36 -0500] "GET /reports/rwservlet/getjobid74923?server=repnomi HTTP/1.1" 200 48079
172.22.2.4 - - [13/Apr/2022:18:21:04 -0500] "HEAD /BLA/boletinlegal/ HTTP/1.1" 200 -
191.95.134.236 - - [13/Apr/2022:18:22:45 -0500] "POST /forms/lservlet;jsessionid=ac16012b30d605daeec399974d469400a110269c1efa.e3iSbxaKaheRe3iOaNeTahmObO1ynknvrkLOlQzNp65In0 HTTP/1.1" 200 2
207.46.13.199 - - [13/Apr/2022:18:23:02 -0500] "GET /bla/resoluciones/resoluciones%202016/0822.pdf HTTP/1.1" 200 340976
201.245.192.253 - - [13/Apr/2022:18:22:38 -0500] "POST /kwsrmcab/Wsrmcab HTTP/1.1" 200 45290
191.95.134.236 - - [13/Apr/2022:18:23:34 -0500] "POST /forms/lservlet;jsessionid=ac16012b30d605daeec399974d469400a110269c1efa.e3iSbxaKaheRe3iOaNeTahmObO1ynknvrkLOlQzNp65In0 HTTP/1.1" 200 2
172.22.2.4 - - [13/Apr/2022:18:21:54 -0500] "GET /BLA/boletinlegal/ HTTP/1.1" 200 57542
191.95.134.236 - - [13/Apr/2022:18:23:34 -0500] "POST /forms/lservlet;jsessionid=ac16012b30d605daeec399974d469400a110269c1efa.e3iSbxaKaheRe3iOaNeTahmObO1ynknvrkLOlQzNp65In0 HTTP/1.1" 200 14
191.95.134.236 - - [13/Apr/2022:18:23:36 -0500] "POST /forms/lservlet;jsessionid=ac16012b30d605daeec399974d469400a110269c1efa.e3iSbxaKaheRe3iOaNeTahmObO1ynknvrkLOlQzNp65In0 HTTP/1.1" 200 14
191.95.134.236 - - [13/Apr/2022:18:23:37 -0500] "POST /forms/lservlet;jsessionid=ac16012b30d605daeec399974d469400a110269c1efa.e3iSbxaKaheRe3iOaNeTahmObO1ynknvrkLOlQzNp65In0 HTTP/1.1" 200 107
191.95.134.236 - - [13/Apr/2022:18:23:37 -0500] "POST /forms/lservlet;jsessionid=ac16012b30d605daeec399974d469400a110269c1efa.e3iSbxaKaheRe3iOaNeTahmObO1ynknvrkLOlQzNp65In0 HTTP/1.1" 200 2
172.22.2.4 - - [13/Apr/2022:18:23:44 -0500] "GET /BLA/boletinlegal/consulta_actos.php?tipo=autos&no=3021&usuario=&sector=&fecha=2015&resuelve= HTTP/1.1" 200 1092
191.95.134.236 - - [13/Apr/2022:18:23:37 -0500] "GET /reports/rwservlet/getjobid74924?server=repnomi HTTP/1.1" 200 305493
190.252.135.65 - - [13/Apr/2022:18:23:46 -0500] "GET /BLA/resoluciones/ HTTP/1.1" 200 13093
190.252.135.65 - - [13/Apr/2022:18:23:50 -0500] "GET /BLA/resoluciones/index.php?dir=AUTOS+2015%2F HTTP/1.1" 200 12235
216.245.221.92 - - [13/Apr/2022:18:23:53 -0500] "HEAD / HTTP/1.1" 200 -
190.252.135.65 - - [13/Apr/2022:18:23:50 -0500] "GET /BLA/resoluciones/index.php?dir=AUTOS+2015%2F HTTP/1.1" 200 576181
201.245.192.253 - - [13/Apr/2022:18:23:27 -0500] "POST /kwsrmcab/Wsrmcab HTTP/1.1" 200 45788
191.95.134.236 - - [13/Apr/2022:18:24:45 -0500] "POST /forms/lservlet;jsessionid=ac16012b30d605daeec399974d469400a110269c1efa.e3iSbxaKaheRe3iOaNeTahmObO1ynknvrkLOlQzNp65In0 HTTP/1.1" 200 2
200.71.57.4 - - [13/Apr/2022:18:25:01 -0500] "-" 408 -
191.95.134.236 - - [13/Apr/2022:18:25:07 -0500] "POST /forms/lservlet;jsessionid=ac16012b30d605daeec399974d469400a110269c1efa.e3iSbxaKaheRe3iOaNeTahmObO1ynknvrkLOlQzNp65In0 HTTP/1.1" 200 2
191.95.134.236 - - [13/Apr/2022:18:25:10 -0500] "POST /forms/lservlet;jsessionid=ac16012b30d605daeec399974d469400a110269c1efa.e3iSbxaKaheRe3iOaNeTahmObO1ynknvrkLOlQzNp65In0 HTTP/1.1" 200 2256
191.95.134.236 - - [13/Apr/2022:18:25:11 -0500] "POST /forms/lservlet;jsessionid=ac16012b30d605daeec399974d469400a110269c1efa.e3iSbxaKaheRe3iOaNeTahmObO1ynknvrkLOlQzNp65In0 HTTP/1.1" 200 10
207.46.13.157 - - [13/Apr/2022:18:25:20 -0500] "GET /BLA/resoluciones/index.php?dir=AUTOS+2019%2F HTTP/1.1" 200 342653
191.95.134.236 - - [13/Apr/2022:18:25:41 -0500] "POST /forms/lservlet;jsessionid=ac16012b30d605daeec399974d469400a110269c1efa.e3iSbxaKaheRe3iOaNeTahmObO1ynknvrkLOlQzNp65In0 HTTP/1.1" 200 24
191.95.134.236 - - [13/Apr/2022:18:25:41 -0500] "POST /forms/lservlet;jsessionid=ac16012b30d605daeec399974d469400a110269c1efa.e3iSbxaKaheRe3iOaNeTahmObO1ynknvrkLOlQzNp65In0 HTTP/1.1" 200 14
191.95.134.236 - - [13/Apr/2022:18:25:42 -0500] "POST /forms/lservlet;jsessionid=ac16012b30d605daeec399974d469400a110269c1efa.e3iSbxaKaheRe3iOaNeTahmObO1ynknvrkLOlQzNp65In0 HTTP/1.1" 200 3920
191.95.134.236 - - [13/Apr/2022:18:25:43 -0500] "POST /forms/lservlet;jsessionid=ac16012b30d605daeec399974d469400a110269c1efa.e3iSbxaKaheRe3iOaNeTahmObO1ynknvrkLOlQzNp65In0 HTTP/1.1" 200 2
191.95.134.236 - - [13/Apr/2022:18:26:03 -0500] "POST /forms/lservlet;jsessionid=ac16012b30d605daeec399974d469400a110269c1efa.e3iSbxaKaheRe3iOaNeTahmObO1ynknvrkLOlQzNp65In0 HTTP/1.1" 200 2
191.95.134.236 - - [13/Apr/2022:18:26:03 -0500] "POST /forms/lservlet;jsessionid=ac16012b30d605daeec399974d469400a110269c1efa.e3iSbxaKaheRe3iOaNeTahmObO1ynknvrkLOlQzNp65In0 HTTP/1.1" 200 90
191.95.134.236 - - [13/Apr/2022:18:26:03 -0500] "POST /forms/lservlet;jsessionid=ac16012b30d605daeec399974d469400a110269c1efa.e3iSbxaKaheRe3iOaNeTahmObO1ynknvrkLOlQzNp65In0 HTTP/1.1" 200 2
191.95.134.236 - - [13/Apr/2022:18:26:04 -0500] "POST /forms/lservlet;jsessionid=ac16012b30d605daeec399974d469400a110269c1efa.e3iSbxaKaheRe3iOaNeTahmObO1ynknvrkLOlQzNp65In0 HTTP/1.1" 200 2
191.95.134.236 - - [13/Apr/2022:18:26:07 -0500] "POST /forms/lservlet;jsessionid=ac16012b30d605daeec399974d469400a110269c1efa.e3iSbxaKaheRe3iOaNeTahmObO1ynknvrkLOlQzNp65In0 HTTP/1.1" 200 28
191.95.134.236 - - [13/Apr/2022:18:26:09 -0500] "POST /forms/lservlet;jsessionid=ac16012b30d605daeec399974d469400a110269c1efa.e3iSbxaKaheRe3iOaNeTahmObO1ynknvrkLOlQzNp65In0 HTTP/1.1" 200 2
191.95.134.236 - - [13/Apr/2022:18:26:09 -0500] "POST /forms/lservlet;jsessionid=ac16012b30d605daeec399974d469400a110269c1efa.e3iSbxaKaheRe3iOaNeTahmObO1ynknvrkLOlQzNp65In0 HTTP/1.1" 200 14
191.95.134.236 - - [13/Apr/2022:18:26:10 -0500] "POST /forms/lservlet;jsessionid=ac16012b30d605daeec399974d469400a110269c1efa.e3iSbxaKaheRe3iOaNeTahmObO1ynknvrkLOlQzNp65In0 HTTP/1.1" 200 14
191.95.134.236 - - [13/Apr/2022:18:26:12 -0500] "POST /forms/lservlet;jsessionid=ac16012b30d605daeec399974d469400a110269c1efa.e3iSbxaKaheRe3iOaNeTahmObO1ynknvrkLOlQzNp65In0 HTTP/1.1" 200 14
191.95.134.236 - - [13/Apr/2022:18:26:13 -0500] "POST /forms/lservlet;jsessionid=ac16012b30d605daeec399974d469400a110269c1efa.e3iSbxaKaheRe3iOaNeTahmObO1ynknvrkLOlQzNp65In0 HTTP/1.1" 200 14
191.95.134.236 - - [13/Apr/2022:18:26:15 -0500] "POST /forms/lservlet;jsessionid=ac16012b30d605daeec399974d469400a110269c1efa.e3iSbxaKaheRe3iOaNeTahmObO1ynknvrkLOlQzNp65In0 HTTP/1.1" 200 105
191.95.134.236 - - [13/Apr/2022:18:26:16 -0500] "POST /forms/lservlet;jsessionid=ac16012b30d605daeec399974d469400a110269c1efa.e3iSbxaKaheRe3iOaNeTahmObO1ynknvrkLOlQzNp65In0 HTTP/1.1" 200 2
191.95.134.236 - - [13/Apr/2022:18:26:16 -0500] "GET /reports/rwservlet/getjobid74925?server=repnomi HTTP/1.1" 200 48073
191.95.134.236 - - [13/Apr/2022:18:26:45 -0500] "POST /forms/lservlet;jsessionid=ac16012b30d605daeec399974d469400a110269c1efa.e3iSbxaKaheRe3iOaNeTahmObO1ynknvrkLOlQzNp65In0 HTTP/1.1" 200 2
186.155.18.196 - - [13/Apr/2022:18:27:03 -0500] "GET /caminos-de-los-cerros-habilitados-en-esta-semana-santa-2022.html HTTP/1.1" 304 -
66.220.149.3 - - [13/Apr/2022:18:27:05 -0500] "GET /images/mujeres-reverdecen-humedales-2-febrero.jpg HTTP/1.1" 200 47327
172.22.2.4 - - [13/Apr/2022:18:27:10 -0500] "GET /BLA/boletinlegal/actos.php HTTP/1.1" 200 9559
172.22.2.4 - - [13/Apr/2022:18:27:10 -0500] "GET /BLA/boletinlegal/styles2.css HTTP/1.1" 200 1838
172.22.2.4 - - [13/Apr/2022:18:27:10 -0500] "GET /BLA/boletinlegal/niceforms.js HTTP/1.1" 200 22876
172.22.2.4 - - [13/Apr/2022:18:27:10 -0500] "GET /BLA/boletinlegal/js/ajax_actos.js HTTP/1.1" 200 1322
172.22.2.4 - - [13/Apr/2022:18:27:11 -0500] "GET /BLA/boletinlegal/niceforms-default.css HTTP/1.1" 200 6694
172.22.2.4 - - [13/Apr/2022:18:27:11 -0500] "GET /BLA/boletinlegal/style.css HTTP/1.1" 200 9406
172.22.2.4 - - [13/Apr/2022:18:27:11 -0500] "GET /BLA/boletinlegal/js/lib.js HTTP/1.1" 200 6474
172.22.2.4 - - [13/Apr/2022:18:27:11 -0500] "GET /BLA/boletinlegal/js/popup.js HTTP/1.1" 200 1270
172.22.2.4 - - [13/Apr/2022:18:27:11 -0500] "GET /BLA/boletinlegal/js/jquery1.js HTTP/1.1" 200 29846
172.22.2.4 - - [13/Apr/2022:18:27:13 -0500] "GET /BLA/boletinlegal/images/cabezote%20BLEGAL.jpg HTTP/1.1" 200 118164
172.22.2.4 - - [13/Apr/2022:18:27:13 -0500] "GET /BLA/boletinlegal/images/subscribe-icon-big.png HTTP/1.1" 200 47702
172.22.2.4 - - [13/Apr/2022:18:27:13 -0500] "GET /BLA/boletinlegal/images/registro-usuarios.png HTTP/1.1" 200 8106
172.22.2.4 - - [13/Apr/2022:18:27:13 -0500] "GET /BLA/boletinlegal/images/historia.png HTTP/1.1" 200 52775
172.22.2.4 - - [13/Apr/2022:18:27:13 -0500] "GET /BLA/boletinlegal/images/abajo.png HTTP/1.1" 200 96676
172.22.2.4 - - [13/Apr/2022:18:27:13 -0500] "GET /BLA/boletinlegal/images/green-yellow-blue-pink-th.png HTTP/1.1" 200 7394
172.22.2.4 - - [13/Apr/2022:18:27:14 -0500] "GET /BLA/boletinlegal/images/menu_rght.gif HTTP/1.1" 200 1627
172.22.2.4 - - [13/Apr/2022:18:27:14 -0500] "GET /BLA/boletinlegal/images/menu_lft.gif HTTP/1.1" 200 1713
172.22.2.4 - - [13/Apr/2022:18:27:15 -0500] "GET /BLA/boletinlegal/images/body_bg.jpg HTTP/1.1" 200 1601
172.22.2.4 - - [13/Apr/2022:18:27:15 -0500] "GET /BLA/boletinlegal/images/footer_bg.jpg HTTP/1.1" 200 586
172.22.2.4 - - [13/Apr/2022:18:27:16 -0500] "GET /BLA/boletinlegal/images/bg_top.jpg HTTP/1.1" 200 522
172.22.2.4 - - [13/Apr/2022:18:27:16 -0500] "GET /BLA/boletinlegal/images/menu_bg.jpg HTTP/1.1" 200 620
172.22.2.4 - - [13/Apr/2022:18:27:16 -0500] "GET /BLA/boletinlegal/images/text.jpg HTTP/1.1" 200 568
172.22.2.4 - - [13/Apr/2022:18:27:16 -0500] "GET /BLA/boletinlegal/images/hover.jpg HTTP/1.1" 200 640
172.22.2.4 - - [13/Apr/2022:18:27:16 -0500] "GET /BLA/boletinlegal/images/tel.png HTTP/1.1" 200 14477
172.22.2.4 - - [13/Apr/2022:18:27:19 -0500] "GET /BLA/boletinlegal/images/icono-email.png HTTP/1.1" 200 5544
172.22.2.4 - - [13/Apr/2022:18:27:21 -0500] "GET /BLA/boletinlegal/images/footer_bg_l.jpg HTTP/1.1" 200 776
66.249.66.85 - - [13/Apr/2022:18:27:26 -0500] "-" 408 -
172.22.2.4 - - [13/Apr/2022:18:27:33 -0500] "GET /BLA/boletinlegal/favicon.ico HTTP/1.1" 404 1326
172.22.2.4 - - [13/Apr/2022:18:27:33 -0500] "GET /BLA/boletinlegal/img/0.png HTTP/1.1" 200 110
172.22.2.4 - - [13/Apr/2022:18:27:33 -0500] "GET /BLA/boletinlegal/img/select-left.png HTTP/1.1" 200 263
172.22.2.4 - - [13/Apr/2022:18:27:33 -0500] "GET /BLA/boletinlegal/img/select-right.png HTTP/1.1" 200 44019
172.22.2.4 - - [13/Apr/2022:18:27:34 -0500] "GET /BLA/boletinlegal/img/button-left.png HTTP/1.1" 200 57071
172.22.2.4 - - [13/Apr/2022:18:27:34 -0500] "GET /BLA/boletinlegal/img/button.png HTTP/1.1" 200 43241
172.22.2.4 - - [13/Apr/2022:18:27:34 -0500] "GET /BLA/boletinlegal/img/button-right.png HTTP/1.1" 200 57878
172.22.2.4 - - [13/Apr/2022:18:27:42 -0500] "GET /BLA/boletinlegal/consulta_actos.php?tipo=resoluciones&no=4286&usuario=&sector=&fecha=2018&resuelve= HTTP/1.1" 200 1070
172.22.2.4 - - [13/Apr/2022:18:27:42 -0500] "GET /BLA/boletinlegal/images/pdf.gif HTTP/1.1" 200 567
186.96.115.253 - - [13/Apr/2022:18:27:46 -0500] "GET /BLA/resoluciones/RESOLUCIONES%202018/4286.pdf HTTP/1.1" 200 364234
186.96.115.253 - - [13/Apr/2022:18:27:47 -0500] "GET /favicon.ico HTTP/1.1" 200 7782
172.22.2.4 - - [13/Apr/2022:18:26:54 -0500] "HEAD /BLA/boletinlegal/ HTTP/1.1" 200 -
191.95.134.236 - - [13/Apr/2022:18:28:48 -0500] "POST /forms/lservlet;jsessionid=ac16012b30d605daeec399974d469400a110269c1efa.e3iSbxaKaheRe3iOaNeTahmObO1ynknvrkLOlQzNp65In0 HTTP/1.1" 200 2
216.245.221.92 - - [13/Apr/2022:18:28:53 -0500] "HEAD / HTTP/1.1" 200 -
207.46.13.43 - - [13/Apr/2022:18:28:54 -0500] "GET /bla/resoluciones/resoluciones%202016/1771.pdf HTTP/1.1" 200 707668
172.22.2.4 - - [13/Apr/2022:18:27:44 -0500] "GET /BLA/boletinlegal/ HTTP/1.1" 200 59170
181.237.58.219 - - [13/Apr/2022:18:31:56 -0500] "GET /documents/10184/2325415/pieza-concurso-buenas-practicas-20-septiembre.jpg HTTP/1.1" 404 1132
172.22.2.4 - - [13/Apr/2022:18:33:00 -0500] "GET /BLA/boletinlegal/.git/config HTTP/1.1" 404 1018
201.245.192.253 - - [13/Apr/2022:18:32:37 -0500] "POST /kwsrmcab/Wsrmcab HTTP/1.1" 200 45290
201.244.142.206 - - [13/Apr/2022:18:33:30 -0500] "GET /en-semana-santa-jardin-botanico-una-opcion-vital-para-reconectarse-y-vivir-la-naturaleza.html HTTP/1.1" 200 1012
181.53.12.137 - - [13/Apr/2022:18:33:39 -0500] "GET /BLA/resoluciones/index.php?dir=RESOLUCIONES+2019%2F HTTP/1.1" 200 235205
216.245.221.92 - - [13/Apr/2022:18:33:53 -0500] "HEAD / HTTP/1.1" 200 -
201.245.192.253 - - [13/Apr/2022:18:33:27 -0500] "POST /kwsrmcab/Wsrmcab HTTP/1.1" 200 45788
172.22.2.4 - - [13/Apr/2022:18:32:44 -0500] "HEAD /BLA/boletinlegal/ HTTP/1.1" 200 -
181.53.12.137 - - [13/Apr/2022:18:35:01 -0500] "GET /BLA/resoluciones/index.php?dir=RESOLUCIONES+2019%2F HTTP/1.1" 200 235205
172.22.2.4 - - [13/Apr/2022:18:33:34 -0500] "GET /BLA/boletinlegal/ HTTP/1.1" 200 56669
190.121.157.33 - - [13/Apr/2022:18:36:56 -0500] "GET /semana-santa-2022-distrito-realiza-jornadas-de-sensibilizacion-en-terminales-terrestres-y-area-para-prevenir-el-trafico-de-fauna-silvestre.html HTTP/1.1" 200 1105
172.22.2.4 - - [13/Apr/2022:18:35:48 -0500] "GET /BLA/boletinlegal/ HTTP/1.1" 200 63729
216.245.221.92 - - [13/Apr/2022:18:38:53 -0500] "HEAD / HTTP/1.1" 200 -
66.249.66.75 - - [13/Apr/2022:18:39:27 -0500] "-" 408 -
172.22.2.4 - - [13/Apr/2022:18:39:33 -0500] "GET /BLA/boletinlegal/Circulares/2022/CIRCULAR%20No.%2000003%20DEL%2007%20DE%20MARZO%20DEL%202022.pdf HTTP/1.1" 404 1038
172.22.2.4 - - [13/Apr/2022:18:39:36 -0500] "GET /BLA/boletinlegal/Circulares/2021/CIRCULAR%20No.%2000009%20DEL%2001%20DE%20OCTUBRE%20DEL%202021.pdf HTTP/1.1" 200 320793
181.237.58.219 - - [13/Apr/2022:18:39:37 -0500] "GET /documents/10184/2325415/pieza-concurso-buenas-practicas-20-septiembre.jpg HTTP/1.1" 404 1132
172.22.2.4 - - [13/Apr/2022:18:39:42 -0500] "GET /BLA/boletinlegal/Circulares/2021/CIRCULAR%20No.%2000007%20DEL%2010%20DE%20AGOSTO%20DEL%202021.pdf HTTP/1.1" 200 266364
172.22.2.4 - - [13/Apr/2022:18:39:48 -0500] "GET /BLA/boletinlegal/Circulares/2021/CIRCULAR%20No.%2000006%20DEL%2005%20DE%20AGOSTO%20DEL%202021.pdf HTTP/1.1" 200 249615
172.22.2.4 - - [13/Apr/2022:18:39:54 -0500] "GET /BLA/boletinlegal/Circulares/2020/Circular%20No.%2000018%20del%2002%20de%20diciembre%20del%202020.pdf HTTP/1.1" 200 276868
172.22.2.4 - - [13/Apr/2022:18:40:00 -0500] "GET /BLA/boletinlegal/Circulares/2020/Circular%2000010%20del%2027%20de%20julio%20de%202020.pdf HTTP/1.1" 200 422655
172.22.2.4 - - [13/Apr/2022:18:40:05 -0500] "GET /BLA/boletinlegal/Circulares/2020/CIRCULAR%20No.%2000019%20DEL%2018%20DE%20DICIEMBRE%20DEL%202020.pdf HTTP/1.1" 200 307959
172.22.2.4 - - [13/Apr/2022:18:40:11 -0500] "GET /BLA/boletinlegal/Circulares/2020/CIRCULAR%20No.%2000014%20del%2001%20de%20septiembre%20del%202020.pdf HTTP/1.1" 200 320826
172.22.2.4 - - [13/Apr/2022:18:38:34 -0500] "HEAD /BLA/boletinlegal/ HTTP/1.1" 200 -
172.22.2.4 - - [13/Apr/2022:18:40:17 -0500] "GET /BLA/boletinlegal/Circulares/2019/Circular%20No.%2012%20del%2014%20de%20Marzo%20de%202019.pdf HTTP/1.1" 200 344384
172.22.2.4 - - [13/Apr/2022:18:40:23 -0500] "GET /BLA/boletinlegal/Circulares/2019/Circular%20No.%20006%20del%2008%20de%20Febrero%20de%202019.pdf HTTP/1.1" 200 674401
172.22.2.4 - - [13/Apr/2022:18:40:31 -0500] "GET /BLA/boletinlegal/Circulares/2019/Circular%20No.%200015%20del%2003%20de%20Octubre%20de%202019.pdf HTTP/1.1" 200 165608
172.22.2.4 - - [13/Apr/2022:18:40:38 -0500] "GET /BLA/boletinlegal/Circulares/2019/Circular%20No.%200005%20del%2020%20de%20Marzo%20de%202019.pdf HTTP/1.1" 200 159877
172.22.2.4 - - [13/Apr/2022:18:40:44 -0500] "GET /BLA/boletinlegal/Circulares/2019/Circular%20No.%200003%20del%2031%20de%20Enero%20de%202019.pdf HTTP/1.1" 200 164676
172.22.2.4 - - [13/Apr/2022:18:40:49 -0500] "GET /BLA/boletinlegal/Circulares/2019/Circular%2000020%20del%2020%20de%20diciembre%20de%202019.pdf HTTP/1.1" 200 145170
172.22.2.4 - - [13/Apr/2022:18:40:54 -0500] "GET /BLA/boletinlegal/Circulares/2019/Circular%2000018%20del%2020%20de%20noviembre%20de%202019.pdf HTTP/1.1" 200 158030
172.22.2.4 - - [13/Apr/2022:18:41:00 -0500] "GET /BLA/boletinlegal/Circulares/2019/.pdf HTTP/1.1" 404 1218
172.22.2.4 - - [13/Apr/2022:18:41:03 -0500] "GET /BLA/boletinlegal/Circulares/2018/Circular%20No.%2011%20del%2024%20de%20Septiembre%20de%202018.pdf HTTP/1.1" 200 169541
172.22.2.4 - - [13/Apr/2022:18:39:24 -0500] "GET /BLA/boletinlegal/ HTTP/1.1" 200 58588
172.22.2.4 - - [13/Apr/2022:18:41:07 -0500] "GET /BLA/boletinlegal/Circulares/2018/Circular%20No.%2010%20del%2021%20de%20Septiembre%20de%202018.pdf HTTP/1.1" 200 163426
172.22.2.4 - - [13/Apr/2022:18:41:13 -0500] "GET /BLA/boletinlegal/Circulares/2018/Circular%20No.%200015%20del%207%20de%20Diciembre%20de%202018.pdf HTTP/1.1" 200 165305
172.22.2.4 - - [13/Apr/2022:18:41:19 -0500] "GET /BLA/boletinlegal/Circulares/2018/CIRCULAR%20COJUNTA%20042%20DE%202018.pdf HTTP/1.1" 200 515008
172.22.2.4 - - [13/Apr/2022:18:41:28 -0500] "GET /BLA/boletinlegal/Circulares/2017/Circular%20No.%202%20del%201%20de%20Septiembre%20de%202017.pdf HTTP/1.1" 200 152575
172.22.2.4 - - [13/Apr/2022:18:41:32 -0500] "GET /BLA/boletinlegal/Circulares/2017/Circular%20No.%201%20del%2030%20de%20Marzo%20de%202017.pdf HTTP/1.1" 200 668532
172.22.2.4 - - [13/Apr/2022:18:41:39 -0500] "GET /BLA/boletinlegal/Circulares/2017/Circular%20No.%2007%20del%2028%20de%20Abril%20de%202017.pdf HTTP/1.1" 200 309906
172.22.2.4 - - [13/Apr/2022:18:41:46 -0500] "GET /BLA/boletinlegal/Circulares/2017/Circular%20No.%20011%20del%2005%20de%20julio%20de%202017.pdf HTTP/1.1" 200 965526
172.22.2.4 - - [13/Apr/2022:18:41:56 -0500] "GET /BLA/boletinlegal/Circulares/2015/Circular%20No.%202%20del%201%20de%20julio%20de%202015.pdf HTTP/1.1" 200 752890
172.22.2.4 - - [13/Apr/2022:18:42:01 -0500] "GET /BLA/boletinlegal/Circulares/2015/Circular%20No.%201%20del%2010%20de%20Febrero%20de%202015.pdf HTTP/1.1" 200 660637
172.22.2.4 - - [13/Apr/2022:18:42:08 -0500] "GET /BLA/boletinlegal/Circulares/2014/Circular%20No.%203%20del%2014%20de%20Noviembre%20de%202014.pdf HTTP/1.1" 200 104132
172.22.2.4 - - [13/Apr/2022:18:42:15 -0500] "GET /BLA/boletinlegal/Circulares/2014/Circular%20No.%202%20del%2021%20de%20septiembre%20de%202014.pdf HTTP/1.1" 200 143376
172.22.2.4 - - [13/Apr/2022:18:42:21 -0500] "GET /BLA/boletinlegal/Circulares/2014/Circular%20No.%201%20del%2008%20de%20Mayo%20de%202014.pdf HTTP/1.1" 200 180124
172.22.2.4 - - [13/Apr/2022:18:42:27 -0500] "GET /BLA/boletinlegal/Circulares/2013/Circular%20No.%208%20del%201%20de%20Noviembre%20de%202013.pdf HTTP/1.1" 200 385156
172.22.2.4 - - [13/Apr/2022:18:42:34 -0500] "GET /BLA/boletinlegal/Circulares/2013/Circular%20No.%207%20del%201%20de%20Agosto%20de%202013.pdf HTTP/1.1" 200 340934
172.22.2.4 - - [13/Apr/2022:18:42:38 -0500] "GET /BLA/boletinlegal/Circulares/2013/Circular%20No.%206%20del%2019%20de%20julio%20de%202013.pdf HTTP/1.1" 200 4210437
172.22.2.4 - - [13/Apr/2022:18:42:54 -0500] "GET /BLA/boletinlegal/Circulares/2013/Circular%20No.%205%20del%2013%20de%20junio%20de%202013.pdf HTTP/1.1" 200 110904
172.22.2.4 - - [13/Apr/2022:18:42:59 -0500] "GET /BLA/boletinlegal/Circulares/2013/Circular%20No.%204%20del%2005%20de%20junio%20de%202013.pdf HTTP/1.1" 200 130461
172.22.2.4 - - [13/Apr/2022:18:43:04 -0500] "GET /BLA/boletinlegal/Circulares/2013/Circular%20No.%203%20del%2005%20de%20abril%20de%202013.pdf HTTP/1.1" 200 93580
172.22.2.4 - - [13/Apr/2022:18:43:08 -0500] "GET /BLA/boletinlegal/Circulares/2013/Circular%20No.%202%20del%2022%20de%20enero%20de%202013.pdf HTTP/1.1" 200 85466
172.22.2.4 - - [13/Apr/2022:18:43:13 -0500] "GET /BLA/boletinlegal/Circulares/2013/Circular%20No.%201%20del%2014%20de%20enero%20de%202013.pdf HTTP/1.1" 200 1298384
172.22.2.4 - - [13/Apr/2022:18:43:23 -0500] "GET /BLA/boletinlegal/Circulares/2012/Circular%20No.%209%20del%2021%20de%20Agosto%20de%202012.pdf HTTP/1.1" 200 1402289
201.245.192.253 - - [13/Apr/2022:18:42:38 -0500] "POST /kwsrmcab/Wsrmcab HTTP/1.1" 200 45290
172.22.2.4 - - [13/Apr/2022:18:43:28 -0500] "GET /BLA/boletinlegal/Circulares/2012/Circular%20No.%208%20del%2021%20de%20Agosto%20de%202012.pdf HTTP/1.1" 200 963197
172.22.2.4 - - [13/Apr/2022:18:43:34 -0500] "GET /BLA/boletinlegal/Circulares/2012/Circular%20No.%207%20del%2008%20de%20Agosto%20de%202012.pdf HTTP/1.1" 200 972955
172.22.2.4 - - [13/Apr/2022:18:43:43 -0500] "GET /BLA/boletinlegal/Circulares/2012/Circular%20No.%206%20del%2025%20de%20Mayo%20de%202012.pdf HTTP/1.1" 200 387391
172.22.2.4 - - [13/Apr/2022:18:43:48 -0500] "GET /BLA/boletinlegal/Circulares/2012/Circular%20No.%205%20del%2027%20de%20Abril%20de%202012.pdf HTTP/1.1" 200 216613
216.245.221.92 - - [13/Apr/2022:18:43:53 -0500] "HEAD / HTTP/1.1" 200 -
172.22.2.4 - - [13/Apr/2022:18:43:53 -0500] "GET /BLA/boletinlegal/Circulares/2012/Circular%20No.%204%20del%2019%20de%20abril%20de%202012.pdf HTTP/1.1" 200 253045
172.22.2.4 - - [13/Apr/2022:18:43:59 -0500] "GET /BLA/boletinlegal/Circulares/2012/Circular%20No.%203%20del%2023%20de%20Marzo%20de%202012.pdf HTTP/1.1" 200 572950
172.22.2.4 - - [13/Apr/2022:18:44:05 -0500] "GET /BLA/boletinlegal/Circulares/2012/Circular%20No.%202%20del%2014%20de%20Marzo%20de%202012.pdf HTTP/1.1" 200 113666
172.22.2.4 - - [13/Apr/2022:18:44:12 -0500] "GET /BLA/boletinlegal/Circulares/2012/Circular%20No.%2016%20del%2022%20de%20octubre%20de%202012.pdf HTTP/1.1" 200 381186
201.245.192.253 - - [13/Apr/2022:18:43:27 -0500] "POST /kwsrmcab/Wsrmcab HTTP/1.1" 200 45788
172.22.2.4 - - [13/Apr/2022:18:44:20 -0500] "GET /BLA/boletinlegal/Circulares/2012/Circular%20No.%2015%20del%2022%20de%20octubre%20de%202012.pdf HTTP/1.1" 200 486506
172.22.2.4 - - [13/Apr/2022:18:44:28 -0500] "GET /BLA/boletinlegal/Circulares/2012/Circular%20No.%2014%20del%2011%20de%20Septiembre%20de%202012.pdf HTTP/1.1" 200 3427471
172.22.2.4 - - [13/Apr/2022:18:44:36 -0500] "GET /BLA/boletinlegal/Circulares/2012/Circular%20No.%2013%20del%2006%20de%20Septiembre%20de%202012.pdf HTTP/1.1" 200 351421
172.22.2.4 - - [13/Apr/2022:18:44:42 -0500] "GET /BLA/boletinlegal/Circulares/2012/Circular%20No.%2012%20del%2028%20de%20Agosto%20de%202012.pdf HTTP/1.1" 200 369945
172.22.2.4 - - [13/Apr/2022:18:44:51 -0500] "GET /BLA/boletinlegal/Circulares/2012/Circular%20No.%2011%20del%2027%20de%20Agosto%20de%202012.pdf HTTP/1.1" 200 526945
172.22.2.4 - - [13/Apr/2022:18:44:58 -0500] "GET /BLA/boletinlegal/Circulares/2012/Circular%20No.%2010%20del%2026%20de%20Enero%20de%202012.pdf HTTP/1.1" 404 1218
172.22.2.4 - - [13/Apr/2022:18:45:00 -0500] "GET /BLA/boletinlegal/Circulares/2012/Circular%20No.%2010%20del%2022%20de%20Agosto%20de%202012.pdf HTTP/1.1" 200 1563219
172.22.2.4 - - [13/Apr/2022:18:45:06 -0500] "GET /BLA/boletinlegal/actos.php HTTP/1.1" 200 9559
172.22.2.4 - - [13/Apr/2022:18:45:07 -0500] "GET /BLA/boletinlegal/Circulares/2012/Circular%20No.%201%20del%2017%20de%20Enero%20de%202012.pdf HTTP/1.1" 200 1118749
172.22.2.4 - - [13/Apr/2022:18:45:14 -0500] "GET /BLA/boletinlegal/Circulares/2011/Circular%20No.%209%20del%2003%20de%20Noviembre%20de%202011.pdf HTTP/1.1" 200 54568
172.22.2.4 - - [13/Apr/2022:18:45:17 -0500] "GET /BLA/boletinlegal/Circulares/2011/Circular%20No.%208%20del%2020%20de%20Septiembre%20de%202011.pdf HTTP/1.1" 200 285158
172.22.2.4 - - [13/Apr/2022:18:45:19 -0500] "GET /BLA/boletinlegal/consulta_actos.php?tipo=autos&no=4419&usuario=&sector=&fecha=2011&resuelve= HTTP/1.1" 200 1028
190.252.135.65 - - [13/Apr/2022:18:45:22 -0500] "GET /BLA/resoluciones/ HTTP/1.1" 200 13093
172.22.2.4 - - [13/Apr/2022:18:45:23 -0500] "GET /BLA/boletinlegal/Circulares/2011/Circular%20No.%207%20del%2023%20de%20Diciembre%20de%202011.pdf HTTP/1.1" 200 1107785
172.22.2.4 - - [13/Apr/2022:18:45:28 -0500] "GET /BLA/boletinlegal/Circulares/2011/Circular%20No.%207%20del%2015%20de%20Septiembre%20de%202011.pdf HTTP/1.1" 200 314873
186.102.57.170 - - [13/Apr/2022:18:45:29 -0500] "GET /kwssiamovil/sm/ldap/au?x=U2FsdGVkX18De+Tki8LshkPQBRbzteCNfmURu1W9OL6BfnwW/OSiDGu3zL3I6Zwd&y=U2FsdGVkX1+6OQ5cvRNctMpNsmESt/cepxBDxXoH2ZI1Bnj79kMYT/YXslfc0hmm HTTP/1.1" 200 30
186.102.57.170 - - [13/Apr/2022:18:45:29 -0500] "GET /kwssiamovil/sm/acme/s?s=U2FsdGVkX186DQrCxAjYbHFB7s7y3BNLUQ8MQsnSULZPVairW3CYeBXo1VaFkdqTZEz0Wl3UKEb4SVceJ/+gjZqypaRVOdU8IIRYPww/1Z4=&u=U2FsdGVkX1/fz1lrWqGaRNThLNw5VDARGdjlM8/du04=&y=U2FsdGVkX1+6OQ5cvRNctMpNsmESt/cepxBDxXoH2ZI1Bnj79kMYT/YXslfc0hmm HTTP/1.1" 200 97
172.22.2.4 - - [13/Apr/2022:18:45:32 -0500] "GET /BLA/boletinlegal/Circulares/2011/Circular%20No.%206%20del%2029%20de%20Julio%20de%202011.pdf HTTP/1.1" 200 262144
186.102.57.170 - - [13/Apr/2022:18:45:34 -0500] "GET /kwssiamovil/sm/ldap/au?x=U2FsdGVkX18Fov/TBGSSDpw+TDAtoPCSlCiGatmsiZ72lR2HDsj1gkGBGVCJ+f3y&y=U2FsdGVkX19xQSG2iRpO4Y4Top2R+o6Dc2dLVmGwjXc+yhcvn4zf5CEQfixUmI8j HTTP/1.1" 200 30
186.102.57.170 - - [13/Apr/2022:18:45:34 -0500] "GET /kwssiamovil/sm/acme/s?s=U2FsdGVkX1+AOV6n78m7Nxhm9hm9GHrf8izaRlE1UKpmCA15TaC4qJuy5jYU6y5YXihm2xseGvouMt59/u2NhLrzQliFuVpJuJ/JZDJAdJg=&u=U2FsdGVkX1/ruT1hhcOfbCMAU5AjQ3DSbanUdSrkILQ=&y=U2FsdGVkX19xQSG2iRpO4Y4Top2R+o6Dc2dLVmGwjXc+yhcvn4zf5CEQfixUmI8j HTTP/1.1" 200 97
186.102.57.170 - - [13/Apr/2022:18:45:36 -0500] "GET /kwssiamovil/sm/ldap/au?x=U2FsdGVkX19metVtL6BGuoV7xb7XUAGBSh435CTMsgx/aThK/egNioV7o8qZijqi&y=U2FsdGVkX1+gMLWmE4Jal/aH2dxmI32A74haTbFQBiH5TtBI1rqhRUxTtEuUl8oa HTTP/1.1" 200 30
186.102.57.170 - - [13/Apr/2022:18:45:36 -0500] "GET /kwssiamovil/sm/acme/s?s=U2FsdGVkX1+MUi2baECoUuwSvCTFrhz5UsoHlHKfYyQWQu/mNPdGjHVjnLOJOMA9WCfLWS0oF63BEV500OciBSryGrC5lMqkThm1jwD6tMc=&u=U2FsdGVkX1+gupL/a4WrXtYJI7S6yN8HwIaTKzyFmn8=&y=U2FsdGVkX1+gMLWmE4Jal/aH2dxmI32A74haTbFQBiH5TtBI1rqhRUxTtEuUl8oa HTTP/1.1" 200 97
190.252.135.65 - - [13/Apr/2022:18:45:34 -0500] "GET /BLA/resoluciones/index.php?dir=AUTOS+2011%2F HTTP/1.1" 200 625660
172.22.2.4 - - [13/Apr/2022:18:45:40 -0500] "GET /BLA/boletinlegal/Circulares/2011/Circular%20No.%206%20del%2023%20de%20Septiembre%20de%202011.pdf HTTP/1.1" 200 252800
172.22.2.4 - - [13/Apr/2022:18:45:47 -0500] "GET /BLA/boletinlegal/Circulares/2011/Circular%20No.%205%20del%2014%20de%20Julio%20de%202011.pdf HTTP/1.1" 200 1488992
172.22.2.4 - - [13/Apr/2022:18:45:53 -0500] "GET /BLA/boletinlegal/Circulares/2011/Circular%20No.%205%20del%2012%20de%20Agosto%20de%202011.pdf HTTP/1.1" 200 431796
172.22.2.4 - - [13/Apr/2022:18:46:01 -0500] "GET /BLA/boletinlegal/Circulares/2011/Circular%20No.%204%20del%2014%20de%20Julio%20de%202011.pdf HTTP/1.1" 200 399895
172.22.2.4 - - [13/Apr/2022:18:44:24 -0500] "HEAD /BLA/boletinlegal/ HTTP/1.1" 200 -
172.22.2.4 - - [13/Apr/2022:18:46:08 -0500] "GET /BLA/boletinlegal/Circulares/2011/Circular%20No.%204%20del%2012%20de%20Agosto%20de%202011.pdf HTTP/1.1" 200 601047
186.102.57.170 - - [13/Apr/2022:18:46:11 -0500] "GET /kwssiamovil/sm/ldap/au?x=U2FsdGVkX1+Y0G2lisAKeiXysyJHQEpmmviokMaMFjtKzuv0MhXLHCxy/YDcM1I4&y=U2FsdGVkX1+yP0Pez+8oLLw6AsSjeZibqiZiC3BCec+yxFvrdK6pdynhJZcQj7nb HTTP/1.1" 200 30
186.102.57.170 - - [13/Apr/2022:18:46:11 -0500] "GET /kwssiamovil/sm/acme/s?s=U2FsdGVkX1/bp1tcf3PY01AUQw+E5L4hQYrzCo8Qvr85ru+GH2uLh0T1GAl8iDRcfXARf276wkZkV0+J5umxeW6AsTUiq6A9VnvQnzlrXhs=&u=U2FsdGVkX198/uht6lBu2lXCAFXUj78R0JpPLqhNjGc=&y=U2FsdGVkX1+yP0Pez+8oLLw6AsSjeZibqiZiC3BCec+yxFvrdK6pdynhJZcQj7nb HTTP/1.1" 200 97
