181.61.164.108 - - [13/Apr/2022:11:09:25 -0500] "GET /BLA/resoluciones/RESOLUCIONES%202005/RES%202005%20851-900/00000880.tif HTTP/1.1" 200 146612
181.61.164.108 - - [13/Apr/2022:11:09:26 -0500] "GET /BLA/resoluciones/RESOLUCIONES%202005/RES%202005%20851-900/00000881.tif HTTP/1.1" 200 149384
181.61.164.108 - - [13/Apr/2022:11:09:27 -0500] "GET /BLA/resoluciones/RESOLUCIONES%202005/RES%202005%20851-900/00000882.tif HTTP/1.1" 200 148718
181.61.164.108 - - [13/Apr/2022:11:09:28 -0500] "GET /BLA/resoluciones/RESOLUCIONES%202005/RES%202005%20851-900/00000883.tif HTTP/1.1" 200 148318
181.61.164.108 - - [13/Apr/2022:11:09:29 -0500] "GET /BLA/resoluciones/RESOLUCIONES%202005/RES%202005%20851-900/00000884.tif HTTP/1.1" 200 148836
181.61.164.108 - - [13/Apr/2022:11:09:30 -0500] "GET /BLA/resoluciones/RESOLUCIONES%202005/RES%202005%20851-900/00000885.tif HTTP/1.1" 200 148206
181.61.164.108 - - [13/Apr/2022:11:09:31 -0500] "GET /BLA/resoluciones/RESOLUCIONES%202005/RES%202005%20851-900/00000886.tif HTTP/1.1" 200 123810
181.61.164.108 - - [13/Apr/2022:11:09:32 -0500] "GET /BLA/resoluciones/RESOLUCIONES%202005/RES%202005%20851-900/00000887.tif HTTP/1.1" 200 215372
181.61.164.108 - - [13/Apr/2022:11:09:33 -0500] "GET /BLA/resoluciones/RESOLUCIONES%202005/RES%202005%20851-900/00000888.tif HTTP/1.1" 200 151570
181.61.164.108 - - [13/Apr/2022:11:09:34 -0500] "GET /BLA/resoluciones/RESOLUCIONES%202005/RES%202005%20851-900/00000889.tif HTTP/1.1" 200 591850
181.61.164.108 - - [13/Apr/2022:11:09:35 -0500] "GET /BLA/resoluciones/RESOLUCIONES%202005/RES%202005%20851-900/00000890.tif HTTP/1.1" 200 83650
181.61.164.108 - - [13/Apr/2022:11:09:36 -0500] "GET /BLA/resoluciones/RESOLUCIONES%202005/RES%202005%20851-900/00000891.tif HTTP/1.1" 200 142758
181.61.164.108 - - [13/Apr/2022:11:09:37 -0500] "GET /BLA/resoluciones/RESOLUCIONES%202005/RES%202005%20851-900/00000892.tif HTTP/1.1" 200 95580
181.61.164.108 - - [13/Apr/2022:11:09:38 -0500] "GET /BLA/resoluciones/RESOLUCIONES%202005/RES%202005%20851-900/00000893.tif HTTP/1.1" 200 247144
181.61.164.108 - - [13/Apr/2022:11:09:39 -0500] "GET /BLA/resoluciones/RESOLUCIONES%202005/RES%202005%20851-900/00000894.tif HTTP/1.1" 200 187624
181.61.164.108 - - [13/Apr/2022:11:09:40 -0500] "GET /BLA/resoluciones/RESOLUCIONES%202005/RES%202005%20851-900/00000895.tif HTTP/1.1" 200 238112
181.61.164.108 - - [13/Apr/2022:11:09:41 -0500] "GET /BLA/resoluciones/RESOLUCIONES%202005/RES%202005%20851-900/00000896.tif HTTP/1.1" 200 246370
181.61.164.108 - - [13/Apr/2022:11:09:41 -0500] "GET /BLA/resoluciones/RESOLUCIONES%202005/RES%202005%20851-900/00000897.tif HTTP/1.1" 200 183182
181.61.164.108 - - [13/Apr/2022:11:09:42 -0500] "GET /BLA/resoluciones/RESOLUCIONES%202005/RES%202005%20851-900/00000898.tif HTTP/1.1" 200 146522
181.61.164.108 - - [13/Apr/2022:11:09:43 -0500] "GET /BLA/resoluciones/RESOLUCIONES%202005/RES%202005%20851-900/00000899.tif HTTP/1.1" 200 428970
181.61.164.108 - - [13/Apr/2022:11:09:44 -0500] "GET /BLA/resoluciones/RESOLUCIONES%202005/RES%202005%20851-900/00000900.tif HTTP/1.1" 200 81780
181.61.164.108 - - [13/Apr/2022:11:09:48 -0500] "GET /BLA/resoluciones/index.php?dir=RESOLUCIONES+2005%2FRES+2005+901-950%2F HTTP/1.1" 200 12245
191.95.134.236 - - [13/Apr/2022:11:10:00 -0500] "POST /forms/lservlet;jsessionid=ac16012b30d6532c3f7e73624a11a4a9a72c2f6d7170.e3iSbxaKaheRe3iOaNeTahmObO1ynknvrkLOlQzNp65In0 HTTP/1.1" 200 2
207.46.13.179 - - [13/Apr/2022:11:10:01 -0500] "GET /bla/resoluciones/resoluciones%202016/1654.pdf HTTP/1.1" 200 519557
181.61.164.108 - - [13/Apr/2022:11:10:07 -0500] "GET /BLA/resoluciones/RESOLUCIONES%202005/RES%202005%20901-950/00000901.tif HTTP/1.1" 200 198168
181.61.164.108 - - [13/Apr/2022:11:10:08 -0500] "GET /BLA/resoluciones/RESOLUCIONES%202005/RES%202005%20901-950/00000902.tif HTTP/1.1" 200 115838
181.61.164.108 - - [13/Apr/2022:11:10:09 -0500] "GET /BLA/resoluciones/RESOLUCIONES%202005/RES%202005%20901-950/00000903.tif HTTP/1.1" 200 115958
207.46.13.157 - - [13/Apr/2022:11:10:09 -0500] "GET /BLA/resoluciones/index.php?dir=AUTOS+2019%2F HTTP/1.1" 200 342653
181.61.164.108 - - [13/Apr/2022:11:10:11 -0500] "GET /BLA/resoluciones/RESOLUCIONES%202005/RES%202005%20901-950/00000904.tif HTTP/1.1" 200 250016
186.102.8.2 - - [13/Apr/2022:11:10:12 -0500] "GET /kwssiamovil/sm/des/ldap/au?x=U2FsdGVkX1+q9hWYqiwwCk4QFA4loqmz0LmWlnJl4/gaKyTvv2kAD0/PLH433VuA&y=U2FsdGVkX18bZYK88EuWLY3Uvk2JDKzRXP1Nv5CBykBBkqej5GXYcM6ECOyome+6 HTTP/1.1" 200 30
186.102.8.2 - - [13/Apr/2022:11:10:12 -0500] "GET /kwssiamovil/sm/des/acme/s?s=U2FsdGVkX186lPjQcjISQT2J+zC2W15/IETc966UOrxBtbS6tDxLMonlMeDUcYifdWg2Xkx+0zIOdnF9Sgbe1gKDlXyRSEjdk/9+oXgKbO0=&u=U2FsdGVkX18lS4qkbSpvb8i6MKUb9JXXZkGNKrmw3uc=&y=U2FsdGVkX18bZYK88EuWLY3Uvk2JDKzRXP1Nv5CBykBBkqej5GXYcM6ECOyome+6 HTTP/1.1" 200 97
186.102.8.2 - - [13/Apr/2022:11:10:12 -0500] "GET /kwssiamovil/sm/des/acme/s?s=U2FsdGVkX1+OFVFXecOCls7z0pgyFTbbMb2XhxpxrNKf4lFDEsII3FpoT0ogs/os6lTU+4f8M25duvM0eszGUUC3BCPNeedQ6R7j6vI4yzRTXrmP5IvmwM7iXT0Ml9b9AahCZnvFJ9HccQdJY1Pb1DRqHRr4k7vJ0z0oZf0+xCDE5H9BxKso+LUDVAuHZTBek0LwbhVszRZ2NoisDB9Z7nN/SKivWVn4hB9FHiuGqOBKpwSeW9hYEiF/XHX0/7mVFuSajxwm7OZoKkOEB1607x1nZENeSkZdw4c+VrRqh4bMk26f7gpyYZXKEipL3yGcTVfMmI7xx0dDB00SfrRY2MgzfvPy4mYIozdRY+QMHOU3K41jBn0qih/JYCMHBPUGgKItSy7jGEKxYTFf1EeZ/UyqBd/NpLIYySAP1VTcg6PQcFZoiodKcA+yUTbeHD83xrpUkapwJ2w1SxxECaLvE5LS/ZA9kNkhae3d8bHCvSklppVVRRaa+i+8Si5hIU/WfH1fNIbchrxJady0OxOkyu/qls31x41uObEtQA7ww9jlMFumi31AbtcfyjfGyLm1RdNYH2jmlqh4JTcfZL100I/Y9Fgv9g77U7V/nXtf/iu3F3v1bOkbDRij966VWHQ0dqzYA4UdjUAZ+sfi4xVTpHAH+edoPMz/ogZZUZz6LCo19Sn6f1+XzkuoEzbJOrW86n3I0B97DpPLbJU1EeecM2S6vsic51wQoDn9crmeZEpG3nYW3CTowFNy7RnfhG2HHacqq8nJPnITbPVTS14vxHxe3zPrBTYzlXBZSmJy8t5L9o0vnCSMEftEYSU1jMxb/lPpTv+bdi905H+jqfGruKM4Cs3B1BCDnh1Oy9FRR3kGqgsycvVxX5GuuFK0g3ytaeRaRpSMNpvpPGSlK4ByjOq+HsffHyzwAGob+65RdfiUHi3dS+MbZJ+G967BA4LGVFgwT8Xp7ZA/H+cVMA8bcygpgWHKvyKDbTrynjh6sjRG2ysgc61x+F3WXPtOKVwPqCHuPJjerU6Zbqmg20eyuK2gGGtEEaVSjPhitbPBp/Kah67Clpl0+7xVj8WjKUbpoPekMlabgJBwt23gLH4EHo7lM63MMGCZ3lcieyZ9kkJ89iHQTCeMfawW4P0sJ1Ml6BBRMzcdxs+o2Pf/gLToahN+hzl/apvZHhVnN0Rg8Jx/hY0i3UakhPIRQrcPacYJE+FWohEd/62ytyBiEA/PLV7PzuVzvyQkdH+srw5OQbQHy1fOrgFoSxW5+R7eo/4jLOQZHjnIZqbOItjpMPfoGodmuyNDIf0vgmyzxkApufC+jT8l0GTc+WqiZl5WublhVeEDbdGzqGU7WL7CkiRky94JkRC39ItcOfqCVCE32Do=&u=U2FsdGVkX18lS4qkbSpvb8i6MKUb9JXXZkGNKrmw3uc=&y=U2FsdGVkX18bZYK88EuWLY3Uvk2JDKzRXP1Nv5CBykBBkqej5GXYcM6ECOyome+6 HTTP/1.1" 200 337
186.102.8.2 - - [13/Apr/2022:11:10:12 -0500] "GET /kwssiamovil/sm/des/acme/s?s=U2FsdGVkX1+tqSCCb5JyYTTdE4fW8aVVHgAJphoWdyP0REm23cRUOLUAZCw29vsQbn8Yq0BriJ6Woo3y+VaHjh5ZTvGkf/aKTfJXHurQa0XLlhoHOCAmvwgz8xxTxaKR/neXXvmQAmGeO88hYrOrDtmLeuVMBKJKtC60reJevIeChhGX4HE86ze3usHZgo6V3ffDJ110JLrBdrkWfWf3o89jS6LUbCFF8RKmMbATbo0OiLjRS1azsSOMKNE9sVoo1dhgtG2vTgcRXFInkmyZVW3RGsiH+aFlxxTekPV6/pI=&u=U2FsdGVkX18lS4qkbSpvb8i6MKUb9JXXZkGNKrmw3uc=&y=U2FsdGVkX18bZYK88EuWLY3Uvk2JDKzRXP1Nv5CBykBBkqej5GXYcM6ECOyome+6 HTTP/1.1" 200 176
181.61.164.108 - - [13/Apr/2022:11:10:12 -0500] "GET /BLA/resoluciones/RESOLUCIONES%202005/RES%202005%20901-950/00000905.tif HTTP/1.1" 200 161606
186.102.8.2 - - [13/Apr/2022:11:10:12 -0500] "GET /kwssiamovil/sm/des/cjson/pre?f=1&x=U2FsdGVkX1+q9hWYqiwwCk4QFA4loqmz0LmWlnJl4/gaKyTvv2kAD0/PLH433VuA HTTP/1.1" 200 30975
181.61.164.108 - - [13/Apr/2022:11:10:13 -0500] "GET /BLA/resoluciones/RESOLUCIONES%202005/RES%202005%20901-950/00000906.tif HTTP/1.1" 200 145686
181.61.164.108 - - [13/Apr/2022:11:10:14 -0500] "GET /BLA/resoluciones/RESOLUCIONES%202005/RES%202005%20901-950/00000907.tif HTTP/1.1" 200 99356
181.61.164.108 - - [13/Apr/2022:11:10:15 -0500] "GET /BLA/resoluciones/RESOLUCIONES%202005/RES%202005%20901-950/00000908.tif HTTP/1.1" 200 147828
181.61.164.108 - - [13/Apr/2022:11:10:16 -0500] "GET /BLA/resoluciones/RESOLUCIONES%202005/RES%202005%20901-950/00000909.tif HTTP/1.1" 200 146746
181.61.164.108 - - [13/Apr/2022:11:10:17 -0500] "GET /BLA/resoluciones/RESOLUCIONES%202005/RES%202005%20901-950/00000910.tif HTTP/1.1" 200 146934
181.61.164.108 - - [13/Apr/2022:11:10:18 -0500] "GET /BLA/resoluciones/RESOLUCIONES%202005/RES%202005%20901-950/00000911.tif HTTP/1.1" 200 161240
181.61.164.108 - - [13/Apr/2022:11:10:18 -0500] "GET /BLA/resoluciones/RESOLUCIONES%202005/RES%202005%20901-950/00000912.tif HTTP/1.1" 200 145908
181.61.164.108 - - [13/Apr/2022:11:10:19 -0500] "GET /BLA/resoluciones/RESOLUCIONES%202005/RES%202005%20901-950/00000913.tif HTTP/1.1" 200 147304
181.61.164.108 - - [13/Apr/2022:11:10:21 -0500] "GET /BLA/resoluciones/RESOLUCIONES%202005/RES%202005%20901-950/00000914.tif HTTP/1.1" 200 149822
181.61.164.108 - - [13/Apr/2022:11:10:21 -0500] "GET /BLA/resoluciones/RESOLUCIONES%202005/RES%202005%20901-950/00000915.tif HTTP/1.1" 200 151014
181.61.164.108 - - [13/Apr/2022:11:10:22 -0500] "GET /BLA/resoluciones/RESOLUCIONES%202005/RES%202005%20901-950/00000916.tif HTTP/1.1" 200 166772
181.61.164.108 - - [13/Apr/2022:11:10:23 -0500] "GET /BLA/resoluciones/RESOLUCIONES%202005/RES%202005%20901-950/00000917.tif HTTP/1.1" 200 165586
181.61.164.108 - - [13/Apr/2022:11:10:24 -0500] "GET /BLA/resoluciones/RESOLUCIONES%202005/RES%202005%20901-950/00000918.tif HTTP/1.1" 200 155994
181.61.164.108 - - [13/Apr/2022:11:10:25 -0500] "GET /BLA/resoluciones/RESOLUCIONES%202005/RES%202005%20901-950/00000919.tif HTTP/1.1" 200 166442
181.61.164.108 - - [13/Apr/2022:11:10:26 -0500] "GET /BLA/resoluciones/RESOLUCIONES%202005/RES%202005%20901-950/00000920.tif HTTP/1.1" 200 179876
181.61.164.108 - - [13/Apr/2022:11:10:27 -0500] "GET /BLA/resoluciones/RESOLUCIONES%202005/RES%202005%20901-950/00000921.tif HTTP/1.1" 200 145242
181.61.164.108 - - [13/Apr/2022:11:10:27 -0500] "GET /BLA/resoluciones/RESOLUCIONES%202005/RES%202005%20901-950/00000922.tif HTTP/1.1" 200 441434
181.61.164.108 - - [13/Apr/2022:11:10:28 -0500] "GET /BLA/resoluciones/RESOLUCIONES%202005/RES%202005%20901-950/00000923.tif HTTP/1.1" 200 111972
181.61.164.108 - - [13/Apr/2022:11:10:29 -0500] "GET /BLA/resoluciones/RESOLUCIONES%202005/RES%202005%20901-950/00000924.tif HTTP/1.1" 200 123790
181.61.164.108 - - [13/Apr/2022:11:10:30 -0500] "GET /BLA/resoluciones/RESOLUCIONES%202005/RES%202005%20901-950/00000925.tif HTTP/1.1" 200 128910
179.50.91.2 - - [13/Apr/2022:11:10:30 -0500] "GET /catalogoisis/ HTTP/1.1" 200 8575
179.50.91.2 - - [13/Apr/2022:11:10:30 -0500] "GET /catalogoisis/Css/Busqueda.css HTTP/1.1" 200 1995
179.50.91.2 - - [13/Apr/2022:11:10:30 -0500] "GET /catalogoisis/Js/AceptarLimpiar.js HTTP/1.1" 200 331
179.50.91.2 - - [13/Apr/2022:11:10:30 -0500] "GET /catalogoisis/Js/LimpiarCombinada.js HTTP/1.1" 200 207
179.50.91.2 - - [13/Apr/2022:11:10:30 -0500] "GET /catalogoisis/Js/Cookies.js HTTP/1.1" 200 1369
179.50.91.2 - - [13/Apr/2022:11:10:30 -0500] "GET /catalogoisis/Js/CriterioCombinada.js HTTP/1.1" 200 1843
179.50.91.2 - - [13/Apr/2022:11:10:30 -0500] "GET /catalogoisis/Js/Go.js HTTP/1.1" 200 364
179.50.91.2 - - [13/Apr/2022:11:10:30 -0500] "GET /catalogoisis/Js/Numero.js HTTP/1.1" 200 398
179.50.91.2 - - [13/Apr/2022:11:10:30 -0500] "GET /catalogoisis/Js/Remote.js HTTP/1.1" 200 436
179.50.91.2 - - [13/Apr/2022:11:10:30 -0500] "GET /catalogoisis/Js/Enter.js HTTP/1.1" 200 1208
179.50.91.2 - - [13/Apr/2022:11:10:30 -0500] "GET /catalogoisis/imagenes/br1c1.gif HTTP/1.1" 200 172
179.50.91.2 - - [13/Apr/2022:11:10:30 -0500] "GET /catalogoisis/imagenes/br1c3.gif HTTP/1.1" 200 302
179.50.91.2 - - [13/Apr/2022:11:10:30 -0500] "GET /catalogoisis/imagenes/Turnbo1.gif HTTP/1.1" 200 227
179.50.91.2 - - [13/Apr/2022:11:10:30 -0500] "GET /catalogoisis/imagenes/aceptar1.gif HTTP/1.1" 200 604
179.50.91.2 - - [13/Apr/2022:11:10:30 -0500] "GET /catalogoisis/imagenes/limpiar1.gif HTTP/1.1" 200 606
179.50.91.2 - - [13/Apr/2022:11:10:30 -0500] "GET /catalogoisis/imagenes/br1c2.gif HTTP/1.1" 200 297
179.50.91.2 - - [13/Apr/2022:11:10:30 -0500] "GET /catalogoisis/imagenes/Header.gif HTTP/1.1" 200 30313
179.50.91.2 - - [13/Apr/2022:11:10:30 -0500] "GET /catalogoisis/imagenes/br2c1.gif HTTP/1.1" 200 297
179.50.91.2 - - [13/Apr/2022:11:10:30 -0500] "GET /catalogoisis/imagenes/br2c2.gif HTTP/1.1" 200 302
179.50.91.2 - - [13/Apr/2022:11:10:30 -0500] "GET /catalogoisis/imagenes/br3c1.gif HTTP/1.1" 200 177
179.50.91.2 - - [13/Apr/2022:11:10:30 -0500] "GET /catalogoisis/imagenes/br2c3.gif HTTP/1.1" 200 416
179.50.91.2 - - [13/Apr/2022:11:10:30 -0500] "GET /catalogoisis/imagenes/br3c3.gif HTTP/1.1" 200 186
179.50.91.2 - - [13/Apr/2022:11:10:30 -0500] "GET /catalogoisis/imagenes/br3c2.gif HTTP/1.1" 200 285
179.50.91.2 - - [13/Apr/2022:11:10:30 -0500] "GET /favicon.ico HTTP/1.1" 200 7782
181.61.164.108 - - [13/Apr/2022:11:10:32 -0500] "GET /BLA/resoluciones/RESOLUCIONES%202005/RES%202005%20901-950/00000926.tif HTTP/1.1" 200 39338
181.61.164.108 - - [13/Apr/2022:11:10:33 -0500] "GET /BLA/resoluciones/RESOLUCIONES%202005/RES%202005%20901-950/00000927.tif HTTP/1.1" 200 37248
181.61.164.108 - - [13/Apr/2022:11:10:34 -0500] "GET /BLA/resoluciones/RESOLUCIONES%202005/RES%202005%20901-950/00000928.tif HTTP/1.1" 200 711988
181.61.164.108 - - [13/Apr/2022:11:10:36 -0500] "GET /BLA/resoluciones/RESOLUCIONES%202005/RES%202005%20901-950/00000929.tif HTTP/1.1" 200 37238
181.61.164.108 - - [13/Apr/2022:11:10:37 -0500] "GET /BLA/resoluciones/RESOLUCIONES%202005/RES%202005%20901-950/00000930.tif HTTP/1.1" 200 69334
181.61.164.108 - - [13/Apr/2022:11:10:38 -0500] "GET /BLA/resoluciones/RESOLUCIONES%202005/RES%202005%20901-950/00000931.tif HTTP/1.1" 200 36698
181.61.164.108 - - [13/Apr/2022:11:10:39 -0500] "GET /BLA/resoluciones/RESOLUCIONES%202005/RES%202005%20901-950/00000932.tif HTTP/1.1" 200 123854
181.61.164.108 - - [13/Apr/2022:11:10:39 -0500] "GET /BLA/resoluciones/RESOLUCIONES%202005/RES%202005%20901-950/00000933.tif HTTP/1.1" 200 96570
181.61.164.108 - - [13/Apr/2022:11:10:40 -0500] "GET /BLA/resoluciones/RESOLUCIONES%202005/RES%202005%20901-950/00000934.tif HTTP/1.1" 200 92932
181.61.164.108 - - [13/Apr/2022:11:10:41 -0500] "GET /BLA/resoluciones/RESOLUCIONES%202005/RES%202005%20901-950/00000935.tif HTTP/1.1" 200 114852
181.61.164.108 - - [13/Apr/2022:11:10:41 -0500] "GET /BLA/resoluciones/RESOLUCIONES%202005/RES%202005%20901-950/00000936.tif HTTP/1.1" 200 89672
181.61.164.108 - - [13/Apr/2022:11:10:42 -0500] "GET /BLA/resoluciones/RESOLUCIONES%202005/RES%202005%20901-950/00000937.tif HTTP/1.1" 200 429638
181.61.164.108 - - [13/Apr/2022:11:10:43 -0500] "GET /BLA/resoluciones/RESOLUCIONES%202005/RES%202005%20901-950/00000938.tif HTTP/1.1" 200 146350
181.61.164.108 - - [13/Apr/2022:11:10:44 -0500] "GET /BLA/resoluciones/RESOLUCIONES%202005/RES%202005%20901-950/00000939.tif HTTP/1.1" 200 160448
181.61.164.108 - - [13/Apr/2022:11:10:45 -0500] "GET /BLA/resoluciones/RESOLUCIONES%202005/RES%202005%20901-950/00000940.tif HTTP/1.1" 200 146956
181.61.164.108 - - [13/Apr/2022:11:10:46 -0500] "GET /BLA/resoluciones/RESOLUCIONES%202005/RES%202005%20901-950/00000941.tif HTTP/1.1" 200 151956
181.61.164.108 - - [13/Apr/2022:11:10:47 -0500] "GET /BLA/resoluciones/RESOLUCIONES%202005/RES%202005%20901-950/00000942.tif HTTP/1.1" 200 131846
181.61.164.108 - - [13/Apr/2022:11:10:48 -0500] "GET /BLA/resoluciones/RESOLUCIONES%202005/RES%202005%20901-950/00000943.tif HTTP/1.1" 200 144224
181.61.164.108 - - [13/Apr/2022:11:10:49 -0500] "GET /BLA/resoluciones/RESOLUCIONES%202005/RES%202005%20901-950/00000944.tif HTTP/1.1" 200 141998
181.61.164.108 - - [13/Apr/2022:11:10:50 -0500] "GET /BLA/resoluciones/RESOLUCIONES%202005/RES%202005%20901-950/00000945.tif HTTP/1.1" 200 150676
181.61.164.108 - - [13/Apr/2022:11:10:52 -0500] "GET /BLA/resoluciones/RESOLUCIONES%202005/RES%202005%20901-950/00000946.tif HTTP/1.1" 200 296838
181.61.164.108 - - [13/Apr/2022:11:10:54 -0500] "GET /BLA/resoluciones/RESOLUCIONES%202005/RES%202005%20901-950/00000947.tif HTTP/1.1" 200 166970
181.61.164.108 - - [13/Apr/2022:11:10:55 -0500] "GET /BLA/resoluciones/RESOLUCIONES%202005/RES%202005%20901-950/00000948.tif HTTP/1.1" 200 186934
181.61.164.108 - - [13/Apr/2022:11:10:56 -0500] "GET /BLA/resoluciones/RESOLUCIONES%202005/RES%202005%20901-950/00000949.tif HTTP/1.1" 200 127224
181.61.164.108 - - [13/Apr/2022:11:10:57 -0500] "GET /BLA/resoluciones/RESOLUCIONES%202005/RES%202005%20901-950/00000950.tif HTTP/1.1" 200 136774
186.154.24.21 - - [13/Apr/2022:11:11:01 -0500] "GET /BLA/resoluciones/AUTOS%202014/7191.pdf HTTP/1.1" 200 545925
181.61.164.108 - - [13/Apr/2022:11:11:02 -0500] "GET /BLA/resoluciones/index.php?dir=RESOLUCIONES+2005%2FRES+2005+951-1000%2F HTTP/1.1" 200 12304
201.245.192.253 - - [13/Apr/2022:11:11:01 -0500] "POST /sipse/faces/presentacion/financiero/solicitudProceso/consultarSolicitudProceso.xhtml HTTP/1.1" 200 108052
201.245.192.253 - - [13/Apr/2022:11:11:02 -0500] "POST /sipse/faces/presentacion/financiero/solicitudProceso/consultarSolicitudProceso.xhtml HTTP/1.1" 200 108052
201.245.192.253 - - [13/Apr/2022:11:11:02 -0500] "GET /reportes_sipse/sdg/ServletReporte?reporte=solicitud_cdp&Solicitud=17732&pfdrid_c=false HTTP/1.1" 200 26706
201.245.192.253 - - [13/Apr/2022:11:11:02 -0500] "POST /sipse/faces/presentacion/financiero/solicitudProceso/consultarSolicitudProceso.xhtml HTTP/1.1" 200 108052
201.245.192.253 - - [13/Apr/2022:11:11:02 -0500] "GET /reportes_sipse/sdg/ServletReporte?reporte=solicitud_cdp&Solicitud=17732&pfdrid_c=false HTTP/1.1" 200 24650
201.245.192.253 - - [13/Apr/2022:11:11:03 -0500] "GET /reportes_sipse/sdg/ServletReporte?reporte=solicitud_cdp&Solicitud=17732&pfdrid_c=false HTTP/1.1" 200 108585
181.61.164.108 - - [13/Apr/2022:11:11:04 -0500] "GET /BLA/resoluciones/RESOLUCIONES%202005/RES%202005%20951-1000/00000951.tif HTTP/1.1" 200 296726
172.22.2.4 - - [13/Apr/2022:11:09:25 -0500] "HEAD /BLA/boletinlegal/ HTTP/1.1" 200 -
201.245.192.253 - - [13/Apr/2022:11:11:05 -0500] "POST /sipse/faces/presentacion/financiero/solicitudProceso/consultarSolicitudProceso.xhtml HTTP/1.1" 200 5810
181.61.164.108 - - [13/Apr/2022:11:11:10 -0500] "GET /BLA/resoluciones/RESOLUCIONES%202005/RES%202005%20951-1000/00000952.tif HTTP/1.1" 200 149824
201.245.192.253 - - [13/Apr/2022:11:11:11 -0500] "GET /sipse/faces/faces/index.xhtml HTTP/1.1" 200 677
201.245.192.253 - - [13/Apr/2022:11:11:11 -0500] "GET /sipse/faces/javax.faces.resource/theme.css?ln=primefaces-sipse HTTP/1.1" 304 -
201.245.192.253 - - [13/Apr/2022:11:11:11 -0500] "GET /sipse/faces/faces/faces/autenticacion.xhtml HTTP/1.1" 200 12183
201.245.192.253 - - [13/Apr/2022:11:11:11 -0500] "GET /sipse/css/custom_css_sg_prime_login.css HTTP/1.1" 304 -
201.245.192.253 - - [13/Apr/2022:11:11:11 -0500] "GET /sipse/faces/javax.faces.resource/theme.css?ln=primefaces-sipse HTTP/1.1" 304 -
201.245.192.253 - - [13/Apr/2022:11:11:11 -0500] "GET /sipse/faces/javax.faces.resource/primefaces.css?ln=primefaces&v=4.0 HTTP/1.1" 304 -
201.245.192.253 - - [13/Apr/2022:11:11:11 -0500] "GET /sipse/faces/javax.faces.resource/layout/layout.css?ln=primefaces&v=4.0 HTTP/1.1" 304 -
201.245.192.253 - - [13/Apr/2022:11:11:11 -0500] "GET /sipse/faces/javax.faces.resource/jquery/jquery.js?ln=primefaces&v=4.0 HTTP/1.1" 304 -
201.245.192.253 - - [13/Apr/2022:11:11:11 -0500] "GET /sipse/faces/javax.faces.resource/jquery/jquery-plugins.js?ln=primefaces&v=4.0 HTTP/1.1" 304 -
201.245.192.253 - - [13/Apr/2022:11:11:11 -0500] "GET /sipse/faces/javax.faces.resource/primefaces.js?ln=primefaces&v=4.0 HTTP/1.1" 304 -
201.245.192.253 - - [13/Apr/2022:11:11:11 -0500] "GET /sipse/faces/javax.faces.resource/layout/layout.js?ln=primefaces&v=4.0 HTTP/1.1" 304 -
201.245.192.253 - - [13/Apr/2022:11:11:12 -0500] "GET /sipse/css/imagen/loginimg.png HTTP/1.1" 304 -
201.245.192.253 - - [13/Apr/2022:11:11:12 -0500] "GET /sipse/css/imagen/logoSDG.png HTTP/1.1" 304 -
201.245.192.253 - - [13/Apr/2022:11:11:12 -0500] "GET /sipse/faces/javax.faces.resource/images/ui-icons_898989_256x240.png?ln=primefaces-aristo HTTP/1.1" 304 -
181.61.164.108 - - [13/Apr/2022:11:11:13 -0500] "GET /BLA/resoluciones/RESOLUCIONES%202005/RES%202005%20951-1000/00000953.tif HTTP/1.1" 200 151292
181.61.164.108 - - [13/Apr/2022:11:11:14 -0500] "GET /BLA/resoluciones/RESOLUCIONES%202005/RES%202005%20951-1000/00000954.tif HTTP/1.1" 200 93204
181.61.164.108 - - [13/Apr/2022:11:11:15 -0500] "GET /BLA/resoluciones/RESOLUCIONES%202005/RES%202005%20951-1000/00000955.tif HTTP/1.1" 200 128984
201.245.192.253 - - [13/Apr/2022:11:11:16 -0500] "POST /sipse/faces/autenticacion.xhtml HTTP/1.1" 200 2224
201.245.192.253 - - [13/Apr/2022:11:11:16 -0500] "GET /sipse/faces/javax.faces.resource/messages/messages.png?ln=primefaces&v=4.0 HTTP/1.1" 304 -
201.245.192.253 - - [13/Apr/2022:11:11:17 -0500] "POST /sipse/faces/autenticacion.xhtml HTTP/1.1" 200 16274
201.245.192.253 - - [13/Apr/2022:11:11:17 -0500] "GET /sipse/faces/javax.faces.resource/theme.css?ln=primefaces-sipse HTTP/1.1" 304 -
201.245.192.253 - - [13/Apr/2022:11:11:17 -0500] "GET /sipse/faces/javax.faces.resource/layout/layout.css?ln=primefaces&v=4.0 HTTP/1.1" 304 -
201.245.192.253 - - [13/Apr/2022:11:11:17 -0500] "GET /sipse/faces/javax.faces.resource/primefaces.css?ln=primefaces&v=4.0 HTTP/1.1" 304 -
201.245.192.253 - - [13/Apr/2022:11:11:17 -0500] "GET /sipse/faces/javax.faces.resource/jquery/jquery.js?ln=primefaces&v=4.0 HTTP/1.1" 304 -
201.245.192.253 - - [13/Apr/2022:11:11:17 -0500] "GET /sipse/faces/javax.faces.resource/jquery/jquery-plugins.js?ln=primefaces&v=4.0 HTTP/1.1" 304 -
201.245.192.253 - - [13/Apr/2022:11:11:17 -0500] "GET /sipse/faces/javax.faces.resource/primefaces.js?ln=primefaces&v=4.0 HTTP/1.1" 304 -
201.245.192.253 - - [13/Apr/2022:11:11:17 -0500] "GET /sipse/faces/javax.faces.resource/layout/layout.js?ln=primefaces&v=4.0 HTTP/1.1" 304 -
201.245.192.253 - - [13/Apr/2022:11:11:17 -0500] "GET /sipse/imagenes/cargando.gif HTTP/1.1" 304 -
201.245.192.253 - - [13/Apr/2022:11:11:17 -0500] "GET /sipse/css/imagen/contrasena.png HTTP/1.1" 404 383
201.245.192.253 - - [13/Apr/2022:11:11:17 -0500] "GET /sipse/imagenes/logoAplicacion.jpg HTTP/1.1" 304 -
201.245.192.253 - - [13/Apr/2022:11:11:18 -0500] "GET /appsia/controlador HTTP/1.1" 200 4799
201.245.192.253 - - [13/Apr/2022:11:11:20 -0500] "POST /sipse/faces/bienvenido.xhtml HTTP/1.1" 200 2658
201.245.192.253 - - [13/Apr/2022:11:11:20 -0500] "GET /sipse/faces/javax.faces.resource/images/ui-bg_flat_0_2d5972_40x100.png?ln=primefaces-aristo HTTP/1.1" 304 -
181.61.164.108 - - [13/Apr/2022:11:11:21 -0500] "GET /BLA/resoluciones/RESOLUCIONES%202005/RES%202005%20951-1000/00000956.tif HTTP/1.1" 200 139636
181.61.164.108 - - [13/Apr/2022:11:11:21 -0500] "GET /BLA/resoluciones/RESOLUCIONES%202005/RES%202005%20951-1000/00000957.tif HTTP/1.1" 200 123730
181.61.164.108 - - [13/Apr/2022:11:11:22 -0500] "GET /BLA/resoluciones/RESOLUCIONES%202005/RES%202005%20951-1000/00000958.tif HTTP/1.1" 200 204556
172.22.2.4 - - [13/Apr/2022:11:10:43 -0500] "GET /BLA/boletinlegal/ HTTP/1.1" 200 24523
201.245.192.253 - - [13/Apr/2022:11:11:23 -0500] "POST /sipse/faces/bienvenido.xhtml HTTP/1.1" 200 60606
181.61.164.108 - - [13/Apr/2022:11:11:23 -0500] "GET /BLA/resoluciones/RESOLUCIONES%202005/RES%202005%20951-1000/00000959.tif HTTP/1.1" 200 219688
201.245.192.253 - - [13/Apr/2022:11:11:24 -0500] "GET /sipse/faces/javax.faces.resource/theme.css?ln=primefaces-sipse HTTP/1.1" 304 -
201.245.192.253 - - [13/Apr/2022:11:11:24 -0500] "GET /sipse/faces/javax.faces.resource/primefaces.css?ln=primefaces&v=4.0 HTTP/1.1" 304 -
201.245.192.253 - - [13/Apr/2022:11:11:24 -0500] "GET /sipse/faces/javax.faces.resource/layout/layout.css?ln=primefaces&v=4.0 HTTP/1.1" 304 -
201.245.192.253 - - [13/Apr/2022:11:11:24 -0500] "GET /sipse/faces/javax.faces.resource/jquery/jquery.js?ln=primefaces&v=4.0 HTTP/1.1" 304 -
201.245.192.253 - - [13/Apr/2022:11:11:24 -0500] "GET /sipse/faces/javax.faces.resource/jquery/jquery-plugins.js?ln=primefaces&v=4.0 HTTP/1.1" 304 -
201.245.192.253 - - [13/Apr/2022:11:11:24 -0500] "GET /sipse/faces/javax.faces.resource/primefaces.js?ln=primefaces&v=4.0 HTTP/1.1" 304 -
201.245.192.253 - - [13/Apr/2022:11:11:24 -0500] "GET /sipse/faces/javax.faces.resource/layout/layout.js?ln=primefaces&v=4.0 HTTP/1.1" 304 -
201.245.192.253 - - [13/Apr/2022:11:11:24 -0500] "POST /sipse/faces/presentacion/financiero/solicitudProceso/listarSolicitudProceso.xhtml HTTP/1.1" 200 1452
181.61.164.108 - - [13/Apr/2022:11:11:25 -0500] "GET /BLA/resoluciones/RESOLUCIONES%202005/RES%202005%20951-1000/00000960.tif HTTP/1.1" 200 211576
181.61.164.108 - - [13/Apr/2022:11:11:26 -0500] "GET /BLA/resoluciones/RESOLUCIONES%202005/RES%202005%20951-1000/00000961.tif HTTP/1.1" 200 194668
181.61.164.108 - - [13/Apr/2022:11:11:26 -0500] "GET /BLA/resoluciones/RESOLUCIONES%202005/RES%202005%20951-1000/00000962.tif HTTP/1.1" 200 202314
181.61.164.108 - - [13/Apr/2022:11:11:27 -0500] "GET /BLA/resoluciones/RESOLUCIONES%202005/RES%202005%20951-1000/00000963.tif HTTP/1.1" 200 778630
181.61.164.108 - - [13/Apr/2022:11:11:28 -0500] "GET /BLA/resoluciones/RESOLUCIONES%202005/RES%202005%20951-1000/00000964.tif HTTP/1.1" 200 220944
181.61.164.108 - - [13/Apr/2022:11:11:29 -0500] "GET /BLA/resoluciones/RESOLUCIONES%202005/RES%202005%20951-1000/00000965.tif HTTP/1.1" 200 681334
181.61.164.108 - - [13/Apr/2022:11:11:30 -0500] "GET /BLA/resoluciones/RESOLUCIONES%202005/RES%202005%20951-1000/00000966.tif HTTP/1.1" 200 333418
201.245.192.253 - - [13/Apr/2022:11:11:30 -0500] "POST /appsia/controlador HTTP/1.1" 200 5437
181.61.164.108 - - [13/Apr/2022:11:11:32 -0500] "GET /BLA/resoluciones/RESOLUCIONES%202005/RES%202005%20951-1000/00000967.tif HTTP/1.1" 200 372112
201.245.192.253 - - [13/Apr/2022:11:11:33 -0500] "POST /appsia/controlador HTTP/1.1" 200 60971
181.61.164.108 - - [13/Apr/2022:11:11:33 -0500] "GET /BLA/resoluciones/RESOLUCIONES%202005/RES%202005%20951-1000/00000968.tif HTTP/1.1" 200 601590
201.245.192.253 - - [13/Apr/2022:11:11:32 -0500] "POST /sipse/faces/presentacion/financiero/solicitudProceso/listarSolicitudProceso.xhtml HTTP/1.1" 200 116414
201.245.192.253 - - [13/Apr/2022:11:11:33 -0500] "GET /sipse/faces/javax.faces.resource/theme.css?ln=primefaces-sipse HTTP/1.1" 304 -
201.245.192.253 - - [13/Apr/2022:11:11:33 -0500] "GET /sipse/faces/javax.faces.resource/layout/layout.css?ln=primefaces&v=4.0 HTTP/1.1" 304 -
201.245.192.253 - - [13/Apr/2022:11:11:33 -0500] "GET /sipse/faces/javax.faces.resource/primefaces.css?ln=primefaces&v=4.0 HTTP/1.1" 304 -
201.245.192.253 - - [13/Apr/2022:11:11:33 -0500] "GET /sipse/faces/javax.faces.resource/jquery/jquery.js?ln=primefaces&v=4.0 HTTP/1.1" 304 -
201.245.192.253 - - [13/Apr/2022:11:11:33 -0500] "GET /sipse/faces/javax.faces.resource/jquery/jquery-plugins.js?ln=primefaces&v=4.0 HTTP/1.1" 304 -
201.245.192.253 - - [13/Apr/2022:11:11:33 -0500] "GET /sipse/faces/javax.faces.resource/primefaces.js?ln=primefaces&v=4.0 HTTP/1.1" 304 -
201.245.192.253 - - [13/Apr/2022:11:11:33 -0500] "GET /sipse/faces/javax.faces.resource/layout/layout.js?ln=primefaces&v=4.0 HTTP/1.1" 304 -
201.245.192.253 - - [13/Apr/2022:11:11:33 -0500] "GET /reportes_sipse/sdg/ServletReporte?reporte=solicitud_cdp&Solicitud=17732&pfdrid_c=false HTTP/1.1" 200 108585
181.61.164.108 - - [13/Apr/2022:11:11:35 -0500] "GET /BLA/resoluciones/RESOLUCIONES%202005/RES%202005%20951-1000/00000969.tif HTTP/1.1" 200 166438
181.61.164.108 - - [13/Apr/2022:11:11:40 -0500] "GET /BLA/resoluciones/RESOLUCIONES%202005/RES%202005%20951-1000/00000970.tif HTTP/1.1" 200 103316
181.61.164.108 - - [13/Apr/2022:11:11:41 -0500] "GET /BLA/resoluciones/RESOLUCIONES%202005/RES%202005%20951-1000/00000971.tif HTTP/1.1" 200 275918
181.61.164.108 - - [13/Apr/2022:11:11:45 -0500] "GET /BLA/resoluciones/RESOLUCIONES%202005/RES%202005%20951-1000/00000972.tif HTTP/1.1" 200 200750
181.61.164.108 - - [13/Apr/2022:11:11:46 -0500] "GET /BLA/resoluciones/RESOLUCIONES%202005/RES%202005%20951-1000/00000973.tif HTTP/1.1" 200 254542
181.61.164.108 - - [13/Apr/2022:11:11:47 -0500] "GET /BLA/resoluciones/RESOLUCIONES%202005/RES%202005%20951-1000/00000974.tif HTTP/1.1" 200 249580
181.61.164.108 - - [13/Apr/2022:11:11:48 -0500] "GET /BLA/resoluciones/RESOLUCIONES%202005/RES%202005%20951-1000/00000975.tif HTTP/1.1" 200 303394
201.245.192.253 - - [13/Apr/2022:11:11:48 -0500] "POST /sipse/faces/presentacion/financiero/solicitudProceso/consultarSolicitudProceso.xhtml HTTP/1.1" 200 40021
201.245.192.253 - - [13/Apr/2022:11:11:48 -0500] "GET /sipse/faces/javax.faces.resource/primefaces.css?ln=primefaces&v=4.0 HTTP/1.1" 304 -
201.245.192.253 - - [13/Apr/2022:11:11:48 -0500] "GET /sipse/faces/javax.faces.resource/theme.css?ln=primefaces-sipse HTTP/1.1" 304 -
201.245.192.253 - - [13/Apr/2022:11:11:48 -0500] "GET /sipse/faces/javax.faces.resource/layout/layout.css?ln=primefaces&v=4.0 HTTP/1.1" 304 -
201.245.192.253 - - [13/Apr/2022:11:11:48 -0500] "GET /sipse/css/imagen/contrasena.png HTTP/1.1" 404 383
201.245.192.253 - - [13/Apr/2022:11:11:48 -0500] "GET /sipse/faces/javax.faces.resource/jquery/jquery.js?ln=primefaces&v=4.0 HTTP/1.1" 304 -
201.245.192.253 - - [13/Apr/2022:11:11:48 -0500] "GET /sipse/faces/javax.faces.resource/jquery/jquery-plugins.js?ln=primefaces&v=4.0 HTTP/1.1" 304 -
201.245.192.253 - - [13/Apr/2022:11:11:48 -0500] "GET /sipse/faces/javax.faces.resource/primefaces.js?ln=primefaces&v=4.0 HTTP/1.1" 304 -
201.245.192.253 - - [13/Apr/2022:11:11:48 -0500] "GET /sipse/faces/javax.faces.resource/layout/layout.js?ln=primefaces&v=4.0 HTTP/1.1" 304 -
201.245.192.253 - - [13/Apr/2022:11:11:48 -0500] "POST /sipse/faces/presentacion/financiero/solicitudProceso/solicitudProcesoOtrosPagos.xhtml HTTP/1.1" 200 33399
201.245.192.253 - - [13/Apr/2022:11:11:49 -0500] "POST /sipse/faces/presentacion/financiero/solicitudProceso/solicitudProcesoOtrosPagos.xhtml HTTP/1.1" 200 33399
181.61.164.108 - - [13/Apr/2022:11:11:52 -0500] "GET /BLA/resoluciones/RESOLUCIONES%202005/RES%202005%20951-1000/00000976.tif HTTP/1.1" 200 261648
181.61.164.108 - - [13/Apr/2022:11:11:53 -0500] "GET /BLA/resoluciones/RESOLUCIONES%202005/RES%202005%20951-1000/00000977.tif HTTP/1.1" 200 253864
181.61.164.108 - - [13/Apr/2022:11:11:54 -0500] "GET /BLA/resoluciones/RESOLUCIONES%202005/RES%202005%20951-1000/00000978.tif HTTP/1.1" 200 249514
181.61.164.108 - - [13/Apr/2022:11:11:55 -0500] "GET /BLA/resoluciones/RESOLUCIONES%202005/RES%202005%20951-1000/00000979.tif HTTP/1.1" 200 244246
172.22.2.4 - - [13/Apr/2022:11:10:15 -0500] "GET /BLA/boletinlegal/ HTTP/1.1" 200 58006
181.61.164.108 - - [13/Apr/2022:11:11:57 -0500] "GET /BLA/resoluciones/RESOLUCIONES%202005/RES%202005%20951-1000/00000980.tif HTTP/1.1" 200 245236
181.61.164.108 - - [13/Apr/2022:11:11:58 -0500] "GET /BLA/resoluciones/RESOLUCIONES%202005/RES%202005%20951-1000/00000981.tif HTTP/1.1" 200 244390
181.61.164.108 - - [13/Apr/2022:11:11:59 -0500] "GET /BLA/resoluciones/RESOLUCIONES%202005/RES%202005%20951-1000/00000982.tif HTTP/1.1" 200 304694
181.61.164.108 - - [13/Apr/2022:11:12:00 -0500] "GET /BLA/resoluciones/RESOLUCIONES%202005/RES%202005%20951-1000/00000983.tif HTTP/1.1" 200 422012
191.95.134.236 - - [13/Apr/2022:11:12:00 -0500] "POST /forms/lservlet;jsessionid=ac16012b30d6532c3f7e73624a11a4a9a72c2f6d7170.e3iSbxaKaheRe3iOaNeTahmObO1ynknvrkLOlQzNp65In0 HTTP/1.1" 200 2
181.61.164.108 - - [13/Apr/2022:11:12:01 -0500] "GET /BLA/resoluciones/RESOLUCIONES%202005/RES%202005%20951-1000/00000984.tif HTTP/1.1" 200 355328
181.61.164.108 - - [13/Apr/2022:11:12:02 -0500] "GET /BLA/resoluciones/RESOLUCIONES%202005/RES%202005%20951-1000/00000985.tif HTTP/1.1" 200 259982
181.61.164.108 - - [13/Apr/2022:11:12:03 -0500] "GET /BLA/resoluciones/RESOLUCIONES%202005/RES%202005%20951-1000/00000986.tif HTTP/1.1" 200 152990
181.61.164.108 - - [13/Apr/2022:11:12:04 -0500] "GET /BLA/resoluciones/RESOLUCIONES%202005/RES%202005%20951-1000/00000987.tif HTTP/1.1" 200 88718
216.245.221.92 - - [13/Apr/2022:11:12:04 -0500] "HEAD / HTTP/1.1" 200 -
181.61.164.108 - - [13/Apr/2022:11:12:04 -0500] "GET /BLA/resoluciones/RESOLUCIONES%202005/RES%202005%20951-1000/00000988.tif HTTP/1.1" 200 83580
181.61.164.108 - - [13/Apr/2022:11:12:05 -0500] "GET /BLA/resoluciones/RESOLUCIONES%202005/RES%202005%20951-1000/00000989.tif HTTP/1.1" 200 85914
181.61.164.108 - - [13/Apr/2022:11:12:07 -0500] "GET /BLA/resoluciones/RESOLUCIONES%202005/RES%202005%20951-1000/00000990.tif HTTP/1.1" 200 80066
181.61.164.108 - - [13/Apr/2022:11:12:08 -0500] "GET /BLA/resoluciones/RESOLUCIONES%202005/RES%202005%20951-1000/00000991.tif HTTP/1.1" 200 77920
201.245.192.253 - - [13/Apr/2022:11:12:07 -0500] "POST /sipse/faces/presentacion/financiero/solicitudProceso/solicitudProcesoOtrosPagos.xhtml HTTP/1.1" 200 58539
201.245.192.253 - - [13/Apr/2022:11:12:08 -0500] "GET /sipse/faces/javax.faces.resource/theme.css?ln=primefaces-sipse HTTP/1.1" 304 -
201.245.192.253 - - [13/Apr/2022:11:12:08 -0500] "GET /sipse/faces/javax.faces.resource/layout/layout.css?ln=primefaces&v=4.0 HTTP/1.1" 304 -
201.245.192.253 - - [13/Apr/2022:11:12:08 -0500] "GET /sipse/faces/javax.faces.resource/primefaces.css?ln=primefaces&v=4.0 HTTP/1.1" 304 -
201.245.192.253 - - [13/Apr/2022:11:12:08 -0500] "GET /sipse/faces/javax.faces.resource/fileupload/fileupload.css?ln=primefaces&v=4.0 HTTP/1.1" 304 -
201.245.192.253 - - [13/Apr/2022:11:12:08 -0500] "GET /sipse/faces/javax.faces.resource/jquery/jquery.js?ln=primefaces&v=4.0 HTTP/1.1" 304 -
201.245.192.253 - - [13/Apr/2022:11:12:08 -0500] "GET /sipse/faces/javax.faces.resource/jquery/jquery-plugins.js?ln=primefaces&v=4.0 HTTP/1.1" 304 -
201.245.192.253 - - [13/Apr/2022:11:12:08 -0500] "GET /sipse/faces/javax.faces.resource/primefaces.js?ln=primefaces&v=4.0 HTTP/1.1" 304 -
201.245.192.253 - - [13/Apr/2022:11:12:08 -0500] "GET /sipse/faces/javax.faces.resource/layout/layout.js?ln=primefaces&v=4.0 HTTP/1.1" 304 -
201.245.192.253 - - [13/Apr/2022:11:12:08 -0500] "GET /sipse/faces/javax.faces.resource/fileupload/fileupload.js?ln=primefaces&v=4.0 HTTP/1.1" 304 -
201.245.192.253 - - [13/Apr/2022:11:12:08 -0500] "GET /sipse/css/imagen/contrasena.png HTTP/1.1" 404 383
181.61.164.108 - - [13/Apr/2022:11:12:08 -0500] "GET /BLA/resoluciones/RESOLUCIONES%202005/RES%202005%20951-1000/00000992.tif HTTP/1.1" 200 79628
201.245.192.253 - - [13/Apr/2022:11:12:08 -0500] "GET /reportes_sipse/sdg/ServletReporte?reporte=solicitud_cdp&Solicitud=17732&pfdrid_c=false HTTP/1.1" 200 108585
181.61.164.108 - - [13/Apr/2022:11:12:09 -0500] "GET /BLA/resoluciones/RESOLUCIONES%202005/RES%202005%20951-1000/00000993.tif HTTP/1.1" 200 333610
181.61.164.108 - - [13/Apr/2022:11:12:10 -0500] "GET /BLA/resoluciones/RESOLUCIONES%202005/RES%202005%20951-1000/00000994.tif HTTP/1.1" 200 287370
181.61.164.108 - - [13/Apr/2022:11:12:11 -0500] "GET /BLA/resoluciones/RESOLUCIONES%202005/RES%202005%20951-1000/00000995.tif HTTP/1.1" 200 194202
181.61.164.108 - - [13/Apr/2022:11:12:12 -0500] "GET /BLA/resoluciones/RESOLUCIONES%202005/RES%202005%20951-1000/00000996.tif HTTP/1.1" 200 160346
181.61.164.108 - - [13/Apr/2022:11:12:13 -0500] "GET /BLA/resoluciones/RESOLUCIONES%202005/RES%202005%20951-1000/00000997.tif HTTP/1.1" 200 124392
181.61.164.108 - - [13/Apr/2022:11:12:14 -0500] "GET /BLA/resoluciones/RESOLUCIONES%202005/RES%202005%20951-1000/00000998.tif HTTP/1.1" 200 159228
181.61.164.108 - - [13/Apr/2022:11:12:15 -0500] "GET /BLA/resoluciones/RESOLUCIONES%202005/RES%202005%20951-1000/00000999.tif HTTP/1.1" 200 85854
181.61.164.108 - - [13/Apr/2022:11:12:22 -0500] "GET /BLA/resoluciones/RESOLUCIONES%202005/RES%202005%20951-1000/00001000.tif HTTP/1.1" 200 264908
201.245.192.253 - - [13/Apr/2022:11:12:22 -0500] "POST /sipse/faces/presentacion/financiero/solicitudProceso/detalleSolicitudProcesoOtrosPagos.xhtml HTTP/1.1" 200 190
201.245.192.253 - - [13/Apr/2022:11:12:23 -0500] "GET /sipse/faces/presentacion/financiero/solicitudProceso/solicitudProcesoOtrosPagos.xhtml HTTP/1.1" 200 42369
201.245.192.253 - - [13/Apr/2022:11:12:23 -0500] "GET /sipse/faces/javax.faces.resource/primefaces.css?ln=primefaces&v=4.0 HTTP/1.1" 304 -
201.245.192.253 - - [13/Apr/2022:11:12:23 -0500] "GET /sipse/faces/javax.faces.resource/theme.css?ln=primefaces-sipse HTTP/1.1" 304 -
201.245.192.253 - - [13/Apr/2022:11:12:23 -0500] "GET /sipse/faces/javax.faces.resource/layout/layout.css?ln=primefaces&v=4.0 HTTP/1.1" 304 -
201.245.192.253 - - [13/Apr/2022:11:12:23 -0500] "GET /sipse/faces/javax.faces.resource/jquery/jquery.js?ln=primefaces&v=4.0 HTTP/1.1" 304 -
201.245.192.253 - - [13/Apr/2022:11:12:23 -0500] "GET /sipse/faces/javax.faces.resource/primefaces.js?ln=primefaces&v=4.0 HTTP/1.1" 304 -
201.245.192.253 - - [13/Apr/2022:11:12:23 -0500] "GET /sipse/faces/javax.faces.resource/jquery/jquery-plugins.js?ln=primefaces&v=4.0 HTTP/1.1" 304 -
201.245.192.253 - - [13/Apr/2022:11:12:23 -0500] "GET /sipse/faces/javax.faces.resource/layout/layout.js?ln=primefaces&v=4.0 HTTP/1.1" 304 -
201.245.192.253 - - [13/Apr/2022:11:12:23 -0500] "GET /sipse/css/imagen/contrasena.png HTTP/1.1" 404 383
201.245.192.253 - - [13/Apr/2022:11:12:23 -0500] "GET /sipse/faces/javax.faces.resource/images/ui-icons_898989_256x240.png?ln=primefaces-aristo HTTP/1.1" 304 -
201.245.192.253 - - [13/Apr/2022:11:12:46 -0500] "GET /sipse/faces/javax.faces.resource/images/ui-bg_flat_0_2d5972_40x100.png?ln=primefaces-aristo HTTP/1.1" 304 -
201.245.192.253 - - [13/Apr/2022:11:12:46 -0500] "POST /sipse/faces/presentacion/financiero/solicitudProceso/solicitudProcesoOtrosPagos.xhtml HTTP/1.1" 200 58232
201.245.192.253 - - [13/Apr/2022:11:12:46 -0500] "GET /sipse/faces/javax.faces.resource/theme.css?ln=primefaces-sipse HTTP/1.1" 304 -
201.245.192.253 - - [13/Apr/2022:11:12:46 -0500] "GET /sipse/faces/javax.faces.resource/primefaces.css?ln=primefaces&v=4.0 HTTP/1.1" 304 -
201.245.192.253 - - [13/Apr/2022:11:12:46 -0500] "GET /sipse/faces/javax.faces.resource/layout/layout.css?ln=primefaces&v=4.0 HTTP/1.1" 304 -
201.245.192.253 - - [13/Apr/2022:11:12:46 -0500] "GET /sipse/faces/javax.faces.resource/fileupload/fileupload.css?ln=primefaces&v=4.0 HTTP/1.1" 304 -
201.245.192.253 - - [13/Apr/2022:11:12:46 -0500] "GET /sipse/faces/javax.faces.resource/jquery/jquery.js?ln=primefaces&v=4.0 HTTP/1.1" 304 -
201.245.192.253 - - [13/Apr/2022:11:12:46 -0500] "GET /sipse/faces/javax.faces.resource/jquery/jquery-plugins.js?ln=primefaces&v=4.0 HTTP/1.1" 304 -
201.245.192.253 - - [13/Apr/2022:11:12:46 -0500] "GET /sipse/faces/javax.faces.resource/primefaces.js?ln=primefaces&v=4.0 HTTP/1.1" 304 -
201.245.192.253 - - [13/Apr/2022:11:12:46 -0500] "GET /sipse/faces/javax.faces.resource/layout/layout.js?ln=primefaces&v=4.0 HTTP/1.1" 304 -
201.245.192.253 - - [13/Apr/2022:11:12:46 -0500] "GET /sipse/faces/javax.faces.resource/fileupload/fileupload.js?ln=primefaces&v=4.0 HTTP/1.1" 304 -
201.245.192.253 - - [13/Apr/2022:11:12:47 -0500] "GET /sipse/css/imagen/contrasena.png HTTP/1.1" 404 383
201.245.192.253 - - [13/Apr/2022:11:12:47 -0500] "GET /reportes_sipse/sdg/ServletReporte?reporte=solicitud_cdp&Solicitud=17732&pfdrid_c=false HTTP/1.1" 200 108585
40.77.167.46 - - [13/Apr/2022:11:13:21 -0500] "GET /bla/resoluciones/resoluciones%202016/0925.pdf HTTP/1.1" 200 340347
190.25.111.141 - - [13/Apr/2022:11:13:58 -0500] "GET /documents/10184/2325415/pieza-concurso-buenas-practicas-20-septiembre.jpg HTTP/1.1" 404 1270
191.95.134.236 - - [13/Apr/2022:11:14:00 -0500] "POST /forms/lservlet;jsessionid=ac16012b30d6532c3f7e73624a11a4a9a72c2f6d7170.e3iSbxaKaheRe3iOaNeTahmObO1ynknvrkLOlQzNp65In0 HTTP/1.1" 200 2
190.25.111.141 - - [13/Apr/2022:11:14:13 -0500] "GET /documents/10184/2325415/pieza-concurso-buenas-practicas-20-septiembre.jpg HTTP/1.1" 404 1270
186.102.37.247 - - [13/Apr/2022:11:15:24 -0500] "GET /kwssiamovil/sm/acme/a?s=U2FsdGVkX18MRIB62n+Hnguw7bv6rv5vPhXDc49msVsIQwd260UslRLtLzVUk4hNZpGgawWH94RJw5yChoy49IajKJTeDWD50qMEwrLAU8YnkzQJBAJAmyJFpb2dOBUXRxGxc6hSeazp/LVawaA+Jp/qniTQ0JrV+ZB2VMe8Oopp70MtfUPHQ4Nvw61dsGCDM+SgYycQbnTgKufYfVhDMnshSdQKIzuw+Z3zhFz6sE0cxbzvZXyoeUqsEhKNSts8J+MpfWMWdf06lIlRhbOK/g==&u=U2FsdGVkX18CQHHvl9DGQGrqlIuCvA6MXMi/NOjouJTSGPLZxfc8efoy3dIxTqLB&y=U2FsdGVkX19ef0XNOWofHpKhBMrV41FhCgLDlumyEiVEP/ZRv9c4y57WlRfbn3sx HTTP/1.1" 200 25
186.102.37.247 - - [13/Apr/2022:11:15:25 -0500] "GET /kwssiamovil/sm/acme/a?s=U2FsdGVkX18HDLxcIhNJN7T6U/IDmZKdOnTSnOdELL1NtbvNNeoOWXHMKv5Wuh8tBAeGsxAkmm5HOfkti6D5V1SzfkvrakK3rdy9bJxvveY/JARlWHMoVO/MO/KIFuoOC0LxBOjW0DJqWuQAXbxNmpIDj+zgwBLjlyQfyATVfuDTBYwzz6NZiic4PRrOpc/wQeItEok1PtekixhsXdj/NbRvUnIQE4HzNDWxrV0Un2/nKgd6PE/TfkgILycVTo95XScBd3Nf49TcrBN5/CUyQ+5csbatZgaHffxpJBGGcJjN7+u1YF/DcWLjaGRgP60Wrj1mtkSbQtIedzp7R/F8uLZJknI7GgUIRZJhlqxvDFZoQH3Zv9boJ6Z/tJX+uJwSkTZ6WZiQE78/a70/Wq3fFDQ5N58ec8iBS3RmPa9CHjrSJw11y8UeE5Dv79AOrZd5onozqRpx8nNyVdXFR66yD+uEQ6RgCiGC4tJtRNBf7CPvMG1TjTMqaxjacDzarp8EhCP+ZIfv7PRB+xSUuuXRanBX/QSvgUzhAfCNWfxHqAQLrBut4EyQQ5OCIFcmxNUebzBcKttcYILv8IIObLgmKA9AOlYkFdpNPbbsbwmNpr5X7kkDtL4Lij7eROxt8bREOklq3/4WajGPCsDEqTfmYOx+SdfpsE5GcklmsgG5efhTiqCpU9oC3/D+xJm6dN2ARkzXpxlWXaUhfjn20jO1dbXsHzB2JuXv5ojg0OxP02fdDqnGS+kNbOkZlQY3o4HvdXL0Iv5GpMySxANxklvzem6SJwO6MaaXa3JHQJ3hajoisDmg6Ce0Vi+QY+yqagzengW+fzcCmfjlEVSItrdtBIuoRwmn4D773iBRQ08ofh+LOIfOZxGgLD/nz2vlDxuyM/md/iQSXSurAL/hYUtlD2UQ4ZFJn4pg16GMWwUeDNJL5T4yj+hhwAumVFE+Xs72JqVN3cDQbyQC/NpUY7s3o2eGkNtc2AQALIPBKGAgJ3ukUQkIP4lsll654I+5tK2Ath3zBl1wHrR/3xdMz9TY4W2d5XgOi5d0qew/nb18HJeeYSOn6qVkcDOT/TDoM7Wyx9EYE70DzK8LpPHKX7+6xvHSgD8FtQNPfvjaOq8FqeiiHnbKUGum8F/TDdBDEeYSpP0sTs3Gz3MNmNs9XBNM5BDtd1Jo3XPoPjqnEd4k/I+Jc+dy9fCeZbhYPC0UhwSY93M2sxwMSX0ddWYaecdu0TsAhoXDDQF4a3aMO+aXSX/Y8GAUwuZ2rwOCnDpT2xhx9QaF80A5TVc/KPeT1VGHTXlJSGb59azlPqbC7hrmiTRTdixdwMV1UlZ7iuF1BUcMefsNC3vX2eIzWpfQGTVXL7mrUXVJRZdr1jVCYwA6Ttnh82Cig0SPBQgV6GUeX/PKj4UUB80nkvXP62Fg0WWNGchE6/gBEWiEJ/HicsFptkZSQk+e3Ono/AIGRtOhSHN/1i7aFyzwbWW1IXe6+IOAlCgCs4qD1AVPVWX74UAjms6v/s+giYubBQ3KXKMBf/DHKfT8NXD2WFLv0tVjxpZA3uQcnN8oxN6ipuoZpLtW0KlzJ0tqvwe3RQtCOY3EvjE6OKuRD4kwtOctwvRqJ3hyHJL53ElshIcGpvHtqQqYHQ4HgeP6PZuuqEEO4QcGEF9Ts/qLIcOxLBMJ2aowg9f0/Sdndq2id7by5ZJffJPizmWn3un27yicIbj39dLYomh0wITSOZaa5M8fyoGfq9k5xXhc2RY7xM5xTkCvPfEFw4b0vVM21ByrtAk51Spd71wnDprftpaf5Z8JbW8/PT6m0WNeYXXcFi0SJTC+MTTnpgAirSwyKzQIJ3jVozXdANn67OYriaOqfWX21acOBkldmraJ7MptrrO/dQ0HarbJp/1WcBUdB9z+pCcbVdV2h5fE2DF379TfzCzBlBSCcwUh9qPEEvSjSGqCKJZqPk30CpYWcNn18bZfI1YmxNYguxeSVUlshzJK88cYx+Y4UOseXdbnx/EhlkRow86cLQKj6qyn3QDC3urMYKcaSIhL2swOU3cE0mS5VjBRBxI5vnG9v5793FKgLuhB8BelRDM5X7W1Oihvm1faBIqfFzbiKhO+XmwPBv7Vahw4aQ5C35fOsRWht4cxmQZCYfu4hbKr87tc/ipSgeOD8NJ4LpVM5WLpGx2FTNTt0QhMUROdf+/A66mLOes7sbEYPz/dKz3VdgfkSADTr108bM9ta5WLpugiioSsOHwVA9IY9pYvNYc5hHPEHXVrqDVMFIqgqgwfFfh8yK96KMfNBV9rB1QVt5/w2geZBJQKqzmMQP+3kpBcm+nxui+ixtkjsipcQwvgODMJrEigG5JPP6ctRdNtD+k9EGx8u9NUgIcCaCHxTnhNjSbD5I0cwdcbxrj4KFR5SoV7p3O0ytVbNb38jVBpP2JYx6YJU8YPesS6nXHbK8KReXRsbAjorNcV+Os1yJE+J5j9JG9yoO9ebhFrN6VcMeyc0ebS87GclM2PAg0lDpLp1f0hZ0iezvHeQZcKo7bksLuzG9tMeH1jJVaGmrkFilFveDutBSf5lLAJEUjtYsDNa7+1ikBNY96otl2PgaHUfNQSPO1C4OVUnfIKhS89lcK4&u=U2FsdGVkX18CQHHvl9DGQGrqlIuCvA6MXMi/NOjouJTSGPLZxfc8efoy3dIxTqLB&y=U2FsdGVkX19ef0XNOWofHpKhBMrV41FhCgLDlumyEiVEP/ZRv9c4y57WlRfbn3sx HTTP/1.1" 200 25
186.102.37.247 - - [13/Apr/2022:11:15:25 -0500] "GET /kwssiamovil/sm/acme/a?s=U2FsdGVkX18FyjaiufuSTZv7gP+Jmv/7ZQCiLOA05Ju6v7f33Yc/jhRvLC/6XbUknPJPgBx+4KEYSy8I4wOGMeDGcCwaC53wAivrQNMm58+nbpyH3+nWBBTTxiibHDBY7rgtDPeeOArQ+FYGneJruU+OWZZhxBnfPCOut58oE5g=&u=U2FsdGVkX18CQHHvl9DGQGrqlIuCvA6MXMi/NOjouJTSGPLZxfc8efoy3dIxTqLB&y=U2FsdGVkX19ef0XNOWofHpKhBMrV41FhCgLDlumyEiVEP/ZRv9c4y57WlRfbn3sx HTTP/1.1" 200 25
186.102.37.247 - - [13/Apr/2022:11:15:25 -0500] "GET /kwssiamovil/sm/acme/a?s=U2FsdGVkX18w0L5CjRjmfWKCso4IOOGKqPPY1/ZGrGszW+698bDLxcJVXYScPleCtJYfCTCOasY7h2EBXgHS19XsVu36QRZhTiDyAN5l7qb9rvT/7ApPqs57SkoaL8LD8pHoGmyQcpiDWaf9EI+OzGu0Glc902r/aHKndNg7WkI=&u=U2FsdGVkX18CQHHvl9DGQGrqlIuCvA6MXMi/NOjouJTSGPLZxfc8efoy3dIxTqLB&y=U2FsdGVkX19ef0XNOWofHpKhBMrV41FhCgLDlumyEiVEP/ZRv9c4y57WlRfbn3sx HTTP/1.1" 200 25
186.102.37.247 - - [13/Apr/2022:11:15:25 -0500] "GET /kwssiamovil/sm/acme/a?s=U2FsdGVkX19CcV3m9ZRrG6vtSaHRzk16SGS8v0TOyKuUsrw3ukiAiKbsG/7qIBBHrllEUCUL+X/gBdxJdXdIjHI8Gpo1FfB4Oh2mUs8cDcdvDMeZ4oEIK4dd2nRfwKMque8qHJaKk0uyiwQpEwI+gj43LPLSsS5SZ41m0MtfZVw=&u=U2FsdGVkX18CQHHvl9DGQGrqlIuCvA6MXMi/NOjouJTSGPLZxfc8efoy3dIxTqLB&y=U2FsdGVkX19ef0XNOWofHpKhBMrV41FhCgLDlumyEiVEP/ZRv9c4y57WlRfbn3sx HTTP/1.1" 200 25
186.102.37.247 - - [13/Apr/2022:11:15:25 -0500] "GET /kwssiamovil/sm/acme/a?s=U2FsdGVkX183wuaVjeh6JfIUop71vA1D6nKQJbv5jz41ngt5HaddCnzOTHBEzdVMXj5+W8J7EDDPwB3JHnuxHT4lFjZnIT9w6RNY5isIJX5HCqPpDCYdCV15/PqTPkM6xRmmT/FHD3r3rdNIRWHWCLPfYyNPenv4ckeKACv16JYGEoFZHo7ZUfcTGRWnDFk37fPbSx6zdPy+6XtGRbvr4w==&u=U2FsdGVkX18CQHHvl9DGQGrqlIuCvA6MXMi/NOjouJTSGPLZxfc8efoy3dIxTqLB&y=U2FsdGVkX19ef0XNOWofHpKhBMrV41FhCgLDlumyEiVEP/ZRv9c4y57WlRfbn3sx HTTP/1.1" 200 25
172.22.2.4 - - [13/Apr/2022:11:15:59 -0500] "GET /BLA/boletinlegal/robots.txt HTTP/1.1" 404 1038
191.95.134.236 - - [13/Apr/2022:11:16:00 -0500] "POST /forms/lservlet;jsessionid=ac16012b30d6532c3f7e73624a11a4a9a72c2f6d7170.e3iSbxaKaheRe3iOaNeTahmObO1ynknvrkLOlQzNp65In0 HTTP/1.1" 200 2
109.237.103.9 - - [13/Apr/2022:11:16:44 -0500] "GET /.env HTTP/1.1" 404 1018
172.22.2.4 - - [13/Apr/2022:11:15:15 -0500] "HEAD /BLA/boletinlegal/ HTTP/1.1" 200 -
216.245.221.92 - - [13/Apr/2022:11:17:04 -0500] "HEAD / HTTP/1.1" 200 -
172.22.2.4 - - [13/Apr/2022:11:16:00 -0500] "GET /BLA/boletinlegal/index.php HTTP/1.1" 200 49718
172.22.2.4 - - [13/Apr/2022:11:16:05 -0500] "GET /BLA/boletinlegal/ HTTP/1.1" 200 50602
191.95.134.236 - - [13/Apr/2022:11:18:00 -0500] "POST /forms/lservlet;jsessionid=ac16012b30d6532c3f7e73624a11a4a9a72c2f6d7170.e3iSbxaKaheRe3iOaNeTahmObO1ynknvrkLOlQzNp65In0 HTTP/1.1" 200 2
181.53.12.137 - - [13/Apr/2022:11:18:38 -0500] "GET /BLA/resoluciones/ HTTP/1.1" 200 13093
181.53.12.137 - - [13/Apr/2022:11:18:42 -0500] "GET /BLA/resoluciones/index.php?dir=RESOLUCIONES+2022%2F HTTP/1.1" 200 12413
181.53.12.137 - - [13/Apr/2022:11:18:50 -0500] "GET /BLA/resoluciones/RESOLUCIONES%202022/0043.pdf HTTP/1.1" 200 339479
191.95.134.236 - - [13/Apr/2022:11:20:01 -0500] "POST /forms/lservlet;jsessionid=ac16012b30d6532c3f7e73624a11a4a9a72c2f6d7170.e3iSbxaKaheRe3iOaNeTahmObO1ynknvrkLOlQzNp65In0 HTTP/1.1" 200 2
173.252.79.14 - - [13/Apr/2022:11:20:05 -0500] "GET /images/caminos-cerros-orientales-7-abril.jpg HTTP/1.1" 200 80138
190.145.171.228 - - [13/Apr/2022:11:20:28 -0500] "GET /BLA/resoluciones/RESOLUCIONES%202019/2871.pdf HTTP/1.1" 200 776799
191.95.134.236 - - [13/Apr/2022:11:22:01 -0500] "POST /forms/lservlet;jsessionid=ac16012b30d6532c3f7e73624a11a4a9a72c2f6d7170.e3iSbxaKaheRe3iOaNeTahmObO1ynknvrkLOlQzNp65In0 HTTP/1.1" 200 2
216.245.221.92 - - [13/Apr/2022:11:22:04 -0500] "HEAD / HTTP/1.1" 200 -
186.102.8.2 - - [13/Apr/2022:11:22:04 -0500] "GET /kwssiamovil/sm/des/ldap/au?x=U2FsdGVkX1/apyKwiHGNQOPpWDaT7TAEA0d4BsC7lXocJkCrL6N927FiELwWs7eB&y=U2FsdGVkX1+D6+1wGbsvL26NYSfOf4/nnRWnunNUAV8= HTTP/1.1" 200 30
172.22.2.4 - - [13/Apr/2022:11:22:18 -0500] "GET /BLA/boletinlegal/actos.php HTTP/1.1" 200 9559
172.22.2.4 - - [13/Apr/2022:11:22:18 -0500] "GET /BLA/boletinlegal/favicon.ico HTTP/1.1" 404 1326
172.22.2.4 - - [13/Apr/2022:11:22:30 -0500] "GET /BLA/boletinlegal/consulta_actos.php?tipo=resoluciones&no=2735&usuario=&sector=&fecha=2021&resuelve= HTTP/1.1" 200 1182
190.25.116.22 - - [13/Apr/2022:11:22:34 -0500] "GET /BLA/resoluciones/RESOLUCIONES%202021/2735.pdf HTTP/1.1" 200 515688
190.25.116.22 - - [13/Apr/2022:11:22:34 -0500] "GET /BLA/resoluciones/RESOLUCIONES%202021/2735.pdf HTTP/1.1" 206 1025
190.25.116.22 - - [13/Apr/2022:11:22:34 -0500] "GET /BLA/resoluciones/RESOLUCIONES%202021/2735.pdf HTTP/1.1" 200 515688
190.25.116.22 - - [13/Apr/2022:11:22:35 -0500] "GET /BLA/resoluciones/RESOLUCIONES%202021/2735.pdf HTTP/1.1" 206 3072
190.25.116.22 - - [13/Apr/2022:11:22:35 -0500] "GET /BLA/resoluciones/RESOLUCIONES%202021/2735.pdf HTTP/1.1" 206 511591
172.22.2.4 - - [13/Apr/2022:11:21:05 -0500] "HEAD /BLA/boletinlegal/ HTTP/1.1" 200 -
172.22.2.4 - - [13/Apr/2022:11:22:17 -0500] "GET /BLA/boletinlegal/ HTTP/1.1" 200 24523
201.245.192.253 - - [13/Apr/2022:11:22:39 -0500] "POST /kwsrmcab/Wsrmcab HTTP/1.1" 200 45011
172.22.2.4 - - [13/Apr/2022:11:21:55 -0500] "GET /BLA/boletinlegal/ HTTP/1.1" 200 55450
186.102.8.2 - - [13/Apr/2022:11:23:50 -0500] "OPTIONS /kwssiamovil/sm/des/setfile/f? HTTP/1.1" 200 13
207.46.13.157 - - [13/Apr/2022:11:23:50 -0500] "GET /catalogoisis/ HTTP/1.1" 200 8575
191.95.134.236 - - [13/Apr/2022:11:24:01 -0500] "POST /forms/lservlet;jsessionid=ac16012b30d6532c3f7e73624a11a4a9a72c2f6d7170.e3iSbxaKaheRe3iOaNeTahmObO1ynknvrkLOlQzNp65In0 HTTP/1.1" 200 2
186.102.8.2 - - [13/Apr/2022:11:23:50 -0500] "POST /kwssiamovil/sm/des/setfile/f? HTTP/1.1" 200 380
186.102.8.2 - - [13/Apr/2022:11:24:09 -0500] "OPTIONS /kwssiamovil/sm/des/setfile/f? HTTP/1.1" 200 13
69.171.249.116 - - [13/Apr/2022:11:24:10 -0500] "GET /images/negocios-verdes-emprendimientos-24-marzo.jpg HTTP/1.1" 200 54522
201.245.192.253 - - [13/Apr/2022:11:23:26 -0500] "POST /kwsrmcab/Wsrmcab HTTP/1.1" 200 42124
186.102.8.2 - - [13/Apr/2022:11:24:09 -0500] "POST /kwssiamovil/sm/des/setfile/f? HTTP/1.1" 200 380
186.102.8.2 - - [13/Apr/2022:11:24:20 -0500] "OPTIONS /kwssiamovil/sm/des/setfile/f? HTTP/1.1" 200 13
186.102.8.2 - - [13/Apr/2022:11:24:20 -0500] "POST /kwssiamovil/sm/des/setfile/f? HTTP/1.1" 200 380
186.102.8.2 - - [13/Apr/2022:11:24:30 -0500] "OPTIONS /kwssiamovil/sm/des/setfile/f? HTTP/1.1" 200 13
186.102.8.2 - - [13/Apr/2022:11:24:30 -0500] "POST /kwssiamovil/sm/des/setfile/f? HTTP/1.1" 200 380
186.102.8.2 - - [13/Apr/2022:11:24:48 -0500] "OPTIONS /kwssiamovil/sm/des/setfile/f? HTTP/1.1" 200 13
186.102.8.2 - - [13/Apr/2022:11:24:48 -0500] "POST /kwssiamovil/sm/des/setfile/f? HTTP/1.1" 200 380
186.102.8.2 - - [13/Apr/2022:11:25:01 -0500] "GET /kwssiamovil/sm/des/acme/a?s=U2FsdGVkX1/1C8wb+hIIsqHQ9FGkt5jlcD5Pn8pLQB0jW49fgQ0jWG3lYxJzn33+ioWRZ1fch2TyAXAhSY2BO9Le6K2Qg9wQh5SNdFzYr5VIK4q1/J8FM3xTN5TE1LA3UkZRyuzoph6oXGtTdEhOhgZE8nPK5C8IimS7d6g0pQoxgkJC8dVF0VtranJdtZkpbwOVU8jhRRwmXDcDkqh6w3d7cBYyjeMStd87GYvOXOb2FC5uCK+iR+ElgnToamevO+bf+zOBH8CNZAcv11YuVg==&u=U2FsdGVkX18lS4qkbSpvb8i6MKUb9JXXZkGNKrmw3uc=&y=U2FsdGVkX18bZYK88EuWLY3Uvk2JDKzRXP1Nv5CBykBBkqej5GXYcM6ECOyome+6 HTTP/1.1" 200 25
