181.61.164.108 - - [13/Apr/2022:15:18:19 -0500] "GET /BLA/resoluciones/RESOLUCIONES%202005/RES%202005%202051-2100/00002087.tif HTTP/1.1" 200 70430
181.61.164.108 - - [13/Apr/2022:15:18:20 -0500] "GET /BLA/resoluciones/RESOLUCIONES%202005/RES%202005%202051-2100/00002088.tif HTTP/1.1" 200 64912
181.61.164.108 - - [13/Apr/2022:15:18:21 -0500] "GET /BLA/resoluciones/RESOLUCIONES%202005/RES%202005%202051-2100/00002089.tif HTTP/1.1" 200 63208
191.95.134.236 - - [13/Apr/2022:15:18:23 -0500] "POST /forms/lservlet;jsessionid=ac16012b30d6b2314493e3004dd0aed99ad2b8f580aa.e3iSbxaKaheRe3iOaNeTahmObO1ynknvrkLOlQzNp65In0 HTTP/1.1" 200 2
181.61.164.108 - - [13/Apr/2022:15:18:23 -0500] "GET /BLA/resoluciones/RESOLUCIONES%202005/RES%202005%202051-2100/00002090.tif HTTP/1.1" 200 58788
181.61.164.108 - - [13/Apr/2022:15:18:24 -0500] "GET /BLA/resoluciones/RESOLUCIONES%202005/RES%202005%202051-2100/00002091.tif HTTP/1.1" 200 140458
181.61.164.108 - - [13/Apr/2022:15:18:26 -0500] "GET /BLA/resoluciones/RESOLUCIONES%202005/RES%202005%202051-2100/00002092.tif HTTP/1.1" 200 138220
181.61.164.108 - - [13/Apr/2022:15:18:27 -0500] "GET /BLA/resoluciones/RESOLUCIONES%202005/RES%202005%202051-2100/00002093.tif HTTP/1.1" 200 110742
181.61.164.108 - - [13/Apr/2022:15:18:32 -0500] "GET /BLA/resoluciones/RESOLUCIONES%202005/RES%202005%202051-2100/00002094.tif HTTP/1.1" 200 86130
181.61.164.108 - - [13/Apr/2022:15:18:34 -0500] "GET /BLA/resoluciones/RESOLUCIONES%202005/RES%202005%202051-2100/00002095.tif HTTP/1.1" 200 243994
181.61.164.108 - - [13/Apr/2022:15:18:36 -0500] "GET /BLA/resoluciones/RESOLUCIONES%202005/RES%202005%202051-2100/00002096.tif HTTP/1.1" 200 318670
181.61.164.108 - - [13/Apr/2022:15:18:38 -0500] "GET /BLA/resoluciones/RESOLUCIONES%202005/RES%202005%202051-2100/00002097.tif HTTP/1.1" 200 82874
181.61.164.108 - - [13/Apr/2022:15:18:40 -0500] "GET /BLA/resoluciones/RESOLUCIONES%202005/RES%202005%202051-2100/00002098.tif HTTP/1.1" 200 422988
181.61.164.108 - - [13/Apr/2022:15:18:41 -0500] "GET /BLA/resoluciones/RESOLUCIONES%202005/RES%202005%202051-2100/00002099.tif HTTP/1.1" 200 133688
181.61.164.108 - - [13/Apr/2022:15:18:42 -0500] "GET /BLA/resoluciones/RESOLUCIONES%202005/RES%202005%202051-2100/00002100.tif HTTP/1.1" 200 138722
181.61.164.108 - - [13/Apr/2022:15:18:49 -0500] "GET /BLA/resoluciones/index.php?dir=RESOLUCIONES+2005%2FRES+2005+2101-2150%2F HTTP/1.1" 200 12346
181.61.164.108 - - [13/Apr/2022:15:18:52 -0500] "GET /BLA/resoluciones/RESOLUCIONES%202005/RES%202005%202101-2150/00002101.tif HTTP/1.1" 200 255480
181.61.164.108 - - [13/Apr/2022:15:18:53 -0500] "GET /BLA/resoluciones/RESOLUCIONES%202005/RES%202005%202101-2150/00002102.tif HTTP/1.1" 200 298004
181.61.164.108 - - [13/Apr/2022:15:18:55 -0500] "GET /BLA/resoluciones/RESOLUCIONES%202005/RES%202005%202101-2150/00002103.tif HTTP/1.1" 200 126512
181.61.164.108 - - [13/Apr/2022:15:18:56 -0500] "GET /BLA/resoluciones/RESOLUCIONES%202005/RES%202005%202101-2150/00002104.tif HTTP/1.1" 200 152550
181.61.164.108 - - [13/Apr/2022:15:18:57 -0500] "GET /BLA/resoluciones/RESOLUCIONES%202005/RES%202005%202101-2150/00002105.tif HTTP/1.1" 200 193210
181.61.164.108 - - [13/Apr/2022:15:19:01 -0500] "GET /BLA/resoluciones/RESOLUCIONES%202005/RES%202005%202101-2150/00002106.tif HTTP/1.1" 200 33296
181.61.164.108 - - [13/Apr/2022:15:19:02 -0500] "GET /BLA/resoluciones/RESOLUCIONES%202005/RES%202005%202101-2150/00002107.tif HTTP/1.1" 200 23398
181.61.164.108 - - [13/Apr/2022:15:19:04 -0500] "GET /BLA/resoluciones/RESOLUCIONES%202005/RES%202005%202101-2150/00002108.tif HTTP/1.1" 200 84888
181.61.164.108 - - [13/Apr/2022:15:19:05 -0500] "GET /BLA/resoluciones/RESOLUCIONES%202005/RES%202005%202101-2150/00002109.tif HTTP/1.1" 200 33972
181.61.164.108 - - [13/Apr/2022:15:19:06 -0500] "GET /BLA/resoluciones/RESOLUCIONES%202005/RES%202005%202101-2150/00002110.tif HTTP/1.1" 200 265370
181.61.164.108 - - [13/Apr/2022:15:19:07 -0500] "GET /BLA/resoluciones/RESOLUCIONES%202005/RES%202005%202101-2150/00002111.tif HTTP/1.1" 200 126460
181.61.164.108 - - [13/Apr/2022:15:19:08 -0500] "GET /BLA/resoluciones/RESOLUCIONES%202005/RES%202005%202101-2150/00002112.tif HTTP/1.1" 200 234858
172.22.2.4 - - [13/Apr/2022:15:19:09 -0500] "GET /BLA/boletinlegal/actos.php HTTP/1.1" 200 9559
181.61.164.108 - - [13/Apr/2022:15:19:09 -0500] "GET /BLA/resoluciones/RESOLUCIONES%202005/RES%202005%202101-2150/00002113.tif HTTP/1.1" 200 602124
181.61.164.108 - - [13/Apr/2022:15:19:11 -0500] "GET /BLA/resoluciones/RESOLUCIONES%202005/RES%202005%202101-2150/00002114.tif HTTP/1.1" 200 611636
181.61.164.108 - - [13/Apr/2022:15:19:12 -0500] "GET /BLA/resoluciones/RESOLUCIONES%202005/RES%202005%202101-2150/00002115.tif HTTP/1.1" 200 126210
181.61.164.108 - - [13/Apr/2022:15:19:13 -0500] "GET /BLA/resoluciones/RESOLUCIONES%202005/RES%202005%202101-2150/00002116.tif HTTP/1.1" 200 121504
181.61.164.108 - - [13/Apr/2022:15:19:14 -0500] "GET /BLA/resoluciones/RESOLUCIONES%202005/RES%202005%202101-2150/00002117.tif HTTP/1.1" 200 91202
181.61.164.108 - - [13/Apr/2022:15:19:15 -0500] "GET /BLA/resoluciones/RESOLUCIONES%202005/RES%202005%202101-2150/00002118.tif HTTP/1.1" 200 255466
181.61.164.108 - - [13/Apr/2022:15:19:16 -0500] "GET /BLA/resoluciones/RESOLUCIONES%202005/RES%202005%202101-2150/00002119.tif HTTP/1.1" 200 145206
181.61.164.108 - - [13/Apr/2022:15:19:17 -0500] "GET /BLA/resoluciones/RESOLUCIONES%202005/RES%202005%202101-2150/00002120.tif HTTP/1.1" 200 125022
172.22.2.4 - - [13/Apr/2022:15:19:17 -0500] "GET /BLA/boletinlegal/consulta_actos.php?tipo=autos&no=6047&usuario=&sector=&fecha=2021&resuelve= HTTP/1.1" 200 1125
181.61.164.108 - - [13/Apr/2022:15:19:18 -0500] "GET /BLA/resoluciones/RESOLUCIONES%202005/RES%202005%202101-2150/00002121.tif HTTP/1.1" 200 549352
181.61.164.108 - - [13/Apr/2022:15:19:19 -0500] "GET /BLA/resoluciones/RESOLUCIONES%202005/RES%202005%202101-2150/00002122.tif HTTP/1.1" 200 120118
181.61.164.108 - - [13/Apr/2022:15:19:20 -0500] "GET /BLA/resoluciones/RESOLUCIONES%202005/RES%202005%202101-2150/00002123.tif HTTP/1.1" 200 98320
181.61.164.108 - - [13/Apr/2022:15:19:21 -0500] "GET /BLA/resoluciones/RESOLUCIONES%202005/RES%202005%202101-2150/00002124.tif HTTP/1.1" 200 111306
181.61.164.108 - - [13/Apr/2022:15:19:22 -0500] "GET /BLA/resoluciones/RESOLUCIONES%202005/RES%202005%202101-2150/00002125.tif HTTP/1.1" 200 99574
181.61.164.108 - - [13/Apr/2022:15:19:25 -0500] "GET /BLA/resoluciones/RESOLUCIONES%202005/RES%202005%202101-2150/00002126.tif HTTP/1.1" 200 68642
181.61.164.108 - - [13/Apr/2022:15:19:26 -0500] "GET /BLA/resoluciones/RESOLUCIONES%202005/RES%202005%202101-2150/00002127.tif HTTP/1.1" 200 76730
181.61.164.108 - - [13/Apr/2022:15:19:27 -0500] "GET /BLA/resoluciones/RESOLUCIONES%202005/RES%202005%202101-2150/00002128.tif HTTP/1.1" 200 67468
181.61.164.108 - - [13/Apr/2022:15:19:28 -0500] "GET /BLA/resoluciones/RESOLUCIONES%202005/RES%202005%202101-2150/00002129.tif HTTP/1.1" 200 78780
181.61.164.108 - - [13/Apr/2022:15:19:29 -0500] "GET /BLA/resoluciones/RESOLUCIONES%202005/RES%202005%202101-2150/00002130.tif HTTP/1.1" 200 37286
181.61.164.108 - - [13/Apr/2022:15:19:30 -0500] "GET /BLA/resoluciones/RESOLUCIONES%202005/RES%202005%202101-2150/00002131.tif HTTP/1.1" 200 38560
181.61.164.108 - - [13/Apr/2022:15:19:31 -0500] "GET /BLA/resoluciones/RESOLUCIONES%202005/RES%202005%202101-2150/00002132.tif HTTP/1.1" 200 39160
181.61.164.108 - - [13/Apr/2022:15:19:32 -0500] "GET /BLA/resoluciones/RESOLUCIONES%202005/RES%202005%202101-2150/00002133.tif HTTP/1.1" 200 37122
181.61.164.108 - - [13/Apr/2022:15:19:33 -0500] "GET /BLA/resoluciones/RESOLUCIONES%202005/RES%202005%202101-2150/00002134.tif HTTP/1.1" 200 36648
181.61.164.108 - - [13/Apr/2022:15:19:34 -0500] "GET /BLA/resoluciones/RESOLUCIONES%202005/RES%202005%202101-2150/00002135.tif HTTP/1.1" 200 38538
181.61.164.108 - - [13/Apr/2022:15:19:36 -0500] "GET /BLA/resoluciones/RESOLUCIONES%202005/RES%202005%202101-2150/00002136.tif HTTP/1.1" 200 36774
181.61.164.108 - - [13/Apr/2022:15:19:37 -0500] "GET /BLA/resoluciones/RESOLUCIONES%202005/RES%202005%202101-2150/00002137.tif HTTP/1.1" 200 36940
181.61.164.108 - - [13/Apr/2022:15:19:38 -0500] "GET /BLA/resoluciones/RESOLUCIONES%202005/RES%202005%202101-2150/00002138.tif HTTP/1.1" 200 34484
181.61.164.108 - - [13/Apr/2022:15:19:39 -0500] "GET /BLA/resoluciones/RESOLUCIONES%202005/RES%202005%202101-2150/00002139.tif HTTP/1.1" 200 37852
181.61.164.108 - - [13/Apr/2022:15:19:40 -0500] "GET /BLA/resoluciones/RESOLUCIONES%202005/RES%202005%202101-2150/00002140.tif HTTP/1.1" 200 87284
181.61.164.108 - - [13/Apr/2022:15:19:41 -0500] "GET /BLA/resoluciones/RESOLUCIONES%202005/RES%202005%202101-2150/00002141.tif HTTP/1.1" 200 62428
172.22.2.4 - - [13/Apr/2022:15:19:09 -0500] "GET /BLA/boletinlegal/index.php HTTP/1.1" 200 24523
181.61.164.108 - - [13/Apr/2022:15:19:42 -0500] "GET /BLA/resoluciones/RESOLUCIONES%202005/RES%202005%202101-2150/00002142.tif HTTP/1.1" 200 518694
181.61.164.108 - - [13/Apr/2022:15:19:55 -0500] "GET /BLA/resoluciones/RESOLUCIONES%202005/RES%202005%202101-2150/00002143.tif HTTP/1.1" 200 297522
207.46.13.43 - - [13/Apr/2022:15:19:56 -0500] "GET /appsia/controlador HTTP/1.1" 200 4799
181.61.164.108 - - [13/Apr/2022:15:19:57 -0500] "GET /BLA/resoluciones/RESOLUCIONES%202005/RES%202005%202101-2150/00002144.tif HTTP/1.1" 200 201812
181.61.164.108 - - [13/Apr/2022:15:19:58 -0500] "GET /BLA/resoluciones/RESOLUCIONES%202005/RES%202005%202101-2150/00002145.tif HTTP/1.1" 200 103294
181.61.164.108 - - [13/Apr/2022:15:19:59 -0500] "GET /BLA/resoluciones/RESOLUCIONES%202005/RES%202005%202101-2150/00002146.tif HTTP/1.1" 200 731586
181.61.164.108 - - [13/Apr/2022:15:20:01 -0500] "GET /BLA/resoluciones/RESOLUCIONES%202005/RES%202005%202101-2150/00002147.tif HTTP/1.1" 200 189970
181.61.164.108 - - [13/Apr/2022:15:20:03 -0500] "GET /BLA/resoluciones/RESOLUCIONES%202005/RES%202005%202101-2150/00002148.tif HTTP/1.1" 200 785734
181.61.164.108 - - [13/Apr/2022:15:20:05 -0500] "GET /BLA/resoluciones/RESOLUCIONES%202005/RES%202005%202101-2150/00002149.tif HTTP/1.1" 200 88364
181.61.164.108 - - [13/Apr/2022:15:20:06 -0500] "GET /BLA/resoluciones/RESOLUCIONES%202005/RES%202005%202101-2150/00002150.tif HTTP/1.1" 200 256548
191.95.134.236 - - [13/Apr/2022:15:20:23 -0500] "POST /forms/lservlet;jsessionid=ac16012b30d6b2314493e3004dd0aed99ad2b8f580aa.e3iSbxaKaheRe3iOaNeTahmObO1ynknvrkLOlQzNp65In0 HTTP/1.1" 200 2
172.22.2.4 - - [13/Apr/2022:15:20:43 -0500] "GET /BLA/boletinlegal/consulta_actos.php?tipo=autos&no=2657&usuario=&sector=&fecha=2021&resuelve= HTTP/1.1" 200 1131
192.168.173.57 - - [13/Apr/2022:15:21:28 -0500] "GET /BLA/boletinlegal/consulta_actos.php?tipo=autos&no=4924&usuario=&sector=&fecha=2018&resuelve= HTTP/1.1" 200 1037
172.22.2.4 - - [13/Apr/2022:15:20:14 -0500] "HEAD /BLA/boletinlegal/ HTTP/1.1" 200 -
66.249.66.85 - - [13/Apr/2022:15:21:55 -0500] "-" 408 -
216.245.221.92 - - [13/Apr/2022:15:22:03 -0500] "HEAD / HTTP/1.1" 200 -
117.148.130.28 - - [13/Apr/2022:15:22:06 -0500] "HEAD /galeria/galeria/fotos/1GuaymaralTorcaP1.jpg HTTP/1.1" 200 -
186.102.47.35 - - [13/Apr/2022:15:22:22 -0500] "GET /kwssiamovil/sm/ldap/au?x=U2FsdGVkX19bRIZa5j48F0TnWEhDoWemAHgqDyqQAh0rx1HJLUUgsE8k4N/5bWFm&y=U2FsdGVkX19A0ClE15Lhgl4MMEEXeOIUqLW2XubrOxZMhaggivPYf1/4Gq7r4vfE HTTP/1.1" 200 30
186.102.47.35 - - [13/Apr/2022:15:22:22 -0500] "GET /kwssiamovil/sm/acme/s?s=U2FsdGVkX1+aDYdoNSEJ8Srwy56xgzVuhRycZ+SQ2NgShLnNeA1UJgaN1p9ey6hoDAEjhrh7goambDMbI1zDxubyjF0yKOLmwVe9TMU//OI=&u=U2FsdGVkX19jbFnRhJ63k2+oBnp1UMlgMHEtGR9nNLI=&y=U2FsdGVkX19A0ClE15Lhgl4MMEEXeOIUqLW2XubrOxZMhaggivPYf1/4Gq7r4vfE HTTP/1.1" 200 97
186.102.47.35 - - [13/Apr/2022:15:22:22 -0500] "GET /kwssiamovil/sm/acme/s?s=U2FsdGVkX1/ek6ryOrlxPdNhPJWXosg1HDi/pKBejF4GXv8+4kyzsrV0vvCJQbyfaFbGW6yq4uMXOb02GoHQl5WzxHu8D2kwJ/6jGSKR1M2poq4qTUZAHDC2Pg3oeqc2S3YJSyi1xh40eTLbs4VSB22zbcvMSsw8pMNSAg0WWXshigOYHvO5ppuHXMWrT8Cigz15waXdxGd9p+qM0Nq84Z0uo8lC3f54M25qhZmHUsen2gVOWv7XjHazlMZe06GnsVGkSipxi+1C/0kxTyGjMjh7oe+IAjl8FMAwX6ArZlpL/Bh3jtxct2Q2dQrfOo/UchRpg91nxLZ6BpED2Lg55l4Vjv2d8RthGyXcfAsEQ/0Cr5RBmhvWBE+Jl9//88aXsrnSW1I8aSn0qtVZWA6SjkPS1pAEeIy129jW1fCTIxZqt2qSJOy47z3qMFZVDujVTSRBI3zSa7NAzPTeZyKtdOIIX8O3gv6Wp3q75D+/hEmZjxpl/lyQb9XbwtitTwBqmQhCY2bZdK7FcqGZ6trtM4YVMMR3Ld9Wy86qw1e2jzlYj3r096JxR3VmjIw+Iitp8iz06Ni5U/A8UF/MULoR9BeefGaKihbDYGjqfkBB7xPziWhteAmHToQ2Keooya47AwTlPnMZhsTa34Xdjghpji0G7CNdqHwTUh+46qkpYJxly+dql3ahYejMTzKAnF++6+HX7uFZWnU8tu3Doco4nHE+s7nzx4hUZmh/A0z3u6HerlE/0o1w+UprUi2mxWuID2qXrVB3hOkKn20C2H4yj2GbVKPdb621qQylkGPCUZ1BFwojamB4t5e7HWBFmVH6g099XnFc9VtjM5z12x1euZWEq0NffzWbuEL2wrusCyQvRsywIjxR0pXmpVybsc/X3M2tqgQhiE2X+GCMDPUovIkrmgG805QW+yttG3sMVwVPBWzmy5wl6SvGYrP1IaOXK11qOa7x/m6I3LT0inMp7YTtqgceX0lzijvNoD+vOnsU4rfh2GEchtnq4TwFTS9aZv6Rq+gHeOtCNDKs9Et8MnZrbw+bZ5P4jllgST2AxflWgrnKOKV1rpRuEsB9B9p0CIyE6IyBGLe10jCVyej8SfKLkuPoSU9M+fRJkgYS0p8=&u=U2FsdGVkX19jbFnRhJ63k2+oBnp1UMlgMHEtGR9nNLI=&y=U2FsdGVkX19A0ClE15Lhgl4MMEEXeOIUqLW2XubrOxZMhaggivPYf1/4Gq7r4vfE HTTP/1.1" 200 72
186.102.47.35 - - [13/Apr/2022:15:22:22 -0500] "GET /kwssiamovil/sm/acme/s?s=U2FsdGVkX19iftQVhyM/GXin3GWOo0EjaTOCujCeC/gpgHAYSmc+imaRmNyj9LZUlaSZpB0Z78sC0i9hV8Z+o7ZM3WgICsJP6HnOv+phcKmTJYarZsPKfaCxY2bkKLC9+o+N1q+20IPmMc7wxnMgbNjCEBBG1DFSww6uITRKeuPPgK02TkFv0yvShEgtILRolU4Vh1Yj7H6gnAzoNf6n6uPdGQUfggaOeRavRiv8BLElqfnYCyodXzUkWiaU4ksdsjFUfYy4ORRkAk2sUOkF1bPkxYw64XumjKX9slzgInP0XjKn8K7Tyo7p2fRfXYe5ooXdgR2lU2StT2lrpGhe4g==&u=U2FsdGVkX19jbFnRhJ63k2+oBnp1UMlgMHEtGR9nNLI=&y=U2FsdGVkX19A0ClE15Lhgl4MMEEXeOIUqLW2XubrOxZMhaggivPYf1/4Gq7r4vfE HTTP/1.1" 200 72
191.95.134.236 - - [13/Apr/2022:15:22:23 -0500] "POST /forms/lservlet;jsessionid=ac16012b30d6b2314493e3004dd0aed99ad2b8f580aa.e3iSbxaKaheRe3iOaNeTahmObO1ynknvrkLOlQzNp65In0 HTTP/1.1" 200 2
172.22.2.4 - - [13/Apr/2022:15:21:04 -0500] "GET /BLA/boletinlegal/ HTTP/1.1" 200 58588
201.245.192.253 - - [13/Apr/2022:15:22:38 -0500] "POST /kwsrmcab/Wsrmcab HTTP/1.1" 200 44852
201.245.192.253 - - [13/Apr/2022:15:23:26 -0500] "POST /kwsrmcab/Wsrmcab HTTP/1.1" 200 45783
191.95.134.236 - - [13/Apr/2022:15:24:26 -0500] "POST /forms/lservlet;jsessionid=ac16012b30d6b2314493e3004dd0aed99ad2b8f580aa.e3iSbxaKaheRe3iOaNeTahmObO1ynknvrkLOlQzNp65In0 HTTP/1.1" 200 2
172.22.2.4 - - [13/Apr/2022:15:25:01 -0500] "GET /BLA/boletinlegal/robots.txt HTTP/1.1" 404 1038
167.0.36.3 - - [13/Apr/2022:15:25:31 -0500] "GET /favicon.ico HTTP/1.1" 200 7782
167.0.36.3 - - [13/Apr/2022:15:25:35 -0500] "GET /BLA/resoluciones/index.php?dir=AUTOS+2010%2F HTTP/1.1" 200 274821
167.0.36.3 - - [13/Apr/2022:15:26:20 -0500] "GET /BLA/resoluciones/AUTOS%202010/6639.pdf HTTP/1.1" 200 149335
191.95.134.236 - - [13/Apr/2022:15:26:30 -0500] "POST /forms/lservlet;jsessionid=ac16012b30d6b2314493e3004dd0aed99ad2b8f580aa.e3iSbxaKaheRe3iOaNeTahmObO1ynknvrkLOlQzNp65In0 HTTP/1.1" 200 2
191.156.147.20 - - [13/Apr/2022:15:26:31 -0500] "GET /en-semana-santa-jardin-botanico-una-opcion-vital-para-reconectarse-y-vivir-la-naturaleza.html HTTP/1.1" 200 1012
172.22.2.4 - - [13/Apr/2022:15:25:02 -0500] "GET /BLA/boletinlegal/index.php HTTP/1.1" 200 60105
167.0.36.3 - - [13/Apr/2022:15:26:49 -0500] "GET /BLA/resoluciones/index.php?dir=RESOLUCIONES+2014%2F HTTP/1.1" 200 331298
216.245.221.92 - - [13/Apr/2022:15:27:03 -0500] "HEAD / HTTP/1.1" 200 -
66.249.66.85 - - [13/Apr/2022:15:27:32 -0500] "-" 408 -
172.22.2.4 - - [13/Apr/2022:15:26:04 -0500] "HEAD /BLA/boletinlegal/ HTTP/1.1" 200 -
172.22.2.4 - - [13/Apr/2022:15:26:54 -0500] "GET /BLA/boletinlegal/ HTTP/1.1" 200 57542
191.95.134.236 - - [13/Apr/2022:15:28:39 -0500] "POST /forms/lservlet;jsessionid=ac16012b30d6b2314493e3004dd0aed99ad2b8f580aa.e3iSbxaKaheRe3iOaNeTahmObO1ynknvrkLOlQzNp65In0 HTTP/1.1" 200 2
191.95.134.236 - - [13/Apr/2022:15:30:39 -0500] "POST /forms/lservlet;jsessionid=ac16012b30d6b2314493e3004dd0aed99ad2b8f580aa.e3iSbxaKaheRe3iOaNeTahmObO1ynknvrkLOlQzNp65In0 HTTP/1.1" 200 2
192.168.173.57 - - [13/Apr/2022:15:31:08 -0500] "GET /BLA/boletinlegal/consulta_actos.php?tipo=autos&no=2101&usuario=&sector=&fecha=2019&resuelve= HTTP/1.1" 200 1046
207.46.13.157 - - [13/Apr/2022:15:31:24 -0500] "GET /BLA/resoluciones/index.php?dir=AUTOS+2019%2F HTTP/1.1" 200 342653
186.102.47.35 - - [13/Apr/2022:15:31:34 -0500] "GET /kwssiamovil/sm/ldap/au?x=U2FsdGVkX19g/8U/XS8z8BIoynCwep/9MYv5BvsvQoadC/GFYx9H7OaRfsKrrDzN&y=U2FsdGVkX18JD3mJhrJhTIdmu9rKkKFlbyAno6PgPqoCXAntpcKHWQjuhvisg9fK HTTP/1.1" 200 30
186.102.47.35 - - [13/Apr/2022:15:31:35 -0500] "GET /kwssiamovil/sm/acme/s?s=U2FsdGVkX18raYjf/uiyFC2wIm+v0Sn9nDKbucA1CzWcEF+tTbQti+CHtWMA1CpEGiznqUVjCscx1uqdLt+cYse+qbXOhyT1VVnZTgNVPYI=&u=U2FsdGVkX19ClbgYwI/vCKRUgWdpxK33y3JLXrXKW0s=&y=U2FsdGVkX18JD3mJhrJhTIdmu9rKkKFlbyAno6PgPqoCXAntpcKHWQjuhvisg9fK HTTP/1.1" 200 97
186.102.47.35 - - [13/Apr/2022:15:31:35 -0500] "GET /kwssiamovil/sm/acme/s?s=U2FsdGVkX189MATNt+DzeozR7BEailTEF6xGASmWgJp+axkQAhSat8C3QxZ6mNBmpN1z8AiNPAiDF6zJLpsGHTmeRmrklwdVdJslrIaTbfmifmLaZq9wXOWjDqRMhZmakRChlyyk5N/CRWrtp6q1dLJ7I+oUrfGa4j8v7nva2shSR29EiRZJ+PcyxVPJEh/ufo86WdsohvHi6yhOgl2NUDvmF92gZ2nNG8KySBVPS7N1bXnkAWitrj8IHL4IvHx3kFOf2SE9YvRPythHfkEKvjwO47sgL3WG64DhT4AN6ndswcFe7Ir1AR6tOiRou8lh1snnfB0CcJOHUagUNrMWZE5Q2VXGLfrSDB19NzQJmsyvdzO+GnUZzEY4FNkBIQbzeLSzDVnHQVRddMzZX3b3Wexy7i87cmInrjC4qqJ8AgfFGHi6RpO2qesJyBDaHBKGE9yP92EXjc47iL1w9xzKCnkSk0d20NQOvLy80TzmoFXASHFUtVjlHeSS9aOhlCtP2v3utXUSUiGPPcZKZ4waIqqFIirTB4l+IjSBgrBmDuKNhYubsSzi4J78UwyLxNmTGy06O3MjG+duDgvYmnvmyZyQEBrkbuAPB1IujizucVutTK970tiPjC+r1Wv5akP2Yu8am4aJsJov/8SLFP1DfSOUKevG38Z9JuTF6TDDDPU/lOpy4baKbCoPwy1t4tI0ToYXwQKlwhxRfWdRBX0QW4Sd7GfBPevzr6y/qIys5QftTlNhxRxOhnnphe240ZOmeGmemC01ru5p7jlylieNn/xsv2t/QRXe4gyAzGjvxrYFbbmsLoYQRR0FQh9H/rTxPZbSPqLrMvq/KSMp5NkYjDqGbazaPhqhGryyPQrfilNk1Z1HfHrsSr7EMz4+6Cj6B8I6ejc83IAm21pl80fGLJ/GjC7fzoNmQqR62oKZElFLgKOL8w22R8HDRahPOXYBb6kG6hF9YSF68h2HPMh4mHXzP+I8eHX63+YLN63gCDIb2bbT5SnB0mriTn5njf0YYmpdRyLQbwQui9PhuGe/aPiJH/4Ze7nVrTB1CCCKKVDrTAxAkA6KSsZdm1bPTHVfgtzAviHGi5QUI/FKehQaQ3Ry4LktAYTjmUhXyd7omWA=&u=U2FsdGVkX19ClbgYwI/vCKRUgWdpxK33y3JLXrXKW0s=&y=U2FsdGVkX18JD3mJhrJhTIdmu9rKkKFlbyAno6PgPqoCXAntpcKHWQjuhvisg9fK HTTP/1.1" 200 72
186.102.47.35 - - [13/Apr/2022:15:31:35 -0500] "GET /kwssiamovil/sm/acme/s?s=U2FsdGVkX198WxgW+JM++MNPELfLzXjrrdEUBRLeNc2AlDCCNlZEEXmb8qcKXQAmRKjsBx4uZwxwFAz2CRVrNBT5eDyCaiezvGa9mgPFJ2rl6XrroRs4fjFC/glgc5WTgu/miPsBEjP2wJZZrv2rg+ZnaR+7KWtiqU9teaNHjwr5OxuEcvCVDzcun4Jj1H7YpsEpFJiolBhV0rx2UKeT6jBWsVjzQnzjV/ndJgvfGlAaoNL4LOdI0LG2eedTBtXFrGqNy2CUOsqLRKSySbEinbfvqYsJrq4sk5R3ACzcHz3hQYlbnsVwhrSYqCCChGrjxlxAtMdWClrDdRWFqFhLnQ==&u=U2FsdGVkX19ClbgYwI/vCKRUgWdpxK33y3JLXrXKW0s=&y=U2FsdGVkX18JD3mJhrJhTIdmu9rKkKFlbyAno6PgPqoCXAntpcKHWQjuhvisg9fK HTTP/1.1" 200 72
186.102.12.132 - - [13/Apr/2022:15:31:37 -0500] "GET /kwssiamovil/sm/acme/a?s=U2FsdGVkX19bBBFoHVlEvyeb/RiOBfaUyjFoo9/jo5Imzc3eHbkHXgi2jkfYbKgqs8qFh1kEvpiGCvuDqku5GP1poMACg01HYwDpo52bsgkGu7QcXG8PyJYZCNZDCX5okjgBsV+F9x9K8is3ETshhn4cGl570hZ9qzONogtGAtjMziheLi6VhdfGP+GQY17p6OVqq0yMWJqpifPq8m0G8Qt6MrYuWyhnmn5uTMGRFR295uSm1bcSZAIFZ43e4NX8QMwXFm7z8bhMOJr4WdgmpA==&u=U2FsdGVkX19KB5KlEgRr9bZZRCvXk2VzNwh9LCmclSMLV9lmGdPayBipJ2ZxSR5G&y=U2FsdGVkX18EKd6EQBwY5ZdSxYMX6q0blYMVOyFRTFosmE2HkHpA9zzyRKYSSBaj HTTP/1.1" 200 25
186.102.12.132 - - [13/Apr/2022:15:31:37 -0500] "GET /kwssiamovil/sm/acme/a?s=U2FsdGVkX19BHiSQz4GdkiWHtg8AKQJSkXTgy3iewJSamdFhMm22FOfVtE5gmTOxUH1wt/hfD+YEd0SnuIM7k8z+bL9nTaG6nvYBWdN5FmTp7EbQlzJag8mGzAey8lW83qLjMOfeIbT/FmY9OfIqvnW522KzXojM59st7kEa+6PxKahBDhuQoqypIgGhIT4RN6V+cEXuJRrLBYPnRuk/sRyJvvPl8kg5d6gtZ5WweprRlFwzZTLcq2X9Ybbw5650s/YHLPSZ5sI25riO5sMOizFuF5CnMSxhyalb3+19qM2nvIHOmYEpZG3OT2vi1TecLOMAwBJbRaETuNsEDZoovzgNkyjE3GJLXVUCDNbI1LS5UUcz9rsXD9MWFpI27eC65BvZ4/t40XCfuyoBXk2YxdfoFZ6xnU6/bIxK+Svd8cJe3MX5M7OKy/FE8GbnLzYPuxYl17aN8ZQPMqP7mpVOdsooqOa9bxaspSNUfkjAtHKxzq/Daav14RsLhl1LoM9HvaUNW/xNd4jy5FAm3vqwzKxXmDqnrAGrDiB1CSMpEXz0r0bCii/tq0Zz+uv9E22tw7S9uEzdIUiSE9/0F+CpGqWoWDESmgEvhJI3oHqK6BenmVcwUAiY5W6sR/TACXzLtomrdoBOqlZ56zI/orEp0Lq4aXF4zQ7RX762dEnWwMhUgPKs4ly9AY150zRy967oLXXiMc129k/4i2yexOcz1+hrE54zZuu7/nC1a7ea1K9qo2uBUquhrKi9114jUgFe4ege5Iy4RLhJcLIQkwEChoVg6Of5ohFX2BOs//zNzU6yPZE921YwsBGkHRCUsAHO8NB2Scl7wr9c1CtHTs+bpO4BaJ0fuLBYzOYzltK+sJHs6yKjqfF0ftovTh1LsIkEg0HOBDICXHamLigtFw/D3HIsiRUH4/fRCPQhfX6I510=&u=U2FsdGVkX19KB5KlEgRr9bZZRCvXk2VzNwh9LCmclSMLV9lmGdPayBipJ2ZxSR5G&y=U2FsdGVkX18EKd6EQBwY5ZdSxYMX6q0blYMVOyFRTFosmE2HkHpA9zzyRKYSSBaj HTTP/1.1" 200 25
186.102.12.132 - - [13/Apr/2022:15:31:37 -0500] "GET /kwssiamovil/sm/acme/a?s=U2FsdGVkX18sO0YX5K/R3uhZ2E1CzqNhFBfG3Y7x+nPSxb9b4DLr9VgH+I1IJVz1bn3mUGpmO2CCt0NzyGDwsNBh1+rSpINTTaMB4rMKzy0Cizs141LcVE/nyx7lSl1mPrlznvX1I9qdAvR4I+eOAZARhzBb2/bIdtYgd0DyNts=&u=U2FsdGVkX19KB5KlEgRr9bZZRCvXk2VzNwh9LCmclSMLV9lmGdPayBipJ2ZxSR5G&y=U2FsdGVkX18EKd6EQBwY5ZdSxYMX6q0blYMVOyFRTFosmE2HkHpA9zzyRKYSSBaj HTTP/1.1" 200 25
186.102.12.132 - - [13/Apr/2022:15:31:37 -0500] "GET /kwssiamovil/sm/acme/a?s=U2FsdGVkX1/RFFavhGs1Ui4ZSnfkZlGiUnJuF3Z6YATEdNr4l/IW4R5jHqu4gyNu8tO7yo+k1kePHHjttBGR/MQCoKA25kV5wvU9Dgx/1umOEvhEk4nzPs9/QPrj91ldNfmIjHU0i5LE05T9BFeFX/6HZaIJt1ytgCi3d+EqriE=&u=U2FsdGVkX19KB5KlEgRr9bZZRCvXk2VzNwh9LCmclSMLV9lmGdPayBipJ2ZxSR5G&y=U2FsdGVkX18EKd6EQBwY5ZdSxYMX6q0blYMVOyFRTFosmE2HkHpA9zzyRKYSSBaj HTTP/1.1" 200 25
186.102.12.132 - - [13/Apr/2022:15:31:38 -0500] "GET /kwssiamovil/sm/acme/a?s=U2FsdGVkX19EeRWxqCWBxxou1oLTqWEJj7kzPiSvmHU1XU/5sgEkSWJwT/ttQqDAanWfIrwfF8pXccBVQAzcnOk63Iwpsgh7E5LFov9eXMvF9Kj8jaN0MPrUEaKaLSKR9UkChad58GiBZLC7MAvnbBZMHGcyrJAYnpFJZMO4plg=&u=U2FsdGVkX19KB5KlEgRr9bZZRCvXk2VzNwh9LCmclSMLV9lmGdPayBipJ2ZxSR5G&y=U2FsdGVkX18EKd6EQBwY5ZdSxYMX6q0blYMVOyFRTFosmE2HkHpA9zzyRKYSSBaj HTTP/1.1" 200 25
186.102.12.132 - - [13/Apr/2022:15:31:38 -0500] "GET /kwssiamovil/sm/acme/a?s=U2FsdGVkX1+510a1YeCrG2PpOEaZsZhr010lgxJ+bXDjNHrRTWdiV1oGh18BYmX+IgESSvPaKLRxGNy5ijpwd3GKoPNls0xFsFd0Ff7Gaw7VbUul/eUX+81A3h/S+CCt3Paf/6XDdRdCLj0+uroxb7g3y4ZvalpZRJvTBlFDVFIHcCqM3WEmUIenzrmFgMjNVQ1y2DoOrIKkTbQOew4PLA==&u=U2FsdGVkX19KB5KlEgRr9bZZRCvXk2VzNwh9LCmclSMLV9lmGdPayBipJ2ZxSR5G&y=U2FsdGVkX18EKd6EQBwY5ZdSxYMX6q0blYMVOyFRTFosmE2HkHpA9zzyRKYSSBaj HTTP/1.1" 200 25
186.102.12.132 - - [13/Apr/2022:15:31:38 -0500] "GET /kwssiamovil/sm/acme/a?s=U2FsdGVkX1/3MKeR6BSeV1rVK+VJrD9vtP5LZFsWf2t9wg5KnU2M+QsVEiQSRSrdxdRAkkS+2+m6pzChIulXmFk6NNskqtKn9UmhtWQ4JlunVIFCBMKFWeYBUsDEejA90uYwK+sv0BdIhaIseaLcE1sYtxNO6NYhP+4IRULQLZixeEA9ntvaeoUHDchEf5PNuzHDJWewLaiDHDg0fG+MdQ==&u=U2FsdGVkX19KB5KlEgRr9bZZRCvXk2VzNwh9LCmclSMLV9lmGdPayBipJ2ZxSR5G&y=U2FsdGVkX18EKd6EQBwY5ZdSxYMX6q0blYMVOyFRTFosmE2HkHpA9zzyRKYSSBaj HTTP/1.1" 200 25
186.102.12.132 - - [13/Apr/2022:15:31:39 -0500] "GET /kwssiamovil/sm/acme/a?s=U2FsdGVkX187dpvLl8gYbZUAM9FM05FZGNaVlB4GU+VUlHy5+TeSK3TXcSlOd1DAL2OKYw7B+FgsKJ9iVlfqpBDHaM6E5usPKV0d2dQ98wEgF5/n/PDgJbFSKY7m5J3E9h7S/HShxGRUl966+zr8xxy3BqsF6HXTyD/HP88lWYXA0q9USHOgEoWboYue5hm0&u=U2FsdGVkX19KB5KlEgRr9bZZRCvXk2VzNwh9LCmclSMLV9lmGdPayBipJ2ZxSR5G&y=U2FsdGVkX18EKd6EQBwY5ZdSxYMX6q0blYMVOyFRTFosmE2HkHpA9zzyRKYSSBaj HTTP/1.1" 200 25
186.102.12.132 - - [13/Apr/2022:15:31:39 -0500] "GET /kwssiamovil/sm/acme/a?s=U2FsdGVkX1/Vv/qYnBi2xpUNpPMBArOhMoWBBlmz1f2tVBvczssTf7Kn610QSVTM8uToTY+wFxPgcMzayHVZwDglNLYPstMTSx6mxwpdvQAh3Efp7ABErPJersGdL1iK2mTzzO24JFUJcWZ+O4m6adCoM6VadhMDicoa7LqG6exsoE2cpKWSbEKAGb2YCV4FvI1YnQuhVtoiyuy9Tt4SbA==&u=U2FsdGVkX19KB5KlEgRr9bZZRCvXk2VzNwh9LCmclSMLV9lmGdPayBipJ2ZxSR5G&y=U2FsdGVkX18EKd6EQBwY5ZdSxYMX6q0blYMVOyFRTFosmE2HkHpA9zzyRKYSSBaj HTTP/1.1" 200 494
186.102.12.132 - - [13/Apr/2022:15:31:39 -0500] "GET /kwssiamovil/sm/acme/a?s=U2FsdGVkX18I2dAkqwF4C66KdMpE1J3jlh9jjSLuMd1WEwBx9Y//9OkoPgld5iBIw2vbqihBe0/aWcYnPbm6QMi5kCiHUAHb/+h4gI0XnsL2zFeCTF/gQiMWtrgnG9N/tnx86EHfvaz2ZE4+Ct63dmJouABqItPDn9J50XCrXPA7xU8pNlLDzO7jGLzfRDmQr+ELSM/I17FREErpwuAbtQ==&u=U2FsdGVkX19KB5KlEgRr9bZZRCvXk2VzNwh9LCmclSMLV9lmGdPayBipJ2ZxSR5G&y=U2FsdGVkX18EKd6EQBwY5ZdSxYMX6q0blYMVOyFRTFosmE2HkHpA9zzyRKYSSBaj HTTP/1.1" 200 25
186.102.12.132 - - [13/Apr/2022:15:31:39 -0500] "GET /kwssiamovil/sm/acme/a?s=U2FsdGVkX1/QLky31YMHOopdSW/zkSgv9Uz77YyGtVU4xjrEdtNqADBXLF/vFpYvCN0dUpK4RGQsIjimNvwoxw3EYyWS5XHBXa3TUbsRIP/R6qGZ657DLm5WM4+V4fvhi4Bdj+XJxy9Fs3t0L/Pp13EWL9wKMz8HprsB8KrX8Fs=&u=U2FsdGVkX19KB5KlEgRr9bZZRCvXk2VzNwh9LCmclSMLV9lmGdPayBipJ2ZxSR5G&y=U2FsdGVkX18EKd6EQBwY5ZdSxYMX6q0blYMVOyFRTFosmE2HkHpA9zzyRKYSSBaj HTTP/1.1" 200 25
186.102.12.132 - - [13/Apr/2022:15:31:40 -0500] "GET /kwssiamovil/sm/acme/a?s=U2FsdGVkX182wzkR1RZFzG5wM3DvK6L2knoUagvaryoLCt/6Gc0++qE5pUslOMc6QsA1ZSj3UR8wLwSqjJ3bduMser+zX72HvHAdbwFfpRBUTRv/zN2qIkJaxNfkHveO5BiAkqRPt0KtQwPOTcyjqaXxvVx2/+dQg/mTClcduhMA1zsMSo9g0IKCXhqwuy1R&u=U2FsdGVkX19KB5KlEgRr9bZZRCvXk2VzNwh9LCmclSMLV9lmGdPayBipJ2ZxSR5G&y=U2FsdGVkX18EKd6EQBwY5ZdSxYMX6q0blYMVOyFRTFosmE2HkHpA9zzyRKYSSBaj HTTP/1.1" 200 25
186.102.12.132 - - [13/Apr/2022:15:31:40 -0500] "GET /kwssiamovil/sm/acme/a?s=U2FsdGVkX18ntaoBjCnXhPsJ31y0P0FP09bGwjtmOR2r4hwGehkZqbW48gpgAjbQ1IfkzdASrChZmcRZvRJEklTHW1bKfDxPQdL4vu9BaF1KUd/BsXagTUyVCRBtB60MtYPLcQuwfAvRtHtFcRlb3+5rSvFvhvAtEy8TZbHNiePr7fzT9QnkKn5dbmQEhnDBs1ry7HHY4TF5uQRRS+ck4g==&u=U2FsdGVkX19KB5KlEgRr9bZZRCvXk2VzNwh9LCmclSMLV9lmGdPayBipJ2ZxSR5G&y=U2FsdGVkX18EKd6EQBwY5ZdSxYMX6q0blYMVOyFRTFosmE2HkHpA9zzyRKYSSBaj HTTP/1.1" 200 25
186.102.12.132 - - [13/Apr/2022:15:31:40 -0500] "GET /kwssiamovil/sm/acme/a?s=U2FsdGVkX196i+92azw1uECRPf73VoR940yjWY4hdgITAWBl/452nZoozesrOuP21rUw8UPRuPF53uSfHkg7L7/8hNOE9dG2a1NdHtpxfZfPHjWLqD2UMyOQzFpqYOQ0eE1LbGlZqSCJBTt8zO48b0Be1pa73XzJbI4Qgumwrdaf2Pg/pRYApPSQG8yQ4bTzzs3dQ3XTS5ttdNjeY1Ul4Q==&u=U2FsdGVkX19KB5KlEgRr9bZZRCvXk2VzNwh9LCmclSMLV9lmGdPayBipJ2ZxSR5G&y=U2FsdGVkX18EKd6EQBwY5ZdSxYMX6q0blYMVOyFRTFosmE2HkHpA9zzyRKYSSBaj HTTP/1.1" 200 25
186.102.12.132 - - [13/Apr/2022:15:31:41 -0500] "GET /kwssiamovil/sm/acme/a?s=U2FsdGVkX18r1bIF8ndl5OMLFquPPWneCUgCNk87I4CG7mkx0vm3oPLn2lDBHpqSftn9ptkDLm9G/RKFOhuCPF1aEJ2Q0qdaZSAPB0pcM2wRnTLuFhLpkEkszxYmoga+mHW2jT0w5uNXaoC+PYkr7tP9I0apT7BolSu9nuTeUHJTf6ss9cCftVr1wml/VZRtIm8ejBkohIc6nawweXaD9w==&u=U2FsdGVkX19KB5KlEgRr9bZZRCvXk2VzNwh9LCmclSMLV9lmGdPayBipJ2ZxSR5G&y=U2FsdGVkX18EKd6EQBwY5ZdSxYMX6q0blYMVOyFRTFosmE2HkHpA9zzyRKYSSBaj HTTP/1.1" 200 25
186.102.12.132 - - [13/Apr/2022:15:31:41 -0500] "GET /kwssiamovil/sm/acme/a?s=U2FsdGVkX19hTffZ/08+1tbJF44b16R+2TCRzAXd9D8P7osXTrMmrMebYPgCLHqVJEPs/3hMngTnIMWmA4VVmqs8vR8kyUzQ6LpxtG0WgyxUmm3BEzWjK1cZ3L394GKaEu5/1d+aLEtW6QKhMg42HgWDW2sLg20yAhSE3XjUfjkFZrmdIgNFmxdf9Zt1C7gL&u=U2FsdGVkX19KB5KlEgRr9bZZRCvXk2VzNwh9LCmclSMLV9lmGdPayBipJ2ZxSR5G&y=U2FsdGVkX18EKd6EQBwY5ZdSxYMX6q0blYMVOyFRTFosmE2HkHpA9zzyRKYSSBaj HTTP/1.1" 200 25
216.245.221.92 - - [13/Apr/2022:15:32:03 -0500] "HEAD / HTTP/1.1" 200 -
181.61.164.108 - - [13/Apr/2022:15:32:12 -0500] "GET /BLA/resoluciones/index.php?dir=RESOLUCIONES+2005%2FRES+2005+2151-2200%2F HTTP/1.1" 200 12146
181.61.164.108 - - [13/Apr/2022:15:32:13 -0500] "GET /BLA/resoluciones/dlf/gif.gif HTTP/1.1" 200 596
181.61.164.108 - - [13/Apr/2022:15:32:13 -0500] "GET /BLA/resoluciones/dlf/trans.gif HTTP/1.1" 200 49
181.61.164.108 - - [13/Apr/2022:15:32:15 -0500] "GET /BLA/resoluciones/RESOLUCIONES%202005/RES%202005%202151-2200/00002151.tif HTTP/1.1" 200 310896
181.61.164.108 - - [13/Apr/2022:15:32:20 -0500] "GET /BLA/resoluciones/RESOLUCIONES%202005/RES%202005%202151-2200/00002152.tif HTTP/1.1" 200 199146
181.61.164.108 - - [13/Apr/2022:15:32:21 -0500] "GET /BLA/resoluciones/RESOLUCIONES%202005/RES%202005%202151-2200/00002153.tif HTTP/1.1" 200 300756
181.61.164.108 - - [13/Apr/2022:15:32:22 -0500] "GET /BLA/resoluciones/RESOLUCIONES%202005/RES%202005%202151-2200/00002154.tif HTTP/1.1" 200 248658
173.252.111.12 - - [13/Apr/2022:15:32:33 -0500] "GET /images/jornada-llantaton-usaquen-24-marzo.jpg HTTP/1.1" 200 41830
181.61.164.108 - - [13/Apr/2022:15:32:35 -0500] "GET /BLA/resoluciones/RESOLUCIONES%202005/RES%202005%202151-2200/00002155.tif HTTP/1.1" 200 436284
181.61.164.108 - - [13/Apr/2022:15:32:37 -0500] "GET /BLA/resoluciones/RESOLUCIONES%202005/RES%202005%202151-2200/00002156.tif HTTP/1.1" 200 245850
181.61.164.108 - - [13/Apr/2022:15:32:38 -0500] "GET /BLA/resoluciones/RESOLUCIONES%202005/RES%202005%202151-2200/00002157.tif HTTP/1.1" 200 121604
181.61.164.108 - - [13/Apr/2022:15:32:41 -0500] "GET /BLA/resoluciones/RESOLUCIONES%202005/RES%202005%202151-2200/00002158.tif HTTP/1.1" 200 702462
181.61.164.108 - - [13/Apr/2022:15:32:42 -0500] "GET /BLA/resoluciones/RESOLUCIONES%202005/RES%202005%202151-2200/00002159.tif HTTP/1.1" 200 254882
191.95.134.236 - - [13/Apr/2022:15:32:43 -0500] "POST /forms/lservlet;jsessionid=ac16012b30d6b2314493e3004dd0aed99ad2b8f580aa.e3iSbxaKaheRe3iOaNeTahmObO1ynknvrkLOlQzNp65In0 HTTP/1.1" 200 2
181.61.164.108 - - [13/Apr/2022:15:32:43 -0500] "GET /BLA/resoluciones/RESOLUCIONES%202005/RES%202005%202151-2200/00002160.tif HTTP/1.1" 200 230664
181.61.164.108 - - [13/Apr/2022:15:32:44 -0500] "GET /BLA/resoluciones/RESOLUCIONES%202005/RES%202005%202151-2200/00002161.tif HTTP/1.1" 200 44272
181.61.164.108 - - [13/Apr/2022:15:32:46 -0500] "GET /BLA/resoluciones/RESOLUCIONES%202005/RES%202005%202151-2200/00002162.tif HTTP/1.1" 200 61716
181.61.164.108 - - [13/Apr/2022:15:32:47 -0500] "GET /BLA/resoluciones/RESOLUCIONES%202005/RES%202005%202151-2200/00002163.tif HTTP/1.1" 200 38684
181.61.164.108 - - [13/Apr/2022:15:32:48 -0500] "GET /BLA/resoluciones/RESOLUCIONES%202005/RES%202005%202151-2200/00002164.tif HTTP/1.1" 200 38196
181.61.164.108 - - [13/Apr/2022:15:32:49 -0500] "GET /BLA/resoluciones/RESOLUCIONES%202005/RES%202005%202151-2200/00002165.tif HTTP/1.1" 200 124002
181.61.164.108 - - [13/Apr/2022:15:32:50 -0500] "GET /BLA/resoluciones/RESOLUCIONES%202005/RES%202005%202151-2200/00002169.tif HTTP/1.1" 200 60902
181.61.164.108 - - [13/Apr/2022:15:32:51 -0500] "GET /BLA/resoluciones/RESOLUCIONES%202005/RES%202005%202151-2200/00002170.tif HTTP/1.1" 200 121426
181.61.164.108 - - [13/Apr/2022:15:32:52 -0500] "GET /BLA/resoluciones/RESOLUCIONES%202005/RES%202005%202151-2200/00002171.tif HTTP/1.1" 200 117094
181.61.164.108 - - [13/Apr/2022:15:32:54 -0500] "GET /BLA/resoluciones/RESOLUCIONES%202005/RES%202005%202151-2200/00002172.tif HTTP/1.1" 200 1363618
181.61.164.108 - - [13/Apr/2022:15:32:55 -0500] "GET /BLA/resoluciones/RESOLUCIONES%202005/RES%202005%202151-2200/00002173.tif HTTP/1.1" 200 207258
181.61.164.108 - - [13/Apr/2022:15:32:56 -0500] "GET /BLA/resoluciones/RESOLUCIONES%202005/RES%202005%202151-2200/00002174.tif HTTP/1.1" 200 205754
181.61.164.108 - - [13/Apr/2022:15:32:57 -0500] "GET /BLA/resoluciones/RESOLUCIONES%202005/RES%202005%202151-2200/00002175.tif HTTP/1.1" 200 422960
181.61.164.108 - - [13/Apr/2022:15:32:58 -0500] "GET /BLA/resoluciones/RESOLUCIONES%202005/RES%202005%202151-2200/00002176.tif HTTP/1.1" 200 172338
181.61.164.108 - - [13/Apr/2022:15:32:59 -0500] "GET /BLA/resoluciones/RESOLUCIONES%202005/RES%202005%202151-2200/00002177.tif HTTP/1.1" 200 240406
181.61.164.108 - - [13/Apr/2022:15:33:00 -0500] "GET /BLA/resoluciones/RESOLUCIONES%202005/RES%202005%202151-2200/00002178.tif HTTP/1.1" 200 225488
181.61.164.108 - - [13/Apr/2022:15:33:02 -0500] "GET /BLA/resoluciones/dlf/i.php?f=RESOLUCIONES+2005%2FRES+2005+2151-2200%2FWSG-TriSorter.gif HTTP/1.1" 404 1402
181.61.164.108 - - [13/Apr/2022:15:33:04 -0500] "GET /BLA/resoluciones/RESOLUCIONES%202005/RES%202005%202151-2200/00002179.tif HTTP/1.1" 200 426104
181.61.164.108 - - [13/Apr/2022:15:33:05 -0500] "GET /BLA/resoluciones/RESOLUCIONES%202005/RES%202005%202151-2200/00002180.tif HTTP/1.1" 200 202678
181.61.164.108 - - [13/Apr/2022:15:33:11 -0500] "GET /BLA/resoluciones/RESOLUCIONES%202005/RES%202005%202151-2200/00002181.tif HTTP/1.1" 200 84678
181.61.164.108 - - [13/Apr/2022:15:33:12 -0500] "GET /BLA/resoluciones/RESOLUCIONES%202005/RES%202005%202151-2200/00002182.tif HTTP/1.1" 200 90684
181.61.164.108 - - [13/Apr/2022:15:33:13 -0500] "GET /BLA/resoluciones/RESOLUCIONES%202005/RES%202005%202151-2200/00002183.tif HTTP/1.1" 200 210954
181.61.164.108 - - [13/Apr/2022:15:33:14 -0500] "GET /BLA/resoluciones/RESOLUCIONES%202005/RES%202005%202151-2200/00002184.tif HTTP/1.1" 200 581624
181.61.164.108 - - [13/Apr/2022:15:33:15 -0500] "GET /BLA/resoluciones/RESOLUCIONES%202005/RES%202005%202151-2200/00002185.tif HTTP/1.1" 200 171238
181.61.164.108 - - [13/Apr/2022:15:33:17 -0500] "GET /BLA/resoluciones/RESOLUCIONES%202005/RES%202005%202151-2200/00002186.tif HTTP/1.1" 200 283756
181.61.164.108 - - [13/Apr/2022:15:33:18 -0500] "GET /BLA/resoluciones/RESOLUCIONES%202005/RES%202005%202151-2200/00002187.tif HTTP/1.1" 200 365680
181.61.164.108 - - [13/Apr/2022:15:33:19 -0500] "GET /BLA/resoluciones/RESOLUCIONES%202005/RES%202005%202151-2200/00002188.tif HTTP/1.1" 200 200204
181.61.164.108 - - [13/Apr/2022:15:33:19 -0500] "GET /BLA/resoluciones/RESOLUCIONES%202005/RES%202005%202151-2200/00002189.tif HTTP/1.1" 200 112462
181.61.164.108 - - [13/Apr/2022:15:33:20 -0500] "GET /BLA/resoluciones/RESOLUCIONES%202005/RES%202005%202151-2200/00002190.tif HTTP/1.1" 200 117778
181.61.164.108 - - [13/Apr/2022:15:33:21 -0500] "GET /BLA/resoluciones/RESOLUCIONES%202005/RES%202005%202151-2200/00002191.tif HTTP/1.1" 200 114506
181.61.164.108 - - [13/Apr/2022:15:33:23 -0500] "GET /BLA/resoluciones/RESOLUCIONES%202005/RES%202005%202151-2200/00002192.tif HTTP/1.1" 200 114276
181.61.164.108 - - [13/Apr/2022:15:33:23 -0500] "GET /BLA/resoluciones/RESOLUCIONES%202005/RES%202005%202151-2200/00002193.tif HTTP/1.1" 200 113210
181.61.164.108 - - [13/Apr/2022:15:33:25 -0500] "GET /BLA/resoluciones/RESOLUCIONES%202005/RES%202005%202151-2200/00002194.tif HTTP/1.1" 200 146312
181.61.164.108 - - [13/Apr/2022:15:33:26 -0500] "GET /BLA/resoluciones/RESOLUCIONES%202005/RES%202005%202151-2200/00002195.tif HTTP/1.1" 200 206518
201.245.192.253 - - [13/Apr/2022:15:32:38 -0500] "POST /kwsrmcab/Wsrmcab HTTP/1.1" 200 44852
181.61.164.108 - - [13/Apr/2022:15:33:27 -0500] "GET /BLA/resoluciones/RESOLUCIONES%202005/RES%202005%202151-2200/00002196.tif HTTP/1.1" 200 295494
181.61.164.108 - - [13/Apr/2022:15:33:28 -0500] "GET /BLA/resoluciones/RESOLUCIONES%202005/RES%202005%202151-2200/00002197.tif HTTP/1.1" 200 155988
181.61.164.108 - - [13/Apr/2022:15:33:29 -0500] "GET /BLA/resoluciones/RESOLUCIONES%202005/RES%202005%202151-2200/00002198.tif HTTP/1.1" 200 197548
181.61.164.108 - - [13/Apr/2022:15:33:30 -0500] "GET /BLA/resoluciones/RESOLUCIONES%202005/RES%202005%202151-2200/00002199.tif HTTP/1.1" 200 150644
181.61.164.108 - - [13/Apr/2022:15:33:31 -0500] "GET /BLA/resoluciones/RESOLUCIONES%202005/RES%202005%202151-2200/00002200.tif HTTP/1.1" 200 142496
172.22.2.4 - - [13/Apr/2022:15:31:54 -0500] "HEAD /BLA/boletinlegal/ HTTP/1.1" 200 -
181.61.164.108 - - [13/Apr/2022:15:33:40 -0500] "GET /BLA/resoluciones/index.php?dir=RESOLUCIONES+2005%2FRES+2005+2201-2250%2F HTTP/1.1" 200 12363
181.61.164.108 - - [13/Apr/2022:15:33:42 -0500] "GET /BLA/resoluciones/RESOLUCIONES%202005/RES%202005%202201-2250/00002201.tif HTTP/1.1" 200 149690
181.61.164.108 - - [13/Apr/2022:15:33:43 -0500] "GET /BLA/resoluciones/RESOLUCIONES%202005/RES%202005%202201-2250/00002202.tif HTTP/1.1" 200 138230
181.61.164.108 - - [13/Apr/2022:15:33:45 -0500] "GET /BLA/resoluciones/RESOLUCIONES%202005/RES%202005%202201-2250/00002203.tif HTTP/1.1" 200 132316
181.61.164.108 - - [13/Apr/2022:15:33:46 -0500] "GET /BLA/resoluciones/RESOLUCIONES%202005/RES%202005%202201-2250/00002204.tif HTTP/1.1" 200 141026
181.61.164.108 - - [13/Apr/2022:15:33:47 -0500] "GET /BLA/resoluciones/RESOLUCIONES%202005/RES%202005%202201-2250/00002205.tif HTTP/1.1" 200 114036
181.61.164.108 - - [13/Apr/2022:15:33:49 -0500] "GET /BLA/resoluciones/RESOLUCIONES%202005/RES%202005%202201-2250/00002206.tif HTTP/1.1" 200 115602
181.61.164.108 - - [13/Apr/2022:15:33:50 -0500] "GET /BLA/resoluciones/RESOLUCIONES%202005/RES%202005%202201-2250/00002207.tif HTTP/1.1" 200 117272
181.61.164.108 - - [13/Apr/2022:15:33:51 -0500] "GET /BLA/resoluciones/RESOLUCIONES%202005/RES%202005%202201-2250/00002208.tif HTTP/1.1" 200 116562
181.61.164.108 - - [13/Apr/2022:15:33:52 -0500] "GET /BLA/resoluciones/RESOLUCIONES%202005/RES%202005%202201-2250/00002209.tif HTTP/1.1" 200 207776
181.61.164.108 - - [13/Apr/2022:15:33:53 -0500] "GET /BLA/resoluciones/RESOLUCIONES%202005/RES%202005%202201-2250/00002210.tif HTTP/1.1" 200 116350
181.61.164.108 - - [13/Apr/2022:15:33:54 -0500] "GET /BLA/resoluciones/RESOLUCIONES%202005/RES%202005%202201-2250/00002211.tif HTTP/1.1" 200 134056
181.61.164.108 - - [13/Apr/2022:15:33:55 -0500] "GET /BLA/resoluciones/RESOLUCIONES%202005/RES%202005%202201-2250/00002212.tif HTTP/1.1" 200 195706
181.61.164.108 - - [13/Apr/2022:15:33:55 -0500] "GET /BLA/resoluciones/RESOLUCIONES%202005/RES%202005%202201-2250/00002213.tif HTTP/1.1" 200 168322
181.61.164.108 - - [13/Apr/2022:15:33:56 -0500] "GET /BLA/resoluciones/RESOLUCIONES%202005/RES%202005%202201-2250/00002214.tif HTTP/1.1" 200 194460
181.61.164.108 - - [13/Apr/2022:15:33:57 -0500] "GET /BLA/resoluciones/RESOLUCIONES%202005/RES%202005%202201-2250/00002215.tif HTTP/1.1" 200 205834
181.61.164.108 - - [13/Apr/2022:15:33:58 -0500] "GET /BLA/resoluciones/RESOLUCIONES%202005/RES%202005%202201-2250/00002216.tif HTTP/1.1" 200 195532
181.61.164.108 - - [13/Apr/2022:15:34:00 -0500] "GET /BLA/resoluciones/RESOLUCIONES%202005/RES%202005%202201-2250/00002217.tif HTTP/1.1" 200 119914
181.61.164.108 - - [13/Apr/2022:15:34:01 -0500] "GET /BLA/resoluciones/RESOLUCIONES%202005/RES%202005%202201-2250/00002218.tif HTTP/1.1" 200 116596
181.61.164.108 - - [13/Apr/2022:15:34:03 -0500] "GET /BLA/resoluciones/RESOLUCIONES%202005/RES%202005%202201-2250/00002219.tif HTTP/1.1" 200 114560
181.61.164.108 - - [13/Apr/2022:15:34:04 -0500] "GET /BLA/resoluciones/RESOLUCIONES%202005/RES%202005%202201-2250/00002220.tif HTTP/1.1" 200 90176
181.61.164.108 - - [13/Apr/2022:15:34:04 -0500] "GET /BLA/resoluciones/RESOLUCIONES%202005/RES%202005%202201-2250/00002221.tif HTTP/1.1" 200 157100
181.61.164.108 - - [13/Apr/2022:15:34:06 -0500] "GET /BLA/resoluciones/RESOLUCIONES%202005/RES%202005%202201-2250/00002222.tif HTTP/1.1" 200 198084
181.61.164.108 - - [13/Apr/2022:15:34:06 -0500] "GET /BLA/resoluciones/RESOLUCIONES%202005/RES%202005%202201-2250/00002223.tif HTTP/1.1" 200 155854
181.61.164.108 - - [13/Apr/2022:15:34:07 -0500] "GET /BLA/resoluciones/RESOLUCIONES%202005/RES%202005%202201-2250/00002224.tif HTTP/1.1" 200 88962
181.61.164.108 - - [13/Apr/2022:15:34:09 -0500] "GET /BLA/resoluciones/RESOLUCIONES%202005/RES%202005%202201-2250/00002225.tif HTTP/1.1" 200 95358
201.245.192.253 - - [13/Apr/2022:15:33:28 -0500] "POST /kwsrmcab/Wsrmcab HTTP/1.1" 200 45783
181.61.164.108 - - [13/Apr/2022:15:34:19 -0500] "GET /BLA/resoluciones/RESOLUCIONES%202005/RES%202005%202201-2250/00002226.tif HTTP/1.1" 200 91726
181.61.164.108 - - [13/Apr/2022:15:34:21 -0500] "GET /BLA/resoluciones/RESOLUCIONES%202005/RES%202005%202201-2250/00002227.tif HTTP/1.1" 200 227966
181.61.164.108 - - [13/Apr/2022:15:34:22 -0500] "GET /BLA/resoluciones/RESOLUCIONES%202005/RES%202005%202201-2250/00002228.tif HTTP/1.1" 200 148062
181.61.164.108 - - [13/Apr/2022:15:34:23 -0500] "GET /BLA/resoluciones/RESOLUCIONES%202005/RES%202005%202201-2250/00002229.tif HTTP/1.1" 200 183656
181.61.164.108 - - [13/Apr/2022:15:34:25 -0500] "GET /BLA/resoluciones/RESOLUCIONES%202005/RES%202005%202201-2250/00002230.tif HTTP/1.1" 200 147212
172.22.2.4 - - [13/Apr/2022:15:32:45 -0500] "GET /BLA/boletinlegal/ HTTP/1.1" 200 53739
181.61.164.108 - - [13/Apr/2022:15:34:26 -0500] "GET /BLA/resoluciones/RESOLUCIONES%202005/RES%202005%202201-2250/00002231.tif HTTP/1.1" 200 151518
181.61.164.108 - - [13/Apr/2022:15:34:27 -0500] "GET /BLA/resoluciones/RESOLUCIONES%202005/RES%202005%202201-2250/00002232.tif HTTP/1.1" 200 160250
181.61.164.108 - - [13/Apr/2022:15:34:27 -0500] "GET /BLA/resoluciones/RESOLUCIONES%202005/RES%202005%202201-2250/00002233.tif HTTP/1.1" 200 166054
181.61.164.108 - - [13/Apr/2022:15:34:28 -0500] "GET /BLA/resoluciones/RESOLUCIONES%202005/RES%202005%202201-2250/00002234.tif HTTP/1.1" 200 114038
186.102.47.35 - - [13/Apr/2022:15:34:29 -0500] "GET /kwssiamovil/sm/ldap/au?x=U2FsdGVkX1+sfN1JkYpxzMWU2WtWKO4Kn+Ks9lDe8LSVsIN09jFPBu33F8DpQiqH&y=U2FsdGVkX1+hX7S4c1U1rDkuBEKly/JyKvixutHBxX+gyp1RTngu8PhrxQFXxvnx HTTP/1.1" 200 31
181.61.164.108 - - [13/Apr/2022:15:34:29 -0500] "GET /BLA/resoluciones/RESOLUCIONES%202005/RES%202005%202201-2250/00002235.tif HTTP/1.1" 200 178618
181.61.164.108 - - [13/Apr/2022:15:34:30 -0500] "GET /BLA/resoluciones/RESOLUCIONES%202005/RES%202005%202201-2250/00002236.tif HTTP/1.1" 200 169816
181.61.164.108 - - [13/Apr/2022:15:34:31 -0500] "GET /BLA/resoluciones/RESOLUCIONES%202005/RES%202005%202201-2250/00002237.tif HTTP/1.1" 200 129078
181.61.164.108 - - [13/Apr/2022:15:34:32 -0500] "GET /BLA/resoluciones/RESOLUCIONES%202005/RES%202005%202201-2250/00002238.tif HTTP/1.1" 200 182788
181.61.164.108 - - [13/Apr/2022:15:34:32 -0500] "GET /BLA/resoluciones/RESOLUCIONES%202005/RES%202005%202201-2250/00002239.tif HTTP/1.1" 200 154646
181.61.164.108 - - [13/Apr/2022:15:34:33 -0500] "GET /BLA/resoluciones/RESOLUCIONES%202005/RES%202005%202201-2250/00002240.tif HTTP/1.1" 200 136556
181.61.164.108 - - [13/Apr/2022:15:34:34 -0500] "GET /BLA/resoluciones/RESOLUCIONES%202005/RES%202005%202201-2250/00002241.tif HTTP/1.1" 200 132904
181.61.164.108 - - [13/Apr/2022:15:34:35 -0500] "GET /BLA/resoluciones/RESOLUCIONES%202005/RES%202005%202201-2250/00002242.tif HTTP/1.1" 200 97794
181.61.164.108 - - [13/Apr/2022:15:34:36 -0500] "GET /BLA/resoluciones/RESOLUCIONES%202005/RES%202005%202201-2250/00002243.tif HTTP/1.1" 200 289136
181.61.164.108 - - [13/Apr/2022:15:34:37 -0500] "GET /BLA/resoluciones/RESOLUCIONES%202005/RES%202005%202201-2250/00002244.tif HTTP/1.1" 200 287970
181.61.164.108 - - [13/Apr/2022:15:34:39 -0500] "GET /BLA/resoluciones/RESOLUCIONES%202005/RES%202005%202201-2250/00002245.tif HTTP/1.1" 200 121654
186.102.47.35 - - [13/Apr/2022:15:34:39 -0500] "GET /kwssiamovil/sm/ldap/au?x=U2FsdGVkX1+wLquLA7Y2U47OPZSF+INWG3hrd49W8doWilp0wE57lEAdnk3Q1k6g&y=U2FsdGVkX1+U6wawH7jNA4h7Xm93hpJyfUHg6tyvLCs+6W9W8i3D1K3MjjHprl2k HTTP/1.1" 200 30
186.102.47.35 - - [13/Apr/2022:15:34:39 -0500] "GET /kwssiamovil/sm/acme/s?s=U2FsdGVkX18saiyq09l6pXFcPGz+s+xX4GYgynJqb5GwybtlQe8YFL7yj2RL9odkdX6qS9Cwu1BcZHtqLbFxSQeoo1cYTkpGETBmW6nzXig=&u=U2FsdGVkX18oQgO3AvSPMMUYXmdDtW4ur/5w4l7Vzpg=&y=U2FsdGVkX1+U6wawH7jNA4h7Xm93hpJyfUHg6tyvLCs+6W9W8i3D1K3MjjHprl2k HTTP/1.1" 200 97
186.102.47.35 - - [13/Apr/2022:15:34:40 -0500] "GET /kwssiamovil/sm/acme/s?s=U2FsdGVkX18EFulhCz26uL2nVJrMqftH9+b+GKSGKVebx1sBCZQenRkDIkHZD6myBPckaUxJ2RjtqpCPwOOOPa949YBnVen0l5EZy+puJuXENT4+/mw2rA5JB1S3g4HIetN8nOlPah2thiD+FMV27Z4FyrMmh8JIfLrg4EyQc582mO3OgCJYp7iQHcnhR0tjaT7zJEzIoR0p9wQF67vZfeUf50Uh7eHSN/MeBME51yU5G/CYrJxizVM0EhTINOH2guzP8sPTFd+kMtH5y10BCY9nT54i9vyFfSk2utJq//3AePxMY4QmbqnO5p/vokv4q5ZsNDk3r1eC6S8nRINSNJ5ixJB+dhuTHMbJGBqcL0cn4kncJaDgXCJj8syyRhDl9ddVEzpzDKyiax9MR2w16FY+6Smx5BOEhzR4BbqGo6u8ySp3Qe+1zFuW4cNhFMGrKrtEenUbWSQiw1FYcEAY0dhACRnZ1pXrw5EawIEiDDoCHMlYIkiq+d6gklVNdOnTeBgV/ZG8udfS4HtyR104tXknTcmgKdsCX9uAtU4L7+CktaboYVMDwXxcdUcm8dqR2CeQLnUGcFBYLGlaySACC2HJkXBi008VHtm2a0M2StwwyyAgAeRIim/AYQbOwwyIPVuZucomBGisDnggza1Dv9PokpKMANvXpvZKnZLQk7xXVBjKUuiZBj1Tmrt973DPEnYkRtKVHh0dxIcvmCt174Nw3q/pUvq54IrYuSbwGuSfh3DJqx9GJCLMeM4p2K8a2ZB8KTcxhuCgJCk4vTGFx5vtZNrnDEPsfoy47erhht4iIgurgJ/XX3NB7NzHZwlUC9zKA8UcmidpMTeG/zRDaF8JI9/PWJe3NFMihcssTjTL5CIkplVljkAVJMPn0aQccLeOHQ1UI13AFzuhUGewZ9AwYMhFN/PZsv6KxTmcOWfwDnpmzR0h+Rc+1IEgmAxgX6SgWs1HYX7+lMznVdlWFqt3c+7AeBnK+QRLmghuBKjAUQo2ByJqc8jgQuY+9PbsmVS+Roe3Dv43saD6dLcFoTWWn6uJZSB+8sMTrnP41oPqfxBIMfhyZGokiJ4vxZaxuReAY/SdYoI+BTGXZ210++B3fIYrTbfZ6Zk2O+ggUH8=&u=U2FsdGVkX18oQgO3AvSPMMUYXmdDtW4ur/5w4l7Vzpg=&y=U2FsdGVkX1+U6wawH7jNA4h7Xm93hpJyfUHg6tyvLCs+6W9W8i3D1K3MjjHprl2k HTTP/1.1" 200 72
186.102.47.35 - - [13/Apr/2022:15:34:40 -0500] "GET /kwssiamovil/sm/acme/s?s=U2FsdGVkX18+F/8Kha9Pf0bRJtmrsD95gjiaJ3niDT0AcxtgbQFY2QVRTjtvyvPfkLljQVcPF4aA+VTTuwCIIHX1sYHk/wqhC1OmD/6lR16YDZD5Xszwz4CzbBRfNzTzYcV8cYNB8QMgWAx71sUsJ6KFduEs/o3gtsVuOS4y1u1pKU9FxkYl0kEa8KFQiRT3W+NPgRIVPPBZqn8ymTWnKDrVonS7zdcgwFZ+hsusq1oPIH3F5z6DbbshMQm+9SghMLKgDsAoMUp+TxArRoh2i8h0RG961R9kZ2dNHLTqiOK9a1+3zDK7bwPRq2tOSCiQ/6fwB+erZyy6OYxkvEZu5Q==&u=U2FsdGVkX18oQgO3AvSPMMUYXmdDtW4ur/5w4l7Vzpg=&y=U2FsdGVkX1+U6wawH7jNA4h7Xm93hpJyfUHg6tyvLCs+6W9W8i3D1K3MjjHprl2k HTTP/1.1" 200 72
181.61.164.108 - - [13/Apr/2022:15:34:40 -0500] "GET /BLA/resoluciones/RESOLUCIONES%202005/RES%202005%202201-2250/00002246.tif HTTP/1.1" 200 137916
181.61.164.108 - - [13/Apr/2022:15:34:41 -0500] "GET /BLA/resoluciones/RESOLUCIONES%202005/RES%202005%202201-2250/00002247.tif HTTP/1.1" 200 126070
181.61.164.108 - - [13/Apr/2022:15:34:42 -0500] "GET /BLA/resoluciones/RESOLUCIONES%202005/RES%202005%202201-2250/00002248.tif HTTP/1.1" 200 137824
181.61.164.108 - - [13/Apr/2022:15:34:44 -0500] "GET /BLA/resoluciones/RESOLUCIONES%202005/RES%202005%202201-2250/00002249.tif HTTP/1.1" 200 69186
181.61.164.108 - - [13/Apr/2022:15:34:45 -0500] "GET /BLA/resoluciones/RESOLUCIONES%202005/RES%202005%202201-2250/00002250.tif HTTP/1.1" 200 69540
181.61.164.108 - - [13/Apr/2022:15:35:03 -0500] "GET /BLA/resoluciones/index.php?dir=RESOLUCIONES+2005%2FRES+2005+2251-2300%2F HTTP/1.1" 200 12353
181.61.164.108 - - [13/Apr/2022:15:35:11 -0500] "GET /BLA/resoluciones/RESOLUCIONES%202005/RES%202005%202251-2300/00002251.tif HTTP/1.1" 200 86148
181.61.164.108 - - [13/Apr/2022:15:35:12 -0500] "GET /BLA/resoluciones/RESOLUCIONES%202005/RES%202005%202251-2300/00002252.tif HTTP/1.1" 200 86934
181.61.164.108 - - [13/Apr/2022:15:35:13 -0500] "GET /BLA/resoluciones/RESOLUCIONES%202005/RES%202005%202251-2300/00002253.tif HTTP/1.1" 200 86784
181.61.164.108 - - [13/Apr/2022:15:35:14 -0500] "GET /BLA/resoluciones/RESOLUCIONES%202005/RES%202005%202251-2300/00002254.tif HTTP/1.1" 200 86558
181.61.164.108 - - [13/Apr/2022:15:35:16 -0500] "GET /BLA/resoluciones/RESOLUCIONES%202005/RES%202005%202251-2300/00002255.tif HTTP/1.1" 200 86794
181.61.164.108 - - [13/Apr/2022:15:35:17 -0500] "GET /BLA/resoluciones/RESOLUCIONES%202005/RES%202005%202251-2300/00002256.tif HTTP/1.1" 200 59762
181.61.164.108 - - [13/Apr/2022:15:35:18 -0500] "GET /BLA/resoluciones/RESOLUCIONES%202005/RES%202005%202251-2300/00002257.tif HTTP/1.1" 200 123978
167.0.36.3 - - [13/Apr/2022:15:35:18 -0500] "GET /BLA/resoluciones/index.php?dir=RESOLUCIONES+2014%2F HTTP/1.1" 200 331298
181.61.164.108 - - [13/Apr/2022:15:35:19 -0500] "GET /BLA/resoluciones/RESOLUCIONES%202005/RES%202005%202251-2300/00002258.tif HTTP/1.1" 200 123588
181.61.164.108 - - [13/Apr/2022:15:35:21 -0500] "GET /BLA/resoluciones/RESOLUCIONES%202005/RES%202005%202251-2300/00002259.tif HTTP/1.1" 200 295742
181.61.164.108 - - [13/Apr/2022:15:35:22 -0500] "GET /BLA/resoluciones/RESOLUCIONES%202005/RES%202005%202251-2300/00002260.tif HTTP/1.1" 200 396770
181.61.164.108 - - [13/Apr/2022:15:35:23 -0500] "GET /BLA/resoluciones/RESOLUCIONES%202005/RES%202005%202251-2300/00002261.tif HTTP/1.1" 200 58776
181.61.164.108 - - [13/Apr/2022:15:35:24 -0500] "GET /BLA/resoluciones/RESOLUCIONES%202005/RES%202005%202251-2300/00002262.tif HTTP/1.1" 200 66006
190.255.155.73 - - [13/Apr/2022:15:35:24 -0500] "GET /forest/ HTTP/1.1" 200 12041
181.61.164.108 - - [13/Apr/2022:15:35:25 -0500] "GET /BLA/resoluciones/RESOLUCIONES%202005/RES%202005%202251-2300/00002263.tif HTTP/1.1" 200 57214
181.61.164.108 - - [13/Apr/2022:15:35:27 -0500] "GET /BLA/resoluciones/RESOLUCIONES%202005/RES%202005%202251-2300/00002264.tif HTTP/1.1" 200 140510
181.61.164.108 - - [13/Apr/2022:15:35:28 -0500] "GET /BLA/resoluciones/RESOLUCIONES%202005/RES%202005%202251-2300/00002265.tif HTTP/1.1" 200 122232
181.61.164.108 - - [13/Apr/2022:15:35:29 -0500] "GET /BLA/resoluciones/RESOLUCIONES%202005/RES%202005%202251-2300/00002266.tif HTTP/1.1" 200 40136
181.61.164.108 - - [13/Apr/2022:15:35:30 -0500] "GET /BLA/resoluciones/RESOLUCIONES%202005/RES%202005%202251-2300/00002267.tif HTTP/1.1" 200 56880
181.61.164.108 - - [13/Apr/2022:15:35:31 -0500] "GET /BLA/resoluciones/RESOLUCIONES%202005/RES%202005%202251-2300/00002268.tif HTTP/1.1" 200 34368
181.61.164.108 - - [13/Apr/2022:15:35:32 -0500] "GET /BLA/resoluciones/RESOLUCIONES%202005/RES%202005%202251-2300/00002269.tif HTTP/1.1" 200 34668
181.61.164.108 - - [13/Apr/2022:15:35:34 -0500] "GET /BLA/resoluciones/RESOLUCIONES%202005/RES%202005%202251-2300/00002270.tif HTTP/1.1" 200 35606
172.22.2.4 - - [13/Apr/2022:15:35:11 -0500] "GET /BLA/boletinlegal/ HTTP/1.1" 200 20427
181.61.164.108 - - [13/Apr/2022:15:35:34 -0500] "GET /BLA/resoluciones/RESOLUCIONES%202005/RES%202005%202251-2300/00002271.tif HTTP/1.1" 200 36156
181.61.164.108 - - [13/Apr/2022:15:35:36 -0500] "GET /BLA/resoluciones/RESOLUCIONES%202005/RES%202005%202251-2300/00002272.tif HTTP/1.1" 200 105776
181.61.164.108 - - [13/Apr/2022:15:35:37 -0500] "GET /BLA/resoluciones/RESOLUCIONES%202005/RES%202005%202251-2300/00002273.tif HTTP/1.1" 200 107642
181.61.164.108 - - [13/Apr/2022:15:35:39 -0500] "GET /BLA/resoluciones/RESOLUCIONES%202005/RES%202005%202251-2300/00002274.tif HTTP/1.1" 200 137940
181.61.164.108 - - [13/Apr/2022:15:35:40 -0500] "GET /BLA/resoluciones/RESOLUCIONES%202005/RES%202005%202251-2300/00002275.tif HTTP/1.1" 200 118528
181.61.164.108 - - [13/Apr/2022:15:35:43 -0500] "GET /BLA/resoluciones/RESOLUCIONES%202005/RES%202005%202251-2300/00002276.tif HTTP/1.1" 200 108720
181.61.164.108 - - [13/Apr/2022:15:35:45 -0500] "GET /BLA/resoluciones/RESOLUCIONES%202005/RES%202005%202251-2300/00002277.tif HTTP/1.1" 200 323826
190.255.155.73 - - [13/Apr/2022:15:35:46 -0500] "POST /forest/index.php HTTP/1.1" 200 12268
181.61.164.108 - - [13/Apr/2022:15:35:46 -0500] "GET /BLA/resoluciones/RESOLUCIONES%202005/RES%202005%202251-2300/00002278.tif HTTP/1.1" 200 578718
181.61.164.108 - - [13/Apr/2022:15:35:47 -0500] "GET /BLA/resoluciones/RESOLUCIONES%202005/RES%202005%202251-2300/00002279.tif HTTP/1.1" 200 155192
181.61.164.108 - - [13/Apr/2022:15:35:48 -0500] "GET /BLA/resoluciones/RESOLUCIONES%202005/RES%202005%202251-2300/00002280.tif HTTP/1.1" 200 132972
181.61.164.108 - - [13/Apr/2022:15:35:50 -0500] "GET /BLA/resoluciones/RESOLUCIONES%202005/RES%202005%202251-2300/00002281.tif HTTP/1.1" 200 82360
181.61.164.108 - - [13/Apr/2022:15:35:51 -0500] "GET /BLA/resoluciones/RESOLUCIONES%202005/RES%202005%202251-2300/00002282.tif HTTP/1.1" 200 169606
