191.95.134.236 - - [13/Apr/2022:16:42:48 -0500] "POST /forms/lservlet;jsessionid=ac16012b30d67a44bb81c8c84fbfb3fefa868ee56a9b.e3iSbxaKaheRe3iOaNeTahmObO1ynknvrkLOlQzNp65In0 HTTP/1.1" 200 14
186.102.26.134 - - [13/Apr/2022:16:42:49 -0500] "GET /kwssiamovil/sm/acme/a?s=U2FsdGVkX18KDZt/6rHRe8jmZu1CiKdsAp3EbgRKv9csFmgxwJYbKTIWhvGhsCvuYStBPXozo1FHQp+USqIkor09wtf08qcbFWP0V3N8Ot+A8YNbqVOHU9ZKghdYVosuUKmWi9+oPoPR1ScWznz871sHwHaj2zMEo1eGIxTHqynf+CPIUr22vLT/LlcdbX+luVfcBCQypfCRUGC0g0qrAAFmfVKBfHpJ9bawSsd0pwY=&u=U2FsdGVkX19KB5KlEgRr9bZZRCvXk2VzNwh9LCmclSMLV9lmGdPayBipJ2ZxSR5G&y=U2FsdGVkX18EKd6EQBwY5ZdSxYMX6q0blYMVOyFRTFosmE2HkHpA9zzyRKYSSBaj HTTP/1.1" 200 25
186.102.26.134 - - [13/Apr/2022:16:42:50 -0500] "GET /kwssiamovil/sm/acme/a?s=U2FsdGVkX1/lAJWqdIG5p2hW+2RAWCD4ub58b474HwCnjHTtVE6grAJeHKXjR9fMSD6gD3icw2F7NS2kZZMskOVpvdovCcfHDCjnwCWQzEOricrEyU6saRm0/k/I2MUfWT0JCRwRbYZ8bl69t3l0YXSDEBcEawHsV2yt8/kxqWuspOBP3bmOMFXiTmzbKemw9sjD5X2S6Ay/8d7Yj0qv3Q==&u=U2FsdGVkX19KB5KlEgRr9bZZRCvXk2VzNwh9LCmclSMLV9lmGdPayBipJ2ZxSR5G&y=U2FsdGVkX18EKd6EQBwY5ZdSxYMX6q0blYMVOyFRTFosmE2HkHpA9zzyRKYSSBaj HTTP/1.1" 200 25
186.102.26.134 - - [13/Apr/2022:16:42:50 -0500] "GET /kwssiamovil/sm/acme/a?s=U2FsdGVkX1+q09T+5gvLDKhpCabIVnH6sU3iq7C8ukpCPEvw4dic2XOMqaiBTDvLmB5KPZ+WX/7G+FFmo98W0pD8pEth+JX5NvjIkb7M8yLrj4W0jkA8WDb2tPJ5Em8YPiYqxGxGYnpLQ3vhrtv6YlXjPyYG1ZcH+3lCTykLJyuG3FnQLAC/kqsoQ6lD+5LHB5ZsgGdJH3nlbIUjOvigi75aDgGSRnHrwIdSwITaKrI=&u=U2FsdGVkX19KB5KlEgRr9bZZRCvXk2VzNwh9LCmclSMLV9lmGdPayBipJ2ZxSR5G&y=U2FsdGVkX18EKd6EQBwY5ZdSxYMX6q0blYMVOyFRTFosmE2HkHpA9zzyRKYSSBaj HTTP/1.1" 200 25
186.102.26.134 - - [13/Apr/2022:16:42:50 -0500] "GET /kwssiamovil/sm/acme/a?s=U2FsdGVkX19TKifhkw5ppkvf9YM+gVA/ocly0Z4ym4fgkooXp7Cxoaxd0k3VIcHon5LDROLnwkFV4BDK/yO5guaSNBN1QSSuFaaHAeASz2nOD6T1Nu/fdqVJfsV/nuQXHjumcPO1jS3dxvGDk9mKDZvLncvqFBtktxVaGh/qPkA0JrO/DkM1nMjZmxqXp2fvT9vqaBaaElXUdz9OKCj+pw==&u=U2FsdGVkX19KB5KlEgRr9bZZRCvXk2VzNwh9LCmclSMLV9lmGdPayBipJ2ZxSR5G&y=U2FsdGVkX18EKd6EQBwY5ZdSxYMX6q0blYMVOyFRTFosmE2HkHpA9zzyRKYSSBaj HTTP/1.1" 200 25
191.95.134.236 - - [13/Apr/2022:16:42:50 -0500] "POST /forms/lservlet;jsessionid=ac16012b30d67a44bb81c8c84fbfb3fefa868ee56a9b.e3iSbxaKaheRe3iOaNeTahmObO1ynknvrkLOlQzNp65In0 HTTP/1.1" 200 112
186.102.26.134 - - [13/Apr/2022:16:42:50 -0500] "GET /kwssiamovil/sm/acme/a?s=U2FsdGVkX1+8QmBY5xyJOdlQb/MiTdn4NK3NuPmMiKod9QZuJ8+mXkPBvwqCfzjALFoGtbZhkYek9OofjGCAF54zhcAWl/8w4mn1U5hy07tu3Pkwg3MVHpIVAO0mUDQazVu4+CfByvtK6/vBXGZCZ5N5GSxH1w7Lj3/AAul2gLx9wb03JLLZbwa1hTHq3LJIE3OULN7W1iTHGZDxr3HYiuzwTy9SL8p7pV03vSXZn5U=&u=U2FsdGVkX19KB5KlEgRr9bZZRCvXk2VzNwh9LCmclSMLV9lmGdPayBipJ2ZxSR5G&y=U2FsdGVkX18EKd6EQBwY5ZdSxYMX6q0blYMVOyFRTFosmE2HkHpA9zzyRKYSSBaj HTTP/1.1" 200 25
186.102.26.134 - - [13/Apr/2022:16:42:51 -0500] "GET /kwssiamovil/sm/acme/a?s=U2FsdGVkX185WPkqV3gBmD8IEr+fXfqKbEnDZfPGH3xf2f94Q1bdvfsOcfDQNBfbrW5C0Fsw24TCWi/WSjCeY+qzjY4UTs8YCrDYMpwinO+zGz3sCj0uNKc7W0/4Oq8R2Vf8vKG6HueuNwG+SGqC/akY5hDnnWyVrEZOt7h1sUp7lg4kQUUnxCmIGI90FagcELsMFB7MlGZoI5B1WO1TfQ==&u=U2FsdGVkX19KB5KlEgRr9bZZRCvXk2VzNwh9LCmclSMLV9lmGdPayBipJ2ZxSR5G&y=U2FsdGVkX18EKd6EQBwY5ZdSxYMX6q0blYMVOyFRTFosmE2HkHpA9zzyRKYSSBaj HTTP/1.1" 200 25
186.102.26.134 - - [13/Apr/2022:16:42:51 -0500] "GET /kwssiamovil/sm/acme/a?s=U2FsdGVkX19rbpMtEypor1qnntGtwMyTssa6zTzYUVvbw0CSqqMnv3OJtk+GwRacM/uuUGs6PekZGihyVFzrBT/HAiRZyerKSq+tLUmOjvPSJvEYXpEjgfIcF4GlDYGJLvuh7+Obu7faSRWJTWQSB9ZBOdT0r1YXBmupCs0vLVwfjG9a8YseULv+leFGJKN9Hfug+P4cDsARCtK+LEcTwQ==&u=U2FsdGVkX19KB5KlEgRr9bZZRCvXk2VzNwh9LCmclSMLV9lmGdPayBipJ2ZxSR5G&y=U2FsdGVkX18EKd6EQBwY5ZdSxYMX6q0blYMVOyFRTFosmE2HkHpA9zzyRKYSSBaj HTTP/1.1" 200 25
191.95.134.236 - - [13/Apr/2022:16:42:51 -0500] "POST /forms/lservlet;jsessionid=ac16012b30d67a44bb81c8c84fbfb3fefa868ee56a9b.e3iSbxaKaheRe3iOaNeTahmObO1ynknvrkLOlQzNp65In0 HTTP/1.1" 200 2
186.102.26.134 - - [13/Apr/2022:16:42:51 -0500] "GET /kwssiamovil/sm/acme/a?s=U2FsdGVkX182VxxfVZ3fkb9kMIh2A8u+0Vk8nCha9kbe5haTf9F9GXbINaT+Bx6cXGScJnFNv0AnqNNx1g1cVNE1POm/cQ0nMRg+4+oqZn7kV4WiVBaVB62H4l/AlHcbq0ry6e4UGInPjxeOLeOH1z+ZtRU/iFNrHDIfT7isU8F8KGlSAtIpzfyRUDFtmReox+IwKQcFMSZJq9Fz+WWrrA==&u=U2FsdGVkX19KB5KlEgRr9bZZRCvXk2VzNwh9LCmclSMLV9lmGdPayBipJ2ZxSR5G&y=U2FsdGVkX18EKd6EQBwY5ZdSxYMX6q0blYMVOyFRTFosmE2HkHpA9zzyRKYSSBaj HTTP/1.1" 200 25
191.95.134.236 - - [13/Apr/2022:16:42:51 -0500] "GET /reports/rwservlet/getjobid74919?server=repnomi HTTP/1.1" 200 48002
186.84.89.2 - - [13/Apr/2022:16:42:57 -0500] "GET /siipev/Diseno%20de%20Elementos%20de%20Mobiliario%20Urbano/Diseno%20pertenecientes%20al%20mobiliario%20urbano%20M10-M160/PARTE%20A/Dise%C3%B1o%20de%20Elementos%20M-10.pdf HTTP/1.1" 200 2286537
186.84.89.2 - - [13/Apr/2022:16:42:57 -0500] "GET /favicon.ico HTTP/1.1" 200 7782
172.22.2.4 - - [13/Apr/2022:16:43:02 -0500] "GET /BLA/boletinlegal/Circulares/2013/Circular%20No.%205%20del%2013%20de%20junio%20de%202013.pdf HTTP/1.1" 200 110904
186.84.89.2 - - [13/Apr/2022:16:43:05 -0500] "GET /siipev/Diseno%20de%20Elementos%20de%20Mobiliario%20Urbano/Diseno%20pertenecientes%20al%20mobiliario%20urbano%20M10-M160/PARTE%20A/Dise%C3%B1o%20de%20Elementos%20M-160.pdf HTTP/1.1" 200 1047174
172.22.2.4 - - [13/Apr/2022:16:43:06 -0500] "GET /BLA/boletinlegal/Circulares/2013/Circular%20No.%204%20del%2005%20de%20junio%20de%202013.pdf HTTP/1.1" 200 130461
172.22.2.4 - - [13/Apr/2022:16:43:11 -0500] "GET /BLA/boletinlegal/Circulares/2013/Circular%20No.%203%20del%2005%20de%20abril%20de%202013.pdf HTTP/1.1" 200 93580
186.84.89.2 - - [13/Apr/2022:16:43:13 -0500] "GET /siipev/Diseno%20de%20Elementos%20de%20Mobiliario%20Urbano/Otros%20Elementos/PARTE%20B/Dise%C3%B1o%20de%20Elementos%20M10.pdf HTTP/1.1" 200 508498
186.84.89.2 - - [13/Apr/2022:16:43:15 -0500] "GET /siipev/Diseno%20de%20Elementos%20de%20Mobiliario%20Urbano/Otros%20Elementos/PARTE%20B/Dise%C3%B1o%20de%20Elementos%20M-160.pdf HTTP/1.1" 200 550991
172.22.2.4 - - [13/Apr/2022:16:43:15 -0500] "GET /BLA/boletinlegal/Circulares/2013/Circular%20No.%202%20del%2022%20de%20enero%20de%202013.pdf HTTP/1.1" 200 85466
172.22.2.4 - - [13/Apr/2022:16:43:20 -0500] "GET /BLA/boletinlegal/Circulares/2013/Circular%20No.%201%20del%2014%20de%20enero%20de%202013.pdf HTTP/1.1" 200 1298384
201.245.192.253 - - [13/Apr/2022:16:42:38 -0500] "POST /kwsrmcab/Wsrmcab HTTP/1.1" 200 45015
172.22.2.4 - - [13/Apr/2022:16:41:54 -0500] "HEAD /BLA/boletinlegal/ HTTP/1.1" 200 -
191.95.134.236 - - [13/Apr/2022:16:43:40 -0500] "POST /forms/lservlet;jsessionid=ac16012b30d67a44bb81c8c84fbfb3fefa868ee56a9b.e3iSbxaKaheRe3iOaNeTahmObO1ynknvrkLOlQzNp65In0 HTTP/1.1" 200 2
172.22.2.4 - - [13/Apr/2022:16:43:41 -0500] "GET /BLA/boletinlegal/Circulares/2012/Circular%20No.%2016%20del%2022%20de%20octubre%20de%202012.pdf HTTP/1.1" 200 381186
172.22.2.4 - - [13/Apr/2022:16:43:47 -0500] "GET /BLA/boletinlegal/Circulares/2012/Circular%20No.%2015%20del%2022%20de%20octubre%20de%202012.pdf HTTP/1.1" 200 486506
199.16.157.182 - - [13/Apr/2022:16:43:53 -0500] "-" 408 -
66.249.66.86 - - [13/Apr/2022:16:43:58 -0500] "-" 408 -
191.95.134.236 - - [13/Apr/2022:16:44:01 -0500] "POST /forms/lservlet;jsessionid=ac16012b30d67a44bb81c8c84fbfb3fefa868ee56a9b.e3iSbxaKaheRe3iOaNeTahmObO1ynknvrkLOlQzNp65In0 HTTP/1.1" 200 2
191.95.134.236 - - [13/Apr/2022:16:44:01 -0500] "POST /forms/lservlet;jsessionid=ac16012b30d67a44bb81c8c84fbfb3fefa868ee56a9b.e3iSbxaKaheRe3iOaNeTahmObO1ynknvrkLOlQzNp65In0 HTTP/1.1" 200 14
191.95.134.236 - - [13/Apr/2022:16:44:03 -0500] "POST /forms/lservlet;jsessionid=ac16012b30d67a44bb81c8c84fbfb3fefa868ee56a9b.e3iSbxaKaheRe3iOaNeTahmObO1ynknvrkLOlQzNp65In0 HTTP/1.1" 200 109
191.95.134.236 - - [13/Apr/2022:16:44:03 -0500] "POST /forms/lservlet;jsessionid=ac16012b30d67a44bb81c8c84fbfb3fefa868ee56a9b.e3iSbxaKaheRe3iOaNeTahmObO1ynknvrkLOlQzNp65In0 HTTP/1.1" 200 2
172.22.2.4 - - [13/Apr/2022:16:44:03 -0500] "GET /BLA/boletinlegal/Circulares/2012/Circular%20No.%2014%20del%2011%20de%20Septiembre%20de%202012.pdf HTTP/1.1" 200 3427471
191.95.134.236 - - [13/Apr/2022:16:44:04 -0500] "GET /reports/rwservlet/getjobid74920?server=repnomi HTTP/1.1" 200 319065
201.245.192.253 - - [13/Apr/2022:16:43:27 -0500] "POST /kwsrmcab/Wsrmcab HTTP/1.1" 200 45785
172.22.2.4 - - [13/Apr/2022:16:44:16 -0500] "GET /BLA/boletinlegal/Circulares/2012/Circular%20No.%2013%20del%2006%20de%20Septiembre%20de%202012.pdf HTTP/1.1" 200 351421
65.154.226.166 - - [13/Apr/2022:16:44:24 -0500] "GET /galeria/galeria/jquery.fancybox.js?v=2.1.5 HTTP/1.1" 200 48706
65.154.226.166 - - [13/Apr/2022:16:44:24 -0500] "GET /BLA/boletinlegal/js/jquery.scrollShow.js HTTP/1.1" 200 4586
65.154.226.166 - - [13/Apr/2022:16:44:24 -0500] "GET /galeria/galeria/jquery.fancybox.css?v=2.1.5 HTTP/1.1" 200 4895
65.154.226.166 - - [13/Apr/2022:16:44:24 -0500] "GET /galeria/carrusel/Carrusel/jquery.thumbnailScroller.css HTTP/1.1" 200 2066
172.22.2.4 - - [13/Apr/2022:16:42:44 -0500] "GET /BLA/boletinlegal/ HTTP/1.1" 200 59170
172.22.2.4 - - [13/Apr/2022:16:44:25 -0500] "GET /BLA/boletinlegal/Circulares/2012/Circular%20No.%2012%20del%2028%20de%20Agosto%20de%202012.pdf HTTP/1.1" 200 369945
65.154.226.166 - - [13/Apr/2022:16:44:25 -0500] "GET /galeria/carrusel/Carrusel/jquery-ui-1.8.13.custom.min.js HTTP/1.1" 200 10800
65.154.226.166 - - [13/Apr/2022:16:44:26 -0500] "GET /galeria/carrusel/Carrusel/jquery.thumbnailScroller.js HTTP/1.1" 200 8157
65.154.226.166 - - [13/Apr/2022:16:44:26 -0500] "GET /galeria/nivo-slider/demo/banner.html HTTP/1.1" 200 5446
65.154.226.166 - - [13/Apr/2022:16:44:28 -0500] "GET /galeria/nivo-slider/themes/default/default.css HTTP/1.1" 200 1569
65.154.226.166 - - [13/Apr/2022:16:44:28 -0500] "GET /galeria/nivo-slider/themes/pascal/pascal.css HTTP/1.1" 200 2258
65.154.226.166 - - [13/Apr/2022:16:44:28 -0500] "GET /galeria/nivo-slider/themes/orman/orman.css HTTP/1.1" 200 2152
65.154.226.166 - - [13/Apr/2022:16:44:28 -0500] "GET /galeria/nivo-slider/nivo-slider.css HTTP/1.1" 200 1507
65.154.226.166 - - [13/Apr/2022:16:44:28 -0500] "GET /galeria/nivo-slider/demo/scripts/jquery-1.7.1.min.js HTTP/1.1" 200 93868
65.154.226.166 - - [13/Apr/2022:16:44:28 -0500] "GET /galeria/nivo-slider/demo/style.css HTTP/1.1" 200 2222
65.154.226.166 - - [13/Apr/2022:16:44:28 -0500] "GET /galeria/nivo-slider/demo/images/bannertortuga_optimized.jpg HTTP/1.1" 200 39066
65.154.226.166 - - [13/Apr/2022:16:44:28 -0500] "GET /galeria/nivo-slider/jquery.nivo.slider.pack.js HTTP/1.1" 200 11561
65.154.226.166 - - [13/Apr/2022:16:44:28 -0500] "GET /galeria/nivo-slider/demo/images/Bannermujeresquereverdecen.jpg HTTP/1.1" 200 46558
65.154.226.166 - - [13/Apr/2022:16:44:28 -0500] "GET /galeria/nivo-slider/demo/images/bannertrafico_optimized.jpg HTTP/1.1" 200 42578
65.154.226.166 - - [13/Apr/2022:16:44:29 -0500] "GET /galeria/nivo-slider/demo/images/Bannersedeelectronica.jpg HTTP/1.1" 200 40383
65.154.226.166 - - [13/Apr/2022:16:44:29 -0500] "GET /galeria/nivo-slider/demo/images/bannerrutaesperanza.jpg HTTP/1.1" 200 55560
65.154.226.166 - - [13/Apr/2022:16:44:29 -0500] "GET /galeria/nivo-slider/demo/images/banneraire2021.jpg HTTP/1.1" 200 265101
65.154.226.166 - - [13/Apr/2022:16:44:29 -0500] "GET /galeria/nivo-slider/demo/images/Bannerplasticosseptiembre.jpg HTTP/1.1" 200 45633
65.154.226.166 - - [13/Apr/2022:16:44:29 -0500] "GET /galeria/nivo-slider/demo/images/4Simple_Slider.png HTTP/1.1" 200 11722
65.154.226.166 - - [13/Apr/2022:16:44:29 -0500] "GET /galeria/nivo-slider/themes/default/loading.gif HTTP/1.1" 200 1737
65.154.226.166 - - [13/Apr/2022:16:44:30 -0500] "GET /galeria/nivo-slider/demo/images/bannerresiduoshospitalariosagosto.jpg HTTP/1.1" 200 36499
65.154.226.166 - - [13/Apr/2022:16:44:30 -0500] "GET /galeria/nivo-slider/demo/images/banneraccionpopularcrr68.jpg HTTP/1.1" 200 51887
65.154.226.166 - - [13/Apr/2022:16:44:30 -0500] "GET /galeria/nivo-slider/demo/images/banneraccionpopular.jpeg HTTP/1.1" 200 41707
65.154.226.166 - - [13/Apr/2022:16:44:30 -0500] "GET /galeria/nivo-slider/demo/images/bannerclases2021.jpg HTTP/1.1" 200 68230
65.154.226.166 - - [13/Apr/2022:16:44:30 -0500] "GET /galeria/nivo-slider/demo/images/bannercapacitacionesbogota.jpg HTTP/1.1" 200 42416
65.154.226.166 - - [13/Apr/2022:16:44:30 -0500] "GET /galeria/nivo-slider/demo/images/Bannerenvases.jpg HTTP/1.1" 200 37316
65.154.226.166 - - [13/Apr/2022:16:44:30 -0500] "GET /galeria/nivo-slider/demo/images/Bannervirtualescanales.jpg HTTP/1.1" 200 174544
65.154.226.166 - - [13/Apr/2022:16:44:33 -0500] "GET /galeria/nivo-slider/themes/default/bullets.png HTTP/1.1" 200 1281
65.154.226.166 - - [13/Apr/2022:16:44:33 -0500] "GET /galeria/nivo-slider/themes/default/arrows.png HTTP/1.1" 200 824
65.154.226.166 - - [13/Apr/2022:16:44:42 -0500] "GET /galeria/nivo-slider/demo/images/Bannermujeresquereverdecen.jpg HTTP/1.1" 200 46558
191.95.134.236 - - [13/Apr/2022:16:44:55 -0500] "POST /forms/lservlet;jsessionid=ac16012b30d67a44bb81c8c84fbfb3fefa868ee56a9b.e3iSbxaKaheRe3iOaNeTahmObO1ynknvrkLOlQzNp65In0 HTTP/1.1" 200 2
191.95.134.236 - - [13/Apr/2022:16:44:55 -0500] "POST /forms/lservlet;jsessionid=ac16012b30d67a44bb81c8c84fbfb3fefa868ee56a9b.e3iSbxaKaheRe3iOaNeTahmObO1ynknvrkLOlQzNp65In0 HTTP/1.1" 200 2192
191.95.134.236 - - [13/Apr/2022:16:44:55 -0500] "POST /forms/lservlet;jsessionid=ac16012b30d67a44bb81c8c84fbfb3fefa868ee56a9b.e3iSbxaKaheRe3iOaNeTahmObO1ynknvrkLOlQzNp65In0 HTTP/1.1" 200 10
191.95.134.236 - - [13/Apr/2022:16:44:57 -0500] "POST /forms/lservlet;jsessionid=ac16012b30d67a44bb81c8c84fbfb3fefa868ee56a9b.e3iSbxaKaheRe3iOaNeTahmObO1ynknvrkLOlQzNp65In0 HTTP/1.1" 200 26
191.95.134.236 - - [13/Apr/2022:16:44:57 -0500] "POST /forms/lservlet;jsessionid=ac16012b30d67a44bb81c8c84fbfb3fefa868ee56a9b.e3iSbxaKaheRe3iOaNeTahmObO1ynknvrkLOlQzNp65In0 HTTP/1.1" 200 14
191.95.134.236 - - [13/Apr/2022:16:44:58 -0500] "POST /forms/lservlet;jsessionid=ac16012b30d67a44bb81c8c84fbfb3fefa868ee56a9b.e3iSbxaKaheRe3iOaNeTahmObO1ynknvrkLOlQzNp65In0 HTTP/1.1" 200 3932
191.95.134.236 - - [13/Apr/2022:16:44:59 -0500] "POST /forms/lservlet;jsessionid=ac16012b30d67a44bb81c8c84fbfb3fefa868ee56a9b.e3iSbxaKaheRe3iOaNeTahmObO1ynknvrkLOlQzNp65In0 HTTP/1.1" 200 2
191.95.134.236 - - [13/Apr/2022:16:45:01 -0500] "POST /forms/lservlet;jsessionid=ac16012b30d67a44bb81c8c84fbfb3fefa868ee56a9b.e3iSbxaKaheRe3iOaNeTahmObO1ynknvrkLOlQzNp65In0 HTTP/1.1" 200 2
191.95.134.236 - - [13/Apr/2022:16:45:02 -0500] "POST /forms/lservlet;jsessionid=ac16012b30d67a44bb81c8c84fbfb3fefa868ee56a9b.e3iSbxaKaheRe3iOaNeTahmObO1ynknvrkLOlQzNp65In0 HTTP/1.1" 200 14
191.95.134.236 - - [13/Apr/2022:16:45:03 -0500] "POST /forms/lservlet;jsessionid=ac16012b30d67a44bb81c8c84fbfb3fefa868ee56a9b.e3iSbxaKaheRe3iOaNeTahmObO1ynknvrkLOlQzNp65In0 HTTP/1.1" 200 14
191.95.134.236 - - [13/Apr/2022:16:45:04 -0500] "POST /forms/lservlet;jsessionid=ac16012b30d67a44bb81c8c84fbfb3fefa868ee56a9b.e3iSbxaKaheRe3iOaNeTahmObO1ynknvrkLOlQzNp65In0 HTTP/1.1" 200 14
191.95.134.236 - - [13/Apr/2022:16:45:06 -0500] "POST /forms/lservlet;jsessionid=ac16012b30d67a44bb81c8c84fbfb3fefa868ee56a9b.e3iSbxaKaheRe3iOaNeTahmObO1ynknvrkLOlQzNp65In0 HTTP/1.1" 200 14
191.95.134.236 - - [13/Apr/2022:16:45:08 -0500] "POST /forms/lservlet;jsessionid=ac16012b30d67a44bb81c8c84fbfb3fefa868ee56a9b.e3iSbxaKaheRe3iOaNeTahmObO1ynknvrkLOlQzNp65In0 HTTP/1.1" 200 108
191.95.134.236 - - [13/Apr/2022:16:45:08 -0500] "POST /forms/lservlet;jsessionid=ac16012b30d67a44bb81c8c84fbfb3fefa868ee56a9b.e3iSbxaKaheRe3iOaNeTahmObO1ynknvrkLOlQzNp65In0 HTTP/1.1" 200 2
191.95.134.236 - - [13/Apr/2022:16:45:08 -0500] "GET /reports/rwservlet/getjobid74921?server=repnomi HTTP/1.1" 200 48073
66.220.149.9 - - [13/Apr/2022:16:45:20 -0500] "GET /images/zapatos-negocios-8-abril.jpg HTTP/1.1" 200 25964
172.22.2.4 - - [13/Apr/2022:16:45:37 -0500] "GET /BLA/boletinlegal/actos.php HTTP/1.1" 200 9559
172.22.2.4 - - [13/Apr/2022:16:45:37 -0500] "GET /BLA/boletinlegal/styles2.css HTTP/1.1" 200 1838
172.22.2.4 - - [13/Apr/2022:16:45:37 -0500] "GET /BLA/boletinlegal/js/ajax_actos.js HTTP/1.1" 200 1322
172.22.2.4 - - [13/Apr/2022:16:45:37 -0500] "GET /BLA/boletinlegal/niceforms-default.css HTTP/1.1" 200 6694
172.22.2.4 - - [13/Apr/2022:16:45:37 -0500] "GET /BLA/boletinlegal/style.css HTTP/1.1" 200 9406
172.22.2.4 - - [13/Apr/2022:16:45:37 -0500] "GET /BLA/boletinlegal/niceforms.js HTTP/1.1" 200 22876
172.22.2.4 - - [13/Apr/2022:16:45:37 -0500] "GET /BLA/boletinlegal/js/lib.js HTTP/1.1" 200 6474
172.22.2.4 - - [13/Apr/2022:16:45:37 -0500] "GET /BLA/boletinlegal/js/jquery1.js HTTP/1.1" 200 29846
172.22.2.4 - - [13/Apr/2022:16:45:37 -0500] "GET /BLA/boletinlegal/js/popup.js HTTP/1.1" 200 1270
172.22.2.4 - - [13/Apr/2022:16:45:37 -0500] "GET /BLA/boletinlegal/images/cabezote%20BLEGAL.jpg HTTP/1.1" 200 118164
172.22.2.4 - - [13/Apr/2022:16:45:37 -0500] "GET /BLA/boletinlegal/images/subscribe-icon-big.png HTTP/1.1" 200 47702
172.22.2.4 - - [13/Apr/2022:16:45:37 -0500] "GET /BLA/boletinlegal/images/historia.png HTTP/1.1" 200 52775
172.22.2.4 - - [13/Apr/2022:16:45:37 -0500] "GET /BLA/boletinlegal/images/registro-usuarios.png HTTP/1.1" 200 8106
172.22.2.4 - - [13/Apr/2022:16:45:37 -0500] "GET /BLA/boletinlegal/images/green-yellow-blue-pink-th.png HTTP/1.1" 200 7394
172.22.2.4 - - [13/Apr/2022:16:45:37 -0500] "GET /BLA/boletinlegal/images/abajo.png HTTP/1.1" 200 96676
172.22.2.4 - - [13/Apr/2022:16:45:38 -0500] "GET /BLA/boletinlegal/images/tel.png HTTP/1.1" 200 14477
172.22.2.4 - - [13/Apr/2022:16:45:38 -0500] "GET /BLA/boletinlegal/images/icono-email.png HTTP/1.1" 200 5544
172.22.2.4 - - [13/Apr/2022:16:45:38 -0500] "GET /BLA/boletinlegal/images/body_bg.jpg HTTP/1.1" 200 1601
172.22.2.4 - - [13/Apr/2022:16:45:38 -0500] "GET /BLA/boletinlegal/images/menu_lft.gif HTTP/1.1" 200 1713
172.22.2.4 - - [13/Apr/2022:16:45:38 -0500] "GET /BLA/boletinlegal/images/menu_rght.gif HTTP/1.1" 200 1627
172.22.2.4 - - [13/Apr/2022:16:45:38 -0500] "GET /BLA/boletinlegal/images/menu_bg.jpg HTTP/1.1" 200 620
172.22.2.4 - - [13/Apr/2022:16:45:38 -0500] "GET /BLA/boletinlegal/images/bg_top.jpg HTTP/1.1" 200 522
172.22.2.4 - - [13/Apr/2022:16:45:38 -0500] "GET /BLA/boletinlegal/images/hover.jpg HTTP/1.1" 200 640
172.22.2.4 - - [13/Apr/2022:16:45:38 -0500] "GET /BLA/boletinlegal/images/footer_bg.jpg HTTP/1.1" 200 586
172.22.2.4 - - [13/Apr/2022:16:45:38 -0500] "GET /BLA/boletinlegal/images/text.jpg HTTP/1.1" 200 568
172.22.2.4 - - [13/Apr/2022:16:45:38 -0500] "GET /BLA/boletinlegal/images/footer_bg_l.jpg HTTP/1.1" 200 776
172.22.2.4 - - [13/Apr/2022:16:45:38 -0500] "GET /BLA/boletinlegal/img/0.png HTTP/1.1" 200 110
172.22.2.4 - - [13/Apr/2022:16:45:38 -0500] "GET /BLA/boletinlegal/img/select-right.png HTTP/1.1" 200 44019
172.22.2.4 - - [13/Apr/2022:16:45:38 -0500] "GET /BLA/boletinlegal/img/select-left.png HTTP/1.1" 200 263
172.22.2.4 - - [13/Apr/2022:16:45:38 -0500] "GET /BLA/boletinlegal/img/button.png HTTP/1.1" 200 43241
172.22.2.4 - - [13/Apr/2022:16:45:38 -0500] "GET /BLA/boletinlegal/img/button-left.png HTTP/1.1" 200 57071
172.22.2.4 - - [13/Apr/2022:16:45:38 -0500] "GET /BLA/boletinlegal/img/button-right.png HTTP/1.1" 200 57878
172.22.2.4 - - [13/Apr/2022:16:45:38 -0500] "GET /BLA/boletinlegal/favicon.ico HTTP/1.1" 404 1326
191.95.134.236 - - [13/Apr/2022:16:45:40 -0500] "POST /forms/lservlet;jsessionid=ac16012b30d67a44bb81c8c84fbfb3fefa868ee56a9b.e3iSbxaKaheRe3iOaNeTahmObO1ynknvrkLOlQzNp65In0 HTTP/1.1" 200 2
172.22.2.4 - - [13/Apr/2022:16:45:41 -0500] "GET /BLA/boletinlegal/consulta_actos.php?tipo=resoluciones&no=&usuario=&sector=&fecha=2022&resuelve= HTTP/1.1" 200 40954
172.22.2.4 - - [13/Apr/2022:16:45:41 -0500] "GET /BLA/boletinlegal/images/pdf.gif HTTP/1.1" 200 567
172.22.2.4 - - [13/Apr/2022:16:45:41 -0500] "GET /BLA/boletinlegal/images/background.gif HTTP/1.1" 200 -
181.130.50.227 - - [13/Apr/2022:16:46:04 -0500] "GET /en-semana-santa-jardin-botanico-una-opcion-vital-para-reconectarse-y-vivir-la-naturaleza.html?fbclid=IwAR29nbOd2hUKkXN_dLYHiBmNbtA8j_vTayo0t_B0oP7gGYFVxm5j6VX5CDU HTTP/1.1" 200 1012
216.245.221.92 - - [13/Apr/2022:16:47:03 -0500] "HEAD / HTTP/1.1" 200 -
191.95.134.236 - - [13/Apr/2022:16:47:40 -0500] "POST /forms/lservlet;jsessionid=ac16012b30d67a44bb81c8c84fbfb3fefa868ee56a9b.e3iSbxaKaheRe3iOaNeTahmObO1ynknvrkLOlQzNp65In0 HTTP/1.1" 200 2
172.22.2.4 - - [13/Apr/2022:16:47:44 -0500] "HEAD /BLA/boletinlegal/ HTTP/1.1" 200 -
191.95.134.236 - - [13/Apr/2022:16:49:47 -0500] "POST /forms/lservlet;jsessionid=ac16012b30d67a44bb81c8c84fbfb3fefa868ee56a9b.e3iSbxaKaheRe3iOaNeTahmObO1ynknvrkLOlQzNp65In0 HTTP/1.1" 200 2
172.22.2.4 - - [13/Apr/2022:16:48:35 -0500] "GET /BLA/boletinlegal/ HTTP/1.1" 200 55089
172.22.2.4 - - [13/Apr/2022:16:50:59 -0500] "GET /BLA/boletinlegal/conceptos/2021/5.pdf HTTP/1.1" 200 333380
172.22.2.4 - - [13/Apr/2022:16:51:07 -0500] "GET /BLA/boletinlegal/consulta_conceptos.php?no=&solicitante=&radicado_entrada=&fecha_concepto=2020&objeto= HTTP/1.1" 200 53495
186.102.27.152 - - [13/Apr/2022:16:51:33 -0500] "GET /kwssiamovil/sm/acme/a?s=U2FsdGVkX18BzJXzJCYFBp2HDbUBHVStnfMrc7Nbl7tFmcML7ozy2/U1C6G0BZXEpG3si54jcjJdCyr68we8MdJTV7zLod6sjvq2KexzMJSZhay0dUHA2GdP7TgX80sH4+drq0Tv4VhKOfev2/+i9fCcjKcLNXS4agAEUwQmzkhU8zXq6V0mLMvdgecrhQJAPPuwhM5vRrBISHcK435tb7TwPlcnpw2WLvhfMlhYqF0rZ8Kc89UpkflqM02EpkkIzL8btw7FClbemmErzMgLyw==&u=U2FsdGVkX1+w7b1kLuohOCRAHGRgm7lrQuhSQC3Sfxj7fp5I16Igx+2GreGw1VGX&y=U2FsdGVkX1/wqGHb88oyc+q1/mJIAGAhEVe+XnckLB4xXM8tl/uhiqkEsXlLTmvG HTTP/1.1" 200 25
186.102.27.152 - - [13/Apr/2022:16:51:34 -0500] "GET /kwssiamovil/sm/acme/a?s=U2FsdGVkX1/kyAXmHAcDpfgxe9p+YMKQlLK84C69Cifk/g/E372GtEfNFZqbKTQCon4wzMH1QzcOvIFl7hqcF1V13dRY32Oe4P6Yk5y6JTIZpOtxZsZt55zpgI4sXZLiT0Aqw2es7a5R0eZQe9P3hHjApmagn0SSG/HipkGEBGOfpOrzz0qY6AOzPZJzQ+pQ/ujvDm1fDOt9UZm5dOxBx5kZZ/S23tWd7NeNh9n36W77RBseMe+NTKs0J1U7aYrfgpABRkUq3CIuCWIV7pCfz7gCIEYluf1IUquWiF6MCg6ycvvfUoznA906oFxq+EdD7d6PbEUm3CpsjqQF5mfipA1B/OI4UNi2N8t+QxyQQ41t+ADR/eENC3AkTmrlDzQTPMT/jFRKkEqBpYMkfwinUa7aMlxey9VYjzhYeZCYWA2IN6YAYhQoGNDB6MnZUydo/CIsnSLVXcDd3K/IxiRcgDBWzkANWh6/8qnsCPjqSWVT18TRuYC/kbjzUtASMN8nytSemxxQ4RKML2T9Qi+qjoAYXt3CYNSUH7jhptjg9TBrC1b7gy+yg8fJy2TrAOHbFuSQo5aE9epckK+CH3v332hG7D9aFSelDXEPy0zBRiW7cLkpavyggMJG5COIjX1Rn1S7Rs3mNZWqi+HOVGo2rrMzaMxUnGOmxjozpVNlteXlrX7eo19zs5qsL47kiSIYzr7OT4a4K0gdy7VnB3ACJ5d/79Abxna71CBEAAbZHvRVhB3l6OZObF0sSP9pZc3wfamG5baxAu71dkR8RA/uIA8aXJoEPlnQJ18RFZN0KyKixhe0BN3aci6Vwzy6/rX4vH4vJgUEIoloCEDFgO5rDrtkHBFYGApUi/VCa9jwkKtEorNSkWEopWRNLX9ZS5Wbq1L11KNzbnPg1sL8aTGI47rhLP6i3gQbvmkIOoADE+sT33JckHAH6dWH0uXDlbJSOrQWxzSPIjJrdysRxMgw8TOjJi0on+ER/D0Ng1IrojmP/7vzniBnAAt5ZRAOYEO67u91NCf7Z4dK+1ysyxyN17BNt22AOV81rVur+PXDx75wX9n214LaxzI16PgL53qdf3PdGivza2/ZkHz5etywgV3fokL1kraoR3j/uJQFSZ4wuiyxdvmCFai37uTIbTVWdiREVqtDCTc3j0Ktok2iI1e+oyl/plZ8EZ4SODahk0k=&u=U2FsdGVkX1+w7b1kLuohOCRAHGRgm7lrQuhSQC3Sfxj7fp5I16Igx+2GreGw1VGX&y=U2FsdGVkX1/wqGHb88oyc+q1/mJIAGAhEVe+XnckLB4xXM8tl/uhiqkEsXlLTmvG HTTP/1.1" 200 25
186.102.27.152 - - [13/Apr/2022:16:51:34 -0500] "GET /kwssiamovil/sm/acme/a?s=U2FsdGVkX19RFRhvPYMMHrQvE3Et9Lxs4bhe1JYOIy1z2+X3ovyqUi8zvoafgrWFwtWlNiMPWK+ZEZ3Ybi0pjuiThC0WKW0j/q7nkyKeciOtHHIxdKK4rEmVIlzgWYjucZ490WFUkPlsZNOZV1te2FkBpmh09v65i+UOZQhgQbY=&u=U2FsdGVkX1+w7b1kLuohOCRAHGRgm7lrQuhSQC3Sfxj7fp5I16Igx+2GreGw1VGX&y=U2FsdGVkX1/wqGHb88oyc+q1/mJIAGAhEVe+XnckLB4xXM8tl/uhiqkEsXlLTmvG HTTP/1.1" 200 25
186.102.27.152 - - [13/Apr/2022:16:51:34 -0500] "GET /kwssiamovil/sm/acme/a?s=U2FsdGVkX1+tMPPxWEZoPXQymm3WcwlHMKeBrvqb0MHRRyH2DBw4YXwJ2lVhS3zr19uI5OoMLEXa//gsPEl9N1xMRH0AHZrUpLr0lwuchUHb2u9cpi9e5roMVKgEMvUDIlNiWp8dK6isxrG6eC+a+9dvDebn5hgttcUh43YK/cs=&u=U2FsdGVkX1+w7b1kLuohOCRAHGRgm7lrQuhSQC3Sfxj7fp5I16Igx+2GreGw1VGX&y=U2FsdGVkX1/wqGHb88oyc+q1/mJIAGAhEVe+XnckLB4xXM8tl/uhiqkEsXlLTmvG HTTP/1.1" 200 25
186.102.27.152 - - [13/Apr/2022:16:51:34 -0500] "GET /kwssiamovil/sm/acme/a?s=U2FsdGVkX1+DUdG19V7+bkCLBoo4tOAljslS/lf9/SYd/EAUc4LlFK7Cb6amGeWLDCrcJosujMjPz99XUhyUpgfn7DFjnl6g4613Ja5VhEWqgy4tqk+IKsKGq+jk8tROOKyyZ15rKl3Ti/N1OGjXCgXxXVoxniSW1O/PnnteJQI=&u=U2FsdGVkX1+w7b1kLuohOCRAHGRgm7lrQuhSQC3Sfxj7fp5I16Igx+2GreGw1VGX&y=U2FsdGVkX1/wqGHb88oyc+q1/mJIAGAhEVe+XnckLB4xXM8tl/uhiqkEsXlLTmvG HTTP/1.1" 200 25
186.102.27.152 - - [13/Apr/2022:16:51:35 -0500] "GET /kwssiamovil/sm/acme/a?s=U2FsdGVkX1+TPB2+ohHN5uzrSjPqP+b2s32HKeCtVLf0/XRaZkGC3r0RJ5peQWsUwhzk7NztCVMx4d68c0elPH1njJ4Qf4rvHt/3b9o+G5Sg9J2J2pLka7w0neu/ZcSgqQ8I7HAErj0DW2z8huq0evh9U56V8oQxxJhTPQdUirQ1bhiQ2ZtoFPKJ1Mudaz1Qxlfmfz3mi9HsOR9gUpkZzw==&u=U2FsdGVkX1+w7b1kLuohOCRAHGRgm7lrQuhSQC3Sfxj7fp5I16Igx+2GreGw1VGX&y=U2FsdGVkX1/wqGHb88oyc+q1/mJIAGAhEVe+XnckLB4xXM8tl/uhiqkEsXlLTmvG HTTP/1.1" 200 25
201.245.192.253 - - [13/Apr/2022:16:51:35 -0500] "POST /sipse/faces/presentacion/financiero/solicitudProceso/solicitudProcesoOtrosPagos.xhtml HTTP/1.1" 302 -
201.245.192.253 - - [13/Apr/2022:16:51:35 -0500] "GET /sipse/faces/autenticacion.xhtml HTTP/1.1" 200 1099
201.245.192.253 - - [13/Apr/2022:16:51:35 -0500] "GET /sipse/faces/javax.faces.resource/images/ui-bg_flat_0_2d5972_40x100.png?ln=primefaces-aristo HTTP/1.1" 304 -
201.245.192.253 - - [13/Apr/2022:16:51:35 -0500] "POST /sipse/faces/presentacion/financiero/solicitudProceso/solicitudProcesoOtrosPagos.xhtml HTTP/1.1" 302 -
201.245.192.253 - - [13/Apr/2022:16:51:35 -0500] "GET /sipse/faces/autenticacion.xhtml HTTP/1.1" 200 1099
201.245.192.253 - - [13/Apr/2022:16:51:36 -0500] "POST /sipse/faces/presentacion/financiero/solicitudProceso/solicitudProcesoOtrosPagos.xhtml HTTP/1.1" 302 -
201.245.192.253 - - [13/Apr/2022:16:51:36 -0500] "GET /sipse/faces/autenticacion.xhtml HTTP/1.1" 200 1099
201.245.192.253 - - [13/Apr/2022:16:51:36 -0500] "POST /sipse/faces/presentacion/financiero/solicitudProceso/solicitudProcesoOtrosPagos.xhtml HTTP/1.1" 302 -
201.245.192.253 - - [13/Apr/2022:16:51:36 -0500] "GET /sipse/faces/autenticacion.xhtml HTTP/1.1" 200 1099
201.245.192.253 - - [13/Apr/2022:16:51:38 -0500] "POST /sipse/faces/presentacion/financiero/solicitudProceso/solicitudProcesoOtrosPagos.xhtml HTTP/1.1" 302 -
201.245.192.253 - - [13/Apr/2022:16:51:38 -0500] "GET /sipse/faces/autenticacion.xhtml HTTP/1.1" 200 1099
201.245.192.253 - - [13/Apr/2022:16:51:38 -0500] "POST /sipse/faces/presentacion/financiero/solicitudProceso/solicitudProcesoOtrosPagos.xhtml HTTP/1.1" 302 -
201.245.192.253 - - [13/Apr/2022:16:51:38 -0500] "GET /sipse/faces/autenticacion.xhtml HTTP/1.1" 200 1099
201.245.192.253 - - [13/Apr/2022:16:51:44 -0500] "GET /sipse/faces/index.xhtml HTTP/1.1" 200 677
201.245.192.253 - - [13/Apr/2022:16:51:44 -0500] "GET /sipse/faces/javax.faces.resource/theme.css?ln=primefaces-sipse HTTP/1.1" 304 -
201.245.192.253 - - [13/Apr/2022:16:51:44 -0500] "GET /sipse/faces/faces/autenticacion.xhtml HTTP/1.1" 200 12174
201.245.192.253 - - [13/Apr/2022:16:51:44 -0500] "GET /sipse/js/funciones.js HTTP/1.1" 304 -
201.245.192.253 - - [13/Apr/2022:16:51:44 -0500] "GET /sipse/js/disable_browser_buttons.js HTTP/1.1" 304 -
201.245.192.253 - - [13/Apr/2022:16:51:44 -0500] "GET /sipse/css/custom_css_sg.css HTTP/1.1" 304 -
201.245.192.253 - - [13/Apr/2022:16:51:44 -0500] "GET /sipse/css/custom_css_sg_prime_login.css HTTP/1.1" 304 -
201.245.192.253 - - [13/Apr/2022:16:51:44 -0500] "GET /sipse/faces/javax.faces.resource/theme.css?ln=primefaces-sipse HTTP/1.1" 304 -
201.245.192.253 - - [13/Apr/2022:16:51:44 -0500] "GET /sipse/faces/javax.faces.resource/jquery/jquery.js?ln=primefaces&v=4.0 HTTP/1.1" 304 -
201.245.192.253 - - [13/Apr/2022:16:51:44 -0500] "GET /sipse/faces/javax.faces.resource/jquery/jquery-plugins.js?ln=primefaces&v=4.0 HTTP/1.1" 304 -
201.245.192.253 - - [13/Apr/2022:16:51:44 -0500] "GET /sipse/faces/javax.faces.resource/primefaces.css?ln=primefaces&v=4.0 HTTP/1.1" 304 -
201.245.192.253 - - [13/Apr/2022:16:51:44 -0500] "GET /sipse/faces/javax.faces.resource/layout/layout.css?ln=primefaces&v=4.0 HTTP/1.1" 304 -
201.245.192.253 - - [13/Apr/2022:16:51:44 -0500] "GET /sipse/faces/javax.faces.resource/primefaces.js?ln=primefaces&v=4.0 HTTP/1.1" 304 -
201.245.192.253 - - [13/Apr/2022:16:51:44 -0500] "GET /sipse/faces/javax.faces.resource/layout/layout.js?ln=primefaces&v=4.0 HTTP/1.1" 304 -
201.245.192.253 - - [13/Apr/2022:16:51:44 -0500] "GET /sipse/css/imagen/logoSDG.png HTTP/1.1" 304 -
201.245.192.253 - - [13/Apr/2022:16:51:44 -0500] "GET /sipse/css/imagen/loginimg.png HTTP/1.1" 304 -
201.245.192.253 - - [13/Apr/2022:16:51:44 -0500] "GET /sipse/faces/javax.faces.resource/images/ui-icons_898989_256x240.png?ln=primefaces-aristo HTTP/1.1" 304 -
191.95.134.236 - - [13/Apr/2022:16:51:47 -0500] "POST /forms/lservlet;jsessionid=ac16012b30d67a44bb81c8c84fbfb3fefa868ee56a9b.e3iSbxaKaheRe3iOaNeTahmObO1ynknvrkLOlQzNp65In0 HTTP/1.1" 200 2
201.245.192.253 - - [13/Apr/2022:16:51:52 -0500] "POST /sipse/faces/autenticacion.xhtml HTTP/1.1" 200 11168
201.245.192.253 - - [13/Apr/2022:16:51:52 -0500] "GET /sipse/css/custom_css_sg_prime.css HTTP/1.1" 304 -
201.245.192.253 - - [13/Apr/2022:16:51:52 -0500] "GET /sipse/faces/javax.faces.resource/theme.css?ln=primefaces-sipse HTTP/1.1" 304 -
201.245.192.253 - - [13/Apr/2022:16:51:52 -0500] "GET /sipse/faces/javax.faces.resource/primefaces.css?ln=primefaces&v=4.0 HTTP/1.1" 304 -
201.245.192.253 - - [13/Apr/2022:16:51:52 -0500] "GET /sipse/faces/javax.faces.resource/layout/layout.css?ln=primefaces&v=4.0 HTTP/1.1" 304 -
201.245.192.253 - - [13/Apr/2022:16:51:52 -0500] "GET /sipse/faces/javax.faces.resource/jquery/jquery.js?ln=primefaces&v=4.0 HTTP/1.1" 304 -
201.245.192.253 - - [13/Apr/2022:16:51:52 -0500] "GET /sipse/faces/javax.faces.resource/jquery/jquery-plugins.js?ln=primefaces&v=4.0 HTTP/1.1" 304 -
201.245.192.253 - - [13/Apr/2022:16:51:52 -0500] "GET /sipse/faces/javax.faces.resource/primefaces.js?ln=primefaces&v=4.0 HTTP/1.1" 304 -
201.245.192.253 - - [13/Apr/2022:16:51:52 -0500] "GET /sipse/faces/javax.faces.resource/layout/layout.js?ln=primefaces&v=4.0 HTTP/1.1" 304 -
201.245.192.253 - - [13/Apr/2022:16:51:52 -0500] "GET /sipse/faces/javax.faces.resource/messages/messages.png?ln=primefaces&v=4.0 HTTP/1.1" 304 -
201.245.192.253 - - [13/Apr/2022:16:51:56 -0500] "POST /sipse/faces/presentacion/sistema/seguridad/seleccionRol.xhtml HTTP/1.1" 200 5600
201.245.192.253 - - [13/Apr/2022:16:51:58 -0500] "POST /sipse/faces/presentacion/sistema/seguridad/seleccionRol.xhtml HTTP/1.1" 200 17462
201.245.192.253 - - [13/Apr/2022:16:51:58 -0500] "GET /sipse/faces/javax.faces.resource/theme.css?ln=primefaces-sipse HTTP/1.1" 304 -
201.245.192.253 - - [13/Apr/2022:16:51:58 -0500] "GET /sipse/faces/javax.faces.resource/layout/layout.css?ln=primefaces&v=4.0 HTTP/1.1" 304 -
201.245.192.253 - - [13/Apr/2022:16:51:58 -0500] "GET /sipse/faces/javax.faces.resource/primefaces.css?ln=primefaces&v=4.0 HTTP/1.1" 304 -
201.245.192.253 - - [13/Apr/2022:16:51:58 -0500] "GET /sipse/js/jquery.min.js HTTP/1.1" 304 -
201.245.192.253 - - [13/Apr/2022:16:51:58 -0500] "GET /sipse/faces/javax.faces.resource/jquery/jquery.js?ln=primefaces&v=4.0 HTTP/1.1" 304 -
201.245.192.253 - - [13/Apr/2022:16:51:58 -0500] "GET /sipse/faces/javax.faces.resource/jquery/jquery-plugins.js?ln=primefaces&v=4.0 HTTP/1.1" 304 -
201.245.192.253 - - [13/Apr/2022:16:51:58 -0500] "GET /sipse/faces/javax.faces.resource/primefaces.js?ln=primefaces&v=4.0 HTTP/1.1" 304 -
201.245.192.253 - - [13/Apr/2022:16:51:58 -0500] "GET /sipse/faces/javax.faces.resource/layout/layout.js?ln=primefaces&v=4.0 HTTP/1.1" 304 -
201.245.192.253 - - [13/Apr/2022:16:51:58 -0500] "GET /sipse/imagenes/logoAplicacion.jpg HTTP/1.1" 304 -
201.245.192.253 - - [13/Apr/2022:16:51:58 -0500] "GET /sipse/imagenes/cargando.gif HTTP/1.1" 304 -
201.245.192.253 - - [13/Apr/2022:16:51:58 -0500] "GET /sipse/css/imagen/contrasena.png HTTP/1.1" 404 383
201.245.192.253 - - [13/Apr/2022:16:51:59 -0500] "GET /sipse/faces/javax.faces.resource/images/ui-bg_flat_0_2d5972_40x100.png?ln=primefaces-aristo HTTP/1.1" 304 -
201.245.192.253 - - [13/Apr/2022:16:51:59 -0500] "POST /sipse/faces/bienvenido.xhtml HTTP/1.1" 200 3843
201.245.192.253 - - [13/Apr/2022:16:52:01 -0500] "POST /sipse/faces/bienvenido.xhtml HTTP/1.1" 200 33341
201.245.192.253 - - [13/Apr/2022:16:52:01 -0500] "GET /sipse/faces/javax.faces.resource/layout/layout.css?ln=primefaces&v=4.0 HTTP/1.1" 304 -
201.245.192.253 - - [13/Apr/2022:16:52:01 -0500] "GET /sipse/faces/javax.faces.resource/primefaces.css?ln=primefaces&v=4.0 HTTP/1.1" 304 -
201.245.192.253 - - [13/Apr/2022:16:52:01 -0500] "GET /sipse/faces/javax.faces.resource/theme.css?ln=primefaces-sipse HTTP/1.1" 304 -
201.245.192.253 - - [13/Apr/2022:16:52:01 -0500] "GET /sipse/faces/javax.faces.resource/jquery/jquery.js?ln=primefaces&v=4.0 HTTP/1.1" 304 -
201.245.192.253 - - [13/Apr/2022:16:52:01 -0500] "GET /sipse/faces/javax.faces.resource/jquery/jquery-plugins.js?ln=primefaces&v=4.0 HTTP/1.1" 304 -
201.245.192.253 - - [13/Apr/2022:16:52:01 -0500] "GET /sipse/faces/javax.faces.resource/primefaces.js?ln=primefaces&v=4.0 HTTP/1.1" 304 -
201.245.192.253 - - [13/Apr/2022:16:52:01 -0500] "GET /sipse/faces/javax.faces.resource/layout/layout.js?ln=primefaces&v=4.0 HTTP/1.1" 304 -
201.245.192.253 - - [13/Apr/2022:16:52:01 -0500] "POST /sipse/faces/presentacion/financiero/solicitudProceso/listarSolicitudProceso.xhtml HTTP/1.1" 200 1324
216.245.221.92 - - [13/Apr/2022:16:52:03 -0500] "HEAD / HTTP/1.1" 200 -
201.245.192.253 - - [13/Apr/2022:16:52:04 -0500] "POST /sipse/faces/presentacion/financiero/solicitudProceso/listarSolicitudProceso.xhtml HTTP/1.1" 200 184
201.245.192.253 - - [13/Apr/2022:16:52:04 -0500] "POST /sipse/faces/presentacion/financiero/solicitudProceso/listarSolicitudProceso.xhtml HTTP/1.1" 200 184
201.245.192.253 - - [13/Apr/2022:16:52:04 -0500] "GET /sipse/faces/presentacion/financiero/solicitudAnulacion/solicitudAnulacion.xhtml HTTP/1.1" 200 12285
201.245.192.253 - - [13/Apr/2022:16:52:04 -0500] "GET /sipse/faces/presentacion/financiero/solicitudAnulacion/solicitudAnulacion.xhtml HTTP/1.1" 200 34066
201.245.192.253 - - [13/Apr/2022:16:52:04 -0500] "GET /sipse/faces/javax.faces.resource/theme.css?ln=primefaces-sipse HTTP/1.1" 304 -
201.245.192.253 - - [13/Apr/2022:16:52:04 -0500] "GET /sipse/faces/javax.faces.resource/jquery/jquery.js?ln=primefaces&v=4.0 HTTP/1.1" 304 -
201.245.192.253 - - [13/Apr/2022:16:52:04 -0500] "GET /sipse/faces/javax.faces.resource/layout/layout.css?ln=primefaces&v=4.0 HTTP/1.1" 304 -
201.245.192.253 - - [13/Apr/2022:16:52:04 -0500] "GET /sipse/faces/javax.faces.resource/jquery/jquery-plugins.js?ln=primefaces&v=4.0 HTTP/1.1" 304 -
201.245.192.253 - - [13/Apr/2022:16:52:04 -0500] "GET /sipse/faces/javax.faces.resource/primefaces.css?ln=primefaces&v=4.0 HTTP/1.1" 304 -
201.245.192.253 - - [13/Apr/2022:16:52:04 -0500] "GET /sipse/faces/javax.faces.resource/primefaces.js?ln=primefaces&v=4.0 HTTP/1.1" 304 -
201.245.192.253 - - [13/Apr/2022:16:52:04 -0500] "GET /sipse/faces/javax.faces.resource/layout/layout.js?ln=primefaces&v=4.0 HTTP/1.1" 304 -
201.245.192.253 - - [13/Apr/2022:16:52:04 -0500] "POST /sipse/faces/presentacion/financiero/solicitudAnulacion/solicitudAnulacion.xhtml HTTP/1.1" 200 10464
201.245.192.253 - - [13/Apr/2022:16:52:06 -0500] "POST /sipse/faces/presentacion/financiero/solicitudAnulacion/solicitudAnulacion.xhtml HTTP/1.1" 200 30239
201.245.192.253 - - [13/Apr/2022:16:52:07 -0500] "GET /sipse/faces/javax.faces.resource/theme.css?ln=primefaces-sipse HTTP/1.1" 304 -
201.245.192.253 - - [13/Apr/2022:16:52:07 -0500] "GET /sipse/faces/javax.faces.resource/primefaces.css?ln=primefaces&v=4.0 HTTP/1.1" 304 -
201.245.192.253 - - [13/Apr/2022:16:52:07 -0500] "GET /sipse/faces/javax.faces.resource/layout/layout.css?ln=primefaces&v=4.0 HTTP/1.1" 304 -
201.245.192.253 - - [13/Apr/2022:16:52:07 -0500] "GET /sipse/faces/javax.faces.resource/jquery/jquery.js?ln=primefaces&v=4.0 HTTP/1.1" 304 -
201.245.192.253 - - [13/Apr/2022:16:52:07 -0500] "GET /sipse/faces/javax.faces.resource/jquery/jquery-plugins.js?ln=primefaces&v=4.0 HTTP/1.1" 304 -
201.245.192.253 - - [13/Apr/2022:16:52:07 -0500] "GET /sipse/faces/javax.faces.resource/primefaces.js?ln=primefaces&v=4.0 HTTP/1.1" 304 -
201.245.192.253 - - [13/Apr/2022:16:52:07 -0500] "GET /sipse/faces/javax.faces.resource/layout/layout.js?ln=primefaces&v=4.0 HTTP/1.1" 304 -
191.95.134.236 - - [13/Apr/2022:16:53:47 -0500] "POST /forms/lservlet;jsessionid=ac16012b30d67a44bb81c8c84fbfb3fefa868ee56a9b.e3iSbxaKaheRe3iOaNeTahmObO1ynknvrkLOlQzNp65In0 HTTP/1.1" 200 2
172.22.2.4 - - [13/Apr/2022:16:54:38 -0500] "GET /BLA/boletinlegal/jurisprudencia/analisis/cuadro%20analisis%20sentencia%20c-554%20de%202007.doc HTTP/1.1" 200 35328
172.22.2.4 - - [13/Apr/2022:16:53:34 -0500] "HEAD /BLA/boletinlegal/ HTTP/1.1" 200 -
66.249.66.75 - - [13/Apr/2022:16:55:28 -0500] "-" 408 -
179.33.238.0 - - [13/Apr/2022:16:55:42 -0500] "GET /sipse/faces/faces/index.xhtml HTTP/1.1" 200 677
179.33.238.0 - - [13/Apr/2022:16:55:42 -0500] "GET /sipse/faces/javax.faces.resource/theme.css?ln=primefaces-sipse HTTP/1.1" 304 -
179.33.238.0 - - [13/Apr/2022:16:55:43 -0500] "GET /sipse/faces/faces/faces/autenticacion.xhtml HTTP/1.1" 200 12174
179.33.238.0 - - [13/Apr/2022:16:55:43 -0500] "GET /sipse/js/disable_browser_buttons.js HTTP/1.1" 304 -
179.33.238.0 - - [13/Apr/2022:16:55:43 -0500] "GET /sipse/js/funciones.js HTTP/1.1" 304 -
179.33.238.0 - - [13/Apr/2022:16:55:43 -0500] "GET /sipse/faces/javax.faces.resource/theme.css?ln=primefaces-sipse HTTP/1.1" 304 -
179.33.238.0 - - [13/Apr/2022:16:55:43 -0500] "GET /sipse/css/custom_css_sg.css HTTP/1.1" 304 -
179.33.238.0 - - [13/Apr/2022:16:55:43 -0500] "GET /sipse/css/custom_css_sg_prime_login.css HTTP/1.1" 304 -
179.33.238.0 - - [13/Apr/2022:16:55:43 -0500] "GET /sipse/faces/javax.faces.resource/primefaces.css?ln=primefaces&v=4.0 HTTP/1.1" 304 -
179.33.238.0 - - [13/Apr/2022:16:55:43 -0500] "GET /sipse/faces/javax.faces.resource/layout/layout.css?ln=primefaces&v=4.0 HTTP/1.1" 304 -
179.33.238.0 - - [13/Apr/2022:16:55:43 -0500] "GET /sipse/faces/javax.faces.resource/jquery/jquery.js?ln=primefaces&v=4.0 HTTP/1.1" 304 -
179.33.238.0 - - [13/Apr/2022:16:55:43 -0500] "GET /sipse/faces/javax.faces.resource/jquery/jquery-plugins.js?ln=primefaces&v=4.0 HTTP/1.1" 304 -
179.33.238.0 - - [13/Apr/2022:16:55:43 -0500] "GET /sipse/faces/javax.faces.resource/primefaces.js?ln=primefaces&v=4.0 HTTP/1.1" 304 -
179.33.238.0 - - [13/Apr/2022:16:55:43 -0500] "GET /sipse/faces/javax.faces.resource/layout/layout.js?ln=primefaces&v=4.0 HTTP/1.1" 304 -
179.33.238.0 - - [13/Apr/2022:16:55:44 -0500] "GET /sipse/css/imagen/logoSDG.png HTTP/1.1" 304 -
179.33.238.0 - - [13/Apr/2022:16:55:44 -0500] "GET /sipse/css/imagen/loginimg.png HTTP/1.1" 304 -
179.33.238.0 - - [13/Apr/2022:16:55:44 -0500] "GET /sipse/faces/javax.faces.resource/images/ui-icons_898989_256x240.png?ln=primefaces-aristo HTTP/1.1" 304 -
191.95.134.236 - - [13/Apr/2022:16:55:48 -0500] "POST /forms/lservlet;jsessionid=ac16012b30d67a44bb81c8c84fbfb3fefa868ee56a9b.e3iSbxaKaheRe3iOaNeTahmObO1ynknvrkLOlQzNp65In0 HTTP/1.1" 200 2
179.33.238.0 - - [13/Apr/2022:16:55:50 -0500] "POST /sipse/faces/autenticacion.xhtml HTTP/1.1" 200 2224
179.33.238.0 - - [13/Apr/2022:16:55:50 -0500] "GET /sipse/faces/javax.faces.resource/messages/messages.png?ln=primefaces&v=4.0 HTTP/1.1" 304 -
179.33.238.0 - - [13/Apr/2022:16:55:52 -0500] "POST /sipse/faces/autenticacion.xhtml HTTP/1.1" 200 16242
179.33.238.0 - - [13/Apr/2022:16:55:52 -0500] "GET /sipse/css/custom_css_sg_prime.css HTTP/1.1" 304 -
179.33.238.0 - - [13/Apr/2022:16:55:52 -0500] "GET /sipse/faces/javax.faces.resource/theme.css?ln=primefaces-sipse HTTP/1.1" 304 -
179.33.238.0 - - [13/Apr/2022:16:55:52 -0500] "GET /sipse/faces/javax.faces.resource/layout/layout.css?ln=primefaces&v=4.0 HTTP/1.1" 304 -
179.33.238.0 - - [13/Apr/2022:16:55:52 -0500] "GET /sipse/faces/javax.faces.resource/primefaces.css?ln=primefaces&v=4.0 HTTP/1.1" 304 -
179.33.238.0 - - [13/Apr/2022:16:55:52 -0500] "GET /sipse/js/jquery.min.js HTTP/1.1" 304 -
179.33.238.0 - - [13/Apr/2022:16:55:52 -0500] "GET /sipse/faces/javax.faces.resource/jquery/jquery.js?ln=primefaces&v=4.0 HTTP/1.1" 304 -
179.33.238.0 - - [13/Apr/2022:16:55:52 -0500] "GET /sipse/faces/javax.faces.resource/jquery/jquery-plugins.js?ln=primefaces&v=4.0 HTTP/1.1" 304 -
179.33.238.0 - - [13/Apr/2022:16:55:53 -0500] "GET /sipse/faces/javax.faces.resource/primefaces.js?ln=primefaces&v=4.0 HTTP/1.1" 304 -
179.33.238.0 - - [13/Apr/2022:16:55:53 -0500] "GET /sipse/faces/javax.faces.resource/layout/layout.js?ln=primefaces&v=4.0 HTTP/1.1" 304 -
179.33.238.0 - - [13/Apr/2022:16:55:53 -0500] "GET /sipse/imagenes/cargando.gif HTTP/1.1" 304 -
179.33.238.0 - - [13/Apr/2022:16:55:53 -0500] "GET /sipse/imagenes/logoAplicacion.jpg HTTP/1.1" 304 -
179.33.238.0 - - [13/Apr/2022:16:55:53 -0500] "GET /sipse/css/imagen/contrasena.png HTTP/1.1" 404 383
179.33.238.0 - - [13/Apr/2022:16:55:56 -0500] "GET /sipse/faces/javax.faces.resource/images/ui-bg_flat_0_2d5972_40x100.png?ln=primefaces-aristo HTTP/1.1" 304 -
179.33.238.0 - - [13/Apr/2022:16:55:56 -0500] "POST /sipse/faces/bienvenido.xhtml HTTP/1.1" 200 2658
179.33.238.0 - - [13/Apr/2022:16:55:58 -0500] "POST /sipse/faces/bienvenido.xhtml HTTP/1.1" 200 60663
179.33.238.0 - - [13/Apr/2022:16:55:58 -0500] "GET /sipse/faces/javax.faces.resource/layout/layout.css?ln=primefaces&v=4.0 HTTP/1.1" 304 -
179.33.238.0 - - [13/Apr/2022:16:55:58 -0500] "GET /sipse/faces/javax.faces.resource/theme.css?ln=primefaces-sipse HTTP/1.1" 304 -
179.33.238.0 - - [13/Apr/2022:16:55:58 -0500] "GET /sipse/faces/javax.faces.resource/primefaces.css?ln=primefaces&v=4.0 HTTP/1.1" 304 -
179.33.238.0 - - [13/Apr/2022:16:55:58 -0500] "GET /sipse/faces/javax.faces.resource/jquery/jquery.js?ln=primefaces&v=4.0 HTTP/1.1" 304 -
179.33.238.0 - - [13/Apr/2022:16:55:58 -0500] "GET /sipse/faces/javax.faces.resource/jquery/jquery-plugins.js?ln=primefaces&v=4.0 HTTP/1.1" 304 -
179.33.238.0 - - [13/Apr/2022:16:55:59 -0500] "GET /sipse/faces/javax.faces.resource/primefaces.js?ln=primefaces&v=4.0 HTTP/1.1" 304 -
179.33.238.0 - - [13/Apr/2022:16:55:59 -0500] "GET /sipse/faces/javax.faces.resource/layout/layout.js?ln=primefaces&v=4.0 HTTP/1.1" 304 -
179.33.238.0 - - [13/Apr/2022:16:55:59 -0500] "POST /sipse/faces/presentacion/financiero/solicitudProceso/listarSolicitudProceso.xhtml HTTP/1.1" 200 1452
172.22.2.4 - - [13/Apr/2022:16:54:24 -0500] "GET /BLA/boletinlegal/ HTTP/1.1" 200 59170
179.33.238.0 - - [13/Apr/2022:16:56:08 -0500] "POST /sipse/faces/presentacion/financiero/solicitudProceso/listarSolicitudProceso.xhtml HTTP/1.1" 200 124683
179.33.238.0 - - [13/Apr/2022:16:56:08 -0500] "GET /sipse/faces/javax.faces.resource/theme.css?ln=primefaces-sipse HTTP/1.1" 304 -
179.33.238.0 - - [13/Apr/2022:16:56:08 -0500] "GET /sipse/faces/javax.faces.resource/primefaces.css?ln=primefaces&v=4.0 HTTP/1.1" 304 -
179.33.238.0 - - [13/Apr/2022:16:56:08 -0500] "GET /sipse/faces/javax.faces.resource/layout/layout.css?ln=primefaces&v=4.0 HTTP/1.1" 304 -
179.33.238.0 - - [13/Apr/2022:16:56:09 -0500] "GET /sipse/faces/javax.faces.resource/jquery/jquery.js?ln=primefaces&v=4.0 HTTP/1.1" 304 -
179.33.238.0 - - [13/Apr/2022:16:56:09 -0500] "GET /sipse/faces/javax.faces.resource/jquery/jquery-plugins.js?ln=primefaces&v=4.0 HTTP/1.1" 304 -
179.33.238.0 - - [13/Apr/2022:16:56:09 -0500] "GET /sipse/faces/javax.faces.resource/primefaces.js?ln=primefaces&v=4.0 HTTP/1.1" 304 -
179.33.238.0 - - [13/Apr/2022:16:56:09 -0500] "GET /sipse/faces/javax.faces.resource/layout/layout.js?ln=primefaces&v=4.0 HTTP/1.1" 304 -
179.33.238.0 - - [13/Apr/2022:16:56:10 -0500] "GET /reportes_sipse/sdg/ServletReporte?reporte=solicitud_cdp&Solicitud=17732&pfdrid_c=false HTTP/1.1" 200 107544
172.22.2.4 - - [13/Apr/2022:16:56:36 -0500] "GET /BLA/boletinlegal/conceptos/2020/58.pdf HTTP/1.1" 200 293882
216.245.221.92 - - [13/Apr/2022:16:57:03 -0500] "HEAD / HTTP/1.1" 200 -
191.95.134.236 - - [13/Apr/2022:16:57:48 -0500] "POST /forms/lservlet;jsessionid=ac16012b30d67a44bb81c8c84fbfb3fefa868ee56a9b.e3iSbxaKaheRe3iOaNeTahmObO1ynknvrkLOlQzNp65In0 HTTP/1.1" 200 2
191.156.188.56 - - [13/Apr/2022:16:57:51 -0500] "GET /caminos-de-los-cerros-habilitados-en-esta-semana-santa-2022.html HTTP/1.1" 200 832
191.95.134.236 - - [13/Apr/2022:16:59:48 -0500] "POST /forms/lservlet;jsessionid=ac16012b30d67a44bb81c8c84fbfb3fefa868ee56a9b.e3iSbxaKaheRe3iOaNeTahmObO1ynknvrkLOlQzNp65In0 HTTP/1.1" 200 2
207.46.13.43 - - [13/Apr/2022:17:00:15 -0500] "GET /bla/resoluciones/resoluciones%202016/1246.pdf HTTP/1.1" 200 321755
172.22.2.4 - - [13/Apr/2022:16:59:24 -0500] "HEAD /BLA/boletinlegal/ HTTP/1.1" 200 -
172.22.2.4 - - [13/Apr/2022:17:00:14 -0500] "GET /BLA/boletinlegal/ HTTP/1.1" 200 55089
191.95.134.236 - - [13/Apr/2022:17:01:57 -0500] "POST /forms/lservlet;jsessionid=ac16012b30d67a44bb81c8c84fbfb3fefa868ee56a9b.e3iSbxaKaheRe3iOaNeTahmObO1ynknvrkLOlQzNp65In0 HTTP/1.1" 200 2
216.245.221.92 - - [13/Apr/2022:17:02:03 -0500] "HEAD / HTTP/1.1" 200 -
40.77.167.46 - - [13/Apr/2022:17:02:45 -0500] "GET /bla/resoluciones/resoluciones%202016/0890.pdf HTTP/1.1" 200 413987
191.95.134.236 - - [13/Apr/2022:17:03:57 -0500] "POST /forms/lservlet;jsessionid=ac16012b30d67a44bb81c8c84fbfb3fefa868ee56a9b.e3iSbxaKaheRe3iOaNeTahmObO1ynknvrkLOlQzNp65In0 HTTP/1.1" 200 2
179.33.238.0 - - [13/Apr/2022:17:04:01 -0500] "POST /sipse/faces/presentacion/financiero/solicitudProceso/consultarSolicitudProceso.xhtml HTTP/1.1" 200 1139478
66.249.66.85 - - [13/Apr/2022:17:04:15 -0500] "-" 408 -
186.155.157.215 - - [13/Apr/2022:17:04:25 -0500] "GET /en-semana-santa-jardin-botanico-una-opcion-vital-para-reconectarse-y-vivir-la-naturaleza.html?fbclid=IwAR3yQCd1MtdK62QRGkVImH5kJN_zHTJm7i1UzKGTok3-42pM8nUuAavCFSU HTTP/1.1" 200 1012
191.95.134.236 - - [13/Apr/2022:17:05:58 -0500] "POST /forms/lservlet;jsessionid=ac16012b30d67a44bb81c8c84fbfb3fefa868ee56a9b.e3iSbxaKaheRe3iOaNeTahmObO1ynknvrkLOlQzNp65In0 HTTP/1.1" 200 2
173.252.111.14 - - [13/Apr/2022:17:06:31 -0500] "GET /images/JBB1.jpeg HTTP/1.1" 200 90628
172.22.2.4 - - [13/Apr/2022:17:05:14 -0500] "HEAD /BLA/boletinlegal/ HTTP/1.1" 200 -
216.245.221.92 - - [13/Apr/2022:17:07:03 -0500] "HEAD / HTTP/1.1" 200 -
172.22.2.4 - - [13/Apr/2022:17:06:04 -0500] "GET /BLA/boletinlegal/ HTTP/1.1" 200 57542
191.95.134.236 - - [13/Apr/2022:17:07:58 -0500] "POST /forms/lservlet;jsessionid=ac16012b30d67a44bb81c8c84fbfb3fefa868ee56a9b.e3iSbxaKaheRe3iOaNeTahmObO1ynknvrkLOlQzNp65In0 HTTP/1.1" 200 2
172.22.2.4 - - [13/Apr/2022:17:08:04 -0500] "GET /BLA/boletinlegal/_ignition/execute-solution HTTP/1.1" 404 1018
191.95.21.34 - - [13/Apr/2022:17:09:38 -0500] "GET /BLA/resoluciones/index.php?dir=AUTOS+2010%2F HTTP/1.1" 200 274821
191.95.134.236 - - [13/Apr/2022:17:10:07 -0500] "POST /forms/lservlet;jsessionid=ac16012b30d67a44bb81c8c84fbfb3fefa868ee56a9b.e3iSbxaKaheRe3iOaNeTahmObO1ynknvrkLOlQzNp65In0 HTTP/1.1" 200 2
207.46.13.157 - - [13/Apr/2022:17:10:23 -0500] "GET /BLA/resoluciones/index.php?dir=AUTOS+2019%2F HTTP/1.1" 200 342653
216.245.221.92 - - [13/Apr/2022:17:12:03 -0500] "HEAD / HTTP/1.1" 200 -
191.95.134.236 - - [13/Apr/2022:17:12:07 -0500] "POST /forms/lservlet;jsessionid=ac16012b30d67a44bb81c8c84fbfb3fefa868ee56a9b.e3iSbxaKaheRe3iOaNeTahmObO1ynknvrkLOlQzNp65In0 HTTP/1.1" 200 2
181.53.12.137 - - [13/Apr/2022:17:12:25 -0500] "GET /BLA/resoluciones/ HTTP/1.1" 200 13093
181.53.12.137 - - [13/Apr/2022:17:12:34 -0500] "GET /BLA/resoluciones/index.php?dir=RESOLUCIONES+2014%2F HTTP/1.1" 200 331298
181.53.12.137 - - [13/Apr/2022:17:12:35 -0500] "GET /BLA/resoluciones/dlf/unknown.png HTTP/1.1" 200 266
172.22.2.4 - - [13/Apr/2022:17:11:04 -0500] "HEAD /BLA/boletinlegal/ HTTP/1.1" 200 -
181.53.12.137 - - [13/Apr/2022:17:12:52 -0500] "GET /BLA/resoluciones/RESOLUCIONES%202014/2242.pdf HTTP/1.1" 200 2473845
172.22.2.4 - - [13/Apr/2022:17:11:54 -0500] "GET /BLA/boletinlegal/ HTTP/1.1" 200 56669
191.95.134.236 - - [13/Apr/2022:17:14:08 -0500] "POST /forms/lservlet;jsessionid=ac16012b30d67a44bb81c8c84fbfb3fefa868ee56a9b.e3iSbxaKaheRe3iOaNeTahmObO1ynknvrkLOlQzNp65In0 HTTP/1.1" 200 2
216.245.221.92 - - [13/Apr/2022:17:17:03 -0500] "HEAD / HTTP/1.1" 200 -
172.22.2.4 - - [13/Apr/2022:17:16:54 -0500] "HEAD /BLA/boletinlegal/ HTTP/1.1" 200 -
167.248.133.44 - - [13/Apr/2022:17:18:36 -0500] "GET / HTTP/1.1" 200 319
167.248.133.44 - - [13/Apr/2022:17:18:37 -0500] "PRI * HTTP/2.0" 400 946
172.22.2.4 - - [13/Apr/2022:17:17:44 -0500] "GET /BLA/boletinlegal/ HTTP/1.1" 200 55877
167.94.138.47 - - [13/Apr/2022:17:19:25 -0500] "GET / HTTP/1.1" 200 319
167.94.138.47 - - [13/Apr/2022:17:19:25 -0500] "GET / HTTP/1.1" 200 319
167.94.138.47 - - [13/Apr/2022:17:19:26 -0500] "PRI * HTTP/2.0" 400 946
66.249.66.75 - - [13/Apr/2022:17:20:13 -0500] "-" 408 -
190.24.58.76 - - [13/Apr/2022:17:20:42 -0500] "GET /caminos-de-los-cerros-habilitados-en-esta-semana-santa-2022.html HTTP/1.1" 200 832
216.245.221.92 - - [13/Apr/2022:17:22:03 -0500] "HEAD / HTTP/1.1" 200 -
181.237.58.219 - - [13/Apr/2022:17:23:09 -0500] "GET /documents/10184/2325415/pieza-concurso-buenas-practicas-20-septiembre.jpg HTTP/1.1" 404 1132
201.245.192.253 - - [13/Apr/2022:17:22:38 -0500] "POST /kwsrmcab/Wsrmcab HTTP/1.1" 200 45436
201.245.192.253 - - [13/Apr/2022:17:23:26 -0500] "POST /kwsrmcab/Wsrmcab HTTP/1.1" 200 45782
172.22.2.4 - - [13/Apr/2022:17:22:44 -0500] "HEAD /BLA/boletinlegal/ HTTP/1.1" 200 -
200.68.136.71 - - [13/Apr/2022:17:25:06 -0500] "GET /galeria/galeria/jquery.fancybox.css?v=2.1.5 HTTP/1.1" 200 4895
200.68.136.71 - - [13/Apr/2022:17:25:06 -0500] "GET /galeria/galeria/jquery.fancybox.js?v=2.1.5 HTTP/1.1" 200 48706
200.68.136.71 - - [13/Apr/2022:17:25:06 -0500] "GET /BLA/boletinlegal/js/jquery.scrollShow.js HTTP/1.1" 200 4586
172.22.2.4 - - [13/Apr/2022:17:23:34 -0500] "GET /BLA/boletinlegal/ HTTP/1.1" 200 59170
66.249.66.75 - - [13/Apr/2022:17:27:15 -0500] "-" 408 -
199.16.157.180 - - [13/Apr/2022:17:28:04 -0500] "GET /documents/10184/2325415/pieza-concurso-buenas-practicas-20-septiembre.jpg HTTP/1.1" 404 1030
216.245.221.92 - - [13/Apr/2022:17:28:54 -0500] "HEAD / HTTP/1.1" 200 -
157.230.60.176 - - [13/Apr/2022:17:29:28 -0500] "HEAD / HTTP/1.0" 200 -
157.230.60.176 - - [13/Apr/2022:17:29:30 -0500] "GET /system_api.php HTTP/1.1" 404 1018
157.230.60.176 - - [13/Apr/2022:17:29:32 -0500] "GET /c/version.js HTTP/1.1" 404 1018
157.230.60.176 - - [13/Apr/2022:17:29:34 -0500] "GET /streaming/clients_live.php HTTP/1.1" 404 1018
69.171.249.19 - - [13/Apr/2022:17:29:34 -0500] "GET /images/zapatos-negocios-8-abril.jpg HTTP/1.1" 200 25964
