181.55.68.25 - - [14/Apr/2022:11:06:26 -0500] "GET /kwssiamovil/sm/acme/a?s=U2FsdGVkX1859gDLF0PUHkOxRqYO3qUibJjSSC5mskJwGolK1Lxp25+XMDiFRjJfyGtiwmH0W2dEoTi3+TE6t4daWbHuf6d9hbRWLDjGRibYdoHrofaXvM+4UinSiiQQEugCBvXIQwYIqBjrpmxjSmMWCy3JQba25BATCeQ6U9Y=&u=U2FsdGVkX1+HJlmiGA7l0arClM7bg57BMzkrGfZXCOw=&y=U2FsdGVkX1/84y0sJ7OTTsKfR6Q53ggb01ETi13zhTJ5CWqHX7wP7tTSWHiD5c32 HTTP/1.1" 200 25
181.55.68.25 - - [14/Apr/2022:11:06:26 -0500] "GET /kwssiamovil/sm/acme/a?s=U2FsdGVkX19lTWMPcSpnAoIbFeQ65NegLlmiT063/AIm/PW4oaMLxNi7gwGUsocBIwdzhJKMf44xJaC6Bm1SkT/fEf9fyf70evV8ptsLL01wgNMSRbPszxol10vwhtuDPF9cQ+ZRwu/v5FCjzpPk3UNhe3aFit7DNWbD/jR7xSA=&u=U2FsdGVkX1+HJlmiGA7l0arClM7bg57BMzkrGfZXCOw=&y=U2FsdGVkX1/84y0sJ7OTTsKfR6Q53ggb01ETi13zhTJ5CWqHX7wP7tTSWHiD5c32 HTTP/1.1" 200 25
181.55.68.25 - - [14/Apr/2022:11:06:26 -0500] "GET /kwssiamovil/sm/acme/a?s=U2FsdGVkX1+6RRHEFW3qQu5QhKeMLcwkEzLSqwaro+fA/VJyNomnwg2F87/JAScB1bPzEgH/nopKDKA4zfoPW5WaFDVJNqTA8v9xf/brw0acSDqoOiJdBpsCkkzWFhVRZeVv7z1yN1HsdFjVkKwuiY6MPYGSNpOm/hFIZf8EsnLe77BJbbqAcNYOKyzjsdyy&u=U2FsdGVkX1+HJlmiGA7l0arClM7bg57BMzkrGfZXCOw=&y=U2FsdGVkX1/84y0sJ7OTTsKfR6Q53ggb01ETi13zhTJ5CWqHX7wP7tTSWHiD5c32 HTTP/1.1" 200 25
181.55.68.25 - - [14/Apr/2022:11:06:26 -0500] "GET /kwssiamovil/sm/acme/a?s=U2FsdGVkX1/saxtOM7vuJZLq26JnOHV1zpyhSYpM+eMTmr3RAZK4nkFaYGfKIr6hj/KIe61DXSMSwyYgcPYieHOmpAhGA1MJM0mNqFE/cg3Bwl/1AUCKCfxNUJ/BNoM1oBi2BNc0sGNtBaY8gfFYpEn6ypPPC84ePeRmY1MHsnSzwUWrfadriZQ9r7n02opishFcuyD3V/loAWTmT6nS1cOL+mMC+RO8hlilIsGsbg7ObLPe7iuVtl0vcMkpZxrR9efaSfO0Q9T1rUGBuWatcpmRHQzECQcJUC2FqW4kQlNQczCYynqQtCczj3vygMscINdIU49Tx7yzj/NHwDjzWZK28+5M939r8F7QSlf2siWtgAUGm5IN1ExO/pe47LkDV2Xu+wU9quiVewmR/0glW4axSXq4mqudAod2ejtr9VQ=&u=U2FsdGVkX1+HJlmiGA7l0arClM7bg57BMzkrGfZXCOw=&y=U2FsdGVkX1/84y0sJ7OTTsKfR6Q53ggb01ETi13zhTJ5CWqHX7wP7tTSWHiD5c32 HTTP/1.1" 200 24
181.55.68.25 - - [14/Apr/2022:11:06:26 -0500] "GET /kwssiamovil/sm/acme/a?s=U2FsdGVkX18DK1f9o8c2xvXp+ZKB3R9lIJabEdXO3TTyD/YMK/ZWT+0G0tDXNXJow8XZKqXQA2tXiTmpuoTSQUz/bwT6WEqLzr9ptprk7eoni4HyasEhh7L6+Gs76/e34p9tiLDPyglGiSV8LNLivod4ttY+K0eCxDu3CX+KwMfHiNYVOcA/zAAst1Aut5EBNd++u+oB3wwMkL+blUZvoSnYJDrKSzZEZkjOLYXOdLrntY2AshIybWKaw+45O2D0tHuSQXK1rBaZfPCDmsGphfCcNoA4I0OPi8/jBz8uoWSXdeVzHzXh+Bd14Y70nhv7c3YjFAZ8ALHaPLgtCTE+TaQneZJ9VdOrOQ23VExSmMXrf6uAz+56KjjWK9IFxRL4&u=U2FsdGVkX1+HJlmiGA7l0arClM7bg57BMzkrGfZXCOw=&y=U2FsdGVkX1/84y0sJ7OTTsKfR6Q53ggb01ETi13zhTJ5CWqHX7wP7tTSWHiD5c32 HTTP/1.1" 200 24
172.22.2.4 - - [14/Apr/2022:11:06:33 -0500] "GET /BLA/boletinlegal/images/screen_2.png HTTP/1.1" 200 362502
172.22.2.4 - - [14/Apr/2022:11:06:33 -0500] "GET /BLA/boletinlegal/images/screen_3.png HTTP/1.1" 200 210620
172.22.2.4 - - [14/Apr/2022:11:06:33 -0500] "GET /BLA/boletinlegal/images/screen_5.png HTTP/1.1" 200 368876
172.22.2.4 - - [14/Apr/2022:11:06:33 -0500] "GET /BLA/boletinlegal/images/arr_r.jpg HTTP/1.1" 200 1998
172.22.2.4 - - [14/Apr/2022:11:06:43 -0500] "GET /BLA/boletinlegal/images/pdf.gif HTTP/1.1" 200 567
172.22.2.4 - - [14/Apr/2022:11:07:14 -0500] "GET /BLA/boletinlegal/images/body_bg.jpg HTTP/1.1" 200 1601
172.22.2.4 - - [14/Apr/2022:11:07:14 -0500] "GET /BLA/boletinlegal/images/menu_lft.gif HTTP/1.1" 200 1713
172.22.2.4 - - [14/Apr/2022:11:07:14 -0500] "GET /BLA/boletinlegal/images/menu_rght.gif HTTP/1.1" 200 1627
172.22.2.4 - - [14/Apr/2022:11:07:14 -0500] "GET /BLA/boletinlegal/images/bg_top.jpg HTTP/1.1" 200 522
172.22.2.4 - - [14/Apr/2022:11:07:14 -0500] "GET /BLA/boletinlegal/images/menu_bg.jpg HTTP/1.1" 200 620
172.22.2.4 - - [14/Apr/2022:11:07:14 -0500] "GET /BLA/boletinlegal/images/hover.jpg HTTP/1.1" 200 640
172.22.2.4 - - [14/Apr/2022:11:07:14 -0500] "GET /BLA/boletinlegal/images/text.jpg HTTP/1.1" 200 568
172.22.2.4 - - [14/Apr/2022:11:07:14 -0500] "GET /BLA/boletinlegal/images/footer_bg.jpg HTTP/1.1" 200 586
172.22.2.4 - - [14/Apr/2022:11:05:48 -0500] "HEAD /BLA/boletinlegal/ HTTP/1.1" 200 -
186.29.191.243 - - [14/Apr/2022:11:07:52 -0500] "GET /BLA/resoluciones/ HTTP/1.1" 200 13093
172.22.2.4 - - [14/Apr/2022:11:06:25 -0500] "GET /BLA/boletinlegal/ HTTP/1.1" 200 44924
172.22.2.4 - - [14/Apr/2022:11:06:39 -0500] "GET /BLA/boletinlegal/ HTTP/1.1" 200 46066
186.29.191.243 - - [14/Apr/2022:11:08:26 -0500] "GET /BLA/resoluciones/index.php?dir=RESOLUCIONES+2008%2F HTTP/1.1" 200 976272
186.29.191.243 - - [14/Apr/2022:11:08:27 -0500] "GET /BLA/resoluciones/dlf/unknown.png HTTP/1.1" 200 266
186.29.191.243 - - [14/Apr/2022:11:08:27 -0500] "GET /BLA/resoluciones/RESOLUCIONES%202008/0013.pdf HTTP/1.1" 200 181445
186.29.191.243 - - [14/Apr/2022:11:08:59 -0500] "GET /BLA/resoluciones/RESOLUCIONES%202008/4207.pdf HTTP/1.1" 200 302153
144.76.94.113 - - [14/Apr/2022:11:09:11 -0500] "HEAD /en-semana-santa-no-uses-palmas-ni-traigas-o-consumas-animales-silvestres.html HTTP/1.1" 200 -
216.245.221.92 - - [14/Apr/2022:11:10:30 -0500] "HEAD / HTTP/1.1" 200 -
207.46.13.43 - - [14/Apr/2022:11:10:44 -0500] "GET /BLA/resoluciones/index.php?dir=RESOLUCIONES+2006%2F HTTP/1.1" 200 38542
117.148.130.28 - - [14/Apr/2022:11:11:28 -0500] "HEAD /galeria/galeria/fotos/2GuaymaralTorcaG2.jpg HTTP/1.1" 200 -
200.118.62.208 - - [14/Apr/2022:11:11:35 -0500] "GET /caminos-de-los-cerros-habilitados-en-esta-semana-santa-2022.html HTTP/1.1" 200 832
172.22.2.4 - - [14/Apr/2022:11:11:38 -0500] "HEAD /BLA/boletinlegal/ HTTP/1.1" 200 -
172.22.2.4 - - [14/Apr/2022:11:12:29 -0500] "GET /BLA/boletinlegal/ HTTP/1.1" 200 58588
66.249.65.17 - - [14/Apr/2022:11:14:16 -0500] "-" 408 -
172.22.2.4 - - [14/Apr/2022:11:14:22 -0500] "GET /BLA/boletinlegal/actos.php HTTP/1.1" 200 9559
172.22.2.4 - - [14/Apr/2022:11:14:23 -0500] "GET /BLA/boletinlegal/favicon.ico HTTP/1.1" 404 1326
172.22.2.4 - - [14/Apr/2022:11:14:25 -0500] "GET /BLA/boletinlegal/consulta_actos.php?tipo=autos&no=&usuario=&sector=&fecha=2022&resuelve= HTTP/1.1" 200 20288
186.154.24.21 - - [14/Apr/2022:11:14:28 -0500] "GET /BLA/resoluciones/AUTOS%202022/6018.pdf HTTP/1.1" 200 348181
212.129.11.42 - - [14/Apr/2022:11:14:37 -0500] "GET /en-semana-santa-no-uses-palmas-ni-traigas-o-consumas-animales-silvestres.html HTTP/1.1" 200 959
212.129.11.42 - - [14/Apr/2022:11:14:37 -0500] "GET /images/semana-santa-ramos-policia-7-abril.jpg HTTP/1.1" 200 43922
216.245.221.92 - - [14/Apr/2022:11:15:30 -0500] "HEAD / HTTP/1.1" 200 -
172.22.2.4 - - [14/Apr/2022:11:14:20 -0500] "GET /BLA/boletinlegal/ HTTP/1.1" 200 63342
45.155.204.146 - - [14/Apr/2022:11:17:45 -0500] "POST /cgi-bin/.%2e/.%2e/.%2e/.%2e/bin/sh HTTP/1.1" 400 945
186.84.22.193 - - [14/Apr/2022:11:18:12 -0500] "GET /BLA/resoluciones/index.php?dir= HTTP/1.1" 200 13093
186.84.22.193 - - [14/Apr/2022:11:18:18 -0500] "GET /BLA/resoluciones/index.php?dir=AUTOS+2014%2F HTTP/1.1" 200 873900
186.84.22.193 - - [14/Apr/2022:11:18:20 -0500] "GET /BLA/resoluciones/dlf/unknown.png HTTP/1.1" 200 266
172.22.2.4 - - [14/Apr/2022:11:17:28 -0500] "HEAD /BLA/boletinlegal/ HTTP/1.1" 200 -
172.22.2.4 - - [14/Apr/2022:11:18:19 -0500] "GET /BLA/boletinlegal/ HTTP/1.1" 200 59170
216.245.221.92 - - [14/Apr/2022:11:20:30 -0500] "HEAD / HTTP/1.1" 200 -
181.55.68.25 - - [14/Apr/2022:11:22:42 -0500] "OPTIONS /kwssiamovil/sm/setfile/f? HTTP/1.1" 200 13
181.55.68.25 - - [14/Apr/2022:11:22:42 -0500] "POST /kwssiamovil/sm/setfile/f? HTTP/1.1" 200 381
181.55.68.25 - - [14/Apr/2022:11:22:59 -0500] "GET /kwssiamovil/sm/acme/a?s=U2FsdGVkX1+xjn3Ivr++0mXkznThOvLGnMjhLNLz7chRH4qra6B75vqqEHQlE5SjDNhxbodSuIoCa3IeumbhB5cl/DqNc3Q71fLO6XTHJc84gy8uVu+2d9uXYAH1SgL78kbZmL2Zk6JbyEvzJs1e/lLf7sI9Dhfcp9Xvb7BDx5wW5TJOzGg4j9hil1v4sZshVFQrXNSrjWVLG/Al3ivF27JGmi6T3DCNoL2Syo//6rvpxI9frVwlEYEXtufucAcasBWneuadfVv6X2g89fgXdQ==&u=U2FsdGVkX1+HJlmiGA7l0arClM7bg57BMzkrGfZXCOw=&y=U2FsdGVkX1/84y0sJ7OTTsKfR6Q53ggb01ETi13zhTJ5CWqHX7wP7tTSWHiD5c32 HTTP/1.1" 200 25
181.55.68.25 - - [14/Apr/2022:11:22:59 -0500] "GET /kwssiamovil/sm/acme/a?s=U2FsdGVkX1+Wr5spznFwwg4bX3W9cDF8dqbzrvREuHSZk51FQWN+6xtVFb9vam2Vu5d6DfxyqucwZXEotD1gu3iuxvqDhAYC5So/sgLfVA7o22xEOwxLf575kUM4GfA+R3o3ozX0XKxwv2WuXzb/a/XLQiqeNWA5w4OC0tIUIuEH0JKxNOWd+wJDkntLwLhAJ6nt1e+PCzG4JBtVCV8kSG1RwdELD5jUBASgPbN6lgIOU+nuRubQ9v5XL7g6rP1d7+3GRKJTIzWTziaARAEaKRXn2jhgBS6HEr+wOplx2UmunoeSDgA8WNAxVRTiqMZf9MGMrWc7fJWeZnR+n3WNJcFueWZyJZPYa427H59UmvYSH50kWu8s+lgLZn1AvL1iT/K3gBCDY9Kvr65XF5Z0U1dQDewmtwG42XmaM8igLPqCpAtfua6a0hDpfYLlWSkbJXDy6vtS+/iQ5k4DsPmrtpm7qT0MfZ9T3OSLwmnxmsH0xohULFRPvqOjL9J/YPEkUipPbHYck+4YUedYvfeE5EvGoCDZHnUqvvELJ0Rw7H3wATSiArDjcQWyi6SiGcWLSjs6JzA2iSSSJd4HwvuN/JBrLpUsA6b+7Ea8het2fHoWigXrukfxQtHpfHMb85cVYcJSyL0p1TH+YUvarafS7kOrh0hMrI3HsDWHNm8yyVjmahtpenWYqRbpNQb59BwYt23qRm6uWWuuTuWCs8zF1PzH08qsAQuxJLhtdOOUOIAa47HPi4Amk7TeMJCBk5TSUZrEULyPANQe+ZaVz6k9y226U4MpgzZ3MIAaWdwiTFKXoUOgTpc3Ob0nzagNQ3kboR2ZULGzQWjyn2HAcbVBVaO0c/qtpq6oDvA4ZW2Z4k4uy1z06QxnRogmuSQkH57wrQpupsuUyJtXvOVrz93B0IR3JKNfBMSSw/n26kzCs5ryvRwlcp5gy7WSsm2d/pd/2N7Tbs4In88SpIx3CB0yfLVe7nxS78LEtpwIhJdg9fr6cjtlTnFbitk38fzhpQoekcNHRC1Fdg01trRvx9Pmh5fx0OIGzZSYHFyrbCRab/zAJ0h7oDqtoSRyAUJVW+CujiWNeTjKEpxvBUHPqf4Y27omfKvYvCG4lAp4IpvaSmUA1qx1dPLBbw4V9lMzqTUf4/2HSzokYjwxJ1VLozRBKDz0YhRNlpH24PwT/0TvoYP9FQWOX7S/9NpQLkh7JSlr7JlU0o3JdaoYu9UAsPvC8d24Hwz9GHVFgocIquGFBDyjOyvrhyPtcbFsk+nlUspqpeXLNeGRZSM/L2Exw4lUba3HyhUbpeGa2L1+c/gN9vQ+fpP5Eb4apzV8tmLWfwMFL0gvAngj3giDADzm73587ngA91HA7xt3lRNTwZ1yELsrVK9mpFSHf84zesPYfsJu34rtf3O87gRY2iNuX+izvVs1SoS2CEbFWTYY7scp0OWeXOnily+0QHlzRfaaMxNeLoZDkDzTlfGka4JR1SLb+4JzYBWxktF+goL/sBs01cNKF46fQzcNwnmB2Z68zHNJwNrEAcLfFpvwfEOR2y0hd9glYUV4M3KbW1Zgk1mXtgtvEuSFcUpS8RyjhU/J0Xljxnz2+o2ZsOFCYaE5d8Q3QQ==&u=U2FsdGVkX1+HJlmiGA7l0arClM7bg57BMzkrGfZXCOw=&y=U2FsdGVkX1/84y0sJ7OTTsKfR6Q53ggb01ETi13zhTJ5CWqHX7wP7tTSWHiD5c32 HTTP/1.1" 200 25
181.55.68.25 - - [14/Apr/2022:11:23:00 -0500] "GET /kwssiamovil/sm/acme/a?s=U2FsdGVkX18zRwmAP4mzmFF5TRcQD+WlBhBRj96Mn3GDuwHH7FdqJb3QI8Bt9KsveHyLnp1PmWWyuiqiYxmHGLFRQxSuZw2I89Mc3d+bCMnrg4PM86SOA3CYL70Wk+mMMFSJ5QV6Z7zgUHb26d6OelYgGQpBI5L+qomK6TqGGF4=&u=U2FsdGVkX1+HJlmiGA7l0arClM7bg57BMzkrGfZXCOw=&y=U2FsdGVkX1/84y0sJ7OTTsKfR6Q53ggb01ETi13zhTJ5CWqHX7wP7tTSWHiD5c32 HTTP/1.1" 200 25
181.55.68.25 - - [14/Apr/2022:11:23:00 -0500] "GET /kwssiamovil/sm/acme/a?s=U2FsdGVkX19S7/D/W5mieDjupvjLOWXnnF+5O9PVYTvZRiUjCcoY/Lfvb8CmMtpfN8iR+HF40IKzbrj62JccortWOTHr+VSPIuhJvoRtXoZeJsXG4UeTpQtPrUgKTD+8AC4IFIU6cZiPu3do4J2gh8DELKY1uQB7suBasIf+uEc=&u=U2FsdGVkX1+HJlmiGA7l0arClM7bg57BMzkrGfZXCOw=&y=U2FsdGVkX1/84y0sJ7OTTsKfR6Q53ggb01ETi13zhTJ5CWqHX7wP7tTSWHiD5c32 HTTP/1.1" 200 25
181.55.68.25 - - [14/Apr/2022:11:23:00 -0500] "GET /kwssiamovil/sm/acme/a?s=U2FsdGVkX1+/umr94mU71DvSXxq8iCSqVpKZMYeKjSKoWpnJKrn70L8uy61Zru6fHecoLruK7xGSK1apJ3u72xewx8/7QizkihzY8p9Kvauk5RSxwJh1pZ2qKMpzBRylgIZYUkzC0nVtMtGOKm8Tps1EtiNFer3N7ChF2h7apFU=&u=U2FsdGVkX1+HJlmiGA7l0arClM7bg57BMzkrGfZXCOw=&y=U2FsdGVkX1/84y0sJ7OTTsKfR6Q53ggb01ETi13zhTJ5CWqHX7wP7tTSWHiD5c32 HTTP/1.1" 200 25
181.55.68.25 - - [14/Apr/2022:11:23:00 -0500] "GET /kwssiamovil/sm/acme/a?s=U2FsdGVkX19i5KYJFwYSxeFAa+F0jfdanL8Mk4IqQeA0kzGMciKAZfgoyeMw1To866XSKO0uCtQzo43/4JtphtLXG/RrtAkKFSocEMzIXT6Tz08b+zwyivOPPqnsKb3iOHNI6iiky5RX3ZRImXj/fAXmY9rWPiWhmUdaugKZ7qtA7DkbCyA/T7sUf7MP8y3t&u=U2FsdGVkX1+HJlmiGA7l0arClM7bg57BMzkrGfZXCOw=&y=U2FsdGVkX1/84y0sJ7OTTsKfR6Q53ggb01ETi13zhTJ5CWqHX7wP7tTSWHiD5c32 HTTP/1.1" 200 25
181.55.68.25 - - [14/Apr/2022:11:23:00 -0500] "GET /kwssiamovil/sm/acme/a?s=U2FsdGVkX1/ONU/y0hS3jErbsngq2oLUYq9FswBiZyce1Qaw/80uvxg7hubrcm6nCGppTwACrI6xDiNWuDud7pGO5Vo9fmZvjEFNIBZrwIA/KhvTCBf75q0voM3v6CvKBy3EFC6GLKza8ruSNBq8mO4+o8QqKZqglZaBH57ERjwkQ02wJMO6wOGykRNcy3m/kjZ1f4E/1wCfHkJp9bLnZ06eb5kha2pHjZqSZAxYP/QpTAGnT8isg88O5qTDmz2xrOlMOS6tQDOizBgriY1bbprhZfs42X/jIPpsCs02u/Q=&u=U2FsdGVkX1+HJlmiGA7l0arClM7bg57BMzkrGfZXCOw=&y=U2FsdGVkX1/84y0sJ7OTTsKfR6Q53ggb01ETi13zhTJ5CWqHX7wP7tTSWHiD5c32 HTTP/1.1" 200 24
181.55.68.25 - - [14/Apr/2022:11:23:01 -0500] "GET /kwssiamovil/sm/acme/a?s=U2FsdGVkX1+FeMAYmHpj8BTW5O/vEF3Jq6cQt0kgwLdxzFja//2qc5vJsDboqu6+jCzeuVx8n2Q4b7YtE5aQLtsjePH8b+FFzyawxLGXw5mM+utBVijVESpqBJhJaxoujleZNyxetv9vRbFcDhxEdieCgn5XpEykHc1FNOjb5O+qdj7hJtO0jza91sHRPLvaUhrAevNzy1OB9W9DWvGUUsEAn0DA63+/H0wjhlVYxdl4TDqWdAb1Ge2nVssvT+Tb&u=U2FsdGVkX1+HJlmiGA7l0arClM7bg57BMzkrGfZXCOw=&y=U2FsdGVkX1/84y0sJ7OTTsKfR6Q53ggb01ETi13zhTJ5CWqHX7wP7tTSWHiD5c32 HTTP/1.1" 200 24
201.245.192.253 - - [14/Apr/2022:11:22:34 -0500] "POST /kwsrmcab/Wsrmcab HTTP/1.1" 200 45019
201.245.192.253 - - [14/Apr/2022:11:23:24 -0500] "POST /kwsrmcab/Wsrmcab HTTP/1.1" 200 45491
45.137.21.208 - - [14/Apr/2022:11:24:45 -0500] "GET http://example.com/ HTTP/1.1" 200 319
172.22.2.4 - - [14/Apr/2022:11:23:18 -0500] "HEAD /BLA/boletinlegal/ HTTP/1.1" 200 -
216.245.221.92 - - [14/Apr/2022:11:25:30 -0500] "HEAD / HTTP/1.1" 200 -
172.22.2.4 - - [14/Apr/2022:11:24:09 -0500] "GET /BLA/boletinlegal/ HTTP/1.1" 200 59170
103.178.237.132 - - [14/Apr/2022:11:26:47 -0500] "GET / HTTP/1.1" 200 319
216.245.221.92 - - [14/Apr/2022:11:30:30 -0500] "HEAD / HTTP/1.1" 200 -
172.22.2.4 - - [14/Apr/2022:11:29:08 -0500] "HEAD /BLA/boletinlegal/ HTTP/1.1" 200 -
172.22.2.4 - - [14/Apr/2022:11:29:59 -0500] "GET /BLA/boletinlegal/ HTTP/1.1" 200 61416
167.0.36.3 - - [14/Apr/2022:11:31:42 -0500] "GET /BLA/resoluciones/ HTTP/1.1" 200 13093
167.0.36.3 - - [14/Apr/2022:11:31:43 -0500] "GET /BLA/resoluciones/dlf/styles.css HTTP/1.1" 200 3049
167.0.36.3 - - [14/Apr/2022:11:31:43 -0500] "GET /BLA/resoluciones/dlf/folder.png HTTP/1.1" 200 410
167.0.36.3 - - [14/Apr/2022:11:31:43 -0500] "GET /BLA/resoluciones/dlf/bg.gif HTTP/1.1" 200 54
167.0.36.3 - - [14/Apr/2022:11:31:53 -0500] "GET /BLA/resoluciones/index.php?dir=AUTOS+2014%2F HTTP/1.1" 200 12235
167.0.36.3 - - [14/Apr/2022:11:31:54 -0500] "GET /BLA/resoluciones/dlf/dirup.png HTTP/1.1" 200 644
167.0.36.3 - - [14/Apr/2022:11:31:54 -0500] "GET /BLA/resoluciones/dlf/pdf.gif HTTP/1.1" 200 272
167.0.36.3 - - [14/Apr/2022:11:31:53 -0500] "GET /BLA/resoluciones/index.php?dir=AUTOS+2014%2F HTTP/1.1" 200 873900
167.0.36.3 - - [14/Apr/2022:11:32:02 -0500] "GET /BLA/resoluciones/dlf/unknown.png HTTP/1.1" 200 266
167.0.36.3 - - [14/Apr/2022:11:32:11 -0500] "GET /BLA/resoluciones/AUTOS%202014/0132.pdf HTTP/1.1" 200 509595
190.217.106.2 - - [14/Apr/2022:11:33:20 -0500] "GET /forest/ HTTP/1.1" 200 12041
201.245.192.253 - - [14/Apr/2022:11:32:35 -0500] "POST /kwsrmcab/Wsrmcab HTTP/1.1" 200 45019
190.217.106.2 - - [14/Apr/2022:11:33:51 -0500] "POST /forest/index.php HTTP/1.1" 200 12268
201.245.192.253 - - [14/Apr/2022:11:33:24 -0500] "POST /kwsrmcab/Wsrmcab HTTP/1.1" 200 45491
186.84.22.193 - - [14/Apr/2022:11:35:11 -0500] "GET /BLA/resoluciones/index.php?dir= HTTP/1.1" 200 13093
186.84.22.193 - - [14/Apr/2022:11:35:13 -0500] "GET /BLA/resoluciones/index.php?dir=AUTOS+2011%2F HTTP/1.1" 200 625660
216.245.221.92 - - [14/Apr/2022:11:35:30 -0500] "HEAD / HTTP/1.1" 200 -
172.22.2.4 - - [14/Apr/2022:11:36:15 -0500] "GET /BLA/boletinlegal/robots.txt HTTP/1.1" 404 1038
172.22.2.4 - - [14/Apr/2022:11:34:58 -0500] "HEAD /BLA/boletinlegal/ HTTP/1.1" 200 -
186.84.22.193 - - [14/Apr/2022:11:37:03 -0500] "GET /BLA/resoluciones/AUTOS%202011/2404.pdf HTTP/1.1" 200 163725
186.84.22.193 - - [14/Apr/2022:11:37:11 -0500] "GET /BLA/resoluciones/index.php?dir= HTTP/1.1" 200 13093
186.84.22.193 - - [14/Apr/2022:11:37:18 -0500] "GET /BLA/resoluciones/index.php?dir=RESOLUCIONES+2011%2F HTTP/1.1" 200 745973
172.22.2.4 - - [14/Apr/2022:11:35:49 -0500] "GET /BLA/boletinlegal/ HTTP/1.1" 200 53739
35.204.190.51 - - [14/Apr/2022:11:37:29 -0500] "GET / HTTP/1.1" 200 319
173.252.127.119 - - [14/Apr/2022:11:37:33 -0500] "GET /images/interpretes-humedales-principal-26-marzo.jpg HTTP/1.1" 200 40211
69.171.251.20 - - [14/Apr/2022:11:37:41 -0500] "GET /images/operativos-control-residuos-hospitalarios-28-marzo.jpg HTTP/1.1" 200 36883
40.77.167.46 - - [14/Apr/2022:11:37:43 -0500] "GET /BLA/resoluciones/AUTOS%202021/0525.pdf HTTP/1.1" 200 736346
172.22.2.4 - - [14/Apr/2022:11:36:17 -0500] "GET /BLA/boletinlegal/index.php HTTP/1.1" 200 55089
173.252.95.19 - - [14/Apr/2022:11:38:47 -0500] "GET /fenomeno-de-la-nina-protagonista-en-la-primera-temporada-de-lluvias-del-2022.html HTTP/1.1" 206 1101
173.252.95.23 - - [14/Apr/2022:11:38:47 -0500] "GET /fenomeno-de-la-nina-protagonista-en-la-primera-temporada-de-lluvias-del-2022.html HTTP/1.1" 206 1101
173.252.127.1 - - [14/Apr/2022:11:38:48 -0500] "GET /images/rueda-prensa-lluvias-secretaria-principal-23-marzo.jpg HTTP/1.1" 200 42664
31.13.103.16 - - [14/Apr/2022:11:40:08 -0500] "GET /importante-avance-en-la-calidad-del-agua-de-los-principales-rios-de-bogota.html HTTP/1.1" 206 1095
31.13.127.11 - - [14/Apr/2022:11:40:09 -0500] "GET /importante-avance-en-la-calidad-del-agua-de-los-principales-rios-de-bogota.html HTTP/1.1" 206 1095
216.245.221.92 - - [14/Apr/2022:11:40:30 -0500] "HEAD / HTTP/1.1" 200 -
40.77.167.73 - - [14/Apr/2022:11:41:36 -0500] "GET /BLA/resoluciones/index.php?dir=AUTOS+2019%2F HTTP/1.1" 200 342653
172.22.2.4 - - [14/Apr/2022:11:40:48 -0500] "HEAD /BLA/boletinlegal/ HTTP/1.1" 200 -
172.22.2.4 - - [14/Apr/2022:11:41:39 -0500] "GET /BLA/boletinlegal/ HTTP/1.1" 200 59170
201.245.192.253 - - [14/Apr/2022:11:42:34 -0500] "POST /kwsrmcab/Wsrmcab HTTP/1.1" 200 45019
201.245.192.253 - - [14/Apr/2022:11:43:23 -0500] "POST /kwsrmcab/Wsrmcab HTTP/1.1" 200 45491
186.84.22.193 - - [14/Apr/2022:11:44:32 -0500] "GET /BLA/resoluciones/index.php?dir=AUTOS+2011%2F HTTP/1.1" 200 12235
186.84.22.193 - - [14/Apr/2022:11:44:33 -0500] "GET /BLA/resoluciones/index.php?dir=AUTOS+2011%2F HTTP/1.1" 200 625660
216.245.221.92 - - [14/Apr/2022:11:45:30 -0500] "HEAD / HTTP/1.1" 200 -
186.84.22.193 - - [14/Apr/2022:11:47:14 -0500] "GET /BLA/resoluciones/index.php?dir=AUTOS+2011%2F HTTP/1.1" 200 625660
181.237.58.219 - - [14/Apr/2022:11:47:38 -0500] "GET /documents/10184/2325415/pieza-concurso-buenas-practicas-20-septiembre.jpg HTTP/1.1" 404 1132
66.249.65.15 - - [14/Apr/2022:11:48:12 -0500] "-" 408 -
172.22.2.4 - - [14/Apr/2022:11:46:38 -0500] "HEAD /BLA/boletinlegal/ HTTP/1.1" 200 -
186.84.22.193 - - [14/Apr/2022:11:49:01 -0500] "GET /BLA/resoluciones/index.php?dir=RESOLUCIONES+2014%2F HTTP/1.1" 200 331298
172.22.2.4 - - [14/Apr/2022:11:47:29 -0500] "GET /BLA/boletinlegal/ HTTP/1.1" 200 58588
216.245.221.92 - - [14/Apr/2022:11:50:30 -0500] "HEAD / HTTP/1.1" 200 -
186.84.22.193 - - [14/Apr/2022:11:52:34 -0500] "GET /BLA/resoluciones/index.php?dir=AUTOS+2011%2F HTTP/1.1" 200 625660
172.22.2.4 - - [14/Apr/2022:11:52:28 -0500] "HEAD /BLA/boletinlegal/ HTTP/1.1" 200 -
172.22.2.4 - - [14/Apr/2022:11:53:19 -0500] "GET /BLA/boletinlegal/ HTTP/1.1" 200 58588
216.245.221.92 - - [14/Apr/2022:11:55:30 -0500] "HEAD / HTTP/1.1" 200 -
181.55.68.25 - - [14/Apr/2022:11:55:37 -0500] "-" 408 -
185.82.218.64 - - [14/Apr/2022:11:57:03 -0500] "GET /.git/HEAD HTTP/1.0" 404 1019
172.22.2.4 - - [14/Apr/2022:11:58:18 -0500] "HEAD /BLA/boletinlegal/ HTTP/1.1" 200 -
216.245.221.92 - - [14/Apr/2022:12:00:30 -0500] "HEAD / HTTP/1.1" 200 -
172.22.2.4 - - [14/Apr/2022:11:59:08 -0500] "GET /BLA/boletinlegal/ HTTP/1.1" 200 60932
207.46.13.43 - - [14/Apr/2022:12:02:07 -0500] "GET /bla/resoluciones/resoluciones%202012/1015.pdf HTTP/1.1" 304 -
172.22.2.4 - - [14/Apr/2022:12:03:45 -0500] "GET /BLA/boletinlegal/Circulares/2012/Circular%20No.%207%20del%2008%20de%20Agosto%20de%202012.pdf HTTP/1.1" 304 -
186.84.22.193 - - [14/Apr/2022:12:04:42 -0500] "GET /BLA/resoluciones/index.php?dir=RESOLUCIONES+2020%2F HTTP/1.1" 200 160042
216.245.221.92 - - [14/Apr/2022:12:05:30 -0500] "HEAD / HTTP/1.1" 200 -
186.84.22.193 - - [14/Apr/2022:12:05:39 -0500] "GET /BLA/resoluciones/index.php?dir=RESOLUCIONES+2019%2F HTTP/1.1" 200 235205
172.22.2.4 - - [14/Apr/2022:12:04:08 -0500] "HEAD /BLA/boletinlegal/ HTTP/1.1" 200 -
172.22.2.4 - - [14/Apr/2022:12:04:58 -0500] "GET /BLA/boletinlegal/ HTTP/1.1" 200 59170
172.22.2.4 - - [14/Apr/2022:12:07:15 -0500] "GET /BLA/boletinlegal/jurisprudencia/analisis/analisis%20C-595-2010.doc HTTP/1.1" 304 -
191.156.152.12 - - [14/Apr/2022:12:09:53 -0500] "GET /caminos-de-los-cerros-habilitados-en-esta-semana-santa-2022.html HTTP/1.1" 200 832
172.22.2.4 - - [14/Apr/2022:12:10:04 -0500] "GET /BLA/boletinlegal/images/cabezote%20BLEGAL.jpg HTTP/1.1" 200 118164
172.22.2.4 - - [14/Apr/2022:12:10:04 -0500] "GET /BLA/boletinlegal/images/screen_1.png HTTP/1.1" 200 202547
181.237.58.219 - - [14/Apr/2022:12:10:05 -0500] "GET /documents/10184/2325415/pieza-concurso-buenas-practicas-20-septiembre.jpg HTTP/1.1" 404 1132
172.22.2.4 - - [14/Apr/2022:12:10:10 -0500] "GET /BLA/boletinlegal/actos.php HTTP/1.1" 200 9559
172.22.2.4 - - [14/Apr/2022:12:10:10 -0500] "GET /BLA/boletinlegal/images/abajo.png HTTP/1.1" 200 96676
172.22.2.4 - - [14/Apr/2022:12:10:10 -0500] "GET /BLA/boletinlegal/favicon.ico HTTP/1.1" 404 1326
172.22.2.4 - - [14/Apr/2022:12:10:16 -0500] "GET /BLA/boletinlegal/images/screen_2.png HTTP/1.1" 200 362502
172.22.2.4 - - [14/Apr/2022:12:10:16 -0500] "GET /BLA/boletinlegal/images/screen_3.png HTTP/1.1" 200 210620
172.22.2.4 - - [14/Apr/2022:12:10:16 -0500] "GET /BLA/boletinlegal/images/screen_5.png HTTP/1.1" 200 368876
172.22.2.4 - - [14/Apr/2022:12:10:19 -0500] "GET /BLA/boletinlegal/actos.php HTTP/1.1" 200 9559
216.245.221.92 - - [14/Apr/2022:12:10:30 -0500] "HEAD / HTTP/1.1" 200 -
186.84.22.193 - - [14/Apr/2022:12:10:55 -0500] "GET /BLA/resoluciones/index.php?dir=RESOLUCIONES+2021%2F HTTP/1.1" 200 317675
172.22.2.4 - - [14/Apr/2022:12:11:05 -0500] "GET /BLA/boletinlegal/jurisprudencia/analisis/analisis%20C-595-2010.doc HTTP/1.1" 200 39424
172.22.2.4 - - [14/Apr/2022:12:09:58 -0500] "HEAD /BLA/boletinlegal/ HTTP/1.1" 200 -
172.22.2.4 - - [14/Apr/2022:12:10:03 -0500] "GET /BLA/boletinlegal/ HTTP/1.1" 200 42982
186.84.22.193 - - [14/Apr/2022:12:12:12 -0500] "GET /BLA/resoluciones/RESOLUCIONES%202021/46.pdf HTTP/1.1" 200 408338
181.237.58.219 - - [14/Apr/2022:12:12:17 -0500] "GET /documents/10184/2325415/pieza-concurso-buenas-practicas-20-septiembre.jpg HTTP/1.1" 404 1132
186.84.22.193 - - [14/Apr/2022:12:12:17 -0500] "GET /BLA/resoluciones/index.php?dir=RESOLUCIONES+2014%2F HTTP/1.1" 200 331298
172.22.2.4 - - [14/Apr/2022:12:10:48 -0500] "GET /BLA/boletinlegal/ HTTP/1.1" 200 52537
186.84.22.193 - - [14/Apr/2022:12:13:02 -0500] "GET /BLA/resoluciones/index.php?dir=AUTOS+2018%2F HTTP/1.1" 200 430567
83.33.114.70 - - [14/Apr/2022:12:14:35 -0500] "GET /BLA/resoluciones/AUTOS%202020/1831.pdf HTTP/1.1" 200 372635
40.77.167.73 - - [14/Apr/2022:12:15:20 -0500] "GET /BLA/resoluciones/index.php?dir=RESOLUCIONES+2014%2F HTTP/1.1" 200 331298
216.245.221.92 - - [14/Apr/2022:12:15:30 -0500] "HEAD / HTTP/1.1" 200 -
186.84.22.193 - - [14/Apr/2022:12:15:39 -0500] "GET /BLA/resoluciones/index.php?dir=RESOLUCIONES+2014%2F HTTP/1.1" 200 331298
40.77.167.73 - - [14/Apr/2022:12:16:30 -0500] "GET /BLA/resoluciones/index.php?dir=AUTOS+2019%2F HTTP/1.1" 200 342653
186.84.22.193 - - [14/Apr/2022:12:16:47 -0500] "GET /BLA/resoluciones/RESOLUCIONES%202014/2884.pdf HTTP/1.1" 200 193114
186.84.22.193 - - [14/Apr/2022:12:16:53 -0500] "GET /BLA/resoluciones/index.php?dir=AUTOS+2018%2F HTTP/1.1" 200 430567
172.22.2.4 - - [14/Apr/2022:12:15:48 -0500] "HEAD /BLA/boletinlegal/ HTTP/1.1" 200 -
172.22.2.4 - - [14/Apr/2022:12:16:38 -0500] "GET /BLA/boletinlegal/ HTTP/1.1" 200 51365
40.77.167.46 - - [14/Apr/2022:12:19:16 -0500] "GET /BLA/resoluciones/RESOLUCIONES%202021/3158.pdf HTTP/1.1" 304 -
186.84.22.193 - - [14/Apr/2022:12:19:49 -0500] "GET /BLA/resoluciones/index.php?dir=AUTOS+2014%2F HTTP/1.1" 200 873900
216.245.221.92 - - [14/Apr/2022:12:20:30 -0500] "HEAD / HTTP/1.1" 200 -
186.84.22.193 - - [14/Apr/2022:12:21:11 -0500] "GET /BLA/resoluciones/AUTOS%202014/0441.pdf HTTP/1.1" 200 357658
186.84.22.193 - - [14/Apr/2022:12:21:20 -0500] "GET /BLA/resoluciones/index.php?dir= HTTP/1.1" 200 13093
186.84.22.193 - - [14/Apr/2022:12:21:23 -0500] "GET /BLA/resoluciones/index.php?dir=AUTOS+2015%2F HTTP/1.1" 200 576181
172.22.2.4 - - [14/Apr/2022:12:21:38 -0500] "HEAD /BLA/boletinlegal/ HTTP/1.1" 200 -
201.245.192.253 - - [14/Apr/2022:12:22:34 -0500] "POST /kwsrmcab/Wsrmcab HTTP/1.1" 200 44256
35.236.215.231 - - [14/Apr/2022:12:23:38 -0500] "GET /en-semana-santa-no-uses-palmas-ni-traigas-o-consumas-animales-silvestres.html HTTP/1.1" 200 959
35.236.215.231 - - [14/Apr/2022:12:23:38 -0500] "GET /en-semana-santa-no-uses-palmas-ni-traigas-o-consumas-animales-silvestres.html HTTP/1.1" 200 959
172.22.2.4 - - [14/Apr/2022:12:22:28 -0500] "GET /BLA/boletinlegal/ HTTP/1.1" 200 60932
201.245.192.253 - - [14/Apr/2022:12:23:24 -0500] "POST /kwsrmcab/Wsrmcab HTTP/1.1" 200 45332
216.245.221.92 - - [14/Apr/2022:12:25:30 -0500] "HEAD / HTTP/1.1" 200 -
186.80.248.249 - - [14/Apr/2022:12:26:06 -0500] "GET /galeria/galeria/jquery.fancybox.css?v=2.1.5 HTTP/1.1" 200 4895
186.80.248.249 - - [14/Apr/2022:12:26:06 -0500] "GET /BLA/boletinlegal/js/jquery.scrollShow.js HTTP/1.1" 200 4586
186.80.248.249 - - [14/Apr/2022:12:26:06 -0500] "GET /galeria/galeria/jquery.fancybox.js?v=2.1.5 HTTP/1.1" 200 48706
186.80.248.249 - - [14/Apr/2022:12:26:07 -0500] "GET /galeria/bibloteca/contentflow.js HTTP/1.1" 200 42804
186.80.248.249 - - [14/Apr/2022:12:26:07 -0500] "GET /galeria/bibloteca/contentflow.css HTTP/1.1" 200 3201
186.80.248.249 - - [14/Apr/2022:12:26:08 -0500] "GET /galeria/bibloteca/mycontentflow.css HTTP/1.1" 200 3110
186.80.248.249 - - [14/Apr/2022:12:26:08 -0500] "GET /galeria/bibloteca/ContentFlowAddOn_white.js HTTP/1.1" 200 2497
186.80.248.249 - - [14/Apr/2022:12:26:08 -0500] "GET /galeria/bibloteca/ContentFlowAddOn_white.css HTTP/1.1" 200 3355
186.80.248.249 - - [14/Apr/2022:12:26:08 -0500] "GET /galeria/bibloteca/img/loader.gif HTTP/1.1" 200 8238
186.80.248.249 - - [14/Apr/2022:12:26:08 -0500] "GET /galeria/bibloteca/img/scrollbar_white.png HTTP/1.1" 200 82
186.80.248.249 - - [14/Apr/2022:12:26:08 -0500] "GET /galeria/bibloteca/img/slider_white.png HTTP/1.1" 200 178
186.80.248.249 - - [14/Apr/2022:12:26:11 -0500] "GET /galeria/bibloteca/img/1x1_0.5_white.png HTTP/1.1" 200 82
186.80.248.249 - - [14/Apr/2022:12:26:11 -0500] "GET /galeria/bibloteca/img/slider_black.png HTTP/1.1" 200 175
186.80.248.249 - - [14/Apr/2022:12:26:11 -0500] "GET /galeria/bibloteca/img/ajax-loader.gif HTTP/1.1" 200 9427
186.80.248.249 - - [14/Apr/2022:12:26:11 -0500] "GET /galeria/bibloteca/img/scrollbar_black.png HTTP/1.1" 200 82
172.22.2.4 - - [14/Apr/2022:12:28:04 -0500] "GET /BLA/boletinlegal/actos.php HTTP/1.1" 200 9559
186.29.191.243 - - [14/Apr/2022:12:28:07 -0500] "GET /BLA/resoluciones/ HTTP/1.1" 200 13093
186.29.191.243 - - [14/Apr/2022:12:28:13 -0500] "GET /BLA/resoluciones/index.php?dir=AUTOS+2019%2F HTTP/1.1" 200 342653
172.22.2.4 - - [14/Apr/2022:12:27:36 -0500] "GET /BLA/boletinlegal/ HTTP/1.1" 200 24523
181.55.68.25 - - [14/Apr/2022:12:28:48 -0500] "OPTIONS /kwssiamovil/sm/setfile/f? HTTP/1.1" 200 13
181.55.68.25 - - [14/Apr/2022:12:28:48 -0500] "POST /kwssiamovil/sm/setfile/f? HTTP/1.1" 200 381
181.55.68.25 - - [14/Apr/2022:12:28:57 -0500] "GET /kwssiamovil/sm/acme/a?s=U2FsdGVkX19aCEupa2aoQs2t8scN8EQAkGBJgWHxxfh/Iu15nMY+fG7WR7WsfYlt8/Uzag46oXD9d9mSdMDH9KKIDDipTqctd4toZU0SuGTBlJJzp4tMr5jSI15NjonAYi5k/Ey/oQW3aUMQX8KHc7m9Y+9Vh+7PV0QC6wl1yc5ZF0an8R9avbI6k2XvTkfQpvSzANES54t1XR468wF7t5G12mhSrw2NEQ0SlrxjKrLi0px//ZptIMXhBs9XCfqz8arFOlJtfY8cXK+7AIA3yg==&u=U2FsdGVkX1+HJlmiGA7l0arClM7bg57BMzkrGfZXCOw=&y=U2FsdGVkX1/84y0sJ7OTTsKfR6Q53ggb01ETi13zhTJ5CWqHX7wP7tTSWHiD5c32 HTTP/1.1" 200 25
181.55.68.25 - - [14/Apr/2022:12:28:57 -0500] "GET /kwssiamovil/sm/acme/a?s=U2FsdGVkX1+zP8bEBEVjBbhQTXIWQF2Bb5VIuYVBpxBbh9JskguIjMdMhggmCTRyvgCN7cCgQL0Ic5UqeqVGKkjrC6HBp8aQmA0yXqN0CnPfTBMUVP4NkE/Z33wNFEWoImon9o4NJN5FGtgW3r1qRWJe/R2RC+t8EGCU3ECD5RwAsDEMLnfnq/tBSCZ+mwcQaWe1BiLYG9nys1sczukdHaMi+JcI79bYGOn4jWZj1+RZOaZSWJUS8Qo+gn2+538FX+kwNTwDnNQt0oRbRL7o1z0VvHaxBWYQhirHZmxOwKLwVrwXROSSPMZ5HWCjnZIj/OnLPvYaIcPO7lq3nt9Yp2HEjXCxldd2d20PClkBM0alXzKbWhsiKjGiVmQi+7uf8YRwUpGxj5dYRqHchuqQddLG2MMOOhMgPmRuIUD3+OQllLuO5M3ACOGhNU+D02s8PZvkTLv1bwtCSnHU5U7coU1iE8B0PbaQbXEfnp0tvH84fVo0WCjis37Gw25XGYuUvxOk5b2vfXXxjSp4Be27yj6j3dMfBfpkg7dZLkDEzuL5Z4jF3vIkNpV36b+J5OSh8fFCyOJuq943mvIEaBT2u9/v0TQguEpwsEZ8aiDF8imx+jHijRAXfLyuMzN+lY7pYxRBoB1a9cAT5U8R6+tUpmWSEOslZktYMJeW/qhe/D/A40IxvOxzvjqFwoOI5mJSPDu8jWMAAjkgDKotlDCQIyP97Rj23rM6m/M1aK1uUJ1vZpj2d6xDBBUH9X5KBX6v6uiEObGRASCGHXPAwMshSHr1QWVH48ubzIvHsXJqlMee7hST5JxfBU4/l9F7mg36Zdq2HqMxyIxrfIKDN4sSvlaX72RpQcO+YdZTcD4OvQb8SZp7kyZq/68Zpnhl10OO9GbEPKpUZhHjYUWmm/2OHRBsRHw0TVWrGtNI3YiPQeohROkLbgHkZp3fA916pVwviAVcRCvUkj87B8sabWJqnTqMZlA2neDwStCK+oWXeeOhQlqH7IuthZeAZHHYbT5VMs14hKCOVQCYzHktRUhT6Dz4yrNr8RXTI41VgTScLrApz+K5uL5DRD0B0wnS6WmqmtIMqynooYGf1I1wP1mWSlgd/chFAOzG0Dk2eoDUttoeAbQrAqHYBwAe0O5Mgc4Qdh/7wa1SuqAN0BhJg+ty5ae7N1MyZxR4z0xRd1UienKdevUCoNX4fZucs3HLh1i77qSeeWaMK3157voQPlgINtNMyO3xWPcHdEH3xrqVbYXKfMcRSawaDCuJd6b5Qt2pP+J/drZcBvF5Q2TzDCbk2pfImpLqlQWEzpQ7LLhgIcEClmkjhrOfnQxN7qf6uw0mX7+6X2OT6H6/MjPd2BfKnDG+EOID8AOepsGfThuFFjjHGiLjElUl+NygJ4QcGuWYzfoMoKqzqQjCQVG36Ra+MkhllLkGoaRXIs9hiDTWFMasiAjkGVc7A+rNTCM2LPhz1vFvdJZ+cm1I7gFQG7I2jgOc4AiWPg80cYEcDJClTfU=&u=U2FsdGVkX1+HJlmiGA7l0arClM7bg57BMzkrGfZXCOw=&y=U2FsdGVkX1/84y0sJ7OTTsKfR6Q53ggb01ETi13zhTJ5CWqHX7wP7tTSWHiD5c32 HTTP/1.1" 200 25
181.55.68.25 - - [14/Apr/2022:12:28:57 -0500] "GET /kwssiamovil/sm/acme/a?s=U2FsdGVkX18OfRy2MO4ZLrcLG3hlSx81YrZd6N65EuIpmM4wsdEEUh3KcWQ2HXULonj8nZ4Swygm7giBIk4o7p8nrJZaDRrXWBBGfi7YVPJHV7sOm6jVux+r2jtFK1y3D6vh1hgBPmjQCEFauZBW9O0Iz7Igbm5aVR3t2bBBk8o=&u=U2FsdGVkX1+HJlmiGA7l0arClM7bg57BMzkrGfZXCOw=&y=U2FsdGVkX1/84y0sJ7OTTsKfR6Q53ggb01ETi13zhTJ5CWqHX7wP7tTSWHiD5c32 HTTP/1.1" 200 25
181.55.68.25 - - [14/Apr/2022:12:28:57 -0500] "GET /kwssiamovil/sm/acme/a?s=U2FsdGVkX18yEelJTRpkX1WjJ5tn/cllZB7Ym8fLdTKkjz2RAdpv7CpRPyICZ/2mLyaUMvZidYIAMFuAB24QRBTxY7/DGV0l9nGb18R6q6lCWCwNgPQDSfmBuWcFWr0++Z0EE9bT3oHcxD+dCxbluMAtJoLNomR9FUGRi03Iw7U=&u=U2FsdGVkX1+HJlmiGA7l0arClM7bg57BMzkrGfZXCOw=&y=U2FsdGVkX1/84y0sJ7OTTsKfR6Q53ggb01ETi13zhTJ5CWqHX7wP7tTSWHiD5c32 HTTP/1.1" 200 25
181.55.68.25 - - [14/Apr/2022:12:28:57 -0500] "GET /kwssiamovil/sm/acme/a?s=U2FsdGVkX19OEpqb+le1yz8rQ5u5oJOe50uDhTKzrc4z1e3jiXIhHfTcAi/s0qHCy1wfsPmGXIMzNho7YunjiayTBf1LD4JhJU/arVSErU60CS/koPsQzHj+xXkYHATf0/MKKLhpsaE86GMfpHbRsFCEyHbanfklcwj98P5gIA0=&u=U2FsdGVkX1+HJlmiGA7l0arClM7bg57BMzkrGfZXCOw=&y=U2FsdGVkX1/84y0sJ7OTTsKfR6Q53ggb01ETi13zhTJ5CWqHX7wP7tTSWHiD5c32 HTTP/1.1" 200 25
181.55.68.25 - - [14/Apr/2022:12:28:58 -0500] "GET /kwssiamovil/sm/acme/a?s=U2FsdGVkX18y5GTpTx3b2Axx6xutOSSSgsO7HACAgmCPaAo0x7DpzmrXGDAFN12qn3Z8gKp852XYuaWpRDoifdCNY66/Pvacg6O7fKLDztFAme/H+jecmWb8v7gX2l9IQWdvth0lQ3zBIlpmfr8SvDE3m05CaYuaRs4hs5tfz1rwEvKvxkkO2iZynE4K38WT&u=U2FsdGVkX1+HJlmiGA7l0arClM7bg57BMzkrGfZXCOw=&y=U2FsdGVkX1/84y0sJ7OTTsKfR6Q53ggb01ETi13zhTJ5CWqHX7wP7tTSWHiD5c32 HTTP/1.1" 200 25
181.55.68.25 - - [14/Apr/2022:12:28:58 -0500] "GET /kwssiamovil/sm/acme/a?s=U2FsdGVkX19iLvr9/k4EEPgy/mVSX7JX2mrXgCW+eSAevYSdjiyhzFaCw8ULiYnv0jGPhGw//+QmxaslXedkpYZ9FFUF6TRX38OXUm8T1ffGrFPJ17Lu0vPIq6cVr7zULzINK30Nm5To3tWkJotbPr4tzx+ZSn+BSoqLTtyLpuDQkKFKhKUbR62Cp3D4RkhTOlTkBVK5JOT9UgpMB+64pkUUaMbx/4fjm/oiF4HmyTeJ+6uWet90t3fIP16MGcY8e82bRxgFVv5YLYcuFBXSAF43nYVvxc1VoPoFg26ps3s=&u=U2FsdGVkX1+HJlmiGA7l0arClM7bg57BMzkrGfZXCOw=&y=U2FsdGVkX1/84y0sJ7OTTsKfR6Q53ggb01ETi13zhTJ5CWqHX7wP7tTSWHiD5c32 HTTP/1.1" 200 24
181.55.68.25 - - [14/Apr/2022:12:28:58 -0500] "GET /kwssiamovil/sm/acme/a?s=U2FsdGVkX18szzJO9Ppc29UsAF9BhsJ1lIfWXxshrfOs91+RAlF1aA+CoDS3rHJ/WLz7xCzLkXrVkDbmo+AitjeZ3JmAkunsRceiDRb52MNH3UJGB+S9ShcnAlf3I7HE9bkFpNXuPhT/+d1syi9D5124QtK6/btUlG3jMZlBhmR8pi6m/tLh9Hj2U9PZqpWS4y41WjlfirzDWal7PRG1Bi4SkVEywBoB3/GdYH6Xh5OoY6PozkqVGjLI+5Aa4KCP&u=U2FsdGVkX1+HJlmiGA7l0arClM7bg57BMzkrGfZXCOw=&y=U2FsdGVkX1/84y0sJ7OTTsKfR6Q53ggb01ETi13zhTJ5CWqHX7wP7tTSWHiD5c32 HTTP/1.1" 200 24
186.29.191.243 - - [14/Apr/2022:12:29:06 -0500] "GET /BLA/resoluciones/AUTOS%202019/4491.pdf HTTP/1.1" 200 629597
172.22.2.4 - - [14/Apr/2022:12:27:28 -0500] "HEAD /BLA/boletinlegal/ HTTP/1.1" 200 -
172.22.2.4 - - [14/Apr/2022:12:28:00 -0500] "GET /BLA/boletinlegal/ HTTP/1.1" 200 36811
172.22.2.4 - - [14/Apr/2022:12:28:18 -0500] "GET /BLA/boletinlegal/ HTTP/1.1" 200 53344
216.245.221.92 - - [14/Apr/2022:12:30:30 -0500] "HEAD / HTTP/1.1" 200 -
186.84.22.193 - - [14/Apr/2022:12:31:35 -0500] "GET /BLA/resoluciones/index.php?dir=AUTOS+2011%2F HTTP/1.1" 200 625660
201.245.192.253 - - [14/Apr/2022:12:32:34 -0500] "POST /kwsrmcab/Wsrmcab HTTP/1.1" 200 44256
186.84.22.193 - - [14/Apr/2022:12:34:12 -0500] "GET /BLA/resoluciones/AUTOS%202011/3034.pdf HTTP/1.1" 200 64611
201.245.192.253 - - [14/Apr/2022:12:33:23 -0500] "POST /kwsrmcab/Wsrmcab HTTP/1.1" 200 45332
186.84.22.193 - - [14/Apr/2022:12:34:17 -0500] "GET /BLA/resoluciones/index.php?dir=AUTOS+2014%2F HTTP/1.1" 200 873900
172.22.2.4 - - [14/Apr/2022:12:33:18 -0500] "HEAD /BLA/boletinlegal/ HTTP/1.1" 200 -
181.237.58.219 - - [14/Apr/2022:12:35:14 -0500] "GET /documents/10184/2325415/pieza-concurso-buenas-practicas-20-septiembre.jpg HTTP/1.1" 404 1132
216.245.221.92 - - [14/Apr/2022:12:35:30 -0500] "HEAD / HTTP/1.1" 200 -
172.22.2.4 - - [14/Apr/2022:12:34:08 -0500] "GET /BLA/boletinlegal/ HTTP/1.1" 200 55450
66.249.65.15 - - [14/Apr/2022:12:36:15 -0500] "-" 408 -
181.55.68.25 - - [14/Apr/2022:12:36:19 -0500] "OPTIONS /kwssiamovil/sm/setfile/f? HTTP/1.1" 200 13
181.55.68.25 - - [14/Apr/2022:12:36:19 -0500] "POST /kwssiamovil/sm/setfile/f? HTTP/1.1" 200 381
181.55.68.25 - - [14/Apr/2022:12:36:29 -0500] "GET /kwssiamovil/sm/acme/a?s=U2FsdGVkX18bFbpkRdTNbX8sQnzchBsjWIEWLLpxVimslo1d946LVBCYlCnpjxwyBf4v0g2HOIw3ejw92Mya9NH5Fxm7q3z9mVyX2KwgstFgU1CdFmQ6eR20ZhfLWUa5pE88SQ5HlCp+cHoRidSWQhK0eRFV2FWmnbYSbT+G+wgfY+thPVkmOIgDxrAfLosa2M3CrNDfUGlfT9c5kTvUBzKW8UzPuR6JipAZCJhorTHjlR/xiA9AwCoJPuBofkoByD8SvyFWUtgSfEsHomxnMQ==&u=U2FsdGVkX1+HJlmiGA7l0arClM7bg57BMzkrGfZXCOw=&y=U2FsdGVkX1/84y0sJ7OTTsKfR6Q53ggb01ETi13zhTJ5CWqHX7wP7tTSWHiD5c32 HTTP/1.1" 200 25
181.55.68.25 - - [14/Apr/2022:12:36:29 -0500] "GET /kwssiamovil/sm/acme/a?s=U2FsdGVkX1+e/SHstGTsUZzenNLLiWMe1iCQiZMN8vlikpPaLtL1W/gtBO2j5wfwq2QdK2zO1jeYVi4H17wsMe5PeYh+gdKNuManh5pe/GEf/oTylgF0+wbvQ7tYeDp4Ws66J0FWfWvcAZQ8A6KGZr8eHu9CLj7qZs3+e+nET+uqsyr+VieQn3g+hL9eyQ+Z1eTqaneKH8ulL2B9Gy43G9ZJa49rIqpkh4ulzlF9iR/047U3GKySfF+fKMN8s5/3d9PiA717kLXg2tj6d4ZOnq7fPykNqX5k/6Ko+/0CBkkwVqJZFE7tQPvzZ50KZah2Dm90U8SfSvx17xTKzzovS86nRBJkgO6ysQPZeN2kVx3LaHcdqsyC9BkXHTp03neqn933dyeZJdJah1hq9Hl6Wk0ZfGbZmHZNQdx6Uk/oIw4R7/G25BwtG6tE3UHZ1qIgTVYE9BW3LN4+RNRRksWNr6V5neEOxneY6IfwUrmLKB9xVutLEKahi5xOfP55CKXS0Hi4Ml+2Gxd6q6Oxv6Hshri3iN/9DBf+vvAECfI3uyrRTHUXVREkvd+nzmdNzGFvAo8wjfrEzdqXE8eSTf55b//yk8GXFBpyc5otRMH/hded5RY2vCtlJ+BabSmAHAGlLIvz3ok/Onpdm5IO28FE+0lbTuPTGn8Xt6gA6l9Hkoq/ay+yiuEIplVQKLkL+xV1Tx41tCmHSBbd+etJPWAV8yNTIS0T8OjIeBz4pDuogefCwzMrQ4Zb8h93NNCnkC9v5x96AJL0f1POcxfbJcvPbeNnBFSicYJVbQ0izsvgxN6qCmwBBdhu56GUC3cvGjIf2rljVWPFtrdK6H4okc6DJT2Fy/wkhNXnKhWcxxb0E4Q6CFBngU0N94FjIwJXaNfpnXU5sc0l2/tD8+6LNsme/LoemHualEMG7TRw3SXXDAWXKDiMu8E5uWWtuDLgP4NorHAHyN4KgfsgUt47MnvHTde28GhI6VrbscIQz9KF16fTLnloOI3BbV7XkiU1UvZ+0ErwHvKP76PtQymQond6ONMIVEFdZ1xt10+1U+CSCvlmKkJVSTuYDaFeaD+QXQ8DkzWXBiVNACFQ2lDZ46BwQ4Xj7IXtXsnc7wcFZR8UCkHpQ9xl2bRkSN32EOT7ipX/V8k2VU/JEYP5+7JrYd31Fq2av1hge7wxCCvj+Rkm2NFlJp6wqER/0bh3FyeH6wX8oMQNCu789n6ZdNBRxTyKEkTeNSkS17/7/8MXjakZeBkxPNURFUL56KQKGxbDYA/Z+gpOw9uSlajr59P6eNT6DTTjGeR6SCCroMkjEUKELndPs7oOTTwbFh5Ha8vgtTb8JIF7xs/iD/SxfezZ1EY3wnu826MRKxSx062MGxh4N5nFgB85pbQDWl+lsgCJxMVb97DEqGbB+oK5WR6K3m7dtpZGZlOD6uCgo/dx5Mp+8pKLc4YfQlf+1JAP8jzlHz2pnWwxFOwkR55hrKw+Ea7N0daaGi/PI80IzxLr77luyIXNf/i2oMFiAvrWnWjR3sIdXG1oNtSfnyzlBSyj3gMXYQ==&u=U2FsdGVkX1+HJlmiGA7l0arClM7bg57BMzkrGfZXCOw=&y=U2FsdGVkX1/84y0sJ7OTTsKfR6Q53ggb01ETi13zhTJ5CWqHX7wP7tTSWHiD5c32 HTTP/1.1" 200 25
181.55.68.25 - - [14/Apr/2022:12:36:29 -0500] "GET /kwssiamovil/sm/acme/a?s=U2FsdGVkX19PQx8Tr4Bo2qgJPrqiCJaQZb/Jg9Q9tCpw1OcTaSphKgigRbpUFvRDyM2+Q5bYljDq8LZZ3yVVmiDWlpxpJAqbaQjQ5CVDY9Gz8T0f/zX/ftmzAATl6CLmm8s2RX7LBS3hnsS97qW+o3mNVup8LiJ3wOSLu9lDWvo=&u=U2FsdGVkX1+HJlmiGA7l0arClM7bg57BMzkrGfZXCOw=&y=U2FsdGVkX1/84y0sJ7OTTsKfR6Q53ggb01ETi13zhTJ5CWqHX7wP7tTSWHiD5c32 HTTP/1.1" 200 25
181.55.68.25 - - [14/Apr/2022:12:36:30 -0500] "GET /kwssiamovil/sm/acme/a?s=U2FsdGVkX18gwXab7xaYLFWDsE5gjLsytOCi57t4kWyDfuB7YQ96/Q7A+4fz0mzKcGS4yeAbq/N9a/LzEQA75DgL/bgFiXwtWfMbe4atiPukZu1y3VqIhrKk9Mh9eAF91/CO52kdIlUxAhRUwONLkqu3xHws3UynxnPrSbJGhR8=&u=U2FsdGVkX1+HJlmiGA7l0arClM7bg57BMzkrGfZXCOw=&y=U2FsdGVkX1/84y0sJ7OTTsKfR6Q53ggb01ETi13zhTJ5CWqHX7wP7tTSWHiD5c32 HTTP/1.1" 200 25
181.55.68.25 - - [14/Apr/2022:12:36:30 -0500] "GET /kwssiamovil/sm/acme/a?s=U2FsdGVkX199uO8Ro+CmlOZ3MXzzTbjxoBrBIXcjfpCJLf2pKZxf8w00W03HkMZaDWjAcffn40Fyd4ul3MVFPFgQjCZWDRPHAeccRToI7wWV6aKIUOLYmRaLwTC0Xp0vUEWjvrsScDJhDt2JTydhwpdMntMuL1UgbCo83BwA+7M=&u=U2FsdGVkX1+HJlmiGA7l0arClM7bg57BMzkrGfZXCOw=&y=U2FsdGVkX1/84y0sJ7OTTsKfR6Q53ggb01ETi13zhTJ5CWqHX7wP7tTSWHiD5c32 HTTP/1.1" 200 25
181.55.68.25 - - [14/Apr/2022:12:36:30 -0500] "GET /kwssiamovil/sm/acme/a?s=U2FsdGVkX1+LFQ7rdyXikyoOJCJXs/Z/2mCqGAmeZxu+5WISEaiN0OrKVyQNGUtYySFqCvjUIWK6rcDR4tWjLF9fWpgKXZ3BpH/81daJc33AR1GAjB2iEQTm3/grpk1nWKi57rWgurEtJypIMweOuCUWxl7SOacoj9ugh2eKg0e0o8vkAp6LzFqz4+lhDOIL&u=U2FsdGVkX1+HJlmiGA7l0arClM7bg57BMzkrGfZXCOw=&y=U2FsdGVkX1/84y0sJ7OTTsKfR6Q53ggb01ETi13zhTJ5CWqHX7wP7tTSWHiD5c32 HTTP/1.1" 200 25
181.55.68.25 - - [14/Apr/2022:12:36:30 -0500] "GET /kwssiamovil/sm/acme/a?s=U2FsdGVkX1/bvhS5Izijw7yAwrCprV08o3Mf9Fz1Ad8bknwL65VPeWiHbj1+xtuPSrpHgD4/GPXhR5T+WwWZE3jBVMWbFTkMAiwgbWXIIoRwGrwi1b/9IDDHT+nRq0Da1YCGCIf9zvTZDS35d1ovXSkRtNCBbluEPaeQAqgo9f9RsxvQ+zoLDW0htZkgNrqWJnBFrkOZBCAtbipGRyG883U5M/uRzdcX9VLVYuoMZYz8oUDddehhxXvALWfNDyr2UtX6+nzK2+3W3klpfBPAcw==&u=U2FsdGVkX1+HJlmiGA7l0arClM7bg57BMzkrGfZXCOw=&y=U2FsdGVkX1/84y0sJ7OTTsKfR6Q53ggb01ETi13zhTJ5CWqHX7wP7tTSWHiD5c32 HTTP/1.1" 200 24
181.55.68.25 - - [14/Apr/2022:12:36:30 -0500] "GET /kwssiamovil/sm/acme/a?s=U2FsdGVkX1/dIXEhoqUVSvAd05sVKubPtQV1Jn2ILWAeqct/fFmpDgS3K/kEkmwYiDUD96ldhEhg7qDjdfhN+tmDz1SGfACiCNIYR9NmHUIi1jE5J9m/Vdh/4g+Z4hOXuT8ZQLzGHQ6UgNMI4Ku/2GRe0ArPKOxtfyq3GJEUTNMlDOO5wHL6Ehx05d0vgjtBk31A9RRtCTOEMnj132nbvAs946GkT99AdckZu+vQPyA=&u=U2FsdGVkX1+HJlmiGA7l0arClM7bg57BMzkrGfZXCOw=&y=U2FsdGVkX1/84y0sJ7OTTsKfR6Q53ggb01ETi13zhTJ5CWqHX7wP7tTSWHiD5c32 HTTP/1.1" 200 24
172.22.2.4 - - [14/Apr/2022:12:37:44 -0500] "GET /BLA/boletinlegal/style.css HTTP/1.1" 200 9406
172.22.2.4 - - [14/Apr/2022:12:37:44 -0500] "GET /BLA/boletinlegal/styles2.css HTTP/1.1" 200 1838
172.22.2.4 - - [14/Apr/2022:12:37:44 -0500] "GET /BLA/boletinlegal/js/jquery.js HTTP/1.1" 200 57254
172.22.2.4 - - [14/Apr/2022:12:37:44 -0500] "GET /BLA/boletinlegal/js/jquery.scrollTo-min.js HTTP/1.1" 200 1150
172.22.2.4 - - [14/Apr/2022:12:37:44 -0500] "GET /BLA/boletinlegal/js/jquery.scrollShow.js HTTP/1.1" 200 4586
172.22.2.4 - - [14/Apr/2022:12:37:44 -0500] "GET /BLA/boletinlegal/images/cabezote%20BLEGAL.jpg HTTP/1.1" 200 118164
172.22.2.4 - - [14/Apr/2022:12:37:45 -0500] "GET /BLA/boletinlegal/images/subscribe-icon-big.png HTTP/1.1" 200 47702
172.22.2.4 - - [14/Apr/2022:12:37:45 -0500] "GET /BLA/boletinlegal/images/historia.png HTTP/1.1" 200 52775
172.22.2.4 - - [14/Apr/2022:12:37:45 -0500] "GET /BLA/boletinlegal/images/registro-usuarios.png HTTP/1.1" 200 8106
172.22.2.4 - - [14/Apr/2022:12:37:45 -0500] "GET /BLA/boletinlegal/images/arr_l.jpg HTTP/1.1" 200 1979
172.22.2.4 - - [14/Apr/2022:12:37:45 -0500] "GET /BLA/boletinlegal/images/screen_1.png HTTP/1.1" 200 202547
172.22.2.4 - - [14/Apr/2022:12:37:45 -0500] "GET /BLA/boletinlegal/images/launch.jpg HTTP/1.1" 200 14577
172.22.2.4 - - [14/Apr/2022:12:37:45 -0500] "GET /BLA/boletinlegal/images/body_bg.jpg HTTP/1.1" 200 1601
172.22.2.4 - - [14/Apr/2022:12:37:45 -0500] "GET /BLA/boletinlegal/images/menu_lft.gif HTTP/1.1" 200 1713
172.22.2.4 - - [14/Apr/2022:12:37:45 -0500] "GET /BLA/boletinlegal/images/menu_rght.gif HTTP/1.1" 200 1627
172.22.2.4 - - [14/Apr/2022:12:37:45 -0500] "GET /BLA/boletinlegal/images/bg_top.jpg HTTP/1.1" 200 522
172.22.2.4 - - [14/Apr/2022:12:37:45 -0500] "GET /BLA/boletinlegal/images/menu_bg.jpg HTTP/1.1" 200 620
172.22.2.4 - - [14/Apr/2022:12:37:45 -0500] "GET /BLA/boletinlegal/images/hover.jpg HTTP/1.1" 200 640
172.22.2.4 - - [14/Apr/2022:12:37:45 -0500] "GET /BLA/boletinlegal/images/text.jpg HTTP/1.1" 200 568
172.22.2.4 - - [14/Apr/2022:12:37:51 -0500] "GET /BLA/boletinlegal/images/screen_5.png HTTP/1.1" 200 368876
172.22.2.4 - - [14/Apr/2022:12:37:51 -0500] "GET /BLA/boletinlegal/images/screen_3.png HTTP/1.1" 200 210620
172.22.2.4 - - [14/Apr/2022:12:37:51 -0500] "GET /BLA/boletinlegal/images/arr_r.jpg HTTP/1.1" 200 1998
172.22.2.4 - - [14/Apr/2022:12:37:51 -0500] "GET /BLA/boletinlegal/images/screen_2.png HTTP/1.1" 200 362502
172.22.2.4 - - [14/Apr/2022:12:37:51 -0500] "GET /BLA/boletinlegal/images/footer_bg.jpg HTTP/1.1" 200 586
172.22.2.4 - - [14/Apr/2022:12:37:59 -0500] "GET /BLA/boletinlegal/images/pdf.gif HTTP/1.1" 200 567
172.22.2.4 - - [14/Apr/2022:12:38:03 -0500] "GET /BLA/boletinlegal/normativa.php HTTP/1.1" 200 8292
172.22.2.4 - - [14/Apr/2022:12:38:03 -0500] "GET /BLA/boletinlegal/js/ajax_normativa.js HTTP/1.1" 200 1154
172.22.2.4 - - [14/Apr/2022:12:38:03 -0500] "GET /BLA/boletinlegal/niceforms-default.css HTTP/1.1" 200 6694
172.22.2.4 - - [14/Apr/2022:12:38:03 -0500] "GET /BLA/boletinlegal/niceforms.js HTTP/1.1" 200 22876
172.22.2.4 - - [14/Apr/2022:12:38:03 -0500] "GET /BLA/boletinlegal/images/abajo.png HTTP/1.1" 200 96676
172.22.2.4 - - [14/Apr/2022:12:38:03 -0500] "GET /BLA/boletinlegal/images/tel.png HTTP/1.1" 200 14477
172.22.2.4 - - [14/Apr/2022:12:38:03 -0500] "GET /BLA/boletinlegal/images/icono-email.png HTTP/1.1" 200 5544
172.22.2.4 - - [14/Apr/2022:12:38:03 -0500] "GET /BLA/boletinlegal/images/footer_bg_l.jpg HTTP/1.1" 200 776
172.22.2.4 - - [14/Apr/2022:12:38:03 -0500] "GET /BLA/boletinlegal/img/0.png HTTP/1.1" 200 110
172.22.2.4 - - [14/Apr/2022:12:38:03 -0500] "GET /BLA/boletinlegal/img/select-left.png HTTP/1.1" 200 263
172.22.2.4 - - [14/Apr/2022:12:38:03 -0500] "GET /BLA/boletinlegal/img/select-right.png HTTP/1.1" 200 44019
172.22.2.4 - - [14/Apr/2022:12:38:03 -0500] "GET /BLA/boletinlegal/img/button-left.png HTTP/1.1" 200 57071
172.22.2.4 - - [14/Apr/2022:12:38:03 -0500] "GET /BLA/boletinlegal/img/button.png HTTP/1.1" 200 43241
172.22.2.4 - - [14/Apr/2022:12:38:03 -0500] "GET /BLA/boletinlegal/img/button-right.png HTTP/1.1" 200 57878
172.22.2.4 - - [14/Apr/2022:12:38:03 -0500] "GET /BLA/boletinlegal/favicon.ico HTTP/1.1" 404 1334
172.22.2.4 - - [14/Apr/2022:12:37:44 -0500] "GET /BLA/boletinlegal/ HTTP/1.1" 200 36811
172.22.2.4 - - [14/Apr/2022:12:39:07 -0500] "GET /BLA/boletinlegal/consulta_normativa.php?tipo=&sector=hidrocarburos&ano=&resuelve=Plan%20de%20trabajo HTTP/1.1" 200 454
172.22.2.4 - - [14/Apr/2022:12:39:27 -0500] "GET /BLA/boletinlegal/consulta_normativa.php?tipo=&sector=hidrocarburos&ano=&resuelve=suelo HTTP/1.1" 200 454
172.22.2.4 - - [14/Apr/2022:12:39:29 -0500] "GET /BLA/boletinlegal/consulta_normativa.php?tipo=&sector=hidrocarburos&ano=&resuelve=suelo HTTP/1.1" 200 454
172.22.2.4 - - [14/Apr/2022:12:39:33 -0500] "GET /BLA/boletinlegal/consulta_normativa.php?tipo=&sector=hidrocarburos&ano=&resuelve=suelo HTTP/1.1" 200 454
172.22.2.4 - - [14/Apr/2022:12:39:34 -0500] "GET /BLA/boletinlegal/consulta_normativa.php?tipo=&sector=hidrocarburos&ano=&resuelve=suelo HTTP/1.1" 200 454
172.22.2.4 - - [14/Apr/2022:12:39:37 -0500] "GET /BLA/boletinlegal/consulta_normativa.php?tipo=&sector=hidrocarburos&ano=&resuelve=suelo HTTP/1.1" 200 454
172.22.2.4 - - [14/Apr/2022:12:39:42 -0500] "GET /BLA/boletinlegal/consulta_normativa.php?tipo=&sector=hidrocarburos&ano=&resuelve=agua HTTP/1.1" 200 454
172.22.2.4 - - [14/Apr/2022:12:39:45 -0500] "GET /BLA/boletinlegal/consulta_normativa.php?tipo=&sector=hidrocarburos&ano=&resuelve=agua HTTP/1.1" 200 454
172.22.2.4 - - [14/Apr/2022:12:40:10 -0500] "GET /BLA/boletinlegal/actos.php HTTP/1.1" 200 9559
172.22.2.4 - - [14/Apr/2022:12:40:11 -0500] "GET /BLA/boletinlegal/js/ajax_actos.js HTTP/1.1" 200 1322
172.22.2.4 - - [14/Apr/2022:12:40:11 -0500] "GET /BLA/boletinlegal/js/lib.js HTTP/1.1" 200 6474
172.22.2.4 - - [14/Apr/2022:12:40:11 -0500] "GET /BLA/boletinlegal/js/popup.js HTTP/1.1" 200 1270
172.22.2.4 - - [14/Apr/2022:12:40:11 -0500] "GET /BLA/boletinlegal/js/jquery1.js HTTP/1.1" 200 29846
172.22.2.4 - - [14/Apr/2022:12:40:11 -0500] "GET /BLA/boletinlegal/images/green-yellow-blue-pink-th.png HTTP/1.1" 200 7394
186.84.22.193 - - [14/Apr/2022:12:40:29 -0500] "GET /BLA/resoluciones/index.php?dir=AUTOS+2011%2F HTTP/1.1" 200 625660
216.245.221.92 - - [14/Apr/2022:12:40:30 -0500] "HEAD / HTTP/1.1" 200 -
172.22.2.4 - - [14/Apr/2022:12:40:47 -0500] "GET /BLA/boletinlegal/normativa.php HTTP/1.1" 200 8292
172.22.2.4 - - [14/Apr/2022:12:39:08 -0500] "HEAD /BLA/boletinlegal/ HTTP/1.1" 200 -
172.22.2.4 - - [14/Apr/2022:12:40:55 -0500] "GET /BLA/boletinlegal/conceptos.php HTTP/1.1" 200 7443
172.22.2.4 - - [14/Apr/2022:12:40:55 -0500] "GET /BLA/boletinlegal/js/ajax_conceptos.js HTTP/1.1" 200 1326
175.44.42.5 - - [14/Apr/2022:12:41:06 -0500] "GET /galeria/nivo-slider/demo/banner.html HTTP/1.1" 200 5446
172.22.2.4 - - [14/Apr/2022:12:41:15 -0500] "GET /BLA/boletinlegal/conceptos.php HTTP/1.1" 200 7443
172.22.2.4 - - [14/Apr/2022:12:39:49 -0500] "GET /BLA/boletinlegal/ HTTP/1.1" 200 51004
172.22.2.4 - - [14/Apr/2022:12:41:32 -0500] "GET /BLA/boletinlegal/conceptos.php HTTP/1.1" 200 7443
172.22.2.4 - - [14/Apr/2022:12:41:34 -0500] "GET /BLA/boletinlegal/jurisprudencia.php HTTP/1.1" 200 17573
172.22.2.4 - - [14/Apr/2022:12:41:34 -0500] "GET /BLA/boletinlegal/images/sub_ul_li.gif HTTP/1.1" 200 343
172.22.2.4 - - [14/Apr/2022:12:41:34 -0500] "GET /BLA/boletinlegal/images/jurisprudencia.png HTTP/1.1" 200 66721
172.22.2.4 - - [14/Apr/2022:12:41:37 -0500] "GET /BLA/boletinlegal/doctrina.php HTTP/1.1" 200 5604
172.22.2.4 - - [14/Apr/2022:12:41:37 -0500] "GET /BLA/boletinlegal/js/ajax_doctrina.js HTTP/1.1" 200 772
172.22.2.4 - - [14/Apr/2022:12:39:58 -0500] "GET /BLA/boletinlegal/ HTTP/1.1" 200 50207
172.22.2.4 - - [14/Apr/2022:12:41:39 -0500] "GET /BLA/boletinlegal/actos.php HTTP/1.1" 200 9559
172.22.2.4 - - [14/Apr/2022:12:41:41 -0500] "GET /BLA/boletinlegal/normativa.php HTTP/1.1" 200 8292
172.22.2.4 - - [14/Apr/2022:12:41:10 -0500] "GET /BLA/boletinlegal/index.php HTTP/1.1" 200 24523
181.237.58.219 - - [14/Apr/2022:12:42:25 -0500] "GET /documents/10184/2325415/pieza-concurso-buenas-practicas-20-septiembre.jpg HTTP/1.1" 404 1132
172.22.2.4 - - [14/Apr/2022:12:41:43 -0500] "GET /BLA/boletinlegal/index.php HTTP/1.1" 200 24523
172.22.2.4 - - [14/Apr/2022:12:41:53 -0500] "GET /BLA/boletinlegal/index.php HTTP/1.1" 200 24523
201.245.192.253 - - [14/Apr/2022:12:42:34 -0500] "POST /kwsrmcab/Wsrmcab HTTP/1.1" 200 44256
172.22.2.4 - - [14/Apr/2022:12:41:51 -0500] "GET /BLA/boletinlegal/index.php HTTP/1.1" 200 24523
66.249.65.13 - - [14/Apr/2022:12:43:34 -0500] "-" 408 -
172.22.2.4 - - [14/Apr/2022:12:41:59 -0500] "GET /BLA/boletinlegal/ HTTP/1.1" 200 28619
172.22.2.4 - - [14/Apr/2022:12:42:02 -0500] "GET /BLA/boletinlegal/index.php HTTP/1.1" 200 30888
172.22.2.4 - - [14/Apr/2022:12:42:05 -0500] "GET /BLA/boletinlegal/ HTTP/1.1" 200 27278
172.22.2.4 - - [14/Apr/2022:12:42:24 -0500] "GET /BLA/boletinlegal/ HTTP/1.1" 200 24523
172.22.2.4 - - [14/Apr/2022:12:42:35 -0500] "GET /BLA/boletinlegal/index.php HTTP/1.1" 200 24523
45.137.23.207 - - [14/Apr/2022:12:44:01 -0500] "GET / HTTP/1.1" 200 319
172.22.2.4 - - [14/Apr/2022:12:42:45 -0500] "GET /BLA/boletinlegal/ HTTP/1.1" 200 24523
201.245.192.253 - - [14/Apr/2022:12:43:25 -0500] "POST /kwsrmcab/Wsrmcab HTTP/1.1" 200 45332
172.22.2.4 - - [14/Apr/2022:12:42:41 -0500] "GET /BLA/boletinlegal/index.php HTTP/1.1" 200 35739
172.22.2.4 - - [14/Apr/2022:12:43:34 -0500] "GET /BLA/boletinlegal/ HTTP/1.1" 200 24523
181.237.58.219 - - [14/Apr/2022:12:44:47 -0500] "GET /documents/10184/2325415/pieza-concurso-buenas-practicas-20-septiembre.jpg HTTP/1.1" 404 1132
172.22.2.4 - - [14/Apr/2022:12:43:53 -0500] "GET /BLA/boletinlegal/ HTTP/1.1" 200 32715
172.22.2.4 - - [14/Apr/2022:12:44:13 -0500] "GET /BLA/boletinlegal/ HTTP/1.1" 200 32715
69.171.249.118 - - [14/Apr/2022:12:45:30 -0500] "GET /images/carro-carga-movilidad-4-febrero.jpg HTTP/1.1" 200 46258
216.245.221.92 - - [14/Apr/2022:12:45:30 -0500] "HEAD / HTTP/1.1" 200 -
173.252.107.15 - - [14/Apr/2022:12:45:42 -0500] "GET /images/acopiadores-llantas-control-2-abril.jpeg HTTP/1.1" 200 34334
173.252.107.8 - - [14/Apr/2022:12:45:44 -0500] "GET /images/culebra-sabanera-bogota-26-marzo.jpg HTTP/1.1" 200 22555
173.252.95.6 - - [14/Apr/2022:12:45:44 -0500] "GET /images/operativos-control-residuos-hospitalarios-4-abril.jpeg HTTP/1.1" 200 58998
186.84.22.193 - - [14/Apr/2022:12:46:03 -0500] "GET /BLA/resoluciones/index.php?dir=RESOLUCIONES+2007%2F HTTP/1.1" 200 35110
172.22.2.4 - - [14/Apr/2022:12:44:58 -0500] "HEAD /BLA/boletinlegal/ HTTP/1.1" 200 -
172.22.2.4 - - [14/Apr/2022:12:45:48 -0500] "GET /BLA/boletinlegal/ HTTP/1.1" 200 58006
144.76.94.113 - - [14/Apr/2022:12:49:12 -0500] "-" 408 -
87.251.75.145 - - [14/Apr/2022:12:50:23 -0500] "\x03" 400 226
216.245.221.92 - - [14/Apr/2022:12:50:30 -0500] "HEAD / HTTP/1.1" 200 -
40.77.167.73 - - [14/Apr/2022:12:50:33 -0500] "GET /BLA/resoluciones/index.php?dir=AUTOS+2019%2F HTTP/1.1" 200 342653
103.178.237.132 - - [14/Apr/2022:12:51:04 -0500] "GET / HTTP/1.1" 200 319
172.22.2.4 - - [14/Apr/2022:12:51:15 -0500] "GET /BLA/boletinlegal/ HTTP/1.1" 200 20427
172.22.2.4 - - [14/Apr/2022:12:51:15 -0500] "GET /BLA/boletinlegal/ HTTP/1.1" 200 32715
172.22.2.4 - - [14/Apr/2022:12:52:15 -0500] "GET /BLA/boletinlegal/normativa.php HTTP/1.1" 200 8292
172.22.2.4 - - [14/Apr/2022:12:50:48 -0500] "HEAD /BLA/boletinlegal/ HTTP/1.1" 200 -
172.22.2.4 - - [14/Apr/2022:12:51:38 -0500] "GET /BLA/boletinlegal/ HTTP/1.1" 200 57542
181.54.191.27 - - [14/Apr/2022:12:54:41 -0500] "GET /caminos-de-los-cerros-habilitados-en-esta-semana-santa-2022.html?fbclid=IwAR32i0oUDiWtyX20kmlHtyO6CBxk_uAKDgZ5JsFpoN7vZY9eLuID5vwSpyM HTTP/1.1" 200 832
216.245.221.92 - - [14/Apr/2022:12:55:30 -0500] "HEAD / HTTP/1.1" 200 -
66.249.65.13 - - [14/Apr/2022:12:56:18 -0500] "-" 408 -
173.252.107.16 - - [14/Apr/2022:12:56:52 -0500] "GET /importante-avance-en-la-calidad-del-agua-de-los-principales-rios-de-bogota.html HTTP/1.1" 206 1095
173.252.107.116 - - [14/Apr/2022:12:56:52 -0500] "GET /importante-avance-en-la-calidad-del-agua-de-los-principales-rios-de-bogota.html HTTP/1.1" 206 1095
20.203.226.204 - - [14/Apr/2022:12:57:55 -0500] "GET /.env HTTP/1.1" 404 1018
20.203.226.204 - - [14/Apr/2022:12:57:56 -0500] "POST / HTTP/1.1" 200 319
