186.102.17.22 - - [14/Apr/2022:20:59:47 -0500] "GET /kwssiamovil/sm/acme/s?s=U2FsdGVkX1/Bh79JtkcxabLfHnKYPfX2PKVWE/VC3bwx93LVSQMwb2hmydZWY6P5&u=U2FsdGVkX18hoL9Hp0BYJq0jyhc2Rp56iJ5ahbbWuidrShaUaPYYf22kDw2igSq1&y=U2FsdGVkX1+WzSGL52Y1Gh8NvSjWnImvOayjIedrDgKtTFmpUHFYlOLQtaMvzhXg HTTP/1.1" 200 70
186.102.17.22 - - [14/Apr/2022:20:59:47 -0500] "GET /kwssiamovil/sm/acme/s?s=U2FsdGVkX19D40INFzhtvsq1dPLMYSvf+HwwFeS66y8od1bUd/0d0nIlY5POCtor&u=U2FsdGVkX19FMnJt+dTvtvpKZzBA/W63gZgvkgJR8s1+cU8rQfHqSmhS3QqfQKdR&y=U2FsdGVkX1+KIf580wXEwi2KWvGqqwmSHbKkJfbkEwpN6CteUY79ztTT6OpH824x HTTP/1.1" 200 66
186.102.17.22 - - [14/Apr/2022:20:59:47 -0500] "GET /kwssiamovil/sm/acme/s?s=U2FsdGVkX18KZ6jyBIVdjb5+BqdgojsR/mg3GzRhY/b8G2RrEYy2NK1R+MGSBBKg&u=U2FsdGVkX18hoL9Hp0BYJq0jyhc2Rp56iJ5ahbbWuidrShaUaPYYf22kDw2igSq1&y=U2FsdGVkX1+WzSGL52Y1Gh8NvSjWnImvOayjIedrDgKtTFmpUHFYlOLQtaMvzhXg HTTP/1.1" 200 70
186.102.17.22 - - [14/Apr/2022:20:59:47 -0500] "GET /kwssiamovil/sm/acme/s?s=U2FsdGVkX1+H4+QDvV8hyM9MMMRCDhQoOon+rUDPpFOqcieJQT9QbWOfYNpqqDpY&u=U2FsdGVkX19FMnJt+dTvtvpKZzBA/W63gZgvkgJR8s1+cU8rQfHqSmhS3QqfQKdR&y=U2FsdGVkX1+KIf580wXEwi2KWvGqqwmSHbKkJfbkEwpN6CteUY79ztTT6OpH824x HTTP/1.1" 200 66
186.102.17.22 - - [14/Apr/2022:20:59:47 -0500] "GET /kwssiamovil/sm/acme/s?s=U2FsdGVkX1+o7iz8jEo4mBkwo9ZDqr2mXXNTXu858ityyDhNPAnAtsuAAZXAP5Xp&u=U2FsdGVkX19FMnJt+dTvtvpKZzBA/W63gZgvkgJR8s1+cU8rQfHqSmhS3QqfQKdR&y=U2FsdGVkX1+KIf580wXEwi2KWvGqqwmSHbKkJfbkEwpN6CteUY79ztTT6OpH824x HTTP/1.1" 200 66
186.102.17.22 - - [14/Apr/2022:20:59:47 -0500] "GET /kwssiamovil/sm/acme/s?s=U2FsdGVkX18XDMcz2vkVteSmM2lypJzf8d5E6AKtywVu8gJ7xgoRa5YudaNxW3cw&u=U2FsdGVkX18hoL9Hp0BYJq0jyhc2Rp56iJ5ahbbWuidrShaUaPYYf22kDw2igSq1&y=U2FsdGVkX1+WzSGL52Y1Gh8NvSjWnImvOayjIedrDgKtTFmpUHFYlOLQtaMvzhXg HTTP/1.1" 200 70
186.102.17.22 - - [14/Apr/2022:20:59:47 -0500] "GET /kwssiamovil/sm/acme/s?s=U2FsdGVkX1+7dQBfMEExII9W4M0wKaI0IKA+AbIq3D3NvaYE9QkIN+NoqFFmR9Ck&u=U2FsdGVkX18hoL9Hp0BYJq0jyhc2Rp56iJ5ahbbWuidrShaUaPYYf22kDw2igSq1&y=U2FsdGVkX1+WzSGL52Y1Gh8NvSjWnImvOayjIedrDgKtTFmpUHFYlOLQtaMvzhXg HTTP/1.1" 200 70
186.102.17.22 - - [14/Apr/2022:20:59:47 -0500] "GET /kwssiamovil/sm/acme/s?s=U2FsdGVkX18QUZr64DBcknZJmbVWdVvQnVXXKX5etlAAqKSOJqCmc+yY0WHGu3dx&u=U2FsdGVkX19FMnJt+dTvtvpKZzBA/W63gZgvkgJR8s1+cU8rQfHqSmhS3QqfQKdR&y=U2FsdGVkX1+KIf580wXEwi2KWvGqqwmSHbKkJfbkEwpN6CteUY79ztTT6OpH824x HTTP/1.1" 200 66
186.102.17.22 - - [14/Apr/2022:20:59:47 -0500] "GET /kwssiamovil/sm/acme/s?s=U2FsdGVkX18zQAkduwXds6m7Jq12Q2STDG1nRFrRc/xEUW7E8FGv0Dcss1yZqSuB&u=U2FsdGVkX18hoL9Hp0BYJq0jyhc2Rp56iJ5ahbbWuidrShaUaPYYf22kDw2igSq1&y=U2FsdGVkX1+WzSGL52Y1Gh8NvSjWnImvOayjIedrDgKtTFmpUHFYlOLQtaMvzhXg HTTP/1.1" 200 70
186.102.17.22 - - [14/Apr/2022:20:59:47 -0500] "GET /kwssiamovil/sm/acme/s?s=U2FsdGVkX1/nBPgX05znSRIfFkV0JBCCOjhG/ktv4vrhQX5/pa29G0aR0I6Be4FJ&u=U2FsdGVkX19FMnJt+dTvtvpKZzBA/W63gZgvkgJR8s1+cU8rQfHqSmhS3QqfQKdR&y=U2FsdGVkX1+KIf580wXEwi2KWvGqqwmSHbKkJfbkEwpN6CteUY79ztTT6OpH824x HTTP/1.1" 200 66
186.102.17.22 - - [14/Apr/2022:20:59:47 -0500] "GET /kwssiamovil/sm/acme/s?s=U2FsdGVkX1/t3n+Ka6QJP36vJXk30tGskSF0P+98wK+BbwXzfS/6NB14fN89pmos&u=U2FsdGVkX18hoL9Hp0BYJq0jyhc2Rp56iJ5ahbbWuidrShaUaPYYf22kDw2igSq1&y=U2FsdGVkX1+WzSGL52Y1Gh8NvSjWnImvOayjIedrDgKtTFmpUHFYlOLQtaMvzhXg HTTP/1.1" 200 70
186.102.17.22 - - [14/Apr/2022:20:59:47 -0500] "GET /kwssiamovil/sm/acme/s?s=U2FsdGVkX18P9QROeTuPE6+gLdHkmC8NCeulHcuvlCUa/FhBu3wf+Xq0j3nO0yzk&u=U2FsdGVkX19FMnJt+dTvtvpKZzBA/W63gZgvkgJR8s1+cU8rQfHqSmhS3QqfQKdR&y=U2FsdGVkX1+KIf580wXEwi2KWvGqqwmSHbKkJfbkEwpN6CteUY79ztTT6OpH824x HTTP/1.1" 200 66
186.102.17.22 - - [14/Apr/2022:20:59:47 -0500] "GET /kwssiamovil/sm/acme/s?s=U2FsdGVkX19ar8bgQJYzmiMV2PtwGc0k0KYGisMho+zF1/mziIJHgtBjS/bAk8TG&u=U2FsdGVkX18hoL9Hp0BYJq0jyhc2Rp56iJ5ahbbWuidrShaUaPYYf22kDw2igSq1&y=U2FsdGVkX1+WzSGL52Y1Gh8NvSjWnImvOayjIedrDgKtTFmpUHFYlOLQtaMvzhXg HTTP/1.1" 200 70
186.102.17.22 - - [14/Apr/2022:20:59:47 -0500] "GET /kwssiamovil/sm/acme/s?s=U2FsdGVkX18x01E+oOaFUW8ZsJQpOJQpmMuweqdfC4xBeuliSUD0WVrzDbkSVwZ0&u=U2FsdGVkX19FMnJt+dTvtvpKZzBA/W63gZgvkgJR8s1+cU8rQfHqSmhS3QqfQKdR&y=U2FsdGVkX1+KIf580wXEwi2KWvGqqwmSHbKkJfbkEwpN6CteUY79ztTT6OpH824x HTTP/1.1" 200 66
186.102.17.22 - - [14/Apr/2022:20:59:48 -0500] "GET /kwssiamovil/sm/acme/s?s=U2FsdGVkX1/5ccJhJi7UTnlgru1VNboUs++sf637XNZFFl9VJLcUOzoCdxe5TZqW&u=U2FsdGVkX18hoL9Hp0BYJq0jyhc2Rp56iJ5ahbbWuidrShaUaPYYf22kDw2igSq1&y=U2FsdGVkX1+WzSGL52Y1Gh8NvSjWnImvOayjIedrDgKtTFmpUHFYlOLQtaMvzhXg HTTP/1.1" 200 70
186.102.17.22 - - [14/Apr/2022:20:59:48 -0500] "GET /kwssiamovil/sm/acme/s?s=U2FsdGVkX18Kx4K10iz0QmXj1vbKYbrUQfmhHnK1ubx6eV7ZciTxvj6WUrHR7WUy&u=U2FsdGVkX19FMnJt+dTvtvpKZzBA/W63gZgvkgJR8s1+cU8rQfHqSmhS3QqfQKdR&y=U2FsdGVkX1+KIf580wXEwi2KWvGqqwmSHbKkJfbkEwpN6CteUY79ztTT6OpH824x HTTP/1.1" 200 66
186.102.17.22 - - [14/Apr/2022:20:59:48 -0500] "GET /kwssiamovil/sm/acme/s?s=U2FsdGVkX19/6KuUTTAObcBFLQrORN6LmID9TMxJoSGuV/tTiknvmdu3+VZzmTNY&u=U2FsdGVkX18hoL9Hp0BYJq0jyhc2Rp56iJ5ahbbWuidrShaUaPYYf22kDw2igSq1&y=U2FsdGVkX1+WzSGL52Y1Gh8NvSjWnImvOayjIedrDgKtTFmpUHFYlOLQtaMvzhXg HTTP/1.1" 200 70
186.102.17.22 - - [14/Apr/2022:20:59:48 -0500] "GET /kwssiamovil/sm/acme/s?s=U2FsdGVkX1/R7JQHT02DE52eWt4ZXdCMLyDkuhsLMqoneWl4Di0j9H3UGS5ZL4Vn&u=U2FsdGVkX19FMnJt+dTvtvpKZzBA/W63gZgvkgJR8s1+cU8rQfHqSmhS3QqfQKdR&y=U2FsdGVkX1+KIf580wXEwi2KWvGqqwmSHbKkJfbkEwpN6CteUY79ztTT6OpH824x HTTP/1.1" 200 66
186.102.17.22 - - [14/Apr/2022:20:59:48 -0500] "GET /kwssiamovil/sm/acme/s?s=U2FsdGVkX19/m4DU7W7mIU++yzmhVjgSpXgf15fR9LHRLUqqQhLxsMFrcQ4vUa6o&u=U2FsdGVkX19FMnJt+dTvtvpKZzBA/W63gZgvkgJR8s1+cU8rQfHqSmhS3QqfQKdR&y=U2FsdGVkX1+KIf580wXEwi2KWvGqqwmSHbKkJfbkEwpN6CteUY79ztTT6OpH824x HTTP/1.1" 200 66
186.102.17.22 - - [14/Apr/2022:20:59:48 -0500] "GET /kwssiamovil/sm/acme/s?s=U2FsdGVkX18/QGljAE8bUc+zYcIbOrk2NHaFZgmpCeAr92GmFiwkWClLLWYoyhVs&u=U2FsdGVkX18hoL9Hp0BYJq0jyhc2Rp56iJ5ahbbWuidrShaUaPYYf22kDw2igSq1&y=U2FsdGVkX1+WzSGL52Y1Gh8NvSjWnImvOayjIedrDgKtTFmpUHFYlOLQtaMvzhXg HTTP/1.1" 200 70
186.102.17.22 - - [14/Apr/2022:20:59:48 -0500] "GET /kwssiamovil/sm/acme/s?s=U2FsdGVkX19KygPf0FUc/fE0p8zcmS3Ww0bHoiE5rcLtJiS9A/rcnIvM7HQd4WCx&u=U2FsdGVkX19FMnJt+dTvtvpKZzBA/W63gZgvkgJR8s1+cU8rQfHqSmhS3QqfQKdR&y=U2FsdGVkX1+KIf580wXEwi2KWvGqqwmSHbKkJfbkEwpN6CteUY79ztTT6OpH824x HTTP/1.1" 200 66
186.102.17.22 - - [14/Apr/2022:20:59:48 -0500] "GET /kwssiamovil/sm/acme/s?s=U2FsdGVkX1+YgnUIL9IZvdLZtHjfXhD/0tvLNWqhZye2d0eXkjF78S3j2tjOPEwo&u=U2FsdGVkX18hoL9Hp0BYJq0jyhc2Rp56iJ5ahbbWuidrShaUaPYYf22kDw2igSq1&y=U2FsdGVkX1+WzSGL52Y1Gh8NvSjWnImvOayjIedrDgKtTFmpUHFYlOLQtaMvzhXg HTTP/1.1" 200 70
186.102.17.22 - - [14/Apr/2022:20:59:48 -0500] "GET /kwssiamovil/sm/acme/s?s=U2FsdGVkX1+8YFzm1r4MkecXmyjPexOYPWSvlF/S95T5DkFe0kD7cHDj/fonyXcd&u=U2FsdGVkX19FMnJt+dTvtvpKZzBA/W63gZgvkgJR8s1+cU8rQfHqSmhS3QqfQKdR&y=U2FsdGVkX1+KIf580wXEwi2KWvGqqwmSHbKkJfbkEwpN6CteUY79ztTT6OpH824x HTTP/1.1" 200 66
186.102.17.22 - - [14/Apr/2022:20:59:48 -0500] "GET /kwssiamovil/sm/acme/s?s=U2FsdGVkX1/jqBUcFGaHTPPFFKpbboG4bu0KfDtSCTqdpXWL80fESo8JpPoBD2BI&u=U2FsdGVkX19FMnJt+dTvtvpKZzBA/W63gZgvkgJR8s1+cU8rQfHqSmhS3QqfQKdR&y=U2FsdGVkX1+KIf580wXEwi2KWvGqqwmSHbKkJfbkEwpN6CteUY79ztTT6OpH824x HTTP/1.1" 200 66
186.102.17.22 - - [14/Apr/2022:20:59:48 -0500] "GET /kwssiamovil/sm/acme/s?s=U2FsdGVkX1+OXhUDCEdh/kSIttefTvOtU9WRdEpCOvszuzsKp2Jkr1uPn2mCCjou&u=U2FsdGVkX18hoL9Hp0BYJq0jyhc2Rp56iJ5ahbbWuidrShaUaPYYf22kDw2igSq1&y=U2FsdGVkX1+WzSGL52Y1Gh8NvSjWnImvOayjIedrDgKtTFmpUHFYlOLQtaMvzhXg HTTP/1.1" 200 70
186.102.17.22 - - [14/Apr/2022:20:59:48 -0500] "GET /kwssiamovil/sm/acme/s?s=U2FsdGVkX18suDMzS1dfci+w1ym5rnjBUrTh/1SRtlgwXpBYUeUDYKYWsOp6POut&u=U2FsdGVkX18hoL9Hp0BYJq0jyhc2Rp56iJ5ahbbWuidrShaUaPYYf22kDw2igSq1&y=U2FsdGVkX1+WzSGL52Y1Gh8NvSjWnImvOayjIedrDgKtTFmpUHFYlOLQtaMvzhXg HTTP/1.1" 200 70
186.102.17.22 - - [14/Apr/2022:20:59:48 -0500] "GET /kwssiamovil/sm/acme/s?s=U2FsdGVkX1/45lqrxaKz53LqW+jg7sC06s7qNJqvWuyJ94zb043RQD747BARUvNC&u=U2FsdGVkX19FMnJt+dTvtvpKZzBA/W63gZgvkgJR8s1+cU8rQfHqSmhS3QqfQKdR&y=U2FsdGVkX1+KIf580wXEwi2KWvGqqwmSHbKkJfbkEwpN6CteUY79ztTT6OpH824x HTTP/1.1" 200 66
186.102.17.22 - - [14/Apr/2022:20:59:48 -0500] "GET /kwssiamovil/sm/acme/s?s=U2FsdGVkX18CLgVGOL+pAwB2jFfkRTh/L2UFvrHYiIzVJKmIdRyd6wJxkWdYFBM9&u=U2FsdGVkX18hoL9Hp0BYJq0jyhc2Rp56iJ5ahbbWuidrShaUaPYYf22kDw2igSq1&y=U2FsdGVkX1+WzSGL52Y1Gh8NvSjWnImvOayjIedrDgKtTFmpUHFYlOLQtaMvzhXg HTTP/1.1" 200 70
186.102.17.22 - - [14/Apr/2022:20:59:48 -0500] "GET /kwssiamovil/sm/acme/s?s=U2FsdGVkX1/uNLbKZQuWKS9NTUSk1dQ2AROaJVIGmLaii1V6ciC17my7Vsn5BpGC&u=U2FsdGVkX19FMnJt+dTvtvpKZzBA/W63gZgvkgJR8s1+cU8rQfHqSmhS3QqfQKdR&y=U2FsdGVkX1+KIf580wXEwi2KWvGqqwmSHbKkJfbkEwpN6CteUY79ztTT6OpH824x HTTP/1.1" 200 66
186.102.17.22 - - [14/Apr/2022:20:59:48 -0500] "GET /kwssiamovil/sm/acme/s?s=U2FsdGVkX19yYAPDi9J4q9hhvGDHut+XN3hrexH8ayL+6A3Uuh0NeUZPELv1uX1s&u=U2FsdGVkX18hoL9Hp0BYJq0jyhc2Rp56iJ5ahbbWuidrShaUaPYYf22kDw2igSq1&y=U2FsdGVkX1+WzSGL52Y1Gh8NvSjWnImvOayjIedrDgKtTFmpUHFYlOLQtaMvzhXg HTTP/1.1" 200 70
186.102.17.22 - - [14/Apr/2022:20:59:49 -0500] "GET /kwssiamovil/sm/acme/s?s=U2FsdGVkX1/lvtetKqGxeN7KfQsAu+rO9Hx4cq4s+gbSyyzPzetyhK12/iXTZCh9QSntYbNXOjSDUAyX1j54NwZL1JkLvdSQfQK6oD1W1F32AVkCBjlnpmn4MxGMkbquxTVyI6Z1eedlaagFW0h1L8secgBlcS+tP0zVACG9iHvTgVqYgFxCrtzwIn3gcNGVI8E0OodkyXWec4pM0fU51G6oAXcf6bP8H3ZG1BQWJDUoFkSdzA2d8ovZ9VkOyIBC8gzSFSNMREktalhkCfD2iNtwU41zlZYZS2qIfx1pcX3EXV4IsdUTPPaviQSqMIUXU52k7jlZdfCSjJ/UFInit/64MS0qkk+QWrPyZLQbHe0=&u=U2FsdGVkX19FMnJt+dTvtvpKZzBA/W63gZgvkgJR8s1+cU8rQfHqSmhS3QqfQKdR&y=U2FsdGVkX1+KIf580wXEwi2KWvGqqwmSHbKkJfbkEwpN6CteUY79ztTT6OpH824x HTTP/1.1" 200 66
186.102.17.22 - - [14/Apr/2022:20:59:49 -0500] "GET /kwssiamovil/sm/acme/s?s=U2FsdGVkX1//dJ74j75oHuilm9Wnm9Kxa+v8ecerrv9ppgR7+mHnElUhpojtUaB+&u=U2FsdGVkX18hoL9Hp0BYJq0jyhc2Rp56iJ5ahbbWuidrShaUaPYYf22kDw2igSq1&y=U2FsdGVkX1+WzSGL52Y1Gh8NvSjWnImvOayjIedrDgKtTFmpUHFYlOLQtaMvzhXg HTTP/1.1" 200 70
186.102.17.22 - - [14/Apr/2022:20:59:49 -0500] "GET /kwssiamovil/sm/acme/s?s=U2FsdGVkX1/dbgA1z3MGsqjssC9bKvHYDjdE1lziU7k/NeVUC6eJKg5uXtrPdJaR&u=U2FsdGVkX18hoL9Hp0BYJq0jyhc2Rp56iJ5ahbbWuidrShaUaPYYf22kDw2igSq1&y=U2FsdGVkX1+WzSGL52Y1Gh8NvSjWnImvOayjIedrDgKtTFmpUHFYlOLQtaMvzhXg HTTP/1.1" 200 70
186.102.17.22 - - [14/Apr/2022:20:59:49 -0500] "GET /kwssiamovil/sm/acme/s?s=U2FsdGVkX19FjcUdcQfum5AHJDD8E4EBIEJ7xfrgZWbtc+o00DE9CnEoVDzd0s1X&u=U2FsdGVkX18hoL9Hp0BYJq0jyhc2Rp56iJ5ahbbWuidrShaUaPYYf22kDw2igSq1&y=U2FsdGVkX1+WzSGL52Y1Gh8NvSjWnImvOayjIedrDgKtTFmpUHFYlOLQtaMvzhXg HTTP/1.1" 200 70
186.102.17.22 - - [14/Apr/2022:20:59:49 -0500] "GET /kwssiamovil/sm/acme/s?s=U2FsdGVkX19Idkj7uRS6B+/8nNjApTsteoz7Y21o3YhK3akVMECGPBv8txwEVQfJ&u=U2FsdGVkX18hoL9Hp0BYJq0jyhc2Rp56iJ5ahbbWuidrShaUaPYYf22kDw2igSq1&y=U2FsdGVkX1+WzSGL52Y1Gh8NvSjWnImvOayjIedrDgKtTFmpUHFYlOLQtaMvzhXg HTTP/1.1" 200 70
186.102.17.22 - - [14/Apr/2022:20:59:49 -0500] "GET /kwssiamovil/sm/acme/s?s=U2FsdGVkX1+8zc12n3xmKS4QeJMc1zOgYoh6lb6nVby/pBu536FjRFtafULWWcrN&u=U2FsdGVkX18hoL9Hp0BYJq0jyhc2Rp56iJ5ahbbWuidrShaUaPYYf22kDw2igSq1&y=U2FsdGVkX1+WzSGL52Y1Gh8NvSjWnImvOayjIedrDgKtTFmpUHFYlOLQtaMvzhXg HTTP/1.1" 200 70
186.102.17.22 - - [14/Apr/2022:20:59:49 -0500] "GET /kwssiamovil/sm/acme/s?s=U2FsdGVkX186DOK1HOD3dPTQbWgUNlyAd6UpW/f0SwSgtFDvEvhHIRfsKPgeCt5m&u=U2FsdGVkX18hoL9Hp0BYJq0jyhc2Rp56iJ5ahbbWuidrShaUaPYYf22kDw2igSq1&y=U2FsdGVkX1+WzSGL52Y1Gh8NvSjWnImvOayjIedrDgKtTFmpUHFYlOLQtaMvzhXg HTTP/1.1" 200 70
186.102.17.22 - - [14/Apr/2022:20:59:50 -0500] "GET /kwssiamovil/sm/acme/s?s=U2FsdGVkX195lh2/jTLGmxIK1K1Q4ZcvOpYtG/JxHxCkOGHGUp30JYuEjHGUjrFh&u=U2FsdGVkX18hoL9Hp0BYJq0jyhc2Rp56iJ5ahbbWuidrShaUaPYYf22kDw2igSq1&y=U2FsdGVkX1+WzSGL52Y1Gh8NvSjWnImvOayjIedrDgKtTFmpUHFYlOLQtaMvzhXg HTTP/1.1" 200 70
186.102.17.22 - - [14/Apr/2022:20:59:50 -0500] "GET /kwssiamovil/sm/acme/s?s=U2FsdGVkX18uNjuYcfKcPsqVxsteo+iWOtBYtKA0fEC/nh5nqPyziM0cAGR0cpgn&u=U2FsdGVkX18hoL9Hp0BYJq0jyhc2Rp56iJ5ahbbWuidrShaUaPYYf22kDw2igSq1&y=U2FsdGVkX1+WzSGL52Y1Gh8NvSjWnImvOayjIedrDgKtTFmpUHFYlOLQtaMvzhXg HTTP/1.1" 200 70
186.102.17.22 - - [14/Apr/2022:20:59:50 -0500] "GET /kwssiamovil/sm/acme/s?s=U2FsdGVkX1+hL4G5DXtT1hr95OotvmThQh2Q118h+iIITQpE3ruHnKL9X1O3olL7&u=U2FsdGVkX18hoL9Hp0BYJq0jyhc2Rp56iJ5ahbbWuidrShaUaPYYf22kDw2igSq1&y=U2FsdGVkX1+WzSGL52Y1Gh8NvSjWnImvOayjIedrDgKtTFmpUHFYlOLQtaMvzhXg HTTP/1.1" 200 70
186.102.17.22 - - [14/Apr/2022:20:59:50 -0500] "GET /kwssiamovil/sm/acme/s?s=U2FsdGVkX193pDeWsnu0pgsFsn6CWbKAkJcdJC+TNK41hNFG0OwW9gmLqWs2ywBavXQVUlM435AtukJATjt44enA4y78aK5AjZ/DuUgeuJtUhZ0gXd+wC3c+8Wp0QFyQ5Bu0AFhPdLcMsJzsfizA9ZAe8Xrm9d0nlXm8ksIYR9Dx8M4muSsEA5P1knDS7Si3ZPDPJwg8D65U3aWKeNkjKugEPN9dJqbAnc8QSb/GfPiwKaJWlQnhgTJUWNUCR0UABMuD3eefpcv+NpAMzdMAOYYMCRW7Kqdvj4C7J8GusBAESGsGbbvOt8Nyh2Ligmo5xo0XwqCh2PQregXNgBYvjhc16BvCkEMoS2c51bKdCGg=&u=U2FsdGVkX18hoL9Hp0BYJq0jyhc2Rp56iJ5ahbbWuidrShaUaPYYf22kDw2igSq1&y=U2FsdGVkX1+WzSGL52Y1Gh8NvSjWnImvOayjIedrDgKtTFmpUHFYlOLQtaMvzhXg HTTP/1.1" 200 196
186.102.17.22 - - [14/Apr/2022:20:59:50 -0500] "GET /kwssiamovil/sm/cjson/pre?f=1&x=U2FsdGVkX1/th5HIjbEKIeUs2emxW6dejO9soGpV01Wn90fCW3DGN+yqglK33Jmb HTTP/1.1" 200 30975
186.29.191.243 - - [14/Apr/2022:21:00:03 -0500] "GET /BLA/resoluciones/AUTOS%202010/5301.pdf HTTP/1.1" 200 885911
216.245.221.92 - - [14/Apr/2022:21:00:29 -0500] "HEAD / HTTP/1.1" 200 -
186.29.191.243 - - [14/Apr/2022:21:00:30 -0500] "GET /BLA/resoluciones/ HTTP/1.1" 200 13093
186.29.191.243 - - [14/Apr/2022:21:00:32 -0500] "GET /BLA/resoluciones/index.php?dir=AUTOS+2015%2F HTTP/1.1" 200 576181
173.252.107.16 - - [14/Apr/2022:21:02:03 -0500] "GET /images/caminos-cerros-orientales-7-abril.jpg HTTP/1.1" 200 80138
172.22.2.4 - - [14/Apr/2022:21:00:47 -0500] "HEAD /BLA/boletinlegal/ HTTP/1.1" 200 -
172.22.2.4 - - [14/Apr/2022:21:03:06 -0500] "GET /BLA/boletinlegal/.git/config HTTP/1.1" 404 1025
172.22.2.4 - - [14/Apr/2022:21:01:37 -0500] "GET /BLA/boletinlegal/ HTTP/1.1" 200 58588
66.249.65.13 - - [14/Apr/2022:21:03:21 -0500] "-" 408 -
216.245.221.92 - - [14/Apr/2022:21:05:29 -0500] "HEAD / HTTP/1.1" 200 -
186.102.17.22 - - [14/Apr/2022:21:05:35 -0500] "GET /kwssiamovil/sm/ldap/au?x=U2FsdGVkX18ZzmM3RuyVhf5V36Yli1LQ8oJk6LUgDd8gv0+2uCxXTCDPyyRlS2bn&y=U2FsdGVkX19BLHvQwYjX7CBqoL5qWIOhmjNSZ6NVwN3jjHCOmiN12qlUaYh/7P7t HTTP/1.1" 200 30
186.102.17.22 - - [14/Apr/2022:21:05:35 -0500] "GET /kwssiamovil/sm/acme/s?s=U2FsdGVkX1/JvzOzWJyqprTVD4ycJGC3E+9pc9Wy128zJa++HyK7tPaswERhksF34Rjk363wH9Han3gkM87g/0WYfsJLTfDmmJjAmgduNwk=&u=U2FsdGVkX1+tTBKnYv8+25tIWwJ9IBCtc0vyFyg27dn10KYc/KgnZlprg4JvWqqj&y=U2FsdGVkX19BLHvQwYjX7CBqoL5qWIOhmjNSZ6NVwN3jjHCOmiN12qlUaYh/7P7t HTTP/1.1" 200 97
186.102.17.22 - - [14/Apr/2022:21:05:35 -0500] "GET /kwssiamovil/sm/acme/s?s=U2FsdGVkX18YNCMsOd6iwiIafP8ytg066rlBKAdFFNFza9l4BBDjVFVOQ49Z111WKi6aotVh5DV3RoTysVobAJTkbJH7Crep0N52kxjWFOBeknpRTG0ozv3H1WKI97MwsKzR9i2gy5g10brBle95OVVtUYqRVcmfl2fTTSjBv6v7dlioQSgGUT7RsJ9L6nnK2tsKePj4zCF2gwjKH1IJDw1iPKMZ0HspR7+5ybg3BVLS1U9u3EZtZOW4Dc13wpVs1dsUbNy/6CjsBhF4pGYowheRmtA2Ar6hs2tOfXkmFCm/yMbHFOAE78uUviSW2G/iS1KU7U52f+y+Vle2OclzF7Xr8FQl9G7iBI8289A7aWWfeHchFFgfjbe74GIr7g5mfbtBNzwW61hs1zFEPgeGvGljSbRajzRiTm0owjpjGl7rcSnN5cBsx1TbJ2Xxp0E87KE004i295dJFvJPLIR5hWdwg3eG9ShQibMlq2YckKsyHl/8SAb9LQ0pMYGV+B+51TzTOsMSmvE7n3+XnKsORp0QI1VhVxzVQ0C2q4UHU5WUSqI7H2IAGlSCMUT7H7qhmTJg5FeYvbDMjg7B78elz+VjpHeE9A7hRLTeQDo6DWZP4Ac/Gdg5sHNQs5nZgzUdjP0lX3hk+kGWUEt77IF6jzZR/n2Mez4z2E8BoGgJJoTuR5xva2SiCttgvVXIZByRho7uBf82m+vOEDAffPjf5mWLWjHq4DdQrQXXfn1xAEs8/jn9/K+Rz0T0gnELnI9A4LLY3AGGohWFFfktchktqgnFAisEmwMvyXb6HuQg1FmWz71PsehgatQ000of+1Vrn63tdr7Ub5c6O0747xokrtfVhLOH7iaNVzcWRuNGc73TzTJAAPmZIopQJLyClG5wuQwLsSf4coOB2d9ZDUWMZyNNNNJkzYaIYzQo5XAQcqqmRZjx8yylcEeRlE7in0bVk7v5j//Gm2Nem6KkoAWUUg9R46jiov3jAC1+HOIiNuhGR2oh+7KMfk+dl9KKMSf1vulFbHz9Xh951+ALjpXi92I9NrDUeM/ufb63EdZROBEDCDcBkuLNTnMQGinYTcD3oQWlKRHMHJNhSIj1gu18Ytv8FJ4sYpXpvbGs6+7rO+M=&u=U2FsdGVkX1+tTBKnYv8+25tIWwJ9IBCtc0vyFyg27dn10KYc/KgnZlprg4JvWqqj&y=U2FsdGVkX19BLHvQwYjX7CBqoL5qWIOhmjNSZ6NVwN3jjHCOmiN12qlUaYh/7P7t HTTP/1.1" 200 10408
186.102.17.22 - - [14/Apr/2022:21:05:36 -0500] "GET /kwssiamovil/sm/acme/s?s=U2FsdGVkX1/VZL/PXVD22kHkYd2kUPWgKl+jl6plI9IPgYu74AfxM2eUrc88bYqA&u=U2FsdGVkX1+tTBKnYv8+25tIWwJ9IBCtc0vyFyg27dn10KYc/KgnZlprg4JvWqqj&y=U2FsdGVkX19BLHvQwYjX7CBqoL5qWIOhmjNSZ6NVwN3jjHCOmiN12qlUaYh/7P7t HTTP/1.1" 200 70
186.102.17.22 - - [14/Apr/2022:21:05:36 -0500] "GET /kwssiamovil/sm/acme/s?s=U2FsdGVkX1/bhpidq5i3ZLuxjpo94DxSHnhTAnCHCKVLx1SVv8AFyJhMzm+xIrwZ&u=U2FsdGVkX1+tTBKnYv8+25tIWwJ9IBCtc0vyFyg27dn10KYc/KgnZlprg4JvWqqj&y=U2FsdGVkX19BLHvQwYjX7CBqoL5qWIOhmjNSZ6NVwN3jjHCOmiN12qlUaYh/7P7t HTTP/1.1" 200 70
186.102.17.22 - - [14/Apr/2022:21:05:36 -0500] "GET /kwssiamovil/sm/acme/s?s=U2FsdGVkX1+Q0W4afyg0P5kZaZahtMSjpDGBLpywAQDg7lUDbUZtY6sC4SOol1pV&u=U2FsdGVkX1+tTBKnYv8+25tIWwJ9IBCtc0vyFyg27dn10KYc/KgnZlprg4JvWqqj&y=U2FsdGVkX19BLHvQwYjX7CBqoL5qWIOhmjNSZ6NVwN3jjHCOmiN12qlUaYh/7P7t HTTP/1.1" 200 70
186.102.17.22 - - [14/Apr/2022:21:05:36 -0500] "GET /kwssiamovil/sm/acme/s?s=U2FsdGVkX1+IPmOciDY8Fs3B528Q/Ig+WcEtkwzvAw4aoziwDZDTVNyzuJa9P50I&u=U2FsdGVkX1+tTBKnYv8+25tIWwJ9IBCtc0vyFyg27dn10KYc/KgnZlprg4JvWqqj&y=U2FsdGVkX19BLHvQwYjX7CBqoL5qWIOhmjNSZ6NVwN3jjHCOmiN12qlUaYh/7P7t HTTP/1.1" 200 70
186.102.17.22 - - [14/Apr/2022:21:05:36 -0500] "GET /kwssiamovil/sm/acme/s?s=U2FsdGVkX1+vOXl5/3OdFUqFyvQ9HCejE94Hvw6vdYHM0aNp3PrYzBicbxiSRgJM&u=U2FsdGVkX1+tTBKnYv8+25tIWwJ9IBCtc0vyFyg27dn10KYc/KgnZlprg4JvWqqj&y=U2FsdGVkX19BLHvQwYjX7CBqoL5qWIOhmjNSZ6NVwN3jjHCOmiN12qlUaYh/7P7t HTTP/1.1" 200 70
186.102.17.22 - - [14/Apr/2022:21:05:36 -0500] "GET /kwssiamovil/sm/acme/s?s=U2FsdGVkX1/bqh0kr6F5SwmJWJSOsJ4XoB/9A6i1MWSo8O1N5y8xN7xqY00gIC61&u=U2FsdGVkX1+tTBKnYv8+25tIWwJ9IBCtc0vyFyg27dn10KYc/KgnZlprg4JvWqqj&y=U2FsdGVkX19BLHvQwYjX7CBqoL5qWIOhmjNSZ6NVwN3jjHCOmiN12qlUaYh/7P7t HTTP/1.1" 200 70
186.102.17.22 - - [14/Apr/2022:21:05:36 -0500] "GET /kwssiamovil/sm/acme/s?s=U2FsdGVkX19xgPZ9adO8Y41hN2Gq/w3lLoKA6q4RLJAiLEBAxmgHqtKaG6GD9/ZS&u=U2FsdGVkX1+tTBKnYv8+25tIWwJ9IBCtc0vyFyg27dn10KYc/KgnZlprg4JvWqqj&y=U2FsdGVkX19BLHvQwYjX7CBqoL5qWIOhmjNSZ6NVwN3jjHCOmiN12qlUaYh/7P7t HTTP/1.1" 200 70
186.102.17.22 - - [14/Apr/2022:21:05:37 -0500] "GET /kwssiamovil/sm/acme/s?s=U2FsdGVkX1/1zoQAV/C1Mz7r9E/NmsgaFGzGSnL2cXKQUFEDlfnCEBVLCGRO2D1o&u=U2FsdGVkX1+tTBKnYv8+25tIWwJ9IBCtc0vyFyg27dn10KYc/KgnZlprg4JvWqqj&y=U2FsdGVkX19BLHvQwYjX7CBqoL5qWIOhmjNSZ6NVwN3jjHCOmiN12qlUaYh/7P7t HTTP/1.1" 200 70
186.102.17.22 - - [14/Apr/2022:21:05:37 -0500] "GET /kwssiamovil/sm/acme/s?s=U2FsdGVkX19hM/3gDzRCKst+d0e+UkgwnfoG7GPeCzJKeaPKYNUPO+lQYKfgOOH2&u=U2FsdGVkX1+tTBKnYv8+25tIWwJ9IBCtc0vyFyg27dn10KYc/KgnZlprg4JvWqqj&y=U2FsdGVkX19BLHvQwYjX7CBqoL5qWIOhmjNSZ6NVwN3jjHCOmiN12qlUaYh/7P7t HTTP/1.1" 200 70
186.102.17.22 - - [14/Apr/2022:21:05:37 -0500] "GET /kwssiamovil/sm/acme/s?s=U2FsdGVkX18CNa2/Ai7LC2egHRep0fIAWn7LLqWLFBbGe2o1fpWFlEBTXvSLV6DO&u=U2FsdGVkX1+tTBKnYv8+25tIWwJ9IBCtc0vyFyg27dn10KYc/KgnZlprg4JvWqqj&y=U2FsdGVkX19BLHvQwYjX7CBqoL5qWIOhmjNSZ6NVwN3jjHCOmiN12qlUaYh/7P7t HTTP/1.1" 200 70
186.102.17.22 - - [14/Apr/2022:21:05:37 -0500] "GET /kwssiamovil/sm/acme/s?s=U2FsdGVkX18vQ6pvVFhlu8xEJr4LCH05Kylir6pOxbUWK97Ta/8M89tRZfzsndoc&u=U2FsdGVkX1+tTBKnYv8+25tIWwJ9IBCtc0vyFyg27dn10KYc/KgnZlprg4JvWqqj&y=U2FsdGVkX19BLHvQwYjX7CBqoL5qWIOhmjNSZ6NVwN3jjHCOmiN12qlUaYh/7P7t HTTP/1.1" 200 70
186.102.17.22 - - [14/Apr/2022:21:05:37 -0500] "GET /kwssiamovil/sm/acme/s?s=U2FsdGVkX19siNTgvx573TKEGatbWHuGS0eJf3ZUJFrKkt0Z9lZ3YMv+DmI/w1i8&u=U2FsdGVkX1+tTBKnYv8+25tIWwJ9IBCtc0vyFyg27dn10KYc/KgnZlprg4JvWqqj&y=U2FsdGVkX19BLHvQwYjX7CBqoL5qWIOhmjNSZ6NVwN3jjHCOmiN12qlUaYh/7P7t HTTP/1.1" 200 70
186.102.17.22 - - [14/Apr/2022:21:05:37 -0500] "GET /kwssiamovil/sm/acme/s?s=U2FsdGVkX1+iG+UYkzVRWA0NQ4pH8nQ2C2GaIvYkyx7kZqsp7NqDCDnFU5wuy2nn&u=U2FsdGVkX1+tTBKnYv8+25tIWwJ9IBCtc0vyFyg27dn10KYc/KgnZlprg4JvWqqj&y=U2FsdGVkX19BLHvQwYjX7CBqoL5qWIOhmjNSZ6NVwN3jjHCOmiN12qlUaYh/7P7t HTTP/1.1" 200 70
186.102.17.22 - - [14/Apr/2022:21:05:37 -0500] "GET /kwssiamovil/sm/acme/s?s=U2FsdGVkX19dS+hLjl+E5lHV/zDDk2NTIPuMPS6yyOa26cUKvabF1Jy0XSH7NbZN&u=U2FsdGVkX1+tTBKnYv8+25tIWwJ9IBCtc0vyFyg27dn10KYc/KgnZlprg4JvWqqj&y=U2FsdGVkX19BLHvQwYjX7CBqoL5qWIOhmjNSZ6NVwN3jjHCOmiN12qlUaYh/7P7t HTTP/1.1" 200 70
186.102.17.22 - - [14/Apr/2022:21:05:37 -0500] "GET /kwssiamovil/sm/acme/s?s=U2FsdGVkX1806+oejCVzqAMwONazBIUUkkyHMX80x1rjricIVOp6kgydUJobC8Up&u=U2FsdGVkX1+tTBKnYv8+25tIWwJ9IBCtc0vyFyg27dn10KYc/KgnZlprg4JvWqqj&y=U2FsdGVkX19BLHvQwYjX7CBqoL5qWIOhmjNSZ6NVwN3jjHCOmiN12qlUaYh/7P7t HTTP/1.1" 200 70
186.102.17.22 - - [14/Apr/2022:21:05:37 -0500] "GET /kwssiamovil/sm/acme/s?s=U2FsdGVkX1/pCciymwniykiYCyAaXMOmthNZEZKIZLFrovp682+8VvoGunRqWXWO&u=U2FsdGVkX1+tTBKnYv8+25tIWwJ9IBCtc0vyFyg27dn10KYc/KgnZlprg4JvWqqj&y=U2FsdGVkX19BLHvQwYjX7CBqoL5qWIOhmjNSZ6NVwN3jjHCOmiN12qlUaYh/7P7t HTTP/1.1" 200 70
186.102.17.22 - - [14/Apr/2022:21:05:38 -0500] "GET /kwssiamovil/sm/acme/s?s=U2FsdGVkX1/fwUlBkUA5c0JCPrW37KvQatpRQSrcAdEWTrFG39pfDDi4WEp9TKdk&u=U2FsdGVkX1+tTBKnYv8+25tIWwJ9IBCtc0vyFyg27dn10KYc/KgnZlprg4JvWqqj&y=U2FsdGVkX19BLHvQwYjX7CBqoL5qWIOhmjNSZ6NVwN3jjHCOmiN12qlUaYh/7P7t HTTP/1.1" 200 70
186.102.17.22 - - [14/Apr/2022:21:05:38 -0500] "GET /kwssiamovil/sm/acme/s?s=U2FsdGVkX196iwdVZI1f/MjD5ZoAKklitcgZKQkZM8/QU6NxmVp5B001dGVqwnf1&u=U2FsdGVkX1+tTBKnYv8+25tIWwJ9IBCtc0vyFyg27dn10KYc/KgnZlprg4JvWqqj&y=U2FsdGVkX19BLHvQwYjX7CBqoL5qWIOhmjNSZ6NVwN3jjHCOmiN12qlUaYh/7P7t HTTP/1.1" 200 70
186.102.17.22 - - [14/Apr/2022:21:05:38 -0500] "GET /kwssiamovil/sm/acme/s?s=U2FsdGVkX18H4FusFmN+norJ6FsvdYCVsL3czKW4GlLWaZma6Sdo5tdoSKeZICyI&u=U2FsdGVkX1+tTBKnYv8+25tIWwJ9IBCtc0vyFyg27dn10KYc/KgnZlprg4JvWqqj&y=U2FsdGVkX19BLHvQwYjX7CBqoL5qWIOhmjNSZ6NVwN3jjHCOmiN12qlUaYh/7P7t HTTP/1.1" 200 70
186.102.17.22 - - [14/Apr/2022:21:05:38 -0500] "GET /kwssiamovil/sm/acme/s?s=U2FsdGVkX1/N+jX3HzBaohIE/JWFz1YLseUBgLCoggbNScJgBu0ZbKpg8dNgWEa8&u=U2FsdGVkX1+tTBKnYv8+25tIWwJ9IBCtc0vyFyg27dn10KYc/KgnZlprg4JvWqqj&y=U2FsdGVkX19BLHvQwYjX7CBqoL5qWIOhmjNSZ6NVwN3jjHCOmiN12qlUaYh/7P7t HTTP/1.1" 200 70
186.102.17.22 - - [14/Apr/2022:21:05:38 -0500] "GET /kwssiamovil/sm/acme/s?s=U2FsdGVkX1/6/LuFDgJ4ijg1Jz+1THsYnIzR/giS1osNBURU/MbORZyduYPmXBt6&u=U2FsdGVkX1+tTBKnYv8+25tIWwJ9IBCtc0vyFyg27dn10KYc/KgnZlprg4JvWqqj&y=U2FsdGVkX19BLHvQwYjX7CBqoL5qWIOhmjNSZ6NVwN3jjHCOmiN12qlUaYh/7P7t HTTP/1.1" 200 70
186.102.17.22 - - [14/Apr/2022:21:05:38 -0500] "GET /kwssiamovil/sm/acme/s?s=U2FsdGVkX19+Fvsg62evWiSbR5762wRA5T3A2QdvQcXyF4YBXkFX7Zr+FYLkBYk+&u=U2FsdGVkX1+tTBKnYv8+25tIWwJ9IBCtc0vyFyg27dn10KYc/KgnZlprg4JvWqqj&y=U2FsdGVkX19BLHvQwYjX7CBqoL5qWIOhmjNSZ6NVwN3jjHCOmiN12qlUaYh/7P7t HTTP/1.1" 200 70
186.102.17.22 - - [14/Apr/2022:21:05:38 -0500] "GET /kwssiamovil/sm/acme/s?s=U2FsdGVkX19EAKJqzT7gD8ekWCmPx7+8M4hqMo7JJKh2FGB6Oz/YwGQLFeEfGSCq&u=U2FsdGVkX1+tTBKnYv8+25tIWwJ9IBCtc0vyFyg27dn10KYc/KgnZlprg4JvWqqj&y=U2FsdGVkX19BLHvQwYjX7CBqoL5qWIOhmjNSZ6NVwN3jjHCOmiN12qlUaYh/7P7t HTTP/1.1" 200 70
186.102.17.22 - - [14/Apr/2022:21:05:38 -0500] "GET /kwssiamovil/sm/acme/s?s=U2FsdGVkX18lhulZjcGmHHgMxQhYN6DJY6RDCGUVzFuTYDu7z8Js+g2Pu8PlXGzR&u=U2FsdGVkX1+tTBKnYv8+25tIWwJ9IBCtc0vyFyg27dn10KYc/KgnZlprg4JvWqqj&y=U2FsdGVkX19BLHvQwYjX7CBqoL5qWIOhmjNSZ6NVwN3jjHCOmiN12qlUaYh/7P7t HTTP/1.1" 200 70
186.102.17.22 - - [14/Apr/2022:21:05:39 -0500] "GET /kwssiamovil/sm/acme/s?s=U2FsdGVkX1/tTbwN9x0u5ImK812078C5YxLPoycWDUGpOotOda6Vg7QLsyyplLhU&u=U2FsdGVkX1+tTBKnYv8+25tIWwJ9IBCtc0vyFyg27dn10KYc/KgnZlprg4JvWqqj&y=U2FsdGVkX19BLHvQwYjX7CBqoL5qWIOhmjNSZ6NVwN3jjHCOmiN12qlUaYh/7P7t HTTP/1.1" 200 70
186.102.17.22 - - [14/Apr/2022:21:05:39 -0500] "GET /kwssiamovil/sm/acme/s?s=U2FsdGVkX1/rd5KCSGC65N6Z8Cd6wZQREcemtYrWH9OlqNmcxqW9+93ka/jMLrpb&u=U2FsdGVkX1+tTBKnYv8+25tIWwJ9IBCtc0vyFyg27dn10KYc/KgnZlprg4JvWqqj&y=U2FsdGVkX19BLHvQwYjX7CBqoL5qWIOhmjNSZ6NVwN3jjHCOmiN12qlUaYh/7P7t HTTP/1.1" 200 70
186.102.17.22 - - [14/Apr/2022:21:05:39 -0500] "GET /kwssiamovil/sm/acme/s?s=U2FsdGVkX18l834xhy7hO7k5P95p2BL2IsxxZdDyIzHtN4cz65ZMsbWjkOBRGqPF&u=U2FsdGVkX1+tTBKnYv8+25tIWwJ9IBCtc0vyFyg27dn10KYc/KgnZlprg4JvWqqj&y=U2FsdGVkX19BLHvQwYjX7CBqoL5qWIOhmjNSZ6NVwN3jjHCOmiN12qlUaYh/7P7t HTTP/1.1" 200 70
186.102.17.22 - - [14/Apr/2022:21:05:39 -0500] "GET /kwssiamovil/sm/acme/s?s=U2FsdGVkX18X8ZwMutFiXhHn5gp08Wm5sJ1juBeNmNdxHRciLdlLJyzeS8rukLi/&u=U2FsdGVkX1+tTBKnYv8+25tIWwJ9IBCtc0vyFyg27dn10KYc/KgnZlprg4JvWqqj&y=U2FsdGVkX19BLHvQwYjX7CBqoL5qWIOhmjNSZ6NVwN3jjHCOmiN12qlUaYh/7P7t HTTP/1.1" 200 70
186.102.17.22 - - [14/Apr/2022:21:05:39 -0500] "GET /kwssiamovil/sm/acme/s?s=U2FsdGVkX1+GwQGfc0EvqNNGqyUkfPwkJq5WtLJsrjbBUpgQCVGFXj9DJWQTy7vW&u=U2FsdGVkX1+tTBKnYv8+25tIWwJ9IBCtc0vyFyg27dn10KYc/KgnZlprg4JvWqqj&y=U2FsdGVkX19BLHvQwYjX7CBqoL5qWIOhmjNSZ6NVwN3jjHCOmiN12qlUaYh/7P7t HTTP/1.1" 200 70
186.102.17.22 - - [14/Apr/2022:21:05:39 -0500] "GET /kwssiamovil/sm/acme/s?s=U2FsdGVkX183qRDHpND9Af6wT6WcbHltnDJCq7zSkkQ0iz7l7b2q1lc+V7xjzc03&u=U2FsdGVkX1+tTBKnYv8+25tIWwJ9IBCtc0vyFyg27dn10KYc/KgnZlprg4JvWqqj&y=U2FsdGVkX19BLHvQwYjX7CBqoL5qWIOhmjNSZ6NVwN3jjHCOmiN12qlUaYh/7P7t HTTP/1.1" 200 70
186.102.17.22 - - [14/Apr/2022:21:05:39 -0500] "GET /kwssiamovil/sm/acme/s?s=U2FsdGVkX19BCK3XNXiq9+MOMxTwGhS6yhorKL70dQWbkwqbOEVtCtUuNxDa6nja&u=U2FsdGVkX1+tTBKnYv8+25tIWwJ9IBCtc0vyFyg27dn10KYc/KgnZlprg4JvWqqj&y=U2FsdGVkX19BLHvQwYjX7CBqoL5qWIOhmjNSZ6NVwN3jjHCOmiN12qlUaYh/7P7t HTTP/1.1" 200 70
186.102.17.22 - - [14/Apr/2022:21:05:39 -0500] "GET /kwssiamovil/sm/acme/s?s=U2FsdGVkX19jp5NFqvEPNNq5L5p3KJZfZ7180gkZuf5IawD2+8KONtiaAjpYlbLL&u=U2FsdGVkX1+tTBKnYv8+25tIWwJ9IBCtc0vyFyg27dn10KYc/KgnZlprg4JvWqqj&y=U2FsdGVkX19BLHvQwYjX7CBqoL5qWIOhmjNSZ6NVwN3jjHCOmiN12qlUaYh/7P7t HTTP/1.1" 200 70
186.102.17.22 - - [14/Apr/2022:21:05:40 -0500] "GET /kwssiamovil/sm/acme/s?s=U2FsdGVkX1/3kMU1GHkoHHFZdjvzprXGg+/JLmoKrsSIHsLyqq2yXwA5BbA05OCG&u=U2FsdGVkX1+tTBKnYv8+25tIWwJ9IBCtc0vyFyg27dn10KYc/KgnZlprg4JvWqqj&y=U2FsdGVkX19BLHvQwYjX7CBqoL5qWIOhmjNSZ6NVwN3jjHCOmiN12qlUaYh/7P7t HTTP/1.1" 200 70
186.102.17.22 - - [14/Apr/2022:21:05:40 -0500] "GET /kwssiamovil/sm/acme/s?s=U2FsdGVkX197xlYMF7jnf2Y6MdoCzw7ccDg9jZUu1jfqgHeQEqmRMN88sFHLkPCr&u=U2FsdGVkX1+tTBKnYv8+25tIWwJ9IBCtc0vyFyg27dn10KYc/KgnZlprg4JvWqqj&y=U2FsdGVkX19BLHvQwYjX7CBqoL5qWIOhmjNSZ6NVwN3jjHCOmiN12qlUaYh/7P7t HTTP/1.1" 200 70
186.102.17.22 - - [14/Apr/2022:21:05:40 -0500] "GET /kwssiamovil/sm/acme/s?s=U2FsdGVkX1+amjTzUrHDN4L9aBgDp553a834XClfDsUdFcYcJtzMmVAgzI1U78MT&u=U2FsdGVkX1+tTBKnYv8+25tIWwJ9IBCtc0vyFyg27dn10KYc/KgnZlprg4JvWqqj&y=U2FsdGVkX19BLHvQwYjX7CBqoL5qWIOhmjNSZ6NVwN3jjHCOmiN12qlUaYh/7P7t HTTP/1.1" 200 70
186.102.17.22 - - [14/Apr/2022:21:05:40 -0500] "GET /kwssiamovil/sm/acme/s?s=U2FsdGVkX1+p3prJZ/48O2vpDoouAc+Tp4Zo4gzAH7Y+LNsJ03JRtjoxgFoW77ao&u=U2FsdGVkX1+tTBKnYv8+25tIWwJ9IBCtc0vyFyg27dn10KYc/KgnZlprg4JvWqqj&y=U2FsdGVkX19BLHvQwYjX7CBqoL5qWIOhmjNSZ6NVwN3jjHCOmiN12qlUaYh/7P7t HTTP/1.1" 200 70
186.102.17.22 - - [14/Apr/2022:21:05:40 -0500] "GET /kwssiamovil/sm/acme/s?s=U2FsdGVkX19oppQZn6BR7HrHn0P5CNldlxIeLV4sY2ANllghdLDN8QVMXWtAL+qU&u=U2FsdGVkX1+tTBKnYv8+25tIWwJ9IBCtc0vyFyg27dn10KYc/KgnZlprg4JvWqqj&y=U2FsdGVkX19BLHvQwYjX7CBqoL5qWIOhmjNSZ6NVwN3jjHCOmiN12qlUaYh/7P7t HTTP/1.1" 200 70
186.102.17.22 - - [14/Apr/2022:21:05:40 -0500] "GET /kwssiamovil/sm/acme/s?s=U2FsdGVkX1+E6OgI8syBcKPdmPnIMiyrcDgZ6dOUh2jA+7HAYM04RGzvnSvkyH0hilB/8PuQAzBWzMBFOtKR5QIkatsHtUyvv+COsjnKdiv1ryV5mpYM9EI13HSnx3iLKADvUr/BarDA9c5E6TRba2Awy2hU5X9LULeIM/5lkEAbg6kW6SX/xBbQ3G0OzZTWXHjIyBQeQHh/wRHjXdSoZv/Ta6t9hjTEEtJSwE96qWDCRw1TX9emTh0ssr/D9aCuVVvnAQJX7yG/7VFxC/gj1p2PsSasd8dEohjdxugkUjK0xn63uWuI7ucapnoK33GTvzcQpW7jjxJPBoBbSB0dJ68MzxMxtpvWRfrcts27sXs=&u=U2FsdGVkX1+tTBKnYv8+25tIWwJ9IBCtc0vyFyg27dn10KYc/KgnZlprg4JvWqqj&y=U2FsdGVkX19BLHvQwYjX7CBqoL5qWIOhmjNSZ6NVwN3jjHCOmiN12qlUaYh/7P7t HTTP/1.1" 200 196
186.102.17.22 - - [14/Apr/2022:21:05:40 -0500] "GET /kwssiamovil/sm/cjson/pre?f=1&x=U2FsdGVkX18ZzmM3RuyVhf5V36Yli1LQ8oJk6LUgDd8gv0+2uCxXTCDPyyRlS2bn HTTP/1.1" 200 30975
186.102.17.22 - - [14/Apr/2022:21:06:01 -0500] "GET /kwssiamovil/sm/acme/a?s=U2FsdGVkX19MjOAIbRD0C2pNf+f0jk4diOVRQ0MVtKtWOdd0ZpNyHQXpAZVTcxCUl2KedQMvIxkuC5aIqJGelLRMDtCGiqBqvLaRXs+MeKE7aThX9ZzpVwZJA5wyinHyahITQU4STSLrdrknc9YFnL87dO/M8D/cZuDfQK+kJFuJxYss3CFdK7dXGXDS0B5jqR/OoA3nz9NXOXA1g8w5fTF595MTEUL1AkzqL04PbaGr+D4leDm5zBMsN9fRkXIrZ2AUCLPnZPm9LU7BPG4dOMpHjpHosAK5Ikvv6giG3MEQkvIresmPtv/XaWTw1WS8vw/7OsVAD1UG0kCLg+U/1rXx9HI852Ewhq96bkHJHbMbaNqkHL0LpktZhT4uHz+eyTXNMrcgUl38Nj3Dsr5VnB5PONUPlommpC967eZPowVv3+ttAJzmCtfu7aemh3neWDtRKdGP0NN/1WTgdWQiLJxdfWGxb7xNitOAJROFxaNU4byEOm+WR0QCVw2FO6t9XQRcAX39Ip6zFH1idUSNwPna1v7CEYyjDGnDp+Mo4+gv1NEqt9lDHKuGFp58KT1DP7ESvCe/BTP1uGuZA/kfUJ6JYj92kHgWBBF2c6YCuD563MvCd47IjJXbp9mmU29EVS+pupZe7kHijBouDy6LHtn96JoLTkji8uuQ8hgwhhR3fB2inUnhu51wPo2qSkIAQ2fzroEp5hLDqPAf/wRTeHJcwfwZKvq7nsoZMVNgXtfreWlNEE++S7snCg52nwoeFXccEKaKxYmt5eWOgqAWA/JvgOflRjGIjA4tszx8wA0mcsNqimJTA/qLriyOzVQHtm8/pDcvW10cius9YG7LJIL234FWFWlmoSK913pHSpQR5+mff5hVinzHcFL3sm/VUYvV+fVAs2e+etJ/TI8eM/usf9yZD8ZDM0Q5CPMM5/Ag6k/TXjkbb06JTtyBs71Kxaz222bj6eFoLsxmVyVsjkGvWoaj6I7m5xNlJQn+vB31GlXQoAIGmGfmDQ37jsVMZY1p35kc/Mm7EzIkH0BBSUa7l46BB0Wid5HRtcTv44Qfh0p1hqQNJh4ktUhavoHIlmDP5ZjEQD85e9kltuoIPBoeoS1gzzqwezvAb9j/IseO2k/xCqqokdAamn+7JweNXVv2DKSK724EpoSVf2UVAK/12RUPDRS23PMNLKJuNrNu/uEGi/IWWnxZDpYgNgkYGL/L06zYrilmLS4rP/8V+g5lnYG6jK0Mc++a+rXmyuxPSsVqts53lqXtrAOjlyg1Nd27lzBI4hiKwWrc73AMdK6qH9NrUJuf0CqEeytqZY8+1Ih9SNsKYX8PZqjuB0X66dnQZbtms05jLDASCgoS7ECNtZafXgNz+yKjr6L3+itgIQ03ZeAB9HBw7MBUjd848USKuQKb5ozQ7c8D1/TzFNC3e6w61+WAZn6qzTDEY8SMhZAdVgoofpqOufwgMGPY+YFI6ICru6E8JqhvdRyx3sUarC/9/hkmsJ/qUxu5CUH72fa3r0Ww2/YsWjUeFx3DuBR9nF105Sj5uQIni8ylCUVHzHbUvSD2ZnTPSmVDPFwprlNKjF3I5M1Om4JB8caFdZF5GfeSrR5t42nReEbG6onMpQneJEh5ZGVyfW8XSoU2MODnLGSjy0ZaPlIklzcQV3lGqvlsnKPUu67kZFA7IgPRCb3YTOzZzf2AChFM1z6LjNp3ORjkDreQ5D/kPvK0iELBenPbfuCD3wRRWLQ3yOSRutkjd658L1xk1B+j1DoV/z6CKut0j/B2bUjknwcEEwcXXNDula5ntPiEno2PL2yrIAtvT0rRgqyyrZIFXBmbeDRxbiv9k56AHTNRa3yR&u=U2FsdGVkX1+tTBKnYv8+25tIWwJ9IBCtc0vyFyg27dn10KYc/KgnZlprg4JvWqqj&y=U2FsdGVkX19BLHvQwYjX7CBqoL5qWIOhmjNSZ6NVwN3jjHCOmiN12qlUaYh/7P7t HTTP/1.1" 200 3304
186.102.17.22 - - [14/Apr/2022:21:06:01 -0500] "GET /kwssiamovil/sm/acme/a?s=U2FsdGVkX19eUEoCmy4O8Jj9Hpd0jNIy9wyTGE8mrYW0uZR79JfEJ9zpI/4zh8ASeNwkQeVut8D15JSnAuAEtBn0KJJq3LM74CqX7ziV1PoQxu5dKxJEUksqWbLtfTTm2zHWZevBTKN/MwSHVk9nA2zEjH/518LCR9TnhXSMNvM=&u=U2FsdGVkX1+tTBKnYv8+25tIWwJ9IBCtc0vyFyg27dn10KYc/KgnZlprg4JvWqqj&y=U2FsdGVkX19BLHvQwYjX7CBqoL5qWIOhmjNSZ6NVwN3jjHCOmiN12qlUaYh/7P7t HTTP/1.1" 200 355
186.102.17.22 - - [14/Apr/2022:21:06:01 -0500] "GET /kwssiamovil/sm/acme/a?s=U2FsdGVkX1/yVlfaEKlDOwO/xvyvHzuAKvIOBynUuGOS2WkJIRAVf4+zX+wEXp97BbIL6CAsDFT3F/TaA8IKQIvxNWstDttH6Hsts64ssm5LozRvU/24bmRSRR8FeSMCGyV4lhekQQAU5xLZm98y+vVFkDo4t9iRER1X/lW2pFY=&u=U2FsdGVkX1+tTBKnYv8+25tIWwJ9IBCtc0vyFyg27dn10KYc/KgnZlprg4JvWqqj&y=U2FsdGVkX19BLHvQwYjX7CBqoL5qWIOhmjNSZ6NVwN3jjHCOmiN12qlUaYh/7P7t HTTP/1.1" 200 349
186.102.17.22 - - [14/Apr/2022:21:06:01 -0500] "GET /kwssiamovil/sm/acme/a?s=U2FsdGVkX1/feLCQzKAl3vKdFfOOUVGFzSiJiAlnPpfI4R/9KNYxjXRrxjZ7WL3+FTLNXXzNCCQxUurQbekSrgz9UC0U2XnX0eroZUo4Z/4Yf/PV1fKj74/unSU8XNJq1MT3S+JPWqNCnStEI94bfZ8bTmsNE39uwtXOyg0tcUE=&u=U2FsdGVkX1+tTBKnYv8+25tIWwJ9IBCtc0vyFyg27dn10KYc/KgnZlprg4JvWqqj&y=U2FsdGVkX19BLHvQwYjX7CBqoL5qWIOhmjNSZ6NVwN3jjHCOmiN12qlUaYh/7P7t HTTP/1.1" 200 349
186.102.17.22 - - [14/Apr/2022:21:06:02 -0500] "GET /kwssiamovil/sm/acme/a?s=U2FsdGVkX1/4xSmfRDm8JV9Z3fmGMu+d0CiLVGzD84JT0XmLgfC+nEnHdICUgTDrx+afBtBAJEwdx78H8ng+5UupxaBzi8v98v2lJ/5gucRmj2sFJRZhDICqAiBCfPi7zj6wS8SxlIqWKR3xG/eiTfNY9sQOXdVUsQYbDnvAzv8lupnMugav59nTEc7dIE6omewt65xiWeK3hX09db6geg==&u=U2FsdGVkX1+tTBKnYv8+25tIWwJ9IBCtc0vyFyg27dn10KYc/KgnZlprg4JvWqqj&y=U2FsdGVkX19BLHvQwYjX7CBqoL5qWIOhmjNSZ6NVwN3jjHCOmiN12qlUaYh/7P7t HTTP/1.1" 200 426
40.77.167.73 - - [14/Apr/2022:21:07:09 -0500] "GET /sipse/faces/presentacion/sistema/anexos/cargaranexosolicitudproceso.xhtml HTTP/1.1" 302 -
40.77.167.73 - - [14/Apr/2022:21:07:19 -0500] "GET /sipse/faces/autenticacion.xhtml HTTP/1.1" 200 12170
191.89.243.55 - - [14/Apr/2022:21:07:34 -0500] "GET /BLA/resoluciones/index.php?dir=AUTOS+2010%2F HTTP/1.1" 200 274821
172.22.2.4 - - [14/Apr/2022:21:06:37 -0500] "HEAD /BLA/boletinlegal/ HTTP/1.1" 200 -
172.22.2.4 - - [14/Apr/2022:21:07:27 -0500] "GET /BLA/boletinlegal/ HTTP/1.1" 200 58588
216.245.221.92 - - [14/Apr/2022:21:10:29 -0500] "HEAD / HTTP/1.1" 200 -
172.22.2.4 - - [14/Apr/2022:21:12:27 -0500] "HEAD /BLA/boletinlegal/ HTTP/1.1" 200 -
172.22.2.4 - - [14/Apr/2022:21:13:17 -0500] "GET /BLA/boletinlegal/ HTTP/1.1" 200 59170
186.155.19.81 - - [14/Apr/2022:21:15:07 -0500] "GET /galeria/galeria/jquery.fancybox.css?v=2.1.5 HTTP/1.1" 200 4895
186.155.19.81 - - [14/Apr/2022:21:15:07 -0500] "GET /BLA/boletinlegal/js/jquery.scrollShow.js HTTP/1.1" 200 4586
186.155.19.81 - - [14/Apr/2022:21:15:07 -0500] "GET /galeria/galeria/jquery.fancybox.js?v=2.1.5 HTTP/1.1" 200 48706
173.252.127.23 - - [14/Apr/2022:21:15:28 -0500] "GET /caminos-de-los-cerros-estaran-cerrados-este-fin-de-semana-en-bogota.html HTTP/1.1" 206 813
173.252.127.11 - - [14/Apr/2022:21:15:28 -0500] "GET /caminos-de-los-cerros-estaran-cerrados-este-fin-de-semana-en-bogota.html HTTP/1.1" 206 813
216.245.221.92 - - [14/Apr/2022:21:15:29 -0500] "HEAD / HTTP/1.1" 200 -
66.249.65.13 - - [14/Apr/2022:21:15:36 -0500] "-" 408 -
191.156.52.212 - - [14/Apr/2022:21:16:04 -0500] "GET /BLA/resoluciones/AUTOS%202021/6224.pdf HTTP/1.1" 200 360159
173.252.87.20 - - [14/Apr/2022:21:17:10 -0500] "GET /images/Bolsaroja.jpeg HTTP/1.1" 200 63719
207.46.13.209 - - [14/Apr/2022:21:17:53 -0500] "GET / HTTP/1.1" 200 319
172.22.2.4 - - [14/Apr/2022:21:18:17 -0500] "HEAD /BLA/boletinlegal/ HTTP/1.1" 200 -
172.22.2.4 - - [14/Apr/2022:21:19:58 -0500] "GET /BLA/boletinlegal/robots.txt HTTP/1.1" 404 1038
40.77.167.73 - - [14/Apr/2022:21:19:59 -0500] "GET /BLA/resoluciones/index.php?dir=AUTOS+2019%2F HTTP/1.1" 200 342653
216.245.221.92 - - [14/Apr/2022:21:20:29 -0500] "HEAD / HTTP/1.1" 200 -
172.22.2.4 - - [14/Apr/2022:21:19:07 -0500] "GET /BLA/boletinlegal/ HTTP/1.1" 200 53344
172.22.2.4 - - [14/Apr/2022:21:19:59 -0500] "GET /BLA/boletinlegal/index.php HTTP/1.1" 200 55877
201.245.192.253 - - [14/Apr/2022:21:22:32 -0500] "POST /kwsrmcab/Wsrmcab HTTP/1.1" 200 45426
201.245.192.253 - - [14/Apr/2022:21:23:24 -0500] "POST /kwsrmcab/Wsrmcab HTTP/1.1" 200 42287
216.245.221.92 - - [14/Apr/2022:21:25:29 -0500] "HEAD / HTTP/1.1" 200 -
172.22.2.4 - - [14/Apr/2022:21:24:07 -0500] "HEAD /BLA/boletinlegal/ HTTP/1.1" 200 -
172.22.2.4 - - [14/Apr/2022:21:24:57 -0500] "GET /BLA/boletinlegal/ HTTP/1.1" 200 60932
216.245.221.92 - - [14/Apr/2022:21:30:29 -0500] "HEAD / HTTP/1.1" 200 -
172.22.2.4 - - [14/Apr/2022:21:29:57 -0500] "HEAD /BLA/boletinlegal/ HTTP/1.1" 200 -
172.22.2.4 - - [14/Apr/2022:21:32:14 -0500] "GET /BLA/boletinlegal/_ignition/execute-solution HTTP/1.1" 404 1018
66.249.65.17 - - [14/Apr/2022:21:32:26 -0500] "-" 408 -
172.22.2.4 - - [14/Apr/2022:21:30:47 -0500] "GET /BLA/boletinlegal/ HTTP/1.1" 200 61416
201.245.192.253 - - [14/Apr/2022:21:32:32 -0500] "POST /kwsrmcab/Wsrmcab HTTP/1.1" 200 45426
201.245.192.253 - - [14/Apr/2022:21:33:22 -0500] "POST /kwsrmcab/Wsrmcab HTTP/1.1" 200 42287
216.245.221.92 - - [14/Apr/2022:21:35:29 -0500] "HEAD / HTTP/1.1" 200 -
186.29.191.243 - - [14/Apr/2022:21:35:53 -0500] "GET /BLA/resoluciones/ HTTP/1.1" 200 13093
186.29.191.243 - - [14/Apr/2022:21:35:53 -0500] "GET /apple-touch-icon-precomposed.png HTTP/1.1" 404 1120
186.29.191.243 - - [14/Apr/2022:21:35:53 -0500] "GET /apple-touch-icon.png HTTP/1.1" 404 1120
186.29.191.243 - - [14/Apr/2022:21:35:53 -0500] "GET /favicon.ico HTTP/1.1" 200 7782
186.29.191.243 - - [14/Apr/2022:21:35:53 -0500] "GET /BLA/resoluciones/ HTTP/1.1" 200 13093
186.29.191.243 - - [14/Apr/2022:21:35:53 -0500] "GET /apple-touch-icon-precomposed.png HTTP/1.1" 404 1120
186.29.191.243 - - [14/Apr/2022:21:35:54 -0500] "GET /apple-touch-icon.png HTTP/1.1" 404 1120
186.29.191.243 - - [14/Apr/2022:21:35:54 -0500] "GET /favicon.ico HTTP/1.1" 200 7782
172.22.2.4 - - [14/Apr/2022:21:35:47 -0500] "HEAD /BLA/boletinlegal/ HTTP/1.1" 200 -
172.22.2.4 - - [14/Apr/2022:21:36:13 -0500] "GET /BLA/boletinlegal/ HTTP/1.1" 200 52081
172.22.2.4 - - [14/Apr/2022:21:36:46 -0500] "GET /BLA/boletinlegal/ HTTP/1.1" 200 53739
172.22.2.4 - - [14/Apr/2022:21:40:01 -0500] "GET /BLA/boletinlegal/Circulares/2022/CIRCULAR%20No.%2000003%20DEL%2007%20DE%20MARZO%20DEL%202022.pdf HTTP/1.1" 404 1038
172.22.2.4 - - [14/Apr/2022:21:40:04 -0500] "GET /BLA/boletinlegal/Circulares/2021/CIRCULAR%20No.%2000009%20DEL%2001%20DE%20OCTUBRE%20DEL%202021.pdf HTTP/1.1" 200 320793
172.22.2.4 - - [14/Apr/2022:21:40:13 -0500] "GET /BLA/boletinlegal/Circulares/2021/CIRCULAR%20No.%2000007%20DEL%2010%20DE%20AGOSTO%20DEL%202021.pdf HTTP/1.1" 200 266364
172.22.2.4 - - [14/Apr/2022:21:40:18 -0500] "GET /BLA/boletinlegal/Circulares/2021/CIRCULAR%20No.%2000006%20DEL%2005%20DE%20AGOSTO%20DEL%202021.pdf HTTP/1.1" 200 249615
172.22.2.4 - - [14/Apr/2022:21:40:24 -0500] "GET /BLA/boletinlegal/Circulares/2020/Circular%20No.%2000018%20del%2002%20de%20diciembre%20del%202020.pdf HTTP/1.1" 200 276868
216.245.221.92 - - [14/Apr/2022:21:40:29 -0500] "HEAD / HTTP/1.1" 200 -
172.22.2.4 - - [14/Apr/2022:21:40:31 -0500] "GET /BLA/boletinlegal/Circulares/2020/Circular%2000010%20del%2027%20de%20julio%20de%202020.pdf HTTP/1.1" 200 422655
172.22.2.4 - - [14/Apr/2022:21:40:38 -0500] "GET /BLA/boletinlegal/Circulares/2020/CIRCULAR%20No.%2000019%20DEL%2018%20DE%20DICIEMBRE%20DEL%202020.pdf HTTP/1.1" 200 307959
172.22.2.4 - - [14/Apr/2022:21:40:43 -0500] "GET /BLA/boletinlegal/Circulares/2020/CIRCULAR%20No.%2000014%20del%2001%20de%20septiembre%20del%202020.pdf HTTP/1.1" 200 320826
172.22.2.4 - - [14/Apr/2022:21:40:48 -0500] "GET /BLA/boletinlegal/Circulares/2019/Circular%20No.%2012%20del%2014%20de%20Marzo%20de%202019.pdf HTTP/1.1" 200 344384
172.22.2.4 - - [14/Apr/2022:21:40:55 -0500] "GET /BLA/boletinlegal/Circulares/2019/Circular%20No.%20006%20del%2008%20de%20Febrero%20de%202019.pdf HTTP/1.1" 200 674401
186.155.42.103 - - [14/Apr/2022:21:40:58 -0500] "GET /si-eres-mujer-y-te-gusta-el-cuidado-de-los-humedales-este-proceso-de-formacion-es-para-ti.html HTTP/1.1" 200 1025
172.22.2.4 - - [14/Apr/2022:21:41:01 -0500] "GET /BLA/boletinlegal/Circulares/2019/Circular%20No.%200015%20del%2003%20de%20Octubre%20de%202019.pdf HTTP/1.1" 200 165608
172.22.2.4 - - [14/Apr/2022:21:41:06 -0500] "GET /BLA/boletinlegal/Circulares/2019/Circular%20No.%200005%20del%2020%20de%20Marzo%20de%202019.pdf HTTP/1.1" 200 159877
172.22.2.4 - - [14/Apr/2022:21:41:11 -0500] "GET /BLA/boletinlegal/Circulares/2019/Circular%20No.%200003%20del%2031%20de%20Enero%20de%202019.pdf HTTP/1.1" 200 164676
172.22.2.4 - - [14/Apr/2022:21:41:17 -0500] "GET /BLA/boletinlegal/Circulares/2019/Circular%2000020%20del%2020%20de%20diciembre%20de%202019.pdf HTTP/1.1" 200 145170
172.22.2.4 - - [14/Apr/2022:21:41:22 -0500] "GET /BLA/boletinlegal/Circulares/2019/Circular%2000018%20del%2020%20de%20noviembre%20de%202019.pdf HTTP/1.1" 200 158030
172.22.2.4 - - [14/Apr/2022:21:41:27 -0500] "GET /BLA/boletinlegal/Circulares/2019/.pdf HTTP/1.1" 404 1218
172.22.2.4 - - [14/Apr/2022:21:41:29 -0500] "GET /BLA/boletinlegal/Circulares/2018/Circular%20No.%2011%20del%2024%20de%20Septiembre%20de%202018.pdf HTTP/1.1" 200 169541
172.22.2.4 - - [14/Apr/2022:21:41:33 -0500] "GET /BLA/boletinlegal/Circulares/2018/Circular%20No.%2010%20del%2021%20de%20Septiembre%20de%202018.pdf HTTP/1.1" 200 163426
172.22.2.4 - - [14/Apr/2022:21:41:39 -0500] "GET /BLA/boletinlegal/Circulares/2018/Circular%20No.%200015%20del%207%20de%20Diciembre%20de%202018.pdf HTTP/1.1" 200 165305
172.22.2.4 - - [14/Apr/2022:21:41:46 -0500] "GET /BLA/boletinlegal/Circulares/2018/CIRCULAR%20COJUNTA%20042%20DE%202018.pdf HTTP/1.1" 200 515008
172.22.2.4 - - [14/Apr/2022:21:41:54 -0500] "GET /BLA/boletinlegal/Circulares/2017/Circular%20No.%202%20del%201%20de%20Septiembre%20de%202017.pdf HTTP/1.1" 200 152575
172.22.2.4 - - [14/Apr/2022:21:41:58 -0500] "GET /BLA/boletinlegal/Circulares/2017/Circular%20No.%201%20del%2030%20de%20Marzo%20de%202017.pdf HTTP/1.1" 200 668532
172.22.2.4 - - [14/Apr/2022:21:42:06 -0500] "GET /BLA/boletinlegal/Circulares/2017/Circular%20No.%2007%20del%2028%20de%20Abril%20de%202017.pdf HTTP/1.1" 200 309906
172.22.2.4 - - [14/Apr/2022:21:42:13 -0500] "GET /BLA/boletinlegal/Circulares/2017/Circular%20No.%20011%20del%2005%20de%20julio%20de%202017.pdf HTTP/1.1" 200 965526
172.22.2.4 - - [14/Apr/2022:21:42:21 -0500] "GET /BLA/boletinlegal/Circulares/2015/Circular%20No.%202%20del%201%20de%20julio%20de%202015.pdf HTTP/1.1" 200 752890
172.22.2.4 - - [14/Apr/2022:21:42:28 -0500] "GET /BLA/boletinlegal/Circulares/2015/Circular%20No.%201%20del%2010%20de%20Febrero%20de%202015.pdf HTTP/1.1" 200 660637
172.22.2.4 - - [14/Apr/2022:21:42:34 -0500] "GET /BLA/boletinlegal/Circulares/2014/Circular%20No.%203%20del%2014%20de%20Noviembre%20de%202014.pdf HTTP/1.1" 200 104132
172.22.2.4 - - [14/Apr/2022:21:42:38 -0500] "GET /BLA/boletinlegal/Circulares/2014/Circular%20No.%202%20del%2021%20de%20septiembre%20de%202014.pdf HTTP/1.1" 200 143376
172.22.2.4 - - [14/Apr/2022:21:42:44 -0500] "GET /BLA/boletinlegal/Circulares/2014/Circular%20No.%201%20del%2008%20de%20Mayo%20de%202014.pdf HTTP/1.1" 200 180124
172.22.2.4 - - [14/Apr/2022:21:42:51 -0500] "GET /BLA/boletinlegal/Circulares/2013/Circular%20No.%208%20del%201%20de%20Noviembre%20de%202013.pdf HTTP/1.1" 200 385156
172.22.2.4 - - [14/Apr/2022:21:42:58 -0500] "GET /BLA/boletinlegal/Circulares/2013/Circular%20No.%207%20del%201%20de%20Agosto%20de%202013.pdf HTTP/1.1" 200 340934
172.22.2.4 - - [14/Apr/2022:21:43:03 -0500] "GET /BLA/boletinlegal/Circulares/2013/Circular%20No.%206%20del%2019%20de%20julio%20de%202013.pdf HTTP/1.1" 200 4210437
172.22.2.4 - - [14/Apr/2022:21:41:37 -0500] "HEAD /BLA/boletinlegal/ HTTP/1.1" 200 -
61.135.159.204 - - [14/Apr/2022:21:43:20 -0500] "GET / HTTP/1.1" 200 319
201.245.192.253 - - [14/Apr/2022:21:42:32 -0500] "POST /kwsrmcab/Wsrmcab HTTP/1.1" 200 45426
172.22.2.4 - - [14/Apr/2022:21:43:21 -0500] "GET /BLA/boletinlegal/Circulares/2013/Circular%20No.%205%20del%2013%20de%20junio%20de%202013.pdf HTTP/1.1" 200 110904
172.22.2.4 - - [14/Apr/2022:21:43:26 -0500] "GET /BLA/boletinlegal/Circulares/2013/Circular%20No.%204%20del%2005%20de%20junio%20de%202013.pdf HTTP/1.1" 200 130461
172.22.2.4 - - [14/Apr/2022:21:43:31 -0500] "GET /BLA/boletinlegal/Circulares/2013/Circular%20No.%203%20del%2005%20de%20abril%20de%202013.pdf HTTP/1.1" 200 93580
172.22.2.4 - - [14/Apr/2022:21:43:38 -0500] "GET /BLA/boletinlegal/Circulares/2013/Circular%20No.%202%20del%2022%20de%20enero%20de%202013.pdf HTTP/1.1" 200 85466
172.22.2.4 - - [14/Apr/2022:21:43:43 -0500] "GET /BLA/boletinlegal/Circulares/2013/Circular%20No.%201%20del%2014%20de%20enero%20de%202013.pdf HTTP/1.1" 200 1298384
172.22.2.4 - - [14/Apr/2022:21:43:50 -0500] "GET /BLA/boletinlegal/Circulares/2012/Circular%20No.%209%20del%2021%20de%20Agosto%20de%202012.pdf HTTP/1.1" 200 1402289
172.22.2.4 - - [14/Apr/2022:21:43:56 -0500] "GET /BLA/boletinlegal/Circulares/2012/Circular%20No.%208%20del%2021%20de%20Agosto%20de%202012.pdf HTTP/1.1" 200 963197
172.22.2.4 - - [14/Apr/2022:21:44:02 -0500] "GET /BLA/boletinlegal/Circulares/2012/Circular%20No.%207%20del%2008%20de%20Agosto%20de%202012.pdf HTTP/1.1" 200 972955
172.22.2.4 - - [14/Apr/2022:21:42:27 -0500] "GET /BLA/boletinlegal/ HTTP/1.1" 200 58588
172.22.2.4 - - [14/Apr/2022:21:44:07 -0500] "GET /BLA/boletinlegal/Circulares/2012/Circular%20No.%2016%20del%2022%20de%20octubre%20de%202012.pdf HTTP/1.1" 200 381186
201.245.192.253 - - [14/Apr/2022:21:43:22 -0500] "POST /kwsrmcab/Wsrmcab HTTP/1.1" 200 42287
172.22.2.4 - - [14/Apr/2022:21:44:11 -0500] "GET /BLA/boletinlegal/Circulares/2012/Circular%20No.%2015%20del%2022%20de%20octubre%20de%202012.pdf HTTP/1.1" 200 486506
172.22.2.4 - - [14/Apr/2022:21:44:17 -0500] "GET /BLA/boletinlegal/Circulares/2012/Circular%20No.%2014%20del%2011%20de%20Septiembre%20de%202012.pdf HTTP/1.1" 200 3427471
172.22.2.4 - - [14/Apr/2022:21:44:26 -0500] "GET /BLA/boletinlegal/Circulares/2012/Circular%20No.%2013%20del%2006%20de%20Septiembre%20de%202012.pdf HTTP/1.1" 200 351421
172.22.2.4 - - [14/Apr/2022:21:44:35 -0500] "GET /BLA/boletinlegal/Circulares/2012/Circular%20No.%2012%20del%2028%20de%20Agosto%20de%202012.pdf HTTP/1.1" 200 369945
172.22.2.4 - - [14/Apr/2022:21:44:42 -0500] "GET /BLA/boletinlegal/Circulares/2012/Circular%20No.%2011%20del%2027%20de%20Agosto%20de%202012.pdf HTTP/1.1" 200 526945
172.22.2.4 - - [14/Apr/2022:21:44:52 -0500] "GET /BLA/boletinlegal/Circulares/2012/Circular%20No.%2010%20del%2022%20de%20Agosto%20de%202012.pdf HTTP/1.1" 200 1563219
216.245.221.92 - - [14/Apr/2022:21:45:29 -0500] "HEAD / HTTP/1.1" 200 -
66.249.65.13 - - [14/Apr/2022:21:46:59 -0500] "-" 408 -
207.46.13.179 - - [14/Apr/2022:21:48:25 -0500] "GET /BLA/boletinlegal/jurisprudencia/analisis/G__Jurisp.%20Junio%202014_Sent%20Tutela%20Drumond.docx HTTP/1.1" 304 -
191.89.243.55 - - [14/Apr/2022:21:48:35 -0500] "GET /BLA/resoluciones/index.php?dir=RESOLUCIONES+2019%2F HTTP/1.1" 200 235205
172.22.2.4 - - [14/Apr/2022:21:47:27 -0500] "HEAD /BLA/boletinlegal/ HTTP/1.1" 200 -
172.22.2.4 - - [14/Apr/2022:21:48:17 -0500] "GET /BLA/boletinlegal/ HTTP/1.1" 200 60932
216.245.221.92 - - [14/Apr/2022:21:50:29 -0500] "HEAD / HTTP/1.1" 200 -
172.22.2.4 - - [14/Apr/2022:21:52:41 -0500] "GET /BLA/boletinlegal/ HTTP/1.1" 200 20427
40.77.167.73 - - [14/Apr/2022:21:54:13 -0500] "GET /BLA/resoluciones/index.php?dir=AUTOS+2019%2F HTTP/1.1" 200 342653
172.22.2.4 - - [14/Apr/2022:21:53:17 -0500] "HEAD /BLA/boletinlegal/ HTTP/1.1" 200 -
216.245.221.92 - - [14/Apr/2022:21:55:29 -0500] "HEAD / HTTP/1.1" 200 -
172.22.2.4 - - [14/Apr/2022:21:54:07 -0500] "GET /BLA/boletinlegal/ HTTP/1.1" 200 59170
172.22.2.4 - - [14/Apr/2022:21:56:20 -0500] "GET /BLA/boletinlegal/robots.txt HTTP/1.1" 404 1140
216.245.221.92 - - [14/Apr/2022:22:00:29 -0500] "HEAD / HTTP/1.1" 200 -
172.22.2.4 - - [14/Apr/2022:21:59:07 -0500] "HEAD /BLA/boletinlegal/ HTTP/1.1" 200 -
66.249.65.13 - - [14/Apr/2022:22:01:32 -0500] "-" 408 -
172.22.2.4 - - [14/Apr/2022:21:59:57 -0500] "GET /BLA/boletinlegal/ HTTP/1.1" 200 60932
191.156.177.96 - - [14/Apr/2022:22:04:21 -0500] "GET /caminos-de-los-cerros-habilitados-en-esta-semana-santa-2022.html HTTP/1.1" 200 832
216.245.221.92 - - [14/Apr/2022:22:05:29 -0500] "HEAD / HTTP/1.1" 200 -
172.22.2.4 - - [14/Apr/2022:22:04:57 -0500] "HEAD /BLA/boletinlegal/ HTTP/1.1" 200 -
172.22.2.4 - - [14/Apr/2022:22:05:47 -0500] "GET /BLA/boletinlegal/ HTTP/1.1" 200 58588
66.249.65.13 - - [14/Apr/2022:22:09:24 -0500] "-" 408 -
216.245.221.92 - - [14/Apr/2022:22:10:29 -0500] "HEAD / HTTP/1.1" 200 -
172.22.2.4 - - [14/Apr/2022:22:11:15 -0500] "GET /BLA/boletinlegal/doctrina.php HTTP/1.1" 200 5604
172.22.2.4 - - [14/Apr/2022:22:11:25 -0500] "GET /BLA/boletinlegal/js/lib.js HTTP/1.1" 200 6474
172.22.2.4 - - [14/Apr/2022:22:11:27 -0500] "GET /BLA/boletinlegal/js/popup.js HTTP/1.1" 200 1270
172.22.2.4 - - [14/Apr/2022:22:11:30 -0500] "GET /BLA/boletinlegal/js/ajax_doctrina.js HTTP/1.1" 200 772
172.22.2.4 - - [14/Apr/2022:22:11:31 -0500] "GET /BLA/boletinlegal/js/jquery1.js HTTP/1.1" 200 29846
172.22.2.4 - - [14/Apr/2022:22:10:47 -0500] "HEAD /BLA/boletinlegal/ HTTP/1.1" 200 -
172.22.2.4 - - [14/Apr/2022:22:11:37 -0500] "GET /BLA/boletinlegal/ HTTP/1.1" 200 58588
186.83.0.39 - - [14/Apr/2022:22:14:38 -0500] "GET /en-semana-santa-jardin-botanico-una-opcion-vital-para-reconectarse-y-vivir-la-naturaleza.html HTTP/1.1" 200 1012
181.53.13.67 - - [14/Apr/2022:22:15:28 -0500] "GET /caminos-de-los-cerros-habilitados-en-esta-semana-santa-2022.html?fbclid=IwAR2nzbVpkndX3iEJseVezqJJukrWRJmoKxk8CFuA7BbfrMyX8uLHSvSktDw HTTP/1.1" 200 832
216.245.221.92 - - [14/Apr/2022:22:15:29 -0500] "HEAD / HTTP/1.1" 200 -
191.95.54.246 - - [14/Apr/2022:22:17:37 -0500] "GET /en-semana-santa-jardin-botanico-una-opcion-vital-para-reconectarse-y-vivir-la-naturaleza.html HTTP/1.1" 200 1012
191.95.54.246 - - [14/Apr/2022:22:17:37 -0500] "GET /images/JBB1.jpeg HTTP/1.1" 200 90628
191.95.54.246 - - [14/Apr/2022:22:17:41 -0500] "GET /en-semana-santa-jardin-botanico-una-opcion-vital-para-reconectarse-y-vivir-la-naturaleza.html HTTP/1.1" 200 1012
191.89.243.55 - - [14/Apr/2022:22:17:43 -0500] "GET /BLA/resoluciones/index.php?dir=AUTOS+2010%2F HTTP/1.1" 200 274821
172.22.2.4 - - [14/Apr/2022:22:16:37 -0500] "HEAD /BLA/boletinlegal/ HTTP/1.1" 200 -
172.22.2.4 - - [14/Apr/2022:22:17:27 -0500] "GET /BLA/boletinlegal/ HTTP/1.1" 200 61416
216.245.221.92 - - [14/Apr/2022:22:20:29 -0500] "HEAD / HTTP/1.1" 200 -
186.0.64.121 - - [14/Apr/2022:22:21:50 -0500] "GET /BLA/resoluciones/ HTTP/1.1" 200 13093
186.0.64.121 - - [14/Apr/2022:22:21:52 -0500] "GET /BLA/resoluciones/index.php?dir=AUTOS+2010%2F HTTP/1.1" 200 274821
66.249.65.13 - - [14/Apr/2022:22:22:45 -0500] "-" 408 -
201.245.192.253 - - [14/Apr/2022:22:22:32 -0500] "POST /kwsrmcab/Wsrmcab HTTP/1.1" 200 45259
172.22.2.4 - - [14/Apr/2022:22:23:39 -0500] "GET /BLA/boletinlegal/consulta_actos.php?tipo=autos&no=4562&usuario=&sector=&fecha=2010&resuelve= HTTP/1.1" 200 1081
172.22.2.4 - - [14/Apr/2022:22:22:27 -0500] "HEAD /BLA/boletinlegal/ HTTP/1.1" 200 -
201.245.192.253 - - [14/Apr/2022:22:23:22 -0500] "POST /kwsrmcab/Wsrmcab HTTP/1.1" 200 42293
172.22.2.4 - - [14/Apr/2022:22:23:17 -0500] "GET /BLA/boletinlegal/ HTTP/1.1" 200 56300
216.245.221.92 - - [14/Apr/2022:22:25:29 -0500] "HEAD / HTTP/1.1" 200 -
40.77.167.73 - - [14/Apr/2022:22:27:56 -0500] "GET /BLA/resoluciones/index.php?dir=AUTOS+2019%2F HTTP/1.1" 200 342653
172.22.2.4 - - [14/Apr/2022:22:29:29 -0500] "GET /BLA/boletinlegal/consulta_actos.php?tipo=autos&no=5133&usuario=&sector=&fecha=2010&resuelve= HTTP/1.1" 200 1085
186.0.64.121 - - [14/Apr/2022:22:29:40 -0500] "GET /BLA/resoluciones/AUTOS%202010/5133.pdf HTTP/1.1" 200 423182
172.22.2.4 - - [14/Apr/2022:22:28:17 -0500] "HEAD /BLA/boletinlegal/ HTTP/1.1" 200 -
216.245.221.92 - - [14/Apr/2022:22:30:29 -0500] "HEAD / HTTP/1.1" 200 -
66.249.65.13 - - [14/Apr/2022:22:30:37 -0500] "-" 408 -
172.22.2.4 - - [14/Apr/2022:22:29:07 -0500] "GET /BLA/boletinlegal/ HTTP/1.1" 200 59170
34.141.148.183 - - [14/Apr/2022:22:33:20 -0500] "GET / HTTP/1.1" 200 319
201.245.192.253 - - [14/Apr/2022:22:32:32 -0500] "POST /kwsrmcab/Wsrmcab HTTP/1.1" 200 45259
40.77.167.46 - - [14/Apr/2022:22:33:44 -0500] "GET /BLA/resoluciones/AUTOS%202019/5151.pdf HTTP/1.1" 200 249016
201.245.192.253 - - [14/Apr/2022:22:33:22 -0500] "POST /kwsrmcab/Wsrmcab HTTP/1.1" 200 42293
216.245.221.92 - - [14/Apr/2022:22:35:29 -0500] "HEAD / HTTP/1.1" 200 -
172.22.2.4 - - [14/Apr/2022:22:34:07 -0500] "HEAD /BLA/boletinlegal/ HTTP/1.1" 200 -
172.22.2.4 - - [14/Apr/2022:22:34:57 -0500] "GET /BLA/boletinlegal/ HTTP/1.1" 200 49344
