172.22.2.4 - - [14/Apr/2022:22:35:44 -0500] "GET /BLA/boletinlegal/ HTTP/1.1" 200 58588
172.22.2.4 - - [14/Apr/2022:22:39:31 -0500] "GET /BLA/boletinlegal/Circulares/2022/CIRCULAR%20No.%2000003%20DEL%2007%20DE%20MARZO%20DEL%202022.pdf HTTP/1.1" 404 1038
172.22.2.4 - - [14/Apr/2022:22:39:33 -0500] "GET /BLA/boletinlegal/Circulares/2021/CIRCULAR%20No.%2000009%20DEL%2001%20DE%20OCTUBRE%20DEL%202021.pdf HTTP/1.1" 200 320793
172.22.2.4 - - [14/Apr/2022:22:39:39 -0500] "GET /BLA/boletinlegal/Circulares/2021/CIRCULAR%20No.%2000007%20DEL%2010%20DE%20AGOSTO%20DEL%202021.pdf HTTP/1.1" 200 266364
172.22.2.4 - - [14/Apr/2022:22:39:44 -0500] "GET /BLA/boletinlegal/Circulares/2021/CIRCULAR%20No.%2000006%20DEL%2005%20DE%20AGOSTO%20DEL%202021.pdf HTTP/1.1" 200 249615
172.22.2.4 - - [14/Apr/2022:22:39:51 -0500] "GET /BLA/boletinlegal/Circulares/2020/Circular%20No.%2000018%20del%2002%20de%20diciembre%20del%202020.pdf HTTP/1.1" 200 276868
172.22.2.4 - - [14/Apr/2022:22:39:57 -0500] "GET /BLA/boletinlegal/Circulares/2020/Circular%2000010%20del%2027%20de%20julio%20de%202020.pdf HTTP/1.1" 200 422655
172.22.2.4 - - [14/Apr/2022:22:40:02 -0500] "GET /BLA/boletinlegal/Circulares/2020/CIRCULAR%20No.%2000019%20DEL%2018%20DE%20DICIEMBRE%20DEL%202020.pdf HTTP/1.1" 200 307959
172.22.2.4 - - [14/Apr/2022:22:40:07 -0500] "GET /BLA/boletinlegal/Circulares/2020/CIRCULAR%20No.%2000014%20del%2001%20de%20septiembre%20del%202020.pdf HTTP/1.1" 200 320826
172.22.2.4 - - [14/Apr/2022:22:40:12 -0500] "GET /BLA/boletinlegal/Circulares/2019/Circular%20No.%2012%20del%2014%20de%20Marzo%20de%202019.pdf HTTP/1.1" 200 344384
172.22.2.4 - - [14/Apr/2022:22:40:17 -0500] "GET /BLA/boletinlegal/Circulares/2019/Circular%20No.%20006%20del%2008%20de%20Febrero%20de%202019.pdf HTTP/1.1" 200 674401
172.22.2.4 - - [14/Apr/2022:22:40:23 -0500] "GET /BLA/boletinlegal/Circulares/2019/Circular%20No.%200015%20del%2003%20de%20Octubre%20de%202019.pdf HTTP/1.1" 200 165608
66.249.65.13 - - [14/Apr/2022:22:40:27 -0500] "-" 408 -
172.22.2.4 - - [14/Apr/2022:22:40:28 -0500] "GET /BLA/boletinlegal/Circulares/2019/Circular%20No.%200005%20del%2020%20de%20Marzo%20de%202019.pdf HTTP/1.1" 200 159877
216.245.221.92 - - [14/Apr/2022:22:40:29 -0500] "HEAD / HTTP/1.1" 200 -
172.22.2.4 - - [14/Apr/2022:22:40:32 -0500] "GET /BLA/boletinlegal/Circulares/2019/Circular%20No.%200003%20del%2031%20de%20Enero%20de%202019.pdf HTTP/1.1" 200 164676
172.22.2.4 - - [14/Apr/2022:22:40:36 -0500] "GET /BLA/boletinlegal/Circulares/2019/Circular%2000020%20del%2020%20de%20diciembre%20de%202019.pdf HTTP/1.1" 200 145170
172.22.2.4 - - [14/Apr/2022:22:40:41 -0500] "GET /BLA/boletinlegal/Circulares/2019/Circular%2000018%20del%2020%20de%20noviembre%20de%202019.pdf HTTP/1.1" 200 158030
172.22.2.4 - - [14/Apr/2022:22:40:46 -0500] "GET /BLA/boletinlegal/Circulares/2019/.pdf HTTP/1.1" 404 1218
172.22.2.4 - - [14/Apr/2022:22:40:48 -0500] "GET /BLA/boletinlegal/Circulares/2018/Circular%20No.%2011%20del%2024%20de%20Septiembre%20de%202018.pdf HTTP/1.1" 200 169541
186.84.88.98 - - [14/Apr/2022:22:40:52 -0500] "GET /caminos-de-los-cerros-habilitados-en-esta-semana-santa-2022.html HTTP/1.1" 200 832
172.22.2.4 - - [14/Apr/2022:22:40:53 -0500] "GET /BLA/boletinlegal/Circulares/2018/Circular%20No.%2010%20del%2021%20de%20Septiembre%20de%202018.pdf HTTP/1.1" 200 163426
172.22.2.4 - - [14/Apr/2022:22:40:58 -0500] "GET /BLA/boletinlegal/Circulares/2018/Circular%20No.%200015%20del%207%20de%20Diciembre%20de%202018.pdf HTTP/1.1" 200 165305
172.22.2.4 - - [14/Apr/2022:22:41:20 -0500] "GET /BLA/boletinlegal/Circulares/2018/CIRCULAR%20COJUNTA%20042%20DE%202018.pdf HTTP/1.1" 200 515008
172.22.2.4 - - [14/Apr/2022:22:39:57 -0500] "HEAD /BLA/boletinlegal/ HTTP/1.1" 200 -
172.22.2.4 - - [14/Apr/2022:22:42:18 -0500] "GET /BLA/boletinlegal/Circulares/2017/Circular%20No.%202%20del%201%20de%20Septiembre%20de%202017.pdf HTTP/1.1" 200 152575
172.22.2.4 - - [14/Apr/2022:22:42:24 -0500] "GET /BLA/boletinlegal/Circulares/2017/Circular%20No.%201%20del%2030%20de%20Marzo%20de%202017.pdf HTTP/1.1" 200 668532
172.22.2.4 - - [14/Apr/2022:22:40:47 -0500] "GET /BLA/boletinlegal/ HTTP/1.1" 200 60932
172.22.2.4 - - [14/Apr/2022:22:42:31 -0500] "GET /BLA/boletinlegal/Circulares/2017/Circular%20No.%2007%20del%2028%20de%20Abril%20de%202017.pdf HTTP/1.1" 200 309906
172.22.2.4 - - [14/Apr/2022:22:42:34 -0500] "GET /BLA/boletinlegal/Circulares/2017/Circular%20No.%20011%20del%2005%20de%20julio%20de%202017.pdf HTTP/1.1" 200 965526
172.22.2.4 - - [14/Apr/2022:22:42:40 -0500] "GET /BLA/boletinlegal/Circulares/2015/Circular%20No.%202%20del%201%20de%20julio%20de%202015.pdf HTTP/1.1" 200 752890
172.22.2.4 - - [14/Apr/2022:22:42:46 -0500] "GET /BLA/boletinlegal/Circulares/2015/Circular%20No.%201%20del%2010%20de%20Febrero%20de%202015.pdf HTTP/1.1" 200 660637
172.22.2.4 - - [14/Apr/2022:22:42:52 -0500] "GET /BLA/boletinlegal/Circulares/2014/Circular%20No.%203%20del%2014%20de%20Noviembre%20de%202014.pdf HTTP/1.1" 200 104132
172.22.2.4 - - [14/Apr/2022:22:42:57 -0500] "GET /BLA/boletinlegal/Circulares/2014/Circular%20No.%202%20del%2021%20de%20septiembre%20de%202014.pdf HTTP/1.1" 200 143376
172.22.2.4 - - [14/Apr/2022:22:43:02 -0500] "GET /BLA/boletinlegal/Circulares/2014/Circular%20No.%201%20del%2008%20de%20Mayo%20de%202014.pdf HTTP/1.1" 200 180124
172.22.2.4 - - [14/Apr/2022:22:43:08 -0500] "GET /BLA/boletinlegal/Circulares/2013/Circular%20No.%208%20del%201%20de%20Noviembre%20de%202013.pdf HTTP/1.1" 200 385156
172.22.2.4 - - [14/Apr/2022:22:43:14 -0500] "GET /BLA/boletinlegal/Circulares/2013/Circular%20No.%207%20del%201%20de%20Agosto%20de%202013.pdf HTTP/1.1" 200 340934
172.22.2.4 - - [14/Apr/2022:22:43:21 -0500] "GET /BLA/boletinlegal/Circulares/2013/Circular%20No.%206%20del%2019%20de%20julio%20de%202013.pdf HTTP/1.1" 200 4210437
201.245.192.253 - - [14/Apr/2022:22:42:32 -0500] "POST /kwsrmcab/Wsrmcab HTTP/1.1" 200 45259
172.22.2.4 - - [14/Apr/2022:22:43:38 -0500] "GET /BLA/boletinlegal/Circulares/2013/Circular%20No.%205%20del%2013%20de%20junio%20de%202013.pdf HTTP/1.1" 200 110904
172.22.2.4 - - [14/Apr/2022:22:43:43 -0500] "GET /BLA/boletinlegal/Circulares/2013/Circular%20No.%204%20del%2005%20de%20junio%20de%202013.pdf HTTP/1.1" 200 130461
172.22.2.4 - - [14/Apr/2022:22:43:48 -0500] "GET /BLA/boletinlegal/Circulares/2013/Circular%20No.%203%20del%2005%20de%20abril%20de%202013.pdf HTTP/1.1" 200 93580
172.22.2.4 - - [14/Apr/2022:22:43:54 -0500] "GET /BLA/boletinlegal/Circulares/2013/Circular%20No.%202%20del%2022%20de%20enero%20de%202013.pdf HTTP/1.1" 200 85466
172.22.2.4 - - [14/Apr/2022:22:44:00 -0500] "GET /BLA/boletinlegal/Circulares/2013/Circular%20No.%201%20del%2014%20de%20enero%20de%202013.pdf HTTP/1.1" 200 1298384
172.22.2.4 - - [14/Apr/2022:22:44:06 -0500] "GET /BLA/boletinlegal/Circulares/2012/Circular%20No.%209%20del%2021%20de%20Agosto%20de%202012.pdf HTTP/1.1" 200 1402289
201.245.192.253 - - [14/Apr/2022:22:43:22 -0500] "POST /kwsrmcab/Wsrmcab HTTP/1.1" 200 42293
172.22.2.4 - - [14/Apr/2022:22:44:13 -0500] "GET /BLA/boletinlegal/Circulares/2012/Circular%20No.%208%20del%2021%20de%20Agosto%20de%202012.pdf HTTP/1.1" 200 963197
172.22.2.4 - - [14/Apr/2022:22:44:19 -0500] "GET /BLA/boletinlegal/Circulares/2012/Circular%20No.%207%20del%2008%20de%20Agosto%20de%202012.pdf HTTP/1.1" 200 972955
172.22.2.4 - - [14/Apr/2022:22:44:26 -0500] "GET /BLA/boletinlegal/Circulares/2012/Circular%20No.%206%20del%2025%20de%20Mayo%20de%202012.pdf HTTP/1.1" 200 387391
172.22.2.4 - - [14/Apr/2022:22:44:32 -0500] "GET /BLA/boletinlegal/Circulares/2012/Circular%20No.%205%20del%2027%20de%20Abril%20de%202012.pdf HTTP/1.1" 200 216613
172.22.2.4 - - [14/Apr/2022:22:44:37 -0500] "GET /BLA/boletinlegal/Circulares/2012/Circular%20No.%204%20del%2019%20de%20abril%20de%202012.pdf HTTP/1.1" 200 253045
172.22.2.4 - - [14/Apr/2022:22:44:42 -0500] "GET /BLA/boletinlegal/Circulares/2012/Circular%20No.%203%20del%2023%20de%20Marzo%20de%202012.pdf HTTP/1.1" 200 572950
172.22.2.4 - - [14/Apr/2022:22:44:49 -0500] "GET /BLA/boletinlegal/Circulares/2012/Circular%20No.%202%20del%2014%20de%20Marzo%20de%202012.pdf HTTP/1.1" 200 113666
172.22.2.4 - - [14/Apr/2022:22:44:53 -0500] "GET /BLA/boletinlegal/Circulares/2012/Circular%20No.%2016%20del%2022%20de%20octubre%20de%202012.pdf HTTP/1.1" 200 381186
172.22.2.4 - - [14/Apr/2022:22:44:59 -0500] "GET /BLA/boletinlegal/Circulares/2012/Circular%20No.%2015%20del%2022%20de%20octubre%20de%202012.pdf HTTP/1.1" 200 486506
172.22.2.4 - - [14/Apr/2022:22:45:04 -0500] "GET /BLA/boletinlegal/Circulares/2012/Circular%20No.%2014%20del%2011%20de%20Septiembre%20de%202012.pdf HTTP/1.1" 200 3427471
172.22.2.4 - - [14/Apr/2022:22:45:12 -0500] "GET /BLA/boletinlegal/Circulares/2012/Circular%20No.%2013%20del%2006%20de%20Septiembre%20de%202012.pdf HTTP/1.1" 200 351421
172.22.2.4 - - [14/Apr/2022:22:45:19 -0500] "GET /BLA/boletinlegal/Circulares/2012/Circular%20No.%2012%20del%2028%20de%20Agosto%20de%202012.pdf HTTP/1.1" 200 369945
172.22.2.4 - - [14/Apr/2022:22:45:26 -0500] "GET /BLA/boletinlegal/Circulares/2012/Circular%20No.%2011%20del%2027%20de%20Agosto%20de%202012.pdf HTTP/1.1" 200 526945
216.245.221.92 - - [14/Apr/2022:22:45:29 -0500] "HEAD / HTTP/1.1" 200 -
172.22.2.4 - - [14/Apr/2022:22:45:36 -0500] "GET /BLA/boletinlegal/Circulares/2012/Circular%20No.%2010%20del%2026%20de%20Enero%20de%202012.pdf HTTP/1.1" 404 1218
172.22.2.4 - - [14/Apr/2022:22:45:39 -0500] "GET /BLA/boletinlegal/Circulares/2012/Circular%20No.%2010%20del%2022%20de%20Agosto%20de%202012.pdf HTTP/1.1" 200 1563219
172.22.2.4 - - [14/Apr/2022:22:45:48 -0500] "GET /BLA/boletinlegal/Circulares/2012/Circular%20No.%201%20del%2017%20de%20Enero%20de%202012.pdf HTTP/1.1" 200 1118749
173.252.107.10 - - [14/Apr/2022:22:45:56 -0500] "GET /images/Pieza-ruta-emprendimiento-verde-2-noviembre.jpg HTTP/1.1" 200 254875
172.22.2.4 - - [14/Apr/2022:22:45:56 -0500] "GET /BLA/boletinlegal/Circulares/2011/Circular%20No.%209%20del%2003%20de%20Noviembre%20de%202011.pdf HTTP/1.1" 200 54568
69.171.251.24 - - [14/Apr/2022:22:45:57 -0500] "GET /images/Pieza-ruta-emprendimiento-verde-2-noviembre.jpg HTTP/1.1" 200 254875
172.22.2.4 - - [14/Apr/2022:22:46:01 -0500] "GET /BLA/boletinlegal/Circulares/2011/Circular%20No.%208%20del%2020%20de%20Septiembre%20de%202011.pdf HTTP/1.1" 200 285158
172.22.2.4 - - [14/Apr/2022:22:46:08 -0500] "GET /BLA/boletinlegal/Circulares/2011/Circular%20No.%207%20del%2023%20de%20Diciembre%20de%202011.pdf HTTP/1.1" 200 1107785
172.22.2.4 - - [14/Apr/2022:22:46:14 -0500] "GET /BLA/boletinlegal/Circulares/2011/Circular%20No.%207%20del%2015%20de%20Septiembre%20de%202011.pdf HTTP/1.1" 200 314873
172.22.2.4 - - [14/Apr/2022:22:46:19 -0500] "GET /BLA/boletinlegal/Circulares/2011/Circular%20No.%206%20del%2029%20de%20Julio%20de%202011.pdf HTTP/1.1" 200 262144
172.22.2.4 - - [14/Apr/2022:22:46:26 -0500] "GET /BLA/boletinlegal/Circulares/2011/Circular%20No.%206%20del%2023%20de%20Septiembre%20de%202011.pdf HTTP/1.1" 200 252800
172.22.2.4 - - [14/Apr/2022:22:46:32 -0500] "GET /BLA/boletinlegal/Circulares/2011/Circular%20No.%205%20del%2014%20de%20Julio%20de%202011.pdf HTTP/1.1" 200 1488992
172.22.2.4 - - [14/Apr/2022:22:46:38 -0500] "GET /BLA/boletinlegal/Circulares/2011/Circular%20No.%205%20del%2012%20de%20Agosto%20de%202011.pdf HTTP/1.1" 200 431796
172.22.2.4 - - [14/Apr/2022:22:45:47 -0500] "HEAD /BLA/boletinlegal/ HTTP/1.1" 200 -
172.22.2.4 - - [14/Apr/2022:22:46:37 -0500] "GET /BLA/boletinlegal/ HTTP/1.1" 200 60932
216.245.221.92 - - [14/Apr/2022:22:50:29 -0500] "HEAD / HTTP/1.1" 200 -
172.22.2.4 - - [14/Apr/2022:22:51:37 -0500] "HEAD /BLA/boletinlegal/ HTTP/1.1" 200 -
172.22.2.4 - - [14/Apr/2022:22:52:27 -0500] "GET /BLA/boletinlegal/ HTTP/1.1" 200 60932
216.245.221.92 - - [14/Apr/2022:22:55:29 -0500] "HEAD / HTTP/1.1" 200 -
66.249.65.13 - - [14/Apr/2022:22:56:20 -0500] "-" 408 -
172.22.2.4 - - [14/Apr/2022:22:55:43 -0500] "GET /BLA/boletinlegal/ HTTP/1.1" 200 36811
200.116.150.173 - - [14/Apr/2022:22:57:43 -0500] "GET /BLA/boletinlegal/js/jquery.scrollShow.js HTTP/1.1" 200 4586
200.116.150.173 - - [14/Apr/2022:22:57:43 -0500] "GET /galeria/galeria/jquery.fancybox.css?v=2.1.5 HTTP/1.1" 200 4895
200.116.150.173 - - [14/Apr/2022:22:57:43 -0500] "GET /galeria/galeria/jquery.fancybox.js?v=2.1.5 HTTP/1.1" 200 48706
172.22.2.4 - - [14/Apr/2022:22:57:27 -0500] "HEAD /BLA/boletinlegal/ HTTP/1.1" 200 -
172.22.2.4 - - [14/Apr/2022:22:58:17 -0500] "GET /BLA/boletinlegal/ HTTP/1.1" 200 59170
216.245.221.92 - - [14/Apr/2022:23:00:29 -0500] "HEAD / HTTP/1.1" 200 -
40.77.167.73 - - [14/Apr/2022:23:01:29 -0500] "GET /BLA/resoluciones/index.php?dir=AUTOS+2019%2F HTTP/1.1" 200 342653
69.171.249.117 - - [14/Apr/2022:23:01:33 -0500] "GET /images/dia-agua-participantes-22-marzo.jpg HTTP/1.1" 200 53143
200.122.228.61 - - [14/Apr/2022:23:03:20 -0500] "GET /caminos-de-los-cerros-habilitados-en-esta-semana-santa-2022.html HTTP/1.1" 200 832
172.22.2.4 - - [14/Apr/2022:23:03:17 -0500] "HEAD /BLA/boletinlegal/ HTTP/1.1" 200 -
3.91.177.77 - - [14/Apr/2022:23:05:15 -0500] "GET / HTTP/1.1" 200 319
216.245.221.92 - - [14/Apr/2022:23:05:29 -0500] "HEAD / HTTP/1.1" 200 -
172.22.2.4 - - [14/Apr/2022:23:04:07 -0500] "GET /BLA/boletinlegal/ HTTP/1.1" 200 60932
216.245.221.92 - - [14/Apr/2022:23:10:29 -0500] "HEAD / HTTP/1.1" 200 -
172.22.2.4 - - [14/Apr/2022:23:09:07 -0500] "HEAD /BLA/boletinlegal/ HTTP/1.1" 200 -
172.22.2.4 - - [14/Apr/2022:23:09:57 -0500] "GET /BLA/boletinlegal/ HTTP/1.1" 200 60932
172.22.2.4 - - [14/Apr/2022:23:12:33 -0500] "GET /BLA/boletinlegal/jurisprudencia/analisis/cuadro%20analisis%20sentencia%20c-554%20de%202007.doc HTTP/1.1" 200 35328
195.154.172.143 - - [14/Apr/2022:23:14:26 -0500] "GET /documents/10184/2325415/pieza-concurso-buenas-practicas-20-septiembre.jpg HTTP/1.1" 404 1030
216.245.221.92 - - [14/Apr/2022:23:15:29 -0500] "HEAD / HTTP/1.1" 200 -
172.22.2.4 - - [14/Apr/2022:23:14:57 -0500] "HEAD /BLA/boletinlegal/ HTTP/1.1" 200 -
172.22.2.4 - - [14/Apr/2022:23:15:47 -0500] "GET /BLA/boletinlegal/ HTTP/1.1" 200 57542
144.217.71.169 - - [14/Apr/2022:23:20:06 -0500] "GET /auambari-deleito-con-sus-sonidos-ambientales-a-los-asistentes-de-fima-2021.html HTTP/1.1" 200 888
216.245.221.92 - - [14/Apr/2022:23:20:29 -0500] "HEAD / HTTP/1.1" 200 -
172.22.2.4 - - [14/Apr/2022:23:20:47 -0500] "HEAD /BLA/boletinlegal/ HTTP/1.1" 200 -
172.22.2.4 - - [14/Apr/2022:23:21:37 -0500] "GET /BLA/boletinlegal/ HTTP/1.1" 200 59170
201.245.192.253 - - [14/Apr/2022:23:22:32 -0500] "POST /kwsrmcab/Wsrmcab HTTP/1.1" 200 45412
201.245.192.253 - - [14/Apr/2022:23:23:22 -0500] "POST /kwsrmcab/Wsrmcab HTTP/1.1" 200 42293
216.245.221.92 - - [14/Apr/2022:23:25:28 -0500] "HEAD / HTTP/1.1" 200 -
109.237.103.9 - - [14/Apr/2022:23:27:46 -0500] "GET /.env HTTP/1.1" 404 1018
172.22.2.4 - - [14/Apr/2022:23:26:37 -0500] "HEAD /BLA/boletinlegal/ HTTP/1.1" 200 -
172.22.2.4 - - [14/Apr/2022:23:27:27 -0500] "GET /BLA/boletinlegal/ HTTP/1.1" 200 55089
216.245.221.92 - - [14/Apr/2022:23:30:28 -0500] "HEAD / HTTP/1.1" 200 -
201.245.192.253 - - [14/Apr/2022:23:32:32 -0500] "POST /kwsrmcab/Wsrmcab HTTP/1.1" 200 45412
190.24.77.242 - - [14/Apr/2022:23:34:03 -0500] "GET /en-semana-santa-jardin-botanico-una-opcion-vital-para-reconectarse-y-vivir-la-naturaleza.html HTTP/1.1" 304 -
172.22.2.4 - - [14/Apr/2022:23:32:27 -0500] "HEAD /BLA/boletinlegal/ HTTP/1.1" 200 -
201.245.192.253 - - [14/Apr/2022:23:33:22 -0500] "POST /kwsrmcab/Wsrmcab HTTP/1.1" 200 42293
172.22.2.4 - - [14/Apr/2022:23:33:17 -0500] "GET /BLA/boletinlegal/ HTTP/1.1" 200 50602
216.245.221.92 - - [14/Apr/2022:23:35:28 -0500] "HEAD / HTTP/1.1" 200 -
40.77.167.73 - - [14/Apr/2022:23:36:02 -0500] "GET /BLA/resoluciones/index.php?dir=AUTOS+2019%2F HTTP/1.1" 200 342653
172.22.2.4 - - [14/Apr/2022:23:37:24 -0500] "GET /BLA/boletinlegal/jurisprudencia/analisis/CUADRO%20ANALISIS%20SENTENCIA%20T-411%20DE%201992.doc HTTP/1.1" 200 41984
172.22.2.4 - - [14/Apr/2022:23:36:01 -0500] "GET /BLA/boletinlegal/ HTTP/1.1" 200 63342
172.22.2.4 - - [14/Apr/2022:23:39:47 -0500] "GET /BLA/boletinlegal/Circulares/2022/CIRCULAR%20No.%2000003%20DEL%2007%20DE%20MARZO%20DEL%202022.pdf HTTP/1.1" 404 1038
172.22.2.4 - - [14/Apr/2022:23:39:50 -0500] "GET /BLA/boletinlegal/Circulares/2021/CIRCULAR%20No.%2000009%20DEL%2001%20DE%20OCTUBRE%20DEL%202021.pdf HTTP/1.1" 200 320793
172.22.2.4 - - [14/Apr/2022:23:38:17 -0500] "HEAD /BLA/boletinlegal/ HTTP/1.1" 200 -
172.22.2.4 - - [14/Apr/2022:23:39:58 -0500] "GET /BLA/boletinlegal/Circulares/2021/CIRCULAR%20No.%2000007%20DEL%2010%20DE%20AGOSTO%20DEL%202021.pdf HTTP/1.1" 200 266364
172.22.2.4 - - [14/Apr/2022:23:40:05 -0500] "GET /BLA/boletinlegal/Circulares/2021/CIRCULAR%20No.%2000006%20DEL%2005%20DE%20AGOSTO%20DEL%202021.pdf HTTP/1.1" 200 249615
172.22.2.4 - - [14/Apr/2022:23:40:10 -0500] "GET /BLA/boletinlegal/Circulares/2020/Circular%20No.%2000018%20del%2002%20de%20diciembre%20del%202020.pdf HTTP/1.1" 200 276868
172.22.2.4 - - [14/Apr/2022:23:40:15 -0500] "GET /BLA/boletinlegal/Circulares/2020/Circular%2000010%20del%2027%20de%20julio%20de%202020.pdf HTTP/1.1" 200 422655
172.22.2.4 - - [14/Apr/2022:23:40:19 -0500] "GET /BLA/boletinlegal/Circulares/2020/CIRCULAR%20No.%2000019%20DEL%2018%20DE%20DICIEMBRE%20DEL%202020.pdf HTTP/1.1" 200 307959
172.22.2.4 - - [14/Apr/2022:23:40:24 -0500] "GET /BLA/boletinlegal/Circulares/2020/CIRCULAR%20No.%2000014%20del%2001%20de%20septiembre%20del%202020.pdf HTTP/1.1" 200 320826
216.245.221.92 - - [14/Apr/2022:23:40:28 -0500] "HEAD / HTTP/1.1" 200 -
172.22.2.4 - - [14/Apr/2022:23:40:31 -0500] "GET /BLA/boletinlegal/Circulares/2019/Circular%20No.%2012%20del%2014%20de%20Marzo%20de%202019.pdf HTTP/1.1" 200 344384
172.22.2.4 - - [14/Apr/2022:23:40:38 -0500] "GET /BLA/boletinlegal/Circulares/2019/Circular%20No.%20006%20del%2008%20de%20Febrero%20de%202019.pdf HTTP/1.1" 200 674401
172.22.2.4 - - [14/Apr/2022:23:40:46 -0500] "GET /BLA/boletinlegal/Circulares/2019/Circular%20No.%200015%20del%2003%20de%20Octubre%20de%202019.pdf HTTP/1.1" 200 165608
172.22.2.4 - - [14/Apr/2022:23:39:07 -0500] "GET /BLA/boletinlegal/ HTTP/1.1" 200 60932
172.22.2.4 - - [14/Apr/2022:23:40:51 -0500] "GET /BLA/boletinlegal/Circulares/2019/Circular%20No.%200005%20del%2020%20de%20Marzo%20de%202019.pdf HTTP/1.1" 200 159877
172.22.2.4 - - [14/Apr/2022:23:40:56 -0500] "GET /BLA/boletinlegal/Circulares/2019/Circular%20No.%200003%20del%2031%20de%20Enero%20de%202019.pdf HTTP/1.1" 200 164676
172.22.2.4 - - [14/Apr/2022:23:41:02 -0500] "GET /BLA/boletinlegal/Circulares/2019/Circular%2000020%20del%2020%20de%20diciembre%20de%202019.pdf HTTP/1.1" 200 145170
172.22.2.4 - - [14/Apr/2022:23:41:06 -0500] "GET /BLA/boletinlegal/Circulares/2019/Circular%2000018%20del%2020%20de%20noviembre%20de%202019.pdf HTTP/1.1" 200 158030
172.22.2.4 - - [14/Apr/2022:23:41:12 -0500] "GET /BLA/boletinlegal/Circulares/2019/.pdf HTTP/1.1" 404 1218
172.22.2.4 - - [14/Apr/2022:23:41:15 -0500] "GET /BLA/boletinlegal/Circulares/2018/Circular%20No.%2011%20del%2024%20de%20Septiembre%20de%202018.pdf HTTP/1.1" 200 169541
172.22.2.4 - - [14/Apr/2022:23:41:20 -0500] "GET /BLA/boletinlegal/Circulares/2018/Circular%20No.%2010%20del%2021%20de%20Septiembre%20de%202018.pdf HTTP/1.1" 200 163426
172.22.2.4 - - [14/Apr/2022:23:41:23 -0500] "GET /BLA/boletinlegal/Circulares/2018/Circular%20No.%200015%20del%207%20de%20Diciembre%20de%202018.pdf HTTP/1.1" 200 165305
172.22.2.4 - - [14/Apr/2022:23:41:27 -0500] "GET /BLA/boletinlegal/Circulares/2018/CIRCULAR%20COJUNTA%20042%20DE%202018.pdf HTTP/1.1" 200 515008
172.22.2.4 - - [14/Apr/2022:23:41:35 -0500] "GET /BLA/boletinlegal/Circulares/2017/Circular%20No.%202%20del%201%20de%20Septiembre%20de%202017.pdf HTTP/1.1" 200 152575
172.22.2.4 - - [14/Apr/2022:23:41:39 -0500] "GET /BLA/boletinlegal/Circulares/2017/Circular%20No.%201%20del%2030%20de%20Marzo%20de%202017.pdf HTTP/1.1" 200 668532
172.22.2.4 - - [14/Apr/2022:23:41:45 -0500] "GET /BLA/boletinlegal/Circulares/2017/Circular%20No.%2007%20del%2028%20de%20Abril%20de%202017.pdf HTTP/1.1" 200 309906
172.22.2.4 - - [14/Apr/2022:23:41:50 -0500] "GET /BLA/boletinlegal/Circulares/2017/Circular%20No.%20011%20del%2005%20de%20julio%20de%202017.pdf HTTP/1.1" 200 965526
207.46.13.179 - - [14/Apr/2022:23:41:54 -0500] "GET /Residuos/curtiembres/files/guia_curtiembres.pdf HTTP/1.1" 304 -
172.22.2.4 - - [14/Apr/2022:23:41:58 -0500] "GET /BLA/boletinlegal/Circulares/2015/Circular%20No.%202%20del%201%20de%20julio%20de%202015.pdf HTTP/1.1" 200 752890
172.22.2.4 - - [14/Apr/2022:23:42:03 -0500] "GET /BLA/boletinlegal/Circulares/2015/Circular%20No.%201%20del%2010%20de%20Febrero%20de%202015.pdf HTTP/1.1" 200 660637
172.22.2.4 - - [14/Apr/2022:23:42:08 -0500] "GET /BLA/boletinlegal/Circulares/2014/Circular%20No.%203%20del%2014%20de%20Noviembre%20de%202014.pdf HTTP/1.1" 200 104132
172.22.2.4 - - [14/Apr/2022:23:42:15 -0500] "GET /BLA/boletinlegal/Circulares/2014/Circular%20No.%202%20del%2021%20de%20septiembre%20de%202014.pdf HTTP/1.1" 200 143376
66.249.65.15 - - [14/Apr/2022:23:42:19 -0500] "-" 408 -
172.22.2.4 - - [14/Apr/2022:23:42:20 -0500] "GET /BLA/boletinlegal/Circulares/2014/Circular%20No.%201%20del%2008%20de%20Mayo%20de%202014.pdf HTTP/1.1" 200 180124
172.22.2.4 - - [14/Apr/2022:23:42:25 -0500] "GET /BLA/boletinlegal/Circulares/2013/Circular%20No.%208%20del%201%20de%20Noviembre%20de%202013.pdf HTTP/1.1" 200 385156
172.22.2.4 - - [14/Apr/2022:23:42:33 -0500] "GET /BLA/boletinlegal/Circulares/2013/Circular%20No.%207%20del%201%20de%20Agosto%20de%202013.pdf HTTP/1.1" 200 340934
172.22.2.4 - - [14/Apr/2022:23:42:42 -0500] "GET /BLA/boletinlegal/Circulares/2013/Circular%20No.%206%20del%2019%20de%20julio%20de%202013.pdf HTTP/1.1" 200 4210437
172.22.2.4 - - [14/Apr/2022:23:43:19 -0500] "GET /BLA/boletinlegal/Circulares/2013/Circular%20No.%205%20del%2013%20de%20junio%20de%202013.pdf HTTP/1.1" 200 110904
201.245.192.253 - - [14/Apr/2022:23:42:31 -0500] "POST /kwsrmcab/Wsrmcab HTTP/1.1" 200 45412
172.22.2.4 - - [14/Apr/2022:23:43:24 -0500] "GET /BLA/boletinlegal/Circulares/2013/Circular%20No.%204%20del%2005%20de%20junio%20de%202013.pdf HTTP/1.1" 200 130461
172.22.2.4 - - [14/Apr/2022:23:43:28 -0500] "GET /BLA/boletinlegal/Circulares/2013/Circular%20No.%203%20del%2005%20de%20abril%20de%202013.pdf HTTP/1.1" 200 93580
172.22.2.4 - - [14/Apr/2022:23:43:32 -0500] "GET /BLA/boletinlegal/Circulares/2013/Circular%20No.%202%20del%2022%20de%20enero%20de%202013.pdf HTTP/1.1" 200 85466
172.22.2.4 - - [14/Apr/2022:23:43:39 -0500] "GET /BLA/boletinlegal/Circulares/2013/Circular%20No.%201%20del%2014%20de%20enero%20de%202013.pdf HTTP/1.1" 200 1298384
172.22.2.4 - - [14/Apr/2022:23:43:49 -0500] "GET /BLA/boletinlegal/Circulares/2012/Circular%20No.%209%20del%2021%20de%20Agosto%20de%202012.pdf HTTP/1.1" 200 1402289
172.22.2.4 - - [14/Apr/2022:23:43:55 -0500] "GET /BLA/boletinlegal/Circulares/2012/Circular%20No.%208%20del%2021%20de%20Agosto%20de%202012.pdf HTTP/1.1" 200 963197
172.22.2.4 - - [14/Apr/2022:23:44:04 -0500] "GET /BLA/boletinlegal/Circulares/2012/Circular%20No.%207%20del%2008%20de%20Agosto%20de%202012.pdf HTTP/1.1" 200 972955
201.245.192.253 - - [14/Apr/2022:23:43:21 -0500] "POST /kwsrmcab/Wsrmcab HTTP/1.1" 200 42293
172.22.2.4 - - [14/Apr/2022:23:44:13 -0500] "GET /BLA/boletinlegal/Circulares/2012/Circular%20No.%206%20del%2025%20de%20Mayo%20de%202012.pdf HTTP/1.1" 200 387391
172.22.2.4 - - [14/Apr/2022:23:44:20 -0500] "GET /BLA/boletinlegal/Circulares/2012/Circular%20No.%205%20del%2027%20de%20Abril%20de%202012.pdf HTTP/1.1" 200 216613
172.22.2.4 - - [14/Apr/2022:23:44:25 -0500] "GET /BLA/boletinlegal/Circulares/2012/Circular%20No.%204%20del%2019%20de%20abril%20de%202012.pdf HTTP/1.1" 200 253045
172.22.2.4 - - [14/Apr/2022:23:44:32 -0500] "GET /BLA/boletinlegal/Circulares/2012/Circular%20No.%203%20del%2023%20de%20Marzo%20de%202012.pdf HTTP/1.1" 200 572950
172.22.2.4 - - [14/Apr/2022:23:44:39 -0500] "GET /BLA/boletinlegal/Circulares/2012/Circular%20No.%202%20del%2014%20de%20Marzo%20de%202012.pdf HTTP/1.1" 200 113666
172.22.2.4 - - [14/Apr/2022:23:44:46 -0500] "GET /BLA/boletinlegal/Circulares/2012/Circular%20No.%2016%20del%2022%20de%20octubre%20de%202012.pdf HTTP/1.1" 200 381186
172.22.2.4 - - [14/Apr/2022:23:44:52 -0500] "GET /BLA/boletinlegal/Circulares/2012/Circular%20No.%2015%20del%2022%20de%20octubre%20de%202012.pdf HTTP/1.1" 200 486506
172.22.2.4 - - [14/Apr/2022:23:44:57 -0500] "GET /BLA/boletinlegal/Circulares/2012/Circular%20No.%2014%20del%2011%20de%20Septiembre%20de%202012.pdf HTTP/1.1" 200 3427471
172.22.2.4 - - [14/Apr/2022:23:45:04 -0500] "GET /BLA/boletinlegal/Circulares/2012/Circular%20No.%2013%20del%2006%20de%20Septiembre%20de%202012.pdf HTTP/1.1" 200 351421
172.22.2.4 - - [14/Apr/2022:23:45:10 -0500] "GET /BLA/boletinlegal/Circulares/2012/Circular%20No.%2012%20del%2028%20de%20Agosto%20de%202012.pdf HTTP/1.1" 200 369945
172.22.2.4 - - [14/Apr/2022:23:45:16 -0500] "GET /BLA/boletinlegal/Circulares/2012/Circular%20No.%2011%20del%2027%20de%20Agosto%20de%202012.pdf HTTP/1.1" 200 526945
172.22.2.4 - - [14/Apr/2022:23:45:24 -0500] "GET /BLA/boletinlegal/Circulares/2012/Circular%20No.%2010%20del%2026%20de%20Enero%20de%202012.pdf HTTP/1.1" 404 1218
172.22.2.4 - - [14/Apr/2022:23:45:27 -0500] "GET /BLA/boletinlegal/Circulares/2012/Circular%20No.%2010%20del%2022%20de%20Agosto%20de%202012.pdf HTTP/1.1" 200 1563219
216.245.221.92 - - [14/Apr/2022:23:45:28 -0500] "HEAD / HTTP/1.1" 200 -
172.22.2.4 - - [14/Apr/2022:23:45:32 -0500] "GET /BLA/boletinlegal/Circulares/2012/Circular%20No.%201%20del%2017%20de%20Enero%20de%202012.pdf HTTP/1.1" 200 1118749
172.22.2.4 - - [14/Apr/2022:23:45:38 -0500] "GET /BLA/boletinlegal/Circulares/2011/Circular%20No.%209%20del%2003%20de%20Noviembre%20de%202011.pdf HTTP/1.1" 200 54568
172.22.2.4 - - [14/Apr/2022:23:45:43 -0500] "GET /BLA/boletinlegal/Circulares/2011/Circular%20No.%208%20del%2020%20de%20Septiembre%20de%202011.pdf HTTP/1.1" 200 285158
172.22.2.4 - - [14/Apr/2022:23:44:07 -0500] "HEAD /BLA/boletinlegal/ HTTP/1.1" 200 -
172.22.2.4 - - [14/Apr/2022:23:45:50 -0500] "GET /BLA/boletinlegal/Circulares/2011/Circular%20No.%207%20del%2023%20de%20Diciembre%20de%202011.pdf HTTP/1.1" 200 1107785
172.22.2.4 - - [14/Apr/2022:23:45:56 -0500] "GET /BLA/boletinlegal/Circulares/2011/Circular%20No.%207%20del%2015%20de%20Septiembre%20de%202011.pdf HTTP/1.1" 200 314873
172.22.2.4 - - [14/Apr/2022:23:46:03 -0500] "GET /BLA/boletinlegal/Circulares/2011/Circular%20No.%206%20del%2029%20de%20Julio%20de%202011.pdf HTTP/1.1" 200 262144
172.22.2.4 - - [14/Apr/2022:23:46:10 -0500] "GET /BLA/boletinlegal/Circulares/2011/Circular%20No.%206%20del%2023%20de%20Septiembre%20de%202011.pdf HTTP/1.1" 200 252800
172.22.2.4 - - [14/Apr/2022:23:46:16 -0500] "GET /BLA/boletinlegal/Circulares/2011/Circular%20No.%205%20del%2014%20de%20Julio%20de%202011.pdf HTTP/1.1" 200 1488992
172.22.2.4 - - [14/Apr/2022:23:46:25 -0500] "GET /BLA/boletinlegal/Circulares/2011/Circular%20No.%205%20del%2012%20de%20Agosto%20de%202011.pdf HTTP/1.1" 200 431796
172.22.2.4 - - [14/Apr/2022:23:46:32 -0500] "GET /BLA/boletinlegal/Circulares/2011/Circular%20No.%204%20del%2014%20de%20Julio%20de%202011.pdf HTTP/1.1" 200 399895
172.22.2.4 - - [14/Apr/2022:23:44:57 -0500] "GET /BLA/boletinlegal/ HTTP/1.1" 200 61416
172.22.2.4 - - [14/Apr/2022:23:46:37 -0500] "GET /BLA/boletinlegal/Circulares/2011/Circular%20No.%204%20del%2012%20de%20Agosto%20de%202011.pdf HTTP/1.1" 200 601047
172.22.2.4 - - [14/Apr/2022:23:46:42 -0500] "GET /BLA/boletinlegal/Circulares/2011/Circular%20No.%203%20del%2023%20de%20Junio%20de%202011.pdf HTTP/1.1" 200 1452758
207.46.13.43 - - [14/Apr/2022:23:46:47 -0500] "GET /sipse/faces/faces/autenticacion.xhtml HTTP/1.1" 200 12492
172.22.2.4 - - [14/Apr/2022:23:46:49 -0500] "GET /BLA/boletinlegal/Circulares/2011/Circular%20No.%203%20del%2016%20de%20Junio%20de%202011.pdf HTTP/1.1" 200 346378
172.22.2.4 - - [14/Apr/2022:23:46:59 -0500] "GET /BLA/boletinlegal/Circulares/2011/Circular%20No.%202%20del%2031%20de%20Mayo%20de%202011.pdf HTTP/1.1" 200 496778
172.22.2.4 - - [14/Apr/2022:23:47:04 -0500] "GET /BLA/boletinlegal/Circulares/2011/Circular%20No.%202%20del%2026%20de%20Mayo%20de%202011.pdf HTTP/1.1" 200 644194
172.22.2.4 - - [14/Apr/2022:23:47:11 -0500] "GET /BLA/boletinlegal/Circulares/2011/Circular%20No.%201%20del%2023%20de%20Febrero%20de%202011.pdf HTTP/1.1" 200 540140
172.22.2.4 - - [14/Apr/2022:23:47:17 -0500] "GET /BLA/boletinlegal/Circulares/2011/Circular%20No.%201%20del%2012%20de%20Abril%20de%202011.pdf HTTP/1.1" 200 366269
58.250.125.162 - - [14/Apr/2022:23:47:19 -0500] "GET / HTTP/1.1" 200 319
172.22.2.4 - - [14/Apr/2022:23:47:23 -0500] "GET /BLA/boletinlegal/Circulares/2011/Circular%20003%20de%20Febrero%20de%202011.pdf HTTP/1.1" 200 224758
172.22.2.4 - - [14/Apr/2022:23:47:30 -0500] "GET /BLA/boletinlegal/Circulares/2010/Circular%2006%20de%208%20de%20septiembre%20de%202010.pdf HTTP/1.1" 200 4657752
172.22.2.4 - - [14/Apr/2022:23:47:40 -0500] "GET /BLA/boletinlegal/Circulares/2010/Circular%2005%20de%208%20de%20septiembre%20de%202010.pdf HTTP/1.1" 200 2146608
173.252.107.13 - - [14/Apr/2022:23:47:44 -0500] "GET /zuma-propuesta-de-pot-una-herramienta-clave-para-seguir-mejorando-la-calidad-del-aire-de-bogota.html HTTP/1.1" 206 1029
172.22.2.4 - - [14/Apr/2022:23:48:07 -0500] "GET /BLA/boletinlegal/ HTTP/1.1" 200 63342
40.77.167.28 - - [14/Apr/2022:23:49:51 -0500] "GET /en-esta-navidad-bogota-esta-mejorando-con-mas-espacios-verdes-para-el-disfrute-de-la-ciudadania.html HTTP/1.1" 200 1114
66.249.65.13 - - [14/Apr/2022:23:49:54 -0500] "-" 408 -
216.245.221.92 - - [14/Apr/2022:23:50:28 -0500] "HEAD / HTTP/1.1" 200 -
172.22.2.4 - - [14/Apr/2022:23:49:56 -0500] "HEAD /BLA/boletinlegal/ HTTP/1.1" 200 -
173.252.107.15 - - [14/Apr/2022:23:51:49 -0500] "GET /images/jardines-verticales-4-marzo.jpg HTTP/1.1" 200 54804
69.63.189.120 - - [14/Apr/2022:23:51:49 -0500] "GET /images/jardines-verticales-4-marzo.jpg HTTP/1.1" 200 54804
172.22.2.4 - - [14/Apr/2022:23:50:47 -0500] "GET /BLA/boletinlegal/ HTTP/1.1" 200 59170
209.85.238.205 - - [14/Apr/2022:23:54:19 -0500] "GET /galeria/galeria/jquery.fancybox.css?v=2.1.5 HTTP/1.1" 200 4895
209.85.238.209 - - [14/Apr/2022:23:54:20 -0500] "GET /galeria/galeria/jquery.fancybox.js?v=2.1.5 HTTP/1.1" 200 48706
209.85.238.205 - - [14/Apr/2022:23:54:20 -0500] "GET /BLA/boletinlegal/js/jquery.scrollShow.js HTTP/1.1" 200 4586
216.245.221.92 - - [14/Apr/2022:23:55:28 -0500] "HEAD / HTTP/1.1" 200 -
191.156.56.254 - - [14/Apr/2022:23:55:47 -0500] "GET /BLA/resoluciones/AUTOS%202021/6240.pdf HTTP/1.1" 200 393201
17.121.113.29 - - [14/Apr/2022:23:56:05 -0500] "-" 408 -
172.22.2.4 - - [14/Apr/2022:23:55:47 -0500] "HEAD /BLA/boletinlegal/ HTTP/1.1" 200 -
172.22.2.4 - - [14/Apr/2022:23:56:37 -0500] "GET /BLA/boletinlegal/ HTTP/1.1" 200 59170

:: Command execute ::

Enter:
 
Select:
 

:: Search ::
regexp 

:: Upload ::
 
[ ok ]

:: Make Dir ::
 
[ ok ]
:: Make File ::
 
[ ok ]

:: Go Dir ::
 
:: Go File ::
 

--[ c99shell v. 1.0 pre-release build #13 powered by Captain Crunch Security Team | http://ccteam.ru | Generation time: 0.8892 ]--