!C99Shell v. 1.0 pre-release build #13!

Software: Apache. PHP/5.5.15 

uname -a: Windows NT SVR-DMZ 6.1 build 7600 (Windows Server 2008 R2 Enterprise Edition) i586 

SYSTEM 

Safe-mode: OFF (not secure)

E:\nuevo\apache\logs\   drwxrwxrwx
Free 7.33 GB of 239.26 GB (3.07%)
Detected drives: [ a ] [ c ] [ d ] [ e ] [ f ]
Home    Back    Forward    UPDIR    Refresh    Search    Buffer    Encoder    Tools    Proc.    FTP brute    Sec.    SQL    PHP-code    Update    Feedback    Self remove    Logout    


Viewing file:     access.2022.04.14.log (764.5 KB)      -rw-rw-rw-
Select action/file-type:
(+) | (+) | (+) | Code (+) | Session (+) | (+) | SDB (+) | (+) | (+) | (+) | (+) | (+) |
207.46.13.157 - - [14/Apr/2022:00:01:21 -0500] "GET /BLA/resoluciones/index.php?dir=AUTOS+2019%2F HTTP/1.1" 200 342653
172.22.2.4 - - [14/Apr/2022:00:00:50 -0500] "HEAD /BLA/boletinlegal/ HTTP/1.1" 200 -
216.245.221.92 - - [14/Apr/2022:00:02:33 -0500] "HEAD / HTTP/1.1" 200 -
172.22.2.4 - - [14/Apr/2022:00:01:40 -0500] "GET /BLA/boletinlegal/ HTTP/1.1" 200 53344
207.46.13.43 - - [14/Apr/2022:00:03:45 -0500] "GET /sipse/faces/faces/autenticacion.xhtml HTTP/1.1" 200 12492
207.46.13.199 - - [14/Apr/2022:00:05:15 -0500] "GET /bla/resoluciones/resoluciones%202016/1633.pdf HTTP/1.1" 200 279274
216.245.221.92 - - [14/Apr/2022:00:07:33 -0500] "HEAD / HTTP/1.1" 200 -
191.156.62.231 - - [14/Apr/2022:00:08:14 -0500] "GET /caminos-de-los-cerros-habilitados-en-esta-semana-santa-2022.html HTTP/1.1" 200 832
172.22.2.4 - - [14/Apr/2022:00:06:40 -0500] "HEAD /BLA/boletinlegal/ HTTP/1.1" 200 -
186.31.19.116 - - [14/Apr/2022:00:08:49 -0500] "GET /caminos-de-los-cerros-habilitados-en-esta-semana-santa-2022.html?fbclid=IwAR3lJf25jWruWsklv_lbywZWbP_E66oQvRGg-dIMEmj3WJ_8Vaxl1Eu6IlI HTTP/1.1" 200 832
172.22.2.4 - - [14/Apr/2022:00:07:30 -0500] "GET /BLA/boletinlegal/ HTTP/1.1" 200 61416
216.245.221.92 - - [14/Apr/2022:00:12:33 -0500] "HEAD / HTTP/1.1" 200 -
172.22.2.4 - - [14/Apr/2022:00:12:30 -0500] "HEAD /BLA/boletinlegal/ HTTP/1.1" 200 -
172.22.2.4 - - [14/Apr/2022:00:13:20 -0500] "GET /BLA/boletinlegal/ HTTP/1.1" 200 59170
216.245.221.92 - - [14/Apr/2022:00:17:33 -0500] "HEAD / HTTP/1.1" 200 -
186.28.139.248 - - [14/Apr/2022:00:17:46 -0500] "GET /BLA/resoluciones/ HTTP/1.1" 200 13093
186.28.139.248 - - [14/Apr/2022:00:17:52 -0500] "GET /BLA/resoluciones/index.php?dir=RESOLUCIONES+2009%2F HTTP/1.1" 200 1694101
152.61.192.232 - - [14/Apr/2022:00:17:53 -0500] "GET / HTTP/1.1" 200 319
186.28.139.248 - - [14/Apr/2022:00:18:18 -0500] "GET /BLA/resoluciones/RESOLUCIONES%202009/7605.pdf HTTP/1.1" 200 561624
172.22.2.4 - - [14/Apr/2022:00:18:20 -0500] "HEAD /BLA/boletinlegal/ HTTP/1.1" 200 -
152.61.128.50 - - [14/Apr/2022:00:20:23 -0500] "GET / HTTP/1.1" 200 319
172.22.2.4 - - [14/Apr/2022:00:19:10 -0500] "GET /BLA/boletinlegal/ HTTP/1.1" 200 61416
207.46.13.179 - - [14/Apr/2022:00:21:56 -0500] "GET /forest/ HTTP/1.1" 200 12041
216.245.221.92 - - [14/Apr/2022:00:22:33 -0500] "HEAD / HTTP/1.1" 200 -
201.245.192.253 - - [14/Apr/2022:00:22:36 -0500] "POST /kwsrmcab/Wsrmcab HTTP/1.1" 200 44823
201.245.192.253 - - [14/Apr/2022:00:23:23 -0500] "POST /kwsrmcab/Wsrmcab HTTP/1.1" 200 45454
207.46.13.43 - - [14/Apr/2022:00:25:23 -0500] "GET /bla/resoluciones/resoluciones%202016/1867.pdf HTTP/1.1" 200 510710
172.22.2.4 - - [14/Apr/2022:00:24:10 -0500] "HEAD /BLA/boletinlegal/ HTTP/1.1" 200 -
172.22.2.4 - - [14/Apr/2022:00:25:00 -0500] "GET /BLA/boletinlegal/ HTTP/1.1" 200 59170
172.22.2.4 - - [14/Apr/2022:00:27:24 -0500] "GET /BLA/boletinlegal/actuator/health HTTP/1.1" 404 1018
216.245.221.92 - - [14/Apr/2022:00:27:33 -0500] "HEAD / HTTP/1.1" 200 -
172.22.2.4 - - [14/Apr/2022:00:28:01 -0500] "GET /BLA/boletinlegal/normativa.php HTTP/1.1" 200 8292
186.28.139.248 - - [14/Apr/2022:00:29:33 -0500] "GET /BLA/resoluciones/ HTTP/1.1" 200 13093
186.28.139.248 - - [14/Apr/2022:00:29:37 -0500] "GET /BLA/resoluciones/index.php?dir=RESOLUCIONES+2012%2F HTTP/1.1" 200 140066
186.28.139.248 - - [14/Apr/2022:00:29:46 -0500] "GET /BLA/resoluciones/RESOLUCIONES%202012/1880.pdf HTTP/1.1" 200 613534
172.22.2.4 - - [14/Apr/2022:00:30:00 -0500] "HEAD /BLA/boletinlegal/ HTTP/1.1" 200 -
172.22.2.4 - - [14/Apr/2022:00:30:50 -0500] "GET /BLA/boletinlegal/ HTTP/1.1" 200 61416
216.245.221.92 - - [14/Apr/2022:00:32:33 -0500] "HEAD / HTTP/1.1" 200 -
201.245.192.253 - - [14/Apr/2022:00:32:37 -0500] "POST /kwsrmcab/Wsrmcab HTTP/1.1" 200 44823
176.79.31.60 - - [14/Apr/2022:00:34:12 -0500] "GET /phpmyadmin2014/index.php?lang=en HTTP/1.1" 403 1165
176.79.31.60 - - [14/Apr/2022:00:34:13 -0500] "GET /sql/sqladmin/index.php?lang=en HTTP/1.1" 404 1018
176.79.31.60 - - [14/Apr/2022:00:34:13 -0500] "GET /db/webdb/index.php?lang=en HTTP/1.1" 404 1018
176.79.31.60 - - [14/Apr/2022:00:34:13 -0500] "GET /administrator/PMA/index.php?lang=en HTTP/1.1" 404 1018
176.79.31.60 - - [14/Apr/2022:00:34:13 -0500] "GET /sql/sql/index.php?lang=en HTTP/1.1" 404 1018
176.79.31.60 - - [14/Apr/2022:00:34:13 -0500] "GET /sql/phpmy-admin/index.php?lang=en HTTP/1.1" 404 1018
176.79.31.60 - - [14/Apr/2022:00:34:14 -0500] "GET /sql/phpmyadmin5/index.php?lang=en HTTP/1.1" 404 1018
176.79.31.60 - - [14/Apr/2022:00:34:14 -0500] "GET /phpmyadmin1/index.php?lang=en HTTP/1.1" 403 1165
176.79.31.60 - - [14/Apr/2022:00:34:14 -0500] "GET /phpmyadmin2021/index.php?lang=en HTTP/1.1" 403 1165
201.245.192.253 - - [14/Apr/2022:00:33:26 -0500] "POST /kwsrmcab/Wsrmcab HTTP/1.1" 200 45454
176.79.31.60 - - [14/Apr/2022:00:34:14 -0500] "GET /db/myadmin/index.php?lang=en HTTP/1.1" 404 1018
176.79.31.60 - - [14/Apr/2022:00:34:14 -0500] "GET /db/phpmyadmin5/index.php?lang=en HTTP/1.1" 404 1018
176.79.31.60 - - [14/Apr/2022:00:34:15 -0500] "GET /phpMyAdmin2/index.php?lang=en HTTP/1.1" 403 1165
176.79.31.60 - - [14/Apr/2022:00:34:15 -0500] "GET /mysql/index.php?lang=en HTTP/1.1" 404 1018
176.79.31.60 - - [14/Apr/2022:00:34:15 -0500] "GET /db/phpmyadmin3/index.php?lang=en HTTP/1.1" 404 1018
176.79.31.60 - - [14/Apr/2022:00:34:15 -0500] "GET /phpMyAdmin3/index.php?lang=en HTTP/1.1" 403 1165
176.79.31.60 - - [14/Apr/2022:00:34:15 -0500] "GET /dbadmin/index.php?lang=en HTTP/1.1" 404 1018
176.79.31.60 - - [14/Apr/2022:00:34:16 -0500] "GET /admin/pma/index.php?lang=en HTTP/1.1" 404 1018
176.79.31.60 - - [14/Apr/2022:00:34:16 -0500] "GET /db/phpMyAdmin-4/index.php?lang=en HTTP/1.1" 404 1018
176.79.31.60 - - [14/Apr/2022:00:34:16 -0500] "GET /db/webadmin/index.php?lang=en HTTP/1.1" 404 1018
176.79.31.60 - - [14/Apr/2022:00:34:16 -0500] "GET /mysql/db/index.php?lang=en HTTP/1.1" 404 1018
176.79.31.60 - - [14/Apr/2022:00:34:17 -0500] "GET /MyAdmin/index.php?lang=en HTTP/1.1" 404 1018
176.79.31.60 - - [14/Apr/2022:00:34:17 -0500] "GET /admin/web/index.php?lang=en HTTP/1.1" 404 1018
176.79.31.60 - - [14/Apr/2022:00:34:17 -0500] "GET /sql/phpMyAdmin/index.php?lang=en HTTP/1.1" 404 1018
176.79.31.60 - - [14/Apr/2022:00:34:17 -0500] "GET /phpmy-admin/index.php?lang=en HTTP/1.1" 404 1018
176.79.31.60 - - [14/Apr/2022:00:34:17 -0500] "GET /phpmyadmin2022/index.php?lang=en HTTP/1.1" 403 1165
176.79.31.60 - - [14/Apr/2022:00:34:18 -0500] "GET /phpmyAdmin/index.php?lang=en HTTP/1.1" 403 1165
176.79.31.60 - - [14/Apr/2022:00:34:18 -0500] "GET /sql/phpMyAdmin2/index.php?lang=en HTTP/1.1" 404 1018
176.79.31.60 - - [14/Apr/2022:00:34:18 -0500] "GET /sql/webdb/index.php?lang=en HTTP/1.1" 404 1018
176.79.31.60 - - [14/Apr/2022:00:34:18 -0500] "GET /mysql/pMA/index.php?lang=en HTTP/1.1" 404 1018
176.79.31.60 - - [14/Apr/2022:00:34:18 -0500] "GET /phpMyAdmin-5.1.3/index.php?lang=en HTTP/1.1" 403 1165
176.79.31.60 - - [14/Apr/2022:00:34:19 -0500] "GET /db/index.php?lang=en HTTP/1.1" 404 1018
176.79.31.60 - - [14/Apr/2022:00:34:19 -0500] "GET /phpmyadmin2011/index.php?lang=en HTTP/1.1" 403 1165
176.79.31.60 - - [14/Apr/2022:00:34:19 -0500] "GET /sql/websql/index.php?lang=en HTTP/1.1" 404 1018
176.79.31.60 - - [14/Apr/2022:00:34:19 -0500] "GET /phpMyAdmin_/index.php?lang=en HTTP/1.1" 403 1165
176.79.31.60 - - [14/Apr/2022:00:34:19 -0500] "GET /sqlmanager/index.php?lang=en HTTP/1.1" 404 1018
176.79.31.60 - - [14/Apr/2022:00:34:20 -0500] "GET /db/phpMyAdmin-3/index.php?lang=en HTTP/1.1" 404 1018
176.79.31.60 - - [14/Apr/2022:00:34:20 -0500] "GET /phpMyAdmin-5.2.0/index.php?lang=en HTTP/1.1" 403 1165
176.79.31.60 - - [14/Apr/2022:00:34:20 -0500] "GET /admin/phpmyadmin/index.php?lang=en HTTP/1.1" 404 1018
176.79.31.60 - - [14/Apr/2022:00:34:20 -0500] "GET /phpMyAdmin-5.1.0/index.php?lang=en HTTP/1.1" 403 1165
176.79.31.60 - - [14/Apr/2022:00:34:20 -0500] "GET /phpMyAdmin5.2/index.php?lang=en HTTP/1.1" 403 1165
176.79.31.60 - - [14/Apr/2022:00:34:21 -0500] "GET /phppma/index.php?lang=en HTTP/1.1" 404 1018
176.79.31.60 - - [14/Apr/2022:00:34:21 -0500] "GET /phpmyadmin2015/index.php?lang=en HTTP/1.1" 403 1165
176.79.31.60 - - [14/Apr/2022:00:34:21 -0500] "GET /db/phpMyAdmin/index.php?lang=en HTTP/1.1" 404 1018
176.79.31.60 - - [14/Apr/2022:00:34:21 -0500] "GET /db/phpMyAdmin-5/index.php?lang=en HTTP/1.1" 404 1018
176.79.31.60 - - [14/Apr/2022:00:34:21 -0500] "GET /sql/phpmanager/index.php?lang=en HTTP/1.1" 404 1018
176.79.31.60 - - [14/Apr/2022:00:34:22 -0500] "GET /mysql/web/index.php?lang=en HTTP/1.1" 404 1018
176.79.31.60 - - [14/Apr/2022:00:34:22 -0500] "GET /_phpmyadmin/index.php?lang=en HTTP/1.1" 404 1018
176.79.31.60 - - [14/Apr/2022:00:34:22 -0500] "GET /sql/php-myadmin/index.php?lang=en HTTP/1.1" 404 1018
176.79.31.60 - - [14/Apr/2022:00:34:22 -0500] "GET /wp-content/plugins/portable-phpmyadmin/wp-pma-mod/index.php?lang=en HTTP/1.1" 404 1018
176.79.31.60 - - [14/Apr/2022:00:34:22 -0500] "GET /phpmyadmin2/index.php?lang=en HTTP/1.1" 403 1165
176.79.31.60 - - [14/Apr/2022:00:34:23 -0500] "GET /phpmyadmin2020/index.php?lang=en HTTP/1.1" 403 1165
176.79.31.60 - - [14/Apr/2022:00:34:23 -0500] "GET /administrator/web/index.php?lang=en HTTP/1.1" 404 1018
176.79.31.60 - - [14/Apr/2022:00:34:23 -0500] "GET /db/websql/index.php?lang=en HTTP/1.1" 404 1018
176.79.31.60 - - [14/Apr/2022:00:34:23 -0500] "GET /phpmyadmin2017/index.php?lang=en HTTP/1.1" 403 1165
176.79.31.60 - - [14/Apr/2022:00:34:23 -0500] "GET /php-my-admin/index.php?lang=en HTTP/1.1" 404 1018
176.79.31.60 - - [14/Apr/2022:00:34:24 -0500] "GET /phpMyAdmin-3/index.php?lang=en HTTP/1.1" 403 1165
176.79.31.60 - - [14/Apr/2022:00:34:24 -0500] "GET /phpmyadmin2016/index.php?lang=en HTTP/1.1" 403 1165
176.79.31.60 - - [14/Apr/2022:00:34:24 -0500] "GET /sql/phpmyadmin3/index.php?lang=en HTTP/1.1" 404 1018
176.79.31.60 - - [14/Apr/2022:00:34:24 -0500] "GET /db/dbadmin/index.php?lang=en HTTP/1.1" 404 1018
176.79.31.60 - - [14/Apr/2022:00:34:24 -0500] "GET /mysql/admin/index.php?lang=en HTTP/1.1" 404 1018
176.79.31.60 - - [14/Apr/2022:00:34:25 -0500] "GET /phpMyAdmin5/index.php?lang=en HTTP/1.1" 403 1165
176.79.31.60 - - [14/Apr/2022:00:34:25 -0500] "GET /administrator/db/index.php?lang=en HTTP/1.1" 404 1018
176.79.31.60 - - [14/Apr/2022:00:34:25 -0500] "GET /phpMyAdmin5.1/index.php?lang=en HTTP/1.1" 403 1165
176.79.31.60 - - [14/Apr/2022:00:34:25 -0500] "GET /phpMyAdmin1/index.php?lang=en HTTP/1.1" 403 1165
176.79.31.60 - - [14/Apr/2022:00:34:25 -0500] "GET /db/phpMyAdmin3/index.php?lang=en HTTP/1.1" 404 1018
176.79.31.60 - - [14/Apr/2022:00:34:26 -0500] "GET /mysql/dbadmin/index.php?lang=en HTTP/1.1" 404 1018
207.46.13.157 - - [14/Apr/2022:00:34:24 -0500] "GET /BLA/resoluciones/index.php?dir=AUTOS+2019%2F HTTP/1.1" 200 342653
176.79.31.60 - - [14/Apr/2022:00:34:26 -0500] "GET /phpMyAdmin-4/index.php?lang=en HTTP/1.1" 403 1165
176.79.31.60 - - [14/Apr/2022:00:34:26 -0500] "GET /sql/myadmin/index.php?lang=en HTTP/1.1" 404 1018
176.79.31.60 - - [14/Apr/2022:00:34:26 -0500] "GET /shopdb/index.php?lang=en HTTP/1.1" 404 1018
176.79.31.60 - - [14/Apr/2022:00:34:26 -0500] "GET /phpMyadmin/index.php?lang=en HTTP/1.1" 403 1165
176.79.31.60 - - [14/Apr/2022:00:34:27 -0500] "GET /admin/sysadmin/index.php?lang=en HTTP/1.1" 404 1018
176.79.31.60 - - [14/Apr/2022:00:34:27 -0500] "GET /mysqladmin/index.php?lang=en HTTP/1.1" 404 1018
176.79.31.60 - - [14/Apr/2022:00:34:27 -0500] "GET /phpmyadmin5/index.php?lang=en HTTP/1.1" 403 1165
176.79.31.60 - - [14/Apr/2022:00:34:27 -0500] "GET /mysql/sqlmanager/index.php?lang=en HTTP/1.1" 404 1018
176.79.31.60 - - [14/Apr/2022:00:34:27 -0500] "GET /sql/sql-admin/index.php?lang=en HTTP/1.1" 404 1018
176.79.31.60 - - [14/Apr/2022:00:34:28 -0500] "GET /sql/phpmyadmin4/index.php?lang=en HTTP/1.1" 404 1018
176.79.31.60 - - [14/Apr/2022:00:34:28 -0500] "GET /phpMyAdmin/index.php?lang=en HTTP/1.1" 403 1165
176.79.31.60 - - [14/Apr/2022:00:34:28 -0500] "GET /phpmyadmin2013/index.php?lang=en HTTP/1.1" 403 1165
176.79.31.60 - - [14/Apr/2022:00:34:28 -0500] "GET /_phpMyAdmin/index.php?lang=en HTTP/1.1" 404 1018
176.79.31.60 - - [14/Apr/2022:00:34:28 -0500] "GET /myadmin/index.php?lang=en HTTP/1.1" 404 1018
176.79.31.60 - - [14/Apr/2022:00:34:29 -0500] "GET /PMA/index.php?lang=en HTTP/1.1" 404 1018
176.79.31.60 - - [14/Apr/2022:00:34:29 -0500] "GET /mysqlmanager/index.php?lang=en HTTP/1.1" 404 1018
176.79.31.60 - - [14/Apr/2022:00:34:29 -0500] "GET /admin/sqladmin/index.php?lang=en HTTP/1.1" 404 1018
176.79.31.60 - - [14/Apr/2022:00:34:29 -0500] "GET /administrator/phpMyAdmin/index.php?lang=en HTTP/1.1" 404 1018
176.79.31.60 - - [14/Apr/2022:00:34:29 -0500] "GET /2phpmyadmin/index.php?lang=en HTTP/1.1" 404 1018
176.79.31.60 - - [14/Apr/2022:00:34:30 -0500] "GET /admin/phpMyAdmin/index.php?lang=en HTTP/1.1" 404 1018
176.79.31.60 - - [14/Apr/2022:00:34:30 -0500] "GET /admin/index.php?lang=en HTTP/1.1" 404 1018
176.79.31.60 - - [14/Apr/2022:00:34:30 -0500] "GET /phpMyAdmin-4.9.7/index.php?lang=en HTTP/1.1" 403 1165
176.79.31.60 - - [14/Apr/2022:00:34:30 -0500] "GET /_phpmyadmin_/index.php?lang=en HTTP/1.1" 404 1018
176.79.31.60 - - [14/Apr/2022:00:34:31 -0500] "GET /administrator/admin/index.php?lang=en HTTP/1.1" 404 1018
176.79.31.60 - - [14/Apr/2022:00:34:31 -0500] "GET /db/phpmyadmin4/index.php?lang=en HTTP/1.1" 404 1018
176.79.31.60 - - [14/Apr/2022:00:34:31 -0500] "GET /admin/db/index.php?lang=en HTTP/1.1" 404 1018
176.79.31.60 - - [14/Apr/2022:00:34:31 -0500] "GET /phpmyadmin3/index.php?lang=en HTTP/1.1" 403 1165
176.79.31.60 - - [14/Apr/2022:00:34:31 -0500] "GET /php-myadmin/index.php?lang=en HTTP/1.1" 404 1018
176.79.31.60 - - [14/Apr/2022:00:34:32 -0500] "GET /1phpmyadmin/index.php?lang=en HTTP/1.1" 404 1018
176.79.31.60 - - [14/Apr/2022:00:34:32 -0500] "GET /database/index.php?lang=en HTTP/1.1" 404 1018
176.79.31.60 - - [14/Apr/2022:00:34:32 -0500] "GET /phpmyadmin_/index.php?lang=en HTTP/1.1" 403 1165
176.79.31.60 - - [14/Apr/2022:00:34:32 -0500] "GET /phpmyadmin4/index.php?lang=en HTTP/1.1" 403 1165
176.79.31.60 - - [14/Apr/2022:00:34:32 -0500] "GET /phpMyAdmin4/index.php?lang=en HTTP/1.1" 403 1165
176.79.31.60 - - [14/Apr/2022:00:34:33 -0500] "GET /db/db-admin/index.php?lang=en HTTP/1.1" 404 1018
176.79.31.60 - - [14/Apr/2022:00:34:33 -0500] "GET /phpmyadmin2019/index.php?lang=en HTTP/1.1" 403 1165
176.79.31.60 - - [14/Apr/2022:00:34:33 -0500] "GET /phpmyadmin2012/index.php?lang=en HTTP/1.1" 403 1165
176.79.31.60 - - [14/Apr/2022:00:34:33 -0500] "GET /phpmyadmin/index.php?lang=en HTTP/1.1" 403 1165
176.79.31.60 - - [14/Apr/2022:00:34:33 -0500] "GET /administrator/phpmyadmin/index.php?lang=en HTTP/1.1" 404 1018
176.79.31.60 - - [14/Apr/2022:00:34:34 -0500] "GET /mysql/pma/index.php?lang=en HTTP/1.1" 404 1018
176.79.31.60 - - [14/Apr/2022:00:34:34 -0500] "GET /phpmyadmin2018/index.php?lang=en HTTP/1.1" 403 1165
176.79.31.60 - - [14/Apr/2022:00:34:34 -0500] "GET /phpmy/index.php?lang=en HTTP/1.1" 404 1018
176.79.31.60 - - [14/Apr/2022:00:34:34 -0500] "GET /db/phpmyadmin/index.php?lang=en HTTP/1.1" 404 1018
176.79.31.60 - - [14/Apr/2022:00:34:34 -0500] "GET /mysql-admin/index.php?lang=en HTTP/1.1" 404 1018
176.79.31.60 - - [14/Apr/2022:00:34:35 -0500] "GET /phpMyAdmin-5.1.1/index.php?lang=en HTTP/1.1" 403 1165
176.79.31.60 - - [14/Apr/2022:00:34:35 -0500] "GET /phpMyAdmin-5/index.php?lang=en HTTP/1.1" 403 1165
176.79.31.60 - - [14/Apr/2022:00:34:35 -0500] "GET /mysql/mysqlmanager/index.php?lang=en HTTP/1.1" 404 1018
176.79.31.60 - - [14/Apr/2022:00:34:35 -0500] "GET /program/index.php?lang=en HTTP/1.1" 404 1018
176.79.31.60 - - [14/Apr/2022:00:34:35 -0500] "GET /sql/sqlweb/index.php?lang=en HTTP/1.1" 404 1018
176.79.31.60 - - [14/Apr/2022:00:34:36 -0500] "GET /pma/index.php?lang=en HTTP/1.1" 404 1018
176.79.31.60 - - [14/Apr/2022:00:34:36 -0500] "GET /db/dbweb/index.php?lang=en HTTP/1.1" 404 1018
176.79.31.60 - - [14/Apr/2022:00:34:36 -0500] "GET /phpMyAdmin-5.1.2/index.php?lang=en HTTP/1.1" 403 1165
176.79.31.60 - - [14/Apr/2022:00:34:36 -0500] "GET /administrator/pma/index.php?lang=en HTTP/1.1" 404 1018
176.79.31.60 - - [14/Apr/2022:00:34:36 -0500] "GET /sql/webadmin/index.php?lang=en HTTP/1.1" 404 1018
207.46.13.209 - - [14/Apr/2022:00:37:07 -0500] "GET /Publicaciones/2022EE28111.pdf HTTP/1.1" 404 227
172.22.2.4 - - [14/Apr/2022:00:35:50 -0500] "HEAD /BLA/boletinlegal/ HTTP/1.1" 200 -
216.245.221.92 - - [14/Apr/2022:00:37:33 -0500] "HEAD / HTTP/1.1" 200 -
172.22.2.4 - - [14/Apr/2022:00:36:40 -0500] "GET /BLA/boletinlegal/ HTTP/1.1" 200 61416
66.249.66.76 - - [14/Apr/2022:00:38:32 -0500] "-" 408 -
208.100.26.237 - - [14/Apr/2022:00:38:47 -0500] "GET / HTTP/1.1" 200 319
34.90.92.65 - - [14/Apr/2022:00:38:56 -0500] "GET / HTTP/1.1" 200 319
207.46.13.179 - - [14/Apr/2022:00:40:37 -0500] "GET /bla/resoluciones/resoluciones%202016/0143.pdf HTTP/1.1" 200 782016
216.245.221.92 - - [14/Apr/2022:00:42:33 -0500] "HEAD / HTTP/1.1" 200 -
172.22.2.4 - - [14/Apr/2022:00:41:40 -0500] "HEAD /BLA/boletinlegal/ HTTP/1.1" 200 -
201.245.192.253 - - [14/Apr/2022:00:42:36 -0500] "POST /kwsrmcab/Wsrmcab HTTP/1.1" 200 44823
172.22.2.4 - - [14/Apr/2022:00:42:30 -0500] "GET /BLA/boletinlegal/ HTTP/1.1" 200 59170
201.245.192.253 - - [14/Apr/2022:00:43:26 -0500] "POST /kwsrmcab/Wsrmcab HTTP/1.1" 200 45454
66.249.66.75 - - [14/Apr/2022:00:44:44 -0500] "-" 408 -
45.137.23.205 - - [14/Apr/2022:00:46:28 -0500] "GET / HTTP/1.1" 200 319
216.245.221.92 - - [14/Apr/2022:00:47:33 -0500] "HEAD / HTTP/1.1" 200 -
64.62.197.2 - - [14/Apr/2022:00:48:19 -0500] "GET / HTTP/1.1" 200 319
172.22.2.4 - - [14/Apr/2022:00:47:30 -0500] "HEAD /BLA/boletinlegal/ HTTP/1.1" 200 -
207.46.13.199 - - [14/Apr/2022:00:49:48 -0500] "GET /bla/resoluciones/autos%202020/4386.pdf HTTP/1.1" 200 374078
172.22.2.4 - - [14/Apr/2022:00:48:20 -0500] "GET /BLA/boletinlegal/ HTTP/1.1" 200 57542
216.245.221.92 - - [14/Apr/2022:00:52:33 -0500] "HEAD / HTTP/1.1" 200 -
172.22.2.4 - - [14/Apr/2022:00:53:20 -0500] "HEAD /BLA/boletinlegal/ HTTP/1.1" 200 -
66.249.66.85 - - [14/Apr/2022:00:55:00 -0500] "-" 408 -
172.22.2.4 - - [14/Apr/2022:00:54:10 -0500] "GET /BLA/boletinlegal/ HTTP/1.1" 200 58588
216.245.221.92 - - [14/Apr/2022:00:57:33 -0500] "HEAD / HTTP/1.1" 200 -
172.22.2.4 - - [14/Apr/2022:01:00:02 -0500] "GET /BLA/boletinlegal/.env HTTP/1.1" 404 1018
172.22.2.4 - - [14/Apr/2022:00:59:10 -0500] "HEAD /BLA/boletinlegal/ HTTP/1.1" 200 -
172.22.2.4 - - [14/Apr/2022:01:00:00 -0500] "GET /BLA/boletinlegal/ HTTP/1.1" 200 60932
216.245.221.92 - - [14/Apr/2022:01:02:33 -0500] "HEAD / HTTP/1.1" 200 -
172.22.2.4 - - [14/Apr/2022:01:04:11 -0500] "GET /BLA/boletinlegal/documentos-importantes.php/niceforms.js HTTP/1.1" 200 4822
200.118.60.10 - - [14/Apr/2022:01:04:46 -0500] "GET /caminos-de-los-cerros-habilitados-en-esta-semana-santa-2022.html?fbclid=IwAR3KyaNoDoJS06O16pjaF6wROxHVL53KagCvHCYOXegmbx-DUpDnCweq15k HTTP/1.1" 200 832
172.22.2.4 - - [14/Apr/2022:01:05:00 -0500] "HEAD /BLA/boletinlegal/ HTTP/1.1" 200 -
172.22.2.4 - - [14/Apr/2022:01:05:50 -0500] "GET /BLA/boletinlegal/ HTTP/1.1" 200 58588
216.245.221.92 - - [14/Apr/2022:01:07:33 -0500] "HEAD / HTTP/1.1" 200 -
207.46.13.157 - - [14/Apr/2022:01:08:28 -0500] "GET /BLA/resoluciones/index.php?dir=AUTOS+2019%2F HTTP/1.1" 200 342653
207.46.13.179 - - [14/Apr/2022:01:11:20 -0500] "GET /BLA/resoluciones/RESOLUCIONES%202021/1338.pdf HTTP/1.1" 200 511339
69.63.189.2 - - [14/Apr/2022:01:11:35 -0500] "GET /images/JBB1.jpeg HTTP/1.1" 200 90628
207.46.13.43 - - [14/Apr/2022:01:12:08 -0500] "GET /bla/resoluciones/resoluciones%202016/1254.pdf HTTP/1.1" 200 623853
172.22.2.4 - - [14/Apr/2022:01:10:50 -0500] "HEAD /BLA/boletinlegal/ HTTP/1.1" 200 -
216.245.221.92 - - [14/Apr/2022:01:12:33 -0500] "HEAD / HTTP/1.1" 200 -
66.249.66.78 - - [14/Apr/2022:01:12:39 -0500] "-" 408 -
172.22.2.4 - - [14/Apr/2022:01:13:05 -0500] "GET /BLA/boletinlegal/doctrina.php/js/popup.js HTTP/1.1" 200 5604
172.22.2.4 - - [14/Apr/2022:01:11:40 -0500] "GET /BLA/boletinlegal/ HTTP/1.1" 200 58588
207.46.13.157 - - [14/Apr/2022:01:14:27 -0500] "GET /menu/css/demo.css HTTP/1.1" 404 1018
40.77.167.46 - - [14/Apr/2022:01:14:29 -0500] "GET /menu/css/style.css HTTP/1.1" 404 1018
172.22.2.4 - - [14/Apr/2022:01:16:40 -0500] "HEAD /BLA/boletinlegal/ HTTP/1.1" 200 -
172.22.2.4 - - [14/Apr/2022:01:17:30 -0500] "GET /BLA/boletinlegal/ HTTP/1.1" 200 58588
152.61.192.232 - - [14/Apr/2022:01:19:59 -0500] "GET /arcgis/services/Calidad_del_Agua_WQI/MapServer/WMSServer?request=GetCapabilities&service=WMS HTTP/1.1" 503 1020
152.61.192.232 - - [14/Apr/2022:01:20:00 -0500] "GET /arcgis/services/Calidad_del_Agua_WQI/MapServer/WMSServer?SERVICE=WMS&REQUEST=GetCapabilities HTTP/1.1" 503 1020
152.61.192.232 - - [14/Apr/2022:01:20:01 -0500] "GET /arcgis/services/Calidad_del_Agua_WQI/MapServer/WMSServer?WMTVER=1.0.0&REQUEST=capabilities HTTP/1.1" 503 1020
216.245.221.92 - - [14/Apr/2022:01:20:33 -0500] "HEAD / HTTP/1.1" 200 -
172.22.2.4 - - [14/Apr/2022:01:21:01 -0500] "GET /BLA/boletinlegal/owa/auth/x.js HTTP/1.1" 404 1018
66.249.66.75 - - [14/Apr/2022:01:22:50 -0500] "-" 408 -
201.245.192.253 - - [14/Apr/2022:01:22:37 -0500] "POST /kwsrmcab/Wsrmcab HTTP/1.1" 200 44960
172.22.2.4 - - [14/Apr/2022:01:22:30 -0500] "HEAD /BLA/boletinlegal/ HTTP/1.1" 200 -
201.245.192.253 - - [14/Apr/2022:01:23:27 -0500] "POST /kwsrmcab/Wsrmcab HTTP/1.1" 200 45453
152.61.128.50 - - [14/Apr/2022:01:24:31 -0500] "GET /arcgis/services/Calidad_del_Agua_WQI/MapServer/WMSServer?request=GetCapabilities&service=WMS HTTP/1.1" 503 1020
152.61.128.50 - - [14/Apr/2022:01:24:32 -0500] "GET /arcgis/services/Calidad_del_Agua_WQI/MapServer/WMSServer?SERVICE=WMS&REQUEST=GetCapabilities HTTP/1.1" 503 1020
152.61.128.50 - - [14/Apr/2022:01:24:33 -0500] "GET /arcgis/services/Calidad_del_Agua_WQI/MapServer/WMSServer?WMTVER=1.0.0&REQUEST=capabilities HTTP/1.1" 503 1020
191.96.106.55 - - [14/Apr/2022:01:24:38 -0500] "GET /wp-login.php HTTP/1.1" 404 1018
191.96.106.55 - - [14/Apr/2022:01:24:38 -0500] "GET /wp-login.php HTTP/1.1" 404 1035
172.22.2.4 - - [14/Apr/2022:01:23:20 -0500] "GET /BLA/boletinlegal/ HTTP/1.1" 200 58588
172.22.2.4 - - [14/Apr/2022:01:25:01 -0500] "GET /BLA/boletinlegal/ecp/Current/exporttool/microsoft.exchange.ediscovery.exporttool.application HTTP/1.1" 404 1018
172.22.2.4 - - [14/Apr/2022:01:25:03 -0500] "GET /BLA/boletinlegal/owa/auth/logon.aspx HTTP/1.1" 404 1018
216.245.221.92 - - [14/Apr/2022:01:25:32 -0500] "HEAD / HTTP/1.1" 200 -
207.46.13.209 - - [14/Apr/2022:01:27:04 -0500] "GET /bla/resoluciones/resoluciones%202016/1291.pdf HTTP/1.1" 200 489019
65.154.226.167 - - [14/Apr/2022:01:28:07 -0500] "GET /BLA/boletinlegal/js/jquery.scrollShow.js HTTP/1.1" 200 4586
65.154.226.167 - - [14/Apr/2022:01:28:07 -0500] "GET /galeria/galeria/jquery.fancybox.css?v=2.1.5 HTTP/1.1" 200 4895
65.154.226.167 - - [14/Apr/2022:01:28:08 -0500] "GET /galeria/galeria/jquery.fancybox.js?v=2.1.5 HTTP/1.1" 200 48706
172.22.2.4 - - [14/Apr/2022:01:29:39 -0500] "GET /BLA/boletinlegal/wp-login.php HTTP/1.1" 404 1038
172.22.2.4 - - [14/Apr/2022:01:28:20 -0500] "HEAD /BLA/boletinlegal/ HTTP/1.1" 200 -
216.245.221.92 - - [14/Apr/2022:01:30:32 -0500] "HEAD / HTTP/1.1" 200 -
172.22.2.4 - - [14/Apr/2022:01:29:10 -0500] "GET /BLA/boletinlegal/ HTTP/1.1" 200 61416
66.249.66.75 - - [14/Apr/2022:01:30:54 -0500] "-" 408 -
201.245.192.253 - - [14/Apr/2022:01:32:36 -0500] "POST /kwsrmcab/Wsrmcab HTTP/1.1" 200 44960
201.245.192.253 - - [14/Apr/2022:01:33:26 -0500] "POST /kwsrmcab/Wsrmcab HTTP/1.1" 200 45453
216.245.221.92 - - [14/Apr/2022:01:35:32 -0500] "HEAD / HTTP/1.1" 200 -
172.22.2.4 - - [14/Apr/2022:01:34:10 -0500] "HEAD /BLA/boletinlegal/ HTTP/1.1" 200 -
172.22.2.4 - - [14/Apr/2022:01:35:00 -0500] "GET /BLA/boletinlegal/ HTTP/1.1" 200 60932
216.245.221.92 - - [14/Apr/2022:01:40:32 -0500] "HEAD / HTTP/1.1" 200 -
207.46.13.157 - - [14/Apr/2022:01:41:10 -0500] "GET /BLA/resoluciones/index.php?dir=AUTOS+2019%2F HTTP/1.1" 200 342653
172.22.2.4 - - [14/Apr/2022:01:40:00 -0500] "HEAD /BLA/boletinlegal/ HTTP/1.1" 200 -
172.22.2.4 - - [14/Apr/2022:01:40:50 -0500] "GET /BLA/boletinlegal/ HTTP/1.1" 200 59170
201.245.192.253 - - [14/Apr/2022:01:42:37 -0500] "POST /kwsrmcab/Wsrmcab HTTP/1.1" 200 44960
201.245.192.253 - - [14/Apr/2022:01:43:29 -0500] "POST /kwsrmcab/Wsrmcab HTTP/1.1" 200 45453
216.245.221.92 - - [14/Apr/2022:01:45:32 -0500] "HEAD / HTTP/1.1" 200 -
172.22.2.4 - - [14/Apr/2022:01:45:50 -0500] "HEAD /BLA/boletinlegal/ HTTP/1.1" 200 -
172.22.2.4 - - [14/Apr/2022:01:46:40 -0500] "GET /BLA/boletinlegal/ HTTP/1.1" 200 60105
172.22.2.4 - - [14/Apr/2022:01:49:51 -0500] "GET /BLA/boletinlegal/robots.txt HTTP/1.1" 404 1038
172.22.2.4 - - [14/Apr/2022:01:49:52 -0500] "GET /BLA/boletinlegal/jurisprudencia/analisis/G__Jurisp.%20Junio%202014_Sent%20Tutela%20Drumond.docx HTTP/1.1" 304 -
216.245.221.92 - - [14/Apr/2022:01:50:32 -0500] "HEAD / HTTP/1.1" 200 -
66.249.66.87 - - [14/Apr/2022:01:52:01 -0500] "-" 408 -
173.252.107.6 - - [14/Apr/2022:01:52:39 -0500] "GET /gracias-al-compromiso-de-la-ciudadan%C3%83%C2%ADa-la-academia-las-industrias-y-el-distrito-el-2021-fue-el-a%C3%83%C2%B1o-de-la-calidad-del-aire.html HTTP/1.1" 206 1115
173.252.107.22 - - [14/Apr/2022:01:52:39 -0500] "GET /30-tinguas-azules-volvieron-a-alzar-vuelo-en-el-humedal-jaboque-en-engativa.html HTTP/1.1" 206 1102
172.22.2.4 - - [14/Apr/2022:01:51:40 -0500] "HEAD /BLA/boletinlegal/ HTTP/1.1" 200 -
172.22.2.4 - - [14/Apr/2022:01:52:30 -0500] "GET /BLA/boletinlegal/ HTTP/1.1" 200 61416
216.245.221.92 - - [14/Apr/2022:01:55:32 -0500] "HEAD / HTTP/1.1" 200 -
207.46.13.43 - - [14/Apr/2022:01:57:32 -0500] "GET /BLA/resoluciones/RESOLUCIONES%202014/0287.pdf HTTP/1.1" 200 838063
172.22.2.4 - - [14/Apr/2022:01:57:30 -0500] "HEAD /BLA/boletinlegal/ HTTP/1.1" 200 -
172.22.2.4 - - [14/Apr/2022:01:59:01 -0500] "GET /BLA/boletinlegal/ HTTP/1.1" 200 24523
172.22.2.4 - - [14/Apr/2022:01:58:20 -0500] "GET /BLA/boletinlegal/ HTTP/1.1" 200 50207
216.245.221.92 - - [14/Apr/2022:02:00:32 -0500] "HEAD / HTTP/1.1" 200 -
66.249.66.85 - - [14/Apr/2022:02:01:28 -0500] "-" 408 -
172.22.2.4 - - [14/Apr/2022:02:03:20 -0500] "HEAD /BLA/boletinlegal/ HTTP/1.1" 200 -
216.245.221.92 - - [14/Apr/2022:02:05:32 -0500] "HEAD / HTTP/1.1" 200 -
172.22.2.4 - - [14/Apr/2022:02:04:10 -0500] "GET /BLA/boletinlegal/ HTTP/1.1" 200 58588
66.249.66.85 - - [14/Apr/2022:02:08:19 -0500] "-" 408 -
216.245.221.92 - - [14/Apr/2022:02:10:32 -0500] "HEAD / HTTP/1.1" 200 -
172.22.2.4 - - [14/Apr/2022:02:09:10 -0500] "HEAD /BLA/boletinlegal/ HTTP/1.1" 200 -
172.22.2.4 - - [14/Apr/2022:02:10:00 -0500] "GET /BLA/boletinlegal/ HTTP/1.1" 200 60932
207.46.13.157 - - [14/Apr/2022:02:14:33 -0500] "GET /BLA/resoluciones/index.php?dir=AUTOS+2019%2F HTTP/1.1" 200 342653
216.245.221.92 - - [14/Apr/2022:02:15:32 -0500] "HEAD / HTTP/1.1" 200 -
172.22.2.4 - - [14/Apr/2022:02:15:00 -0500] "HEAD /BLA/boletinlegal/ HTTP/1.1" 200 -
172.22.2.4 - - [14/Apr/2022:02:15:50 -0500] "GET /BLA/boletinlegal/ HTTP/1.1" 200 58588
66.249.66.85 - - [14/Apr/2022:02:17:38 -0500] "-" 408 -
216.245.221.92 - - [14/Apr/2022:02:20:32 -0500] "HEAD / HTTP/1.1" 200 -
172.22.2.4 - - [14/Apr/2022:02:21:54 -0500] "GET /BLA/boletinlegal/owa/auth/logon.aspx?url=https%3a%2f%2f1%2fecp%2f HTTP/1.1" 404 1018
172.22.2.4 - - [14/Apr/2022:02:20:50 -0500] "HEAD /BLA/boletinlegal/ HTTP/1.1" 200 -
172.22.2.4 - - [14/Apr/2022:02:21:40 -0500] "GET /BLA/boletinlegal/ HTTP/1.1" 200 60932
201.245.192.253 - - [14/Apr/2022:02:22:36 -0500] "POST /kwsrmcab/Wsrmcab HTTP/1.1" 200 44195
66.249.66.85 - - [14/Apr/2022:02:24:06 -0500] "-" 408 -
201.245.192.253 - - [14/Apr/2022:02:23:26 -0500] "POST /kwsrmcab/Wsrmcab HTTP/1.1" 200 45465
114.119.140.137 - - [14/Apr/2022:02:25:24 -0500] "-" 408 -
216.245.221.92 - - [14/Apr/2022:02:25:32 -0500] "HEAD / HTTP/1.1" 200 -
114.119.142.135 - - [14/Apr/2022:02:25:54 -0500] "-" 408 -
40.77.167.46 - - [14/Apr/2022:02:26:16 -0500] "GET /Publicaciones/2022EE28109.pdf HTTP/1.1" 404 227
114.119.139.48 - - [14/Apr/2022:02:26:44 -0500] "-" 408 -
172.22.2.4 - - [14/Apr/2022:02:26:40 -0500] "HEAD /BLA/boletinlegal/ HTTP/1.1" 200 -
172.22.2.4 - - [14/Apr/2022:02:27:30 -0500] "GET /BLA/boletinlegal/ HTTP/1.1" 200 59170
216.245.221.92 - - [14/Apr/2022:02:30:32 -0500] "HEAD / HTTP/1.1" 200 -
66.249.66.85 - - [14/Apr/2022:02:31:02 -0500] "-" 408 -
201.245.192.253 - - [14/Apr/2022:02:32:37 -0500] "POST /kwsrmcab/Wsrmcab HTTP/1.1" 200 44195
172.22.2.4 - - [14/Apr/2022:02:32:30 -0500] "HEAD /BLA/boletinlegal/ HTTP/1.1" 200 -
201.245.192.253 - - [14/Apr/2022:02:33:26 -0500] "POST /kwsrmcab/Wsrmcab HTTP/1.1" 200 45465
172.22.2.4 - - [14/Apr/2022:02:34:51 -0500] "GET /BLA/boletinlegal/Circulares/2017/Circular%20No.%20011%20del%2005%20de%20julio%20de%202017.pdf HTTP/1.1" 304 -
172.22.2.4 - - [14/Apr/2022:02:33:20 -0500] "GET /BLA/boletinlegal/ HTTP/1.1" 200 50207
216.245.221.92 - - [14/Apr/2022:02:35:32 -0500] "HEAD / HTTP/1.1" 200 -
207.46.13.157 - - [14/Apr/2022:02:36:05 -0500] "GET /bla/resoluciones/resoluciones%202016/0644.pdf HTTP/1.1" 200 480650
128.14.133.58 - - [14/Apr/2022:02:37:02 -0500] "GET / HTTP/1.1" 200 319
173.252.107.14 - - [14/Apr/2022:02:37:06 -0500] "GET /images/feria-servicios-ambiental-barrios-unidos-17-marzo.jpg HTTP/1.1" 200 58797
66.249.66.85 - - [14/Apr/2022:02:37:12 -0500] "-" 408 -
163.123.142.219 - - [14/Apr/2022:02:38:56 -0500] "GET /config/getuser?index=0 HTTP/1.1" 404 1018
207.46.13.209 - - [14/Apr/2022:02:39:39 -0500] "GET /Publicaciones/2022EE30292.pdf HTTP/1.1" 404 227
172.22.2.4 - - [14/Apr/2022:02:38:20 -0500] "HEAD /BLA/boletinlegal/ HTTP/1.1" 200 -
216.245.221.92 - - [14/Apr/2022:02:40:32 -0500] "HEAD / HTTP/1.1" 200 -
172.22.2.4 - - [14/Apr/2022:02:39:10 -0500] "GET /BLA/boletinlegal/ HTTP/1.1" 200 61416
61.135.159.204 - - [14/Apr/2022:02:42:29 -0500] "GET / HTTP/1.1" 200 319
66.249.66.85 - - [14/Apr/2022:02:43:04 -0500] "-" 408 -
201.245.192.253 - - [14/Apr/2022:02:42:36 -0500] "POST /kwsrmcab/Wsrmcab HTTP/1.1" 200 44195
201.245.192.253 - - [14/Apr/2022:02:43:21 -0500] "POST /kwsrmcab/Wsrmcab HTTP/1.1" 200 45465
216.245.221.92 - - [14/Apr/2022:02:45:32 -0500] "HEAD / HTTP/1.1" 200 -
172.22.2.4 - - [14/Apr/2022:02:44:10 -0500] "HEAD /BLA/boletinlegal/ HTTP/1.1" 200 -
172.22.2.4 - - [14/Apr/2022:02:45:00 -0500] "GET /BLA/boletinlegal/ HTTP/1.1" 200 60932
207.46.13.157 - - [14/Apr/2022:02:47:07 -0500] "GET /bla/resoluciones/resoluciones%202016/1823.pdf HTTP/1.1" 200 584028
207.46.13.157 - - [14/Apr/2022:02:47:56 -0500] "GET /BLA/resoluciones/index.php?dir=AUTOS+2019%2F HTTP/1.1" 200 342653
66.249.66.85 - - [14/Apr/2022:02:48:55 -0500] "-" 408 -
216.245.221.92 - - [14/Apr/2022:02:50:32 -0500] "HEAD / HTTP/1.1" 200 -
34.141.189.230 - - [14/Apr/2022:02:51:35 -0500] "GET / HTTP/1.1" 200 319
172.22.2.4 - - [14/Apr/2022:02:50:00 -0500] "HEAD /BLA/boletinlegal/ HTTP/1.1" 200 -
172.22.2.4 - - [14/Apr/2022:02:50:50 -0500] "GET /BLA/boletinlegal/ HTTP/1.1" 200 59170
40.77.167.41 - - [14/Apr/2022:02:54:13 -0500] "GET /realice-este-fin-de-semana-sus-tramites-ambientales-en-la-feria-movil-comunitaria-de-engativa.html HTTP/1.1" 200 958
66.249.66.85 - - [14/Apr/2022:02:54:32 -0500] "-" 408 -
192.241.213.68 - - [14/Apr/2022:02:55:14 -0500] "GET / HTTP/1.1" 200 319
216.245.221.92 - - [14/Apr/2022:02:55:31 -0500] "HEAD / HTTP/1.1" 200 -
172.22.2.4 - - [14/Apr/2022:02:55:50 -0500] "HEAD /BLA/boletinlegal/ HTTP/1.1" 200 -
172.22.2.4 - - [14/Apr/2022:02:56:40 -0500] "GET /BLA/boletinlegal/ HTTP/1.1" 200 58006
66.249.66.85 - - [14/Apr/2022:03:00:24 -0500] "-" 408 -
216.245.221.92 - - [14/Apr/2022:03:00:32 -0500] "HEAD / HTTP/1.1" 200 -
172.22.2.4 - - [14/Apr/2022:03:01:40 -0500] "HEAD /BLA/boletinlegal/ HTTP/1.1" 200 -
172.22.2.4 - - [14/Apr/2022:03:02:30 -0500] "GET /BLA/boletinlegal/ HTTP/1.1" 200 56300
209.141.43.116 - - [14/Apr/2022:03:05:02 -0500] "GET / HTTP/1.1" 200 319
216.245.221.92 - - [14/Apr/2022:03:05:31 -0500] "HEAD / HTTP/1.1" 200 -
172.22.2.4 - - [14/Apr/2022:03:07:30 -0500] "HEAD /BLA/boletinlegal/ HTTP/1.1" 200 -
172.22.2.4 - - [14/Apr/2022:03:08:20 -0500] "GET /BLA/boletinlegal/ HTTP/1.1" 200 59170
216.245.221.92 - - [14/Apr/2022:03:10:31 -0500] "HEAD / HTTP/1.1" 200 -
66.249.66.85 - - [14/Apr/2022:03:11:16 -0500] "-" 408 -
172.22.2.4 - - [14/Apr/2022:03:14:46 -0500] "GET /BLA/boletinlegal/jurisprudencia/analisis/cuadro%20analisis%20sentencia%20c-554%20de%202007.doc HTTP/1.1" 200 35328
172.22.2.4 - - [14/Apr/2022:03:13:20 -0500] "HEAD /BLA/boletinlegal/ HTTP/1.1" 200 -
172.22.2.4 - - [14/Apr/2022:03:14:45 -0500] "GET /BLA/boletinlegal/ HTTP/1.1" 200 24523
216.245.221.92 - - [14/Apr/2022:03:15:31 -0500] "HEAD / HTTP/1.1" 200 -
172.22.2.4 - - [14/Apr/2022:03:14:10 -0500] "GET /BLA/boletinlegal/ HTTP/1.1" 200 53344
34.140.248.32 - - [14/Apr/2022:03:17:22 -0500] "GET / HTTP/1.1" 200 319
207.46.13.179 - - [14/Apr/2022:03:17:52 -0500] "GET /BLA/resoluciones/index.php?dir=RESOLUCIONES+2003%2FRES+2003+601-650%2F HTTP/1.1" 200 11292
66.249.66.85 - - [14/Apr/2022:03:18:04 -0500] "-" 408 -
172.22.2.4 - - [14/Apr/2022:03:19:51 -0500] "GET /BLA/boletinlegal/Directivas/2014/Directiva%20No.%201%20del%2010%20de%20Abril%20de%202014.pdf HTTP/1.1" 304 -
216.245.221.92 - - [14/Apr/2022:03:20:31 -0500] "HEAD / HTTP/1.1" 200 -
172.22.2.4 - - [14/Apr/2022:03:19:10 -0500] "HEAD /BLA/boletinlegal/ HTTP/1.1" 200 -
172.22.2.4 - - [14/Apr/2022:03:20:00 -0500] "GET /BLA/boletinlegal/ HTTP/1.1" 200 57542
172.22.2.4 - - [14/Apr/2022:03:22:38 -0500] "GET /BLA/boletinlegal/robots.txt HTTP/1.1" 404 1038
207.46.13.157 - - [14/Apr/2022:03:23:20 -0500] "GET /BLA/resoluciones/index.php?dir=AUTOS+2019%2F HTTP/1.1" 200 342653
201.245.192.253 - - [14/Apr/2022:03:22:36 -0500] "POST /kwsrmcab/Wsrmcab HTTP/1.1" 200 44665
103.178.237.132 - - [14/Apr/2022:03:23:35 -0500] "GET / HTTP/1.1" 200 319
201.245.192.253 - - [14/Apr/2022:03:23:26 -0500] "POST /kwsrmcab/Wsrmcab HTTP/1.1" 200 45453
172.22.2.4 - - [14/Apr/2022:03:22:40 -0500] "GET /BLA/boletinlegal/index.php HTTP/1.1" 200 63342
207.46.13.179 - - [14/Apr/2022:03:25:13 -0500] "GET /bla/resoluciones/resoluciones%202016/1528.pdf HTTP/1.1" 200 3324108
216.245.221.92 - - [14/Apr/2022:03:25:31 -0500] "HEAD / HTTP/1.1" 200 -
172.22.2.4 - - [14/Apr/2022:03:25:00 -0500] "HEAD /BLA/boletinlegal/ HTTP/1.1" 200 -
172.22.2.4 - - [14/Apr/2022:03:25:50 -0500] "GET /BLA/boletinlegal/ HTTP/1.1" 200 59170
216.245.221.92 - - [14/Apr/2022:03:30:31 -0500] "HEAD / HTTP/1.1" 200 -
172.22.2.4 - - [14/Apr/2022:03:30:49 -0500] "HEAD /BLA/boletinlegal/ HTTP/1.1" 200 -
172.22.2.4 - - [14/Apr/2022:03:31:40 -0500] "GET /BLA/boletinlegal/ HTTP/1.1" 200 56300
201.245.192.253 - - [14/Apr/2022:03:32:35 -0500] "POST /kwsrmcab/Wsrmcab HTTP/1.1" 200 44665
201.245.192.253 - - [14/Apr/2022:03:33:27 -0500] "POST /kwsrmcab/Wsrmcab HTTP/1.1" 200 45453
216.245.221.92 - - [14/Apr/2022:03:35:31 -0500] "HEAD / HTTP/1.1" 200 -
172.22.2.4 - - [14/Apr/2022:03:35:59 -0500] "POST /BLA/boletinlegal/GponForm/diag_Form?style/ HTTP/1.1" 404 1015
172.22.2.4 - - [14/Apr/2022:03:36:39 -0500] "HEAD /BLA/boletinlegal/ HTTP/1.1" 200 -
172.22.2.4 - - [14/Apr/2022:03:37:30 -0500] "GET /BLA/boletinlegal/ HTTP/1.1" 200 49718
216.245.221.92 - - [14/Apr/2022:03:40:31 -0500] "HEAD / HTTP/1.1" 200 -
201.245.192.253 - - [14/Apr/2022:03:42:36 -0500] "POST /kwsrmcab/Wsrmcab HTTP/1.1" 200 44665
172.22.2.4 - - [14/Apr/2022:03:42:30 -0500] "HEAD /BLA/boletinlegal/ HTTP/1.1" 200 -
201.245.192.253 - - [14/Apr/2022:03:43:25 -0500] "POST /kwsrmcab/Wsrmcab HTTP/1.1" 200 45453
172.22.2.4 - - [14/Apr/2022:03:43:20 -0500] "GET /BLA/boletinlegal/ HTTP/1.1" 200 58588
216.245.221.92 - - [14/Apr/2022:03:45:31 -0500] "HEAD / HTTP/1.1" 200 -
172.22.2.4 - - [14/Apr/2022:03:48:19 -0500] "HEAD /BLA/boletinlegal/ HTTP/1.1" 200 -
216.245.221.92 - - [14/Apr/2022:03:50:31 -0500] "HEAD / HTTP/1.1" 200 -
172.22.2.4 - - [14/Apr/2022:03:49:10 -0500] "GET /BLA/boletinlegal/ HTTP/1.1" 200 60932
66.220.149.118 - - [14/Apr/2022:03:51:13 -0500] "GET /images/eficiencia-energetica-11-marzo.jpg HTTP/1.1" 200 46478
216.245.221.92 - - [14/Apr/2022:03:55:31 -0500] "HEAD / HTTP/1.1" 200 -
172.22.2.4 - - [14/Apr/2022:03:54:09 -0500] "HEAD /BLA/boletinlegal/ HTTP/1.1" 200 -
172.22.2.4 - - [14/Apr/2022:03:55:00 -0500] "GET /BLA/boletinlegal/ HTTP/1.1" 200 53739
207.46.13.157 - - [14/Apr/2022:03:57:43 -0500] "GET /BLA/resoluciones/index.php?dir=AUTOS+2019%2F HTTP/1.1" 200 342653
172.22.2.4 - - [14/Apr/2022:03:57:36 -0500] "GET /BLA/boletinlegal/index.php HTTP/1.1" 200 63342
172.22.2.4 - - [14/Apr/2022:03:59:26 -0500] "GET /BLA/boletinlegal/js/jquery.js HTTP/1.1" 200 57254
172.22.2.4 - - [14/Apr/2022:03:59:27 -0500] "GET /BLA/boletinlegal/style.css HTTP/1.1" 200 9406
172.22.2.4 - - [14/Apr/2022:03:59:27 -0500] "GET /BLA/boletinlegal/js/jquery.scrollShow.js HTTP/1.1" 200 4586
172.22.2.4 - - [14/Apr/2022:03:59:32 -0500] "GET /BLA/boletinlegal/js/jquery.scrollTo-min.js HTTP/1.1" 200 1150
216.245.221.92 - - [14/Apr/2022:04:00:31 -0500] "HEAD / HTTP/1.1" 200 -
172.22.2.4 - - [14/Apr/2022:03:59:59 -0500] "HEAD /BLA/boletinlegal/ HTTP/1.1" 200 -
172.22.2.4 - - [14/Apr/2022:04:00:50 -0500] "GET /BLA/boletinlegal/ HTTP/1.1" 200 59170
216.245.221.92 - - [14/Apr/2022:04:05:31 -0500] "HEAD / HTTP/1.1" 200 -
172.22.2.4 - - [14/Apr/2022:04:05:49 -0500] "HEAD /BLA/boletinlegal/ HTTP/1.1" 200 -
172.22.2.4 - - [14/Apr/2022:04:06:40 -0500] "GET /BLA/boletinlegal/ HTTP/1.1" 200 57044
216.245.221.92 - - [14/Apr/2022:04:10:31 -0500] "HEAD / HTTP/1.1" 200 -
172.22.2.4 - - [14/Apr/2022:04:11:39 -0500] "HEAD /BLA/boletinlegal/ HTTP/1.1" 200 -
172.22.2.4 - - [14/Apr/2022:04:12:30 -0500] "GET /BLA/boletinlegal/ HTTP/1.1" 200 59170
216.245.221.92 - - [14/Apr/2022:04:15:31 -0500] "HEAD / HTTP/1.1" 200 -
172.22.2.4 - - [14/Apr/2022:04:17:29 -0500] "HEAD /BLA/boletinlegal/ HTTP/1.1" 200 -
66.249.66.85 - - [14/Apr/2022:04:19:42 -0500] "-" 408 -
172.22.2.4 - - [14/Apr/2022:04:18:20 -0500] "GET /BLA/boletinlegal/ HTTP/1.1" 200 58588
216.245.221.92 - - [14/Apr/2022:04:20:31 -0500] "HEAD / HTTP/1.1" 200 -
201.245.192.253 - - [14/Apr/2022:04:22:35 -0500] "POST /kwsrmcab/Wsrmcab HTTP/1.1" 200 45121
201.245.192.253 - - [14/Apr/2022:04:23:25 -0500] "POST /kwsrmcab/Wsrmcab HTTP/1.1" 200 44991
172.22.2.4 - - [14/Apr/2022:04:23:19 -0500] "HEAD /BLA/boletinlegal/ HTTP/1.1" 200 -
216.245.221.92 - - [14/Apr/2022:04:25:31 -0500] "HEAD / HTTP/1.1" 200 -
172.22.2.4 - - [14/Apr/2022:04:24:10 -0500] "GET /BLA/boletinlegal/ HTTP/1.1" 200 60932
207.46.13.43 - - [14/Apr/2022:04:25:55 -0500] "GET /BLA/resoluciones/RESOLUCIONES%202016/0433.pdf HTTP/1.1" 200 945909
20.127.91.237 - - [14/Apr/2022:04:27:31 -0500] "-" 408 -
216.245.221.92 - - [14/Apr/2022:04:30:31 -0500] "HEAD / HTTP/1.1" 200 -
172.22.2.4 - - [14/Apr/2022:04:29:09 -0500] "HEAD /BLA/boletinlegal/ HTTP/1.1" 200 -
172.22.2.4 - - [14/Apr/2022:04:30:00 -0500] "GET /BLA/boletinlegal/ HTTP/1.1" 200 60932
207.46.13.157 - - [14/Apr/2022:04:32:36 -0500] "GET /BLA/resoluciones/index.php?dir=AUTOS+2019%2F HTTP/1.1" 200 342653
201.245.192.253 - - [14/Apr/2022:04:32:36 -0500] "POST /kwsrmcab/Wsrmcab HTTP/1.1" 200 45121
172.22.2.4 - - [14/Apr/2022:04:34:04 -0500] "GET /BLA/boletinlegal/jurisprudencia/analisis/CUADRO%20ANALISIS%20SENTENCIA%20T-411%20DE%201992.doc HTTP/1.1" 304 -
201.245.192.253 - - [14/Apr/2022:04:33:25 -0500] "POST /kwsrmcab/Wsrmcab HTTP/1.1" 200 44991
216.245.221.92 - - [14/Apr/2022:04:35:31 -0500] "HEAD / HTTP/1.1" 200 -
172.22.2.4 - - [14/Apr/2022:04:34:59 -0500] "HEAD /BLA/boletinlegal/ HTTP/1.1" 200 -
172.22.2.4 - - [14/Apr/2022:04:35:51 -0500] "GET /BLA/boletinlegal/ HTTP/1.1" 200 58588
216.245.221.92 - - [14/Apr/2022:04:40:31 -0500] "HEAD / HTTP/1.1" 200 -
172.22.2.4 - - [14/Apr/2022:04:40:49 -0500] "HEAD /BLA/boletinlegal/ HTTP/1.1" 200 -
172.22.2.4 - - [14/Apr/2022:04:41:40 -0500] "GET /BLA/boletinlegal/ HTTP/1.1" 200 61416
201.245.192.253 - - [14/Apr/2022:04:42:36 -0500] "POST /kwsrmcab/Wsrmcab HTTP/1.1" 200 45121
201.245.192.253 - - [14/Apr/2022:04:43:25 -0500] "POST /kwsrmcab/Wsrmcab HTTP/1.1" 200 44991
216.245.221.92 - - [14/Apr/2022:04:45:31 -0500] "HEAD / HTTP/1.1" 200 -
172.22.2.4 - - [14/Apr/2022:04:46:39 -0500] "HEAD /BLA/boletinlegal/ HTTP/1.1" 200 -
172.22.2.4 - - [14/Apr/2022:04:47:30 -0500] "GET /BLA/boletinlegal/ HTTP/1.1" 200 46458
207.46.13.199 - - [14/Apr/2022:04:49:20 -0500] "GET /sipse/faces/autenticacion.xhtml HTTP/1.1" 200 12492
172.22.2.4 - - [14/Apr/2022:04:47:42 -0500] "GET /BLA/boletinlegal/ HTTP/1.1" 200 46066
207.46.13.157 - - [14/Apr/2022:04:49:36 -0500] "GET /sipse/faces/javax.faces.resource/jquery/jquery.js;jsessionid=EDcGRjHgImrVqJbWLpHN2ih8.undefined?ln=primefaces&v=4.0 HTTP/1.1" 200 105384
207.46.13.157 - - [14/Apr/2022:04:49:39 -0500] "GET /sipse/js/funciones.js HTTP/1.1" 200 12592
207.46.13.179 - - [14/Apr/2022:04:49:39 -0500] "GET /sipse/css/custom_css_sg_prime_login.css HTTP/1.1" 200 443
207.46.13.179 - - [14/Apr/2022:04:49:42 -0500] "GET /sipse/faces/javax.faces.resource/jquery/jquery-plugins.js;jsessionid=EDcGRjHgImrVqJbWLpHN2ih8.undefined?ln=primefaces&v=4.0 HTTP/1.1" 200 220526
40.77.167.46 - - [14/Apr/2022:04:49:50 -0500] "GET /sipse/faces/javax.faces.resource/theme.css?ln=primefaces-sipse HTTP/1.1" 200 50058
40.77.167.46 - - [14/Apr/2022:04:49:52 -0500] "GET /sipse/js/disable_browser_buttons.js HTTP/1.1" 200 3230
216.245.221.92 - - [14/Apr/2022:04:50:31 -0500] "HEAD / HTTP/1.1" 200 -
172.22.2.4 - - [14/Apr/2022:04:52:29 -0500] "HEAD /BLA/boletinlegal/ HTTP/1.1" 200 -
172.22.2.4 - - [14/Apr/2022:04:53:20 -0500] "GET /BLA/boletinlegal/ HTTP/1.1" 200 60932
216.245.221.92 - - [14/Apr/2022:04:55:31 -0500] "HEAD / HTTP/1.1" 200 -
172.22.2.4 - - [14/Apr/2022:04:58:19 -0500] "HEAD /BLA/boletinlegal/ HTTP/1.1" 200 -
216.245.221.92 - - [14/Apr/2022:05:00:31 -0500] "HEAD / HTTP/1.1" 200 -
172.22.2.4 - - [14/Apr/2022:04:59:10 -0500] "GET /BLA/boletinlegal/ HTTP/1.1" 200 59170
212.192.241.97 - - [14/Apr/2022:05:01:16 -0500] "GET / HTTP/1.1" 200 319
34.91.143.109 - - [14/Apr/2022:05:03:16 -0500] "GET / HTTP/1.1" 200 319
216.245.221.92 - - [14/Apr/2022:05:05:31 -0500] "HEAD / HTTP/1.1" 200 -
40.77.189.206 - - [14/Apr/2022:05:05:32 -0500] "GET /sipse/css/custom_css_sg.css HTTP/1.1" 200 9694
40.77.188.93 - - [14/Apr/2022:05:05:32 -0500] "GET /sipse/faces/javax.faces.resource/layout/layout.css;jsessionid=EDcGRjHgImrVqJbWLpHN2ih8.undefined?ln=primefaces&v=4.0 HTTP/1.1" 200 542
40.77.190.191 - - [14/Apr/2022:05:05:32 -0500] "GET /sipse/faces/javax.faces.resource/primefaces.css;jsessionid=EDcGRjHgImrVqJbWLpHN2ih8.undefined?ln=primefaces&v=4.0 HTTP/1.1" 200 53295
40.77.190.238 - - [14/Apr/2022:05:05:33 -0500] "GET /sipse/faces/javax.faces.resource/layout/layout.js;jsessionid=EDcGRjHgImrVqJbWLpHN2ih8.undefined?ln=primefaces&v=4.0 HTTP/1.1" 200 87560
40.77.189.150 - - [14/Apr/2022:05:05:33 -0500] "GET /sipse/faces/javax.faces.resource/primefaces.js;jsessionid=EDcGRjHgImrVqJbWLpHN2ih8.undefined?ln=primefaces&v=4.0 HTTP/1.1" 200 276924
40.77.189.57 - - [14/Apr/2022:05:05:36 -0500] "GET /sipse/faces/index.xhtml HTTP/1.1" 200 677
172.22.2.4 - - [14/Apr/2022:05:04:09 -0500] "HEAD /BLA/boletinlegal/ HTTP/1.1" 200 -
66.249.66.87 - - [14/Apr/2022:05:05:59 -0500] "-" 408 -
172.22.2.4 - - [14/Apr/2022:05:05:00 -0500] "GET /BLA/boletinlegal/ HTTP/1.1" 200 58006
207.46.13.157 - - [14/Apr/2022:05:06:49 -0500] "GET /BLA/resoluciones/index.php?dir=AUTOS+2019%2F HTTP/1.1" 200 342653
207.254.38.124 - - [14/Apr/2022:05:07:49 -0500] "GET /catalogoisis/ HTTP/1.1" 200 8575
207.254.38.124 - - [14/Apr/2022:05:07:50 -0500] "GET /catalogoisis/ HTTP/1.1" 200 8575
216.245.221.92 - - [14/Apr/2022:05:10:31 -0500] "HEAD / HTTP/1.1" 200 -
172.22.2.4 - - [14/Apr/2022:05:09:59 -0500] "HEAD /BLA/boletinlegal/ HTTP/1.1" 200 -
172.22.2.4 - - [14/Apr/2022:05:10:49 -0500] "GET /BLA/boletinlegal/ HTTP/1.1" 200 60932
216.245.221.92 - - [14/Apr/2022:05:15:31 -0500] "HEAD / HTTP/1.1" 200 -
172.22.2.4 - - [14/Apr/2022:05:16:22 -0500] "GET /BLA/boletinlegal/ HTTP/1.1" 200 24523
172.22.2.4 - - [14/Apr/2022:05:15:49 -0500] "HEAD /BLA/boletinlegal/ HTTP/1.1" 200 -
172.22.2.4 - - [14/Apr/2022:05:16:39 -0500] "GET /BLA/boletinlegal/ HTTP/1.1" 200 53344
216.245.221.92 - - [14/Apr/2022:05:20:31 -0500] "HEAD / HTTP/1.1" 200 -
207.46.13.209 - - [14/Apr/2022:05:23:04 -0500] "GET / HTTP/1.1" 200 319
172.22.2.4 - - [14/Apr/2022:05:21:39 -0500] "HEAD /BLA/boletinlegal/ HTTP/1.1" 200 -
172.22.2.4 - - [14/Apr/2022:05:23:21 -0500] "GET /BLA/boletinlegal/Circulares/2011/Circular%20003%20de%20Febrero%20de%202011.pdf HTTP/1.1" 200 224758
201.245.192.253 - - [14/Apr/2022:05:22:35 -0500] "POST /kwsrmcab/Wsrmcab HTTP/1.1" 200 45120
157.55.39.202 - - [14/Apr/2022:05:24:07 -0500] "GET / HTTP/1.1" 200 319
172.22.2.4 - - [14/Apr/2022:05:22:30 -0500] "GET /BLA/boletinlegal/ HTTP/1.1" 200 61416
201.245.192.253 - - [14/Apr/2022:05:23:25 -0500] "POST /kwsrmcab/Wsrmcab HTTP/1.1" 200 45151
216.245.221.92 - - [14/Apr/2022:05:25:31 -0500] "HEAD / HTTP/1.1" 200 -
172.22.2.4 - - [14/Apr/2022:05:27:29 -0500] "HEAD /BLA/boletinlegal/ HTTP/1.1" 200 -
172.22.2.4 - - [14/Apr/2022:05:28:19 -0500] "GET /BLA/boletinlegal/ HTTP/1.1" 200 60932
216.245.221.92 - - [14/Apr/2022:05:30:31 -0500] "HEAD / HTTP/1.1" 200 -
201.245.192.253 - - [14/Apr/2022:05:32:36 -0500] "POST /kwsrmcab/Wsrmcab HTTP/1.1" 200 45120
201.245.192.253 - - [14/Apr/2022:05:33:24 -0500] "POST /kwsrmcab/Wsrmcab HTTP/1.1" 200 45151
172.22.2.4 - - [14/Apr/2022:05:34:47 -0500] "GET /BLA/boletinlegal/Circulares/2020/Circular%20No.%2000018%20del%2002%20de%20diciembre%20del%202020.pdf HTTP/1.1" 304 -
172.22.2.4 - - [14/Apr/2022:05:34:48 -0500] "GET /BLA/boletinlegal/Circulares/2020/Circular%2000010%20del%2027%20de%20julio%20de%202020.pdf HTTP/1.1" 304 -
172.22.2.4 - - [14/Apr/2022:05:33:19 -0500] "HEAD /BLA/boletinlegal/ HTTP/1.1" 200 -
216.245.221.92 - - [14/Apr/2022:05:35:31 -0500] "HEAD / HTTP/1.1" 200 -
172.22.2.4 - - [14/Apr/2022:05:34:09 -0500] "GET /BLA/boletinlegal/ HTTP/1.1" 200 59170
216.245.221.92 - - [14/Apr/2022:05:40:31 -0500] "HEAD / HTTP/1.1" 200 -
172.22.2.4 - - [14/Apr/2022:05:39:09 -0500] "HEAD /BLA/boletinlegal/ HTTP/1.1" 200 -
172.22.2.4 - - [14/Apr/2022:05:39:59 -0500] "GET /BLA/boletinlegal/ HTTP/1.1" 200 58588
201.245.192.253 - - [14/Apr/2022:05:42:36 -0500] "POST /kwsrmcab/Wsrmcab HTTP/1.1" 200 45120
201.245.192.253 - - [14/Apr/2022:05:43:27 -0500] "POST /kwsrmcab/Wsrmcab HTTP/1.1" 200 45151
207.46.13.179 - - [14/Apr/2022:05:45:06 -0500] "GET /BLA/boletinlegal/normativa.php HTTP/1.1" 200 8292
216.245.221.92 - - [14/Apr/2022:05:45:31 -0500] "HEAD / HTTP/1.1" 200 -
172.22.2.4 - - [14/Apr/2022:05:44:59 -0500] "HEAD /BLA/boletinlegal/ HTTP/1.1" 200 -
172.22.2.4 - - [14/Apr/2022:05:45:49 -0500] "GET /BLA/boletinlegal/ HTTP/1.1" 200 59170
186.16.205.2 - - [14/Apr/2022:05:49:50 -0500] "GET /galeria/galeria/jquery.fancybox.css?v=2.1.5 HTTP/1.1" 200 4895
186.16.205.2 - - [14/Apr/2022:05:49:50 -0500] "GET /BLA/boletinlegal/js/jquery.scrollShow.js HTTP/1.1" 200 4586
186.16.205.2 - - [14/Apr/2022:05:49:50 -0500] "GET /galeria/galeria/jquery.fancybox.js?v=2.1.5 HTTP/1.1" 200 48706
216.245.221.92 - - [14/Apr/2022:05:50:31 -0500] "HEAD / HTTP/1.1" 200 -
66.249.66.85 - - [14/Apr/2022:05:51:44 -0500] "-" 408 -
172.22.2.4 - - [14/Apr/2022:05:50:49 -0500] "HEAD /BLA/boletinlegal/ HTTP/1.1" 200 -
172.22.2.4 - - [14/Apr/2022:05:52:35 -0500] "GET /BLA/boletinlegal/ HTTP/1.1" 200 20427
172.22.2.4 - - [14/Apr/2022:05:53:06 -0500] "GET /BLA/boletinlegal/.DS_Store HTTP/1.1" 404 1018
172.22.2.4 - - [14/Apr/2022:05:53:07 -0500] "GET /BLA/boletinlegal/login.action HTTP/1.1" 404 1018
172.22.2.4 - - [14/Apr/2022:05:53:07 -0500] "GET /BLA/boletinlegal/s/lkx/_/;/META-INF/maven/com.atlassian.jira/jira-webapp-dist/pom.properties HTTP/1.1" 404 1018
172.22.2.4 - - [14/Apr/2022:05:53:08 -0500] "GET /BLA/boletinlegal/api/geojson?url=file:///etc/hosts HTTP/1.1" 404 1018
172.22.2.4 - - [14/Apr/2022:05:53:09 -0500] "GET /BLA/boletinlegal/config.json HTTP/1.1" 404 1018
172.22.2.4 - - [14/Apr/2022:05:53:09 -0500] "GET /BLA/boletinlegal/info.php HTTP/1.1" 404 1018
172.22.2.4 - - [14/Apr/2022:05:53:10 -0500] "GET /BLA/boletinlegal/.json HTTP/1.1" 404 1018
172.22.2.4 - - [14/Apr/2022:05:53:10 -0500] "GET /BLA/boletinlegal/.env HTTP/1.1" 404 1018
172.22.2.4 - - [14/Apr/2022:05:53:11 -0500] "GET /BLA/boletinlegal/.git/config HTTP/1.1" 404 1018
172.22.2.4 - - [14/Apr/2022:05:53:12 -0500] "GET /BLA/boletinlegal/idx_config/ HTTP/1.1" 404 1018
172.22.2.4 - - [14/Apr/2022:05:53:12 -0500] "GET /BLA/boletinlegal/telescope/requests HTTP/1.1" 404 1018
172.22.2.4 - - [14/Apr/2022:05:51:39 -0500] "GET /BLA/boletinlegal/ HTTP/1.1" 200 55450
172.22.2.4 - - [14/Apr/2022:05:53:02 -0500] "GET /BLA/boletinlegal/ HTTP/1.1" 200 20427
45.137.23.207 - - [14/Apr/2022:05:54:14 -0500] "GET / HTTP/1.1" 200 319
216.245.221.92 - - [14/Apr/2022:05:55:31 -0500] "HEAD / HTTP/1.1" 200 -
172.22.2.4 - - [14/Apr/2022:05:56:39 -0500] "HEAD /BLA/boletinlegal/ HTTP/1.1" 200 -
66.249.66.85 - - [14/Apr/2022:05:58:32 -0500] "-" 408 -
172.22.2.4 - - [14/Apr/2022:05:57:29 -0500] "GET /BLA/boletinlegal/ HTTP/1.1" 200 58588
216.245.221.92 - - [14/Apr/2022:06:00:31 -0500] "HEAD / HTTP/1.1" 200 -
172.22.2.4 - - [14/Apr/2022:06:02:29 -0500] "HEAD /BLA/boletinlegal/ HTTP/1.1" 200 -
172.22.2.4 - - [14/Apr/2022:06:03:19 -0500] "GET /BLA/boletinlegal/ HTTP/1.1" 200 60932
216.245.221.92 - - [14/Apr/2022:06:05:31 -0500] "HEAD / HTTP/1.1" 200 -
40.77.167.14 - - [14/Apr/2022:06:06:25 -0500] "GET / HTTP/1.1" 200 4720
