172.22.2.4 - - [14/Apr/2022:17:39:50 -0500] "GET /BLA/boletinlegal/Circulares/2021/CIRCULAR%20No.%2000006%20DEL%2005%20DE%20AGOSTO%20DEL%202021.pdf HTTP/1.1" 200 249615
172.22.2.4 - - [14/Apr/2022:17:39:57 -0500] "GET /BLA/boletinlegal/Circulares/2020/Circular%20No.%2000018%20del%2002%20de%20diciembre%20del%202020.pdf HTTP/1.1" 200 276868
172.22.2.4 - - [14/Apr/2022:17:40:03 -0500] "GET /BLA/boletinlegal/Circulares/2020/Circular%2000010%20del%2027%20de%20julio%20de%202020.pdf HTTP/1.1" 200 422655
172.22.2.4 - - [14/Apr/2022:17:40:10 -0500] "GET /BLA/boletinlegal/Circulares/2020/CIRCULAR%20No.%2000019%20DEL%2018%20DE%20DICIEMBRE%20DEL%202020.pdf HTTP/1.1" 200 307959
172.22.2.4 - - [14/Apr/2022:17:40:15 -0500] "GET /BLA/boletinlegal/Circulares/2020/CIRCULAR%20No.%2000014%20del%2001%20de%20septiembre%20del%202020.pdf HTTP/1.1" 200 320826
172.22.2.4 - - [14/Apr/2022:17:40:21 -0500] "GET /BLA/boletinlegal/Circulares/2019/Circular%20No.%2012%20del%2014%20de%20Marzo%20de%202019.pdf HTTP/1.1" 200 344384
172.22.2.4 - - [14/Apr/2022:17:40:26 -0500] "GET /BLA/boletinlegal/Circulares/2019/Circular%20No.%20006%20del%2008%20de%20Febrero%20de%202019.pdf HTTP/1.1" 200 674401
216.245.221.92 - - [14/Apr/2022:17:40:29 -0500] "HEAD / HTTP/1.1" 200 -
172.22.2.4 - - [14/Apr/2022:17:40:34 -0500] "GET /BLA/boletinlegal/Circulares/2019/Circular%20No.%200015%20del%2003%20de%20Octubre%20de%202019.pdf HTTP/1.1" 200 165608
172.22.2.4 - - [14/Apr/2022:17:40:39 -0500] "GET /BLA/boletinlegal/Circulares/2019/Circular%20No.%200005%20del%2020%20de%20Marzo%20de%202019.pdf HTTP/1.1" 200 159877
172.22.2.4 - - [14/Apr/2022:17:40:45 -0500] "GET /BLA/boletinlegal/Circulares/2019/Circular%20No.%200003%20del%2031%20de%20Enero%20de%202019.pdf HTTP/1.1" 200 164676
172.22.2.4 - - [14/Apr/2022:17:40:50 -0500] "GET /BLA/boletinlegal/Circulares/2019/Circular%2000020%20del%2020%20de%20diciembre%20de%202019.pdf HTTP/1.1" 200 145170
172.22.2.4 - - [14/Apr/2022:17:40:56 -0500] "GET /BLA/boletinlegal/Circulares/2019/Circular%2000018%20del%2020%20de%20noviembre%20de%202019.pdf HTTP/1.1" 200 158030
172.22.2.4 - - [14/Apr/2022:17:41:03 -0500] "GET /BLA/boletinlegal/Circulares/2019/.pdf HTTP/1.1" 404 1218
172.22.2.4 - - [14/Apr/2022:17:41:05 -0500] "GET /BLA/boletinlegal/Circulares/2018/Circular%20No.%2011%20del%2024%20de%20Septiembre%20de%202018.pdf HTTP/1.1" 200 169541
172.22.2.4 - - [14/Apr/2022:17:41:11 -0500] "GET /BLA/boletinlegal/Circulares/2018/Circular%20No.%2010%20del%2021%20de%20Septiembre%20de%202018.pdf HTTP/1.1" 200 163426
172.22.2.4 - - [14/Apr/2022:17:41:16 -0500] "GET /BLA/boletinlegal/Circulares/2018/Circular%20No.%200015%20del%207%20de%20Diciembre%20de%202018.pdf HTTP/1.1" 200 165305
172.22.2.4 - - [14/Apr/2022:17:41:21 -0500] "GET /BLA/boletinlegal/Circulares/2018/CIRCULAR%20COJUNTA%20042%20DE%202018.pdf HTTP/1.1" 200 515008
172.22.2.4 - - [14/Apr/2022:17:41:28 -0500] "GET /BLA/boletinlegal/Circulares/2017/Circular%20No.%202%20del%201%20de%20Septiembre%20de%202017.pdf HTTP/1.1" 200 152575
181.55.68.25 - - [14/Apr/2022:17:41:33 -0500] "GET /kwssiamovil/sm/ldap/au?x=U2FsdGVkX1+5LZ1p/RaR3m7h7bokUp+nALBJYhcTajknlwKnZQkCoe+q36ZEktlC&y=U2FsdGVkX18+yP8OC4gE+6hq9NJguZ/ummEAuX08w9QWv+2oOR6EBvr9PPtcyB3d HTTP/1.1" 200 30
181.55.68.25 - - [14/Apr/2022:17:41:34 -0500] "GET /kwssiamovil/sm/acme/s?s=U2FsdGVkX1+VnmU25NyGVvn4YkQBDHUsSLL9Td0AaZmQ4D1mtraAGLg/7WkbOjtQ37P+GFGMs9kPYFgm74waww5b7ntOAm8JVE81S47SdIM=&u=U2FsdGVkX19R3fr4he6dJghLCiBmBMQKGm+godnR+Kk=&y=U2FsdGVkX18+yP8OC4gE+6hq9NJguZ/ummEAuX08w9QWv+2oOR6EBvr9PPtcyB3d HTTP/1.1" 200 97
181.55.68.25 - - [14/Apr/2022:17:41:34 -0500] "GET /kwssiamovil/sm/acme/s?s=U2FsdGVkX1/+orwzZOqiBJoR9GIWMbG9SzrJvDySnN46qtg5kJ3lTs5SFXJ4SdcHBhRODKp3wl6NWLP/dtKFVnB667MQa/Shf7KMorArYs8r0EFQkb1Y2tosPTQtQJkMOuIAckPjko5u0upwZ/3KDHbmjV31SduLlbZuIMnrEIKlH4EdrtTLkfnCb6+uVJKSlRSqPhjW0xas0Q6KfeBnv+o5cFzxRDFHzfBGIu3g19lEQ2q9ashFNRGDU8WYJHAXTdXKF1jUz4G+XVB/4Qjzjj6oqhcRdf4TpVjevcPoKl8QKWilbz+EqLzViCmLvR9f1oNLCGwJE6SlzedeJ1lMkiZZC8H0Ke3n0Rr3hH5r0jqDZzcfsMuPIh9fsaSpXlismGGhgJMbwgrCn28D11xWU5pwuDdk8w539k9lnCI1g4cAPAbdANe/crzy/OLer6rNm/UMY1bjm53/cm4bTG/JRUZzM6k4qjMDBkkSIEMgZbbSCwkuTjt/1IGGG+u0mSntS7Gps07Mfr0ucNN+RO3lrql5ABHk8cmWtnAE39shHoLE2M+PdVVltWz6tzIgnfRW3FXPp0o/KFtAr6Q0e4MUz4TrQMPaaqj4D9QsusRfGEdUV3j458+yoBluwdBg56+3TyqsaKEI+Pa2RTMRuRTeKELE7wfHEdq2dGVwc6pDOSG7xoWZSF7LJZMJa9xfUfSN2it1ogQHSboPKp+DAh627fnMypHfVIhwBFsAoc/557iG7GFJlbrOjT0rS4BdXdxm/mZSQo8W3BoPboGWCku+QV1rr/EFuovnJS9Gj57+F0mFPCB1dWc8R46U2MS996NcIqLx48xWcs00zQh9pYxxS0NdelmNPXg8SRr+0kcLXlL+pUwFbDq7jgNzKCSb0yT5xT+CmIb3dJUf9tGk6G5V8ThAyefLfv6dUvVKfPDOVjC8ne2oyH9zsKugn9ImCRRdTVAKnyzXTYStx9n5KQcP52qinxFv1GsfaidTGjYCqPhiUTzqqwmlflYDEY0ouZgLujBp8aHJ7bpbpFMFPcL9OByhAuTQeeL181stzLChml55CrGx6afjN8WlS185NNtNH5D3FDLAyaRgC+9EBtf1MZn0dTQujN9PbVWKaI9Mb5k=&u=U2FsdGVkX19R3fr4he6dJghLCiBmBMQKGm+godnR+Kk=&y=U2FsdGVkX18+yP8OC4gE+6hq9NJguZ/ummEAuX08w9QWv+2oOR6EBvr9PPtcyB3d HTTP/1.1" 200 1876
181.55.68.25 - - [14/Apr/2022:17:41:34 -0500] "GET /kwssiamovil/sm/acme/s?s=U2FsdGVkX18FM8HZS9f2pdO+GkwZHLdbMRlUZTugFgbgm7vU54H5t7L27GOTeGm8&u=U2FsdGVkX19R3fr4he6dJghLCiBmBMQKGm+godnR+Kk=&y=U2FsdGVkX18+yP8OC4gE+6hq9NJguZ/ummEAuX08w9QWv+2oOR6EBvr9PPtcyB3d HTTP/1.1" 200 70
181.55.68.25 - - [14/Apr/2022:17:41:34 -0500] "GET /kwssiamovil/sm/acme/s?s=U2FsdGVkX18FXskNamx/cSbpiQemAi5f3ZdCrUFyJ3X2ZZyU+qhtSTqdwZR4HXlD&u=U2FsdGVkX19R3fr4he6dJghLCiBmBMQKGm+godnR+Kk=&y=U2FsdGVkX18+yP8OC4gE+6hq9NJguZ/ummEAuX08w9QWv+2oOR6EBvr9PPtcyB3d HTTP/1.1" 200 70
181.55.68.25 - - [14/Apr/2022:17:41:34 -0500] "GET /kwssiamovil/sm/acme/s?s=U2FsdGVkX1+KksZjEQS6gFVLgkvArReMbyciVEzO5LaRGxXCwTks0w90+YxivpTg&u=U2FsdGVkX19R3fr4he6dJghLCiBmBMQKGm+godnR+Kk=&y=U2FsdGVkX18+yP8OC4gE+6hq9NJguZ/ummEAuX08w9QWv+2oOR6EBvr9PPtcyB3d HTTP/1.1" 200 70
181.55.68.25 - - [14/Apr/2022:17:41:34 -0500] "GET /kwssiamovil/sm/acme/s?s=U2FsdGVkX1+sPJS76wvB452Z9wOkDDAGJOSAm5icm1paYIFpHIeLJMGGAiP7B1Y4&u=U2FsdGVkX19R3fr4he6dJghLCiBmBMQKGm+godnR+Kk=&y=U2FsdGVkX18+yP8OC4gE+6hq9NJguZ/ummEAuX08w9QWv+2oOR6EBvr9PPtcyB3d HTTP/1.1" 200 70
181.55.68.25 - - [14/Apr/2022:17:41:34 -0500] "GET /kwssiamovil/sm/acme/s?s=U2FsdGVkX1+0VuKVM02eKTB8pZTQNzMkT8gS316P0AaZ3JEnWxM1xQqscYXCCCTq&u=U2FsdGVkX19R3fr4he6dJghLCiBmBMQKGm+godnR+Kk=&y=U2FsdGVkX18+yP8OC4gE+6hq9NJguZ/ummEAuX08w9QWv+2oOR6EBvr9PPtcyB3d HTTP/1.1" 200 70
181.55.68.25 - - [14/Apr/2022:17:41:34 -0500] "GET /kwssiamovil/sm/acme/s?s=U2FsdGVkX19DJ8ZEWhiWirTpHUDP/6pbDSB6ScCrXsxc8e6AlGO12/7904bowJOz&u=U2FsdGVkX19R3fr4he6dJghLCiBmBMQKGm+godnR+Kk=&y=U2FsdGVkX18+yP8OC4gE+6hq9NJguZ/ummEAuX08w9QWv+2oOR6EBvr9PPtcyB3d HTTP/1.1" 200 70
181.55.68.25 - - [14/Apr/2022:17:41:34 -0500] "GET /kwssiamovil/sm/acme/s?s=U2FsdGVkX1/f0erK7lysxx17Pk07DLAbVwNuYbtgHNVS5Cz/qFHfEkWGZRUVuMol&u=U2FsdGVkX19R3fr4he6dJghLCiBmBMQKGm+godnR+Kk=&y=U2FsdGVkX18+yP8OC4gE+6hq9NJguZ/ummEAuX08w9QWv+2oOR6EBvr9PPtcyB3d HTTP/1.1" 200 70
181.55.68.25 - - [14/Apr/2022:17:41:34 -0500] "GET /kwssiamovil/sm/acme/s?s=U2FsdGVkX1/V9oRkvxyVLYnduBsLmELVYds23RyWAb9pp7RLUPCcIq414vTmbmf66UDvNZdwA1+EAWHP7spG/s6HE7kQxatgTHP7Tt9+SWP4ubXaglldU/NyxkhGNO9x1luIA/WzMOyy3LbBpNru1RgfIPV1ZfC26pG/RMwen4HqYtWTemTcWnNrN+VmGxkJVg87LibdccWhH9prrzJCUlZTI67YMqQJ8EeOXp0Eq+jktqpNo/9/EE7bxPE8RVW+PPQGpFYcEra+cP+Q2885/T6iQqOUvVyztcfEesmn7sG7kvVXLk/JSy3Lr/XGspWUcNsZfjwTYGXJmmA6m2Gbjg==&u=U2FsdGVkX19R3fr4he6dJghLCiBmBMQKGm+godnR+Kk=&y=U2FsdGVkX18+yP8OC4gE+6hq9NJguZ/ummEAuX08w9QWv+2oOR6EBvr9PPtcyB3d HTTP/1.1" 200 196
172.22.2.4 - - [14/Apr/2022:17:41:35 -0500] "GET /BLA/boletinlegal/Circulares/2017/Circular%20No.%201%20del%2030%20de%20Marzo%20de%202017.pdf HTTP/1.1" 200 668532
181.55.68.25 - - [14/Apr/2022:17:41:34 -0500] "GET /kwssiamovil/sm/cjson/pre?f=1&x=U2FsdGVkX1+5LZ1p/RaR3m7h7bokUp+nALBJYhcTajknlwKnZQkCoe+q36ZEktlC HTTP/1.1" 200 30975
172.22.2.4 - - [14/Apr/2022:17:41:42 -0500] "GET /BLA/boletinlegal/Circulares/2017/Circular%20No.%2007%20del%2028%20de%20Abril%20de%202017.pdf HTTP/1.1" 200 309906
172.22.2.4 - - [14/Apr/2022:17:41:47 -0500] "GET /BLA/boletinlegal/Circulares/2017/Circular%20No.%20011%20del%2005%20de%20julio%20de%202017.pdf HTTP/1.1" 200 965526
172.22.2.4 - - [14/Apr/2022:17:41:53 -0500] "GET /BLA/boletinlegal/Circulares/2015/Circular%20No.%202%20del%201%20de%20julio%20de%202015.pdf HTTP/1.1" 200 752890
172.22.2.4 - - [14/Apr/2022:17:41:58 -0500] "GET /BLA/boletinlegal/Circulares/2015/Circular%20No.%201%20del%2010%20de%20Febrero%20de%202015.pdf HTTP/1.1" 200 660637
172.22.2.4 - - [14/Apr/2022:17:42:04 -0500] "GET /BLA/boletinlegal/Circulares/2014/Circular%20No.%203%20del%2014%20de%20Noviembre%20de%202014.pdf HTTP/1.1" 200 104132
147.92.156.136 - - [14/Apr/2022:17:42:12 -0500] "GET /galeria/galeria/fotos/juan-amarillo2P.jpg HTTP/1.1" 200 32696
172.22.2.4 - - [14/Apr/2022:17:42:12 -0500] "GET /BLA/boletinlegal/Circulares/2014/Circular%20No.%202%20del%2021%20de%20septiembre%20de%202014.pdf HTTP/1.1" 200 143376
172.22.2.4 - - [14/Apr/2022:17:42:18 -0500] "GET /BLA/boletinlegal/Circulares/2014/Circular%20No.%201%20del%2008%20de%20Mayo%20de%202014.pdf HTTP/1.1" 200 180124
172.22.2.4 - - [14/Apr/2022:17:42:23 -0500] "GET /BLA/boletinlegal/Circulares/2013/Circular%20No.%208%20del%201%20de%20Noviembre%20de%202013.pdf HTTP/1.1" 200 385156
172.22.2.4 - - [14/Apr/2022:17:42:32 -0500] "GET /BLA/boletinlegal/Circulares/2013/Circular%20No.%207%20del%201%20de%20Agosto%20de%202013.pdf HTTP/1.1" 200 340934
172.22.2.4 - - [14/Apr/2022:17:42:38 -0500] "GET /BLA/boletinlegal/Circulares/2013/Circular%20No.%206%20del%2019%20de%20julio%20de%202013.pdf HTTP/1.1" 200 4210437
172.22.2.4 - - [14/Apr/2022:17:42:54 -0500] "GET /BLA/boletinlegal/Circulares/2013/Circular%20No.%205%20del%2013%20de%20junio%20de%202013.pdf HTTP/1.1" 200 110904
172.22.2.4 - - [14/Apr/2022:17:43:00 -0500] "GET /BLA/boletinlegal/Circulares/2013/Circular%20No.%204%20del%2005%20de%20junio%20de%202013.pdf HTTP/1.1" 200 130461
172.22.2.4 - - [14/Apr/2022:17:43:07 -0500] "GET /BLA/boletinlegal/Circulares/2013/Circular%20No.%203%20del%2005%20de%20abril%20de%202013.pdf HTTP/1.1" 200 93580
172.22.2.4 - - [14/Apr/2022:17:43:13 -0500] "GET /BLA/boletinlegal/Circulares/2013/Circular%20No.%202%20del%2022%20de%20enero%20de%202013.pdf HTTP/1.1" 200 85466
172.22.2.4 - - [14/Apr/2022:17:43:17 -0500] "GET /BLA/boletinlegal/Circulares/2013/Circular%20No.%201%20del%2014%20de%20enero%20de%202013.pdf HTTP/1.1" 200 1298384
201.245.192.253 - - [14/Apr/2022:17:42:34 -0500] "POST /kwsrmcab/Wsrmcab HTTP/1.1" 200 45451
172.22.2.4 - - [14/Apr/2022:17:43:23 -0500] "GET /BLA/boletinlegal/Circulares/2012/Circular%20No.%209%20del%2021%20de%20Agosto%20de%202012.pdf HTTP/1.1" 200 1402289
172.22.2.4 - - [14/Apr/2022:17:43:36 -0500] "GET /BLA/boletinlegal/Circulares/2012/Circular%20No.%208%20del%2021%20de%20Agosto%20de%202012.pdf HTTP/1.1" 200 963197
172.22.2.4 - - [14/Apr/2022:17:43:42 -0500] "GET /BLA/boletinlegal/Circulares/2012/Circular%20No.%207%20del%2008%20de%20Agosto%20de%202012.pdf HTTP/1.1" 200 972955
172.22.2.4 - - [14/Apr/2022:17:43:50 -0500] "GET /BLA/boletinlegal/Circulares/2012/Circular%20No.%206%20del%2025%20de%20Mayo%20de%202012.pdf HTTP/1.1" 200 387391
207.46.13.186 - - [14/Apr/2022:17:43:49 -0500] "GET /portaldeninos/2021/06/01/secretaria-de-ambiente-invita-a-ciudadania-a-participar-en-concurso-de-relatos-sobre-ecosistemas-bogotanos/ HTTP/1.1" 200 98288
172.22.2.4 - - [14/Apr/2022:17:43:54 -0500] "GET /BLA/boletinlegal/Circulares/2012/Circular%20No.%205%20del%2027%20de%20Abril%20de%202012.pdf HTTP/1.1" 200 216613
172.22.2.4 - - [14/Apr/2022:17:43:59 -0500] "GET /BLA/boletinlegal/Circulares/2012/Circular%20No.%204%20del%2019%20de%20abril%20de%202012.pdf HTTP/1.1" 200 253045
172.22.2.4 - - [14/Apr/2022:17:44:04 -0500] "GET /BLA/boletinlegal/Circulares/2012/Circular%20No.%203%20del%2023%20de%20Marzo%20de%202012.pdf HTTP/1.1" 200 572950
172.22.2.4 - - [14/Apr/2022:17:42:27 -0500] "HEAD /BLA/boletinlegal/ HTTP/1.1" 200 -
172.22.2.4 - - [14/Apr/2022:17:44:11 -0500] "GET /BLA/boletinlegal/Circulares/2012/Circular%20No.%202%20del%2014%20de%20Marzo%20de%202012.pdf HTTP/1.1" 200 113666
201.245.192.253 - - [14/Apr/2022:17:43:23 -0500] "POST /kwsrmcab/Wsrmcab HTTP/1.1" 200 45483
172.22.2.4 - - [14/Apr/2022:17:44:16 -0500] "GET /BLA/boletinlegal/Circulares/2012/Circular%20No.%2016%20del%2022%20de%20octubre%20de%202012.pdf HTTP/1.1" 200 381186
172.22.2.4 - - [14/Apr/2022:17:44:23 -0500] "GET /BLA/boletinlegal/Circulares/2012/Circular%20No.%2015%20del%2022%20de%20octubre%20de%202012.pdf HTTP/1.1" 200 486506
172.22.2.4 - - [14/Apr/2022:17:44:28 -0500] "GET /BLA/boletinlegal/Circulares/2012/Circular%20No.%2014%20del%2011%20de%20Septiembre%20de%202012.pdf HTTP/1.1" 200 3427471
172.22.2.4 - - [14/Apr/2022:17:44:34 -0500] "GET /BLA/boletinlegal/Circulares/2012/Circular%20No.%2013%20del%2006%20de%20Septiembre%20de%202012.pdf HTTP/1.1" 200 351421
172.22.2.4 - - [14/Apr/2022:17:44:39 -0500] "GET /BLA/boletinlegal/Circulares/2012/Circular%20No.%2012%20del%2028%20de%20Agosto%20de%202012.pdf HTTP/1.1" 200 369945
172.22.2.4 - - [14/Apr/2022:17:44:45 -0500] "GET /BLA/boletinlegal/Circulares/2012/Circular%20No.%2011%20del%2027%20de%20Agosto%20de%202012.pdf HTTP/1.1" 200 526945
172.22.2.4 - - [14/Apr/2022:17:44:50 -0500] "GET /BLA/boletinlegal/Circulares/2012/Circular%20No.%2010%20del%2026%20de%20Enero%20de%202012.pdf HTTP/1.1" 404 1218
172.22.2.4 - - [14/Apr/2022:17:44:53 -0500] "GET /BLA/boletinlegal/Circulares/2012/Circular%20No.%2010%20del%2022%20de%20Agosto%20de%202012.pdf HTTP/1.1" 200 1563219
172.22.2.4 - - [14/Apr/2022:17:43:18 -0500] "GET /BLA/boletinlegal/ HTTP/1.1" 200 60932
172.22.2.4 - - [14/Apr/2022:17:45:01 -0500] "GET /BLA/boletinlegal/Circulares/2012/Circular%20No.%201%20del%2017%20de%20Enero%20de%202012.pdf HTTP/1.1" 200 1118749
172.22.2.4 - - [14/Apr/2022:17:45:07 -0500] "GET /BLA/boletinlegal/Circulares/2011/Circular%20No.%209%20del%2003%20de%20Noviembre%20de%202011.pdf HTTP/1.1" 200 54568
172.22.2.4 - - [14/Apr/2022:17:45:13 -0500] "GET /BLA/boletinlegal/Circulares/2011/Circular%20No.%208%20del%2020%20de%20Septiembre%20de%202011.pdf HTTP/1.1" 200 285158
216.245.221.92 - - [14/Apr/2022:17:45:29 -0500] "HEAD / HTTP/1.1" 200 -
69.171.251.9 - - [14/Apr/2022:17:46:42 -0500] "GET /images/negocios-verdes-3-marzo.jpg HTTP/1.1" 200 33179
69.171.251.2 - - [14/Apr/2022:17:47:49 -0500] "GET /en-semana-santa-no-uses-palmas-ni-traigas-o-consumas-animales-silvestres.html?fbclid=IwAR0LFk6ZK_2hbBMTtw1CczVpm3mTffsNawDYiM6aZzQ_P7U76-Mm-GAsC34 HTTP/1.1" 200 959
173.252.95.10 - - [14/Apr/2022:17:48:11 -0500] "GET /en-semana-santa-no-uses-palmas-ni-traigas-o-consumas-animales-silvestres.html?fbclid=IwAR1FYvUY-k065Mdl7qVl-Wpav0yy1itJBoQKXg2UF8hRQRuY8zaeMQ5iB-0 HTTP/1.1" 200 959
172.22.2.4 - - [14/Apr/2022:17:48:36 -0500] "GET /BLA/boletinlegal/normativa.php HTTP/1.1" 200 8292
172.22.2.4 - - [14/Apr/2022:17:47:23 -0500] "GET /BLA/boletinlegal/ HTTP/1.1" 200 53195
186.102.47.44 - - [14/Apr/2022:17:49:13 -0500] "GET /BLA/boletinlegal/js/jquery.scrollShow.js HTTP/1.1" 200 4586
186.102.47.44 - - [14/Apr/2022:17:49:13 -0500] "GET /galeria/galeria/jquery.fancybox.css?v=2.1.5 HTTP/1.1" 200 4895
186.102.47.44 - - [14/Apr/2022:17:49:13 -0500] "GET /galeria/galeria/jquery.fancybox.js?v=2.1.5 HTTP/1.1" 200 48706
186.102.47.44 - - [14/Apr/2022:17:49:18 -0500] "GET /galeria/bibloteca/contentflow.js HTTP/1.1" 200 42804
186.102.47.44 - - [14/Apr/2022:17:49:20 -0500] "GET /galeria/bibloteca/contentflow.css HTTP/1.1" 200 3201
186.102.47.44 - - [14/Apr/2022:17:49:20 -0500] "GET /galeria/bibloteca/mycontentflow.css HTTP/1.1" 200 3110
186.102.47.44 - - [14/Apr/2022:17:49:20 -0500] "GET /galeria/bibloteca/ContentFlowAddOn_white.js HTTP/1.1" 200 2497
186.102.47.44 - - [14/Apr/2022:17:49:20 -0500] "GET /galeria/bibloteca/ContentFlowAddOn_white.css HTTP/1.1" 200 3355
186.102.47.44 - - [14/Apr/2022:17:49:22 -0500] "GET /galeria/bibloteca/img/loader.gif HTTP/1.1" 200 8238
186.102.47.44 - - [14/Apr/2022:17:49:22 -0500] "GET /galeria/bibloteca/img/scrollbar_white.png HTTP/1.1" 200 82
186.102.47.44 - - [14/Apr/2022:17:49:22 -0500] "GET /galeria/bibloteca/img/slider_white.png HTTP/1.1" 200 178
172.22.2.4 - - [14/Apr/2022:17:49:30 -0500] "GET /BLA/boletinlegal/actos.php HTTP/1.1" 200 9559
186.102.47.44 - - [14/Apr/2022:17:49:40 -0500] "GET /galeria/bibloteca/img/1x1_0.5_white.png HTTP/1.1" 200 82
186.102.47.44 - - [14/Apr/2022:17:49:40 -0500] "GET /galeria/bibloteca/img/ajax-loader.gif HTTP/1.1" 200 9427
186.102.47.44 - - [14/Apr/2022:17:49:40 -0500] "GET /galeria/bibloteca/img/scrollbar_black.png HTTP/1.1" 200 82
186.102.47.44 - - [14/Apr/2022:17:49:40 -0500] "GET /galeria/bibloteca/img/slider_black.png HTTP/1.1" 200 175
172.22.2.4 - - [14/Apr/2022:17:48:17 -0500] "HEAD /BLA/boletinlegal/ HTTP/1.1" 200 -
216.245.221.92 - - [14/Apr/2022:17:50:29 -0500] "HEAD / HTTP/1.1" 200 -
172.22.2.4 - - [14/Apr/2022:17:49:08 -0500] "GET /BLA/boletinlegal/ HTTP/1.1" 200 54090
66.249.65.13 - - [14/Apr/2022:17:51:52 -0500] "-" 408 -
181.55.68.25 - - [14/Apr/2022:17:54:13 -0500] "GET /kwssiamovil/sm/acme/a?s=U2FsdGVkX18J2966/lsuzaI2X4O3UC0APZTAje2l2yCHXG6DtxLPr9/vzm+qk0kOM+ezg+E6FQ2KcRR3zf/g6A3d9PeiobJ+0E2NLF2BfgGHal2ARC6CBAiDamUZ/dLeOJolB7Fyb5XG3YKBYHS3TqLWYA1Y3t9VtlVxz10/5E22N7CWSNkYy1iX1rfJ3+1rHWpGBdYP3pKrAUAD2cdLTwVq9CySld2SFVwh3td3XnrxiSpDGXClrSVyqk7Bv9jKVwiCtocOuOF7/sATNvsGZQ==&u=U2FsdGVkX19R3fr4he6dJghLCiBmBMQKGm+godnR+Kk=&y=U2FsdGVkX18+yP8OC4gE+6hq9NJguZ/ummEAuX08w9QWv+2oOR6EBvr9PPtcyB3d HTTP/1.1" 200 25
181.55.68.25 - - [14/Apr/2022:17:54:13 -0500] "GET /kwssiamovil/sm/acme/a?s=U2FsdGVkX1+Qc2nItXIsXboBoF7TEXh0GeEM4kaYZj4LgwbR8KZTcMegnq4QmuY15m6ZfPQ5bGMTQuubc09Wkbm81/sR6Zydo48XxYYpYGNFSEL+pe12hNu8jr8XvY+4BSIr3619JpPOoaYNLGPab2idnOOAh++J6dZLicaso9jQcognZpLgC2P3DjFl9aSf9xDrSTpCDGX1yM4JU7FDLHmkRZpWWzAR1oHthGr+EFlQ4nc1rfo9tNZt6Bbc6Wru4pOkM7cgzo++jRBujWP2go9CXxWOmVti0ZBBc7kG7vtRDgyoNF0V4JtQBx/VqgVY+lDiABfV8oz8+9pNzvKZ//h1UVAQAotq3nXvptXiugxW7rB7/cpoCJd9vGgxdbNe6m0FNSq41OHQYdUrbPu72OZru36ZykV0OeZ/9f4RlAackC1TON3tVxtne119wDbQfn5YNWOMxRbTGoq1ZUDlECEReN3LbTkiueh0GsSQA/lR/w2W3GJz5Jpjj9pGIkJRtHpenI1s30LehxuZFfoy0O831hxxT8yLgn9Kom2ec2BfdsUVZ/9f2ZP+nO0zE8REGaWi8L2oXXPHUCeSJ6WhZLOMsZ5ON6MVqdUbmxNQiE13/fANxyosZ70LnloByAo0C+VbzqDEFcxhrxQA1MJACIQgSdgYz4K5FG7/VjhcN7NocqG5MFRZ/fbEGx425rUNi/0dsedQ7DrYOkQdrldCvEa31+9Qaz4f9xnszWcHRZAbqNqvuVsffUxUTaBu1kXfNgCUjlIbqsd8Bni7gEJlFxrK1Xv95JwxKKOafhtMCUq28uBiWTdt0QRlTdwGxZKZOOx+qC3akvAoqL09DWu/lMpG2K9O/Qk/eaq5C0A/Z2bvc65IR2CBnY+R4DtH9U8gtdMKgXTBIKhBK3KBoO2EZfUkztVZlPB5b2SI6QWGHeIR2aIjBruPsMLvUfPMt/Jy8yL2h6Njx9CQVYy4Uhejo8C79ojuavaXNO9asTE72sI1wLViBkNWYrFysxbGcOw6LXbqOrmkJPV8NgsHA682BRCkf3u5Yrj0+ZjgOGqPDCiVl19rUdsZx+Ig30pJN7H5HwB6V+o3aU7278c7FMyWPN0ee9aqYlg9zY+IWmuLiGaQkeQgV/uhoRmnrmzrHpATQRJDJI99ktx/LCBeWmYxpa8/cF+E7x+SGHHRja6yNuyJNOPfpEr+IOaXKeyeTB2Tt0szN8bWysR6kBf7oPo4FAMrhtugWOZcInEjJ/I9adzWJoDY/624IgMbc+Cy1MwTxTlVeeHiEQ4hO2HcJsLkjVEXZWSBf0Fxk7gFTklF5ycis0by/aCZ9R89+1b5rCqnG94xE5mJBq6yZtdO6rLtH60iB81Ycn01N7JwmDJil6uZM8UnlnSz1v7dojJHiykQ174qPDcltiiARaEtBGuXv/EO87orSDlEfz7yV9l8HgF/vkfsTSyV4rD0CWAdw0V2SkiEjIildMllDiYUOBqRdswnEnHINR9IzYQxq0az/hyOP3fnADer6NZ7pNJr2vCpvk1SyrkhPiS4FZKuADTxgAAYZpAP3hUKWJ0nn7F4QTUzcHokBFEG1nlqqax4K+NLKg2uNe1fixAw4aRbeqPDUr5nPotoOTsE/2ieO/0xaecsZqVS74jNFoCXI33hLbIt8PQzI2XvhoeAVkKRyyU/3ysZoaECqH2bBJ/CLs4vNIK3UmmMlleRbMZTzDu8Lhyf36jMEldxVriYiiNTuY4Qs58FYS9zmTLObYGvnYW1fVidJpjRV+7VPeoXqtURoDZMiaTzTfeAwpvL203MLCxofFASlcUZR+Nu73lZ89np+b/wgUkr+miW7PHesViPJDhrLfNPkqpf4oilE9454/+rv73Ene8t5Hjqi5NV+FQkgMSzS+tfsn6O+C2J9xfCTD36ZBZ+WXO3b4256+SuumLzyKwMXBCR1IX6kK2kuobySt6PgouwYjHrmkdn6g662yvX&u=U2FsdGVkX19R3fr4he6dJghLCiBmBMQKGm+godnR+Kk=&y=U2FsdGVkX18+yP8OC4gE+6hq9NJguZ/ummEAuX08w9QWv+2oOR6EBvr9PPtcyB3d HTTP/1.1" 200 25
181.55.68.25 - - [14/Apr/2022:17:54:13 -0500] "GET /kwssiamovil/sm/acme/a?s=U2FsdGVkX1+DJPAeDUsHd2ucNppfjc4/I1BShtcwzxpwiLAh1S/YEKppMYovK0J/Qa8M96kgPNNXHIi+azlIK/MZJL6ZLCNlC7tWvvznMwPF3793mSmDsX/MUHGrb/E7tMznNXiupMVe8lT1TPu8VHtwOKXBma6VYPIvDAIWVhg=&u=U2FsdGVkX19R3fr4he6dJghLCiBmBMQKGm+godnR+Kk=&y=U2FsdGVkX18+yP8OC4gE+6hq9NJguZ/ummEAuX08w9QWv+2oOR6EBvr9PPtcyB3d HTTP/1.1" 200 25
181.55.68.25 - - [14/Apr/2022:17:54:13 -0500] "GET /kwssiamovil/sm/acme/a?s=U2FsdGVkX19DpiCEJ1hJ4e8A9XOaOspAKTEo0zkvjjEAhVKu6WFn7aW5Yb2rEJrRI3+Wq74BQQfIE26hZf8GyC05xBYgx8D6Itt88mos4DVlfmhunqCeDpNwt2CBCNYMkE671QeuurJLTtvjwQ1xWtFF1FA0Nz1o3pjBeo7euYY=&u=U2FsdGVkX19R3fr4he6dJghLCiBmBMQKGm+godnR+Kk=&y=U2FsdGVkX18+yP8OC4gE+6hq9NJguZ/ummEAuX08w9QWv+2oOR6EBvr9PPtcyB3d HTTP/1.1" 200 25
181.55.68.25 - - [14/Apr/2022:17:54:14 -0500] "GET /kwssiamovil/sm/acme/a?s=U2FsdGVkX1/cwckNeS8tuC1UkmnwWJEE4hfqlV4nXbz5fIqwdO1Xf9DR+7QOrIR6mb0eppx12Wwz3RmbQ+WzNmT4Z1IcVxajnPnDeUExgu0DHeIbWu7bSig76AOyzL5m8HbSjjVWzWmp0L2orK6lT50YqdtwA4DxbWNzieT7f5k=&u=U2FsdGVkX19R3fr4he6dJghLCiBmBMQKGm+godnR+Kk=&y=U2FsdGVkX18+yP8OC4gE+6hq9NJguZ/ummEAuX08w9QWv+2oOR6EBvr9PPtcyB3d HTTP/1.1" 200 25
181.55.68.25 - - [14/Apr/2022:17:54:14 -0500] "GET /kwssiamovil/sm/acme/a?s=U2FsdGVkX19NwY3OLzY5pijdn0ntp0Fzr3HaeU/Hqklxs+iFGPLZbiIO/4Bx8bYjxFBG4IiwaiUole2l0KEH82crZoA9mMmQJgdOvNc+YU57VAtc2ViMzWqbi8fzJA4pfkX+CQYxoeR7Pyh00W8PBomBBKj+1WOSD9r+NDsLQoyCT+iaBmvWninsuovTDp5J&u=U2FsdGVkX19R3fr4he6dJghLCiBmBMQKGm+godnR+Kk=&y=U2FsdGVkX18+yP8OC4gE+6hq9NJguZ/ummEAuX08w9QWv+2oOR6EBvr9PPtcyB3d HTTP/1.1" 200 25
172.22.2.4 - - [14/Apr/2022:17:54:23 -0500] "GET /BLA/boletinlegal/actos.php HTTP/1.1" 200 9559
181.56.238.49 - - [14/Apr/2022:17:54:25 -0500] "GET /BLA/resoluciones/ HTTP/1.1" 200 13093
181.56.238.49 - - [14/Apr/2022:17:54:44 -0500] "GET /BLA/resoluciones/index.php?dir=RESOLUCIONES+2008%2F HTTP/1.1" 200 976272
172.22.2.4 - - [14/Apr/2022:17:54:21 -0500] "GET /BLA/boletinlegal/ HTTP/1.1" 200 24523
173.252.87.16 - - [14/Apr/2022:17:55:21 -0500] "GET /images/acopiadores-llantas-control-2-abril.jpeg HTTP/1.1" 200 34334
69.63.184.3 - - [14/Apr/2022:17:55:22 -0500] "GET /images/feria-servicios-cuidamos-bogota-31-marzo.jpg HTTP/1.1" 200 109745
69.171.249.10 - - [14/Apr/2022:17:55:24 -0500] "GET /images/llantas-teusaquillo-1-abril.jpg HTTP/1.1" 200 50674
216.245.221.92 - - [14/Apr/2022:17:55:29 -0500] "HEAD / HTTP/1.1" 200 -
172.22.2.4 - - [14/Apr/2022:17:54:07 -0500] "HEAD /BLA/boletinlegal/ HTTP/1.1" 200 -
172.22.2.4 - - [14/Apr/2022:17:54:58 -0500] "GET /BLA/boletinlegal/ HTTP/1.1" 200 53344
181.56.238.49 - - [14/Apr/2022:17:56:44 -0500] "GET /BLA/resoluciones/ HTTP/1.1" 200 13093
181.78.24.210 - - [14/Apr/2022:17:56:46 -0500] "GET /en-semana-santa-jardin-botanico-una-opcion-vital-para-reconectarse-y-vivir-la-naturaleza.html HTTP/1.1" 200 1012
181.56.238.49 - - [14/Apr/2022:17:56:49 -0500] "GET /BLA/resoluciones/index.php?dir=RESOLUCIONES+2009%2F HTTP/1.1" 200 12235
181.56.238.49 - - [14/Apr/2022:17:56:49 -0500] "GET /BLA/resoluciones/index.php?dir=RESOLUCIONES+2009%2F HTTP/1.1" 200 1694101
40.77.167.73 - - [14/Apr/2022:17:57:11 -0500] "GET /BLA/resoluciones/index.php?dir=AUTOS+2019%2F HTTP/1.1" 200 342653
172.22.2.4 - - [14/Apr/2022:17:57:27 -0500] "GET /BLA/boletinlegal/robots.txt HTTP/1.1" 404 1038
199.16.157.180 - - [14/Apr/2022:17:58:52 -0500] "-" 408 -
172.22.2.4 - - [14/Apr/2022:17:57:29 -0500] "GET /BLA/boletinlegal/index.php HTTP/1.1" 200 63342
190.24.77.242 - - [14/Apr/2022:18:00:10 -0500] "GET /en-semana-santa-jardin-botanico-una-opcion-vital-para-reconectarse-y-vivir-la-naturaleza.html HTTP/1.1" 304 -
216.245.221.92 - - [14/Apr/2022:18:00:29 -0500] "HEAD / HTTP/1.1" 200 -
173.252.83.119 - - [14/Apr/2022:18:01:31 -0500] "GET /images/caminos-cerros-orientales-7-abril.jpg HTTP/1.1" 200 80138
172.22.2.4 - - [14/Apr/2022:17:59:57 -0500] "HEAD /BLA/boletinlegal/ HTTP/1.1" 200 -
191.95.53.124 - - [14/Apr/2022:18:02:20 -0500] "GET /BLA/boletinlegal/style.css HTTP/1.1" 200 9406
191.95.53.124 - - [14/Apr/2022:18:02:20 -0500] "GET /BLA/boletinlegal/styles2.css HTTP/1.1" 200 1838
191.95.53.124 - - [14/Apr/2022:18:02:20 -0500] "GET /BLA/boletinlegal/js/jquery.scrollShow.js HTTP/1.1" 200 4586
191.95.53.124 - - [14/Apr/2022:18:02:20 -0500] "GET /BLA/boletinlegal/js/jquery.scrollTo-min.js HTTP/1.1" 200 1150
191.95.53.124 - - [14/Apr/2022:18:02:20 -0500] "GET /BLA/boletinlegal/js/jquery.js HTTP/1.1" 200 57254
191.95.53.124 - - [14/Apr/2022:18:02:20 -0500] "GET /BLA/boletinlegal/images/cabezote%20BLEGAL.jpg HTTP/1.1" 200 118164
191.95.53.124 - - [14/Apr/2022:18:02:20 -0500] "GET /BLA/boletinlegal/images/subscribe-icon-big.png HTTP/1.1" 200 47702
191.95.53.124 - - [14/Apr/2022:18:02:20 -0500] "GET /BLA/boletinlegal/images/historia.png HTTP/1.1" 200 52775
191.95.53.124 - - [14/Apr/2022:18:02:20 -0500] "GET /BLA/boletinlegal/images/registro-usuarios.png HTTP/1.1" 200 8106
191.95.53.124 - - [14/Apr/2022:18:02:20 -0500] "GET /BLA/boletinlegal/images/screen_1.png HTTP/1.1" 200 202547
191.95.53.124 - - [14/Apr/2022:18:02:20 -0500] "GET /BLA/boletinlegal/images/arr_l.jpg HTTP/1.1" 200 1979
191.95.53.124 - - [14/Apr/2022:18:02:20 -0500] "GET /BLA/boletinlegal/images/launch.jpg HTTP/1.1" 200 14577
191.95.53.124 - - [14/Apr/2022:18:02:20 -0500] "GET /BLA/boletinlegal/images/body_bg.jpg HTTP/1.1" 200 1601
191.95.53.124 - - [14/Apr/2022:18:02:20 -0500] "GET /BLA/boletinlegal/images/menu_lft.gif HTTP/1.1" 200 1713
191.95.53.124 - - [14/Apr/2022:18:02:20 -0500] "GET /BLA/boletinlegal/images/menu_rght.gif HTTP/1.1" 200 1627
191.95.53.124 - - [14/Apr/2022:18:02:20 -0500] "GET /BLA/boletinlegal/images/bg_top.jpg HTTP/1.1" 200 522
191.95.53.124 - - [14/Apr/2022:18:02:21 -0500] "GET /BLA/boletinlegal/images/menu_bg.jpg HTTP/1.1" 200 620
191.95.53.124 - - [14/Apr/2022:18:02:21 -0500] "GET /BLA/boletinlegal/images/hover.jpg HTTP/1.1" 200 640
191.95.53.124 - - [14/Apr/2022:18:02:21 -0500] "GET /BLA/boletinlegal/images/text.jpg HTTP/1.1" 200 568
191.95.53.124 - - [14/Apr/2022:18:02:22 -0500] "GET /BLA/boletinlegal/actos.php HTTP/1.1" 200 9559
191.95.53.124 - - [14/Apr/2022:18:02:22 -0500] "GET /BLA/boletinlegal/niceforms.js HTTP/1.1" 200 22876
191.95.53.124 - - [14/Apr/2022:18:02:22 -0500] "GET /BLA/boletinlegal/js/lib.js HTTP/1.1" 200 6474
191.95.53.124 - - [14/Apr/2022:18:02:22 -0500] "GET /BLA/boletinlegal/js/ajax_actos.js HTTP/1.1" 200 1322
191.95.53.124 - - [14/Apr/2022:18:02:22 -0500] "GET /BLA/boletinlegal/niceforms-default.css HTTP/1.1" 200 6694
191.95.53.124 - - [14/Apr/2022:18:02:22 -0500] "GET /BLA/boletinlegal/js/popup.js HTTP/1.1" 200 1270
191.95.53.124 - - [14/Apr/2022:18:02:23 -0500] "GET /BLA/boletinlegal/js/jquery1.js HTTP/1.1" 200 29846
191.95.53.124 - - [14/Apr/2022:18:02:23 -0500] "GET /BLA/boletinlegal/images/green-yellow-blue-pink-th.png HTTP/1.1" 200 7394
191.95.53.124 - - [14/Apr/2022:18:02:23 -0500] "GET /BLA/boletinlegal/images/abajo.png HTTP/1.1" 200 96676
191.95.53.124 - - [14/Apr/2022:18:02:23 -0500] "GET /BLA/boletinlegal/images/tel.png HTTP/1.1" 200 14477
191.95.53.124 - - [14/Apr/2022:18:02:23 -0500] "GET /BLA/boletinlegal/images/icono-email.png HTTP/1.1" 200 5544
191.95.53.124 - - [14/Apr/2022:18:02:23 -0500] "GET /BLA/boletinlegal/images/footer_bg.jpg HTTP/1.1" 200 586
191.95.53.124 - - [14/Apr/2022:18:02:23 -0500] "GET /BLA/boletinlegal/images/footer_bg_l.jpg HTTP/1.1" 200 776
191.95.53.124 - - [14/Apr/2022:18:02:23 -0500] "GET /BLA/boletinlegal/img/0.png HTTP/1.1" 200 110
191.95.53.124 - - [14/Apr/2022:18:02:23 -0500] "GET /BLA/boletinlegal/img/button-left.png HTTP/1.1" 200 57071
191.95.53.124 - - [14/Apr/2022:18:02:23 -0500] "GET /BLA/boletinlegal/img/button-right.png HTTP/1.1" 200 57878
191.95.53.124 - - [14/Apr/2022:18:02:23 -0500] "GET /BLA/boletinlegal/img/select-left.png HTTP/1.1" 200 263
191.95.53.124 - - [14/Apr/2022:18:02:23 -0500] "GET /BLA/boletinlegal/img/select-right.png HTTP/1.1" 200 44019
191.95.53.124 - - [14/Apr/2022:18:02:23 -0500] "GET /BLA/boletinlegal/img/button.png HTTP/1.1" 200 43241
191.95.53.124 - - [14/Apr/2022:18:02:23 -0500] "GET /favicon.ico HTTP/1.1" 200 7782
191.95.53.124 - - [14/Apr/2022:18:02:26 -0500] "GET /BLA/boletinlegal/consulta_actos.php?tipo=autos&no=&usuario=&sector=&fecha=2022&resuelve= HTTP/1.1" 200 20288
191.95.53.124 - - [14/Apr/2022:18:02:26 -0500] "GET /BLA/boletinlegal/images/pdf.gif HTTP/1.1" 200 567
191.95.53.124 - - [14/Apr/2022:18:02:26 -0500] "GET /BLA/boletinlegal/images/background.gif HTTP/1.1" 200 -
172.22.2.4 - - [14/Apr/2022:18:00:48 -0500] "GET /BLA/boletinlegal/ HTTP/1.1" 200 58006
191.95.53.124 - - [14/Apr/2022:18:02:29 -0500] "GET /BLA/resoluciones/AUTOS%202022/6018.pdf HTTP/1.1" 200 348181
191.95.53.124 - - [14/Apr/2022:18:02:20 -0500] "GET /BLA/boletinlegal/ HTTP/1.1" 200 16331
191.95.53.124 - - [14/Apr/2022:18:02:33 -0500] "GET /BLA/boletinlegal/ HTTP/1.1" 200 16331
74.125.210.57 - - [14/Apr/2022:18:04:26 -0500] "GET /galeria/galeria/fotos/Entrenube4G.jpg HTTP/1.1" 200 171047
190.158.204.245 - - [14/Apr/2022:18:04:53 -0500] "GET /en-semana-santa-jardin-botanico-una-opcion-vital-para-reconectarse-y-vivir-la-naturaleza.html HTTP/1.1" 200 1012
216.245.221.92 - - [14/Apr/2022:18:05:29 -0500] "HEAD / HTTP/1.1" 200 -
172.22.2.4 - - [14/Apr/2022:18:05:54 -0500] "GET /BLA/boletinlegal/?XDEBUG_SESSION_START=phpstorm HTTP/1.1" 200 32715
181.56.238.49 - - [14/Apr/2022:18:06:43 -0500] "GET /BLA/resoluciones/ HTTP/1.1" 200 13093
181.56.238.49 - - [14/Apr/2022:18:06:52 -0500] "GET /BLA/resoluciones/ HTTP/1.1" 200 13093
181.56.238.49 - - [14/Apr/2022:18:06:55 -0500] "GET /BLA/resoluciones/index.php?dir=RESOLUCIONES+2010%2F HTTP/1.1" 200 1307798
181.56.238.49 - - [14/Apr/2022:18:07:00 -0500] "GET /BLA/resoluciones/RESOLUCIONES%202010/7663.pdf HTTP/1.1" 200 166704
172.22.2.4 - - [14/Apr/2022:18:05:47 -0500] "HEAD /BLA/boletinlegal/ HTTP/1.1" 200 -
172.22.2.4 - - [14/Apr/2022:18:06:38 -0500] "GET /BLA/boletinlegal/ HTTP/1.1" 200 59170
181.56.238.49 - - [14/Apr/2022:18:09:24 -0500] "GET /BLA/resoluciones/index.php?dir=RESOLUCIONES+2010%2F HTTP/1.1" 200 1307798
181.56.238.49 - - [14/Apr/2022:18:09:30 -0500] "GET /BLA/resoluciones/RESOLUCIONES%202010/7737.pdf HTTP/1.1" 200 457857
181.237.58.219 - - [14/Apr/2022:18:09:54 -0500] "GET /documents/10184/2325415/pieza-concurso-buenas-practicas-20-septiembre.jpg HTTP/1.1" 404 1132
216.245.221.92 - - [14/Apr/2022:18:10:29 -0500] "HEAD / HTTP/1.1" 200 -
181.56.238.49 - - [14/Apr/2022:18:10:32 -0500] "GET /BLA/resoluciones/ HTTP/1.1" 200 13093
181.56.238.49 - - [14/Apr/2022:18:10:39 -0500] "GET /BLA/resoluciones/index.php?dir=RESOLUCIONES+2012%2F HTTP/1.1" 200 140066
181.53.12.137 - - [14/Apr/2022:18:11:33 -0500] "GET /BLA/resoluciones/index.php?dir=RESOLUCIONES+2014%2F HTTP/1.1" 200 331298
181.53.12.137 - - [14/Apr/2022:18:11:35 -0500] "GET /BLA/resoluciones/RESOLUCIONES%202014/0013.pdf HTTP/1.1" 200 519173
34.90.12.157 - - [14/Apr/2022:18:13:06 -0500] "GET / HTTP/1.1" 200 319
172.22.2.4 - - [14/Apr/2022:18:11:37 -0500] "HEAD /BLA/boletinlegal/ HTTP/1.1" 200 -
172.22.2.4 - - [14/Apr/2022:18:13:55 -0500] "GET /BLA/boletinlegal/jurisprudencia/analisis/AnalisisT-095-16.docx HTTP/1.1" 200 20284
172.22.2.4 - - [14/Apr/2022:18:12:28 -0500] "GET /BLA/boletinlegal/ HTTP/1.1" 200 60932
216.245.221.92 - - [14/Apr/2022:18:15:29 -0500] "HEAD / HTTP/1.1" 200 -
66.220.149.18 - - [14/Apr/2022:18:16:00 -0500] "GET /images/Aire1.jpeg HTTP/1.1" 200 51706
172.22.2.4 - - [14/Apr/2022:18:17:27 -0500] "HEAD /BLA/boletinlegal/ HTTP/1.1" 200 -
181.237.58.219 - - [14/Apr/2022:18:19:43 -0500] "GET /documents/10184/2325415/pieza-concurso-buenas-practicas-20-septiembre.jpg HTTP/1.1" 404 1132
181.237.58.219 - - [14/Apr/2022:18:19:50 -0500] "GET /documents/10184/2325415/pieza-concurso-buenas-practicas-20-septiembre.jpg HTTP/1.1" 404 1132
172.22.2.4 - - [14/Apr/2022:18:18:18 -0500] "GET /BLA/boletinlegal/ HTTP/1.1" 200 59170
216.245.221.92 - - [14/Apr/2022:18:20:29 -0500] "HEAD / HTTP/1.1" 200 -
181.55.253.53 - - [14/Apr/2022:18:20:56 -0500] "GET /galeria/galeria/jquery.fancybox.css?v=2.1.5 HTTP/1.1" 200 4895
181.55.253.53 - - [14/Apr/2022:18:20:56 -0500] "GET /BLA/boletinlegal/js/jquery.scrollShow.js HTTP/1.1" 200 4586
181.55.253.53 - - [14/Apr/2022:18:20:56 -0500] "GET /galeria/galeria/jquery.fancybox.js?v=2.1.5 HTTP/1.1" 200 48706
181.59.170.21 - - [14/Apr/2022:18:22:08 -0500] "GET /en-semana-santa-jardin-botanico-una-opcion-vital-para-reconectarse-y-vivir-la-naturaleza.html HTTP/1.1" 200 1012
201.245.192.253 - - [14/Apr/2022:18:22:33 -0500] "POST /kwsrmcab/Wsrmcab HTTP/1.1" 200 45287
201.245.192.253 - - [14/Apr/2022:18:23:22 -0500] "POST /kwsrmcab/Wsrmcab HTTP/1.1" 200 45486
181.55.68.25 - - [14/Apr/2022:18:24:20 -0500] "GET /kwssiamovil/sm/acme/a?s=U2FsdGVkX19ljACjlwe+XLEdwN5Ulru6O7o+pyP7g4Ph6Cv6Tz0wnLZ16PdA7HPyflyCgPoSRP5dF2NfJaPQZohlSiU0htlEB2VGp/pc9Bw08nQ7FTQgST7NsXoQ/dlNAmsKxr1q7Sk+apHq1LLbgueLDdx4IAec3uEu5wKp6+p7/vrQmHVSM0dA19+YxjyTt5b6vTAcnst0ntZ+sNs7sZgQuwpf/6n6rA2xqPyTsNMJD4uXsOVaXAiJBmvzOABQgIIjJoILVeIJ3aMFCxaF1A==&u=U2FsdGVkX19R3fr4he6dJghLCiBmBMQKGm+godnR+Kk=&y=U2FsdGVkX18+yP8OC4gE+6hq9NJguZ/ummEAuX08w9QWv+2oOR6EBvr9PPtcyB3d HTTP/1.1" 200 25
181.55.68.25 - - [14/Apr/2022:18:24:20 -0500] "GET /kwssiamovil/sm/acme/a?s=U2FsdGVkX1+jKpLAkcTw84uL1U2WHICuT1jfmy49myo2JTmtjNA+0rhwCSx3enrHFbhMxVITkWD0YkMHiHv4f+sMDy4lS3qZAb32CaCMsiVN03C58+YcUmmoB/I93DztCUayU9+Jaxr9p6swQ1Uiv799P+53uT69ybXgVxcJkinuQ6leYxUib9dpZ1Kcvir+x9prH109vC0uv3TaS1S/pcHAUZWTYb4bGQkxK6nZxT3qg4LjS+HOvM8nChyjnHOvgQoVWldr7IcKB7nochuozt8m9cb5MaW0QuqT19A5wYp8V6nL0y6nU1wY6WiWFVe2Cpr9Nm5u6/ILM2SkPO6k+3o3DK80NlfKNEtziF11bW42YpGqFAKR9e5O5/A1jKLcsLWnX+xm2lZfjqIshbP5l6Nc5G0r9gQH8sAXsaam8ly36kUCAxgmISyyinQVwD5tGL0VlNO+x6RohVNDFfPm4LwrNm/Cq+XGlN5te1XQUnZ3SpLY5VVjWj6JCNv2sl3XaZgaHTokArJV6N1sEHBV6FNYM0nocrR6CvmjcJlPBRkYZdqh7wKdqMy43GNtoMpGaehvfNFiW7V1i/w6ctKP12fYtadbkSg9sYNZwsycazdNzuHNJ6b2JUIbUrnxNNJRSVvXctCJEoptE88rUoy7yI7WlFQQQba6oyWJfFh2UKFvet4FVEqIq750BMKlqzC4z2LC9mqtI1ILjs8spXEIEg/czAR75u9VwsDUKIp2UViBQmGNDSC33AdSBu+YQe/kzNeQaZBlreT6Ulia0ku1J88t/coI4p4Cz9aLwvej1l+3YPE61nQ5FM059kzNn6MNsDDAkeuYkApD1+R5Xu5AAH9eVkDbu5rC0wa9R13mQfbI3VBoHjBQ0pVUh4JIw0rdK5+86+Ua6YBHcrkoqSIA0AFOvd/3KgSPmbyLSiq9lwyF/WZHM4vhSS8lwPrjNzlZtijS6yy83J9UMs9zSyUimVZ8+sxUd+GD3uK/uOjtM40hDVQ4L37Bnc6G8e+U6z09RxbOj/ZLfPguhIJ92bKSs8eVEJtLB9A0cD7FZ9evwj/9hohxEIbcu6UX/RpdM2v/ElRRuf3tHTgGu4myQapNZxZQQng5OPA2rY8suuBHoJ0LonuqAWoGABoVKRarFIWYJiLgETReAOti7gfeYT/Z3DlJs/iQwX+/J1uBtKCUwQugU7A3/nDngJQbn8FVS7a1LqlC0yWQscYUi90/ZfsRoEKaRqWH1GvrsC7vBo7owrYOj8MLBh19wX4Ag+dLrma9egMbsK0Yo1g1D6gtj8sC1cjJ97fGfT/fS+/LhXqN/vxAIyTgQb3ThOBcBs5yn8s1aS82ssxXd4W9JLj9Jzo2PFLl8T3o3fYElFfykFpK1Yosg4eS7eWjRK1F0diBoizsUc8uLv+arnJZ3zM23jYURENS/38Q8SKEiDx8PCBF5Vp6GO4zx0Xo2xdPRT2qHUbvHg7qrAPrescRt7g+mvRwschTZ3y3FR7hXCIgcW3jDuVw6rQ1KzvcrheJFVJV1UDjsmxWYILMc6WNpulmNG+upHX/VjXsxMf7oxMH7EwJcbEJ8etwomBLFb0H0T5NQIHPkxxfMAam46d6B2fWHkthBWiwiWMh7DtUNORwtGVbB4xOak0DqrbphkKTQLLacL0NOxWHhmUFsMETKO+gwOqY4IoESkuQ3X0cWG6AfkbU2XTZ1o7vl2aOZN+U4mGgn2/ffSFc5BcI3hIS/DSjNvZduPk/LyiIs2doU2bZ9U2ALT2tZccZHOZEudFASQhs6P6e7AUt8PXPU1i+RUFWjz0BlOwmGnQOYaCca9s6//pnjMbOByIll9stoA4X29iMme73zj9PIbOBNEMcnnh5JmD/TlbA7IRmf1hDPn/8IadU2lOorzwopkKRC9ahT44yzWHV6YsgyQMSsL5WEPLKanFfzA==&u=U2FsdGVkX19R3fr4he6dJghLCiBmBMQKGm+godnR+Kk=&y=U2FsdGVkX18+yP8OC4gE+6hq9NJguZ/ummEAuX08w9QWv+2oOR6EBvr9PPtcyB3d HTTP/1.1" 200 25
181.55.68.25 - - [14/Apr/2022:18:24:20 -0500] "GET /kwssiamovil/sm/acme/a?s=U2FsdGVkX18jwZm5RYRK0Oz7QVGtd60ps47FtIpiJO1HaVojdpXoYzDMK+NBuqdHWqU8An8Rrc/X3Wka5mVf+C8gx/WgfAao9+ZUYy5PnGoqjP3yvxrQS6uYy4efEmy9/X8f+YCrQKSZn1ofRJbF6K+rtLd5LfshGnUS++Ex80Y=&u=U2FsdGVkX19R3fr4he6dJghLCiBmBMQKGm+godnR+Kk=&y=U2FsdGVkX18+yP8OC4gE+6hq9NJguZ/ummEAuX08w9QWv+2oOR6EBvr9PPtcyB3d HTTP/1.1" 200 25
181.55.68.25 - - [14/Apr/2022:18:24:21 -0500] "GET /kwssiamovil/sm/acme/a?s=U2FsdGVkX1/sJHVW0ppocxl7FrrX9P6hXHAr2js7ihHqTIJHB5BbnawkcvKKXxULYUa2CkgLdCuqBMDXpqC5oCnRKC81dbNXp4EHzyMzdpDu8sFqrgIqbf4iTlfEaDbxvn81cP68h5YOP3S9D9omNnVwe5bKbXNPhZoRuqcMh9I=&u=U2FsdGVkX19R3fr4he6dJghLCiBmBMQKGm+godnR+Kk=&y=U2FsdGVkX18+yP8OC4gE+6hq9NJguZ/ummEAuX08w9QWv+2oOR6EBvr9PPtcyB3d HTTP/1.1" 200 25
181.55.68.25 - - [14/Apr/2022:18:24:21 -0500] "GET /kwssiamovil/sm/acme/a?s=U2FsdGVkX19eZJPEoLqIfzDOKzPj8/Tq2LwB+e++aHfe5q0B8CAOmBvfDZTcvqDI1SOKHayA7gTJVs1s7jmDq8FBP5q+wCCJGFGyOizfiMygWilK7FCtvJn4TrEdXXwXhO/TYNE202Brq7ME0ht5hBOGBgsMa/9T+3jE3mTePd0=&u=U2FsdGVkX19R3fr4he6dJghLCiBmBMQKGm+godnR+Kk=&y=U2FsdGVkX18+yP8OC4gE+6hq9NJguZ/ummEAuX08w9QWv+2oOR6EBvr9PPtcyB3d HTTP/1.1" 200 25
181.55.68.25 - - [14/Apr/2022:18:24:21 -0500] "GET /kwssiamovil/sm/acme/a?s=U2FsdGVkX1/fi0P6zBFeVpnCTiUBjkOYls7Wjv+TJHRgAj4eDcNllQSI8aMhdhPfWHfnFVPW7KVAUjIjlxG6rWVRO/cYWcqijmf1t9AVb1F50adf7M9MJAb1In87eES/QK4XM/i5VXG7qfLlg5eaxSo6sbiJiqRS1i1OqcVeZ3j8bOyYL9Z89GJBFTn9x7qr&u=U2FsdGVkX19R3fr4he6dJghLCiBmBMQKGm+godnR+Kk=&y=U2FsdGVkX18+yP8OC4gE+6hq9NJguZ/ummEAuX08w9QWv+2oOR6EBvr9PPtcyB3d HTTP/1.1" 200 25
172.22.2.4 - - [14/Apr/2022:18:23:17 -0500] "HEAD /BLA/boletinlegal/ HTTP/1.1" 200 -
216.245.221.92 - - [14/Apr/2022:18:25:29 -0500] "HEAD / HTTP/1.1" 200 -
172.22.2.4 - - [14/Apr/2022:18:25:46 -0500] "GET /BLA/boletinlegal/actos.php HTTP/1.1" 200 9559
172.22.2.4 - - [14/Apr/2022:18:24:08 -0500] "GET /BLA/boletinlegal/ HTTP/1.1" 200 58006
172.22.2.4 - - [14/Apr/2022:18:26:20 -0500] "GET /BLA/boletinlegal/consulta_actos.php?tipo=resoluciones&no=&usuario=&sector=RESIDUOS&fecha=2020&resuelve=RAEES HTTP/1.1" 200 626
172.22.2.4 - - [14/Apr/2022:18:26:30 -0500] "GET /BLA/boletinlegal/consulta_actos.php?tipo=resoluciones&no=&usuario=&sector=RESIDUOS&fecha=2020&resuelve=sancion HTTP/1.1" 200 2997
172.22.2.4 - - [14/Apr/2022:18:25:42 -0500] "GET /BLA/boletinlegal/ HTTP/1.1" 200 63342
172.22.2.4 - - [14/Apr/2022:18:27:43 -0500] "GET /BLA/boletinlegal/jurisprudencia/analisis/AnalisisC-035-16.docx HTTP/1.1" 200 25011
162.221.192.26 - - [14/Apr/2022:18:28:10 -0500] "GET / HTTP/1.1" 200 319
172.22.2.4 - - [14/Apr/2022:18:27:45 -0500] "GET /BLA/boletinlegal/ HTTP/1.1" 200 62201
69.63.184.116 - - [14/Apr/2022:18:30:07 -0500] "GET /images/llantas-teusaquillo-1-abril.jpg HTTP/1.1" 200 50674
216.245.221.92 - - [14/Apr/2022:18:30:29 -0500] "HEAD / HTTP/1.1" 200 -
172.22.2.4 - - [14/Apr/2022:18:29:07 -0500] "HEAD /BLA/boletinlegal/ HTTP/1.1" 200 -
172.22.2.4 - - [14/Apr/2022:18:31:36 -0500] "GET /BLA/boletinlegal/consulta_actos.php?tipo=resoluciones&no=&usuario=&sector=RESIDUOS&fecha=2019&resuelve=sancion HTTP/1.1" 200 3738
172.22.2.4 - - [14/Apr/2022:18:29:58 -0500] "GET /BLA/boletinlegal/ HTTP/1.1" 200 61416
186.155.46.78 - - [14/Apr/2022:18:31:44 -0500] "GET /BLA/resoluciones/RESOLUCIONES%202019/1482.pdf HTTP/1.1" 200 341504
40.77.167.73 - - [14/Apr/2022:18:32:14 -0500] "GET /BLA/resoluciones/index.php?dir=AUTOS+2019%2F HTTP/1.1" 200 342653
186.155.46.78 - - [14/Apr/2022:18:32:32 -0500] "GET /BLA/resoluciones/RESOLUCIONES%202019/2312.pdf HTTP/1.1" 200 282598
173.252.95.9 - - [14/Apr/2022:18:32:37 -0500] "GET /images/llantaton-jornada.jpg HTTP/1.1" 200 356045
66.220.149.16 - - [14/Apr/2022:18:32:43 -0500] "GET /images/acuerdos-enero-19.jpg HTTP/1.1" 200 56694
172.22.2.4 - - [14/Apr/2022:18:33:19 -0500] "GET /BLA/boletinlegal/consulta_actos.php?tipo=autos&no=&usuario=&sector=RESIDUOS&fecha=2020&resuelve=sancion HTTP/1.1" 200 64359
201.245.192.253 - - [14/Apr/2022:18:32:33 -0500] "POST /kwsrmcab/Wsrmcab HTTP/1.1" 200 45287
66.249.65.13 - - [14/Apr/2022:18:33:29 -0500] "-" 408 -
186.155.46.78 - - [14/Apr/2022:18:33:50 -0500] "GET /BLA/resoluciones/AUTOS%202020/4486.pdf HTTP/1.1" 200 406580
201.245.192.253 - - [14/Apr/2022:18:33:22 -0500] "POST /kwsrmcab/Wsrmcab HTTP/1.1" 200 45486
186.155.46.78 - - [14/Apr/2022:18:34:52 -0500] "GET /BLA/resoluciones/AUTOS%202020/4468.pdf HTTP/1.1" 200 390635
13.66.139.0 - - [14/Apr/2022:18:35:12 -0500] "GET /BLA/resoluciones/RESOLUCIONES%202013/0816.pdf HTTP/1.1" 200 693280
216.245.221.92 - - [14/Apr/2022:18:35:29 -0500] "HEAD / HTTP/1.1" 200 -
172.22.2.4 - - [14/Apr/2022:18:34:57 -0500] "HEAD /BLA/boletinlegal/ HTTP/1.1" 200 -
186.155.46.78 - - [14/Apr/2022:18:36:38 -0500] "GET /BLA/resoluciones/AUTOS%202020/4424.pdf HTTP/1.1" 200 358836
172.22.2.4 - - [14/Apr/2022:18:35:48 -0500] "GET /BLA/boletinlegal/ HTTP/1.1" 200 53739
172.22.2.4 - - [14/Apr/2022:18:35:58 -0500] "GET /BLA/boletinlegal/ HTTP/1.1" 200 55089
36.82.99.90 - - [14/Apr/2022:18:38:10 -0500] "GET / HTTP/1.1" 200 319
181.55.68.25 - - [14/Apr/2022:18:39:07 -0500] "GET /kwssiamovil/sm/acme/a?s=U2FsdGVkX1/Fqm1IIaOLMV0LeDWGah44V1JaJTosHmpkHp+H2xlKFN1pGmwLaDy37ljiKyGcZwBX6LwM4uBoDJbgfQ7cfuAHVOEX0fHkIfwzQFWmiQ46ChDreNHhVCterbsktI3HNRJ+XlFpspiq5nonyngFUQlFj0qn7OmfOIOeqHl+HkUg114vcfGoulIwLrXC5hucuHK3BjIcN+7YyCHNOnpjejWmpVJP1CaO/fVNahHpVwyt6uCmHh3aXio8aGYmplZX4FJtaf4d5z1WKQ==&u=U2FsdGVkX19R3fr4he6dJghLCiBmBMQKGm+godnR+Kk=&y=U2FsdGVkX18+yP8OC4gE+6hq9NJguZ/ummEAuX08w9QWv+2oOR6EBvr9PPtcyB3d HTTP/1.1" 200 25
181.55.68.25 - - [14/Apr/2022:18:39:08 -0500] "GET /kwssiamovil/sm/acme/a?s=U2FsdGVkX1+8N6b96Ol11ARGGSX9wEM10+YTlxhPzdBhoFQzJ3kDQlxgoOCSX5JMzinVXh0Jqqf3vr1BtK+GxFfQAF1941oyL9uT28fu7zqqdMtvhYfU+xDN7bE5fyjCi9vC88c7/IbZBTzo2bUNwRl+ElBxHPT0/SLnMgY1CG1y4k9w/4oouUieAtJXcC9o8UkuVL1O47tUXs81H/e5y80LQ5RHffCP+TxyZEKHx6Jv/hclnIWg7oVWNYB8dOKhQw+sORYyXpCWg6l/k4gF7iqoNoT+dI6Fi5SCST+DRlAkQRBPesKPCXOR+5KcufTYDRcVmYt11fbC/JefgeoL+v9aGsHOW3Ws9xdCCBG9NQyhzWt8JkIX02GT1WUPa/4wqD7kZB/C4u6gQ9ESXwBNeIOYEZ33RHXdtNgAXN2wxKlrcBtsNM+DG0yNw0CApq8t1Q+uYvVxkLN00iFcosQsJNe171E7Euop7tTcGyCUGRZIuqB7wddTyD3hMMe4GxeZPsU52KGWdj9yJavjigwlnd82QwHQ7h1PSkWIkO2gAT1H5iMD6xCxdWyYiUgu15f+vnZWmDrMI4AuvXA4bfbAMqm4qFZW6npa7Q8WAK4bzHFIWXYSfpQmfBk246IMwnUX1dUwP0JQdA/aaSw4vIU+5LCmPnaNDSeY78dnCDTrSaOJfElE783rFaSUqmmLr2pCpocezjK5Mx52yNZCTMGGcMlUcgIDD2JgSov/sSNZt/wdXVCOFX1+06QQ3sVgOPYLdPM7Y5HPI4xif15MxjCGOOIiOQVAFUrR+R16OBXdvpzRrNQM5qt0jtAE+KzEX6hHswjMflSgHIfEWdqiNDhXHQVb9HNe3iGP9KDZs73kxTpHSYaYrjfzSt3Wl4l4O/r8hBvpt5Mlba2bYtAfVU66GfOs8od9t/jyAP2dpUG+FjcD50Wgk/B4pugRtnNvwMLCWuAlbb2tFCxmXuZyRvomeoDvfVq9mcguaUJDTRPGDQ/U+UF/HlU1lT6I06qkPpslK3gqhGHFsv2S1akWlzcQXTZxkw9Xzq4dDEdx5TGRB0qxj3PxMw0x5j5HNdDF2nPAABl6hmhwmpHATOLOgBLJb0zYomsbqCOTZK8x/UQTzmxkl+STyUBu/cpZ52pZ74M3TGQYakLUQ4uXuUnd7qgSI4AJOF7NG5ECgU3m5YmmDbHI+k3+70W1lQz8wEVkM/qiM2CCUeJYzUKM80BPgoihXqz7Os4FMyW7evdxlllecRoEwxgO/KhH0DT2GwAEByXcuf/XJlQ1pGyZ1CIFZA9giobELAFgLuk527s1iAKiUr3UZEZsdaHgqWoyvQql6jBgUoiWutye/5ycaG9y87emZHvRDGp0Qwhiixa7WHYy+3PuWVmc0wyBmzMyZhMHZ3ijO2ljQ0dSLtpqooCYcsKu4LW8cJoMadTeSCXM0QkEHLaumyVOSRGXU39ifAUEQEwkqBD6XqYA1MY1dTy2dsLxKc58KvcVjjqi6RhhM/8qBUwA9991b/fMPeFWuwOaAuCSQmBKs2OtwWanVABNk0u6LmvDLEY1Th2gvYUgohVZGyIMBQktEyyNoeJPyHs3vZskh6ARrGeqclNQdI8LXgYYl5ikGgPlK9qEQLWtX5qrAZ658h/9kKKkX+R6HYLj3KUX2fASfPJOkSNETJaAp5RRKzhvkcnk0mJfXyOVtp5ZkNqTaxAp4/dMd16++mu/qt0JFpWIPYlyWfzsV+SBhpTC5Ihr6aWsdbqrqOFFmvA76xtfHlCt0PQc02ZBe28NLD9ZH8LVPXyybJC9bXc8LgkqD9MNz/zVYoOtf9iBDBjLxmg=&u=U2FsdGVkX19R3fr4he6dJghLCiBmBMQKGm+godnR+Kk=&y=U2FsdGVkX18+yP8OC4gE+6hq9NJguZ/ummEAuX08w9QWv+2oOR6EBvr9PPtcyB3d HTTP/1.1" 200 25
181.55.68.25 - - [14/Apr/2022:18:39:08 -0500] "GET /kwssiamovil/sm/acme/a?s=U2FsdGVkX18U1rcUK0RhxUe4Z/qZCAdIltJgmkmtr4jqtr9VY33lHlvL9bRDORDU/I2Q4n+JH8ltTtrQE80FbfuR6rFAH/WreUJ1R7ayOP2/FBJZm2nKRaD64N8BmsTLO0DMLaleSizN0uNRRYQYQ5LI0MDxGrRclHlNnenc27w=&u=U2FsdGVkX19R3fr4he6dJghLCiBmBMQKGm+godnR+Kk=&y=U2FsdGVkX18+yP8OC4gE+6hq9NJguZ/ummEAuX08w9QWv+2oOR6EBvr9PPtcyB3d HTTP/1.1" 200 25
181.55.68.25 - - [14/Apr/2022:18:39:08 -0500] "GET /kwssiamovil/sm/acme/a?s=U2FsdGVkX18kkXkhyEYON11nDgjHztUylDXJzdlcyGiqVPVaD6PGfBoSH53oDg/tQ/MRLV5zydRP8C5Q5p7OiyZzSRg8/yOH22b3h1V3xNVW06GSRrfCUgOkjs9syw+QIHfkTsRTxdhgIRiLhmkBbNxxBQFZFdeC4Zb24zBkacg=&u=U2FsdGVkX19R3fr4he6dJghLCiBmBMQKGm+godnR+Kk=&y=U2FsdGVkX18+yP8OC4gE+6hq9NJguZ/ummEAuX08w9QWv+2oOR6EBvr9PPtcyB3d HTTP/1.1" 200 25
181.55.68.25 - - [14/Apr/2022:18:39:08 -0500] "GET /kwssiamovil/sm/acme/a?s=U2FsdGVkX1+241ywm6+PfZXSZFLo44ih4Wm5lXW6qnhXl2nwIXKKAy3CGGKRNdkHPDvinIoW2hiFzTvE3mIpC3Y+02LopGaFoMPafsCy4Hzr6+J2NiUrYNBvV4bSiofN1Gg4B28mnR4A392oe7EnGckp4RYSAJfeRv1l4EwmOhQ=&u=U2FsdGVkX19R3fr4he6dJghLCiBmBMQKGm+godnR+Kk=&y=U2FsdGVkX18+yP8OC4gE+6hq9NJguZ/ummEAuX08w9QWv+2oOR6EBvr9PPtcyB3d HTTP/1.1" 200 25
181.55.68.25 - - [14/Apr/2022:18:39:09 -0500] "GET /kwssiamovil/sm/acme/a?s=U2FsdGVkX184Uc0v4a+JMc4PBM9H6UbtsBFsoBvCLoriys0DOTQqBEgRN5Rkhemhne6ZkwXqavwvPxj/qx1+J599QRXtJLQ/GPRdk6NjLs7sOg75HJtNJvg0w6ZIWN+Kz2Y9YQ8WZrj/fpjwPEMOgSzKwOP3tjazn7IsMSJFSJnZTDPn0mc6NhoI1iHErXas&u=U2FsdGVkX19R3fr4he6dJghLCiBmBMQKGm+godnR+Kk=&y=U2FsdGVkX18+yP8OC4gE+6hq9NJguZ/ummEAuX08w9QWv+2oOR6EBvr9PPtcyB3d HTTP/1.1" 200 25
172.22.2.4 - - [14/Apr/2022:18:39:42 -0500] "GET /BLA/boletinlegal/Circulares/2022/CIRCULAR%20No.%2000003%20DEL%2007%20DE%20MARZO%20DEL%202022.pdf HTTP/1.1" 404 1038
172.22.2.4 - - [14/Apr/2022:18:39:45 -0500] "GET /BLA/boletinlegal/Circulares/2021/CIRCULAR%20No.%2000009%20DEL%2001%20DE%20OCTUBRE%20DEL%202021.pdf HTTP/1.1" 200 320793
172.22.2.4 - - [14/Apr/2022:18:39:52 -0500] "GET /BLA/boletinlegal/Circulares/2021/CIRCULAR%20No.%2000007%20DEL%2010%20DE%20AGOSTO%20DEL%202021.pdf HTTP/1.1" 200 266364
172.22.2.4 - - [14/Apr/2022:18:39:58 -0500] "GET /BLA/boletinlegal/Circulares/2021/CIRCULAR%20No.%2000006%20DEL%2005%20DE%20AGOSTO%20DEL%202021.pdf HTTP/1.1" 200 249615
172.22.2.4 - - [14/Apr/2022:18:40:05 -0500] "GET /BLA/boletinlegal/Circulares/2020/Circular%20No.%2000018%20del%2002%20de%20diciembre%20del%202020.pdf HTTP/1.1" 200 276868
66.220.149.21 - - [14/Apr/2022:18:40:07 -0500] "GET /images/eficiencia-energetica-11-marzo.jpg HTTP/1.1" 200 46478
172.22.2.4 - - [14/Apr/2022:18:40:10 -0500] "GET /BLA/boletinlegal/Circulares/2020/Circular%2000010%20del%2027%20de%20julio%20de%202020.pdf HTTP/1.1" 200 422655
172.22.2.4 - - [14/Apr/2022:18:40:17 -0500] "GET /BLA/boletinlegal/Circulares/2020/CIRCULAR%20No.%2000019%20DEL%2018%20DE%20DICIEMBRE%20DEL%202020.pdf HTTP/1.1" 200 307959
172.22.2.4 - - [14/Apr/2022:18:40:23 -0500] "GET /BLA/boletinlegal/Circulares/2020/CIRCULAR%20No.%2000014%20del%2001%20de%20septiembre%20del%202020.pdf HTTP/1.1" 200 320826
216.245.221.92 - - [14/Apr/2022:18:40:29 -0500] "HEAD / HTTP/1.1" 200 -
172.22.2.4 - - [14/Apr/2022:18:40:29 -0500] "GET /BLA/boletinlegal/Circulares/2019/Circular%20No.%2012%20del%2014%20de%20Marzo%20de%202019.pdf HTTP/1.1" 200 344384
172.22.2.4 - - [14/Apr/2022:18:40:36 -0500] "GET /BLA/boletinlegal/Circulares/2019/Circular%20No.%20006%20del%2008%20de%20Febrero%20de%202019.pdf HTTP/1.1" 200 674401
172.22.2.4 - - [14/Apr/2022:18:40:44 -0500] "GET /BLA/boletinlegal/Circulares/2019/Circular%20No.%200015%20del%2003%20de%20Octubre%20de%202019.pdf HTTP/1.1" 200 165608
172.22.2.4 - - [14/Apr/2022:18:40:48 -0500] "GET /BLA/boletinlegal/Circulares/2019/Circular%20No.%200005%20del%2020%20de%20Marzo%20de%202019.pdf HTTP/1.1" 200 159877
172.22.2.4 - - [14/Apr/2022:18:40:53 -0500] "GET /BLA/boletinlegal/Circulares/2019/Circular%20No.%200003%20del%2031%20de%20Enero%20de%202019.pdf HTTP/1.1" 200 164676
172.22.2.4 - - [14/Apr/2022:18:40:57 -0500] "GET /BLA/boletinlegal/Circulares/2019/Circular%2000020%20del%2020%20de%20diciembre%20de%202019.pdf HTTP/1.1" 200 145170
172.22.2.4 - - [14/Apr/2022:18:41:01 -0500] "GET /BLA/boletinlegal/Circulares/2019/Circular%2000018%20del%2020%20de%20noviembre%20de%202019.pdf HTTP/1.1" 200 158030
172.22.2.4 - - [14/Apr/2022:18:41:06 -0500] "GET /BLA/boletinlegal/Circulares/2019/.pdf HTTP/1.1" 404 1218
172.22.2.4 - - [14/Apr/2022:18:41:09 -0500] "GET /BLA/boletinlegal/Circulares/2018/Circular%20No.%2011%20del%2024%20de%20Septiembre%20de%202018.pdf HTTP/1.1" 200 169541
172.22.2.4 - - [14/Apr/2022:18:41:15 -0500] "GET /BLA/boletinlegal/Circulares/2018/Circular%20No.%2010%20del%2021%20de%20Septiembre%20de%202018.pdf HTTP/1.1" 200 163426
66.249.65.13 - - [14/Apr/2022:18:41:18 -0500] "-" 408 -
172.22.2.4 - - [14/Apr/2022:18:41:22 -0500] "GET /BLA/boletinlegal/Circulares/2018/Circular%20No.%200015%20del%207%20de%20Diciembre%20de%202018.pdf HTTP/1.1" 200 165305
172.22.2.4 - - [14/Apr/2022:18:41:28 -0500] "GET /BLA/boletinlegal/Circulares/2018/CIRCULAR%20COJUNTA%20042%20DE%202018.pdf HTTP/1.1" 200 515008
172.22.2.4 - - [14/Apr/2022:18:41:37 -0500] "GET /BLA/boletinlegal/Circulares/2017/Circular%20No.%202%20del%201%20de%20Septiembre%20de%202017.pdf HTTP/1.1" 200 152575
172.22.2.4 - - [14/Apr/2022:18:41:43 -0500] "GET /BLA/boletinlegal/Circulares/2017/Circular%20No.%201%20del%2030%20de%20Marzo%20de%202017.pdf HTTP/1.1" 200 668532
172.22.2.4 - - [14/Apr/2022:18:41:50 -0500] "GET /BLA/boletinlegal/Circulares/2017/Circular%20No.%2007%20del%2028%20de%20Abril%20de%202017.pdf HTTP/1.1" 200 309906
172.22.2.4 - - [14/Apr/2022:18:41:55 -0500] "GET /BLA/boletinlegal/Circulares/2017/Circular%20No.%20011%20del%2005%20de%20julio%20de%202017.pdf HTTP/1.1" 200 965526
172.22.2.4 - - [14/Apr/2022:18:42:02 -0500] "GET /BLA/boletinlegal/Circulares/2015/Circular%20No.%202%20del%201%20de%20julio%20de%202015.pdf HTTP/1.1" 200 752890
172.22.2.4 - - [14/Apr/2022:18:42:10 -0500] "GET /BLA/boletinlegal/Circulares/2015/Circular%20No.%201%20del%2010%20de%20Febrero%20de%202015.pdf HTTP/1.1" 200 660637
172.22.2.4 - - [14/Apr/2022:18:42:17 -0500] "GET /BLA/boletinlegal/Circulares/2014/Circular%20No.%203%20del%2014%20de%20Noviembre%20de%202014.pdf HTTP/1.1" 200 104132
172.22.2.4 - - [14/Apr/2022:18:42:22 -0500] "GET /BLA/boletinlegal/Circulares/2014/Circular%20No.%202%20del%2021%20de%20septiembre%20de%202014.pdf HTTP/1.1" 200 143376
172.22.2.4 - - [14/Apr/2022:18:42:27 -0500] "GET /BLA/boletinlegal/Circulares/2014/Circular%20No.%201%20del%2008%20de%20Mayo%20de%202014.pdf HTTP/1.1" 200 180124
172.22.2.4 - - [14/Apr/2022:18:40:47 -0500] "HEAD /BLA/boletinlegal/ HTTP/1.1" 200 -
172.22.2.4 - - [14/Apr/2022:18:42:34 -0500] "GET /BLA/boletinlegal/Circulares/2013/Circular%20No.%208%20del%201%20de%20Noviembre%20de%202013.pdf HTTP/1.1" 200 385156
172.22.2.4 - - [14/Apr/2022:18:42:40 -0500] "GET /BLA/boletinlegal/Circulares/2013/Circular%20No.%207%20del%201%20de%20Agosto%20de%202013.pdf HTTP/1.1" 200 340934
172.22.2.4 - - [14/Apr/2022:18:42:45 -0500] "GET /BLA/boletinlegal/Circulares/2013/Circular%20No.%206%20del%2019%20de%20julio%20de%202013.pdf HTTP/1.1" 200 4210437
172.22.2.4 - - [14/Apr/2022:18:42:58 -0500] "GET /BLA/boletinlegal/Circulares/2013/Circular%20No.%205%20del%2013%20de%20junio%20de%202013.pdf HTTP/1.1" 200 110904
172.22.2.4 - - [14/Apr/2022:18:43:05 -0500] "GET /BLA/boletinlegal/Circulares/2013/Circular%20No.%204%20del%2005%20de%20junio%20de%202013.pdf HTTP/1.1" 200 130461
172.22.2.4 - - [14/Apr/2022:18:43:11 -0500] "GET /BLA/boletinlegal/Circulares/2013/Circular%20No.%203%20del%2005%20de%20abril%20de%202013.pdf HTTP/1.1" 200 93580
