186.102.13.184 - - [14/Apr/2022:14:57:37 -0500] "GET /kwssiamovil/sm/acme/s?s=U2FsdGVkX19boSJrmXsLnF7c+ZjmjxtMhkQsyHrn7EUPEucTifdhLOh795sF2Dn5&u=U2FsdGVkX19QvomZgp2NFdAb8OornvNkdhBHUcsTXH8G4YkhKv2muOsaDqUnMv4b&y=U2FsdGVkX1/B20hIy2X+GVKZhLP9NaDHGuSF8LlYbOzyDlxmFSNReCnE2EAiWkGK HTTP/1.1" 200 70
186.102.13.184 - - [14/Apr/2022:14:57:37 -0500] "GET /kwssiamovil/sm/acme/s?s=U2FsdGVkX193SjzNMe/CxUREG34hqirGoi1MmOezO5AQLEqq5yrHkhzmboXA8nF9&u=U2FsdGVkX19QvomZgp2NFdAb8OornvNkdhBHUcsTXH8G4YkhKv2muOsaDqUnMv4b&y=U2FsdGVkX1/B20hIy2X+GVKZhLP9NaDHGuSF8LlYbOzyDlxmFSNReCnE2EAiWkGK HTTP/1.1" 200 70
186.102.13.184 - - [14/Apr/2022:14:57:37 -0500] "GET /kwssiamovil/sm/acme/s?s=U2FsdGVkX1/B4m8WjYoP/UrvayvyumEotnqBsD5ZR3mQe3caRbhCUT2d3I93Cfuo&u=U2FsdGVkX19QvomZgp2NFdAb8OornvNkdhBHUcsTXH8G4YkhKv2muOsaDqUnMv4b&y=U2FsdGVkX1/B20hIy2X+GVKZhLP9NaDHGuSF8LlYbOzyDlxmFSNReCnE2EAiWkGK HTTP/1.1" 200 70
186.102.13.184 - - [14/Apr/2022:14:57:37 -0500] "GET /kwssiamovil/sm/acme/s?s=U2FsdGVkX19xjGg7TITh65myiSeUARqZRgaZCe2N00/YI/EHzZ7yXQLKwyt6lNS3&u=U2FsdGVkX19QvomZgp2NFdAb8OornvNkdhBHUcsTXH8G4YkhKv2muOsaDqUnMv4b&y=U2FsdGVkX1/B20hIy2X+GVKZhLP9NaDHGuSF8LlYbOzyDlxmFSNReCnE2EAiWkGK HTTP/1.1" 200 70
186.102.13.184 - - [14/Apr/2022:14:57:37 -0500] "GET /kwssiamovil/sm/acme/s?s=U2FsdGVkX19U2kFXBgqtcG6Gf9hubSOXhr6Jlu1UpKIiuqCSYguHdi5dlMIpRYU+&u=U2FsdGVkX19QvomZgp2NFdAb8OornvNkdhBHUcsTXH8G4YkhKv2muOsaDqUnMv4b&y=U2FsdGVkX1/B20hIy2X+GVKZhLP9NaDHGuSF8LlYbOzyDlxmFSNReCnE2EAiWkGK HTTP/1.1" 200 70
186.102.13.184 - - [14/Apr/2022:14:57:37 -0500] "GET /kwssiamovil/sm/acme/s?s=U2FsdGVkX19hWHmmvo7VGxG0xpfawaljfG8Nz7QWVgCNko0/icDZwbz7aYIIMkYL&u=U2FsdGVkX19QvomZgp2NFdAb8OornvNkdhBHUcsTXH8G4YkhKv2muOsaDqUnMv4b&y=U2FsdGVkX1/B20hIy2X+GVKZhLP9NaDHGuSF8LlYbOzyDlxmFSNReCnE2EAiWkGK HTTP/1.1" 200 70
186.102.13.184 - - [14/Apr/2022:14:57:37 -0500] "GET /kwssiamovil/sm/acme/s?s=U2FsdGVkX19LlST1YxanFA8v34vCKjpXEF/9L4mOD4A0nQ/9zwqFi03QprNnq5S9&u=U2FsdGVkX19QvomZgp2NFdAb8OornvNkdhBHUcsTXH8G4YkhKv2muOsaDqUnMv4b&y=U2FsdGVkX1/B20hIy2X+GVKZhLP9NaDHGuSF8LlYbOzyDlxmFSNReCnE2EAiWkGK HTTP/1.1" 200 70
186.102.13.184 - - [14/Apr/2022:14:57:37 -0500] "GET /kwssiamovil/sm/acme/s?s=U2FsdGVkX1+gTvq3IRgLjdOi6glyY9LMbng9tjr+lsxN18nuzoMLxEn8kAvI8RXm&u=U2FsdGVkX19QvomZgp2NFdAb8OornvNkdhBHUcsTXH8G4YkhKv2muOsaDqUnMv4b&y=U2FsdGVkX1/B20hIy2X+GVKZhLP9NaDHGuSF8LlYbOzyDlxmFSNReCnE2EAiWkGK HTTP/1.1" 200 70
186.102.13.184 - - [14/Apr/2022:14:57:37 -0500] "GET /kwssiamovil/sm/acme/s?s=U2FsdGVkX19o7xlPBRtec7NsC44SMr9EFf/gXVHyRzzNl0BpF1fPtsU31pHNb1h8&u=U2FsdGVkX19QvomZgp2NFdAb8OornvNkdhBHUcsTXH8G4YkhKv2muOsaDqUnMv4b&y=U2FsdGVkX1/B20hIy2X+GVKZhLP9NaDHGuSF8LlYbOzyDlxmFSNReCnE2EAiWkGK HTTP/1.1" 200 70
186.102.13.184 - - [14/Apr/2022:14:57:38 -0500] "GET /kwssiamovil/sm/acme/s?s=U2FsdGVkX1+XYxv+60V2CeCzSHM6Z5b5xv4nAN2hkVuoUQiCmydeNJ8xuoyOzkH9&u=U2FsdGVkX19QvomZgp2NFdAb8OornvNkdhBHUcsTXH8G4YkhKv2muOsaDqUnMv4b&y=U2FsdGVkX1/B20hIy2X+GVKZhLP9NaDHGuSF8LlYbOzyDlxmFSNReCnE2EAiWkGK HTTP/1.1" 200 70
186.102.13.184 - - [14/Apr/2022:14:57:38 -0500] "GET /kwssiamovil/sm/acme/s?s=U2FsdGVkX19FZCh8OJjXzKCTClS8jDui0c4nNnUTfDp2mEpQ5xECw7VuIuWIaaWe&u=U2FsdGVkX19QvomZgp2NFdAb8OornvNkdhBHUcsTXH8G4YkhKv2muOsaDqUnMv4b&y=U2FsdGVkX1/B20hIy2X+GVKZhLP9NaDHGuSF8LlYbOzyDlxmFSNReCnE2EAiWkGK HTTP/1.1" 200 70
186.102.13.184 - - [14/Apr/2022:14:57:38 -0500] "GET /kwssiamovil/sm/acme/s?s=U2FsdGVkX1+O1zjC6O82IuaA4iMk8KnAEi7mpQ+VNgkFIR7pQ+Nrwt9MhukksKo/&u=U2FsdGVkX19QvomZgp2NFdAb8OornvNkdhBHUcsTXH8G4YkhKv2muOsaDqUnMv4b&y=U2FsdGVkX1/B20hIy2X+GVKZhLP9NaDHGuSF8LlYbOzyDlxmFSNReCnE2EAiWkGK HTTP/1.1" 200 70
186.102.13.184 - - [14/Apr/2022:14:57:38 -0500] "GET /kwssiamovil/sm/acme/s?s=U2FsdGVkX19vPVFnIaFSmbok9OJ0zx0xWvRO71o8iMTWqaE/qnfckOwJNH981PP5&u=U2FsdGVkX19QvomZgp2NFdAb8OornvNkdhBHUcsTXH8G4YkhKv2muOsaDqUnMv4b&y=U2FsdGVkX1/B20hIy2X+GVKZhLP9NaDHGuSF8LlYbOzyDlxmFSNReCnE2EAiWkGK HTTP/1.1" 200 70
186.102.13.184 - - [14/Apr/2022:14:57:38 -0500] "GET /kwssiamovil/sm/acme/s?s=U2FsdGVkX1/iKBWqDXKaWuZXW8ikAuSUpeFvKjKi3BirQs3RY+omEO0wa8x1RxXC&u=U2FsdGVkX19QvomZgp2NFdAb8OornvNkdhBHUcsTXH8G4YkhKv2muOsaDqUnMv4b&y=U2FsdGVkX1/B20hIy2X+GVKZhLP9NaDHGuSF8LlYbOzyDlxmFSNReCnE2EAiWkGK HTTP/1.1" 200 70
172.22.2.4 - - [14/Apr/2022:14:57:38 -0500] "GET /BLA/boletinlegal/jurisprudencia/analisis/analisis%20C-595-2010.doc HTTP/1.1" 200 39424
186.102.13.184 - - [14/Apr/2022:14:57:38 -0500] "GET /kwssiamovil/sm/acme/s?s=U2FsdGVkX19fASQtH4iRD1nJ4PeB6XVhVwXyytC9BPSbzvWvKHOW2BL5ey6YcQP9&u=U2FsdGVkX19QvomZgp2NFdAb8OornvNkdhBHUcsTXH8G4YkhKv2muOsaDqUnMv4b&y=U2FsdGVkX1/B20hIy2X+GVKZhLP9NaDHGuSF8LlYbOzyDlxmFSNReCnE2EAiWkGK HTTP/1.1" 200 70
186.102.13.184 - - [14/Apr/2022:14:57:38 -0500] "GET /kwssiamovil/sm/acme/s?s=U2FsdGVkX19JPfxkSMaaPucPN07w8L2Utu0vV+9iIHSxLtUjZikP2yyZGPJpQKeC&u=U2FsdGVkX19QvomZgp2NFdAb8OornvNkdhBHUcsTXH8G4YkhKv2muOsaDqUnMv4b&y=U2FsdGVkX1/B20hIy2X+GVKZhLP9NaDHGuSF8LlYbOzyDlxmFSNReCnE2EAiWkGK HTTP/1.1" 200 70
186.102.13.184 - - [14/Apr/2022:14:57:38 -0500] "GET /kwssiamovil/sm/acme/s?s=U2FsdGVkX1+NKMEhbUHXVe+Qs4Meb1e0ewDl/oMXqk0Z1kNleFmjDSvmZdB51Y/LLi4fbOLPosVY+uKXjgF/ix1dD8YGwCLmJswEH0XSSw3d46FBVV+hGP7aCRz/NQGe17uLWzJGS8Pe6GSlgYTetD8Xj1kRw8W2G5bl6f/srouh/Hj5LnQvKF529Zl0uv7TOBBHNCiPpfUF8eTAWOP8zf8khUmGtMEjJg5htzLbk3EzNPK5CEhN5Ao1O7wvF+xEosevxrQAR//cKr+3eywTolw0xf/bveu8/310MJh2+vNvTf500tBdzWkRTXRKbTGfP4QxyK3+JMYL+ova1QFLSG++32sGhwz7v00AbQIsP/k=&u=U2FsdGVkX19QvomZgp2NFdAb8OornvNkdhBHUcsTXH8G4YkhKv2muOsaDqUnMv4b&y=U2FsdGVkX1/B20hIy2X+GVKZhLP9NaDHGuSF8LlYbOzyDlxmFSNReCnE2EAiWkGK HTTP/1.1" 200 196
186.102.13.184 - - [14/Apr/2022:14:57:38 -0500] "GET /kwssiamovil/sm/cjson/pre?f=1&x=U2FsdGVkX18EhNZ9Gralnxu05KJDLenuaMbfN6GIvgiY+kw/ecjN6B8glZAgEifH HTTP/1.1" 200 30975
186.102.13.184 - - [14/Apr/2022:14:57:54 -0500] "GET /kwssiamovil/sm/acme/a?s=U2FsdGVkX1/BSMq7gCi0k7dBP6yjN0QwtxZb+lC1rUTVwhf5ZfsVRyWkzMzKWotBQDSid+9Q0GGM17+Pxr8AosWK4vVwdw0q1B46qd4NPSJO8GY/QGUY4jVWyj4XhcIkO4VEYUlv8iWXHrabGlcobEiavL9j9Vqb9OIk2HCf1jY8M3MvgKkFv5uCkjbDYQUEx6OvQFzT2ILnrxlGVmeDkuv3wYlh1BL4v0Rw/nIzQfr/zpKJFd7J5tWBdFMv5Lbvrzg6FiY6oOjJztCWcMVUB5l2X7fIRBW7rUWm13yY8qkDk78EAuurlemvWcmWl4I/gXh0qk8CerIXOhS/EHjbfjF4B9qIFbHuDQksix2Row+6ox7iezKObtUgQHEepn1Ii0B8hODLyPNCgI5NgNZQgsOARgI0WtOASWe/TGZCR0eQAt1SV8c/slx18NtYST7Puj4nCe2jhDdC08fpEE5LR+zDTfDmB7QYq9cVBaD8QlMH7pUryHQs4mJOMI+cUqWNAo545D6Dclio7T3LD2vzEV49casAG3VIACe6jiBKgbaQKpPCDCBH5vOpqOeNjBOfmGBdmD1bpF51UaUkZLYqJsFVJFoZ/eTZbKfyGiPWMOKuLqTgLJ5j2FmhzBV0qJtuEHwV1iDg3Y67be8Zmc4ern67IfrGpAvkGRe90X/YRjeLMS9tHLYZUXwbGDYW0rEJkXxx6FMAetWQncofEZgThTd7/1qeRpz2nHWgBuoLDPOVa5WvoUTF92Y0MHqiiBJXRA36Ar0TP4ABfUDjgiH57vWp//3GvmamxFWq17R2u06BdOAeSMNkTnS6tax4Jln2dW5BnktuRYUwOcjhOd96SKNDTx25Cyiy1zVmaeh8vTSiBgpZSPHsloL3877FYHnw1AVpsKI/yzVVgivhCOT2++Ib3DiobSv8XVhQ1eRowl3HSIswyDGUVdJfCODcu0k9w7AJTW+mAhkQcgTKn7fjix26dDrpsjOGh7U9B7DGNCcN4c+LKNcZc+Dnv+SO3MJldplFb8rBDhYDWc0fFPcCezgG5PnDmzIZdJCDdfZ9fqzVXZ/51Na89ti01rlqBJXo/3GM6D4FlsO+gzK1roHubhXCYxKQlmRlkkPIxiGgftY8fvo/2dRaMW9VFobTNeaJdmjWeHQTHOOkjlNBaiA0lPYirT20YiXAx+bzoweuJgbPMlZpdoGDpAK+ZHClhfQ2ZsWK7opLwGqmFzs09N2xfxOlAyXdwlmWgufkheF1ule2z+vW617DXQYSn4Ox4nXFmahVdhiSI/bdzNpjpUFDoIwinoH1WFfi7Rrw1Ixk6D2wkoHlpLrkBWQ5kF3xYAZxUv+8hSWn7XW1+S5+0Vh5/YPNUvmfOXXmbSc0DodhW1jqX4TB5BYdVWrKp6h9ElGX2ql85UGaohBmoGjd9JtC4iS/inGgesXDmWS4ygjZ27ihrLRtJO708s1Vu2EawN175BxqTyMaeKQBxPcj8orT/ExtUxYJ57/8dGdmrHUMgbUDS5JjkALR0bF+zHSqBHpO15YiAjBZkRzyG6d6FqpyK0OoedScgJhvJoCmmhfb2w2OQc7wwmYlNlDbEJWsxeL8ihvx8YrSYljLGw58QKKL7/TsF2aijYjxqcUJv0NUKDBvRTNx5h0PrsGwqy5PjC3ffeprXZHNJ1nvWivB9IAEuweULlUxP5MkoZL8fdX+ye6AdwmC0PmqgF/hUOEbfZjBLYA1p0W8nN6HAjjquor4qr1lEzZ5DHdL77NAKC7nJAiflAhYf95TU3bGoPgSfaD4Pn05OOq0ujPCnRk4gE0TXdWkQcfsgTKuZ81XnVB7OFFXbxaeI0x0H2UaGGIMGTNe&u=U2FsdGVkX19QvomZgp2NFdAb8OornvNkdhBHUcsTXH8G4YkhKv2muOsaDqUnMv4b&y=U2FsdGVkX1/B20hIy2X+GVKZhLP9NaDHGuSF8LlYbOzyDlxmFSNReCnE2EAiWkGK HTTP/1.1" 200 3304
186.102.13.184 - - [14/Apr/2022:14:57:54 -0500] "GET /kwssiamovil/sm/acme/a?s=U2FsdGVkX19k4QJ1pxjacJV4Y0tfh0YXmu+W95GlZwoy43eWFvAGb/48QW66jFYuJhEC3pfJ189U0JNM8g5I1/oLOnI8aVc+5XeC4bCQEMVNbNYOAuBfBIyeN9dpWKq72o0zNiO1ts249i/wB7s+wC2ybIm8SO0oz2b1aXgJje0=&u=U2FsdGVkX19QvomZgp2NFdAb8OornvNkdhBHUcsTXH8G4YkhKv2muOsaDqUnMv4b&y=U2FsdGVkX1/B20hIy2X+GVKZhLP9NaDHGuSF8LlYbOzyDlxmFSNReCnE2EAiWkGK HTTP/1.1" 200 355
186.102.13.184 - - [14/Apr/2022:14:57:54 -0500] "GET /kwssiamovil/sm/acme/a?s=U2FsdGVkX18/F4m7x1kw1tqVh/kg2Tnb2NZzRSLsCcfMZ2RYrrE9uFvO9pKDWXOV0xyaHS1xvKrcMLhWR+6B2jPrr1nIT8A7YdayFjpfjHhDoywUBNpw24EzqNBLVxupa7n4Z96jbRxmF3rN8eOYIJkoU1wuU8oC5UBzueSL8kY=&u=U2FsdGVkX19QvomZgp2NFdAb8OornvNkdhBHUcsTXH8G4YkhKv2muOsaDqUnMv4b&y=U2FsdGVkX1/B20hIy2X+GVKZhLP9NaDHGuSF8LlYbOzyDlxmFSNReCnE2EAiWkGK HTTP/1.1" 200 349
186.102.13.184 - - [14/Apr/2022:14:57:55 -0500] "GET /kwssiamovil/sm/acme/a?s=U2FsdGVkX1+qC+Ol0FC6dB2TmphoHuKFHBnJLwyhLuaS1cv3a/vpfyICfY8YtxFInvbSTzmwL1ySpTm9c4bR1Hmq9JZJKB1p2/X5gNotBBpzxZay37QMOht6M6eADeOloxIyw/vRnPXRBdOpv8pWyonxlOeOOqWAsucqQ7APUhI=&u=U2FsdGVkX19QvomZgp2NFdAb8OornvNkdhBHUcsTXH8G4YkhKv2muOsaDqUnMv4b&y=U2FsdGVkX1/B20hIy2X+GVKZhLP9NaDHGuSF8LlYbOzyDlxmFSNReCnE2EAiWkGK HTTP/1.1" 200 349
186.102.13.184 - - [14/Apr/2022:14:57:55 -0500] "GET /kwssiamovil/sm/acme/a?s=U2FsdGVkX199DqfIyl5PKvKskZpycQtOADh8d/XeDutyceZ0cTmqUlfbQPbMHoKBIZIL8UM1cGjmnIwCiiWtzmqRNp7v76v0XEZxEM8k4RHY2f3WRU0WOmPS8vLvEgImVRIjSYu15hI2J71uFl9icq0DH2vPW50ZF6DPLEOEr/zaPRgSvjASJObfI7lQ5NKNiFoepM/bhC7eW7iD0GwpdQ==&u=U2FsdGVkX19QvomZgp2NFdAb8OornvNkdhBHUcsTXH8G4YkhKv2muOsaDqUnMv4b&y=U2FsdGVkX1/B20hIy2X+GVKZhLP9NaDHGuSF8LlYbOzyDlxmFSNReCnE2EAiWkGK HTTP/1.1" 200 426
216.245.221.92 - - [14/Apr/2022:15:00:30 -0500] "HEAD / HTTP/1.1" 200 -
172.22.2.4 - - [14/Apr/2022:14:59:08 -0500] "HEAD /BLA/boletinlegal/ HTTP/1.1" 200 -
172.22.2.4 - - [14/Apr/2022:14:59:25 -0500] "GET /BLA/boletinlegal/ HTTP/1.1" 200 49718
161.18.165.145 - - [14/Apr/2022:15:01:12 -0500] "GET /BLA/resoluciones/index.php?dir=AUTOS+2016%2F HTTP/1.1" 200 324613
172.22.2.4 - - [14/Apr/2022:14:59:58 -0500] "GET /BLA/boletinlegal/ HTTP/1.1" 200 56669
161.18.165.145 - - [14/Apr/2022:15:01:44 -0500] "GET /BLA/resoluciones/index.php?dir=AUTOS+2010%2F HTTP/1.1" 200 106443
161.18.165.145 - - [14/Apr/2022:15:01:44 -0500] "GET /BLA/resoluciones/index.php?dir=AUTOS+2010%2F HTTP/1.1" 200 274821
66.249.65.13 - - [14/Apr/2022:15:02:16 -0500] "-" 408 -
172.22.2.4 - - [14/Apr/2022:15:03:03 -0500] "GET /BLA/boletinlegal/style.css HTTP/1.1" 200 9406
172.22.2.4 - - [14/Apr/2022:15:03:03 -0500] "GET /BLA/boletinlegal/styles2.css HTTP/1.1" 200 1838
172.22.2.4 - - [14/Apr/2022:15:03:03 -0500] "GET /BLA/boletinlegal/js/jquery.js HTTP/1.1" 200 57254
172.22.2.4 - - [14/Apr/2022:15:03:03 -0500] "GET /BLA/boletinlegal/js/jquery.scrollTo-min.js HTTP/1.1" 200 1150
172.22.2.4 - - [14/Apr/2022:15:03:03 -0500] "GET /BLA/boletinlegal/js/jquery.scrollShow.js HTTP/1.1" 200 4586
172.22.2.4 - - [14/Apr/2022:15:03:03 -0500] "GET /BLA/boletinlegal/images/cabezote%20BLEGAL.jpg HTTP/1.1" 200 118164
172.22.2.4 - - [14/Apr/2022:15:03:03 -0500] "GET /BLA/boletinlegal/images/historia.png HTTP/1.1" 200 52775
172.22.2.4 - - [14/Apr/2022:15:03:03 -0500] "GET /BLA/boletinlegal/images/subscribe-icon-big.png HTTP/1.1" 200 47702
172.22.2.4 - - [14/Apr/2022:15:03:03 -0500] "GET /BLA/boletinlegal/images/arr_l.jpg HTTP/1.1" 200 1979
172.22.2.4 - - [14/Apr/2022:15:03:03 -0500] "GET /BLA/boletinlegal/images/registro-usuarios.png HTTP/1.1" 200 8106
172.22.2.4 - - [14/Apr/2022:15:03:03 -0500] "GET /BLA/boletinlegal/images/launch.jpg HTTP/1.1" 200 14577
172.22.2.4 - - [14/Apr/2022:15:03:03 -0500] "GET /BLA/boletinlegal/images/screen_1.png HTTP/1.1" 200 202547
172.22.2.4 - - [14/Apr/2022:15:03:03 -0500] "GET /BLA/boletinlegal/images/body_bg.jpg HTTP/1.1" 200 1601
172.22.2.4 - - [14/Apr/2022:15:03:03 -0500] "GET /BLA/boletinlegal/images/bg_top.jpg HTTP/1.1" 200 522
172.22.2.4 - - [14/Apr/2022:15:03:03 -0500] "GET /BLA/boletinlegal/images/hover.jpg HTTP/1.1" 200 640
172.22.2.4 - - [14/Apr/2022:15:03:03 -0500] "GET /BLA/boletinlegal/images/menu_bg.jpg HTTP/1.1" 200 620
172.22.2.4 - - [14/Apr/2022:15:03:03 -0500] "GET /BLA/boletinlegal/images/text.jpg HTTP/1.1" 200 568
172.22.2.4 - - [14/Apr/2022:15:03:03 -0500] "GET /BLA/boletinlegal/images/menu_rght.gif HTTP/1.1" 200 1627
172.22.2.4 - - [14/Apr/2022:15:03:03 -0500] "GET /BLA/boletinlegal/images/menu_lft.gif HTTP/1.1" 200 1713
172.22.2.4 - - [14/Apr/2022:15:03:10 -0500] "GET /BLA/boletinlegal/images/screen_2.png HTTP/1.1" 200 362502
172.22.2.4 - - [14/Apr/2022:15:03:10 -0500] "GET /BLA/boletinlegal/images/screen_3.png HTTP/1.1" 200 210620
172.22.2.4 - - [14/Apr/2022:15:03:10 -0500] "GET /BLA/boletinlegal/images/screen_5.png HTTP/1.1" 200 368876
172.22.2.4 - - [14/Apr/2022:15:03:10 -0500] "GET /BLA/boletinlegal/images/arr_r.jpg HTTP/1.1" 200 1998
172.22.2.4 - - [14/Apr/2022:15:03:10 -0500] "GET /BLA/boletinlegal/images/footer_bg.jpg HTTP/1.1" 200 586
172.22.2.4 - - [14/Apr/2022:15:03:14 -0500] "GET /BLA/boletinlegal/sugerencias.php HTTP/1.1" 200 8615
172.22.2.4 - - [14/Apr/2022:15:03:14 -0500] "GET /BLA/boletinlegal/images/tel.png HTTP/1.1" 200 14477
172.22.2.4 - - [14/Apr/2022:15:03:14 -0500] "GET /BLA/boletinlegal/images/icono-email.png HTTP/1.1" 200 5544
172.22.2.4 - - [14/Apr/2022:15:03:14 -0500] "GET /BLA/boletinlegal/images/footer_bg_l.jpg HTTP/1.1" 200 776
172.22.2.4 - - [14/Apr/2022:15:03:14 -0500] "GET /BLA/boletinlegal/favicon.ico HTTP/1.1" 404 1338
172.22.2.4 - - [14/Apr/2022:15:03:21 -0500] "GET /BLA/boletinlegal/normativa.php HTTP/1.1" 200 8292
172.22.2.4 - - [14/Apr/2022:15:03:22 -0500] "GET /BLA/boletinlegal/js/ajax_normativa.js HTTP/1.1" 200 1154
172.22.2.4 - - [14/Apr/2022:15:03:22 -0500] "GET /BLA/boletinlegal/niceforms-default.css HTTP/1.1" 200 6694
172.22.2.4 - - [14/Apr/2022:15:03:22 -0500] "GET /BLA/boletinlegal/niceforms.js HTTP/1.1" 200 22876
172.22.2.4 - - [14/Apr/2022:15:03:22 -0500] "GET /BLA/boletinlegal/images/abajo.png HTTP/1.1" 200 96676
172.22.2.4 - - [14/Apr/2022:15:03:22 -0500] "GET /BLA/boletinlegal/img/0.png HTTP/1.1" 200 110
172.22.2.4 - - [14/Apr/2022:15:03:22 -0500] "GET /BLA/boletinlegal/img/select-left.png HTTP/1.1" 200 263
172.22.2.4 - - [14/Apr/2022:15:03:22 -0500] "GET /BLA/boletinlegal/img/select-right.png HTTP/1.1" 200 44019
172.22.2.4 - - [14/Apr/2022:15:03:22 -0500] "GET /BLA/boletinlegal/img/button-left.png HTTP/1.1" 200 57071
172.22.2.4 - - [14/Apr/2022:15:03:22 -0500] "GET /BLA/boletinlegal/img/button.png HTTP/1.1" 200 43241
172.22.2.4 - - [14/Apr/2022:15:03:22 -0500] "GET /BLA/boletinlegal/img/button-right.png HTTP/1.1" 200 57878
172.22.2.4 - - [14/Apr/2022:15:03:03 -0500] "GET /BLA/boletinlegal/ HTTP/1.1" 200 32715
181.237.58.219 - - [14/Apr/2022:15:03:49 -0500] "GET /documents/10184/2325415/pieza-concurso-buenas-practicas-20-septiembre.jpg HTTP/1.1" 404 1132
181.237.58.219 - - [14/Apr/2022:15:04:09 -0500] "GET /documents/10184/2325415/pieza-concurso-buenas-practicas-20-septiembre.jpg HTTP/1.1" 404 1132
40.77.167.73 - - [14/Apr/2022:15:04:25 -0500] "GET /BLA/resoluciones/index.php?dir=AUTOS+2019%2F HTTP/1.1" 200 342653
179.19.10.102 - - [14/Apr/2022:15:04:45 -0500] "GET /si-eres-mujer-y-te-gusta-el-cuidado-de-los-humedales-este-proceso-de-formacion-es-para-ti.html HTTP/1.1" 200 1025
179.19.10.102 - - [14/Apr/2022:15:04:45 -0500] "GET /images/pieza-mujeres-reverdecen-4-abril.jpg HTTP/1.1" 200 48916
186.102.13.184 - - [14/Apr/2022:15:05:16 -0500] "GET /kwssiamovil/sm/acme/a?s=U2FsdGVkX1+4dejqLa1/qQJh0vleJj22goKc2a/0amMmJYobDqep24olzpLxefb8nfCn2ctodkxpgyemAdMgUM9t4YWOkRTTtBj22JPB9I1Pa2cxaXPjERJbeLLkwpTV+iZyE+CYsvfYVkaEjPmW8QtWiH76Rqm75npnuyUpMOidq5eS/z3GfALUzm71uMbbGXFUF57KbRa5kPMGw4RL3kE1txG8Al7wVPWF44kq0jNK+yll/EYWAgAYqTV8S9HwaURR53oywT3eCHBaBfvJMg==&u=U2FsdGVkX19QvomZgp2NFdAb8OornvNkdhBHUcsTXH8G4YkhKv2muOsaDqUnMv4b&y=U2FsdGVkX1/B20hIy2X+GVKZhLP9NaDHGuSF8LlYbOzyDlxmFSNReCnE2EAiWkGK HTTP/1.1" 200 25
186.102.13.184 - - [14/Apr/2022:15:05:16 -0500] "GET /kwssiamovil/sm/acme/a?s=U2FsdGVkX18GCjmPPaVAznaGlG5+qTW+sGSJ/mM2jtRqs7Sdvyfc4UORomzXCI0EyjLNVR9bUGsOlMhGMPIY59doVSHfRK2tDz++QoRXpOrXFr9djeJ8OQ6xHe+ijao3bpA8/C4A6rXo1EHqzORN2oKZM9wm5juikG0Lektqcss+LdrckX87u61qs2uXniWSuOcrQ+ErNJDHbuJHmirt9Fq+wy4fpf9tTBgC226bafDUktXk7U6+BGkIx1lKynQpi6A3u3Nimotgef9FEh+YTpedncRp6JSmH3vOipMyiJQ5SjO34gAL8NXy9QZyThI5HRXvh36YqZBqlMdZ6p8D/HkHVFhIx83Gz7Yj/WfpTkw9o843X+UfU6jM25hNpYMhNGPkbHq9NIJg1T8qN4ncp2jsxexSJLBBLAy9V+T4CfOSlcY1Mefb+CC2ZgAouWVcqvSDfGJJXx/ZTNKevC8Q5vnSK9X7usIj8ZI4U8dh1W9uEqKuhQtUOrVShAoEs5JsUiL61ABFRFnTZuuns1cDGxqdlMWDwTCdtRBSPV2N5aMTxI1HKA80Zvf45stF4DE585+PJEM9Kp4/5KM0KqVpmV/f4pYkykUKMGiSFvo2F+baN0GUWszFH1W5uW4uMEeQxvMaaPqac8XwM5yg/cFsdXhD1xWpeKdR/+h+9qZI++/gHZcdDAqWqvULpuNjoJvJ9GEJfHQ7E8mbwM0HQPfyEKyoK3nUqZIz5Ek0eduzruHL5g2YU049mOjHwNmgdal18TwQjW1cgEptSycfWjlg9z/yr88qZNmgnwyIJnFBT5jG4BMHaCpF1DJqg4lfLc9peBAZJjVXxuYeuJMHGtd0IQg1YFEX/sTH9/hwUsD1LseF+42Y0th/tSZIVDImVHn00mrySJRq2It3whFx4FdZxQJK7uU4dq/d0WapR854UkCogPuvMg3x9jFnUZTkBhJm5aWflzNLjuIMFVOO1yqFx3eCJINEYrBZktUZ2wunTG0ZMzJ1DoJv/izKVXGr8rWFQPxvj3UeqmPZWDqO8bPdcFBkfs74V+5wkQebAiA95hSdiITNJVkDsFBllSOcsg20gUQKOyOfDvm0a+5GVV8SwwIvoNkJUQQOlW6AmPEbGabLv7E6k1KI0j9FvRqB++H+DceKJjqrtxYP+19nGJnJ9PL4nb7JUh6wVK0y7UbkoNvjbUM5lc9/M/qw6y8sHvJaOWN6wFKkd5AmRXw4a5+cLClQXAovmoplVfY3MlpLW7VQjwMaerVrTQCL9yalCB1PNDEkWdWfW5fuWlNE1yLhHp48h2us1ryIxkammJTUewrfMUJfhN+F10R8i3/PPZkBYL+ttcB5+NpUjAaiYkMbR3dGU/c6skWcK4qHQkDnf+I59s3KTZV5c/Sz95pqVrWHXk8CfiUeAfjn1Pg5u6/473wVqPeIjw/1FQrSuJp6hs6laesxbGENkC+i7CVCkJPuajof1HKM/pFDL17j56VJ1szu7JRp7oexUJrqQNRjuc+v66DUZcgHlh8o+UJ6aclP2skldD25Y0whx2RC4qcnnGjhbVyCCpJBMnd24dXYdo44SDQ2Txvrx8EyikpOOwfWFzJ2yzSqeWpvk9HnpyEv2Q==&u=U2FsdGVkX19QvomZgp2NFdAb8OornvNkdhBHUcsTXH8G4YkhKv2muOsaDqUnMv4b&y=U2FsdGVkX1/B20hIy2X+GVKZhLP9NaDHGuSF8LlYbOzyDlxmFSNReCnE2EAiWkGK HTTP/1.1" 200 25
186.102.13.184 - - [14/Apr/2022:15:05:17 -0500] "GET /kwssiamovil/sm/acme/a?s=U2FsdGVkX180M79cuJ7hCSyy5edLVdKbrsm80eipPRvAV5BLUD2U3Tn4kCk6y6Fqs0Gh9JY9JCSUKSdkbRyh7ZLB88PwmFTUR1aZEEtyJz7XXqosd10EMG+DHJDV2uvJwf2PgaWGJ9HGwQP04fVU5EzCe6IuJKKtqHzCtwg9Bak=&u=U2FsdGVkX19QvomZgp2NFdAb8OornvNkdhBHUcsTXH8G4YkhKv2muOsaDqUnMv4b&y=U2FsdGVkX1/B20hIy2X+GVKZhLP9NaDHGuSF8LlYbOzyDlxmFSNReCnE2EAiWkGK HTTP/1.1" 200 25
186.102.13.184 - - [14/Apr/2022:15:05:17 -0500] "GET /kwssiamovil/sm/acme/a?s=U2FsdGVkX19Tu2LO/xMzi30ZANmxeM7MO/wLZnFsAZS//7ujP/HMn9JWlprUKgS5YkyeN/VXqYBA1Pb5TWN/Lqd/qe+amy6nTHMXa8A6evxU0FhVHijl4oBOszC/GDJrf9WRPBy0/6RiBUIIZMmkiTLRtD4ZWESpl70FqT6mFlw=&u=U2FsdGVkX19QvomZgp2NFdAb8OornvNkdhBHUcsTXH8G4YkhKv2muOsaDqUnMv4b&y=U2FsdGVkX1/B20hIy2X+GVKZhLP9NaDHGuSF8LlYbOzyDlxmFSNReCnE2EAiWkGK HTTP/1.1" 200 25
186.102.13.184 - - [14/Apr/2022:15:05:17 -0500] "GET /kwssiamovil/sm/acme/a?s=U2FsdGVkX1/lIqsSYgyiVg1fTm1RhL+9gAyEzTDtdBwf5ghVX6kpqujoKMyeJNCtr2K7WgQiowUSEswG79ZvDH7qIsEyeDEQyruLl8Qdmj/WDKNShCSkU3YFkfL0hvYf/3HwNCQn0FTKYL600HGD8Iedk2jsXQgSy5tlj71BGAo=&u=U2FsdGVkX19QvomZgp2NFdAb8OornvNkdhBHUcsTXH8G4YkhKv2muOsaDqUnMv4b&y=U2FsdGVkX1/B20hIy2X+GVKZhLP9NaDHGuSF8LlYbOzyDlxmFSNReCnE2EAiWkGK HTTP/1.1" 200 25
186.102.13.184 - - [14/Apr/2022:15:05:18 -0500] "GET /kwssiamovil/sm/acme/a?s=U2FsdGVkX197PhKyEJU+WiiuIxMY+OWU+I1R0FbKVt21EYTTecL8JOMLUFni/eKXQSP7NteGqQ0ZqIEvTgx9P1x+Vf8w6aW5MXB8S/jXK0FxY3UmD2aPhQeAg6fOUoAxUhBI0dHqn4xB8r5e//oavpzwmw7Lq37lk+Y6s9zrBRUwDSSXeefr6nFMG9Zhs+Z3&u=U2FsdGVkX19QvomZgp2NFdAb8OornvNkdhBHUcsTXH8G4YkhKv2muOsaDqUnMv4b&y=U2FsdGVkX1/B20hIy2X+GVKZhLP9NaDHGuSF8LlYbOzyDlxmFSNReCnE2EAiWkGK HTTP/1.1" 200 25
179.19.10.102 - - [14/Apr/2022:15:05:24 -0500] "GET /si-eres-mujer-y-te-gusta-el-cuidado-de-los-humedales-este-proceso-de-formacion-es-para-ti.html HTTP/1.1" 200 1025
216.245.221.92 - - [14/Apr/2022:15:05:30 -0500] "HEAD / HTTP/1.1" 200 -
181.51.34.212 - - [14/Apr/2022:15:05:36 -0500] "GET /galeria/galeria/jquery.fancybox.js?v=2.1.5 HTTP/1.1" 200 48706
181.51.34.212 - - [14/Apr/2022:15:05:36 -0500] "GET /BLA/boletinlegal/js/jquery.scrollShow.js HTTP/1.1" 200 4586
181.51.34.212 - - [14/Apr/2022:15:05:36 -0500] "GET /galeria/galeria/jquery.fancybox.css?v=2.1.5 HTTP/1.1" 200 4895
181.51.34.212 - - [14/Apr/2022:15:05:37 -0500] "GET /galeria/carrusel/Carrusel/jquery.thumbnailScroller.css HTTP/1.1" 200 2066
181.51.34.212 - - [14/Apr/2022:15:05:38 -0500] "GET /galeria/carrusel/Carrusel/jquery-ui-1.8.13.custom.min.js HTTP/1.1" 200 10800
181.51.34.212 - - [14/Apr/2022:15:05:38 -0500] "GET /galeria/carrusel/Carrusel/jquery.thumbnailScroller.js HTTP/1.1" 200 8157
181.51.34.212 - - [14/Apr/2022:15:05:38 -0500] "GET /galeria/nivo-slider/demo/banner.html HTTP/1.1" 200 5446
181.51.34.212 - - [14/Apr/2022:15:05:38 -0500] "GET /galeria/nivo-slider/demo/scripts/jquery-1.7.1.min.js HTTP/1.1" 200 93868
181.51.34.212 - - [14/Apr/2022:15:05:38 -0500] "GET /galeria/nivo-slider/jquery.nivo.slider.pack.js HTTP/1.1" 200 11561
181.51.34.212 - - [14/Apr/2022:15:05:38 -0500] "GET /galeria/nivo-slider/themes/default/default.css HTTP/1.1" 200 1569
181.51.34.212 - - [14/Apr/2022:15:05:39 -0500] "GET /galeria/nivo-slider/nivo-slider.css HTTP/1.1" 200 1507
181.51.34.212 - - [14/Apr/2022:15:05:39 -0500] "GET /galeria/nivo-slider/themes/orman/orman.css HTTP/1.1" 200 2152
181.51.34.212 - - [14/Apr/2022:15:05:39 -0500] "GET /galeria/nivo-slider/themes/pascal/pascal.css HTTP/1.1" 200 2258
181.51.34.212 - - [14/Apr/2022:15:05:39 -0500] "GET /galeria/nivo-slider/demo/style.css HTTP/1.1" 200 2222
181.51.34.212 - - [14/Apr/2022:15:05:39 -0500] "GET /galeria/nivo-slider/demo/images/bannerresiduoshospitalariosagosto.jpg HTTP/1.1" 200 36499
181.51.34.212 - - [14/Apr/2022:15:05:39 -0500] "GET /galeria/nivo-slider/demo/images/bannercapacitacionesbogota.jpg HTTP/1.1" 200 42416
181.51.34.212 - - [14/Apr/2022:15:05:39 -0500] "GET /galeria/nivo-slider/demo/images/banneraccionpopularcrr68.jpg HTTP/1.1" 200 51887
181.51.34.212 - - [14/Apr/2022:15:05:39 -0500] "GET /galeria/nivo-slider/demo/images/Bannervirtualescanales.jpg HTTP/1.1" 200 174544
181.51.34.212 - - [14/Apr/2022:15:05:39 -0500] "GET /galeria/nivo-slider/demo/images/banneraccionpopular.jpeg HTTP/1.1" 200 41707
181.51.34.212 - - [14/Apr/2022:15:05:41 -0500] "GET /galeria/nivo-slider/demo/images/Bannersedeelectronica.jpg HTTP/1.1" 200 40383
181.51.34.212 - - [14/Apr/2022:15:05:42 -0500] "GET /galeria/nivo-slider/demo/images/Bannerenvases.jpg HTTP/1.1" 200 37316
181.51.34.212 - - [14/Apr/2022:15:05:42 -0500] "GET /galeria/nivo-slider/demo/images/bannerclases2021.jpg HTTP/1.1" 200 68230
181.51.34.212 - - [14/Apr/2022:15:05:42 -0500] "GET /galeria/nivo-slider/demo/images/banneraire2021.jpg HTTP/1.1" 200 265101
181.51.34.212 - - [14/Apr/2022:15:05:42 -0500] "GET /galeria/nivo-slider/demo/images/bannerrutaesperanza.jpg HTTP/1.1" 200 55560
181.51.34.212 - - [14/Apr/2022:15:05:42 -0500] "GET /galeria/nivo-slider/demo/images/Bannerplasticosseptiembre.jpg HTTP/1.1" 200 45633
181.51.34.212 - - [14/Apr/2022:15:05:42 -0500] "GET /galeria/nivo-slider/demo/images/4Simple_Slider.png HTTP/1.1" 200 11722
181.51.34.212 - - [14/Apr/2022:15:05:42 -0500] "GET /galeria/nivo-slider/themes/default/loading.gif HTTP/1.1" 200 1737
181.51.34.212 - - [14/Apr/2022:15:05:43 -0500] "GET /galeria/nivo-slider/demo/images/bannertortuga_optimized.jpg HTTP/1.1" 200 39066
181.51.34.212 - - [14/Apr/2022:15:05:43 -0500] "GET /galeria/nivo-slider/demo/images/Bannermujeresquereverdecen.jpg HTTP/1.1" 200 46558
181.51.34.212 - - [14/Apr/2022:15:05:43 -0500] "GET /galeria/nivo-slider/demo/images/bannertrafico_optimized.jpg HTTP/1.1" 200 42578
181.51.34.212 - - [14/Apr/2022:15:05:47 -0500] "GET /galeria/nivo-slider/themes/default/bullets.png HTTP/1.1" 200 1281
181.51.34.212 - - [14/Apr/2022:15:05:47 -0500] "GET /galeria/nivo-slider/themes/default/arrows.png HTTP/1.1" 200 824
172.22.2.4 - - [14/Apr/2022:15:04:58 -0500] "HEAD /BLA/boletinlegal/ HTTP/1.1" 200 -
172.22.2.4 - - [14/Apr/2022:15:05:48 -0500] "GET /BLA/boletinlegal/ HTTP/1.1" 200 60105
172.22.2.4 - - [14/Apr/2022:15:07:20 -0500] "GET /BLA/boletinlegal/ HTTP/1.1" 200 24523
66.249.73.135 - - [14/Apr/2022:15:08:43 -0500] "-" 408 -
66.249.65.13 - - [14/Apr/2022:15:09:38 -0500] "-" 408 -
216.245.221.92 - - [14/Apr/2022:15:10:30 -0500] "HEAD / HTTP/1.1" 200 -
173.252.95.19 - - [14/Apr/2022:15:11:54 -0500] "GET /secretaria-de-ambiente-rechaza-actos-que-habrian-podido-afectar-la-fauna-y-flora-en-el-humedal-jaboque.html HTTP/1.1" 206 1121
173.252.95.24 - - [14/Apr/2022:15:11:54 -0500] "GET /secretaria-de-ambiente-rechaza-actos-que-habrian-podido-afectar-la-fauna-y-flora-en-el-humedal-jaboque.html HTTP/1.1" 206 1121
172.22.2.4 - - [14/Apr/2022:15:10:48 -0500] "HEAD /BLA/boletinlegal/ HTTP/1.1" 200 -
186.84.22.193 - - [14/Apr/2022:15:12:54 -0500] "GET /BLA/resoluciones/index.php?dir=AUTOS+2011%2F HTTP/1.1" 200 625660
172.22.2.4 - - [14/Apr/2022:15:11:38 -0500] "GET /BLA/boletinlegal/ HTTP/1.1" 200 56300
185.104.62.206 - - [14/Apr/2022:15:14:31 -0500] "GET / HTTP/1.1" 200 319
181.237.58.219 - - [14/Apr/2022:15:14:39 -0500] "GET /documents/10184/2325415/pieza-concurso-buenas-practicas-20-septiembre.jpg HTTP/1.1" 404 1132
181.237.58.219 - - [14/Apr/2022:15:15:17 -0500] "GET /documents/10184/2325415/pieza-concurso-buenas-practicas-20-septiembre.jpg HTTP/1.1" 404 1132
216.245.221.92 - - [14/Apr/2022:15:15:30 -0500] "HEAD / HTTP/1.1" 200 -
66.249.65.13 - - [14/Apr/2022:15:15:47 -0500] "-" 408 -
185.142.236.43 - - [14/Apr/2022:15:16:20 -0500] "GET / HTTP/1.1" 200 319
185.142.236.43 - - [14/Apr/2022:15:16:28 -0500] "GET /sitemap.xml HTTP/1.1" 404 1018
185.142.236.43 - - [14/Apr/2022:15:16:29 -0500] "GET /.well-known/security.txt HTTP/1.1" 404 1018
185.142.236.43 - - [14/Apr/2022:15:16:30 -0500] "GET /favicon.ico HTTP/1.1" 200 7782
35.233.62.116 - - [14/Apr/2022:15:16:46 -0500] "GET / HTTP/1.1" 200 319
157.55.39.132 - - [14/Apr/2022:15:16:53 -0500] "-" 408 -
186.102.13.184 - - [14/Apr/2022:15:17:46 -0500] "GET /kwssiamovil/sm/acme/a?s=U2FsdGVkX1+JaFZlfURNZmqUaWLT5rb+LVzxvacq1/zI/g3YsR73tQJnEnvJGx8xmvl0vhTLv7xpuKP8Jpk8VcO1XXlI3TSkuesx02rueZtyJo7tCQ1EvuYBABPnlXQiwOGIITZcu8uKJ+nlznrFcUUTtHlBaCdwVrTQbLYXuHt+CUqt6H4QaOMbs0qYMY9iXNwtVnrKKDZKj4cAhmcfEJD2j58J7IGpt5T6GuvjCS3WFIRYcM+Uzld46M5Gl/4/xhtv1d7KA+kF8WRgwrqqKw==&u=U2FsdGVkX19QvomZgp2NFdAb8OornvNkdhBHUcsTXH8G4YkhKv2muOsaDqUnMv4b&y=U2FsdGVkX1/B20hIy2X+GVKZhLP9NaDHGuSF8LlYbOzyDlxmFSNReCnE2EAiWkGK HTTP/1.1" 200 25
186.102.13.184 - - [14/Apr/2022:15:17:47 -0500] "GET /kwssiamovil/sm/acme/a?s=U2FsdGVkX1/KftH6oudEzbr9umXRnMcNXf9MFv4SGjp1fzkeHFGnhl+70DjJ+7i0Sd/yiDrhZf8lZzk35YyGwQS/LeSG/nZGaT5xJdsv+PSUALnTWtzUNruQ0Fw4ZXUYd7OBOGbFFZv/bpF8jUejHfjrJPLtxOOi7OP4WDlCmLAk5Fui1rO+3jr5Ob+4k8yzru33MpVIdppopGoYZWsdqaE7/6msYAJ4ortS4fzp0aXUi+FDZDYnUi9tf9aTQ/W1kowQvz9GrxL9RjuHE9WF7YdpPaAMaBdd2fOpWCUPrPXMQNR5TNEgXRiEhZvcG8pp2uSxk1kv8aAe5EmEKoaaLmi9PrF3RrnIAaBZVMEnzQuPBvkgpyQpxV46kOGnTQpZlsVCy49EeS7Jo7qmA5KIKkKziCx8qfM2z5BkGchLMtJIui8G/nzyOPiFXckpVuEO47x9/GTKAD1jWVtssSbpNMV6BTgEH/E4zqCklD61UsK0vFxhC6Xz93ilsWJs9Z8FaFCZ4qrvTisGwxRHimeOKs5EFoPqtR2Fm82KFY1HDAgbS7+HRRFeaPFQkdymWO8W1yvK36eFwHAm70THpu1wKBkylFiF6kg5GLClX5ZTUMCFTGvfEeGnn1RcAMCH39x0XGrxXcSwVHQVfKbPoXFFjaui1+f90N/e6oIYas4tFvyPGAWWhSlcmXUbMejjhdBjgsxuvADVh/ClR73waj+zfEBimSps21XBEPAWskE5lU2FkCrrKmpto+sW3TKtymWZVegjWE8Z7LWH5YteE+HVV/Ww7zZks4Z8d8H0PLzdqkGaVIQmY9aYHmKlUSE3CKdt/GIsQa1Qj0nsDJk5IFOFziiBIYknEMKIb8+AAc0gVwqTGSPvsyolerWacWTEBgGT/5y6USQY0Mn1sB9yT4wXPzLp9Fc/mY3cUneQvc8TN1oOBIwNCPzvgGAPZCMzFbObUdbzywEaI2eH00Ek/kC2SUvmv1rx9yHAJBOsq9Kj2JVWjrXcy2qvLNTAKQZYORXs+WU3Neu5FnbfoxzdbrjaKx7xONDfvv6wZNc69aXcRDFJl0Hr8ykX/9Y/vBZAV5lf0PKX5fAIdd+KzSDQkTKcIPttFuFn9jfqQ4ehAP5zDhr0V+n1uRTR/u17cbbii9ZXbmaCt12dcUxK66KHmJbtkffO3DcPqZRTDKt0L3GWHI+0X8my794mWDJIT0DHjvU/UtN7Ce/yrhEuRl8zVcxunn+sbkCanFJKyvmo4bsblmzj5zj1MDkJgTbSc50KBQiODvW5rSGjOmIKkthmqZ0MrkSsRhdxzOvgx9LTEV/DpuyXsogesQSqSkpH/iV8hzH6QIGkXNbw+XEfkZfaShRuKT4OnzMwGuY5kOaBZRQgW+r/6UlypXa8/ssO7PAx1QY+oA3PdeFaBK1J7ZS97KGkxG1D2/ID0nv4HAejKMUBRVCsY1HlvuXUPYp5HSMO2TKzifUDoLe6UWsujcgE/ngH2gHLolCuyb6l+QciU/3289BwO5lNvD6KWM0QQqoytYG2mfHxDp9Z5sGVE1lrBHH86q9yNxEQgD6vhbiFrflXP/2SOpIcM9uPHHL+fWJFQYs8I9JUYzZK+2VcP+gxnbrE63ToTlj9Q2aewCCcDgL7ndEx8NONVyakZkeKsIxNkuKgqzwfNRnx3Tcd6yEdFIA96f0GlUMC5Jt2zlTonggn5HY=&u=U2FsdGVkX19QvomZgp2NFdAb8OornvNkdhBHUcsTXH8G4YkhKv2muOsaDqUnMv4b&y=U2FsdGVkX1/B20hIy2X+GVKZhLP9NaDHGuSF8LlYbOzyDlxmFSNReCnE2EAiWkGK HTTP/1.1" 200 25
186.102.13.184 - - [14/Apr/2022:15:17:47 -0500] "GET /kwssiamovil/sm/acme/a?s=U2FsdGVkX1/Nc0sl5/87VSZQ+XgZ9TyYgYXpp3yKQAhdMNwGb47pfwRCXeuCjoReaVpbVGne5rVS8z1h6M/QVZqOCgw+c+4FS3w6YVDi5dG3l/+Wmbn1F3djliubH+zZtvwhlk6wzXTUVCJntEW68ndlQXRApJBofItpzfFcsyI=&u=U2FsdGVkX19QvomZgp2NFdAb8OornvNkdhBHUcsTXH8G4YkhKv2muOsaDqUnMv4b&y=U2FsdGVkX1/B20hIy2X+GVKZhLP9NaDHGuSF8LlYbOzyDlxmFSNReCnE2EAiWkGK HTTP/1.1" 200 25
186.102.13.184 - - [14/Apr/2022:15:17:47 -0500] "GET /kwssiamovil/sm/acme/a?s=U2FsdGVkX19xE+RUxsM/GLPX8lcnl6kHjyJKS3tlKw83b+Ed8UMeGZDo8xR6YCSRk0/FeKoQZOH+Tc1zPuO61EJf4n5K0rIpumcdq3a1KrdgPhlwGXirNyhdYC0Ycln77AD2KX/NG0xerPuYEKGWiKxKo3B8kyJTFsBy9G4/CS4=&u=U2FsdGVkX19QvomZgp2NFdAb8OornvNkdhBHUcsTXH8G4YkhKv2muOsaDqUnMv4b&y=U2FsdGVkX1/B20hIy2X+GVKZhLP9NaDHGuSF8LlYbOzyDlxmFSNReCnE2EAiWkGK HTTP/1.1" 200 25
186.102.13.184 - - [14/Apr/2022:15:17:47 -0500] "GET /kwssiamovil/sm/acme/a?s=U2FsdGVkX1/qJAztz2ScoTYEzcPeUVffxncfz5m+SqfM89azTZs0BRfDkW4Marpq30IUuJykJob0YaouBKTMA2yNo1y6nFndxp4IMshCCQNK+jGepugm1d2+Ec3X97TUrMhpnAcGU/uQkYL7jE3wYbT13B2lR6/TpvgnNgp87PM=&u=U2FsdGVkX19QvomZgp2NFdAb8OornvNkdhBHUcsTXH8G4YkhKv2muOsaDqUnMv4b&y=U2FsdGVkX1/B20hIy2X+GVKZhLP9NaDHGuSF8LlYbOzyDlxmFSNReCnE2EAiWkGK HTTP/1.1" 200 25
186.102.13.184 - - [14/Apr/2022:15:17:48 -0500] "GET /kwssiamovil/sm/acme/a?s=U2FsdGVkX18Hayc9kZcMboE57sKh+uDe7c7+I+dNFIQwOKhtmEpuj5CobDJ7dYsDljuiaqdRYXWk2bydOmkqoqb1PrnkF5AiGzQzTZ8WS8HQnBE+33a1ZJpGPCp9PACIom2Dwi8ywid0KsvUwmO9/2V3zeFq9h9hFM4iZBz5LKBUu7nhu21tQOt9J12rrHZv&u=U2FsdGVkX19QvomZgp2NFdAb8OornvNkdhBHUcsTXH8G4YkhKv2muOsaDqUnMv4b&y=U2FsdGVkX1/B20hIy2X+GVKZhLP9NaDHGuSF8LlYbOzyDlxmFSNReCnE2EAiWkGK HTTP/1.1" 200 25
172.22.2.4 - - [14/Apr/2022:15:16:38 -0500] "HEAD /BLA/boletinlegal/ HTTP/1.1" 200 -
172.22.2.4 - - [14/Apr/2022:15:17:28 -0500] "GET /BLA/boletinlegal/ HTTP/1.1" 200 60932
216.245.221.92 - - [14/Apr/2022:15:20:30 -0500] "HEAD / HTTP/1.1" 200 -
186.84.22.193 - - [14/Apr/2022:15:21:53 -0500] "GET /BLA/resoluciones/index.php?dir=AUTOS+2014%2F HTTP/1.1" 200 873900
172.22.2.4 - - [14/Apr/2022:15:22:05 -0500] "GET /BLA/boletinlegal/jurisprudencia/analisis/AnalisisT-095-16.docx HTTP/1.1" 304 -
66.249.65.13 - - [14/Apr/2022:15:22:38 -0500] "-" 408 -
201.245.192.253 - - [14/Apr/2022:15:22:34 -0500] "POST /kwsrmcab/Wsrmcab HTTP/1.1" 200 44993
192.99.44.57 - - [14/Apr/2022:15:23:44 -0500] "GET /en-semana-santa-no-uses-palmas-ni-traigas-o-consumas-animales-silvestres.html HTTP/1.1" 200 959
181.56.238.49 - - [14/Apr/2022:15:24:07 -0500] "GET /BLA/resoluciones/ HTTP/1.1" 200 13093
172.22.2.4 - - [14/Apr/2022:15:22:28 -0500] "HEAD /BLA/boletinlegal/ HTTP/1.1" 200 -
181.56.238.49 - - [14/Apr/2022:15:24:10 -0500] "GET /BLA/resoluciones/index.php?dir=RESOLUCIONES+2012%2F HTTP/1.1" 200 140066
201.245.192.253 - - [14/Apr/2022:15:23:23 -0500] "POST /kwsrmcab/Wsrmcab HTTP/1.1" 200 45330
181.56.238.49 - - [14/Apr/2022:15:24:15 -0500] "GET /BLA/resoluciones/RESOLUCIONES%202012/1146.pdf HTTP/1.1" 200 323011
181.56.238.49 - - [14/Apr/2022:15:24:19 -0500] "GET /BLA/resoluciones/ HTTP/1.1" 200 13093
181.56.238.49 - - [14/Apr/2022:15:24:25 -0500] "GET /BLA/resoluciones/index.php?dir=RESOLUCIONES+2012%2F HTTP/1.1" 200 140066
172.22.2.4 - - [14/Apr/2022:15:23:18 -0500] "GET /BLA/boletinlegal/ HTTP/1.1" 200 58588
216.245.221.92 - - [14/Apr/2022:15:25:30 -0500] "HEAD / HTTP/1.1" 200 -
172.22.2.4 - - [14/Apr/2022:15:27:03 -0500] "GET /BLA/boletinlegal/images/img_3.jpg HTTP/1.1" 304 -
66.249.65.13 - - [14/Apr/2022:15:29:07 -0500] "-" 408 -
172.22.2.4 - - [14/Apr/2022:15:28:18 -0500] "HEAD /BLA/boletinlegal/ HTTP/1.1" 200 -
216.245.221.92 - - [14/Apr/2022:15:30:30 -0500] "HEAD / HTTP/1.1" 200 -
172.22.2.4 - - [14/Apr/2022:15:29:08 -0500] "GET /BLA/boletinlegal/ HTTP/1.1" 200 58588
201.245.192.253 - - [14/Apr/2022:15:32:34 -0500] "POST /kwsrmcab/Wsrmcab HTTP/1.1" 200 44993
201.245.192.253 - - [14/Apr/2022:15:33:23 -0500] "POST /kwsrmcab/Wsrmcab HTTP/1.1" 200 45330
186.84.22.193 - - [14/Apr/2022:15:35:26 -0500] "GET /BLA/resoluciones/index.php?dir=AUTOS+2013%2F HTTP/1.1" 200 405472
216.245.221.92 - - [14/Apr/2022:15:35:30 -0500] "HEAD / HTTP/1.1" 200 -
186.86.36.164 - - [14/Apr/2022:15:35:30 -0500] "GET /BLA/resoluciones/dlf/styles.css HTTP/1.1" 200 3049
186.86.36.164 - - [14/Apr/2022:15:35:30 -0500] "GET /BLA/resoluciones/dlf/dirup.png HTTP/1.1" 200 644
186.86.36.164 - - [14/Apr/2022:15:35:30 -0500] "GET /BLA/resoluciones/dlf/pdf.gif HTTP/1.1" 200 272
186.86.36.164 - - [14/Apr/2022:15:35:30 -0500] "GET /BLA/resoluciones/dlf/unknown.png HTTP/1.1" 200 266
186.86.36.164 - - [14/Apr/2022:15:35:30 -0500] "GET /BLA/resoluciones/dlf/bg.gif HTTP/1.1" 200 54
186.86.36.164 - - [14/Apr/2022:15:35:30 -0500] "GET /BLA/resoluciones/index.php?dir=AUTOS+2021%2F HTTP/1.1" 200 360047
172.22.2.4 - - [14/Apr/2022:15:34:08 -0500] "HEAD /BLA/boletinlegal/ HTTP/1.1" 200 -
186.86.36.164 - - [14/Apr/2022:15:36:03 -0500] "GET /BLA/resoluciones/index.php?dir= HTTP/1.1" 200 13093
186.86.36.164 - - [14/Apr/2022:15:36:04 -0500] "GET /BLA/resoluciones/dlf/folder.png HTTP/1.1" 200 410
186.86.36.164 - - [14/Apr/2022:15:36:05 -0500] "GET /BLA/resoluciones/index.php?dir=AUTOS+2020%2F HTTP/1.1" 200 322415
66.249.65.13 - - [14/Apr/2022:15:36:06 -0500] "-" 408 -
186.84.22.193 - - [14/Apr/2022:15:36:12 -0500] "GET /BLA/resoluciones/index.php?dir=AUTOS+2014%2F HTTP/1.1" 200 873900
172.22.2.4 - - [14/Apr/2022:15:34:58 -0500] "GET /BLA/boletinlegal/ HTTP/1.1" 200 58588
200.118.60.158 - - [14/Apr/2022:15:36:47 -0500] "GET /forest/ HTTP/1.1" 200 12041
200.118.60.158 - - [14/Apr/2022:15:37:06 -0500] "POST /forest/index.php HTTP/1.1" 200 12268
172.22.2.4 - - [14/Apr/2022:15:35:58 -0500] "GET /BLA/boletinlegal/ HTTP/1.1" 200 56669
216.245.221.92 - - [14/Apr/2022:15:40:30 -0500] "HEAD / HTTP/1.1" 200 -
172.22.2.4 - - [14/Apr/2022:15:40:56 -0500] "GET /BLA/boletinlegal/apple-touch-icon-precomposed.png HTTP/1.1" 404 1140
172.22.2.4 - - [14/Apr/2022:15:40:56 -0500] "GET /BLA/boletinlegal/apple-touch-icon.png HTTP/1.1" 404 1140
172.22.2.4 - - [14/Apr/2022:15:40:56 -0500] "GET /BLA/boletinlegal/favicon.ico HTTP/1.1" 404 1140
172.22.2.4 - - [14/Apr/2022:15:41:15 -0500] "GET /BLA/boletinlegal/apple-touch-icon-precomposed.png HTTP/1.1" 404 1140
172.22.2.4 - - [14/Apr/2022:15:41:15 -0500] "GET /BLA/boletinlegal/apple-touch-icon.png HTTP/1.1" 404 1140
172.22.2.4 - - [14/Apr/2022:15:41:15 -0500] "GET /BLA/boletinlegal/favicon.ico HTTP/1.1" 404 1140
186.84.22.193 - - [14/Apr/2022:15:41:16 -0500] "GET /BLA/resoluciones/index.php?dir=AUTOS+2011%2F HTTP/1.1" 200 625660
172.22.2.4 - - [14/Apr/2022:15:39:58 -0500] "HEAD /BLA/boletinlegal/ HTTP/1.1" 200 -
172.22.2.4 - - [14/Apr/2022:15:41:50 -0500] "GET /BLA/boletinlegal/jurisprudencia/analisis/cuadro%20sentencia%20t-299%20de%202008.doc HTTP/1.1" 200 40960
66.249.65.13 - - [14/Apr/2022:15:42:02 -0500] "-" 408 -
172.22.2.4 - - [14/Apr/2022:15:40:25 -0500] "GET /BLA/boletinlegal/ HTTP/1.1" 200 44924
172.22.2.4 - - [14/Apr/2022:15:40:45 -0500] "GET /BLA/boletinlegal/ HTTP/1.1" 200 44043
172.22.2.4 - - [14/Apr/2022:15:40:48 -0500] "GET /BLA/boletinlegal/ HTTP/1.1" 200 44453
40.77.167.73 - - [14/Apr/2022:15:42:39 -0500] "GET /BLA/resoluciones/index.php?dir=AUTOS+2019%2F HTTP/1.1" 200 342653
191.95.53.253 - - [14/Apr/2022:15:42:50 -0500] "GET /documents/10184/2325415/pieza-concurso-buenas-practicas-20-septiembre.jpg HTTP/1.1" 404 1030
201.245.192.253 - - [14/Apr/2022:15:42:33 -0500] "POST /kwsrmcab/Wsrmcab HTTP/1.1" 200 44993
186.84.22.193 - - [14/Apr/2022:15:43:20 -0500] "GET /BLA/resoluciones/index.php?dir=AUTOS+2014%2F HTTP/1.1" 200 873900
201.245.192.253 - - [14/Apr/2022:15:43:23 -0500] "POST /kwsrmcab/Wsrmcab HTTP/1.1" 200 45330
216.245.221.92 - - [14/Apr/2022:15:45:30 -0500] "HEAD / HTTP/1.1" 200 -
165.22.90.63 - - [14/Apr/2022:15:46:22 -0500] "GET /ab2g HTTP/1.1" 400 946
165.22.90.63 - - [14/Apr/2022:15:46:22 -0500] "GET /ab2h HTTP/1.1" 400 946
172.22.2.4 - - [14/Apr/2022:15:47:17 -0500] "GET /BLA/boletinlegal/consulta_actos.php?tipo=autos&no=2211&usuario=&sector=&fecha=2011&resuelve= HTTP/1.1" 200 1020
172.22.2.4 - - [14/Apr/2022:15:45:48 -0500] "HEAD /BLA/boletinlegal/ HTTP/1.1" 200 -
172.22.2.4 - - [14/Apr/2022:15:47:42 -0500] "GET /BLA/boletinlegal/Circulares/2022/CIRCULAR%20No.%2000003%20DEL%2007%20DE%20MARZO%20DEL%202022.pdf HTTP/1.1" 404 1038
172.22.2.4 - - [14/Apr/2022:15:47:45 -0500] "GET /BLA/boletinlegal/Circulares/2021/CIRCULAR%20No.%2000009%20DEL%2001%20DE%20OCTUBRE%20DEL%202021.pdf HTTP/1.1" 200 320793
66.249.65.13 - - [14/Apr/2022:15:47:47 -0500] "-" 408 -
172.22.2.4 - - [14/Apr/2022:15:47:48 -0500] "GET /BLA/boletinlegal/Circulares/2021/CIRCULAR%20No.%2000007%20DEL%2010%20DE%20AGOSTO%20DEL%202021.pdf HTTP/1.1" 200 266364
172.22.2.4 - - [14/Apr/2022:15:47:54 -0500] "GET /BLA/boletinlegal/Circulares/2021/CIRCULAR%20No.%2000006%20DEL%2005%20DE%20AGOSTO%20DEL%202021.pdf HTTP/1.1" 200 249615
172.22.2.4 - - [14/Apr/2022:15:47:58 -0500] "GET /BLA/boletinlegal/Circulares/2020/Circular%20No.%2000018%20del%2002%20de%20diciembre%20del%202020.pdf HTTP/1.1" 200 276868
172.22.2.4 - - [14/Apr/2022:15:48:03 -0500] "GET /BLA/boletinlegal/Circulares/2020/Circular%2000010%20del%2027%20de%20julio%20de%202020.pdf HTTP/1.1" 200 422655
172.22.2.4 - - [14/Apr/2022:15:48:10 -0500] "GET /BLA/boletinlegal/Circulares/2020/CIRCULAR%20No.%2000019%20DEL%2018%20DE%20DICIEMBRE%20DEL%202020.pdf HTTP/1.1" 200 307959
172.22.2.4 - - [14/Apr/2022:15:48:17 -0500] "GET /BLA/boletinlegal/Circulares/2020/CIRCULAR%20No.%2000014%20del%2001%20de%20septiembre%20del%202020.pdf HTTP/1.1" 200 320826
172.22.2.4 - - [14/Apr/2022:15:46:38 -0500] "GET /BLA/boletinlegal/ HTTP/1.1" 200 57542
172.22.2.4 - - [14/Apr/2022:15:48:22 -0500] "GET /BLA/boletinlegal/Circulares/2019/Circular%20No.%2012%20del%2014%20de%20Marzo%20de%202019.pdf HTTP/1.1" 200 344384
172.22.2.4 - - [14/Apr/2022:15:48:28 -0500] "GET /BLA/boletinlegal/Circulares/2019/Circular%20No.%20006%20del%2008%20de%20Febrero%20de%202019.pdf HTTP/1.1" 200 674401
172.22.2.4 - - [14/Apr/2022:15:48:36 -0500] "GET /BLA/boletinlegal/Circulares/2019/Circular%20No.%200015%20del%2003%20de%20Octubre%20de%202019.pdf HTTP/1.1" 200 165608
172.22.2.4 - - [14/Apr/2022:15:48:41 -0500] "GET /BLA/boletinlegal/Circulares/2019/Circular%20No.%200005%20del%2020%20de%20Marzo%20de%202019.pdf HTTP/1.1" 200 159877
172.22.2.4 - - [14/Apr/2022:15:48:45 -0500] "GET /BLA/boletinlegal/Circulares/2019/Circular%20No.%200003%20del%2031%20de%20Enero%20de%202019.pdf HTTP/1.1" 200 164676
173.252.83.119 - - [14/Apr/2022:15:48:48 -0500] "GET /images/humedal-agua-lluvias-bogota-18-marzo.jpg HTTP/1.1" 200 146923
172.22.2.4 - - [14/Apr/2022:15:48:50 -0500] "GET /BLA/boletinlegal/Circulares/2019/Circular%2000020%20del%2020%20de%20diciembre%20de%202019.pdf HTTP/1.1" 200 145170
172.22.2.4 - - [14/Apr/2022:15:48:56 -0500] "GET /BLA/boletinlegal/Circulares/2019/Circular%2000018%20del%2020%20de%20noviembre%20de%202019.pdf HTTP/1.1" 200 158030
172.22.2.4 - - [14/Apr/2022:15:49:04 -0500] "GET /BLA/boletinlegal/Circulares/2019/.pdf HTTP/1.1" 404 1218
172.22.2.4 - - [14/Apr/2022:15:49:06 -0500] "GET /BLA/boletinlegal/Circulares/2018/Circular%20No.%2011%20del%2024%20de%20Septiembre%20de%202018.pdf HTTP/1.1" 200 169541
172.22.2.4 - - [14/Apr/2022:15:49:11 -0500] "GET /BLA/boletinlegal/Circulares/2018/Circular%20No.%2010%20del%2021%20de%20Septiembre%20de%202018.pdf HTTP/1.1" 200 163426
172.22.2.4 - - [14/Apr/2022:15:49:18 -0500] "GET /BLA/boletinlegal/Circulares/2018/Circular%20No.%200015%20del%207%20de%20Diciembre%20de%202018.pdf HTTP/1.1" 200 165305
172.22.2.4 - - [14/Apr/2022:15:49:24 -0500] "GET /BLA/boletinlegal/Circulares/2018/CIRCULAR%20COJUNTA%20042%20DE%202018.pdf HTTP/1.1" 200 515008
186.0.64.121 - - [14/Apr/2022:15:49:29 -0500] "GET /BLA/resoluciones/AUTOS%202011/2211.pdf HTTP/1.1" 200 144196
172.22.2.4 - - [14/Apr/2022:15:49:32 -0500] "GET /BLA/boletinlegal/Circulares/2017/Circular%20No.%202%20del%201%20de%20Septiembre%20de%202017.pdf HTTP/1.1" 200 152575
172.22.2.4 - - [14/Apr/2022:15:49:36 -0500] "GET /BLA/boletinlegal/Circulares/2017/Circular%20No.%201%20del%2030%20de%20Marzo%20de%202017.pdf HTTP/1.1" 200 668532
172.22.2.4 - - [14/Apr/2022:15:49:46 -0500] "GET /BLA/boletinlegal/Circulares/2017/Circular%20No.%2007%20del%2028%20de%20Abril%20de%202017.pdf HTTP/1.1" 200 309906
172.22.2.4 - - [14/Apr/2022:15:49:52 -0500] "GET /BLA/boletinlegal/Circulares/2017/Circular%20No.%20011%20del%2005%20de%20julio%20de%202017.pdf HTTP/1.1" 200 965526
172.22.2.4 - - [14/Apr/2022:15:49:57 -0500] "GET /BLA/boletinlegal/Circulares/2015/Circular%20No.%202%20del%201%20de%20julio%20de%202015.pdf HTTP/1.1" 200 752890
172.22.2.4 - - [14/Apr/2022:15:50:03 -0500] "GET /BLA/boletinlegal/Circulares/2015/Circular%20No.%201%20del%2010%20de%20Febrero%20de%202015.pdf HTTP/1.1" 200 660637
172.22.2.4 - - [14/Apr/2022:15:50:09 -0500] "GET /BLA/boletinlegal/Circulares/2014/Circular%20No.%203%20del%2014%20de%20Noviembre%20de%202014.pdf HTTP/1.1" 200 104132
172.22.2.4 - - [14/Apr/2022:15:50:13 -0500] "GET /BLA/boletinlegal/Circulares/2014/Circular%20No.%202%20del%2021%20de%20septiembre%20de%202014.pdf HTTP/1.1" 200 143376
172.22.2.4 - - [14/Apr/2022:15:50:19 -0500] "GET /BLA/boletinlegal/Circulares/2014/Circular%20No.%201%20del%2008%20de%20Mayo%20de%202014.pdf HTTP/1.1" 200 180124
172.22.2.4 - - [14/Apr/2022:15:50:26 -0500] "GET /BLA/boletinlegal/Circulares/2013/Circular%20No.%208%20del%201%20de%20Noviembre%20de%202013.pdf HTTP/1.1" 200 385156
216.245.221.92 - - [14/Apr/2022:15:50:30 -0500] "HEAD / HTTP/1.1" 200 -
172.22.2.4 - - [14/Apr/2022:15:50:32 -0500] "GET /BLA/boletinlegal/Circulares/2013/Circular%20No.%207%20del%201%20de%20Agosto%20de%202013.pdf HTTP/1.1" 200 340934
172.22.2.4 - - [14/Apr/2022:15:50:38 -0500] "GET /BLA/boletinlegal/Circulares/2013/Circular%20No.%206%20del%2019%20de%20julio%20de%202013.pdf HTTP/1.1" 200 4210437
172.22.2.4 - - [14/Apr/2022:15:50:55 -0500] "GET /BLA/boletinlegal/Circulares/2013/Circular%20No.%205%20del%2013%20de%20junio%20de%202013.pdf HTTP/1.1" 200 110904
172.22.2.4 - - [14/Apr/2022:15:51:03 -0500] "GET /BLA/boletinlegal/Circulares/2013/Circular%20No.%204%20del%2005%20de%20junio%20de%202013.pdf HTTP/1.1" 200 130461
172.22.2.4 - - [14/Apr/2022:15:51:07 -0500] "GET /BLA/boletinlegal/Circulares/2013/Circular%20No.%203%20del%2005%20de%20abril%20de%202013.pdf HTTP/1.1" 200 93580
172.22.2.4 - - [14/Apr/2022:15:51:14 -0500] "GET /BLA/boletinlegal/Circulares/2013/Circular%20No.%202%20del%2022%20de%20enero%20de%202013.pdf HTTP/1.1" 200 85466
172.22.2.4 - - [14/Apr/2022:15:51:18 -0500] "GET /BLA/boletinlegal/Circulares/2013/Circular%20No.%201%20del%2014%20de%20enero%20de%202013.pdf HTTP/1.1" 200 1298384
172.22.2.4 - - [14/Apr/2022:15:51:26 -0500] "GET /BLA/boletinlegal/Circulares/2012/Circular%20No.%209%20del%2021%20de%20Agosto%20de%202012.pdf HTTP/1.1" 200 1402289
172.22.2.4 - - [14/Apr/2022:15:51:35 -0500] "GET /BLA/boletinlegal/Circulares/2012/Circular%20No.%208%20del%2021%20de%20Agosto%20de%202012.pdf HTTP/1.1" 200 963197
172.22.2.4 - - [14/Apr/2022:15:51:43 -0500] "GET /BLA/boletinlegal/Circulares/2012/Circular%20No.%207%20del%2008%20de%20Agosto%20de%202012.pdf HTTP/1.1" 200 972955
172.22.2.4 - - [14/Apr/2022:15:51:51 -0500] "GET /BLA/boletinlegal/Circulares/2012/Circular%20No.%206%20del%2025%20de%20Mayo%20de%202012.pdf HTTP/1.1" 200 387391
172.22.2.4 - - [14/Apr/2022:15:51:57 -0500] "GET /BLA/boletinlegal/Circulares/2012/Circular%20No.%205%20del%2027%20de%20Abril%20de%202012.pdf HTTP/1.1" 200 216613
172.22.2.4 - - [14/Apr/2022:15:52:01 -0500] "GET /BLA/boletinlegal/Circulares/2012/Circular%20No.%204%20del%2019%20de%20abril%20de%202012.pdf HTTP/1.1" 200 253045
172.22.2.4 - - [14/Apr/2022:15:52:05 -0500] "GET /BLA/boletinlegal/Circulares/2012/Circular%20No.%203%20del%2023%20de%20Marzo%20de%202012.pdf HTTP/1.1" 200 572950
207.46.13.179 - - [14/Apr/2022:15:52:10 -0500] "GET /forest/ HTTP/1.1" 200 12041
172.22.2.4 - - [14/Apr/2022:15:52:11 -0500] "GET /BLA/boletinlegal/Circulares/2012/Circular%20No.%202%20del%2014%20de%20Marzo%20de%202012.pdf HTTP/1.1" 200 113666
172.22.2.4 - - [14/Apr/2022:15:52:17 -0500] "GET /BLA/boletinlegal/Circulares/2012/Circular%20No.%2016%20del%2022%20de%20octubre%20de%202012.pdf HTTP/1.1" 200 381186
186.84.22.193 - - [14/Apr/2022:15:52:18 -0500] "GET /BLA/resoluciones/index.php?dir=AUTOS+2018%2F HTTP/1.1" 200 12235
186.84.22.193 - - [14/Apr/2022:15:52:18 -0500] "GET /BLA/resoluciones/index.php?dir=AUTOS+2018%2F HTTP/1.1" 200 430567
172.22.2.4 - - [14/Apr/2022:15:52:21 -0500] "GET /BLA/boletinlegal/Circulares/2012/Circular%20No.%2015%20del%2022%20de%20octubre%20de%202012.pdf HTTP/1.1" 200 486506
172.22.2.4 - - [14/Apr/2022:15:52:27 -0500] "GET /BLA/boletinlegal/Circulares/2012/Circular%20No.%2014%20del%2011%20de%20Septiembre%20de%202012.pdf HTTP/1.1" 200 3427471
172.22.2.4 - - [14/Apr/2022:15:52:35 -0500] "GET /BLA/boletinlegal/Circulares/2012/Circular%20No.%2013%20del%2006%20de%20Septiembre%20de%202012.pdf HTTP/1.1" 200 351421
172.22.2.4 - - [14/Apr/2022:15:52:39 -0500] "GET /BLA/boletinlegal/Circulares/2012/Circular%20No.%2012%20del%2028%20de%20Agosto%20de%202012.pdf HTTP/1.1" 200 369945
172.22.2.4 - - [14/Apr/2022:15:52:47 -0500] "GET /BLA/boletinlegal/Circulares/2012/Circular%20No.%2011%20del%2027%20de%20Agosto%20de%202012.pdf HTTP/1.1" 200 526945
172.22.2.4 - - [14/Apr/2022:15:52:55 -0500] "GET /BLA/boletinlegal/Circulares/2012/Circular%20No.%2010%20del%2026%20de%20Enero%20de%202012.pdf HTTP/1.1" 404 1218
172.22.2.4 - - [14/Apr/2022:15:52:58 -0500] "GET /BLA/boletinlegal/Circulares/2012/Circular%20No.%2010%20del%2022%20de%20Agosto%20de%202012.pdf HTTP/1.1" 200 1563219
172.22.2.4 - - [14/Apr/2022:15:53:05 -0500] "GET /BLA/boletinlegal/Circulares/2012/Circular%20No.%201%20del%2017%20de%20Enero%20de%202012.pdf HTTP/1.1" 200 1118749
172.22.2.4 - - [14/Apr/2022:15:53:12 -0500] "GET /BLA/boletinlegal/Circulares/2011/Circular%20No.%209%20del%2003%20de%20Noviembre%20de%202011.pdf HTTP/1.1" 200 54568
172.22.2.4 - - [14/Apr/2022:15:53:17 -0500] "GET /BLA/boletinlegal/Circulares/2011/Circular%20No.%208%20del%2020%20de%20Septiembre%20de%202011.pdf HTTP/1.1" 200 285158
172.22.2.4 - - [14/Apr/2022:15:51:38 -0500] "HEAD /BLA/boletinlegal/ HTTP/1.1" 200 -
172.22.2.4 - - [14/Apr/2022:15:53:23 -0500] "GET /BLA/boletinlegal/Circulares/2011/Circular%20No.%207%20del%2023%20de%20Diciembre%20de%202011.pdf HTTP/1.1" 200 1107785
66.249.65.13 - - [14/Apr/2022:15:53:29 -0500] "-" 408 -
172.22.2.4 - - [14/Apr/2022:15:53:30 -0500] "GET /BLA/boletinlegal/Circulares/2011/Circular%20No.%207%20del%2015%20de%20Septiembre%20de%202011.pdf HTTP/1.1" 200 314873
174.28.5.213 - - [14/Apr/2022:15:53:31 -0500] "GET /catalogoisis/ HTTP/1.1" 200 8575
174.28.5.213 - - [14/Apr/2022:15:53:31 -0500] "GET /catalogoisis/Js/CriterioCombinada.js HTTP/1.1" 200 1843
174.28.5.213 - - [14/Apr/2022:15:53:31 -0500] "GET /catalogoisis/Css/Busqueda.css HTTP/1.1" 200 1995
174.28.5.213 - - [14/Apr/2022:15:53:31 -0500] "GET /catalogoisis/Js/LimpiarCombinada.js HTTP/1.1" 200 207
174.28.5.213 - - [14/Apr/2022:15:53:31 -0500] "GET /catalogoisis/Js/Cookies.js HTTP/1.1" 200 1369
174.28.5.213 - - [14/Apr/2022:15:53:31 -0500] "GET /catalogoisis/Js/AceptarLimpiar.js HTTP/1.1" 200 331
174.28.5.213 - - [14/Apr/2022:15:53:31 -0500] "GET /catalogoisis/Js/Remote.js HTTP/1.1" 200 436
174.28.5.213 - - [14/Apr/2022:15:53:31 -0500] "GET /catalogoisis/Js/Go.js HTTP/1.1" 200 364
174.28.5.213 - - [14/Apr/2022:15:53:31 -0500] "GET /catalogoisis/Js/Numero.js HTTP/1.1" 200 398
174.28.5.213 - - [14/Apr/2022:15:53:31 -0500] "GET /catalogoisis/Js/Enter.js HTTP/1.1" 200 1208
174.28.5.213 - - [14/Apr/2022:15:53:32 -0500] "GET /catalogoisis/imagenes/br1c1.gif HTTP/1.1" 200 172
174.28.5.213 - - [14/Apr/2022:15:53:32 -0500] "GET /catalogoisis/imagenes/br3c2.gif HTTP/1.1" 200 285
174.28.5.213 - - [14/Apr/2022:15:53:32 -0500] "GET /catalogoisis/imagenes/br2c1.gif HTTP/1.1" 200 297
174.28.5.213 - - [14/Apr/2022:15:53:32 -0500] "GET /catalogoisis/imagenes/br2c2.gif HTTP/1.1" 200 302
174.28.5.213 - - [14/Apr/2022:15:53:32 -0500] "GET /catalogoisis/imagenes/Header.gif HTTP/1.1" 200 30313
174.28.5.213 - - [14/Apr/2022:15:53:32 -0500] "GET /catalogoisis/imagenes/br3c3.gif HTTP/1.1" 200 186
174.28.5.213 - - [14/Apr/2022:15:53:32 -0500] "GET /catalogoisis/imagenes/br1c2.gif HTTP/1.1" 200 297
174.28.5.213 - - [14/Apr/2022:15:53:32 -0500] "GET /catalogoisis/imagenes/Turnbo1.gif HTTP/1.1" 200 227
174.28.5.213 - - [14/Apr/2022:15:53:32 -0500] "GET /catalogoisis/imagenes/br2c3.gif HTTP/1.1" 200 416
174.28.5.213 - - [14/Apr/2022:15:53:32 -0500] "GET /catalogoisis/imagenes/br3c1.gif HTTP/1.1" 200 177
174.28.5.213 - - [14/Apr/2022:15:53:32 -0500] "GET /catalogoisis/imagenes/aceptar1.gif HTTP/1.1" 200 604
174.28.5.213 - - [14/Apr/2022:15:53:32 -0500] "GET /catalogoisis/imagenes/br1c3.gif HTTP/1.1" 200 302
174.28.5.213 - - [14/Apr/2022:15:53:32 -0500] "GET /catalogoisis/imagenes/limpiar1.gif HTTP/1.1" 200 606
174.28.5.213 - - [14/Apr/2022:15:53:32 -0500] "GET /favicon.ico HTTP/1.1" 200 7782
172.22.2.4 - - [14/Apr/2022:15:52:28 -0500] "GET /BLA/boletinlegal/ HTTP/1.1" 200 59688
216.245.221.92 - - [14/Apr/2022:15:55:30 -0500] "HEAD / HTTP/1.1" 200 -
66.220.149.4 - - [14/Apr/2022:15:56:16 -0500] "GET /images/jardines-verticales-4-marzo.jpg HTTP/1.1" 200 54804
191.156.61.168 - - [14/Apr/2022:15:57:38 -0500] "GET /BLA/ HTTP/1.1" 200 538
191.156.61.168 - - [14/Apr/2022:15:57:41 -0500] "GET /BLA/boletinlegal/style.css HTTP/1.1" 200 9406
191.156.60.56 - - [14/Apr/2022:15:57:41 -0500] "GET /BLA/boletinlegal/styles2.css HTTP/1.1" 200 1838
191.156.60.56 - - [14/Apr/2022:15:57:41 -0500] "GET /BLA/boletinlegal/js/jquery.js HTTP/1.1" 200 57254
191.156.61.37 - - [14/Apr/2022:15:57:41 -0500] "GET /BLA/boletinlegal/js/jquery.scrollTo-min.js HTTP/1.1" 200 1150
191.156.63.242 - - [14/Apr/2022:15:57:41 -0500] "GET /BLA/boletinlegal/js/jquery.scrollShow.js HTTP/1.1" 200 4586
191.156.63.242 - - [14/Apr/2022:15:57:42 -0500] "GET /BLA/boletinlegal/images/cabezote%20BLEGAL.jpg HTTP/1.1" 200 118164
191.156.63.242 - - [14/Apr/2022:15:57:44 -0500] "GET /BLA/boletinlegal/images/subscribe-icon-big.png HTTP/1.1" 200 47702
191.156.60.56 - - [14/Apr/2022:15:57:44 -0500] "GET /BLA/boletinlegal/images/historia.png HTTP/1.1" 200 52775
