172.22.2.4 - - [16/Apr/2022:18:43:07 -0500] "GET /BLA/boletinlegal/Circulares/2012/Circular%20No.%2016%20del%2022%20de%20octubre%20de%202012.pdf HTTP/1.1" 200 381186
216.245.221.92 - - [16/Apr/2022:18:43:18 -0500] "HEAD / HTTP/1.1" 200 -
172.22.2.4 - - [16/Apr/2022:18:43:29 -0500] "GET /BLA/boletinlegal/consulta_actos.php?tipo=autos&no=7084&usuario=&sector=&fecha=2014&resuelve= HTTP/1.1" 200 1031
201.245.192.253 - - [16/Apr/2022:18:42:41 -0500] "POST /kwsrmcab/Wsrmcab HTTP/1.1" 200 45629
186.31.130.206 - - [16/Apr/2022:18:43:44 -0500] "GET /BLA/resoluciones/ HTTP/1.1" 200 13093
186.31.130.206 - - [16/Apr/2022:18:43:44 -0500] "GET /BLA/resoluciones/dlf/styles.css HTTP/1.1" 200 3049
186.31.130.206 - - [16/Apr/2022:18:43:44 -0500] "GET /BLA/resoluciones/dlf/folder.png HTTP/1.1" 200 410
186.31.130.206 - - [16/Apr/2022:18:43:44 -0500] "GET /BLA/resoluciones/dlf/bg.gif HTTP/1.1" 200 54
186.31.130.206 - - [16/Apr/2022:18:43:45 -0500] "GET /favicon.ico HTTP/1.1" 200 7782
186.31.130.206 - - [16/Apr/2022:18:43:55 -0500] "GET /BLA/resoluciones/dlf/dirup.png HTTP/1.1" 200 644
186.31.130.206 - - [16/Apr/2022:18:43:55 -0500] "GET /BLA/resoluciones/dlf/pdf.gif HTTP/1.1" 200 272
186.31.130.206 - - [16/Apr/2022:18:43:54 -0500] "GET /BLA/resoluciones/index.php?dir=AUTOS+2014%2F HTTP/1.1" 200 873900
186.31.130.206 - - [16/Apr/2022:18:43:57 -0500] "GET /BLA/resoluciones/dlf/unknown.png HTTP/1.1" 200 266
186.29.81.144 - - [16/Apr/2022:18:44:08 -0500] "GET /BLA/resoluciones/index.php?dir=AUTOS+2014%2F HTTP/1.1" 200 873900
201.245.192.253 - - [16/Apr/2022:18:43:31 -0500] "POST /kwsrmcab/Wsrmcab HTTP/1.1" 200 45482
66.249.65.13 - - [16/Apr/2022:18:44:27 -0500] "-" 408 -
186.31.130.206 - - [16/Apr/2022:18:45:18 -0500] "GET /BLA/resoluciones/AUTOS%202014/7084.pdf HTTP/1.1" 200 522567
172.22.2.4 - - [16/Apr/2022:18:43:43 -0500] "GET /BLA/boletinlegal/ HTTP/1.1" 200 52537
172.22.2.4 - - [16/Apr/2022:18:43:46 -0500] "GET /BLA/boletinlegal/ HTTP/1.1" 200 52945
192.133.77.18 - - [16/Apr/2022:18:47:55 -0500] "GET /con-pinceles-y-acuarelas-veronica-martinez-protege-la-biodiversidad.html HTTP/1.1" 200 990
216.245.221.92 - - [16/Apr/2022:18:48:18 -0500] "HEAD / HTTP/1.1" 200 -
172.22.2.4 - - [16/Apr/2022:18:47:25 -0500] "HEAD /BLA/boletinlegal/ HTTP/1.1" 200 -
172.22.2.4 - - [16/Apr/2022:18:49:54 -0500] "GET /BLA/boletinlegal/robots.txt HTTP/1.1" 404 1038
172.22.2.4 - - [16/Apr/2022:18:48:27 -0500] "GET /BLA/boletinlegal/ HTTP/1.1" 200 59688
172.22.2.4 - - [16/Apr/2022:18:49:55 -0500] "GET /BLA/boletinlegal/index.php HTTP/1.1" 200 62940
216.245.221.92 - - [16/Apr/2022:18:53:18 -0500] "HEAD / HTTP/1.1" 200 -
66.249.65.13 - - [16/Apr/2022:18:53:59 -0500] "-" 408 -
172.22.2.4 - - [16/Apr/2022:18:55:14 -0500] "GET /BLA/boletinlegal/ HTTP/1.1" 200 53739
172.22.2.4 - - [16/Apr/2022:18:55:14 -0500] "GET /BLA/boletinlegal/ HTTP/1.1" 200 53739
216.245.221.92 - - [16/Apr/2022:18:58:18 -0500] "HEAD / HTTP/1.1" 200 -
201.245.214.180 - - [16/Apr/2022:19:00:54 -0500] "GET /galeria/galeria/jquery.fancybox.css?v=2.1.5 HTTP/1.1" 200 4895
201.245.214.180 - - [16/Apr/2022:19:00:55 -0500] "GET /BLA/boletinlegal/js/jquery.scrollShow.js HTTP/1.1" 200 4586
201.245.214.180 - - [16/Apr/2022:19:00:55 -0500] "GET /galeria/galeria/jquery.fancybox.js?v=2.1.5 HTTP/1.1" 200 48706
172.22.2.4 - - [16/Apr/2022:18:59:17 -0500] "HEAD /BLA/boletinlegal/ HTTP/1.1" 200 -
66.249.65.13 - - [16/Apr/2022:19:01:36 -0500] "-" 408 -
172.22.2.4 - - [16/Apr/2022:19:00:08 -0500] "GET /BLA/boletinlegal/ HTTP/1.1" 200 56300
216.245.221.92 - - [16/Apr/2022:19:03:18 -0500] "HEAD / HTTP/1.1" 200 -
186.29.215.58 - - [16/Apr/2022:19:05:10 -0500] "GET /caminos-de-los-cerros-habilitados-en-esta-semana-santa-2022.html HTTP/1.1" 200 832
172.22.2.4 - - [16/Apr/2022:19:05:07 -0500] "HEAD /BLA/boletinlegal/ HTTP/1.1" 200 -
172.22.2.4 - - [16/Apr/2022:19:07:44 -0500] "GET /BLA/boletinlegal/jurisprudencia/analisis/analisis%20c-595-2010.doc HTTP/1.1" 200 39424
207.46.13.115 - - [16/Apr/2022:19:07:58 -0500] "GET /BLA/resoluciones/index.php?dir=AUTOS+2019%2F HTTP/1.1" 200 342653
216.245.221.92 - - [16/Apr/2022:19:08:18 -0500] "HEAD / HTTP/1.1" 200 -
172.22.2.4 - - [16/Apr/2022:19:07:16 -0500] "GET /BLA/boletinlegal/ HTTP/1.1" 200 58006
172.22.2.4 - - [16/Apr/2022:19:07:17 -0500] "GET /BLA/boletinlegal/ HTTP/1.1" 200 58588
186.102.60.81 - - [16/Apr/2022:19:10:06 -0500] "GET / HTTP/1.1" 200 4720
186.102.60.81 - - [16/Apr/2022:19:10:07 -0500] "GET /js/url.js HTTP/1.1" 404 1294
186.102.60.81 - - [16/Apr/2022:19:10:07 -0500] "GET /fonts/icomoon/style.css HTTP/1.1" 200 79820
186.102.60.81 - - [16/Apr/2022:19:10:07 -0500] "GET /css/style.css HTTP/1.1" 200 3473
186.102.60.81 - - [16/Apr/2022:19:10:07 -0500] "GET /css/bootstrap.min.css HTTP/1.1" 200 178212
172.22.2.4 - - [16/Apr/2022:19:10:57 -0500] "HEAD /BLA/boletinlegal/ HTTP/1.1" 200 -
216.245.221.92 - - [16/Apr/2022:19:13:18 -0500] "HEAD / HTTP/1.1" 200 -
66.249.65.13 - - [16/Apr/2022:19:13:43 -0500] "-" 408 -
172.22.2.4 - - [16/Apr/2022:19:13:13 -0500] "GET /BLA/boletinlegal/ HTTP/1.1" 200 58588
103.156.90.65 - - [16/Apr/2022:19:14:41 -0500] "GET / HTTP/1.1" 200 319
172.22.2.4 - - [16/Apr/2022:19:13:20 -0500] "GET /BLA/boletinlegal/ HTTP/1.1" 200 58588
103.156.90.65 - - [16/Apr/2022:19:14:57 -0500] "GET / HTTP/1.1" 200 319
103.156.90.65 - - [16/Apr/2022:19:15:13 -0500] "GET /wp-includes/wlwmanifest.xml HTTP/1.1" 404 1018
103.156.90.65 - - [16/Apr/2022:19:15:29 -0500] "GET /xmlrpc.php?rsd HTTP/1.1" 404 1018
103.156.90.65 - - [16/Apr/2022:19:15:46 -0500] "GET / HTTP/1.1" 200 319
73.0.22.177 - - [16/Apr/2022:19:16:15 -0500] "GET /administracion-distrital-recolecto-mas-de-460-llantas-usadas-en-engativa-y-teusaquillo.html HTTP/1.1" 200 1092
103.156.90.65 - - [16/Apr/2022:19:16:02 -0500] "GET /blog/wp-includes/wlwmanifest.xml HTTP/1.1" 404 1018
103.156.90.65 - - [16/Apr/2022:19:16:18 -0500] "GET /web/wp-includes/wlwmanifest.xml HTTP/1.1" 404 1018
103.156.90.65 - - [16/Apr/2022:19:16:34 -0500] "GET /wordpress/wp-includes/wlwmanifest.xml HTTP/1.1" 404 1018
103.156.90.65 - - [16/Apr/2022:19:16:50 -0500] "GET /website/wp-includes/wlwmanifest.xml HTTP/1.1" 404 1018
103.156.90.65 - - [16/Apr/2022:19:17:07 -0500] "GET /wp/wp-includes/wlwmanifest.xml HTTP/1.1" 404 1018
103.156.90.65 - - [16/Apr/2022:19:17:23 -0500] "GET /news/wp-includes/wlwmanifest.xml HTTP/1.1" 404 1018
103.156.90.65 - - [16/Apr/2022:19:17:39 -0500] "GET /wp1/wp-includes/wlwmanifest.xml HTTP/1.1" 404 1018
103.156.90.65 - - [16/Apr/2022:19:17:55 -0500] "GET /test/wp-includes/wlwmanifest.xml HTTP/1.1" 404 1018
216.245.221.92 - - [16/Apr/2022:19:18:18 -0500] "HEAD / HTTP/1.1" 200 -
103.156.90.65 - - [16/Apr/2022:19:18:12 -0500] "GET /wp2/wp-includes/wlwmanifest.xml HTTP/1.1" 404 1018
172.22.2.4 - - [16/Apr/2022:19:16:47 -0500] "HEAD /BLA/boletinlegal/ HTTP/1.1" 200 -
103.156.90.65 - - [16/Apr/2022:19:18:28 -0500] "GET /site/wp-includes/wlwmanifest.xml HTTP/1.1" 404 1018
103.156.90.65 - - [16/Apr/2022:19:18:44 -0500] "GET /cms/wp-includes/wlwmanifest.xml HTTP/1.1" 404 1018
103.156.90.65 - - [16/Apr/2022:19:19:00 -0500] "GET /sito/wp-includes/wlwmanifest.xml HTTP/1.1" 404 1018
172.22.2.4 - - [16/Apr/2022:19:17:37 -0500] "GET /BLA/boletinlegal/ HTTP/1.1" 200 58588
216.245.221.92 - - [16/Apr/2022:19:23:18 -0500] "HEAD / HTTP/1.1" 200 -
201.245.192.253 - - [16/Apr/2022:19:22:41 -0500] "POST /kwsrmcab/Wsrmcab HTTP/1.1" 200 45459
45.137.23.207 - - [16/Apr/2022:19:24:09 -0500] "GET / HTTP/1.1" 200 319
172.22.2.4 - - [16/Apr/2022:19:22:37 -0500] "HEAD /BLA/boletinlegal/ HTTP/1.1" 200 -
201.245.192.253 - - [16/Apr/2022:19:23:32 -0500] "POST /kwsrmcab/Wsrmcab HTTP/1.1" 200 45472
172.22.2.4 - - [16/Apr/2022:19:23:30 -0500] "GET /BLA/boletinlegal/ HTTP/1.1" 200 57542
172.22.2.4 - - [16/Apr/2022:19:25:31 -0500] "GET /BLA/boletinlegal/normativa.php HTTP/1.1" 200 8292
172.22.2.4 - - [16/Apr/2022:19:26:05 -0500] "GET /BLA/boletinlegal/styles2.css HTTP/1.1" 200 1838
172.22.2.4 - - [16/Apr/2022:19:26:08 -0500] "GET /BLA/boletinlegal/remote/login HTTP/1.1" 404 1018
172.22.2.4 - - [16/Apr/2022:19:26:08 -0500] "GET /BLA/boletinlegal/js/ajax_normativa.js HTTP/1.1" 200 1154
172.22.2.4 - - [16/Apr/2022:19:26:11 -0500] "GET /BLA/boletinlegal/niceforms-default.css HTTP/1.1" 200 6694
172.22.2.4 - - [16/Apr/2022:19:26:14 -0500] "GET /BLA/boletinlegal/niceforms.js HTTP/1.1" 200 22876
45.124.84.236 - - [16/Apr/2022:19:28:03 -0500] "GET / HTTP/1.1" 200 319
216.245.221.92 - - [16/Apr/2022:19:28:18 -0500] "HEAD / HTTP/1.1" 200 -
172.22.2.4 - - [16/Apr/2022:19:28:27 -0500] "HEAD /BLA/boletinlegal/ HTTP/1.1" 200 -
172.22.2.4 - - [16/Apr/2022:19:29:17 -0500] "GET /BLA/boletinlegal/ HTTP/1.1" 200 60932
31.13.127.19 - - [16/Apr/2022:19:31:33 -0500] "GET /images/pieza-calidad-aire-noche-4-febrero.jpg HTTP/1.1" 200 37476
40.77.167.46 - - [16/Apr/2022:19:31:45 -0500] "GET /Publicaciones/2022EE29929.pdf HTTP/1.1" 404 227
216.245.221.92 - - [16/Apr/2022:19:33:18 -0500] "HEAD / HTTP/1.1" 200 -
201.245.192.253 - - [16/Apr/2022:19:32:41 -0500] "POST /kwsrmcab/Wsrmcab HTTP/1.1" 200 45459
201.245.192.253 - - [16/Apr/2022:19:33:33 -0500] "POST /kwsrmcab/Wsrmcab HTTP/1.1" 200 45472
191.92.162.178 - - [16/Apr/2022:19:35:11 -0500] "GET /alcaldesa-claudia-lopez-les-dio-la-bienvenida-a-las-sembradoras-por-la-reactivaccion.html HTTP/1.1" 200 1264
172.22.2.4 - - [16/Apr/2022:19:34:17 -0500] "HEAD /BLA/boletinlegal/ HTTP/1.1" 200 -
172.22.2.4 - - [16/Apr/2022:19:35:09 -0500] "GET /BLA/boletinlegal/ HTTP/1.1" 200 47414
172.22.2.4 - - [16/Apr/2022:19:35:43 -0500] "GET /BLA/boletinlegal/ HTTP/1.1" 200 51717
66.249.65.17 - - [16/Apr/2022:19:38:03 -0500] "-" 408 -
216.245.221.92 - - [16/Apr/2022:19:38:18 -0500] "HEAD / HTTP/1.1" 200 -
172.22.2.4 - - [16/Apr/2022:19:39:27 -0500] "GET /BLA/boletinlegal/Circulares/2022/CIRCULAR%20No.%2000003%20DEL%2007%20DE%20MARZO%20DEL%202022.pdf HTTP/1.1" 404 1038
172.22.2.4 - - [16/Apr/2022:19:39:29 -0500] "GET /BLA/boletinlegal/Circulares/2021/CIRCULAR%20No.%2000009%20DEL%2001%20DE%20OCTUBRE%20DEL%202021.pdf HTTP/1.1" 200 320793
172.22.2.4 - - [16/Apr/2022:19:39:34 -0500] "GET /BLA/boletinlegal/Circulares/2021/CIRCULAR%20No.%2000007%20DEL%2010%20DE%20AGOSTO%20DEL%202021.pdf HTTP/1.1" 200 266364
172.22.2.4 - - [16/Apr/2022:19:39:38 -0500] "GET /BLA/boletinlegal/Circulares/2021/CIRCULAR%20No.%2000006%20DEL%2005%20DE%20AGOSTO%20DEL%202021.pdf HTTP/1.1" 200 249615
172.22.2.4 - - [16/Apr/2022:19:39:43 -0500] "GET /BLA/boletinlegal/Circulares/2020/Circular%20No.%2000018%20del%2002%20de%20diciembre%20del%202020.pdf HTTP/1.1" 200 276868
172.22.2.4 - - [16/Apr/2022:19:39:48 -0500] "GET /BLA/boletinlegal/Circulares/2020/Circular%2000010%20del%2027%20de%20julio%20de%202020.pdf HTTP/1.1" 200 422655
172.22.2.4 - - [16/Apr/2022:19:39:53 -0500] "GET /BLA/boletinlegal/Circulares/2020/CIRCULAR%20No.%2000019%20DEL%2018%20DE%20DICIEMBRE%20DEL%202020.pdf HTTP/1.1" 200 307959
172.22.2.4 - - [16/Apr/2022:19:39:58 -0500] "GET /BLA/boletinlegal/Circulares/2020/CIRCULAR%20No.%2000014%20del%2001%20de%20septiembre%20del%202020.pdf HTTP/1.1" 200 320826
172.22.2.4 - - [16/Apr/2022:19:40:05 -0500] "GET /BLA/boletinlegal/Circulares/2019/Circular%20No.%2012%20del%2014%20de%20Marzo%20de%202019.pdf HTTP/1.1" 200 344384
172.22.2.4 - - [16/Apr/2022:19:40:12 -0500] "GET /BLA/boletinlegal/Circulares/2019/Circular%20No.%20006%20del%2008%20de%20Febrero%20de%202019.pdf HTTP/1.1" 200 674401
172.22.2.4 - - [16/Apr/2022:19:40:19 -0500] "GET /BLA/boletinlegal/Circulares/2019/Circular%20No.%200015%20del%2003%20de%20Octubre%20de%202019.pdf HTTP/1.1" 200 165608
172.22.2.4 - - [16/Apr/2022:19:40:23 -0500] "GET /BLA/boletinlegal/Circulares/2019/Circular%20No.%200005%20del%2020%20de%20Marzo%20de%202019.pdf HTTP/1.1" 200 159877
172.22.2.4 - - [16/Apr/2022:19:40:26 -0500] "GET /BLA/boletinlegal/Circulares/2019/Circular%20No.%200003%20del%2031%20de%20Enero%20de%202019.pdf HTTP/1.1" 200 164676
172.22.2.4 - - [16/Apr/2022:19:40:31 -0500] "GET /BLA/boletinlegal/Circulares/2019/Circular%2000020%20del%2020%20de%20diciembre%20de%202019.pdf HTTP/1.1" 200 145170
191.89.243.55 - - [16/Apr/2022:19:40:33 -0500] "GET /BLA/resoluciones/index.php?dir=AUTOS+2011%2F HTTP/1.1" 200 625660
172.22.2.4 - - [16/Apr/2022:19:40:35 -0500] "GET /BLA/boletinlegal/Circulares/2019/Circular%2000018%20del%2020%20de%20noviembre%20de%202019.pdf HTTP/1.1" 200 158030
172.22.2.4 - - [16/Apr/2022:19:40:38 -0500] "GET /BLA/boletinlegal/Circulares/2019/.pdf HTTP/1.1" 404 1218
172.22.2.4 - - [16/Apr/2022:19:40:42 -0500] "GET /BLA/boletinlegal/Circulares/2018/Circular%20No.%2011%20del%2024%20de%20Septiembre%20de%202018.pdf HTTP/1.1" 200 169541
172.22.2.4 - - [16/Apr/2022:19:40:49 -0500] "GET /BLA/boletinlegal/Circulares/2018/Circular%20No.%2010%20del%2021%20de%20Septiembre%20de%202018.pdf HTTP/1.1" 200 163426
172.22.2.4 - - [16/Apr/2022:19:40:54 -0500] "GET /BLA/boletinlegal/Circulares/2018/Circular%20No.%200015%20del%207%20de%20Diciembre%20de%202018.pdf HTTP/1.1" 200 165305
172.22.2.4 - - [16/Apr/2022:19:41:00 -0500] "GET /BLA/boletinlegal/Circulares/2018/CIRCULAR%20COJUNTA%20042%20DE%202018.pdf HTTP/1.1" 200 515008
172.22.2.4 - - [16/Apr/2022:19:41:10 -0500] "GET /BLA/boletinlegal/Circulares/2017/Circular%20No.%202%20del%201%20de%20Septiembre%20de%202017.pdf HTTP/1.1" 200 152575
172.22.2.4 - - [16/Apr/2022:19:41:16 -0500] "GET /BLA/boletinlegal/Circulares/2017/Circular%20No.%201%20del%2030%20de%20Marzo%20de%202017.pdf HTTP/1.1" 200 668532
172.22.2.4 - - [16/Apr/2022:19:41:22 -0500] "GET /BLA/boletinlegal/Circulares/2017/Circular%20No.%2007%20del%2028%20de%20Abril%20de%202017.pdf HTTP/1.1" 200 309906
207.46.13.115 - - [16/Apr/2022:19:41:21 -0500] "GET /BLA/resoluciones/index.php?dir=AUTOS+2019%2F HTTP/1.1" 200 342653
172.22.2.4 - - [16/Apr/2022:19:41:27 -0500] "GET /BLA/boletinlegal/Circulares/2017/Circular%20No.%20011%20del%2005%20de%20julio%20de%202017.pdf HTTP/1.1" 200 965526
172.22.2.4 - - [16/Apr/2022:19:41:34 -0500] "GET /BLA/boletinlegal/Circulares/2015/Circular%20No.%202%20del%201%20de%20julio%20de%202015.pdf HTTP/1.1" 200 752890
172.22.2.4 - - [16/Apr/2022:19:41:43 -0500] "GET /BLA/boletinlegal/Circulares/2015/Circular%20No.%201%20del%2010%20de%20Febrero%20de%202015.pdf HTTP/1.1" 200 660637
172.22.2.4 - - [16/Apr/2022:19:41:50 -0500] "GET /BLA/boletinlegal/Circulares/2014/Circular%20No.%203%20del%2014%20de%20Noviembre%20de%202014.pdf HTTP/1.1" 200 104132
172.22.2.4 - - [16/Apr/2022:19:41:55 -0500] "GET /BLA/boletinlegal/Circulares/2014/Circular%20No.%202%20del%2021%20de%20septiembre%20de%202014.pdf HTTP/1.1" 200 143376
172.22.2.4 - - [16/Apr/2022:19:42:01 -0500] "GET /BLA/boletinlegal/Circulares/2014/Circular%20No.%201%20del%2008%20de%20Mayo%20de%202014.pdf HTTP/1.1" 200 180124
172.22.2.4 - - [16/Apr/2022:19:42:07 -0500] "GET /BLA/boletinlegal/Circulares/2013/Circular%20No.%208%20del%201%20de%20Noviembre%20de%202013.pdf HTTP/1.1" 200 385156
172.22.2.4 - - [16/Apr/2022:19:42:14 -0500] "GET /BLA/boletinlegal/Circulares/2013/Circular%20No.%207%20del%201%20de%20Agosto%20de%202013.pdf HTTP/1.1" 200 340934
172.22.2.4 - - [16/Apr/2022:19:42:20 -0500] "GET /BLA/boletinlegal/Circulares/2013/Circular%20No.%206%20del%2019%20de%20julio%20de%202013.pdf HTTP/1.1" 200 4210437
181.53.13.95 - - [16/Apr/2022:19:42:37 -0500] "GET /kwssiamovil/sm/acme/a?s=U2FsdGVkX18cnJ6GZTq6H6e/SOGpreJG4RN3lUd2SJ3VRzNM7uyRMqDYQgRXI4DXkFl7WM2636aKRNwAXeC8AxhwE+RXMF1Rx+H87fo4BGAwtCq7VChCFjeQZ5Qoy5WlJbOa/v2orIqtNVv64BB7X/L/3h9Wx32QFQzCRe9Sw/ZDW5Sw2hopuTprcBYMjGayM9lglB/dNWd9fmfsNZr5qvrxKBOjV2ZKoLL9RSzRX06mUWoNZnkmige8dZWc72UgG6bdNXYyvCN65tgSh/qH8ysPIm9e4Qv/t53KtIxpcEw=&u=U2FsdGVkX19tBnh5RCDpeO1l34S0R2UpeVche30DPwYMPBGMcjLUTYnD7pBAxZnq&y=U2FsdGVkX19K4UyCMg/LuA6BhaN+uCJCt7bWACBE4pEKyspgoSvwSTQfdF+U4tVd HTTP/1.1" 200 25
181.53.13.95 - - [16/Apr/2022:19:42:38 -0500] "GET /kwssiamovil/sm/acme/a?s=U2FsdGVkX19NeclHN4Vybc0H4XUxDRMN1r9i9ZEKnKz//dOBI0BnLbuTppnxa+yE4VYhlUudsFNye60oHoNfkN/mkKQgXN5cR7MSY+FAOBPz+pApRRtBSiE/9yXC7FKnqsw03Kb63VLD6jsOwfepv77lwonh4I8hkd/UBlBlzwu4IVVNXdTVWuuS3kRXyXtLGXctnus0MXINLRw2B1t1vGmB+7EtjoXY1mZYwsih3s306kTbQoDo/aJ45+HnzQSuZLL6GDSlX3Kcewq+QQqVYIw+1wujLQH7wRJo1/iCm9oTvgTTS2QoeCbltYnuaS+XcNUj55edf/3nByJJGsYI2plRNAc7QSXSOZylcam4jQp+RsDA1lwCRyEZZgiGO253YXjS5O+plGs0trfqDbEI8VMlo0e25xrzUzcN7/YvLPRu1vjn7NWWC573O7hHA1fY3DSmdnAGNOYwfl0EN5TzMsG3s16d8551Z/b48kHIbZHtTiB+yjsmMyTC/idF6Zhk7Q4mA1rZCkdNWxfC9YHsIzmylMsrTrFotroYv2WmyX5WFZL8f+0W47yDUoddSAkDj94rgYkvkzV6Fyemt3oUOjuJ5TtBgRYNFOsmYhzoFDA1wJ0QPsuEQqQNVzfq1DbePJVCZN9YWcVMVPUhq1IZMoXivCVkXOemZnlsBO/qJiRSssSsfeyzfn6PwK68jpDv1B7qPnzBz5iyOrnNjcrkDeBJTO37VuLKa6P6pprRu0AQzEWp5AcPgVysQXsLINysyw0eQjN8XNFm+V2LdgEJAy5j44fult/hhAvezfXyNA5+fx0mBk0ipQZlS5aWZCdU2ZhBv5e/LwfcFslLDJPYCQBD2vONnv3xYZ7YO5S44swdTnWdje5HVPxsTKUx2AlSK0FnSank68YyNBdzqdMUwOhoMm/tmHv1W8gFx0B/AKBQvGOSA6E+UHNelR2JqEudclpKXIT0/IsZCJQON/At5o3zAm34aMOzvtG2kGJJoygdwZpeg/ccj+ORpFGwwmvUO1ZMHyowW0+P8Grr5uYZZKVO2IplCkGljFKhN6MOh9V87SOVKopBaBPvPK+jxeZY/SlLtxIXJ3H8hx2Hh9sck33b5wHXWz6FaY2cocwIVRqGMKk8ciP9sJ36icbfB5gyVwBpu7WHzyUQwGbo1Z9+afRE7VcWjEfCYnzgwHf1z9bvs1f8XJtUFsbR66x5xUQyJ0b1C66009BjMMosJ9gl86rAHWVAnI7QO4ECNKWWs1JVkBf8d1B3iuxcun/T22xTfYUVstGC0lc/U5cJpZAcKAYi1Nevqar0Jbh8vtIWkKObTU+XXGhMglmR7B0vy/fCZNl28G6Qs6q0mn0DGdWAZXLpQrGPavzRd+MhCYb8tA335NiNFnUuWUy5UIZGoiyyvOHXxNNscNeOEu7LywJf7fuxQB85AY2CzxGn1lbfE+oNvKg/P7mRBQoS4C1iwgmbMIMApJ67qVaxRSHPz1ShqliKyoyc/TuQ/z/vY+EaK7pcoGFtBgHX5lnVpgapRmYJckuFSES062TtHEnUaDZFgvK4UR3CQaU2I9ouGm3TIZHbcP4pvEJBxHvg0RZWJBRmH8dFm4mVFItiLVr4DzvTyXJw/kID1iJFGxKUmDI7Gmp+SCfT3UBzcLkd/vvo88Wbo+LJ8cv0cKWPAoUjnfj0kXYE2/q8WKjvdXYeEPOVXYNoxalx9yFx65u/3QEYJgLe1UBO1PCdAYyVGrwNIiDRT4ngzyxgDSGe7tIe1TJZ6EGytVZX99VOXWnCbpcIeRZwoLnAYvEOfnIZoN9iKF3ybTAsk6BF2iklH6/mE7hdH57Xjn3f3szu7suqr1YDyWldj1Bfg9bPX9spxeBZeUCxD8YCDLFjWxuYFgaGG7PSkdg=&u=U2FsdGVkX19tBnh5RCDpeO1l34S0R2UpeVche30DPwYMPBGMcjLUTYnD7pBAxZnq&y=U2FsdGVkX19K4UyCMg/LuA6BhaN+uCJCt7bWACBE4pEKyspgoSvwSTQfdF+U4tVd HTTP/1.1" 200 25
181.53.13.95 - - [16/Apr/2022:19:42:38 -0500] "GET /kwssiamovil/sm/acme/a?s=U2FsdGVkX18OXAeUWzZtMzliuF9zHZx26+nug6VcefSXjaFXP8E2G1a/ff26cjN1qz9BpOjlfu5F5PRQoHEm2XyqwcXFF2/5ehjoKZo5nCW47pJMY96Wn300L9BBXOKggTTupcmKFau/j7iShbn5QA3kesRKO0R+CrIKHwrhNoE=&u=U2FsdGVkX19tBnh5RCDpeO1l34S0R2UpeVche30DPwYMPBGMcjLUTYnD7pBAxZnq&y=U2FsdGVkX19K4UyCMg/LuA6BhaN+uCJCt7bWACBE4pEKyspgoSvwSTQfdF+U4tVd HTTP/1.1" 200 25
181.53.13.95 - - [16/Apr/2022:19:42:38 -0500] "GET /kwssiamovil/sm/acme/a?s=U2FsdGVkX19M9cNiNSPMEruISX4LDGIaHrMk/+GN40iWB3RybpAaDXTbSJY74gPFZsdHJcZSzrmhGdZeFkg+M85e3nc47M8Xxlu975D2bNjfckA3ppue6FU0SmRSe1cQG0pDMHPBEs2m1wQiL/kLd/kGJ5w6C7OYRCSbgH3ONQU=&u=U2FsdGVkX19tBnh5RCDpeO1l34S0R2UpeVche30DPwYMPBGMcjLUTYnD7pBAxZnq&y=U2FsdGVkX19K4UyCMg/LuA6BhaN+uCJCt7bWACBE4pEKyspgoSvwSTQfdF+U4tVd HTTP/1.1" 200 25
181.53.13.95 - - [16/Apr/2022:19:42:38 -0500] "GET /kwssiamovil/sm/acme/a?s=U2FsdGVkX1/gnUaGIViqMh4xqWyMek2m6bT9K7LorfrfBZh3I/p0yNZVfR70vLcSw3BmYnImRChIn7uQILUopdE7nk0kynPZHeeMTlwIPR77C4BmV+eRPor1XSvVkRmBRqNz2Knbwmxv/YkmJ7ex0BtOu2bV03B0iNU8yI8761I=&u=U2FsdGVkX19tBnh5RCDpeO1l34S0R2UpeVche30DPwYMPBGMcjLUTYnD7pBAxZnq&y=U2FsdGVkX19K4UyCMg/LuA6BhaN+uCJCt7bWACBE4pEKyspgoSvwSTQfdF+U4tVd HTTP/1.1" 200 25
181.53.13.95 - - [16/Apr/2022:19:42:39 -0500] "GET /kwssiamovil/sm/acme/a?s=U2FsdGVkX1+ac2pKyXm2kaSHE45PUyNxaAr2t7ZqSaCOWLRvDsoB0fCKjEmSlyb9kJ9Ydls4PzYfpC9fQ+bigICyRossGe9mBJs/JFZYgjHJqnBFb5sxxj2M/MnYt1UZfAnQ/teinjPpmoNrQmTjmPzzVpylPoW4OKFYFCp6i5tEFhv1H92IbgPHSr0NXkXUvxEorA+imGmSa8xoqyCflA==&u=U2FsdGVkX19tBnh5RCDpeO1l34S0R2UpeVche30DPwYMPBGMcjLUTYnD7pBAxZnq&y=U2FsdGVkX19K4UyCMg/LuA6BhaN+uCJCt7bWACBE4pEKyspgoSvwSTQfdF+U4tVd HTTP/1.1" 200 25
172.22.2.4 - - [16/Apr/2022:19:42:54 -0500] "GET /BLA/boletinlegal/Circulares/2013/Circular%20No.%205%20del%2013%20de%20junio%20de%202013.pdf HTTP/1.1" 200 110904
172.22.2.4 - - [16/Apr/2022:19:43:00 -0500] "GET /BLA/boletinlegal/Circulares/2013/Circular%20No.%204%20del%2005%20de%20junio%20de%202013.pdf HTTP/1.1" 200 130461
172.22.2.4 - - [16/Apr/2022:19:43:05 -0500] "GET /BLA/boletinlegal/Circulares/2013/Circular%20No.%203%20del%2005%20de%20abril%20de%202013.pdf HTTP/1.1" 200 93580
172.22.2.4 - - [16/Apr/2022:19:43:12 -0500] "GET /BLA/boletinlegal/Circulares/2013/Circular%20No.%202%20del%2022%20de%20enero%20de%202013.pdf HTTP/1.1" 200 85466
216.245.221.92 - - [16/Apr/2022:19:43:18 -0500] "HEAD / HTTP/1.1" 200 -
172.22.2.4 - - [16/Apr/2022:19:43:19 -0500] "GET /BLA/boletinlegal/Circulares/2013/Circular%20No.%201%20del%2014%20de%20enero%20de%202013.pdf HTTP/1.1" 200 1298384
201.245.192.253 - - [16/Apr/2022:19:42:41 -0500] "POST /kwsrmcab/Wsrmcab HTTP/1.1" 200 45459
172.22.2.4 - - [16/Apr/2022:19:43:27 -0500] "GET /BLA/boletinlegal/Circulares/2012/Circular%20No.%209%20del%2021%20de%20Agosto%20de%202012.pdf HTTP/1.1" 200 1402289
201.245.192.253 - - [16/Apr/2022:19:43:32 -0500] "POST /kwsrmcab/Wsrmcab HTTP/1.1" 200 45472
172.22.2.4 - - [16/Apr/2022:19:44:52 -0500] "GET /BLA/boletinlegal/Circulares/2012/Circular%20No.%208%20del%2021%20de%20Agosto%20de%202012.pdf HTTP/1.1" 200 963197
172.22.2.4 - - [16/Apr/2022:19:45:01 -0500] "GET /BLA/boletinlegal/Circulares/2012/Circular%20No.%2016%20del%2022%20de%20octubre%20de%202012.pdf HTTP/1.1" 200 381186
172.22.2.4 - - [16/Apr/2022:19:45:08 -0500] "GET /BLA/boletinlegal/Circulares/2012/Circular%20No.%2015%20del%2022%20de%20octubre%20de%202012.pdf HTTP/1.1" 200 486506
172.22.2.4 - - [16/Apr/2022:19:45:16 -0500] "GET /BLA/boletinlegal/Circulares/2012/Circular%20No.%2014%20del%2011%20de%20Septiembre%20de%202012.pdf HTTP/1.1" 200 3427471
172.22.2.4 - - [16/Apr/2022:19:45:26 -0500] "GET /BLA/boletinlegal/Circulares/2012/Circular%20No.%2013%20del%2006%20de%20Septiembre%20de%202012.pdf HTTP/1.1" 200 351421
172.22.2.4 - - [16/Apr/2022:19:45:32 -0500] "GET /BLA/boletinlegal/Circulares/2012/Circular%20No.%2012%20del%2028%20de%20Agosto%20de%202012.pdf HTTP/1.1" 200 369945
172.22.2.4 - - [16/Apr/2022:19:45:37 -0500] "GET /BLA/boletinlegal/Circulares/2012/Circular%20No.%2011%20del%2027%20de%20Agosto%20de%202012.pdf HTTP/1.1" 200 526945
172.22.2.4 - - [16/Apr/2022:19:45:43 -0500] "GET /BLA/boletinlegal/Circulares/2012/Circular%20No.%2010%20del%2022%20de%20Agosto%20de%202012.pdf HTTP/1.1" 200 1563219
172.22.2.4 - - [16/Apr/2022:19:48:15 -0500] "GET /BLA/boletinlegal/actos.php HTTP/1.1" 200 9559
216.245.221.92 - - [16/Apr/2022:19:48:18 -0500] "HEAD / HTTP/1.1" 200 -
66.249.65.13 - - [16/Apr/2022:19:48:26 -0500] "-" 408 -
172.22.2.4 - - [16/Apr/2022:19:48:34 -0500] "GET /BLA/boletinlegal/consulta_actos.php?tipo=autos&no=6754&usuario=&sector=&fecha=2011&resuelve= HTTP/1.1" 200 1030
172.22.2.4 - - [16/Apr/2022:19:48:13 -0500] "GET /BLA/boletinlegal/ HTTP/1.1" 200 24523
172.22.2.4 - - [16/Apr/2022:19:47:42 -0500] "HEAD /BLA/boletinlegal/ HTTP/1.1" 200 -
172.22.2.4 - - [16/Apr/2022:19:48:32 -0500] "GET /BLA/boletinlegal/ HTTP/1.1" 200 57542
173.252.87.19 - - [16/Apr/2022:19:50:36 -0500] "GET /images/jardines-verticales-4-marzo.jpg HTTP/1.1" 200 54804
40.77.167.29 - - [16/Apr/2022:19:52:11 -0500] "GET /BLA/resoluciones/AUTOS%202019/2238.pdf HTTP/1.1" 200 297275
216.245.221.92 - - [16/Apr/2022:19:53:18 -0500] "HEAD / HTTP/1.1" 200 -
66.249.65.13 - - [16/Apr/2022:19:54:50 -0500] "-" 408 -
172.22.2.4 - - [16/Apr/2022:19:53:32 -0500] "HEAD /BLA/boletinlegal/ HTTP/1.1" 200 -
172.22.2.4 - - [16/Apr/2022:19:54:35 -0500] "GET /BLA/boletinlegal/ HTTP/1.1" 200 60105
216.245.221.92 - - [16/Apr/2022:19:58:18 -0500] "HEAD / HTTP/1.1" 200 -
172.22.2.4 - - [16/Apr/2022:19:59:22 -0500] "HEAD /BLA/boletinlegal/ HTTP/1.1" 200 -
172.22.2.4 - - [16/Apr/2022:20:01:46 -0500] "GET /BLA/boletinlegal/favicon.ico HTTP/1.1" 404 1018
172.22.2.4 - - [16/Apr/2022:20:01:22 -0500] "GET /BLA/boletinlegal/ HTTP/1.1" 200 36811
172.22.2.4 - - [16/Apr/2022:20:02:38 -0500] "GET /BLA/boletinlegal/jurisprudencia/analisis/AnalisisT-095-16.docx HTTP/1.1" 200 20284
191.156.236.189 - - [16/Apr/2022:20:02:59 -0500] "-" 408 -
172.22.2.4 - - [16/Apr/2022:20:01:42 -0500] "GET /BLA/boletinlegal/ HTTP/1.1" 200 49099
191.156.236.189 - - [16/Apr/2022:20:03:14 -0500] "-" 408 -
216.245.221.92 - - [16/Apr/2022:20:03:18 -0500] "HEAD / HTTP/1.1" 200 -
172.22.2.4 - - [16/Apr/2022:20:01:43 -0500] "GET /BLA/boletinlegal/ HTTP/1.1" 200 56300
172.22.2.4 - - [16/Apr/2022:20:03:24 -0500] "GET /BLA/boletinlegal/ HTTP/1.1" 200 20427
172.22.2.4 - - [16/Apr/2022:20:06:34 -0500] "GET /BLA/boletinlegal/documentos-importantes.php HTTP/1.1" 200 4822
172.22.2.4 - - [16/Apr/2022:20:06:48 -0500] "GET /BLA/boletinlegal/styles2.css HTTP/1.1" 200 1838
172.22.2.4 - - [16/Apr/2022:20:06:49 -0500] "GET /BLA/boletinlegal/ajax.js HTTP/1.1" 200 577
172.22.2.4 - - [16/Apr/2022:20:06:51 -0500] "GET /BLA/boletinlegal/niceforms-default.css HTTP/1.1" 200 6694
172.22.2.4 - - [16/Apr/2022:20:06:53 -0500] "GET /BLA/boletinlegal/niceforms.js HTTP/1.1" 200 22876
172.22.2.4 - - [16/Apr/2022:20:06:55 -0500] "GET /BLA/boletinlegal/style.css HTTP/1.1" 200 9406
216.245.221.92 - - [16/Apr/2022:20:08:18 -0500] "HEAD / HTTP/1.1" 200 -
172.22.2.4 - - [16/Apr/2022:20:09:28 -0500] "GET /BLA/boletinlegal/jurisprudencia/analisis/AnalisisT-606-15.docx HTTP/1.1" 200 26698
172.22.2.4 - - [16/Apr/2022:20:09:28 -0500] "GET /BLA/boletinlegal/apple-touch-icon-120x120-precomposed.png HTTP/1.1" 404 1140
172.22.2.4 - - [16/Apr/2022:20:09:29 -0500] "GET /BLA/boletinlegal/apple-touch-icon-120x120.png HTTP/1.1" 404 1140
172.22.2.4 - - [16/Apr/2022:20:09:29 -0500] "GET /BLA/boletinlegal/apple-touch-icon-precomposed.png HTTP/1.1" 404 1140
172.22.2.4 - - [16/Apr/2022:20:09:29 -0500] "GET /BLA/boletinlegal/apple-touch-icon.png HTTP/1.1" 404 1140
172.22.2.4 - - [16/Apr/2022:20:09:29 -0500] "GET /BLA/boletinlegal/favicon.ico HTTP/1.1" 404 1140
172.22.2.4 - - [16/Apr/2022:20:09:29 -0500] "GET /BLA/boletinlegal/apple-touch-icon-120x120-precomposed.png HTTP/1.1" 404 1140
172.22.2.4 - - [16/Apr/2022:20:09:29 -0500] "GET /BLA/boletinlegal/apple-touch-icon-120x120.png HTTP/1.1" 404 1140
172.22.2.4 - - [16/Apr/2022:20:09:30 -0500] "GET /BLA/boletinlegal/apple-touch-icon-precomposed.png HTTP/1.1" 404 1140
172.22.2.4 - - [16/Apr/2022:20:09:30 -0500] "GET /BLA/boletinlegal/apple-touch-icon.png HTTP/1.1" 404 1140
172.22.2.4 - - [16/Apr/2022:20:09:30 -0500] "GET /BLA/boletinlegal/favicon.ico HTTP/1.1" 404 1140
216.245.221.92 - - [16/Apr/2022:20:13:18 -0500] "HEAD / HTTP/1.1" 200 -
207.46.13.115 - - [16/Apr/2022:20:14:44 -0500] "GET /BLA/resoluciones/index.php?dir=AUTOS+2019%2F HTTP/1.1" 200 342653
172.22.2.4 - - [16/Apr/2022:20:17:12 -0500] "GET /BLA/boletinlegal/jurisprudencia/analisis/AnalisisT-606-15.docx HTTP/1.1" 200 26698
172.22.2.4 - - [16/Apr/2022:20:17:12 -0500] "GET /BLA/boletinlegal/apple-touch-icon-120x120-precomposed.png HTTP/1.1" 404 1140
172.22.2.4 - - [16/Apr/2022:20:17:12 -0500] "GET /BLA/boletinlegal/apple-touch-icon-120x120.png HTTP/1.1" 404 1140
172.22.2.4 - - [16/Apr/2022:20:17:12 -0500] "GET /BLA/boletinlegal/apple-touch-icon-precomposed.png HTTP/1.1" 404 1140
172.22.2.4 - - [16/Apr/2022:20:17:13 -0500] "GET /BLA/boletinlegal/apple-touch-icon.png HTTP/1.1" 404 1140
172.22.2.4 - - [16/Apr/2022:20:17:13 -0500] "GET /BLA/boletinlegal/favicon.ico HTTP/1.1" 404 1140
172.22.2.4 - - [16/Apr/2022:20:17:13 -0500] "GET /BLA/boletinlegal/apple-touch-icon-120x120-precomposed.png HTTP/1.1" 404 1140
172.22.2.4 - - [16/Apr/2022:20:17:13 -0500] "GET /BLA/boletinlegal/apple-touch-icon-120x120.png HTTP/1.1" 404 1140
172.22.2.4 - - [16/Apr/2022:20:17:13 -0500] "GET /BLA/boletinlegal/apple-touch-icon-precomposed.png HTTP/1.1" 404 1140
172.22.2.4 - - [16/Apr/2022:20:17:13 -0500] "GET /BLA/boletinlegal/apple-touch-icon.png HTTP/1.1" 404 1140
172.22.2.4 - - [16/Apr/2022:20:17:13 -0500] "GET /BLA/boletinlegal/favicon.ico HTTP/1.1" 404 1140
216.245.221.92 - - [16/Apr/2022:20:18:18 -0500] "HEAD / HTTP/1.1" 200 -
172.22.2.4 - - [16/Apr/2022:20:18:31 -0500] "GET /BLA/boletinlegal/ HTTP/1.1" 200 63342
216.245.221.92 - - [16/Apr/2022:20:23:18 -0500] "HEAD / HTTP/1.1" 200 -
201.245.192.253 - - [16/Apr/2022:20:22:41 -0500] "POST /kwsrmcab/Wsrmcab HTTP/1.1" 200 45740
201.245.192.253 - - [16/Apr/2022:20:23:30 -0500] "POST /kwsrmcab/Wsrmcab HTTP/1.1" 200 45447
172.22.2.4 - - [16/Apr/2022:20:23:18 -0500] "HEAD /BLA/boletinlegal/ HTTP/1.1" 200 -
172.22.2.4 - - [16/Apr/2022:20:24:11 -0500] "GET /BLA/boletinlegal/ HTTP/1.1" 200 59170
192.133.77.18 - - [16/Apr/2022:20:27:50 -0500] "-" 408 -
216.245.221.92 - - [16/Apr/2022:20:28:18 -0500] "HEAD / HTTP/1.1" 200 -
172.22.2.4 - - [16/Apr/2022:20:29:23 -0500] "GET /BLA/boletinlegal/actos.php HTTP/1.1" 200 9559
172.22.2.4 - - [16/Apr/2022:20:29:24 -0500] "GET /BLA/boletinlegal/favicon.ico HTTP/1.1" 404 1326
172.22.2.4 - - [16/Apr/2022:20:29:48 -0500] "GET /BLA/boletinlegal/consulta_actos.php?tipo=resoluciones&no=7609&usuario=&sector=PEV&fecha=2009&resuelve= HTTP/1.1" 200 626
180.163.220.66 - - [16/Apr/2022:20:29:50 -0500] "GET / HTTP/1.1" 200 319
172.22.2.4 - - [16/Apr/2022:20:29:19 -0500] "GET /BLA/boletinlegal/ HTTP/1.1" 200 24523
172.22.2.4 - - [16/Apr/2022:20:30:03 -0500] "GET /BLA/boletinlegal/consulta_actos.php?tipo=resoluciones&no=7609&usuario=&sector=PEV&fecha=2008&resuelve= HTTP/1.1" 200 626
181.56.81.149 - - [16/Apr/2022:20:30:21 -0500] "GET /BLA/resoluciones/ HTTP/1.1" 200 13093
181.56.81.149 - - [16/Apr/2022:20:30:22 -0500] "GET /BLA/resoluciones/dlf/folder.png HTTP/1.1" 200 410
181.56.81.149 - - [16/Apr/2022:20:30:22 -0500] "GET /BLA/resoluciones/dlf/styles.css HTTP/1.1" 200 3049
181.56.81.149 - - [16/Apr/2022:20:30:23 -0500] "GET /BLA/resoluciones/dlf/bg.gif HTTP/1.1" 200 54
181.56.81.149 - - [16/Apr/2022:20:30:23 -0500] "GET /favicon.ico HTTP/1.1" 200 7782
181.56.81.149 - - [16/Apr/2022:20:30:28 -0500] "GET /BLA/resoluciones/dlf/dirup.png HTTP/1.1" 200 644
181.56.81.149 - - [16/Apr/2022:20:30:28 -0500] "GET /BLA/resoluciones/dlf/pdf.gif HTTP/1.1" 200 272
181.56.81.149 - - [16/Apr/2022:20:30:28 -0500] "GET /BLA/resoluciones/index.php?dir=RESOLUCIONES+2009%2F HTTP/1.1" 200 1694101
181.56.81.149 - - [16/Apr/2022:20:30:48 -0500] "GET /BLA/resoluciones/RESOLUCIONES%202009/7609.pdf HTTP/1.1" 200 568004
66.249.65.13 - - [16/Apr/2022:20:31:36 -0500] "-" 408 -
35.204.175.154 - - [16/Apr/2022:20:32:09 -0500] "GET / HTTP/1.1" 200 319
216.245.221.92 - - [16/Apr/2022:20:33:18 -0500] "HEAD / HTTP/1.1" 200 -
201.245.192.253 - - [16/Apr/2022:20:32:40 -0500] "POST /kwsrmcab/Wsrmcab HTTP/1.1" 200 45740
201.245.192.253 - - [16/Apr/2022:20:33:31 -0500] "POST /kwsrmcab/Wsrmcab HTTP/1.1" 200 45447
172.22.2.4 - - [16/Apr/2022:20:35:52 -0500] "GET /BLA/boletinlegal/ HTTP/1.1" 200 55089
172.22.2.4 - - [16/Apr/2022:20:37:50 -0500] "GET /BLA/boletinlegal/doctrina.php HTTP/1.1" 200 5604
172.22.2.4 - - [16/Apr/2022:20:37:50 -0500] "GET /BLA/boletinlegal/js/ajax_doctrina.js HTTP/1.1" 200 772
172.22.2.4 - - [16/Apr/2022:20:37:50 -0500] "GET /BLA/boletinlegal/style.css HTTP/1.1" 200 9406
172.22.2.4 - - [16/Apr/2022:20:37:50 -0500] "GET /BLA/boletinlegal/js/lib.js HTTP/1.1" 200 6474
172.22.2.4 - - [16/Apr/2022:20:37:50 -0500] "GET /BLA/boletinlegal/js/popup.js HTTP/1.1" 200 1270
172.22.2.4 - - [16/Apr/2022:20:37:50 -0500] "GET /BLA/boletinlegal/js/jquery1.js HTTP/1.1" 200 29846
172.22.2.4 - - [16/Apr/2022:20:37:50 -0500] "GET /BLA/boletinlegal/images/subscribe-icon-big.png HTTP/1.1" 200 47702
172.22.2.4 - - [16/Apr/2022:20:37:50 -0500] "GET /BLA/boletinlegal/images/cabezote%20BLEGAL.jpg HTTP/1.1" 200 118164
172.22.2.4 - - [16/Apr/2022:20:37:50 -0500] "GET /BLA/boletinlegal/images/registro-usuarios.png HTTP/1.1" 200 8106
172.22.2.4 - - [16/Apr/2022:20:37:50 -0500] "GET /BLA/boletinlegal/images/historia.png HTTP/1.1" 200 52775
172.22.2.4 - - [16/Apr/2022:20:37:51 -0500] "GET /BLA/boletinlegal/images/body_bg.jpg HTTP/1.1" 200 1601
172.22.2.4 - - [16/Apr/2022:20:37:51 -0500] "GET /BLA/boletinlegal/images/menu_rght.gif HTTP/1.1" 200 1627
172.22.2.4 - - [16/Apr/2022:20:37:51 -0500] "GET /BLA/boletinlegal/images/menu_lft.gif HTTP/1.1" 200 1713
172.22.2.4 - - [16/Apr/2022:20:37:51 -0500] "GET /BLA/boletinlegal/images/bg_top.jpg HTTP/1.1" 200 522
172.22.2.4 - - [16/Apr/2022:20:37:51 -0500] "GET /BLA/boletinlegal/images/menu_bg.jpg HTTP/1.1" 200 620
172.22.2.4 - - [16/Apr/2022:20:37:51 -0500] "GET /BLA/boletinlegal/images/hover.jpg HTTP/1.1" 200 640
172.22.2.4 - - [16/Apr/2022:20:37:51 -0500] "GET /BLA/boletinlegal/images/text.jpg HTTP/1.1" 200 568
172.22.2.4 - - [16/Apr/2022:20:37:51 -0500] "GET /BLA/boletinlegal/images/footer_bg.jpg HTTP/1.1" 200 586
172.22.2.4 - - [16/Apr/2022:20:37:51 -0500] "GET /BLA/boletinlegal/images/sub_ul_li.gif HTTP/1.1" 200 343
172.22.2.4 - - [16/Apr/2022:20:37:51 -0500] "GET /BLA/boletinlegal/images/footer_bg_l.jpg HTTP/1.1" 200 776
172.22.2.4 - - [16/Apr/2022:20:37:51 -0500] "GET /BLA/boletinlegal/favicon.ico HTTP/1.1" 404 1332
172.22.2.4 - - [16/Apr/2022:20:36:16 -0500] "HEAD /BLA/boletinlegal/ HTTP/1.1" 200 -
172.22.2.4 - - [16/Apr/2022:20:38:16 -0500] "GET /BLA/boletinlegal/consulta_doctrina.php?grupo=2 HTTP/1.1" 200 5554
172.22.2.4 - - [16/Apr/2022:20:38:16 -0500] "GET /BLA/boletinlegal/images/pdf.gif HTTP/1.1" 200 567
172.22.2.4 - - [16/Apr/2022:20:38:16 -0500] "GET /BLA/boletinlegal/images/blurry.jpg HTTP/1.1" 200 27450
172.22.2.4 - - [16/Apr/2022:20:38:16 -0500] "GET /BLA/boletinlegal/images/back.png HTTP/1.1" 200 43992
172.22.2.4 - - [16/Apr/2022:20:38:16 -0500] "GET /BLA/boletinlegal/consulta_doctrina.php?grupo=2 HTTP/1.1" 200 5554
216.245.221.92 - - [16/Apr/2022:20:38:18 -0500] "HEAD / HTTP/1.1" 200 -
172.22.2.4 - - [16/Apr/2022:20:38:23 -0500] "GET /BLA/boletinlegal/doctrina/Portada%20e%20Indice.pdf HTTP/1.1" 200 228659
172.22.2.4 - - [16/Apr/2022:20:37:06 -0500] "GET /BLA/boletinlegal/ HTTP/1.1" 200 57542
172.22.2.4 - - [16/Apr/2022:20:39:36 -0500] "GET /BLA/boletinlegal/Circulares/2022/CIRCULAR%20No.%2000003%20DEL%2007%20DE%20MARZO%20DEL%202022.pdf HTTP/1.1" 404 1038
172.22.2.4 - - [16/Apr/2022:20:39:38 -0500] "GET /BLA/boletinlegal/Circulares/2021/CIRCULAR%20No.%2000009%20DEL%2001%20DE%20OCTUBRE%20DEL%202021.pdf HTTP/1.1" 200 320793
172.22.2.4 - - [16/Apr/2022:20:39:44 -0500] "GET /BLA/boletinlegal/Circulares/2021/CIRCULAR%20No.%2000007%20DEL%2010%20DE%20AGOSTO%20DEL%202021.pdf HTTP/1.1" 200 266364
172.22.2.4 - - [16/Apr/2022:20:39:49 -0500] "GET /BLA/boletinlegal/Circulares/2021/CIRCULAR%20No.%2000006%20DEL%2005%20DE%20AGOSTO%20DEL%202021.pdf HTTP/1.1" 200 249615
172.22.2.4 - - [16/Apr/2022:20:39:54 -0500] "GET /BLA/boletinlegal/Circulares/2020/Circular%20No.%2000018%20del%2002%20de%20diciembre%20del%202020.pdf HTTP/1.1" 200 276868
172.22.2.4 - - [16/Apr/2022:20:39:59 -0500] "GET /BLA/boletinlegal/Circulares/2020/Circular%2000010%20del%2027%20de%20julio%20de%202020.pdf HTTP/1.1" 200 422655
172.22.2.4 - - [16/Apr/2022:20:40:07 -0500] "GET /BLA/boletinlegal/Circulares/2020/CIRCULAR%20No.%2000019%20DEL%2018%20DE%20DICIEMBRE%20DEL%202020.pdf HTTP/1.1" 200 307959
172.22.2.4 - - [16/Apr/2022:20:40:15 -0500] "GET /BLA/boletinlegal/Circulares/2020/CIRCULAR%20No.%2000014%20del%2001%20de%20septiembre%20del%202020.pdf HTTP/1.1" 200 320826
172.22.2.4 - - [16/Apr/2022:20:40:19 -0500] "GET /BLA/boletinlegal/Circulares/2019/Circular%20No.%2012%20del%2014%20de%20Marzo%20de%202019.pdf HTTP/1.1" 200 344384
172.22.2.4 - - [16/Apr/2022:20:40:25 -0500] "GET /BLA/boletinlegal/Circulares/2019/Circular%20No.%20006%20del%2008%20de%20Febrero%20de%202019.pdf HTTP/1.1" 200 674401
172.22.2.4 - - [16/Apr/2022:20:40:32 -0500] "GET /BLA/boletinlegal/Circulares/2019/Circular%20No.%200015%20del%2003%20de%20Octubre%20de%202019.pdf HTTP/1.1" 200 165608
172.22.2.4 - - [16/Apr/2022:20:40:37 -0500] "GET /BLA/boletinlegal/Circulares/2019/Circular%20No.%200005%20del%2020%20de%20Marzo%20de%202019.pdf HTTP/1.1" 200 159877
172.22.2.4 - - [16/Apr/2022:20:40:42 -0500] "GET /BLA/boletinlegal/Circulares/2019/Circular%20No.%200003%20del%2031%20de%20Enero%20de%202019.pdf HTTP/1.1" 200 164676
172.22.2.4 - - [16/Apr/2022:20:40:47 -0500] "GET /BLA/boletinlegal/Circulares/2019/Circular%2000020%20del%2020%20de%20diciembre%20de%202019.pdf HTTP/1.1" 200 145170
172.22.2.4 - - [16/Apr/2022:20:40:53 -0500] "GET /BLA/boletinlegal/Circulares/2019/Circular%2000018%20del%2020%20de%20noviembre%20de%202019.pdf HTTP/1.1" 200 158030
172.22.2.4 - - [16/Apr/2022:20:40:58 -0500] "GET /BLA/boletinlegal/Circulares/2019/.pdf HTTP/1.1" 404 1218
172.22.2.4 - - [16/Apr/2022:20:40:59 -0500] "GET /BLA/boletinlegal/Circulares/2018/Circular%20No.%2011%20del%2024%20de%20Septiembre%20de%202018.pdf HTTP/1.1" 200 169541
172.22.2.4 - - [16/Apr/2022:20:41:03 -0500] "GET /BLA/boletinlegal/Circulares/2018/Circular%20No.%2010%20del%2021%20de%20Septiembre%20de%202018.pdf HTTP/1.1" 200 163426
172.22.2.4 - - [16/Apr/2022:20:41:06 -0500] "GET /BLA/boletinlegal/Circulares/2018/Circular%20No.%200015%20del%207%20de%20Diciembre%20de%202018.pdf HTTP/1.1" 200 165305
172.22.2.4 - - [16/Apr/2022:20:41:10 -0500] "GET /BLA/boletinlegal/Circulares/2018/CIRCULAR%20COJUNTA%20042%20DE%202018.pdf HTTP/1.1" 200 515008
172.22.2.4 - - [16/Apr/2022:20:41:24 -0500] "GET /BLA/boletinlegal/Circulares/2017/Circular%20No.%202%20del%201%20de%20Septiembre%20de%202017.pdf HTTP/1.1" 200 152575
172.22.2.4 - - [16/Apr/2022:20:41:26 -0500] "GET /BLA/boletinlegal/doctrina.php HTTP/1.1" 200 5604
172.22.2.4 - - [16/Apr/2022:20:41:28 -0500] "GET /BLA/boletinlegal/style.css HTTP/1.1" 200 9406
172.22.2.4 - - [16/Apr/2022:20:41:28 -0500] "GET /BLA/boletinlegal/js/ajax_doctrina.js HTTP/1.1" 200 772
172.22.2.4 - - [16/Apr/2022:20:41:28 -0500] "GET /BLA/boletinlegal/js/lib.js HTTP/1.1" 200 6474
172.22.2.4 - - [16/Apr/2022:20:41:28 -0500] "GET /BLA/boletinlegal/js/popup.js HTTP/1.1" 200 1270
172.22.2.4 - - [16/Apr/2022:20:41:28 -0500] "GET /BLA/boletinlegal/js/jquery1.js HTTP/1.1" 200 29846
172.22.2.4 - - [16/Apr/2022:20:41:28 -0500] "GET /BLA/boletinlegal/images/cabezote%20BLEGAL.jpg HTTP/1.1" 200 118164
172.22.2.4 - - [16/Apr/2022:20:41:29 -0500] "GET /BLA/boletinlegal/images/historia.png HTTP/1.1" 200 52775
172.22.2.4 - - [16/Apr/2022:20:41:29 -0500] "GET /BLA/boletinlegal/images/registro-usuarios.png HTTP/1.1" 200 8106
172.22.2.4 - - [16/Apr/2022:20:41:29 -0500] "GET /BLA/boletinlegal/images/subscribe-icon-big.png HTTP/1.1" 200 47702
172.22.2.4 - - [16/Apr/2022:20:41:29 -0500] "GET /BLA/boletinlegal/images/body_bg.jpg HTTP/1.1" 200 1601
172.22.2.4 - - [16/Apr/2022:20:41:29 -0500] "GET /BLA/boletinlegal/images/footer_bg_l.jpg HTTP/1.1" 200 776
172.22.2.4 - - [16/Apr/2022:20:41:29 -0500] "GET /BLA/boletinlegal/images/hover.jpg HTTP/1.1" 200 640
172.22.2.4 - - [16/Apr/2022:20:41:29 -0500] "GET /BLA/boletinlegal/images/footer_bg.jpg HTTP/1.1" 200 586
172.22.2.4 - - [16/Apr/2022:20:41:29 -0500] "GET /BLA/boletinlegal/images/menu_lft.gif HTTP/1.1" 200 1713
172.22.2.4 - - [16/Apr/2022:20:41:29 -0500] "GET /BLA/boletinlegal/images/menu_rght.gif HTTP/1.1" 200 1627
172.22.2.4 - - [16/Apr/2022:20:41:29 -0500] "GET /BLA/boletinlegal/images/bg_top.jpg HTTP/1.1" 200 522
172.22.2.4 - - [16/Apr/2022:20:41:29 -0500] "GET /BLA/boletinlegal/images/menu_bg.jpg HTTP/1.1" 200 620
172.22.2.4 - - [16/Apr/2022:20:41:29 -0500] "GET /BLA/boletinlegal/images/text.jpg HTTP/1.1" 200 568
172.22.2.4 - - [16/Apr/2022:20:41:30 -0500] "GET /BLA/boletinlegal/images/sub_ul_li.gif HTTP/1.1" 200 343
172.22.2.4 - - [16/Apr/2022:20:41:30 -0500] "GET /BLA/boletinlegal/Circulares/2017/Circular%20No.%201%20del%2030%20de%20Marzo%20de%202017.pdf HTTP/1.1" 200 668532
172.22.2.4 - - [16/Apr/2022:20:41:32 -0500] "GET /BLA/boletinlegal/consulta_doctrina.php?grupo=1 HTTP/1.1" 200 5915
172.22.2.4 - - [16/Apr/2022:20:41:32 -0500] "GET /BLA/boletinlegal/images/blurry.jpg HTTP/1.1" 200 27450
172.22.2.4 - - [16/Apr/2022:20:41:32 -0500] "GET /BLA/boletinlegal/images/pdf.gif HTTP/1.1" 200 567
172.22.2.4 - - [16/Apr/2022:20:41:32 -0500] "GET /BLA/boletinlegal/images/back.png HTTP/1.1" 200 43992
172.22.2.4 - - [16/Apr/2022:20:41:37 -0500] "GET /BLA/boletinlegal/Circulares/2017/Circular%20No.%2007%20del%2028%20de%20Abril%20de%202017.pdf HTTP/1.1" 200 309906
172.22.2.4 - - [16/Apr/2022:20:41:42 -0500] "GET /BLA/boletinlegal/Circulares/2017/Circular%20No.%20011%20del%2005%20de%20julio%20de%202017.pdf HTTP/1.1" 200 965526
172.22.2.4 - - [16/Apr/2022:20:41:50 -0500] "GET /BLA/boletinlegal/Circulares/2015/Circular%20No.%202%20del%201%20de%20julio%20de%202015.pdf HTTP/1.1" 200 752890
172.22.2.4 - - [16/Apr/2022:20:41:55 -0500] "GET /BLA/boletinlegal/Circulares/2015/Circular%20No.%201%20del%2010%20de%20Febrero%20de%202015.pdf HTTP/1.1" 200 660637
172.22.2.4 - - [16/Apr/2022:20:42:02 -0500] "GET /BLA/boletinlegal/Circulares/2014/Circular%20No.%203%20del%2014%20de%20Noviembre%20de%202014.pdf HTTP/1.1" 200 104132
172.22.2.4 - - [16/Apr/2022:20:42:07 -0500] "GET /BLA/boletinlegal/Circulares/2014/Circular%20No.%202%20del%2021%20de%20septiembre%20de%202014.pdf HTTP/1.1" 200 143376
172.22.2.4 - - [16/Apr/2022:20:42:13 -0500] "GET /BLA/boletinlegal/Circulares/2014/Circular%20No.%201%20del%2008%20de%20Mayo%20de%202014.pdf HTTP/1.1" 200 180124
209.85.238.207 - - [16/Apr/2022:20:42:16 -0500] "GET /galeria/galeria/jquery.fancybox.js?v=2.1.5 HTTP/1.1" 200 48706
209.85.238.207 - - [16/Apr/2022:20:42:16 -0500] "GET /BLA/boletinlegal/js/jquery.scrollShow.js HTTP/1.1" 200 4586
209.85.238.209 - - [16/Apr/2022:20:42:17 -0500] "GET /galeria/galeria/jquery.fancybox.css?v=2.1.5 HTTP/1.1" 200 4895
172.22.2.4 - - [16/Apr/2022:20:42:20 -0500] "GET /BLA/boletinlegal/Circulares/2013/Circular%20No.%208%20del%201%20de%20Noviembre%20de%202013.pdf HTTP/1.1" 200 385156
172.22.2.4 - - [16/Apr/2022:20:42:26 -0500] "GET /BLA/boletinlegal/Circulares/2013/Circular%20No.%207%20del%201%20de%20Agosto%20de%202013.pdf HTTP/1.1" 200 340934
172.22.2.4 - - [16/Apr/2022:20:42:32 -0500] "GET /BLA/boletinlegal/Circulares/2013/Circular%20No.%206%20del%2019%20de%20julio%20de%202013.pdf HTTP/1.1" 200 4210437
172.22.2.4 - - [16/Apr/2022:20:42:47 -0500] "GET /BLA/boletinlegal/Circulares/2013/Circular%20No.%205%20del%2013%20de%20junio%20de%202013.pdf HTTP/1.1" 200 110904
172.22.2.4 - - [16/Apr/2022:20:42:51 -0500] "GET /BLA/boletinlegal/Circulares/2013/Circular%20No.%204%20del%2005%20de%20junio%20de%202013.pdf HTTP/1.1" 200 130461
172.22.2.4 - - [16/Apr/2022:20:42:56 -0500] "GET /BLA/boletinlegal/Circulares/2013/Circular%20No.%203%20del%2005%20de%20abril%20de%202013.pdf HTTP/1.1" 200 93580
172.22.2.4 - - [16/Apr/2022:20:43:00 -0500] "GET /BLA/boletinlegal/Circulares/2013/Circular%20No.%202%20del%2022%20de%20enero%20de%202013.pdf HTTP/1.1" 200 85466
172.22.2.4 - - [16/Apr/2022:20:43:04 -0500] "GET /BLA/boletinlegal/Circulares/2013/Circular%20No.%201%20del%2014%20de%20enero%20de%202013.pdf HTTP/1.1" 200 1298384
172.22.2.4 - - [16/Apr/2022:20:43:09 -0500] "GET /BLA/boletinlegal/Circulares/2012/Circular%20No.%209%20del%2021%20de%20Agosto%20de%202012.pdf HTTP/1.1" 200 1402289
216.245.221.92 - - [16/Apr/2022:20:43:18 -0500] "HEAD / HTTP/1.1" 200 -
201.245.192.253 - - [16/Apr/2022:20:42:41 -0500] "POST /kwsrmcab/Wsrmcab HTTP/1.1" 200 45740
172.22.2.4 - - [16/Apr/2022:20:43:32 -0500] "GET /BLA/boletinlegal/Circulares/2012/Circular%20No.%208%20del%2021%20de%20Agosto%20de%202012.pdf HTTP/1.1" 200 963197
172.22.2.4 - - [16/Apr/2022:20:43:42 -0500] "GET /BLA/boletinlegal/Circulares/2012/Circular%20No.%207%20del%2008%20de%20Agosto%20de%202012.pdf HTTP/1.1" 200 972955
172.22.2.4 - - [16/Apr/2022:20:42:05 -0500] "HEAD /BLA/boletinlegal/ HTTP/1.1" 200 -
172.22.2.4 - - [16/Apr/2022:20:43:50 -0500] "GET /BLA/boletinlegal/Circulares/2012/Circular%20No.%206%20del%2025%20de%20Mayo%20de%202012.pdf HTTP/1.1" 200 387391
172.22.2.4 - - [16/Apr/2022:20:43:59 -0500] "GET /BLA/boletinlegal/Circulares/2012/Circular%20No.%205%20del%2027%20de%20Abril%20de%202012.pdf HTTP/1.1" 200 216613
172.22.2.4 - - [16/Apr/2022:20:44:05 -0500] "GET /BLA/boletinlegal/Circulares/2012/Circular%20No.%204%20del%2019%20de%20abril%20de%202012.pdf HTTP/1.1" 200 253045
172.22.2.4 - - [16/Apr/2022:20:44:10 -0500] "GET /BLA/boletinlegal/Circulares/2012/Circular%20No.%203%20del%2023%20de%20Marzo%20de%202012.pdf HTTP/1.1" 200 572950
172.22.2.4 - - [16/Apr/2022:20:44:16 -0500] "GET /BLA/boletinlegal/Circulares/2012/Circular%20No.%202%20del%2014%20de%20Marzo%20de%202012.pdf HTTP/1.1" 200 113666
40.77.167.29 - - [16/Apr/2022:20:44:17 -0500] "GET /Publicaciones/2022EE22144.pdf HTTP/1.1" 404 227
201.245.192.253 - - [16/Apr/2022:20:43:32 -0500] "POST /kwsrmcab/Wsrmcab HTTP/1.1" 200 45447
172.22.2.4 - - [16/Apr/2022:20:44:23 -0500] "GET /BLA/boletinlegal/Circulares/2012/Circular%20No.%2016%20del%2022%20de%20octubre%20de%202012.pdf HTTP/1.1" 200 381186
172.22.2.4 - - [16/Apr/2022:20:44:29 -0500] "GET /BLA/boletinlegal/Circulares/2012/Circular%20No.%2015%20del%2022%20de%20octubre%20de%202012.pdf HTTP/1.1" 200 486506
172.22.2.4 - - [16/Apr/2022:20:42:55 -0500] "GET /BLA/boletinlegal/ HTTP/1.1" 200 59170
172.22.2.4 - - [16/Apr/2022:20:44:37 -0500] "GET /BLA/boletinlegal/Circulares/2012/Circular%20No.%2014%20del%2011%20de%20Septiembre%20de%202012.pdf HTTP/1.1" 200 3427471
172.22.2.4 - - [16/Apr/2022:20:44:46 -0500] "GET /BLA/boletinlegal/Circulares/2012/Circular%20No.%2013%20del%2006%20de%20Septiembre%20de%202012.pdf HTTP/1.1" 200 351421
172.22.2.4 - - [16/Apr/2022:20:44:53 -0500] "GET /BLA/boletinlegal/Circulares/2012/Circular%20No.%2012%20del%2028%20de%20Agosto%20de%202012.pdf HTTP/1.1" 200 369945
172.22.2.4 - - [16/Apr/2022:20:45:01 -0500] "GET /BLA/boletinlegal/Circulares/2012/Circular%20No.%2011%20del%2027%20de%20Agosto%20de%202012.pdf HTTP/1.1" 200 526945
172.22.2.4 - - [16/Apr/2022:20:45:07 -0500] "GET /BLA/boletinlegal/Circulares/2012/Circular%20No.%2010%20del%2026%20de%20Enero%20de%202012.pdf HTTP/1.1" 404 1218
172.22.2.4 - - [16/Apr/2022:20:45:09 -0500] "GET /BLA/boletinlegal/Circulares/2012/Circular%20No.%2010%20del%2022%20de%20Agosto%20de%202012.pdf HTTP/1.1" 200 1563219
172.22.2.4 - - [16/Apr/2022:20:45:16 -0500] "GET /BLA/boletinlegal/Circulares/2012/Circular%20No.%201%20del%2017%20de%20Enero%20de%202012.pdf HTTP/1.1" 200 1118749
207.46.13.115 - - [16/Apr/2022:20:47:56 -0500] "GET /BLA/resoluciones/index.php?dir=AUTOS+2019%2F HTTP/1.1" 200 342653
216.245.221.92 - - [16/Apr/2022:20:48:18 -0500] "HEAD / HTTP/1.1" 200 -
172.22.2.4 - - [16/Apr/2022:20:47:55 -0500] "HEAD /BLA/boletinlegal/ HTTP/1.1" 200 -
172.22.2.4 - - [16/Apr/2022:20:50:04 -0500] "GET /BLA/boletinlegal/ HTTP/1.1" 200 53739
172.22.2.4 - - [16/Apr/2022:20:50:04 -0500] "GET /BLA/boletinlegal/ HTTP/1.1" 200 54090
172.22.2.4 - - [16/Apr/2022:20:52:03 -0500] "GET /BLA/boletinlegal/consulta_actos.php?tipo=autos&no=0229&usuario=&sector=&fecha=2014&resuelve= HTTP/1.1" 200 626
172.22.2.4 - - [16/Apr/2022:20:52:05 -0500] "GET /BLA/boletinlegal/consulta_actos.php?tipo=autos&no=0229&usuario=&sector=&fecha=2014&resuelve= HTTP/1.1" 200 626
216.245.221.92 - - [16/Apr/2022:20:53:18 -0500] "HEAD / HTTP/1.1" 200 -
66.249.65.15 - - [16/Apr/2022:20:53:21 -0500] "-" 408 -
172.22.2.4 - - [16/Apr/2022:20:51:45 -0500] "HEAD /BLA/boletinlegal/ HTTP/1.1" 200 -
172.22.2.4 - - [16/Apr/2022:20:52:35 -0500] "GET /BLA/boletinlegal/ HTTP/1.1" 200 59170
173.252.107.17 - - [16/Apr/2022:20:55:03 -0500] "GET /ciudad-bolivar-se-prepara-para-una-nueva-jornada-de-reciclaton.html HTTP/1.1" 206 943
185.224.168.82 - - [16/Apr/2022:20:56:11 -0500] "GET /e/install/index.php HTTP/1.1" 404 1018
185.224.168.82 - - [16/Apr/2022:20:56:12 -0500] "GET /m/e/install/index.php HTTP/1.1" 404 1018
185.224.168.82 - - [16/Apr/2022:20:56:17 -0500] "GET /upload/e/install/index.php HTTP/1.1" 404 1018
216.245.221.92 - - [16/Apr/2022:20:58:18 -0500] "HEAD / HTTP/1.1" 200 -
172.22.2.4 - - [16/Apr/2022:20:57:35 -0500] "HEAD /BLA/boletinlegal/ HTTP/1.1" 200 -
172.22.2.4 - - [16/Apr/2022:20:58:25 -0500] "GET /BLA/boletinlegal/ HTTP/1.1" 200 60932
181.53.13.95 - - [16/Apr/2022:21:01:37 -0500] "GET /kwssiamovil/sm/acme/a?s=U2FsdGVkX1+6DyRK3iX9gsbpTvCsNKg9wfRs0+nXBtO8JYObnAElwXqEd7Akxyqe4hIMbcIS7sp7OFAn4fhdCONxzbDpdnXdtkwQzcdasQ9Sdb2ZTBZL9pGshaAri2M4cllBcjHUhKiNl92W0rEMAFzr8RFWh7Tt6NJdV5PrS/38DnkqdRkY3oeeawzP45eofTBC3D0gMtQIE2e5Ip9QB5MQAXMjjBhZ31Ufai0WQoS2rw8n+n9vZuQrFaTMBq7ULSIcXUxrF5IllaPHxfJL2j7yYMRrGAGS/ezhmVM1tCU=&u=U2FsdGVkX19tBnh5RCDpeO1l34S0R2UpeVche30DPwYMPBGMcjLUTYnD7pBAxZnq&y=U2FsdGVkX19K4UyCMg/LuA6BhaN+uCJCt7bWACBE4pEKyspgoSvwSTQfdF+U4tVd HTTP/1.1" 200 25
