181.53.13.95 - - [16/Apr/2022:21:01:38 -0500] "GET /kwssiamovil/sm/acme/a?s=U2FsdGVkX19A8MHEbOEbOP6FCfRAqeK6UmobswXMT8pupryt9FdTp4VsLubfwOD/GxFVQrmHGubP8RWjnDC6Cjxhh/7s84XwDXe7Nb+dH2/ZQBeVSmVBARLVHsGgHEWuVkS0UyC5H/97rPq8dehzwfKGcirSJVx/RKUlihycL0yOhCPllTJAN+5ev0oOPFF43gD78mSTEjSiyvs3SuSF6dDPjzwcObBkYqxSe98L5Dts3+NayP1oImyHW/C7MayAzo8iWreqlJaweS+jIr3CEdRhtW4tN4yzpjenBKFQG85pJu8R/01YvsNnsrPipgBhZyKB+TD2bddoktIzLy29taWOoPWEKmKJjK9vXBPV4qvPBwjMz5X1rcZRRerq7kp6eW3n+q/In1Y3vjXO39db5zDTWDApFLp2N8j35XwQ2uckPJTIYI2Mq+WHWgyq1cHk6DhW2HzdKw68xcZapwtjiOkfA5Yykm5QpHpYOUYSuHgB4xw7dZPRbhd3ynmXwrgY4KWdeJXBWQeb0TjZoOJhEWMosxFwVjpFEw3H+nBWL0Rdr/X4CpPyrDTnZVb8clAGq3y1GyMsuB8BsksrLnSY1l+69C5vgsC9OA/k4jjhT42VHO0hS2eIJXl3xE76K0++NQXkFiP9cx3dz5bfXvfBJpmwDrmfohjoG5vO5DsOduU60MVQWriQr9WRmW8xoRf01YeEfxcCGW5v+4kJnTI3GOIBXv7BnmxGPqo0fgLuB5bB+Mzer/tf0Zj+jpoAKVRt5gKWyK/oDg5nqLvNRGuxVVXSqSwhX0Mcfp4MJCjNe7i/fv5ggyWCMdt+c0bliAW7OxYDblZLOsIxNrP8auav4L3WEV6nYykx+o0SjmXLXU+m1wsocQMqD5+yNUWZzKifYE6xgy4L2yIY5hSOJ4ctYJ5SDAAgVyEt70oGe71E+20UzrQBnY/0IrwPuq5uRwkWXlQgaWBr2+IfyOXdoco1SDy/BoZ7GgegRIX6KwYBy3tTSYEBz0YmHJ981NMIzDaReaSHgyKrZVcxUmnVMtZfQZix8Yvxjqo1Tl/msWjRshutUz37taN4PybQTcPlpzTqDELHmHixwEMZhHwX5ZjhpXzoI0Ztnwx7kw0sYhLO98ykBAaHaq+mEBdmn2ak/9CCNTeYDyZss7OpML9AIpRl8pHtim4vBT+S5/Qc0sKYhEsg2zdDiatbWXeMG9vnzYmu3RrPGh63UHPe/omjrMlEgMOAc374x4n2sGxg3sGdREmUDZh6/JpnnVJ7gGD51nl7MXV/ZRZVfbCBJ4DRB+Mh031rvmunBamS3qIbXPjVwhOKQsWZ9jESC10pAgondOBiNV2bkZzLhE6nTZeImBszUhB0s5Ut5ULLTayK1muXacR8ZOP+n+pM1Fne4yWivPLXQOFdFuryTQtgeYvWooDXBCBUOb89xP9RWQlCSOjC16XsAOj10x/dqhmSByypuSZDeaRoAaub/fWJFLekwDeWN2CAmQri5KfC6Ns9Ar0XIip5wB1+IEVlcz6ARMZezp6OcmhukLZTL+V28JUUEUZSte07fwQRSx44xAZOMqGNiPV19y+6RXHvS9oaoJhB1BrQCZFYo7D0ovhlaRLABIUtJjnPDHYKF+49kBvB1v0ZVNHzVp0BbtrmdBxNVNjWcCsTDiFLHPF4ybnrcgYFCGbnP4GFyLSGb9hCUrSZ0BWyz7X4VqqG+NjL3c7wTRLbadwm7TuC5lEFcpYgL4+XjJpn2ncjot0ejK/LadyRgDFTND02Mn1jpoKDIB7BiNk2OeANc/IQCOCu44yMAGsUlB1xZ+qWiR9M61OyE/64zOUAeCVlLUBbYJzZxFX0I+pQho0bvT/E0jKCP3m77mPo2AKMTUgSk4+lnh2oOvHFz0KeD+r6KGuvV1TpDF6F+GfmE92/tpSEzzdpvsWNisp2fFsm4k6NjDGBxGD6rIcJbgeRhUSlIoVeYdNo4jwODwCwgCfvYjH+B0krKRRMiLhqed8dENRQQ0c2C+aHaI47+v67ngmdVFI4dSVXWeT1umbG3H26&u=U2FsdGVkX19tBnh5RCDpeO1l34S0R2UpeVche30DPwYMPBGMcjLUTYnD7pBAxZnq&y=U2FsdGVkX19K4UyCMg/LuA6BhaN+uCJCt7bWACBE4pEKyspgoSvwSTQfdF+U4tVd HTTP/1.1" 200 25
181.53.13.95 - - [16/Apr/2022:21:01:38 -0500] "GET /kwssiamovil/sm/acme/a?s=U2FsdGVkX1/VWL5HX+8HYt8zVPKZFOmhJUyoytFnPVVwpb/0MCY4rKiZH35qa90gh+MNWdjyoxwjmtblc5GH06xdr2whH4ftTCPpppdz06Qlqgrj2zsYm0qmloNG0aoOhp42h0dBKOcfQKPAu1z3MsNeLyjhLqcCXvG5l6DSoyM=&u=U2FsdGVkX19tBnh5RCDpeO1l34S0R2UpeVche30DPwYMPBGMcjLUTYnD7pBAxZnq&y=U2FsdGVkX19K4UyCMg/LuA6BhaN+uCJCt7bWACBE4pEKyspgoSvwSTQfdF+U4tVd HTTP/1.1" 200 25
181.53.13.95 - - [16/Apr/2022:21:01:38 -0500] "GET /kwssiamovil/sm/acme/a?s=U2FsdGVkX1/zoXxMzM38P0SqF/8F1py4S9wt5aOPTFpkH5iid/Zw/d9tu1WJR1iCveSVtAYAsrA73DbqoG/pi8ngq0sAwFUUgj60WRQVniuEQYI0N3pt6n+uadE1WU5m4OlkffZcW1+EBMuHDs8uIuq3Ge7K4RBVduyemztaZ/s=&u=U2FsdGVkX19tBnh5RCDpeO1l34S0R2UpeVche30DPwYMPBGMcjLUTYnD7pBAxZnq&y=U2FsdGVkX19K4UyCMg/LuA6BhaN+uCJCt7bWACBE4pEKyspgoSvwSTQfdF+U4tVd HTTP/1.1" 200 25
181.53.13.95 - - [16/Apr/2022:21:01:38 -0500] "GET /kwssiamovil/sm/acme/a?s=U2FsdGVkX1+kxJCMTtknqii+NidM/EbPYBWU2tHADHixLeFr6WqqLRPzuq7EaI4PkOs79ZHEhkWKgTwcxmVPIhP2d0bM530bySPVLyiSVfcnh+7Hatnr6Tacm6hvUXlVsq5qHwUCAAYOE9ppC+XKd8xOihWiCT8rH0dEjyA7818=&u=U2FsdGVkX19tBnh5RCDpeO1l34S0R2UpeVche30DPwYMPBGMcjLUTYnD7pBAxZnq&y=U2FsdGVkX19K4UyCMg/LuA6BhaN+uCJCt7bWACBE4pEKyspgoSvwSTQfdF+U4tVd HTTP/1.1" 200 25
181.53.13.95 - - [16/Apr/2022:21:01:39 -0500] "GET /kwssiamovil/sm/acme/a?s=U2FsdGVkX1/amivQDfIfWdzDv2oevOyReneKGYE7BJsSrhs5/yW4EIcAYA5GQW+RlvznYbbX/JlPRTXhgp9vSKGFpadkowXDv6/nVfpj4vcQmjb7mvk2sN0FaH/mdgUkrFrL9B5Ntf3Y8d31x0WR4SQIV8OM+QLf0rS0pSFR4xaaYwqLQEOicTwHBj5vsYWX1OOuM9p62IbU5nIFG0g6dg==&u=U2FsdGVkX19tBnh5RCDpeO1l34S0R2UpeVche30DPwYMPBGMcjLUTYnD7pBAxZnq&y=U2FsdGVkX19K4UyCMg/LuA6BhaN+uCJCt7bWACBE4pEKyspgoSvwSTQfdF+U4tVd HTTP/1.1" 200 25
216.245.221.92 - - [16/Apr/2022:21:03:18 -0500] "HEAD / HTTP/1.1" 200 -
172.22.2.4 - - [16/Apr/2022:21:03:25 -0500] "HEAD /BLA/boletinlegal/ HTTP/1.1" 200 -
40.77.167.29 - - [16/Apr/2022:21:05:29 -0500] "GET / HTTP/1.1" 200 319
172.22.2.4 - - [16/Apr/2022:21:05:35 -0500] "GET /BLA/boletinlegal/ HTTP/1.1" 200 53739
172.22.2.4 - - [16/Apr/2022:21:05:35 -0500] "GET /BLA/boletinlegal/ HTTP/1.1" 200 53739
216.245.221.92 - - [16/Apr/2022:21:08:18 -0500] "HEAD / HTTP/1.1" 200 -
178.128.65.49 - - [16/Apr/2022:21:09:17 -0500] "GET /en-semana-santa-no-uses-palmas-ni-traigas-o-consumas-animales-silvestres.html HTTP/1.1" 200 959
172.22.2.4 - - [16/Apr/2022:21:07:48 -0500] "HEAD /BLA/boletinlegal/ HTTP/1.1" 200 -
172.22.2.4 - - [16/Apr/2022:21:08:38 -0500] "GET /BLA/boletinlegal/ HTTP/1.1" 200 51365
172.22.2.4 - - [16/Apr/2022:21:08:57 -0500] "GET /BLA/boletinlegal/ HTTP/1.1" 200 52945
216.245.221.92 - - [16/Apr/2022:21:13:18 -0500] "HEAD / HTTP/1.1" 200 -
173.252.107.118 - - [16/Apr/2022:21:14:44 -0500] "GET /images/Bolsaroja.jpeg HTTP/1.1" 200 63719
173.252.107.14 - - [16/Apr/2022:21:14:59 -0500] "GET /images/dia-agua-participantes-22-marzo.jpg HTTP/1.1" 200 53143
173.252.107.9 - - [16/Apr/2022:21:14:59 -0500] "GET /images/jornada-llantaton-usaquen-24-marzo.jpg HTTP/1.1" 200 41830
172.22.2.4 - - [16/Apr/2022:21:14:48 -0500] "GET /BLA/boletinlegal/ HTTP/1.1" 200 63729
172.22.2.4 - - [16/Apr/2022:21:17:10 -0500] "GET /BLA/boletinlegal/actos.php HTTP/1.1" 200 9559
172.22.2.4 - - [16/Apr/2022:21:17:12 -0500] "GET /BLA/boletinlegal/jurisprudencia/analisis/AnalisisT-606-15.docx HTTP/1.1" 200 26698
172.22.2.4 - - [16/Apr/2022:21:17:12 -0500] "GET /BLA/boletinlegal/apple-touch-icon-120x120-precomposed.png HTTP/1.1" 404 1140
172.22.2.4 - - [16/Apr/2022:21:17:12 -0500] "GET /BLA/boletinlegal/apple-touch-icon-120x120.png HTTP/1.1" 404 1140
172.22.2.4 - - [16/Apr/2022:21:17:12 -0500] "GET /BLA/boletinlegal/apple-touch-icon-precomposed.png HTTP/1.1" 404 1140
172.22.2.4 - - [16/Apr/2022:21:17:12 -0500] "GET /BLA/boletinlegal/apple-touch-icon.png HTTP/1.1" 404 1140
172.22.2.4 - - [16/Apr/2022:21:17:12 -0500] "GET /BLA/boletinlegal/favicon.ico HTTP/1.1" 404 1140
172.22.2.4 - - [16/Apr/2022:21:17:12 -0500] "GET /BLA/boletinlegal/apple-touch-icon-120x120-precomposed.png HTTP/1.1" 404 1140
172.22.2.4 - - [16/Apr/2022:21:17:13 -0500] "GET /BLA/boletinlegal/apple-touch-icon-120x120.png HTTP/1.1" 404 1140
172.22.2.4 - - [16/Apr/2022:21:17:13 -0500] "GET /BLA/boletinlegal/apple-touch-icon-precomposed.png HTTP/1.1" 404 1140
172.22.2.4 - - [16/Apr/2022:21:17:13 -0500] "GET /BLA/boletinlegal/apple-touch-icon.png HTTP/1.1" 404 1140
172.22.2.4 - - [16/Apr/2022:21:17:13 -0500] "GET /BLA/boletinlegal/favicon.ico HTTP/1.1" 404 1140
216.245.221.92 - - [16/Apr/2022:21:18:18 -0500] "HEAD / HTTP/1.1" 200 -
207.46.13.115 - - [16/Apr/2022:21:22:20 -0500] "GET /BLA/resoluciones/index.php?dir=AUTOS+2019%2F HTTP/1.1" 200 342653
172.22.2.4 - - [16/Apr/2022:21:21:36 -0500] "GET /BLA/boletinlegal/ HTTP/1.1" 200 58006
172.22.2.4 - - [16/Apr/2022:21:21:36 -0500] "GET /BLA/boletinlegal/ HTTP/1.1" 200 58006
216.245.221.92 - - [16/Apr/2022:21:23:18 -0500] "HEAD / HTTP/1.1" 200 -
201.245.192.253 - - [16/Apr/2022:21:22:40 -0500] "POST /kwsrmcab/Wsrmcab HTTP/1.1" 200 45736
201.245.192.253 - - [16/Apr/2022:21:23:31 -0500] "POST /kwsrmcab/Wsrmcab HTTP/1.1" 200 45434
66.249.65.13 - - [16/Apr/2022:21:25:10 -0500] "-" 408 -
172.22.2.4 - - [16/Apr/2022:21:25:18 -0500] "HEAD /BLA/boletinlegal/ HTTP/1.1" 200 -
172.22.2.4 - - [16/Apr/2022:21:26:08 -0500] "GET /BLA/boletinlegal/ HTTP/1.1" 200 58006
216.245.221.92 - - [16/Apr/2022:21:28:18 -0500] "HEAD / HTTP/1.1" 200 -
172.22.2.4 - - [16/Apr/2022:21:31:08 -0500] "HEAD /BLA/boletinlegal/ HTTP/1.1" 200 -
216.245.221.92 - - [16/Apr/2022:21:33:18 -0500] "HEAD / HTTP/1.1" 200 -
201.245.192.253 - - [16/Apr/2022:21:32:40 -0500] "POST /kwsrmcab/Wsrmcab HTTP/1.1" 200 45736
172.22.2.4 - - [16/Apr/2022:21:31:58 -0500] "GET /BLA/boletinlegal/ HTTP/1.1" 200 60932
172.22.2.4 - - [16/Apr/2022:21:34:00 -0500] "GET /BLA/boletinlegal/consulta_actos.php?tipo=autos&no=0840&usuario=&sector=&fecha=2017&resuelve= HTTP/1.1" 200 1339
186.31.130.206 - - [16/Apr/2022:21:34:06 -0500] "GET /BLA/resoluciones/ HTTP/1.1" 200 13093
186.31.130.206 - - [16/Apr/2022:21:34:14 -0500] "GET /BLA/resoluciones/index.php?dir=AUTOS+2017%2F HTTP/1.1" 200 455923
201.245.192.253 - - [16/Apr/2022:21:33:31 -0500] "POST /kwsrmcab/Wsrmcab HTTP/1.1" 200 45434
186.31.130.206 - - [16/Apr/2022:21:34:59 -0500] "GET /BLA/resoluciones/AUTOS%202017/0840.pdf HTTP/1.1" 200 330427
191.95.48.223 - - [16/Apr/2022:21:36:06 -0500] "GET /en-semana-santa-jardin-botanico-una-opcion-vital-para-reconectarse-y-vivir-la-naturaleza.html HTTP/1.1" 200 1012
191.95.50.195 - - [16/Apr/2022:21:36:19 -0500] "GET /en-semana-santa-jardin-botanico-una-opcion-vital-para-reconectarse-y-vivir-la-naturaleza.html HTTP/1.1" 200 1012
172.22.2.4 - - [16/Apr/2022:21:35:40 -0500] "GET /BLA/boletinlegal/ HTTP/1.1" 200 61416
172.22.2.4 - - [16/Apr/2022:21:37:49 -0500] "GET /BLA/boletinlegal/actos.php HTTP/1.1" 200 9559
216.245.221.92 - - [16/Apr/2022:21:38:18 -0500] "HEAD / HTTP/1.1" 200 -
172.22.2.4 - - [16/Apr/2022:21:36:58 -0500] "HEAD /BLA/boletinlegal/ HTTP/1.1" 200 -
172.22.2.4 - - [16/Apr/2022:21:39:28 -0500] "GET /BLA/boletinlegal/Circulares/2022/CIRCULAR%20No.%2000003%20DEL%2007%20DE%20MARZO%20DEL%202022.pdf HTTP/1.1" 404 1038
172.22.2.4 - - [16/Apr/2022:21:37:48 -0500] "GET /BLA/boletinlegal/ HTTP/1.1" 200 59170
172.22.2.4 - - [16/Apr/2022:21:39:30 -0500] "GET /BLA/boletinlegal/Circulares/2021/CIRCULAR%20No.%2000009%20DEL%2001%20DE%20OCTUBRE%20DEL%202021.pdf HTTP/1.1" 200 320793
172.22.2.4 - - [16/Apr/2022:21:39:35 -0500] "GET /BLA/boletinlegal/Circulares/2021/CIRCULAR%20No.%2000007%20DEL%2010%20DE%20AGOSTO%20DEL%202021.pdf HTTP/1.1" 200 266364
172.22.2.4 - - [16/Apr/2022:21:39:41 -0500] "GET /BLA/boletinlegal/Circulares/2021/CIRCULAR%20No.%2000006%20DEL%2005%20DE%20AGOSTO%20DEL%202021.pdf HTTP/1.1" 200 249615
172.22.2.4 - - [16/Apr/2022:21:39:48 -0500] "GET /BLA/boletinlegal/Circulares/2020/Circular%20No.%2000018%20del%2002%20de%20diciembre%20del%202020.pdf HTTP/1.1" 200 276868
172.22.2.4 - - [16/Apr/2022:21:39:54 -0500] "GET /BLA/boletinlegal/Circulares/2020/Circular%2000010%20del%2027%20de%20julio%20de%202020.pdf HTTP/1.1" 200 422655
172.22.2.4 - - [16/Apr/2022:21:40:01 -0500] "GET /BLA/boletinlegal/Circulares/2020/CIRCULAR%20No.%2000019%20DEL%2018%20DE%20DICIEMBRE%20DEL%202020.pdf HTTP/1.1" 200 307959
172.22.2.4 - - [16/Apr/2022:21:40:10 -0500] "GET /BLA/boletinlegal/Circulares/2020/CIRCULAR%20No.%2000014%20del%2001%20de%20septiembre%20del%202020.pdf HTTP/1.1" 200 320826
172.22.2.4 - - [16/Apr/2022:21:40:16 -0500] "GET /BLA/boletinlegal/Circulares/2019/Circular%20No.%2012%20del%2014%20de%20Marzo%20de%202019.pdf HTTP/1.1" 200 344384
172.22.2.4 - - [16/Apr/2022:21:40:23 -0500] "GET /BLA/boletinlegal/Circulares/2019/Circular%20No.%20006%20del%2008%20de%20Febrero%20de%202019.pdf HTTP/1.1" 200 674401
172.22.2.4 - - [16/Apr/2022:21:40:34 -0500] "GET /BLA/boletinlegal/Circulares/2019/Circular%20No.%200015%20del%2003%20de%20Octubre%20de%202019.pdf HTTP/1.1" 200 165608
172.22.2.4 - - [16/Apr/2022:21:40:39 -0500] "GET /BLA/boletinlegal/Circulares/2019/Circular%20No.%200005%20del%2020%20de%20Marzo%20de%202019.pdf HTTP/1.1" 200 159877
172.22.2.4 - - [16/Apr/2022:21:40:43 -0500] "GET /BLA/boletinlegal/Circulares/2019/Circular%20No.%200003%20del%2031%20de%20Enero%20de%202019.pdf HTTP/1.1" 200 164676
172.22.2.4 - - [16/Apr/2022:21:40:48 -0500] "GET /BLA/boletinlegal/Circulares/2019/Circular%2000020%20del%2020%20de%20diciembre%20de%202019.pdf HTTP/1.1" 200 145170
172.22.2.4 - - [16/Apr/2022:21:40:54 -0500] "GET /BLA/boletinlegal/Circulares/2019/Circular%2000018%20del%2020%20de%20noviembre%20de%202019.pdf HTTP/1.1" 200 158030
172.22.2.4 - - [16/Apr/2022:21:40:58 -0500] "GET /BLA/boletinlegal/Circulares/2019/.pdf HTTP/1.1" 404 1218
172.22.2.4 - - [16/Apr/2022:21:41:00 -0500] "GET /BLA/boletinlegal/Circulares/2018/Circular%20No.%2011%20del%2024%20de%20Septiembre%20de%202018.pdf HTTP/1.1" 200 169541
172.22.2.4 - - [16/Apr/2022:21:41:04 -0500] "GET /BLA/boletinlegal/Circulares/2018/Circular%20No.%2010%20del%2021%20de%20Septiembre%20de%202018.pdf HTTP/1.1" 200 163426
172.22.2.4 - - [16/Apr/2022:21:41:07 -0500] "GET /BLA/boletinlegal/Circulares/2018/Circular%20No.%200015%20del%207%20de%20Diciembre%20de%202018.pdf HTTP/1.1" 200 165305
172.22.2.4 - - [16/Apr/2022:21:41:11 -0500] "GET /BLA/boletinlegal/Circulares/2018/CIRCULAR%20COJUNTA%20042%20DE%202018.pdf HTTP/1.1" 200 515008
172.22.2.4 - - [16/Apr/2022:21:41:19 -0500] "GET /BLA/boletinlegal/Circulares/2017/Circular%20No.%202%20del%201%20de%20Septiembre%20de%202017.pdf HTTP/1.1" 200 152575
172.22.2.4 - - [16/Apr/2022:21:41:25 -0500] "GET /BLA/boletinlegal/Circulares/2017/Circular%20No.%201%20del%2030%20de%20Marzo%20de%202017.pdf HTTP/1.1" 200 668532
172.22.2.4 - - [16/Apr/2022:21:41:31 -0500] "GET /BLA/boletinlegal/Circulares/2017/Circular%20No.%2007%20del%2028%20de%20Abril%20de%202017.pdf HTTP/1.1" 200 309906
172.22.2.4 - - [16/Apr/2022:21:41:36 -0500] "GET /BLA/boletinlegal/Circulares/2017/Circular%20No.%20011%20del%2005%20de%20julio%20de%202017.pdf HTTP/1.1" 200 965526
172.22.2.4 - - [16/Apr/2022:21:41:44 -0500] "GET /BLA/boletinlegal/Circulares/2015/Circular%20No.%202%20del%201%20de%20julio%20de%202015.pdf HTTP/1.1" 200 752890
172.22.2.4 - - [16/Apr/2022:21:42:07 -0500] "GET /BLA/boletinlegal/Circulares/2015/Circular%20No.%201%20del%2010%20de%20Febrero%20de%202015.pdf HTTP/1.1" 200 660637
172.22.2.4 - - [16/Apr/2022:21:42:13 -0500] "GET /BLA/boletinlegal/Circulares/2014/Circular%20No.%203%20del%2014%20de%20Noviembre%20de%202014.pdf HTTP/1.1" 200 104132
172.22.2.4 - - [16/Apr/2022:21:42:19 -0500] "GET /BLA/boletinlegal/Circulares/2014/Circular%20No.%202%20del%2021%20de%20septiembre%20de%202014.pdf HTTP/1.1" 200 143376
172.22.2.4 - - [16/Apr/2022:21:42:19 -0500] "GET /BLA/boletinlegal/jurisprudencia/analisis/G__Jurisp.%20Junio%202014_ANALISIS%20JURISPRUDENCIA%20C-634-12%20DECOMISO.docx HTTP/1.1" 200 27045
172.22.2.4 - - [16/Apr/2022:21:42:26 -0500] "GET /BLA/boletinlegal/Circulares/2014/Circular%20No.%201%20del%2008%20de%20Mayo%20de%202014.pdf HTTP/1.1" 200 180124
172.22.2.4 - - [16/Apr/2022:21:42:31 -0500] "GET /BLA/boletinlegal/Circulares/2013/Circular%20No.%208%20del%201%20de%20Noviembre%20de%202013.pdf HTTP/1.1" 200 385156
172.22.2.4 - - [16/Apr/2022:21:42:38 -0500] "GET /BLA/boletinlegal/Circulares/2013/Circular%20No.%207%20del%201%20de%20Agosto%20de%202013.pdf HTTP/1.1" 200 340934
172.22.2.4 - - [16/Apr/2022:21:42:43 -0500] "GET /BLA/boletinlegal/Circulares/2013/Circular%20No.%206%20del%2019%20de%20julio%20de%202013.pdf HTTP/1.1" 200 4210437
172.22.2.4 - - [16/Apr/2022:21:42:58 -0500] "GET /BLA/boletinlegal/Circulares/2013/Circular%20No.%205%20del%2013%20de%20junio%20de%202013.pdf HTTP/1.1" 200 110904
172.22.2.4 - - [16/Apr/2022:21:43:03 -0500] "GET /BLA/boletinlegal/Circulares/2013/Circular%20No.%204%20del%2005%20de%20junio%20de%202013.pdf HTTP/1.1" 200 130461
172.22.2.4 - - [16/Apr/2022:21:43:10 -0500] "GET /BLA/boletinlegal/Circulares/2013/Circular%20No.%203%20del%2005%20de%20abril%20de%202013.pdf HTTP/1.1" 200 93580
172.22.2.4 - - [16/Apr/2022:21:43:14 -0500] "GET /BLA/boletinlegal/Circulares/2013/Circular%20No.%202%20del%2022%20de%20enero%20de%202013.pdf HTTP/1.1" 200 85466
216.245.221.92 - - [16/Apr/2022:21:43:18 -0500] "HEAD / HTTP/1.1" 200 -
172.22.2.4 - - [16/Apr/2022:21:43:20 -0500] "GET /BLA/boletinlegal/Circulares/2013/Circular%20No.%201%20del%2014%20de%20enero%20de%202013.pdf HTTP/1.1" 200 1298384
172.22.2.4 - - [16/Apr/2022:21:43:28 -0500] "GET /BLA/boletinlegal/Circulares/2012/Circular%20No.%209%20del%2021%20de%20Agosto%20de%202012.pdf HTTP/1.1" 200 1402289
201.245.192.253 - - [16/Apr/2022:21:42:40 -0500] "POST /kwsrmcab/Wsrmcab HTTP/1.1" 200 45736
172.22.2.4 - - [16/Apr/2022:21:43:42 -0500] "GET /BLA/boletinlegal/Circulares/2012/Circular%20No.%208%20del%2021%20de%20Agosto%20de%202012.pdf HTTP/1.1" 200 963197
172.22.2.4 - - [16/Apr/2022:21:43:49 -0500] "GET /BLA/boletinlegal/Circulares/2012/Circular%20No.%207%20del%2008%20de%20Agosto%20de%202012.pdf HTTP/1.1" 200 972955
172.22.2.4 - - [16/Apr/2022:21:43:56 -0500] "GET /BLA/boletinlegal/Circulares/2012/Circular%20No.%206%20del%2025%20de%20Mayo%20de%202012.pdf HTTP/1.1" 200 387391
172.22.2.4 - - [16/Apr/2022:21:44:00 -0500] "GET /BLA/boletinlegal/Circulares/2012/Circular%20No.%205%20del%2027%20de%20Abril%20de%202012.pdf HTTP/1.1" 200 216613
172.22.2.4 - - [16/Apr/2022:21:44:09 -0500] "GET /BLA/boletinlegal/Circulares/2012/Circular%20No.%204%20del%2019%20de%20abril%20de%202012.pdf HTTP/1.1" 200 253045
172.22.2.4 - - [16/Apr/2022:21:44:14 -0500] "GET /BLA/boletinlegal/Circulares/2012/Circular%20No.%203%20del%2023%20de%20Marzo%20de%202012.pdf HTTP/1.1" 200 572950
201.245.192.253 - - [16/Apr/2022:21:43:31 -0500] "POST /kwsrmcab/Wsrmcab HTTP/1.1" 200 45434
172.22.2.4 - - [16/Apr/2022:21:44:21 -0500] "GET /BLA/boletinlegal/Circulares/2012/Circular%20No.%202%20del%2014%20de%20Marzo%20de%202012.pdf HTTP/1.1" 200 113666
181.50.84.140 - - [16/Apr/2022:21:44:22 -0500] "GET /galeria/nivo-slider/demo/style.css HTTP/1.1" 200 2222
181.50.84.140 - - [16/Apr/2022:21:44:22 -0500] "GET /galeria/nivo-slider/demo/scripts/jquery-1.7.1.min.js HTTP/1.1" 200 93868
181.50.84.140 - - [16/Apr/2022:21:44:23 -0500] "GET /galeria/nivo-slider/jquery.nivo.slider.pack.js HTTP/1.1" 200 11561
172.22.2.4 - - [16/Apr/2022:21:44:26 -0500] "GET /BLA/boletinlegal/Circulares/2012/Circular%20No.%2016%20del%2022%20de%20octubre%20de%202012.pdf HTTP/1.1" 200 381186
172.22.2.4 - - [16/Apr/2022:21:42:48 -0500] "HEAD /BLA/boletinlegal/ HTTP/1.1" 200 -
181.50.84.140 - - [16/Apr/2022:21:44:28 -0500] "GET /galeria/nivo-slider/demo/images/bannertortuga_optimized.jpg HTTP/1.1" 200 39066
181.50.84.140 - - [16/Apr/2022:21:44:30 -0500] "GET /galeria/nivo-slider/demo/images/Bannermujeresquereverdecen.jpg HTTP/1.1" 200 46558
172.22.2.4 - - [16/Apr/2022:21:44:31 -0500] "GET /BLA/boletinlegal/Circulares/2012/Circular%20No.%2015%20del%2022%20de%20octubre%20de%202012.pdf HTTP/1.1" 200 486506
181.50.84.140 - - [16/Apr/2022:21:44:32 -0500] "GET /galeria/nivo-slider/demo/images/4Simple_Slider.png HTTP/1.1" 200 11722
181.50.84.140 - - [16/Apr/2022:21:44:32 -0500] "GET /galeria/nivo-slider/themes/default/loading.gif HTTP/1.1" 200 1737
181.50.84.140 - - [16/Apr/2022:21:44:36 -0500] "GET /galeria/nivo-slider/demo/images/bannertrafico_optimized.jpg HTTP/1.1" 200 42578
172.22.2.4 - - [16/Apr/2022:21:44:37 -0500] "GET /BLA/boletinlegal/Circulares/2012/Circular%20No.%2014%20del%2011%20de%20Septiembre%20de%202012.pdf HTTP/1.1" 200 3427471
181.50.84.140 - - [16/Apr/2022:21:44:37 -0500] "GET /galeria/nivo-slider/demo/images/Bannersedeelectronica.jpg HTTP/1.1" 200 40383
181.50.84.140 - - [16/Apr/2022:21:44:37 -0500] "GET /galeria/nivo-slider/demo/images/bannerrutaesperanza.jpg HTTP/1.1" 200 55560
181.50.84.140 - - [16/Apr/2022:21:44:37 -0500] "GET /galeria/nivo-slider/demo/images/banneraire2021.jpg HTTP/1.1" 200 265101
181.50.84.140 - - [16/Apr/2022:21:44:37 -0500] "GET /galeria/nivo-slider/demo/images/Bannerplasticosseptiembre.jpg HTTP/1.1" 200 45633
181.50.84.140 - - [16/Apr/2022:21:44:37 -0500] "GET /galeria/nivo-slider/demo/images/bannerresiduoshospitalariosagosto.jpg HTTP/1.1" 200 36499
181.50.84.140 - - [16/Apr/2022:21:44:38 -0500] "GET /galeria/nivo-slider/demo/images/banneraccionpopularcrr68.jpg HTTP/1.1" 200 51887
181.50.84.140 - - [16/Apr/2022:21:44:38 -0500] "GET /galeria/nivo-slider/demo/images/banneraccionpopular.jpeg HTTP/1.1" 200 41707
181.50.84.140 - - [16/Apr/2022:21:44:38 -0500] "GET /galeria/nivo-slider/demo/images/bannerclases2021.jpg HTTP/1.1" 200 68230
181.50.84.140 - - [16/Apr/2022:21:44:38 -0500] "GET /galeria/nivo-slider/demo/images/bannercapacitacionesbogota.jpg HTTP/1.1" 200 42416
181.50.84.140 - - [16/Apr/2022:21:44:38 -0500] "GET /galeria/nivo-slider/demo/images/Bannerenvases.jpg HTTP/1.1" 200 37316
181.50.84.140 - - [16/Apr/2022:21:44:38 -0500] "GET /galeria/nivo-slider/demo/images/Bannervirtualescanales.jpg HTTP/1.1" 200 174544
181.50.84.140 - - [16/Apr/2022:21:44:38 -0500] "GET /galeria/nivo-slider/themes/default/arrows.png HTTP/1.1" 200 824
181.50.84.140 - - [16/Apr/2022:21:44:39 -0500] "GET /galeria/nivo-slider/themes/default/bullets.png HTTP/1.1" 200 1281
172.22.2.4 - - [16/Apr/2022:21:44:47 -0500] "GET /BLA/boletinlegal/Circulares/2012/Circular%20No.%2013%20del%2006%20de%20Septiembre%20de%202012.pdf HTTP/1.1" 200 351421
172.22.2.4 - - [16/Apr/2022:21:44:53 -0500] "GET /BLA/boletinlegal/Circulares/2012/Circular%20No.%2012%20del%2028%20de%20Agosto%20de%202012.pdf HTTP/1.1" 200 369945
172.22.2.4 - - [16/Apr/2022:21:45:01 -0500] "GET /BLA/boletinlegal/Circulares/2012/Circular%20No.%2011%20del%2027%20de%20Agosto%20de%202012.pdf HTTP/1.1" 200 526945
172.22.2.4 - - [16/Apr/2022:21:45:07 -0500] "GET /BLA/boletinlegal/Circulares/2012/Circular%20No.%2010%20del%2026%20de%20Enero%20de%202012.pdf HTTP/1.1" 404 1218
172.22.2.4 - - [16/Apr/2022:21:45:10 -0500] "GET /BLA/boletinlegal/Circulares/2012/Circular%20No.%2010%20del%2022%20de%20Agosto%20de%202012.pdf HTTP/1.1" 200 1563219
172.22.2.4 - - [16/Apr/2022:21:45:17 -0500] "GET /BLA/boletinlegal/Circulares/2012/Circular%20No.%201%20del%2017%20de%20Enero%20de%202012.pdf HTTP/1.1" 200 1118749
172.22.2.4 - - [16/Apr/2022:21:43:38 -0500] "GET /BLA/boletinlegal/ HTTP/1.1" 200 58588
172.22.2.4 - - [16/Apr/2022:21:45:24 -0500] "GET /BLA/boletinlegal/Circulares/2011/Circular%20No.%209%20del%2003%20de%20Noviembre%20de%202011.pdf HTTP/1.1" 200 54568
172.22.2.4 - - [16/Apr/2022:21:45:28 -0500] "GET /BLA/boletinlegal/Circulares/2011/Circular%20No.%208%20del%2020%20de%20Septiembre%20de%202011.pdf HTTP/1.1" 200 285158
172.22.2.4 - - [16/Apr/2022:21:45:35 -0500] "GET /BLA/boletinlegal/Circulares/2011/Circular%20No.%207%20del%2023%20de%20Diciembre%20de%202011.pdf HTTP/1.1" 200 1107785
172.22.2.4 - - [16/Apr/2022:21:45:44 -0500] "GET /BLA/boletinlegal/Circulares/2011/Circular%20No.%207%20del%2015%20de%20Septiembre%20de%202011.pdf HTTP/1.1" 200 314873
172.22.2.4 - - [16/Apr/2022:21:45:51 -0500] "GET /BLA/boletinlegal/Circulares/2011/Circular%20No.%206%20del%2029%20de%20Julio%20de%202011.pdf HTTP/1.1" 200 262144
172.22.2.4 - - [16/Apr/2022:21:46:00 -0500] "GET /BLA/boletinlegal/Circulares/2011/Circular%20No.%206%20del%2023%20de%20Septiembre%20de%202011.pdf HTTP/1.1" 200 252800
172.22.2.4 - - [16/Apr/2022:21:46:06 -0500] "GET /BLA/boletinlegal/Circulares/2011/Circular%20No.%205%20del%2014%20de%20Julio%20de%202011.pdf HTTP/1.1" 200 1488992
172.22.2.4 - - [16/Apr/2022:21:46:10 -0500] "GET /BLA/boletinlegal/Circulares/2011/Circular%20No.%205%20del%2012%20de%20Agosto%20de%202011.pdf HTTP/1.1" 200 431796
172.22.2.4 - - [16/Apr/2022:21:46:18 -0500] "GET /BLA/boletinlegal/Circulares/2011/Circular%20No.%204%20del%2014%20de%20Julio%20de%202011.pdf HTTP/1.1" 200 399895
122.51.174.227 - - [16/Apr/2022:21:46:21 -0500] "GET /xmlrpc.php HTTP/1.1" 404 1035
172.22.2.4 - - [16/Apr/2022:21:46:27 -0500] "GET /BLA/boletinlegal/Circulares/2011/Circular%20No.%204%20del%2012%20de%20Agosto%20de%202011.pdf HTTP/1.1" 200 601047
172.22.2.4 - - [16/Apr/2022:21:46:34 -0500] "GET /BLA/boletinlegal/Circulares/2011/Circular%20No.%203%20del%2023%20de%20Junio%20de%202011.pdf HTTP/1.1" 200 1452758
172.22.2.4 - - [16/Apr/2022:21:46:39 -0500] "GET /BLA/boletinlegal/Circulares/2011/Circular%20No.%203%20del%2016%20de%20Junio%20de%202011.pdf HTTP/1.1" 200 346378
172.22.2.4 - - [16/Apr/2022:21:46:45 -0500] "GET /BLA/boletinlegal/Circulares/2011/Circular%20No.%202%20del%2031%20de%20Mayo%20de%202011.pdf HTTP/1.1" 200 496778
172.22.2.4 - - [16/Apr/2022:21:46:51 -0500] "GET /BLA/boletinlegal/Circulares/2011/Circular%20No.%202%20del%2026%20de%20Mayo%20de%202011.pdf HTTP/1.1" 200 644194
216.245.221.92 - - [16/Apr/2022:21:48:18 -0500] "HEAD / HTTP/1.1" 200 -
172.22.2.4 - - [16/Apr/2022:21:48:39 -0500] "GET /BLA/boletinlegal/actos.php HTTP/1.1" 200 9559
172.22.2.4 - - [16/Apr/2022:21:48:54 -0500] "GET /BLA/boletinlegal/consulta_actos.php?tipo=autos&no=0937&usuario=&sector=&fecha=2011&resuelve= HTTP/1.1" 200 1088
186.31.130.206 - - [16/Apr/2022:21:49:06 -0500] "GET /BLA/resoluciones/ HTTP/1.1" 200 13093
123.183.224.29 - - [16/Apr/2022:21:49:25 -0500] "GET / HTTP/1.1" 200 319
186.31.130.206 - - [16/Apr/2022:21:49:29 -0500] "GET /BLA/resoluciones/index.php?dir=AUTOS+2013%2F HTTP/1.1" 200 405472
172.22.2.4 - - [16/Apr/2022:21:48:38 -0500] "HEAD /BLA/boletinlegal/ HTTP/1.1" 200 -
172.22.2.4 - - [16/Apr/2022:21:49:33 -0500] "GET /BLA/boletinlegal/ HTTP/1.1" 200 55877
207.46.13.43 - - [16/Apr/2022:21:52:41 -0500] "GET /BLA/resoluciones/AUTOS%202020/4768.pdf HTTP/1.1" 200 370838
172.22.2.4 - - [16/Apr/2022:21:52:58 -0500] "GET /BLA/boletinlegal/jurisprudencia/analisis/AnalisisT-606-15.docx HTTP/1.1" 200 26698
172.22.2.4 - - [16/Apr/2022:21:52:59 -0500] "GET /BLA/boletinlegal/apple-touch-icon-120x120-precomposed.png HTTP/1.1" 404 1140
172.22.2.4 - - [16/Apr/2022:21:53:00 -0500] "GET /BLA/boletinlegal/apple-touch-icon-120x120.png HTTP/1.1" 404 1140
172.22.2.4 - - [16/Apr/2022:21:53:00 -0500] "GET /BLA/boletinlegal/apple-touch-icon-precomposed.png HTTP/1.1" 404 1140
172.22.2.4 - - [16/Apr/2022:21:53:00 -0500] "GET /BLA/boletinlegal/apple-touch-icon.png HTTP/1.1" 404 1140
172.22.2.4 - - [16/Apr/2022:21:53:00 -0500] "GET /BLA/boletinlegal/favicon.ico HTTP/1.1" 404 1140
172.22.2.4 - - [16/Apr/2022:21:53:01 -0500] "GET /BLA/boletinlegal/apple-touch-icon-120x120-precomposed.png HTTP/1.1" 404 1140
172.22.2.4 - - [16/Apr/2022:21:53:01 -0500] "GET /BLA/boletinlegal/apple-touch-icon-120x120.png HTTP/1.1" 404 1140
172.22.2.4 - - [16/Apr/2022:21:53:01 -0500] "GET /BLA/boletinlegal/apple-touch-icon-precomposed.png HTTP/1.1" 404 1140
172.22.2.4 - - [16/Apr/2022:21:53:01 -0500] "GET /BLA/boletinlegal/apple-touch-icon.png HTTP/1.1" 404 1140
172.22.2.4 - - [16/Apr/2022:21:53:01 -0500] "GET /BLA/boletinlegal/favicon.ico HTTP/1.1" 404 1140
216.245.221.92 - - [16/Apr/2022:21:53:18 -0500] "HEAD / HTTP/1.1" 200 -
207.46.13.115 - - [16/Apr/2022:21:55:13 -0500] "GET /catalogoisis/ HTTP/1.1" 200 8575
207.46.13.115 - - [16/Apr/2022:21:55:23 -0500] "GET /BLA/resoluciones/index.php?dir=AUTOS+2019%2F HTTP/1.1" 200 342653
31.13.127.5 - - [16/Apr/2022:21:56:23 -0500] "GET /images/eficiencia-energetica-11-marzo.jpg HTTP/1.1" 200 46478
216.245.221.92 - - [16/Apr/2022:21:58:18 -0500] "HEAD / HTTP/1.1" 200 -
191.89.243.55 - - [16/Apr/2022:22:03:15 -0500] "GET /BLA/resoluciones/index.php?dir=AUTOS+2010%2F HTTP/1.1" 200 274821
172.22.2.4 - - [16/Apr/2022:22:01:35 -0500] "HEAD /BLA/boletinlegal/ HTTP/1.1" 200 -
216.245.221.92 - - [16/Apr/2022:22:03:18 -0500] "HEAD / HTTP/1.1" 200 -
191.89.243.55 - - [16/Apr/2022:22:03:25 -0500] "GET /BLA/resoluciones/AUTOS%202010/2790.pdf HTTP/1.1" 200 1194563
172.22.2.4 - - [16/Apr/2022:22:02:25 -0500] "GET /BLA/boletinlegal/ HTTP/1.1" 200 56300
216.245.221.92 - - [16/Apr/2022:22:08:18 -0500] "HEAD / HTTP/1.1" 200 -
172.22.2.4 - - [16/Apr/2022:22:07:25 -0500] "HEAD /BLA/boletinlegal/ HTTP/1.1" 200 -
172.22.2.4 - - [16/Apr/2022:22:09:35 -0500] "GET /BLA/boletinlegal/ HTTP/1.1" 200 54090
172.22.2.4 - - [16/Apr/2022:22:09:36 -0500] "GET /BLA/boletinlegal/ HTTP/1.1" 200 54090
216.245.221.92 - - [16/Apr/2022:22:13:18 -0500] "HEAD / HTTP/1.1" 200 -
172.22.2.4 - - [16/Apr/2022:22:13:15 -0500] "HEAD /BLA/boletinlegal/ HTTP/1.1" 200 -
173.252.107.7 - - [16/Apr/2022:22:15:10 -0500] "GET /images/Bolsaroja.jpeg HTTP/1.1" 200 63719
172.22.2.4 - - [16/Apr/2022:22:14:05 -0500] "GET /BLA/boletinlegal/ HTTP/1.1" 200 60932
216.245.221.92 - - [16/Apr/2022:22:18:18 -0500] "HEAD / HTTP/1.1" 200 -
172.22.2.4 - - [16/Apr/2022:22:18:41 -0500] "GET /BLA/boletinlegal/robots.txt HTTP/1.1" 404 1038
172.22.2.4 - - [16/Apr/2022:22:18:43 -0500] "GET /BLA/boletinlegal/index.php HTTP/1.1" 200 50602
172.22.2.4 - - [16/Apr/2022:22:19:05 -0500] "HEAD /BLA/boletinlegal/ HTTP/1.1" 200 -
172.22.2.4 - - [16/Apr/2022:22:19:55 -0500] "GET /BLA/boletinlegal/ HTTP/1.1" 200 59170
172.22.2.4 - - [16/Apr/2022:22:22:46 -0500] "GET /BLA/boletinlegal/images/abajo.png HTTP/1.1" 304 -
216.245.221.92 - - [16/Apr/2022:22:23:18 -0500] "HEAD / HTTP/1.1" 200 -
201.245.192.253 - - [16/Apr/2022:22:22:40 -0500] "POST /kwsrmcab/Wsrmcab HTTP/1.1" 200 45556
201.245.192.253 - - [16/Apr/2022:22:23:31 -0500] "POST /kwsrmcab/Wsrmcab HTTP/1.1" 200 45450
172.22.2.4 - - [16/Apr/2022:22:24:55 -0500] "HEAD /BLA/boletinlegal/ HTTP/1.1" 200 -
172.22.2.4 - - [16/Apr/2022:22:25:46 -0500] "GET /BLA/boletinlegal/ HTTP/1.1" 200 57044
117.148.130.28 - - [16/Apr/2022:22:27:53 -0500] "HEAD /images/banner-corporativa.jpg HTTP/1.1" 404 -
216.245.221.92 - - [16/Apr/2022:22:28:18 -0500] "HEAD / HTTP/1.1" 200 -
172.22.2.4 - - [16/Apr/2022:22:30:08 -0500] "GET /BLA/boletinlegal/jurisprudencia/analisis/cuadro%20analisis%20sentencia%20c-554%20de%202007.doc HTTP/1.1" 200 35328
207.46.13.115 - - [16/Apr/2022:22:30:16 -0500] "GET /BLA/resoluciones/index.php?dir=AUTOS+2019%2F HTTP/1.1" 200 342653
186.102.61.229 - - [16/Apr/2022:22:31:33 -0500] "GET /si-eres-mujer-y-te-gusta-el-cuidado-de-los-humedales-este-proceso-de-formacion-es-para-ti.html HTTP/1.1" 304 -
172.22.2.4 - - [16/Apr/2022:22:30:45 -0500] "HEAD /BLA/boletinlegal/ HTTP/1.1" 200 -
172.22.2.4 - - [16/Apr/2022:22:31:35 -0500] "GET /BLA/boletinlegal/ HTTP/1.1" 200 60932
216.245.221.92 - - [16/Apr/2022:22:33:18 -0500] "HEAD / HTTP/1.1" 200 -
201.245.192.253 - - [16/Apr/2022:22:32:41 -0500] "POST /kwsrmcab/Wsrmcab HTTP/1.1" 200 45556
201.245.192.253 - - [16/Apr/2022:22:33:31 -0500] "POST /kwsrmcab/Wsrmcab HTTP/1.1" 200 45450
172.22.2.4 - - [16/Apr/2022:22:33:16 -0500] "GET /BLA/boletinlegal/index.php HTTP/1.1" 200 63342
172.22.2.4 - - [16/Apr/2022:22:36:00 -0500] "GET /BLA/boletinlegal/ HTTP/1.1" 200 63342
216.245.221.92 - - [16/Apr/2022:22:38:18 -0500] "HEAD / HTTP/1.1" 200 -
190.9.218.188 - - [16/Apr/2022:22:38:44 -0500] "GET /kwssiamovil/sm/ldap/au?x=U2FsdGVkX1+PB9fkkM57Co1+oHGox729H0xp+6T622SDo8JENYuduyq8liVrFgAL&y=U2FsdGVkX1/UmPpnD9ORr30P/vgUAT33XTUldQoyy8/sDUAA80H1mT8HrzeDmXMX HTTP/1.1" 200 30
190.9.218.188 - - [16/Apr/2022:22:38:45 -0500] "GET /kwssiamovil/sm/acme/s?s=U2FsdGVkX1+EXeEjaalt0EptYc3F9nf9abA0GheoOV16JNxoLV7NmjZiJ/QooP/wdHZ+3uywcSdiUDo7YucbPnXbqhoPVHOwkgaevRLCOi4=&u=U2FsdGVkX19bj1bj9DPqlseo1+lzw1gztjBX1FVghGE=&y=U2FsdGVkX1/UmPpnD9ORr30P/vgUAT33XTUldQoyy8/sDUAA80H1mT8HrzeDmXMX HTTP/1.1" 200 97
190.9.218.188 - - [16/Apr/2022:22:38:54 -0500] "GET /kwssiamovil/sm/ldap/au?x=U2FsdGVkX18S7U/tyko8yQKLWvV2p0+8kr2bMRIfahxYjLkQIpvKcFtxr4vXb75A&y=U2FsdGVkX1/hFta9R6or0c2WX4wTv3JoV2MVhUJv1xiWAzCYk54c/hJwZ1EHUPkZ HTTP/1.1" 200 30
190.9.218.188 - - [16/Apr/2022:22:38:54 -0500] "GET /kwssiamovil/sm/acme/s?s=U2FsdGVkX18cWsB2quCNS32Njm00u7TKQNpUoFBNjB1wFF03PkYALtLfIYNfOVbwvHFUWVMquDqJCvze4thSoMJ03QVPs8E2LwP76wtmMRM=&u=U2FsdGVkX196uLTW7w/df/+TmHuRzOZ6oSyv9ZypRDA=&y=U2FsdGVkX1/hFta9R6or0c2WX4wTv3JoV2MVhUJv1xiWAzCYk54c/hJwZ1EHUPkZ HTTP/1.1" 200 97
190.9.218.188 - - [16/Apr/2022:22:38:56 -0500] "GET /kwssiamovil/sm/ldap/au?x=U2FsdGVkX19teBDOyTMACzKgBpM9cuc1OMxkUr3vaOgLmyqvMjp9e5Ed/MdqmKQX&y=U2FsdGVkX1+PZPVvtm6xZdoAE1oZRMReNDTIoi6TYsKn8K/rYUkbaJ1V+sKa51bh HTTP/1.1" 200 30
190.9.218.188 - - [16/Apr/2022:22:38:56 -0500] "GET /kwssiamovil/sm/acme/s?s=U2FsdGVkX18G8jItcETmxnsYk669M1owaTAltN9Zsi/jdfymu4xbi+0aR5xIoDkQEsMeTDPOhgk7zMlA7j4LhzTj5VaqAZjtsPuOdAiFfJo=&u=U2FsdGVkX1+isFp7zv5vFyq5jyLl7iLRoL2ZXEC0ML8=&y=U2FsdGVkX1+PZPVvtm6xZdoAE1oZRMReNDTIoi6TYsKn8K/rYUkbaJ1V+sKa51bh HTTP/1.1" 200 97
190.9.218.188 - - [16/Apr/2022:22:38:58 -0500] "GET /kwssiamovil/sm/ldap/au?x=U2FsdGVkX1+KhmldqxU1ENBupj6pjSvD4pq3dV5Gcs8+td6S6RqKybubIDoImIfA&y=U2FsdGVkX1/wI9s4kMOMIPVhQtrnmcuw0hlmzgeQGy3l80qnPfEQjfdTf1xUqIk+ HTTP/1.1" 200 30
190.9.218.188 - - [16/Apr/2022:22:38:58 -0500] "GET /kwssiamovil/sm/acme/s?s=U2FsdGVkX18UJGXBbOYlv5JCozNXiYfSw5QqwVO0AHgAvHIGi5DUwY56WEE5et2B4OO88+zZjdiYXTr9LR4c5vCtgr1MIWWCoHmqVKg4344=&u=U2FsdGVkX1+RGcp534hURYYHtFUuMxgzbS+8AcTiWTA=&y=U2FsdGVkX1/wI9s4kMOMIPVhQtrnmcuw0hlmzgeQGy3l80qnPfEQjfdTf1xUqIk+ HTTP/1.1" 200 97
190.9.218.188 - - [16/Apr/2022:22:38:59 -0500] "GET /kwssiamovil/sm/ldap/au?x=U2FsdGVkX19cPIYeyBabSH+zZw1JHusruKsv1N+OSfrhmItStYWUmmLoPiSAsedS&y=U2FsdGVkX19/gj4fG7r8wEi24QS7C/3XocEj8kKNdYNBeOH3uxTs+ee8yqejyPZD HTTP/1.1" 200 30
190.9.218.188 - - [16/Apr/2022:22:38:59 -0500] "GET /kwssiamovil/sm/acme/s?s=U2FsdGVkX1/r8YoGzoigPOkw47iGNVLggsSbgZWdfhXsc+X1G8gWJuPBUNmiV7s/ZO2VFA2ouic04AZSU0oc53RkYbmntJ56tj/ylUwB01o=&u=U2FsdGVkX1/ZWMphbFYxQHoXlKzuYMBa3wgfOoMzscE=&y=U2FsdGVkX19/gj4fG7r8wEi24QS7C/3XocEj8kKNdYNBeOH3uxTs+ee8yqejyPZD HTTP/1.1" 200 97
172.22.2.4 - - [16/Apr/2022:22:39:45 -0500] "GET /BLA/boletinlegal/Circulares/2022/CIRCULAR%20No.%2000003%20DEL%2007%20DE%20MARZO%20DEL%202022.pdf HTTP/1.1" 404 1038
172.22.2.4 - - [16/Apr/2022:22:39:48 -0500] "GET /BLA/boletinlegal/Circulares/2021/CIRCULAR%20No.%2000009%20DEL%2001%20DE%20OCTUBRE%20DEL%202021.pdf HTTP/1.1" 200 320793
172.22.2.4 - - [16/Apr/2022:22:39:54 -0500] "GET /BLA/boletinlegal/Circulares/2021/CIRCULAR%20No.%2000007%20DEL%2010%20DE%20AGOSTO%20DEL%202021.pdf HTTP/1.1" 200 266364
172.22.2.4 - - [16/Apr/2022:22:40:01 -0500] "GET /BLA/boletinlegal/Circulares/2021/CIRCULAR%20No.%2000006%20DEL%2005%20DE%20AGOSTO%20DEL%202021.pdf HTTP/1.1" 200 249615
172.22.2.4 - - [16/Apr/2022:22:40:07 -0500] "GET /BLA/boletinlegal/Circulares/2020/Circular%20No.%2000018%20del%2002%20de%20diciembre%20del%202020.pdf HTTP/1.1" 200 276868
172.22.2.4 - - [16/Apr/2022:22:40:13 -0500] "GET /BLA/boletinlegal/Circulares/2020/Circular%2000010%20del%2027%20de%20julio%20de%202020.pdf HTTP/1.1" 200 422655
172.22.2.4 - - [16/Apr/2022:22:40:17 -0500] "GET /BLA/boletinlegal/Circulares/2020/CIRCULAR%20No.%2000019%20DEL%2018%20DE%20DICIEMBRE%20DEL%202020.pdf HTTP/1.1" 200 307959
172.22.2.4 - - [16/Apr/2022:22:40:21 -0500] "GET /BLA/boletinlegal/Circulares/2020/CIRCULAR%20No.%2000014%20del%2001%20de%20septiembre%20del%202020.pdf HTTP/1.1" 200 320826
172.22.2.4 - - [16/Apr/2022:22:40:27 -0500] "GET /BLA/boletinlegal/Circulares/2019/Circular%20No.%2012%20del%2014%20de%20Marzo%20de%202019.pdf HTTP/1.1" 200 344384
172.22.2.4 - - [16/Apr/2022:22:40:33 -0500] "GET /BLA/boletinlegal/Circulares/2019/Circular%20No.%20006%20del%2008%20de%20Febrero%20de%202019.pdf HTTP/1.1" 200 674401
172.22.2.4 - - [16/Apr/2022:22:40:40 -0500] "GET /BLA/boletinlegal/Circulares/2019/Circular%20No.%200015%20del%2003%20de%20Octubre%20de%202019.pdf HTTP/1.1" 200 165608
172.22.2.4 - - [16/Apr/2022:22:40:47 -0500] "GET /BLA/boletinlegal/Circulares/2019/Circular%20No.%200005%20del%2020%20de%20Marzo%20de%202019.pdf HTTP/1.1" 200 159877
172.22.2.4 - - [16/Apr/2022:22:40:52 -0500] "GET /BLA/boletinlegal/Circulares/2019/Circular%20No.%200003%20del%2031%20de%20Enero%20de%202019.pdf HTTP/1.1" 200 164676
172.22.2.4 - - [16/Apr/2022:22:40:59 -0500] "GET /BLA/boletinlegal/Circulares/2019/Circular%2000020%20del%2020%20de%20diciembre%20de%202019.pdf HTTP/1.1" 200 145170
172.22.2.4 - - [16/Apr/2022:22:41:05 -0500] "GET /BLA/boletinlegal/Circulares/2019/Circular%2000018%20del%2020%20de%20noviembre%20de%202019.pdf HTTP/1.1" 200 158030
172.22.2.4 - - [16/Apr/2022:22:41:09 -0500] "GET /BLA/boletinlegal/Circulares/2019/.pdf HTTP/1.1" 404 1218
172.22.2.4 - - [16/Apr/2022:22:41:11 -0500] "GET /BLA/boletinlegal/Circulares/2018/Circular%20No.%2011%20del%2024%20de%20Septiembre%20de%202018.pdf HTTP/1.1" 200 169541
172.22.2.4 - - [16/Apr/2022:22:41:16 -0500] "GET /BLA/boletinlegal/Circulares/2018/Circular%20No.%2010%20del%2021%20de%20Septiembre%20de%202018.pdf HTTP/1.1" 200 163426
172.22.2.4 - - [16/Apr/2022:22:41:21 -0500] "GET /BLA/boletinlegal/Circulares/2018/Circular%20No.%200015%20del%207%20de%20Diciembre%20de%202018.pdf HTTP/1.1" 200 165305
172.22.2.4 - - [16/Apr/2022:22:41:26 -0500] "GET /BLA/boletinlegal/Circulares/2018/CIRCULAR%20COJUNTA%20042%20DE%202018.pdf HTTP/1.1" 200 515008
172.22.2.4 - - [16/Apr/2022:22:41:33 -0500] "GET /BLA/boletinlegal/Circulares/2017/Circular%20No.%202%20del%201%20de%20Septiembre%20de%202017.pdf HTTP/1.1" 200 152575
172.22.2.4 - - [16/Apr/2022:22:41:38 -0500] "GET /BLA/boletinlegal/Circulares/2017/Circular%20No.%201%20del%2030%20de%20Marzo%20de%202017.pdf HTTP/1.1" 200 668532
172.22.2.4 - - [16/Apr/2022:22:41:46 -0500] "GET /BLA/boletinlegal/Circulares/2017/Circular%20No.%2007%20del%2028%20de%20Abril%20de%202017.pdf HTTP/1.1" 200 309906
172.22.2.4 - - [16/Apr/2022:22:41:52 -0500] "GET /BLA/boletinlegal/Circulares/2017/Circular%20No.%20011%20del%2005%20de%20julio%20de%202017.pdf HTTP/1.1" 200 965526
172.22.2.4 - - [16/Apr/2022:22:42:04 -0500] "GET /BLA/boletinlegal/Circulares/2015/Circular%20No.%202%20del%201%20de%20julio%20de%202015.pdf HTTP/1.1" 200 752890
172.22.2.4 - - [16/Apr/2022:22:42:10 -0500] "GET /BLA/boletinlegal/Circulares/2015/Circular%20No.%201%20del%2010%20de%20Febrero%20de%202015.pdf HTTP/1.1" 200 660637
172.22.2.4 - - [16/Apr/2022:22:42:15 -0500] "GET /BLA/boletinlegal/Circulares/2014/Circular%20No.%203%20del%2014%20de%20Noviembre%20de%202014.pdf HTTP/1.1" 200 104132
172.22.2.4 - - [16/Apr/2022:22:42:20 -0500] "GET /BLA/boletinlegal/Circulares/2014/Circular%20No.%202%20del%2021%20de%20septiembre%20de%202014.pdf HTTP/1.1" 200 143376
172.22.2.4 - - [16/Apr/2022:22:42:27 -0500] "GET /BLA/boletinlegal/Circulares/2014/Circular%20No.%201%20del%2008%20de%20Mayo%20de%202014.pdf HTTP/1.1" 200 180124
172.22.2.4 - - [16/Apr/2022:22:42:32 -0500] "GET /BLA/boletinlegal/Circulares/2013/Circular%20No.%208%20del%201%20de%20Noviembre%20de%202013.pdf HTTP/1.1" 200 385156
172.22.2.4 - - [16/Apr/2022:22:42:38 -0500] "GET /BLA/boletinlegal/Circulares/2013/Circular%20No.%207%20del%201%20de%20Agosto%20de%202013.pdf HTTP/1.1" 200 340934
172.22.2.4 - - [16/Apr/2022:22:42:52 -0500] "GET /BLA/boletinlegal/Circulares/2013/Circular%20No.%206%20del%2019%20de%20julio%20de%202013.pdf HTTP/1.1" 200 4210437
216.245.221.92 - - [16/Apr/2022:22:43:18 -0500] "HEAD / HTTP/1.1" 200 -
201.245.192.253 - - [16/Apr/2022:22:42:40 -0500] "POST /kwsrmcab/Wsrmcab HTTP/1.1" 200 45556
172.22.2.4 - - [16/Apr/2022:22:43:38 -0500] "GET /BLA/boletinlegal/Circulares/2013/Circular%20No.%205%20del%2013%20de%20junio%20de%202013.pdf HTTP/1.1" 200 110904
172.22.2.4 - - [16/Apr/2022:22:43:43 -0500] "GET /BLA/boletinlegal/Circulares/2013/Circular%20No.%204%20del%2005%20de%20junio%20de%202013.pdf HTTP/1.1" 200 130461
34.141.225.187 - - [16/Apr/2022:22:43:48 -0500] "GET / HTTP/1.1" 200 319
172.22.2.4 - - [16/Apr/2022:22:43:49 -0500] "GET /BLA/boletinlegal/Circulares/2013/Circular%20No.%203%20del%2005%20de%20abril%20de%202013.pdf HTTP/1.1" 200 93580
172.22.2.4 - - [16/Apr/2022:22:43:53 -0500] "GET /BLA/boletinlegal/Circulares/2013/Circular%20No.%202%20del%2022%20de%20enero%20de%202013.pdf HTTP/1.1" 200 85466
172.22.2.4 - - [16/Apr/2022:22:43:57 -0500] "GET /BLA/boletinlegal/Circulares/2013/Circular%20No.%201%20del%2014%20de%20enero%20de%202013.pdf HTTP/1.1" 200 1298384
172.22.2.4 - - [16/Apr/2022:22:44:07 -0500] "GET /BLA/boletinlegal/Circulares/2012/Circular%20No.%209%20del%2021%20de%20Agosto%20de%202012.pdf HTTP/1.1" 200 1402289
172.22.2.4 - - [16/Apr/2022:22:44:14 -0500] "GET /BLA/boletinlegal/Circulares/2012/Circular%20No.%208%20del%2021%20de%20Agosto%20de%202012.pdf HTTP/1.1" 200 963197
201.245.192.253 - - [16/Apr/2022:22:43:30 -0500] "POST /kwsrmcab/Wsrmcab HTTP/1.1" 200 45450
172.22.2.4 - - [16/Apr/2022:22:44:25 -0500] "GET /BLA/boletinlegal/Circulares/2012/Circular%20No.%207%20del%2008%20de%20Agosto%20de%202012.pdf HTTP/1.1" 200 972955
172.22.2.4 - - [16/Apr/2022:22:44:35 -0500] "GET /BLA/boletinlegal/Circulares/2012/Circular%20No.%206%20del%2025%20de%20Mayo%20de%202012.pdf HTTP/1.1" 200 387391
172.22.2.4 - - [16/Apr/2022:22:44:40 -0500] "GET /BLA/boletinlegal/Circulares/2012/Circular%20No.%205%20del%2027%20de%20Abril%20de%202012.pdf HTTP/1.1" 200 216613
172.22.2.4 - - [16/Apr/2022:22:44:45 -0500] "GET /BLA/boletinlegal/Circulares/2012/Circular%20No.%204%20del%2019%20de%20abril%20de%202012.pdf HTTP/1.1" 200 253045
172.22.2.4 - - [16/Apr/2022:22:44:50 -0500] "GET /BLA/boletinlegal/Circulares/2012/Circular%20No.%203%20del%2023%20de%20Marzo%20de%202012.pdf HTTP/1.1" 200 572950
172.22.2.4 - - [16/Apr/2022:22:44:55 -0500] "GET /BLA/boletinlegal/Circulares/2012/Circular%20No.%202%20del%2014%20de%20Marzo%20de%202012.pdf HTTP/1.1" 200 113666
172.22.2.4 - - [16/Apr/2022:22:45:00 -0500] "GET /BLA/boletinlegal/Circulares/2012/Circular%20No.%2016%20del%2022%20de%20octubre%20de%202012.pdf HTTP/1.1" 200 381186
172.22.2.4 - - [16/Apr/2022:22:45:06 -0500] "GET /BLA/boletinlegal/Circulares/2012/Circular%20No.%2015%20del%2022%20de%20octubre%20de%202012.pdf HTTP/1.1" 200 486506
172.22.2.4 - - [16/Apr/2022:22:45:11 -0500] "GET /BLA/boletinlegal/Circulares/2012/Circular%20No.%2014%20del%2011%20de%20Septiembre%20de%202012.pdf HTTP/1.1" 200 3427471
172.22.2.4 - - [16/Apr/2022:22:45:26 -0500] "GET /BLA/boletinlegal/Circulares/2012/Circular%20No.%2013%20del%2006%20de%20Septiembre%20de%202012.pdf HTTP/1.1" 200 351421
172.22.2.4 - - [16/Apr/2022:22:45:31 -0500] "GET /BLA/boletinlegal/Circulares/2012/Circular%20No.%2012%20del%2028%20de%20Agosto%20de%202012.pdf HTTP/1.1" 200 369945
172.22.2.4 - - [16/Apr/2022:22:45:36 -0500] "GET /BLA/boletinlegal/Circulares/2012/Circular%20No.%2011%20del%2027%20de%20Agosto%20de%202012.pdf HTTP/1.1" 200 526945
172.22.2.4 - - [16/Apr/2022:22:45:43 -0500] "GET /BLA/boletinlegal/Circulares/2012/Circular%20No.%2010%20del%2026%20de%20Enero%20de%202012.pdf HTTP/1.1" 404 1218
172.22.2.4 - - [16/Apr/2022:22:45:46 -0500] "GET /BLA/boletinlegal/Circulares/2012/Circular%20No.%2010%20del%2022%20de%20Agosto%20de%202012.pdf HTTP/1.1" 200 1563219
172.22.2.4 - - [16/Apr/2022:22:45:54 -0500] "GET /BLA/boletinlegal/Circulares/2012/Circular%20No.%201%20del%2017%20de%20Enero%20de%202012.pdf HTTP/1.1" 200 1118749
172.22.2.4 - - [16/Apr/2022:22:46:00 -0500] "GET /BLA/boletinlegal/Circulares/2011/Circular%20No.%209%20del%2003%20de%20Noviembre%20de%202011.pdf HTTP/1.1" 200 54568
172.22.2.4 - - [16/Apr/2022:22:46:04 -0500] "GET /BLA/boletinlegal/Circulares/2011/Circular%20No.%208%20del%2020%20de%20Septiembre%20de%202011.pdf HTTP/1.1" 200 285158
110.136.69.206 - - [16/Apr/2022:22:46:06 -0500] "GET / HTTP/1.1" 200 319
172.22.2.4 - - [16/Apr/2022:22:46:09 -0500] "GET /BLA/boletinlegal/Circulares/2011/Circular%20No.%207%20del%2023%20de%20Diciembre%20de%202011.pdf HTTP/1.1" 200 1107785
172.22.2.4 - - [16/Apr/2022:22:46:17 -0500] "GET /BLA/boletinlegal/Circulares/2011/Circular%20No.%207%20del%2015%20de%20Septiembre%20de%202011.pdf HTTP/1.1" 200 314873
172.22.2.4 - - [16/Apr/2022:22:46:24 -0500] "GET /BLA/boletinlegal/Circulares/2011/Circular%20No.%206%20del%2029%20de%20Julio%20de%202011.pdf HTTP/1.1" 200 262144
172.22.2.4 - - [16/Apr/2022:22:46:36 -0500] "GET /BLA/boletinlegal/Circulares/2011/Circular%20No.%206%20del%2023%20de%20Septiembre%20de%202011.pdf HTTP/1.1" 200 252800
172.22.2.4 - - [16/Apr/2022:22:46:42 -0500] "GET /BLA/boletinlegal/Circulares/2011/Circular%20No.%205%20del%2014%20de%20Julio%20de%202011.pdf HTTP/1.1" 200 1488992
172.22.2.4 - - [16/Apr/2022:22:46:50 -0500] "GET /BLA/boletinlegal/Circulares/2011/Circular%20No.%205%20del%2012%20de%20Agosto%20de%202011.pdf HTTP/1.1" 200 431796
172.22.2.4 - - [16/Apr/2022:22:46:56 -0500] "GET /BLA/boletinlegal/Circulares/2011/Circular%20No.%204%20del%2014%20de%20Julio%20de%202011.pdf HTTP/1.1" 200 399895
172.22.2.4 - - [16/Apr/2022:22:47:02 -0500] "GET /BLA/boletinlegal/Circulares/2011/Circular%20No.%204%20del%2012%20de%20Agosto%20de%202011.pdf HTTP/1.1" 200 601047
172.22.2.4 - - [16/Apr/2022:22:47:06 -0500] "GET /BLA/boletinlegal/Circulares/2011/Circular%20No.%203%20del%2023%20de%20Junio%20de%202011.pdf HTTP/1.1" 200 1452758
172.22.2.4 - - [16/Apr/2022:22:47:13 -0500] "GET /BLA/boletinlegal/Circulares/2011/Circular%20No.%203%20del%2016%20de%20Junio%20de%202011.pdf HTTP/1.1" 200 346378
172.22.2.4 - - [16/Apr/2022:22:47:19 -0500] "GET /BLA/boletinlegal/Circulares/2011/Circular%20No.%202%20del%2031%20de%20Mayo%20de%202011.pdf HTTP/1.1" 200 496778
172.22.2.4 - - [16/Apr/2022:22:47:24 -0500] "GET /BLA/boletinlegal/Circulares/2011/Circular%20No.%202%20del%2026%20de%20Mayo%20de%202011.pdf HTTP/1.1" 200 644194
172.22.2.4 - - [16/Apr/2022:22:47:28 -0500] "GET /BLA/boletinlegal/Circulares/2011/Circular%20No.%201%20del%2023%20de%20Febrero%20de%202011.pdf HTTP/1.1" 200 540140
172.22.2.4 - - [16/Apr/2022:22:47:35 -0500] "GET /BLA/boletinlegal/Circulares/2011/Circular%20No.%201%20del%2012%20de%20Abril%20de%202011.pdf HTTP/1.1" 200 366269
172.22.2.4 - - [16/Apr/2022:22:45:59 -0500] "GET /BLA/boletinlegal/ HTTP/1.1" 200 56669
172.22.2.4 - - [16/Apr/2022:22:46:00 -0500] "GET /BLA/boletinlegal/ HTTP/1.1" 200 56669
172.22.2.4 - - [16/Apr/2022:22:47:41 -0500] "GET /BLA/boletinlegal/Circulares/2011/Circular%20003%20de%20Febrero%20de%202011.pdf HTTP/1.1" 200 224758
172.22.2.4 - - [16/Apr/2022:22:47:48 -0500] "GET /BLA/boletinlegal/Circulares/2010/Circular%2006%20de%208%20de%20septiembre%20de%202010.pdf HTTP/1.1" 200 4657752
172.22.2.4 - - [16/Apr/2022:22:48:09 -0500] "GET /BLA/boletinlegal/Circulares/2010/Circular%2005%20de%208%20de%20septiembre%20de%202010.pdf HTTP/1.1" 200 2146608
216.245.221.92 - - [16/Apr/2022:22:48:18 -0500] "HEAD / HTTP/1.1" 200 -
172.22.2.4 - - [16/Apr/2022:22:49:29 -0500] "HEAD /BLA/boletinlegal/ HTTP/1.1" 200 -
172.22.2.4 - - [16/Apr/2022:22:50:19 -0500] "GET /BLA/boletinlegal/ HTTP/1.1" 200 60932
40.77.167.14 - - [16/Apr/2022:22:54:23 -0500] "GET / HTTP/1.1" 200 4720
207.46.13.179 - - [16/Apr/2022:22:55:31 -0500] "GET /bla/boletinlegal/doctrina.php/js/ajax_doctrina.js HTTP/1.1" 200 5604
172.22.2.4 - - [16/Apr/2022:22:55:19 -0500] "HEAD /BLA/boletinlegal/ HTTP/1.1" 200 -
172.22.2.4 - - [16/Apr/2022:22:56:14 -0500] "GET /BLA/boletinlegal/ HTTP/1.1" 200 57542
172.22.2.4 - - [16/Apr/2022:22:57:36 -0500] "GET /BLA/boletinlegal/ HTTP/1.1" 200 61796
190.13.85.33 - - [16/Apr/2022:23:02:25 -0500] "GET /forest/ HTTP/1.1" 200 12041
172.22.2.4 - - [16/Apr/2022:23:01:09 -0500] "HEAD /BLA/boletinlegal/ HTTP/1.1" 200 -
216.245.221.92 - - [16/Apr/2022:23:03:18 -0500] "HEAD / HTTP/1.1" 200 -
172.22.2.4 - - [16/Apr/2022:23:01:59 -0500] "GET /BLA/boletinlegal/ HTTP/1.1" 200 57044
207.46.13.115 - - [16/Apr/2022:23:04:10 -0500] "GET /BLA/resoluciones/index.php?dir=AUTOS+2019%2F HTTP/1.1" 200 342653
207.46.13.179 - - [16/Apr/2022:23:03:21 -0500] "GET /bla/boletinlegal/index.php/js/jquery.js HTTP/1.1" 200 60105
66.249.65.13 - - [16/Apr/2022:23:05:54 -0500] "-" 408 -
190.13.85.33 - - [16/Apr/2022:23:05:56 -0500] "POST /forest/index.php HTTP/1.1" 200 12268
216.245.221.92 - - [16/Apr/2022:23:08:18 -0500] "HEAD / HTTP/1.1" 200 -
172.22.2.4 - - [16/Apr/2022:23:06:59 -0500] "HEAD /BLA/boletinlegal/ HTTP/1.1" 200 -
172.22.2.4 - - [16/Apr/2022:23:07:49 -0500] "GET /BLA/boletinlegal/ HTTP/1.1" 200 60932
216.245.221.92 - - [16/Apr/2022:23:13:17 -0500] "HEAD / HTTP/1.1" 200 -
172.22.2.4 - - [16/Apr/2022:23:12:49 -0500] "HEAD /BLA/boletinlegal/ HTTP/1.1" 200 -
172.22.2.4 - - [16/Apr/2022:23:13:39 -0500] "GET /BLA/boletinlegal/ HTTP/1.1" 200 58588
109.237.103.9 - - [16/Apr/2022:23:16:23 -0500] "GET /.env HTTP/1.1" 404 1018
109.237.103.9 - - [16/Apr/2022:23:16:23 -0500] "\x16\x03\x01\x01D\x01" 400 226
207.46.13.186 - - [16/Apr/2022:23:16:34 -0500] "GET /portaldeninos/2021/06/06/ciudadanos-disfrutaron-del-tunel-ambiental-en-el-parque-de-los-novios/ HTTP/1.1" 200 97697
172.22.2.4 - - [16/Apr/2022:23:17:04 -0500] "GET /BLA/boletinlegal/ HTTP/1.1" 200 24523
216.245.221.92 - - [16/Apr/2022:23:18:17 -0500] "HEAD / HTTP/1.1" 200 -
172.22.2.4 - - [16/Apr/2022:23:18:39 -0500] "HEAD /BLA/boletinlegal/ HTTP/1.1" 200 -
216.245.221.92 - - [16/Apr/2022:23:23:17 -0500] "HEAD / HTTP/1.1" 200 -
201.245.192.253 - - [16/Apr/2022:23:22:40 -0500] "POST /kwsrmcab/Wsrmcab HTTP/1.1" 200 45256
201.245.192.253 - - [16/Apr/2022:23:23:31 -0500] "POST /kwsrmcab/Wsrmcab HTTP/1.1" 200 45441
216.245.221.92 - - [16/Apr/2022:23:28:17 -0500] "HEAD / HTTP/1.1" 200 -
172.22.2.4 - - [16/Apr/2022:23:27:55 -0500] "GET /BLA/boletinlegal/ HTTP/1.1" 200 59170
207.46.13.43 - - [16/Apr/2022:23:29:43 -0500] "GET /sipse/faces/faces/autenticacion.xhtml HTTP/1.1" 200 12493
172.22.2.4 - - [16/Apr/2022:23:28:13 -0500] "GET /BLA/boletinlegal/ HTTP/1.1" 200 59170
172.22.2.4 - - [16/Apr/2022:23:31:37 -0500] "HEAD /BLA/boletinlegal/ HTTP/1.1" 200 -
216.245.221.92 - - [16/Apr/2022:23:33:17 -0500] "HEAD / HTTP/1.1" 200 -
201.245.192.253 - - [16/Apr/2022:23:32:40 -0500] "POST /kwsrmcab/Wsrmcab HTTP/1.1" 200 45256
157.55.39.202 - - [16/Apr/2022:23:33:49 -0500] "GET / HTTP/1.1" 200 319
172.22.2.4 - - [16/Apr/2022:23:32:27 -0500] "GET /BLA/boletinlegal/ HTTP/1.1" 200 60932
201.245.192.253 - - [16/Apr/2022:23:33:31 -0500] "POST /kwsrmcab/Wsrmcab HTTP/1.1" 200 45441
66.249.65.17 - - [16/Apr/2022:23:35:54 -0500] "-" 408 -
172.22.2.4 - - [16/Apr/2022:23:36:14 -0500] "GET /BLA/boletinlegal/ HTTP/1.1" 200 62201
216.245.221.92 - - [16/Apr/2022:23:38:17 -0500] "HEAD / HTTP/1.1" 200 -
207.46.13.115 - - [16/Apr/2022:23:38:23 -0500] "GET /BLA/resoluciones/index.php?dir=AUTOS+2019%2F HTTP/1.1" 200 342653
172.22.2.4 - - [16/Apr/2022:23:37:27 -0500] "HEAD /BLA/boletinlegal/ HTTP/1.1" 200 -
172.22.2.4 - - [16/Apr/2022:23:38:17 -0500] "GET /BLA/boletinlegal/ HTTP/1.1" 200 58006
172.22.2.4 - - [16/Apr/2022:23:39:59 -0500] "GET /BLA/boletinlegal/Circulares/2022/CIRCULAR%20No.%2000003%20DEL%2007%20DE%20MARZO%20DEL%202022.pdf HTTP/1.1" 404 1038
172.22.2.4 - - [16/Apr/2022:23:40:01 -0500] "GET /BLA/boletinlegal/Circulares/2021/CIRCULAR%20No.%2000009%20DEL%2001%20DE%20OCTUBRE%20DEL%202021.pdf HTTP/1.1" 200 320793
172.22.2.4 - - [16/Apr/2022:23:40:06 -0500] "GET /BLA/boletinlegal/Circulares/2021/CIRCULAR%20No.%2000007%20DEL%2010%20DE%20AGOSTO%20DEL%202021.pdf HTTP/1.1" 200 266364
172.22.2.4 - - [16/Apr/2022:23:40:13 -0500] "GET /BLA/boletinlegal/Circulares/2021/CIRCULAR%20No.%2000006%20DEL%2005%20DE%20AGOSTO%20DEL%202021.pdf HTTP/1.1" 200 249615
