!C99Shell v. 1.0 pre-release build #13!

Software: Apache. PHP/5.5.15 

uname -a: Windows NT SVR-DMZ 6.1 build 7600 (Windows Server 2008 R2 Enterprise Edition) i586 

SYSTEM 

Safe-mode: OFF (not secure)

E:\nuevo\apache\logs\   drwxrwxrwx
Free 7.33 GB of 239.26 GB (3.07%)
Detected drives: [ a ] [ c ] [ d ] [ e ] [ f ]
Home    Back    Forward    UPDIR    Refresh    Search    Buffer    Encoder    Tools    Proc.    FTP brute    Sec.    SQL    PHP-code    Update    Feedback    Self remove    Logout    


Viewing file:     access.2022.04.16.log (549.1 KB)      -rw-rw-rw-
Select action/file-type:
(+) | (+) | (+) | Code (+) | Session (+) | (+) | SDB (+) | (+) | (+) | (+) | (+) | (+) |
216.245.221.92 - - [16/Apr/2022:00:00:25 -0500] "HEAD / HTTP/1.1" 200 -
191.156.184.238 - - [16/Apr/2022:00:01:33 -0500] "GET /BLA/resoluciones/AUTOS%202021/6241.pdf HTTP/1.1" 200 333428
172.22.2.4 - - [16/Apr/2022:00:01:41 -0500] "HEAD /BLA/boletinlegal/ HTTP/1.1" 200 -
35.236.215.231 - - [16/Apr/2022:00:03:31 -0500] "GET /en-semana-santa-no-uses-palmas-ni-traigas-o-consumas-animales-silvestres.html HTTP/1.1" 200 959
35.236.215.231 - - [16/Apr/2022:00:03:32 -0500] "GET /en-semana-santa-no-uses-palmas-ni-traigas-o-consumas-animales-silvestres.html HTTP/1.1" 200 959
172.22.2.4 - - [16/Apr/2022:00:02:31 -0500] "GET /BLA/boletinlegal/ HTTP/1.1" 200 60932
216.245.221.92 - - [16/Apr/2022:00:05:25 -0500] "HEAD / HTTP/1.1" 200 -
106.75.223.168 - - [16/Apr/2022:00:06:53 -0500] "GET / HTTP/1.0" 200 319
66.249.65.13 - - [16/Apr/2022:00:08:46 -0500] "-" 408 -
172.22.2.4 - - [16/Apr/2022:00:07:31 -0500] "HEAD /BLA/boletinlegal/ HTTP/1.1" 200 -
172.22.2.4 - - [16/Apr/2022:00:08:21 -0500] "GET /BLA/boletinlegal/ HTTP/1.1" 200 60932
216.245.221.92 - - [16/Apr/2022:00:10:25 -0500] "HEAD / HTTP/1.1" 200 -
207.46.13.199 - - [16/Apr/2022:00:13:26 -0500] "GET /BLA/resoluciones/RESOLUCIONES%202007/RES%202007%202901%20AL%203000/RESOLUCION%202906%20DE%202007.pdf HTTP/1.1" 304 -
172.22.2.4 - - [16/Apr/2022:00:13:21 -0500] "HEAD /BLA/boletinlegal/ HTTP/1.1" 200 -
216.245.221.92 - - [16/Apr/2022:00:15:25 -0500] "HEAD / HTTP/1.1" 200 -
172.22.2.4 - - [16/Apr/2022:00:13:50 -0500] "GET /BLA/boletinlegal/ HTTP/1.1" 200 48120
45.155.204.146 - - [16/Apr/2022:00:15:40 -0500] "GET /solr/admin/info/system?wt=json HTTP/1.1" 404 1018
172.22.2.4 - - [16/Apr/2022:00:14:11 -0500] "GET /BLA/boletinlegal/ HTTP/1.1" 200 48908
191.95.48.177 - - [16/Apr/2022:00:16:03 -0500] "GET /se-abre-convocatoria-a-organizaciones-ambientales-para-generar-1-070-empleos-verdes-dirigidos-a-mujeres.html?fbclid=IwAR3TUhetJNEQq8WSM4142Lh9jVMFzeZJcsZ6QwUn__4qvNTappL0GuHrU5c HTTP/1.1" 200 1128
191.95.48.177 - - [16/Apr/2022:00:16:03 -0500] "GET /favicon.ico HTTP/1.1" 404 1652
152.61.192.232 - - [16/Apr/2022:00:16:07 -0500] "GET / HTTP/1.1" 200 319
66.249.65.13 - - [16/Apr/2022:00:17:11 -0500] "-" 408 -
152.61.128.50 - - [16/Apr/2022:00:19:51 -0500] "GET / HTTP/1.1" 200 319
216.245.221.92 - - [16/Apr/2022:00:20:25 -0500] "HEAD / HTTP/1.1" 200 -
172.22.2.4 - - [16/Apr/2022:00:19:11 -0500] "HEAD /BLA/boletinlegal/ HTTP/1.1" 200 -
172.22.2.4 - - [16/Apr/2022:00:20:01 -0500] "GET /BLA/boletinlegal/ HTTP/1.1" 200 60932
201.245.192.253 - - [16/Apr/2022:00:22:44 -0500] "POST /kwsrmcab/Wsrmcab HTTP/1.1" 200 44383
201.245.192.253 - - [16/Apr/2022:00:23:30 -0500] "POST /kwsrmcab/Wsrmcab HTTP/1.1" 200 41689
216.245.221.92 - - [16/Apr/2022:00:25:25 -0500] "HEAD / HTTP/1.1" 200 -
172.22.2.4 - - [16/Apr/2022:00:25:07 -0500] "HEAD /BLA/boletinlegal/ HTTP/1.1" 200 -
172.22.2.4 - - [16/Apr/2022:00:26:57 -0500] "GET /BLA/boletinlegal/database.sql HTTP/1.1" 404 1025
172.22.2.4 - - [16/Apr/2022:00:26:02 -0500] "GET /BLA/boletinlegal/ HTTP/1.1" 200 46815
172.22.2.4 - - [16/Apr/2022:00:26:16 -0500] "GET /BLA/boletinlegal/ HTTP/1.1" 200 47414
40.77.167.73 - - [16/Apr/2022:00:29:01 -0500] "GET /BLA/resoluciones/index.php?dir=AUTOS+2019%2F HTTP/1.1" 200 342653
216.245.221.92 - - [16/Apr/2022:00:30:25 -0500] "HEAD / HTTP/1.1" 200 -
66.249.65.13 - - [16/Apr/2022:00:31:37 -0500] "-" 408 -
207.46.13.179 - - [16/Apr/2022:00:31:51 -0500] "GET /forest/ HTTP/1.1" 200 12041
172.22.2.4 - - [16/Apr/2022:00:30:58 -0500] "HEAD /BLA/boletinlegal/ HTTP/1.1" 200 -
172.22.2.4 - - [16/Apr/2022:00:31:48 -0500] "GET /BLA/boletinlegal/ HTTP/1.1" 200 59170
201.245.192.253 - - [16/Apr/2022:00:32:44 -0500] "POST /kwsrmcab/Wsrmcab HTTP/1.1" 200 44383
201.245.192.253 - - [16/Apr/2022:00:33:34 -0500] "POST /kwsrmcab/Wsrmcab HTTP/1.1" 200 41689
216.245.221.92 - - [16/Apr/2022:00:35:25 -0500] "HEAD / HTTP/1.1" 200 -
66.249.65.13 - - [16/Apr/2022:00:38:01 -0500] "-" 408 -
172.22.2.4 - - [16/Apr/2022:00:36:47 -0500] "HEAD /BLA/boletinlegal/ HTTP/1.1" 200 -
40.77.167.46 - - [16/Apr/2022:00:38:39 -0500] "GET /BLA/resoluciones/index.php?dir=RESOLUCIONES+2022%2F HTTP/1.1" 200 12413
172.22.2.4 - - [16/Apr/2022:00:37:37 -0500] "GET /BLA/boletinlegal/ HTTP/1.1" 200 60932
216.245.221.92 - - [16/Apr/2022:00:40:25 -0500] "HEAD / HTTP/1.1" 200 -
173.252.107.10 - - [16/Apr/2022:00:40:58 -0500] "GET /images/llantas-teusaquillo-1-abril.jpg HTTP/1.1" 200 50674
173.252.107.118 - - [16/Apr/2022:00:40:58 -0500] "GET /images/operativos-control-residuos-hospitalarios-4-abril.jpeg HTTP/1.1" 200 58998
69.63.189.118 - - [16/Apr/2022:00:40:58 -0500] "GET /images/interpretes-humedales-principal-26-marzo.jpg HTTP/1.1" 200 40211
45.155.204.146 - - [16/Apr/2022:00:41:01 -0500] "-" 408 -
69.63.184.120 - - [16/Apr/2022:00:41:08 -0500] "GET /images/feria-servicios-ambiental-barrios-unidos-17-marzo.jpg HTTP/1.1" 200 58797
201.245.192.253 - - [16/Apr/2022:00:42:45 -0500] "POST /kwsrmcab/Wsrmcab HTTP/1.1" 200 44383
172.22.2.4 - - [16/Apr/2022:00:42:37 -0500] "HEAD /BLA/boletinlegal/ HTTP/1.1" 200 -
201.245.192.253 - - [16/Apr/2022:00:43:35 -0500] "POST /kwsrmcab/Wsrmcab HTTP/1.1" 200 41689
172.22.2.4 - - [16/Apr/2022:00:43:27 -0500] "GET /BLA/boletinlegal/ HTTP/1.1" 200 59170
216.245.221.92 - - [16/Apr/2022:00:45:25 -0500] "HEAD / HTTP/1.1" 200 -
157.55.39.202 - - [16/Apr/2022:00:49:51 -0500] "GET / HTTP/1.1" 200 319
172.22.2.4 - - [16/Apr/2022:00:48:27 -0500] "HEAD /BLA/boletinlegal/ HTTP/1.1" 200 -
216.245.221.92 - - [16/Apr/2022:00:50:25 -0500] "HEAD / HTTP/1.1" 200 -
172.22.2.4 - - [16/Apr/2022:00:49:17 -0500] "GET /BLA/boletinlegal/ HTTP/1.1" 200 58588
45.155.204.146 - - [16/Apr/2022:00:51:39 -0500] "GET /index.php?s=/Index/\\think\\app/invokefunction&function=call_user_func_array&vars[0]=md5&vars[1][]=HelloThinkPHP21 HTTP/1.1" 404 1018
172.22.2.4 - - [16/Apr/2022:00:52:14 -0500] "GET /BLA/boletinlegal/remote/fgt_lang?lang=/../../../..//////////dev/ HTTP/1.1" 404 1018
172.22.2.4 - - [16/Apr/2022:00:52:55 -0500] "GET /BLA/boletinlegal/images/screen_2.png HTTP/1.1" 200 362502
172.22.2.4 - - [16/Apr/2022:00:52:57 -0500] "GET /BLA/boletinlegal/images/cabezote%20BLEGAL.jpg HTTP/1.1" 200 118164
172.22.2.4 - - [16/Apr/2022:00:53:02 -0500] "GET /BLA/boletinlegal/images/screen_1.png HTTP/1.1" 200 202547
172.22.2.4 - - [16/Apr/2022:00:53:03 -0500] "GET /BLA/boletinlegal/images/screen_3.png HTTP/1.1" 200 210620
172.22.2.4 - - [16/Apr/2022:00:53:05 -0500] "GET /BLA/boletinlegal/js/jquery.js HTTP/1.1" 200 57254
172.22.2.4 - - [16/Apr/2022:00:53:06 -0500] "GET /BLA/boletinlegal/images/arr_l.jpg HTTP/1.1" 200 1979
172.22.2.4 - - [16/Apr/2022:00:53:07 -0500] "GET /BLA/boletinlegal/style.css HTTP/1.1" 200 9406
172.22.2.4 - - [16/Apr/2022:00:53:09 -0500] "GET /BLA/boletinlegal/images/screen_5.png HTTP/1.1" 200 368876
172.22.2.4 - - [16/Apr/2022:00:53:11 -0500] "GET /BLA/boletinlegal/styles2.css HTTP/1.1" 200 1838
172.22.2.4 - - [16/Apr/2022:00:53:11 -0500] "GET /BLA/boletinlegal/js/jquery.scrollShow.js HTTP/1.1" 200 4586
172.22.2.4 - - [16/Apr/2022:00:53:14 -0500] "GET /BLA/boletinlegal/js/jquery.scrollTo-min.js HTTP/1.1" 200 1150
69.171.251.8 - - [16/Apr/2022:00:54:40 -0500] "GET /images/llantas-teusaquillo-1-abril.jpg HTTP/1.1" 200 50674
34.141.253.63 - - [16/Apr/2022:00:55:15 -0500] "GET / HTTP/1.1" 200 319
3.238.246.152 - - [16/Apr/2022:00:55:18 -0500] "GET /.env HTTP/1.1" 404 1018
3.238.246.152 - - [16/Apr/2022:00:55:18 -0500] "GET /core/.env HTTP/1.1" 404 1018
3.238.246.152 - - [16/Apr/2022:00:55:18 -0500] "GET /public/.env HTTP/1.1" 404 1018
3.238.246.152 - - [16/Apr/2022:00:55:18 -0500] "GET /app/.env HTTP/1.1" 404 1018
3.238.246.152 - - [16/Apr/2022:00:55:19 -0500] "GET /laravel/.env HTTP/1.1" 404 1018
3.238.246.152 - - [16/Apr/2022:00:55:19 -0500] "GET /laravel/core/.env HTTP/1.1" 404 1018
3.238.246.152 - - [16/Apr/2022:00:55:19 -0500] "GET /beta/.env HTTP/1.1" 404 1018
3.238.246.152 - - [16/Apr/2022:00:55:19 -0500] "GET /config/.env HTTP/1.1" 404 1018
3.238.246.152 - - [16/Apr/2022:00:55:19 -0500] "GET /kyc/.env HTTP/1.1" 404 1018
3.238.246.152 - - [16/Apr/2022:00:55:19 -0500] "GET /admin/.env HTTP/1.1" 404 1018
3.238.246.152 - - [16/Apr/2022:00:55:20 -0500] "GET /prod/.env HTTP/1.1" 404 1018
3.238.246.152 - - [16/Apr/2022:00:55:20 -0500] "GET /api/.env HTTP/1.1" 404 1018
3.238.246.152 - - [16/Apr/2022:00:55:20 -0500] "GET /.docker/.env HTTP/1.1" 404 1018
3.238.246.152 - - [16/Apr/2022:00:55:20 -0500] "GET /.docker/laravel/app/.env HTTP/1.1" 404 1018
3.238.246.152 - - [16/Apr/2022:00:55:20 -0500] "GET /.env.backup HTTP/1.1" 404 1018
3.238.246.152 - - [16/Apr/2022:00:55:20 -0500] "GET /.env.local HTTP/1.1" 404 1018
3.238.246.152 - - [16/Apr/2022:00:55:21 -0500] "GET /.env.prod HTTP/1.1" 404 1018
3.238.246.152 - - [16/Apr/2022:00:55:21 -0500] "GET /.env.prod.local HTTP/1.1" 404 1018
3.238.246.152 - - [16/Apr/2022:00:55:21 -0500] "GET /.env.production.local HTTP/1.1" 404 1018
3.238.246.152 - - [16/Apr/2022:00:55:21 -0500] "GET /acme_challenges/.env HTTP/1.1" 404 1018
3.238.246.152 - - [16/Apr/2022:00:55:21 -0500] "GET /acme-challenge/.env HTTP/1.1" 404 1018
3.238.246.152 - - [16/Apr/2022:00:55:21 -0500] "GET /bootstrap/.env HTTP/1.1" 404 1018
3.238.246.152 - - [16/Apr/2022:00:55:22 -0500] "GET /conf/.env HTTP/1.1" 404 1018
3.238.246.152 - - [16/Apr/2022:00:55:22 -0500] "GET /config/.env HTTP/1.1" 404 1018
3.238.246.152 - - [16/Apr/2022:00:55:22 -0500] "GET /core/.env HTTP/1.1" 404 1018
3.238.246.152 - - [16/Apr/2022:00:55:22 -0500] "GET /core/app/.env HTTP/1.1" 404 1018
3.238.246.152 - - [16/Apr/2022:00:55:22 -0500] "GET /doc/.env HTTP/1.1" 404 184
3.238.246.152 - - [16/Apr/2022:00:55:22 -0500] "GET /docker/.env HTTP/1.1" 404 1018
3.238.246.152 - - [16/Apr/2022:00:55:23 -0500] "GET /docker/app/.env HTTP/1.1" 404 1018
3.238.246.152 - - [16/Apr/2022:00:55:23 -0500] "GET /en/.env HTTP/1.1" 404 1018
3.238.246.152 - - [16/Apr/2022:00:55:23 -0500] "GET /dotfiles/.env HTTP/1.1" 404 1018
3.238.246.152 - - [16/Apr/2022:00:55:23 -0500] "GET /js/.env HTTP/1.1" 404 1018
3.238.246.152 - - [16/Apr/2022:00:55:23 -0500] "GET /lib/.env HTTP/1.1" 404 1018
3.238.246.152 - - [16/Apr/2022:00:55:23 -0500] "GET /libs/.env HTTP/1.1" 404 1018
3.238.246.152 - - [16/Apr/2022:00:55:24 -0500] "GET /pub/.env HTTP/1.1" 404 1018
3.238.246.152 - - [16/Apr/2022:00:55:24 -0500] "GET /site/.env HTTP/1.1" 404 1018
3.238.246.152 - - [16/Apr/2022:00:55:24 -0500] "GET /sites/.env HTTP/1.1" 404 1018
3.238.246.152 - - [16/Apr/2022:00:55:24 -0500] "POST / HTTP/1.1" 200 319
3.238.246.152 - - [16/Apr/2022:00:55:24 -0500] "GET /_profiler/phpinfo HTTP/1.1" 404 1018
3.238.246.152 - - [16/Apr/2022:00:55:24 -0500] "GET /phpinfo.php HTTP/1.1" 404 1018
3.238.246.152 - - [16/Apr/2022:00:55:25 -0500] "GET /phpinfo HTTP/1.1" 404 1018
216.245.221.92 - - [16/Apr/2022:00:55:25 -0500] "HEAD / HTTP/1.1" 200 -
3.238.246.152 - - [16/Apr/2022:00:55:25 -0500] "GET /info.php HTTP/1.1" 404 1018
3.238.246.152 - - [16/Apr/2022:00:55:25 -0500] "GET / HTTP/1.1" 200 319
3.238.246.152 - - [16/Apr/2022:00:55:25 -0500] "GET /?pp=env HTTP/1.1" 200 319
172.22.2.4 - - [16/Apr/2022:00:54:17 -0500] "HEAD /BLA/boletinlegal/ HTTP/1.1" 200 -
172.22.2.4 - - [16/Apr/2022:00:55:07 -0500] "GET /BLA/boletinlegal/ HTTP/1.1" 200 59170
3.237.45.4 - - [16/Apr/2022:00:58:42 -0500] "GET /.env HTTP/1.1" 404 1018
3.237.45.4 - - [16/Apr/2022:00:58:42 -0500] "GET /core/.env HTTP/1.1" 404 1018
3.237.45.4 - - [16/Apr/2022:00:58:42 -0500] "GET /public/.env HTTP/1.1" 404 1018
3.237.45.4 - - [16/Apr/2022:00:58:42 -0500] "GET /app/.env HTTP/1.1" 404 1018
3.237.45.4 - - [16/Apr/2022:00:58:42 -0500] "GET /laravel/.env HTTP/1.1" 404 1018
3.237.45.4 - - [16/Apr/2022:00:58:42 -0500] "GET /laravel/core/.env HTTP/1.1" 404 1018
3.237.45.4 - - [16/Apr/2022:00:58:43 -0500] "GET /beta/.env HTTP/1.1" 404 1018
3.237.45.4 - - [16/Apr/2022:00:58:43 -0500] "GET /config/.env HTTP/1.1" 404 1018
3.237.45.4 - - [16/Apr/2022:00:58:43 -0500] "GET /kyc/.env HTTP/1.1" 404 1018
3.237.45.4 - - [16/Apr/2022:00:58:43 -0500] "GET /admin/.env HTTP/1.1" 404 1018
3.237.45.4 - - [16/Apr/2022:00:58:43 -0500] "GET /prod/.env HTTP/1.1" 404 1018
3.237.45.4 - - [16/Apr/2022:00:58:44 -0500] "GET /api/.env HTTP/1.1" 404 1018
3.237.45.4 - - [16/Apr/2022:00:58:44 -0500] "GET /.docker/.env HTTP/1.1" 404 1018
3.237.45.4 - - [16/Apr/2022:00:58:44 -0500] "GET /.docker/laravel/app/.env HTTP/1.1" 404 1018
3.237.45.4 - - [16/Apr/2022:00:58:44 -0500] "GET /.env.backup HTTP/1.1" 404 1018
3.237.45.4 - - [16/Apr/2022:00:58:44 -0500] "GET /.env.local HTTP/1.1" 404 1018
3.237.45.4 - - [16/Apr/2022:00:58:44 -0500] "GET /.env.prod HTTP/1.1" 404 1018
3.237.45.4 - - [16/Apr/2022:00:58:45 -0500] "GET /.env.prod.local HTTP/1.1" 404 1018
3.237.45.4 - - [16/Apr/2022:00:58:45 -0500] "GET /.env.production.local HTTP/1.1" 404 1018
3.237.45.4 - - [16/Apr/2022:00:58:45 -0500] "GET /acme_challenges/.env HTTP/1.1" 404 1018
3.237.45.4 - - [16/Apr/2022:00:58:45 -0500] "GET /acme-challenge/.env HTTP/1.1" 404 1018
3.237.45.4 - - [16/Apr/2022:00:58:45 -0500] "GET /bootstrap/.env HTTP/1.1" 404 1018
3.237.45.4 - - [16/Apr/2022:00:58:45 -0500] "GET /conf/.env HTTP/1.1" 404 1018
3.237.45.4 - - [16/Apr/2022:00:58:46 -0500] "GET /config/.env HTTP/1.1" 404 1018
3.237.45.4 - - [16/Apr/2022:00:58:46 -0500] "GET /core/.env HTTP/1.1" 404 1018
3.237.45.4 - - [16/Apr/2022:00:58:46 -0500] "GET /core/app/.env HTTP/1.1" 404 1018
3.237.45.4 - - [16/Apr/2022:00:58:46 -0500] "GET /doc/.env HTTP/1.1" 404 184
3.237.45.4 - - [16/Apr/2022:00:58:46 -0500] "GET /docker/.env HTTP/1.1" 404 1018
3.237.45.4 - - [16/Apr/2022:00:58:46 -0500] "GET /docker/app/.env HTTP/1.1" 404 1018
3.237.45.4 - - [16/Apr/2022:00:58:47 -0500] "GET /en/.env HTTP/1.1" 404 1018
3.237.45.4 - - [16/Apr/2022:00:58:47 -0500] "GET /dotfiles/.env HTTP/1.1" 404 1018
3.237.45.4 - - [16/Apr/2022:00:58:47 -0500] "GET /js/.env HTTP/1.1" 404 1018
3.237.45.4 - - [16/Apr/2022:00:58:47 -0500] "GET /lib/.env HTTP/1.1" 404 1018
3.237.45.4 - - [16/Apr/2022:00:58:47 -0500] "GET /libs/.env HTTP/1.1" 404 1018
3.237.45.4 - - [16/Apr/2022:00:58:47 -0500] "GET /pub/.env HTTP/1.1" 404 1018
3.237.45.4 - - [16/Apr/2022:00:58:48 -0500] "GET /site/.env HTTP/1.1" 404 1018
3.237.45.4 - - [16/Apr/2022:00:58:48 -0500] "GET /sites/.env HTTP/1.1" 404 1018
3.237.45.4 - - [16/Apr/2022:00:58:48 -0500] "POST / HTTP/1.1" 200 319
3.237.45.4 - - [16/Apr/2022:00:58:48 -0500] "GET /_profiler/phpinfo HTTP/1.1" 404 1018
3.237.45.4 - - [16/Apr/2022:00:58:48 -0500] "GET /phpinfo.php HTTP/1.1" 404 1018
3.237.45.4 - - [16/Apr/2022:00:58:48 -0500] "GET /phpinfo HTTP/1.1" 404 1018
3.237.45.4 - - [16/Apr/2022:00:58:49 -0500] "GET /info.php HTTP/1.1" 404 1018
3.237.45.4 - - [16/Apr/2022:00:58:49 -0500] "GET / HTTP/1.1" 200 319
3.237.45.4 - - [16/Apr/2022:00:58:49 -0500] "GET /?pp=env HTTP/1.1" 200 319
66.249.65.13 - - [16/Apr/2022:00:59:55 -0500] "-" 408 -
216.245.221.92 - - [16/Apr/2022:01:00:25 -0500] "HEAD / HTTP/1.1" 200 -
40.77.167.41 - - [16/Apr/2022:01:01:29 -0500] "GET /portaldeninos/humedal-santa-maria-del-lago/ HTTP/1.1" 200 81567
172.22.2.4 - - [16/Apr/2022:01:00:07 -0500] "HEAD /BLA/boletinlegal/ HTTP/1.1" 200 -
172.22.2.4 - - [16/Apr/2022:01:00:59 -0500] "GET /BLA/boletinlegal/ HTTP/1.1" 200 59170
40.77.167.73 - - [16/Apr/2022:01:04:54 -0500] "GET /BLA/resoluciones/index.php?dir=AUTOS+2019%2F HTTP/1.1" 200 342653
216.245.221.92 - - [16/Apr/2022:01:05:25 -0500] "HEAD / HTTP/1.1" 200 -
66.249.65.13 - - [16/Apr/2022:01:05:47 -0500] "-" 408 -
103.178.237.132 - - [16/Apr/2022:01:06:59 -0500] "GET / HTTP/1.1" 200 319
172.22.2.4 - - [16/Apr/2022:01:05:57 -0500] "HEAD /BLA/boletinlegal/ HTTP/1.1" 200 -
172.22.2.4 - - [16/Apr/2022:01:06:47 -0500] "GET /BLA/boletinlegal/ HTTP/1.1" 200 58588
216.245.221.92 - - [16/Apr/2022:01:10:25 -0500] "HEAD / HTTP/1.1" 200 -
172.22.2.4 - - [16/Apr/2022:01:11:47 -0500] "HEAD /BLA/boletinlegal/ HTTP/1.1" 200 -
66.249.65.13 - - [16/Apr/2022:01:13:51 -0500] "-" 408 -
172.22.2.4 - - [16/Apr/2022:01:12:37 -0500] "GET /BLA/boletinlegal/ HTTP/1.1" 200 58588
216.245.221.92 - - [16/Apr/2022:01:15:25 -0500] "HEAD / HTTP/1.1" 200 -
152.61.192.232 - - [16/Apr/2022:01:16:26 -0500] "GET /arcgis/services/Calidad_del_Agua_WQI/MapServer/WMSServer?request=GetCapabilities&service=WMS HTTP/1.1" 503 1020
152.61.192.232 - - [16/Apr/2022:01:16:27 -0500] "GET /arcgis/services/Calidad_del_Agua_WQI/MapServer/WMSServer?SERVICE=WMS&REQUEST=GetCapabilities HTTP/1.1" 503 1020
152.61.192.232 - - [16/Apr/2022:01:16:27 -0500] "GET /arcgis/services/Calidad_del_Agua_WQI/MapServer/WMSServer?WMTVER=1.0.0&REQUEST=capabilities HTTP/1.1" 503 1020
109.171.115.6 - - [16/Apr/2022:01:16:43 -0500] "GET /.git/ HTTP/1.1" 404 1032
109.171.115.6 - - [16/Apr/2022:01:16:43 -0500] "GET /.env HTTP/1.1" 404 1032
172.22.2.4 - - [16/Apr/2022:01:18:32 -0500] "GET /BLA/boletinlegal/Directivas/2014/Directiva%20No.%202%20del%205%20de%20Mayo%20de%202014.pdf HTTP/1.1" 304 -
172.22.2.4 - - [16/Apr/2022:01:17:37 -0500] "HEAD /BLA/boletinlegal/ HTTP/1.1" 200 -
207.46.13.186 - - [16/Apr/2022:01:19:44 -0500] "GET /programa-mujeres-que-reverdecen-tiene-cerca-de-200-cupos-disponibles.html HTTP/1.1" 200 1059
66.249.65.13 - - [16/Apr/2022:01:19:50 -0500] "-" 408 -
172.22.2.4 - - [16/Apr/2022:01:18:27 -0500] "GET /BLA/boletinlegal/ HTTP/1.1" 200 60932
216.245.221.92 - - [16/Apr/2022:01:20:25 -0500] "HEAD / HTTP/1.1" 200 -
23.225.180.198 - - [16/Apr/2022:01:22:59 -0500] "GET / HTTP/1.1" 200 319
201.245.192.253 - - [16/Apr/2022:01:22:45 -0500] "POST /kwsrmcab/Wsrmcab HTTP/1.1" 200 43913
23.225.180.198 - - [16/Apr/2022:01:23:58 -0500] "GET /sitemap.xml HTTP/1.1" 404 1018
23.225.180.198 - - [16/Apr/2022:01:24:13 -0500] "GET /f5F01DP05Te/Cvg37dv4ny76.php?info=24364 HTTP/1.1" 404 1014
201.245.192.253 - - [16/Apr/2022:01:23:36 -0500] "POST /kwsrmcab/Wsrmcab HTTP/1.1" 200 41695
152.61.128.50 - - [16/Apr/2022:01:24:58 -0500] "GET /arcgis/services/Calidad_del_Agua_WQI/MapServer/WMSServer?request=GetCapabilities&service=WMS HTTP/1.1" 503 1020
152.61.128.50 - - [16/Apr/2022:01:25:00 -0500] "GET /arcgis/services/Calidad_del_Agua_WQI/MapServer/WMSServer?SERVICE=WMS&REQUEST=GetCapabilities HTTP/1.1" 503 1020
152.61.128.50 - - [16/Apr/2022:01:25:00 -0500] "GET /arcgis/services/Calidad_del_Agua_WQI/MapServer/WMSServer?WMTVER=1.0.0&REQUEST=capabilities HTTP/1.1" 503 1020
172.22.2.4 - - [16/Apr/2022:01:23:27 -0500] "HEAD /BLA/boletinlegal/ HTTP/1.1" 200 -
40.77.167.14 - - [16/Apr/2022:01:25:15 -0500] "GET /si-eres-sujeto-del-pago-de-tasa-retributiva-no-olvides-enviarnos-tu-formulario-de-autodeclaracion-de-vertimientos-de-2021.html HTTP/1.1" 200 1165
216.245.221.92 - - [16/Apr/2022:01:25:25 -0500] "HEAD / HTTP/1.1" 200 -
172.22.2.4 - - [16/Apr/2022:01:24:17 -0500] "GET /BLA/boletinlegal/ HTTP/1.1" 200 61416
66.249.65.13 - - [16/Apr/2022:01:26:05 -0500] "-" 408 -
207.46.13.43 - - [16/Apr/2022:01:26:10 -0500] "GET /sipse/faces/faces/autenticacion.xhtml HTTP/1.1" 200 12493
173.252.107.5 - - [16/Apr/2022:01:27:05 -0500] "GET /no-te-pierdas-la-jornada-de-avistamiento-de-aves-en-el-humedal-santa-maria-del-lago.html HTTP/1.1" 206 1003
173.252.107.16 - - [16/Apr/2022:01:27:05 -0500] "GET /no-te-pierdas-la-jornada-de-avistamiento-de-aves-en-el-humedal-santa-maria-del-lago.html HTTP/1.1" 206 1003
216.245.221.92 - - [16/Apr/2022:01:30:25 -0500] "HEAD / HTTP/1.1" 200 -
172.22.2.4 - - [16/Apr/2022:01:29:17 -0500] "HEAD /BLA/boletinlegal/ HTTP/1.1" 200 -
172.22.2.4 - - [16/Apr/2022:01:30:07 -0500] "GET /BLA/boletinlegal/ HTTP/1.1" 200 60105
66.249.65.13 - - [16/Apr/2022:01:32:35 -0500] "-" 408 -
201.245.192.253 - - [16/Apr/2022:01:32:44 -0500] "POST /kwsrmcab/Wsrmcab HTTP/1.1" 200 43913
201.245.192.253 - - [16/Apr/2022:01:33:35 -0500] "POST /kwsrmcab/Wsrmcab HTTP/1.1" 200 41695
216.245.221.92 - - [16/Apr/2022:01:35:25 -0500] "HEAD / HTTP/1.1" 200 -
172.22.2.4 - - [16/Apr/2022:01:35:07 -0500] "HEAD /BLA/boletinlegal/ HTTP/1.1" 200 -
172.22.2.4 - - [16/Apr/2022:01:35:57 -0500] "GET /BLA/boletinlegal/ HTTP/1.1" 200 55089
216.245.221.92 - - [16/Apr/2022:01:40:25 -0500] "HEAD / HTTP/1.1" 200 -
40.77.167.73 - - [16/Apr/2022:01:40:28 -0500] "GET /BLA/resoluciones/index.php?dir=AUTOS+2019%2F HTTP/1.1" 200 342653
45.155.204.146 - - [16/Apr/2022:01:41:16 -0500] "GET /?a=fetch&content=<php>die(@md5(HelloThinkCMF))</php> HTTP/1.1" 200 319
172.22.2.4 - - [16/Apr/2022:01:41:08 -0500] "HEAD /BLA/boletinlegal/ HTTP/1.1" 200 -
201.245.192.253 - - [16/Apr/2022:01:42:44 -0500] "POST /kwsrmcab/Wsrmcab HTTP/1.1" 200 43913
172.22.2.4 - - [16/Apr/2022:01:41:59 -0500] "GET /BLA/boletinlegal/ HTTP/1.1" 200 58588
201.245.192.253 - - [16/Apr/2022:01:43:36 -0500] "POST /kwsrmcab/Wsrmcab HTTP/1.1" 200 41695
216.245.221.92 - - [16/Apr/2022:01:45:25 -0500] "HEAD / HTTP/1.1" 200 -
172.22.2.4 - - [16/Apr/2022:01:47:29 -0500] "GET /BLA/boletinlegal/owa/auth/x.js HTTP/1.1" 404 1018
172.22.2.4 - - [16/Apr/2022:01:48:00 -0500] "GET /BLA/boletinlegal/owa/auth/logon.aspx HTTP/1.1" 404 1018
172.22.2.4 - - [16/Apr/2022:01:47:48 -0500] "GET /BLA/boletinlegal/ HTTP/1.1" 200 63342
172.22.2.4 - - [16/Apr/2022:01:49:31 -0500] "GET /BLA/boletinlegal/ecp/Current/exporttool/microsoft.exchange.ediscovery.exporttool.application HTTP/1.1" 404 1018
216.245.221.92 - - [16/Apr/2022:01:50:25 -0500] "HEAD / HTTP/1.1" 200 -
172.22.2.4 - - [16/Apr/2022:01:52:48 -0500] "HEAD /BLA/boletinlegal/ HTTP/1.1" 200 -
172.22.2.4 - - [16/Apr/2022:01:53:38 -0500] "GET /BLA/boletinlegal/ HTTP/1.1" 200 56300
216.245.221.92 - - [16/Apr/2022:01:55:25 -0500] "HEAD / HTTP/1.1" 200 -
172.22.2.4 - - [16/Apr/2022:01:56:33 -0500] "GET /BLA/boletinlegal/robots.txt HTTP/1.1" 404 1038
172.22.2.4 - - [16/Apr/2022:01:56:35 -0500] "GET /BLA/boletinlegal/index.php HTTP/1.1" 200 63729
186.155.102.134 - - [16/Apr/2022:01:59:01 -0500] "GET /si-eres-mujer-y-te-gusta-el-cuidado-de-los-humedales-este-proceso-de-formacion-es-para-ti.html HTTP/1.1" 200 1025
173.252.127.21 - - [16/Apr/2022:01:59:57 -0500] "GET /en-el-dia-internacional-del-agua-alcaldesa-claudia-lopez-declaro-a-los-colegios-distritales-como-territorios-de-agua-y-vida.html HTTP/1.1" 206 1013
172.22.2.4 - - [16/Apr/2022:01:58:38 -0500] "HEAD /BLA/boletinlegal/ HTTP/1.1" 200 -
216.245.221.92 - - [16/Apr/2022:02:00:25 -0500] "HEAD / HTTP/1.1" 200 -
172.22.2.4 - - [16/Apr/2022:01:59:28 -0500] "GET /BLA/boletinlegal/ HTTP/1.1" 200 55089
45.155.204.146 - - [16/Apr/2022:02:01:36 -0500] "GET /?XDEBUG_SESSION_START=phpstorm HTTP/1.1" 200 319
35.236.215.231 - - [16/Apr/2022:02:03:23 -0500] "GET /en-semana-santa-no-uses-palmas-ni-traigas-o-consumas-animales-silvestres.html HTTP/1.1" 200 959
35.236.215.231 - - [16/Apr/2022:02:03:23 -0500] "GET /en-semana-santa-no-uses-palmas-ni-traigas-o-consumas-animales-silvestres.html HTTP/1.1" 200 959
216.245.221.92 - - [16/Apr/2022:02:05:25 -0500] "HEAD / HTTP/1.1" 200 -
172.22.2.4 - - [16/Apr/2022:02:04:28 -0500] "HEAD /BLA/boletinlegal/ HTTP/1.1" 200 -
172.22.2.4 - - [16/Apr/2022:02:05:18 -0500] "GET /BLA/boletinlegal/ HTTP/1.1" 200 55089
40.77.167.73 - - [16/Apr/2022:02:10:00 -0500] "GET /bla/resoluciones/resoluciones%202016/2455.pdf HTTP/1.1" 200 366574
216.245.221.92 - - [16/Apr/2022:02:10:25 -0500] "HEAD / HTTP/1.1" 200 -
173.252.107.119 - - [16/Apr/2022:02:11:33 -0500] "GET /images/operativos-control-residuos-hospitalarios-28-marzo.jpg HTTP/1.1" 200 36883
172.22.2.4 - - [16/Apr/2022:02:10:18 -0500] "HEAD /BLA/boletinlegal/ HTTP/1.1" 200 -
172.22.2.4 - - [16/Apr/2022:02:11:08 -0500] "GET /BLA/boletinlegal/ HTTP/1.1" 200 61416
66.249.65.15 - - [16/Apr/2022:02:13:49 -0500] "-" 408 -
40.77.167.73 - - [16/Apr/2022:02:14:21 -0500] "GET /BLA/resoluciones/index.php?dir=AUTOS+2019%2F HTTP/1.1" 200 342653
173.252.107.21 - - [16/Apr/2022:02:14:22 -0500] "GET /images/operativos-control-residuos-hospitalarios-28-marzo.jpg HTTP/1.1" 200 36883
173.252.107.117 - - [16/Apr/2022:02:15:02 -0500] "GET /negocios-verdes-de-bogota-se-reuniran-este-fin-de-semana-en-el-centro-comercial-el-retiro.html HTTP/1.1" 206 902
216.245.221.92 - - [16/Apr/2022:02:15:25 -0500] "HEAD / HTTP/1.1" 200 -
172.22.2.4 - - [16/Apr/2022:02:16:08 -0500] "HEAD /BLA/boletinlegal/ HTTP/1.1" 200 -
172.22.2.4 - - [16/Apr/2022:02:16:58 -0500] "GET /BLA/boletinlegal/ HTTP/1.1" 200 59170
216.245.221.92 - - [16/Apr/2022:02:20:25 -0500] "HEAD / HTTP/1.1" 200 -
69.171.251.4 - - [16/Apr/2022:02:21:31 -0500] "GET /images/ecositemas-cerros-10-marzo.jpg HTTP/1.1" 200 85534
69.63.189.1 - - [16/Apr/2022:02:21:38 -0500] "GET /images/Memo1.jpg HTTP/1.1" 200 91151
173.252.107.8 - - [16/Apr/2022:02:22:10 -0500] "GET /secretaria-de-ambiente-afianza-lazos-de-cooperacion-con-chile.html HTTP/1.1" 206 818
201.245.192.253 - - [16/Apr/2022:02:22:44 -0500] "POST /kwsrmcab/Wsrmcab HTTP/1.1" 200 43777
172.22.2.4 - - [16/Apr/2022:02:21:58 -0500] "HEAD /BLA/boletinlegal/ HTTP/1.1" 200 -
201.245.192.253 - - [16/Apr/2022:02:23:34 -0500] "POST /kwsrmcab/Wsrmcab HTTP/1.1" 200 41692
172.22.2.4 - - [16/Apr/2022:02:22:49 -0500] "GET /BLA/boletinlegal/ HTTP/1.1" 200 59170
45.137.23.207 - - [16/Apr/2022:02:24:42 -0500] "GET / HTTP/1.1" 200 319
216.245.221.92 - - [16/Apr/2022:02:25:25 -0500] "HEAD / HTTP/1.1" 200 -
128.1.248.42 - - [16/Apr/2022:02:28:14 -0500] "GET / HTTP/1.1" 200 319
172.22.2.4 - - [16/Apr/2022:02:27:48 -0500] "HEAD /BLA/boletinlegal/ HTTP/1.1" 200 -
172.22.2.4 - - [16/Apr/2022:02:28:38 -0500] "GET /BLA/boletinlegal/ HTTP/1.1" 200 59170
216.245.221.92 - - [16/Apr/2022:02:30:24 -0500] "HEAD / HTTP/1.1" 200 -
201.245.192.253 - - [16/Apr/2022:02:32:44 -0500] "POST /kwsrmcab/Wsrmcab HTTP/1.1" 200 43777
201.245.192.253 - - [16/Apr/2022:02:33:31 -0500] "POST /kwsrmcab/Wsrmcab HTTP/1.1" 200 41692
172.22.2.4 - - [16/Apr/2022:02:33:38 -0500] "HEAD /BLA/boletinlegal/ HTTP/1.1" 200 -
216.245.221.92 - - [16/Apr/2022:02:35:24 -0500] "HEAD / HTTP/1.1" 200 -
172.22.2.4 - - [16/Apr/2022:02:34:40 -0500] "GET /BLA/boletinlegal/ HTTP/1.1" 200 61796
66.249.65.13 - - [16/Apr/2022:02:39:36 -0500] "-" 408 -
216.245.221.92 - - [16/Apr/2022:02:40:25 -0500] "HEAD / HTTP/1.1" 200 -
172.22.2.4 - - [16/Apr/2022:02:39:28 -0500] "HEAD /BLA/boletinlegal/ HTTP/1.1" 200 -
201.245.192.253 - - [16/Apr/2022:02:42:44 -0500] "POST /kwsrmcab/Wsrmcab HTTP/1.1" 200 43777
201.245.192.253 - - [16/Apr/2022:02:43:30 -0500] "POST /kwsrmcab/Wsrmcab HTTP/1.1" 200 41692
216.245.221.92 - - [16/Apr/2022:02:45:24 -0500] "HEAD / HTTP/1.1" 200 -
35.233.62.116 - - [16/Apr/2022:02:47:17 -0500] "GET / HTTP/1.1" 200 319
40.77.167.73 - - [16/Apr/2022:02:47:23 -0500] "GET /BLA/resoluciones/index.php?dir=AUTOS+2019%2F HTTP/1.1" 200 342653
61.135.159.204 - - [16/Apr/2022:02:47:33 -0500] "GET / HTTP/1.1" 200 319
172.22.2.4 - - [16/Apr/2022:02:46:26 -0500] "HEAD /BLA/boletinlegal/ HTTP/1.1" 200 -
172.22.2.4 - - [16/Apr/2022:02:48:29 -0500] "GET /BLA/boletinlegal/Circulares/2021/CIRCULAR%20No.%2000003%20del%2009%20de%20Abril%20del%202021.pdf HTTP/1.1" 404 1038
66.249.65.13 - - [16/Apr/2022:02:49:38 -0500] "-" 408 -
172.22.2.4 - - [16/Apr/2022:02:50:00 -0500] "GET /BLA/boletinlegal/images/hover.jpg HTTP/1.1" 200 640
172.22.2.4 - - [16/Apr/2022:02:50:00 -0500] "GET /BLA/boletinlegal/images/menu_lft.gif HTTP/1.1" 200 1713
172.22.2.4 - - [16/Apr/2022:02:50:00 -0500] "GET /BLA/boletinlegal/images/footer_bg.jpg HTTP/1.1" 200 586
172.22.2.4 - - [16/Apr/2022:02:50:00 -0500] "GET /BLA/boletinlegal/images/menu_rght.gif HTTP/1.1" 200 1627
172.22.2.4 - - [16/Apr/2022:02:50:00 -0500] "GET /BLA/boletinlegal/images/body_bg.jpg HTTP/1.1" 200 1601
172.22.2.4 - - [16/Apr/2022:02:50:00 -0500] "GET /BLA/boletinlegal/images/bg_top.jpg HTTP/1.1" 200 522
172.22.2.4 - - [16/Apr/2022:02:50:00 -0500] "GET /BLA/boletinlegal/images/text.jpg HTTP/1.1" 200 568
172.22.2.4 - - [16/Apr/2022:02:50:00 -0500] "GET /BLA/boletinlegal/images/menu_bg.jpg HTTP/1.1" 200 620
216.245.221.92 - - [16/Apr/2022:02:50:24 -0500] "HEAD / HTTP/1.1" 200 -
45.155.204.146 - - [16/Apr/2022:02:51:05 -0500] "GET /console/ HTTP/1.1" 404 1018
207.46.13.194 - - [16/Apr/2022:02:55:16 -0500] "GET / HTTP/1.1" 200 319
172.22.2.4 - - [16/Apr/2022:02:53:39 -0500] "HEAD /BLA/boletinlegal/ HTTP/1.1" 200 -
216.245.221.92 - - [16/Apr/2022:02:55:24 -0500] "HEAD / HTTP/1.1" 200 -
66.249.65.13 - - [16/Apr/2022:02:55:34 -0500] "-" 408 -
216.245.221.92 - - [16/Apr/2022:03:00:24 -0500] "HEAD / HTTP/1.1" 200 -
40.77.167.73 - - [16/Apr/2022:03:01:25 -0500] "GET /catalogoisis/ HTTP/1.1" 200 8575
66.249.65.13 - - [16/Apr/2022:03:03:25 -0500] "-" 408 -
23.225.180.198 - - [16/Apr/2022:03:03:36 -0500] "-" 408 -
216.245.221.92 - - [16/Apr/2022:03:05:24 -0500] "HEAD / HTTP/1.1" 200 -
172.22.2.4 - - [16/Apr/2022:03:07:59 -0500] "GET /BLA/boletinlegal/robots.txt HTTP/1.1" 404 1038
69.171.251.19 - - [16/Apr/2022:03:08:52 -0500] "GET /ciudad-bolivar-y-puente-aranda-se-alistan-para-una-nueva-llantaton.html HTTP/1.1" 206 991
34.90.149.235 - - [16/Apr/2022:03:08:52 -0500] "GET / HTTP/1.1" 200 319
66.249.65.13 - - [16/Apr/2022:03:09:06 -0500] "-" 408 -
172.22.2.4 - - [16/Apr/2022:03:08:06 -0500] "GET /BLA/boletinlegal/ HTTP/1.1" 200 63342
216.245.221.92 - - [16/Apr/2022:03:10:24 -0500] "HEAD / HTTP/1.1" 200 -
172.22.2.4 - - [16/Apr/2022:03:10:52 -0500] "HEAD /BLA/boletinlegal/ HTTP/1.1" 200 -
172.22.2.4 - - [16/Apr/2022:03:11:42 -0500] "GET /BLA/boletinlegal/ HTTP/1.1" 200 61416
45.155.204.146 - - [16/Apr/2022:03:14:58 -0500] "POST /Autodiscover/Autodiscover.xml HTTP/1.1" 404 1018
66.249.65.13 - - [16/Apr/2022:03:14:59 -0500] "-" 408 -
216.245.221.92 - - [16/Apr/2022:03:15:24 -0500] "HEAD / HTTP/1.1" 200 -
172.22.2.4 - - [16/Apr/2022:03:16:41 -0500] "HEAD /BLA/boletinlegal/ HTTP/1.1" 200 -
172.22.2.4 - - [16/Apr/2022:03:18:01 -0500] "GET /BLA/boletinlegal/ HTTP/1.1" 200 61416
216.245.221.92 - - [16/Apr/2022:03:20:24 -0500] "HEAD / HTTP/1.1" 200 -
40.77.167.73 - - [16/Apr/2022:03:21:16 -0500] "GET /BLA/resoluciones/index.php?dir=AUTOS+2019%2F HTTP/1.1" 200 342653
66.249.65.13 - - [16/Apr/2022:03:21:54 -0500] "-" 408 -
172.22.2.4 - - [16/Apr/2022:03:23:00 -0500] "GET /BLA/boletinlegal/ HTTP/1.1" 200 20427
201.245.192.253 - - [16/Apr/2022:03:22:44 -0500] "POST /kwsrmcab/Wsrmcab HTTP/1.1" 200 43905
172.22.2.4 - - [16/Apr/2022:03:22:31 -0500] "HEAD /BLA/boletinlegal/ HTTP/1.1" 200 -
201.245.192.253 - - [16/Apr/2022:03:23:35 -0500] "POST /kwsrmcab/Wsrmcab HTTP/1.1" 200 41690
172.22.2.4 - - [16/Apr/2022:03:25:03 -0500] "GET /BLA/boletinlegal/Circulares/2012/Circular%20No.%202%20del%2014%20de%20Marzo%20de%202012.pdf HTTP/1.1" 304 -
216.245.221.92 - - [16/Apr/2022:03:25:24 -0500] "HEAD / HTTP/1.1" 200 -
66.249.65.13 - - [16/Apr/2022:03:27:46 -0500] "-" 408 -
216.245.221.92 - - [16/Apr/2022:03:30:24 -0500] "HEAD / HTTP/1.1" 200 -
172.22.2.4 - - [16/Apr/2022:03:29:45 -0500] "HEAD /BLA/boletinlegal/ HTTP/1.1" 200 -
172.22.2.4 - - [16/Apr/2022:03:30:35 -0500] "GET /BLA/boletinlegal/ HTTP/1.1" 200 60932
172.22.2.4 - - [16/Apr/2022:03:32:27 -0500] "GET /BLA/boletinlegal/robots.txt HTTP/1.1" 404 1038
172.22.2.4 - - [16/Apr/2022:03:32:35 -0500] "GET /BLA/boletinlegal/doctrina.php HTTP/1.1" 200 5604
172.22.2.4 - - [16/Apr/2022:03:32:46 -0500] "GET /BLA/boletinlegal/js/ajax_doctrina.js HTTP/1.1" 200 772
172.22.2.4 - - [16/Apr/2022:03:32:50 -0500] "GET /BLA/boletinlegal/js/jquery1.js HTTP/1.1" 200 29846
172.22.2.4 - - [16/Apr/2022:03:32:52 -0500] "GET /BLA/boletinlegal/js/lib.js HTTP/1.1" 200 6474
172.22.2.4 - - [16/Apr/2022:03:32:53 -0500] "GET /BLA/boletinlegal/js/popup.js HTTP/1.1" 200 1270
201.245.192.253 - - [16/Apr/2022:03:32:44 -0500] "POST /kwsrmcab/Wsrmcab HTTP/1.1" 200 43905
66.249.65.13 - - [16/Apr/2022:03:33:35 -0500] "-" 408 -
201.245.192.253 - - [16/Apr/2022:03:33:34 -0500] "POST /kwsrmcab/Wsrmcab HTTP/1.1" 200 41690
216.245.221.92 - - [16/Apr/2022:03:35:24 -0500] "HEAD / HTTP/1.1" 200 -
172.22.2.4 - - [16/Apr/2022:03:35:34 -0500] "HEAD /BLA/boletinlegal/ HTTP/1.1" 200 -
172.22.2.4 - - [16/Apr/2022:03:36:25 -0500] "GET /BLA/boletinlegal/ HTTP/1.1" 200 59170
66.249.65.13 - - [16/Apr/2022:03:39:46 -0500] "-" 408 -
216.245.221.92 - - [16/Apr/2022:03:40:24 -0500] "HEAD / HTTP/1.1" 200 -
201.245.192.253 - - [16/Apr/2022:03:42:44 -0500] "POST /kwsrmcab/Wsrmcab HTTP/1.1" 200 43905
201.245.192.253 - - [16/Apr/2022:03:43:34 -0500] "POST /kwsrmcab/Wsrmcab HTTP/1.1" 200 41690
216.245.221.92 - - [16/Apr/2022:03:45:24 -0500] "HEAD / HTTP/1.1" 200 -
66.249.65.13 - - [16/Apr/2022:03:46:24 -0500] "-" 408 -
45.155.204.146 - - [16/Apr/2022:03:47:08 -0500] "GET /_ignition/execute-solution HTTP/1.1" 404 1018
216.245.221.92 - - [16/Apr/2022:03:50:24 -0500] "HEAD / HTTP/1.1" 200 -
114.119.128.172 - - [16/Apr/2022:03:51:27 -0500] "-" 408 -
114.119.129.147 - - [16/Apr/2022:03:51:54 -0500] "-" 408 -
66.249.65.13 - - [16/Apr/2022:03:52:25 -0500] "-" 408 -
114.119.135.205 - - [16/Apr/2022:03:52:28 -0500] "-" 408 -
102.165.48.50 - - [16/Apr/2022:03:54:10 -0500] "GET /wp-login.php HTTP/1.1" 404 1018
40.77.167.73 - - [16/Apr/2022:03:55:49 -0500] "GET /BLA/resoluciones/index.php?dir=AUTOS+2019%2F HTTP/1.1" 200 342653
66.249.65.13 - - [16/Apr/2022:04:01:03 -0500] "-" 408 -
35.236.215.231 - - [16/Apr/2022:04:03:23 -0500] "GET /en-semana-santa-no-uses-palmas-ni-traigas-o-consumas-animales-silvestres.html HTTP/1.1" 200 959
35.236.215.231 - - [16/Apr/2022:04:03:23 -0500] "GET /en-semana-santa-no-uses-palmas-ni-traigas-o-consumas-animales-silvestres.html HTTP/1.1" 200 959
216.245.221.92 - - [16/Apr/2022:04:05:24 -0500] "HEAD / HTTP/1.1" 200 -
172.22.2.4 - - [16/Apr/2022:04:05:03 -0500] "GET /BLA/boletinlegal/ HTTP/1.1" 200 54090
172.22.2.4 - - [16/Apr/2022:04:05:04 -0500] "GET /BLA/boletinlegal/ HTTP/1.1" 200 54090
66.249.65.13 - - [16/Apr/2022:04:06:58 -0500] "-" 408 -
172.22.2.4 - - [16/Apr/2022:04:06:49 -0500] "HEAD /BLA/boletinlegal/ HTTP/1.1" 200 -
172.22.2.4 - - [16/Apr/2022:04:08:42 -0500] "GET /BLA/boletinlegal/ HTTP/1.1" 200 54457
172.22.2.4 - - [16/Apr/2022:04:08:43 -0500] "GET /BLA/boletinlegal/ HTTP/1.1" 200 54457
216.245.221.92 - - [16/Apr/2022:04:10:24 -0500] "HEAD / HTTP/1.1" 200 -
66.249.65.13 - - [16/Apr/2022:04:13:14 -0500] "-" 408 -
172.22.2.4 - - [16/Apr/2022:04:12:39 -0500] "HEAD /BLA/boletinlegal/ HTTP/1.1" 200 -
216.245.221.92 - - [16/Apr/2022:04:15:24 -0500] "HEAD / HTTP/1.1" 200 -
172.22.2.4 - - [16/Apr/2022:04:14:48 -0500] "GET /BLA/boletinlegal/ HTTP/1.1" 200 32715
172.22.2.4 - - [16/Apr/2022:04:14:50 -0500] "GET /BLA/boletinlegal/ HTTP/1.1" 200 36811
213.180.203.173 - - [16/Apr/2022:04:20:02 -0500] "-" 408 -
5.255.253.104 - - [16/Apr/2022:04:20:08 -0500] "-" 408 -
5.255.253.165 - - [16/Apr/2022:04:20:13 -0500] "-" 408 -
141.8.142.87 - - [16/Apr/2022:04:20:18 -0500] "-" 408 -
216.245.221.92 - - [16/Apr/2022:04:20:24 -0500] "HEAD / HTTP/1.1" 200 -
66.249.65.13 - - [16/Apr/2022:04:20:25 -0500] "-" 408 -
5.255.253.124 - - [16/Apr/2022:04:20:33 -0500] "-" 408 -
141.8.142.74 - - [16/Apr/2022:04:20:48 -0500] "-" 408 -
87.250.224.14 - - [16/Apr/2022:04:21:18 -0500] "-" 408 -
5.255.253.154 - - [16/Apr/2022:04:22:18 -0500] "-" 408 -
87.250.224.103 - - [16/Apr/2022:04:23:18 -0500] "-" 408 -
201.245.192.253 - - [16/Apr/2022:04:22:44 -0500] "POST /kwsrmcab/Wsrmcab HTTP/1.1" 200 44192
201.245.192.253 - - [16/Apr/2022:04:23:34 -0500] "POST /kwsrmcab/Wsrmcab HTTP/1.1" 200 41682
5.45.207.153 - - [16/Apr/2022:04:25:18 -0500] "-" 408 -
216.245.221.92 - - [16/Apr/2022:04:25:24 -0500] "HEAD / HTTP/1.1" 200 -
40.77.167.46 - - [16/Apr/2022:04:26:42 -0500] "GET /sipse/faces/javax.faces.resource/primefaces.js;jsessionid=edcgrjhgimrvqjbwlphn2ih8.undefined?ln=primefaces&amp;v=4.0 HTTP/1.1" 200 276924
87.250.224.73 - - [16/Apr/2022:04:28:18 -0500] "-" 408 -
40.77.167.29 - - [16/Apr/2022:04:29:22 -0500] "GET / HTTP/1.1" 200 319
40.77.167.73 - - [16/Apr/2022:04:29:53 -0500] "GET /BLA/resoluciones/index.php?dir=AUTOS+2019%2F HTTP/1.1" 200 342653
216.245.221.92 - - [16/Apr/2022:04:30:24 -0500] "HEAD / HTTP/1.1" 200 -
178.128.65.49 - - [16/Apr/2022:04:30:44 -0500] "GET /en-semana-santa-no-uses-palmas-ni-traigas-o-consumas-animales-silvestres.html HTTP/1.1" 200 959
66.249.65.13 - - [16/Apr/2022:04:31:46 -0500] "-" 408 -
172.22.2.4 - - [16/Apr/2022:04:31:25 -0500] "GET /BLA/boletinlegal/ HTTP/1.1" 200 63729
201.245.192.253 - - [16/Apr/2022:04:32:44 -0500] "POST /kwsrmcab/Wsrmcab HTTP/1.1" 200 44192
201.245.192.253 - - [16/Apr/2022:04:33:35 -0500] "POST /kwsrmcab/Wsrmcab HTTP/1.1" 200 41682
207.46.13.179 - - [16/Apr/2022:04:35:00 -0500] "GET /forest/ HTTP/1.1" 200 12041
216.245.221.92 - - [16/Apr/2022:04:35:24 -0500] "HEAD / HTTP/1.1" 200 -
40.77.167.29 - - [16/Apr/2022:04:37:22 -0500] "GET /Publicaciones/2022EE19862.pdf HTTP/1.1" 404 227
172.22.2.4 - - [16/Apr/2022:04:38:41 -0500] "GET /BLA/boletinlegal/ HTTP/1.1" 200 58588
172.22.2.4 - - [16/Apr/2022:04:38:44 -0500] "GET /BLA/boletinlegal/ HTTP/1.1" 200 58588
216.245.221.92 - - [16/Apr/2022:04:40:24 -0500] "HEAD / HTTP/1.1" 200 -
45.155.204.146 - - [16/Apr/2022:04:41:42 -0500] "GET / HTTP/1.1" 200 319
172.22.2.4 - - [16/Apr/2022:04:40:29 -0500] "HEAD /BLA/boletinlegal/ HTTP/1.1" 200 -
172.22.2.4 - - [16/Apr/2022:04:41:20 -0500] "GET /BLA/boletinlegal/ HTTP/1.1" 200 60105
201.245.192.253 - - [16/Apr/2022:04:42:44 -0500] "POST /kwsrmcab/Wsrmcab HTTP/1.1" 200 44192
207.46.13.186 - - [16/Apr/2022:04:43:34 -0500] "GET /portaldeninos/2021/05/31/bogota-celebrara-la-semana-ambiental-del-1-al-5-de-junio/ HTTP/1.1" 200 104020
172.22.2.4 - - [16/Apr/2022:04:44:09 -0500] "GET /BLA/boletinlegal/robots.txt HTTP/1.1" 404 1038
172.22.2.4 - - [16/Apr/2022:04:44:10 -0500] "GET /BLA/boletinlegal/normativa.php HTTP/1.1" 200 8292
201.245.192.253 - - [16/Apr/2022:04:43:35 -0500] "POST /kwsrmcab/Wsrmcab HTTP/1.1" 200 41682
216.245.221.92 - - [16/Apr/2022:04:45:24 -0500] "HEAD / HTTP/1.1" 200 -
40.77.167.29 - - [16/Apr/2022:04:48:32 -0500] "GET /bla/resoluciones/resoluciones%202012/0623.pdf HTTP/1.1" 304 -
216.245.221.92 - - [16/Apr/2022:04:50:24 -0500] "HEAD / HTTP/1.1" 200 -
216.245.221.92 - - [16/Apr/2022:04:55:24 -0500] "HEAD / HTTP/1.1" 200 -
172.22.2.4 - - [16/Apr/2022:04:54:25 -0500] "GET /BLA/boletinlegal/ HTTP/1.1" 200 63342
216.245.221.92 - - [16/Apr/2022:05:00:24 -0500] "HEAD / HTTP/1.1" 200 -
172.22.2.4 - - [16/Apr/2022:04:59:21 -0500] "HEAD /BLA/boletinlegal/ HTTP/1.1" 200 -
172.22.2.4 - - [16/Apr/2022:05:00:18 -0500] "GET /BLA/boletinlegal/ HTTP/1.1" 200 59688
40.77.167.29 - - [16/Apr/2022:05:03:05 -0500] "GET /requerimientos/consulta.php HTTP/1.1" 200 1347531
216.245.221.92 - - [16/Apr/2022:05:05:24 -0500] "HEAD / HTTP/1.1" 200 -
172.22.2.4 - - [16/Apr/2022:05:06:28 -0500] "GET /BLA/boletinlegal/robots.txt HTTP/1.1" 404 1038
172.22.2.4 - - [16/Apr/2022:05:06:28 -0500] "GET /BLA/boletinlegal/jurisprudencia/analisis/CUADRO%20ANALISIS%20SENTENCIA%20T-411%20DE%201992.doc HTTP/1.1" 304 -
40.77.167.46 - - [16/Apr/2022:05:10:04 -0500] "GET /BLA/resoluciones/RESOLUCIONES%202016/2015.pdf HTTP/1.1" 200 287715
216.245.221.92 - - [16/Apr/2022:05:10:24 -0500] "HEAD / HTTP/1.1" 200 -
216.245.221.92 - - [16/Apr/2022:05:15:24 -0500] "HEAD / HTTP/1.1" 200 -
172.22.2.4 - - [16/Apr/2022:05:15:11 -0500] "HEAD /BLA/boletinlegal/ HTTP/1.1" 200 -
172.22.2.4 - - [16/Apr/2022:05:16:01 -0500] "GET /BLA/boletinlegal/ HTTP/1.1" 200 58588
40.77.167.73 - - [16/Apr/2022:05:18:38 -0500] "GET /bla/resoluciones/resoluciones%202014/3019.pdf HTTP/1.1" 200 352592
34.90.189.164 - - [16/Apr/2022:05:19:14 -0500] "GET / HTTP/1.1" 200 319
191.100.81.188 - - [16/Apr/2022:05:20:03 -0500] "GET / HTTP/1.1" 200 319
216.245.221.92 - - [16/Apr/2022:05:20:24 -0500] "HEAD / HTTP/1.1" 200 -
192.133.77.18 - - [16/Apr/2022:05:20:26 -0500] "GET /images/pieza-global-day-5-octubre.jpg HTTP/1.1" 200 242505
192.133.77.18 - - [16/Apr/2022:05:20:26 -0500] "GET /images/pieza-global-day-5-octubre.jpg HTTP/1.1" 200 242505
192.133.77.14 - - [16/Apr/2022:05:20:26 -0500] "GET /participa-con-nosotros-en-el-october-big-day.html HTTP/1.1" 200 1039
172.22.2.4 - - [16/Apr/2022:05:21:01 -0500] "HEAD /BLA/boletinlegal/ HTTP/1.1" 200 -
172.22.2.4 - - [16/Apr/2022:05:21:51 -0500] "GET /BLA/boletinlegal/ HTTP/1.1" 200 61416
201.245.192.253 - - [16/Apr/2022:05:22:43 -0500] "POST /kwsrmcab/Wsrmcab HTTP/1.1" 200 44378
201.245.192.253 - - [16/Apr/2022:05:23:34 -0500] "POST /kwsrmcab/Wsrmcab HTTP/1.1" 200 41694
40.77.167.14 - - [16/Apr/2022:05:25:05 -0500] "GET / HTTP/1.1" 200 4720
216.245.221.92 - - [16/Apr/2022:05:25:24 -0500] "HEAD / HTTP/1.1" 200 -
45.155.204.146 - - [16/Apr/2022:05:25:26 -0500] "POST /cgi-bin/.%2e/.%2e/.%2e/.%2e/bin/sh HTTP/1.1" 400 945
173.252.127.26 - - [16/Apr/2022:05:27:20 -0500] "GET /san-benito-circular-una-apuesta-para-la-transformacion-sostenible-de-la-industria-manufacturera-en-bogota.html HTTP/1.1" 206 933
172.22.2.4 - - [16/Apr/2022:05:26:51 -0500] "HEAD /BLA/boletinlegal/ HTTP/1.1" 200 -
172.22.2.4 - - [16/Apr/2022:05:27:41 -0500] "GET /BLA/boletinlegal/ HTTP/1.1" 200 61416
216.245.221.92 - - [16/Apr/2022:05:30:24 -0500] "HEAD / HTTP/1.1" 200 -
172.22.2.4 - - [16/Apr/2022:05:31:05 -0500] "GET /BLA/boletinlegal/jurisprudencia/analisis/cuadro%20sentencia%20t-299%20de%202008.doc HTTP/1.1" 200 40960
66.249.65.13 - - [16/Apr/2022:05:31:21 -0500] "-" 408 -
201.245.192.253 - - [16/Apr/2022:05:32:43 -0500] "POST /kwsrmcab/Wsrmcab HTTP/1.1" 200 44378
201.245.192.253 - - [16/Apr/2022:05:33:32 -0500] "POST /kwsrmcab/Wsrmcab HTTP/1.1" 200 41694
216.245.221.92 - - [16/Apr/2022:05:35:24 -0500] "HEAD / HTTP/1.1" 200 -
150.158.149.201 - - [16/Apr/2022:05:37:04 -0500] "GET /xmlrpc.php HTTP/1.1" 404 1034
40.77.167.73 - - [16/Apr/2022:05:38:19 -0500] "GET /BLA/resoluciones/index.php?dir=AUTOS+2019%2F HTTP/1.1" 200 342653
172.22.2.4 - - [16/Apr/2022:05:39:15 -0500] "GET /BLA/boletinlegal/jurisprudencia/analisis/cuadro%20analisis%20sentencia%20c-554%20de%202007.doc HTTP/1.1" 200 35328
216.245.221.92 - - [16/Apr/2022:05:40:24 -0500] "HEAD / HTTP/1.1" 200 -
154.209.125.49 - - [16/Apr/2022:05:40:26 -0500] "GET / HTTP/1.1" 200 319
201.245.192.253 - - [16/Apr/2022:05:42:43 -0500] "POST /kwsrmcab/Wsrmcab HTTP/1.1" 200 44378
172.22.2.4 - - [16/Apr/2022:05:42:42 -0500] "HEAD /BLA/boletinlegal/ HTTP/1.1" 200 -
201.245.192.253 - - [16/Apr/2022:05:43:34 -0500] "POST /kwsrmcab/Wsrmcab HTTP/1.1" 200 41694
172.22.2.4 - - [16/Apr/2022:05:43:32 -0500] "GET /BLA/boletinlegal/ HTTP/1.1" 200 61416
216.245.221.92 - - [16/Apr/2022:05:45:24 -0500] "HEAD / HTTP/1.1" 200 -
216.245.221.92 - - [16/Apr/2022:05:50:24 -0500] "HEAD / HTTP/1.1" 200 -
207.46.13.199 - - [16/Apr/2022:05:51:09 -0500] "GET /BLA/resoluciones/RESOLUCIONES%202021/1865.pdf HTTP/1.1" 200 466582
172.22.2.4 - - [16/Apr/2022:05:49:45 -0500] "GET /BLA/boletinlegal/ HTTP/1.1" 200 63729
216.245.221.92 - - [16/Apr/2022:05:55:24 -0500] "HEAD / HTTP/1.1" 200 -
172.22.2.4 - - [16/Apr/2022:05:54:42 -0500] "HEAD /BLA/boletinlegal/ HTTP/1.1" 200 -
172.22.2.4 - - [16/Apr/2022:05:57:02 -0500] "GET /BLA/boletinlegal/ HTTP/1.1" 200 58006
172.22.2.4 - - [16/Apr/2022:05:57:02 -0500] "GET /BLA/boletinlegal/ HTTP/1.1" 200 58006
66.249.65.17 - - [16/Apr/2022:05:58:58 -0500] "-" 408 -
216.245.221.92 - - [16/Apr/2022:06:00:24 -0500] "HEAD / HTTP/1.1" 200 -
172.22.2.4 - - [16/Apr/2022:05:59:13 -0500] "HEAD /BLA/boletinlegal/ HTTP/1.1" 200 -
172.22.2.4 - - [16/Apr/2022:06:00:03 -0500] "GET /BLA/boletinlegal/ HTTP/1.1" 200 61416
35.236.215.231 - - [16/Apr/2022:06:03:26 -0500] "GET /en-semana-santa-no-uses-palmas-ni-traigas-o-consumas-animales-silvestres.html HTTP/1.1" 200 959
35.236.215.231 - - [16/Apr/2022:06:03:27 -0500] "GET /en-semana-santa-no-uses-palmas-ni-traigas-o-consumas-animales-silvestres.html HTTP/1.1" 200 959
216.245.221.92 - - [16/Apr/2022:06:05:24 -0500] "HEAD / HTTP/1.1" 200 -
172.22.2.4 - - [16/Apr/2022:06:05:13 -0500] "HEAD /BLA/boletinlegal/ HTTP/1.1" 200 -
172.22.2.4 - - [16/Apr/2022:06:07:00 -0500] "GET /BLA/boletinlegal/jurisprudencia/analisis/AnalisisT-606-15.docx HTTP/1.1" 200 26698
172.22.2.4 - - [16/Apr/2022:06:07:01 -0500] "GET /BLA/boletinlegal/apple-touch-icon-120x120-precomposed.png HTTP/1.1" 404 1140
172.22.2.4 - - [16/Apr/2022:06:07:01 -0500] "GET /BLA/boletinlegal/apple-touch-icon-120x120.png HTTP/1.1" 404 1140
172.22.2.4 - - [16/Apr/2022:06:07:01 -0500] "GET /BLA/boletinlegal/apple-touch-icon-precomposed.png HTTP/1.1" 404 1140
172.22.2.4 - - [16/Apr/2022:06:07:01 -0500] "GET /BLA/boletinlegal/apple-touch-icon.png HTTP/1.1" 404 1140
172.22.2.4 - - [16/Apr/2022:06:07:02 -0500] "GET /BLA/boletinlegal/favicon.ico HTTP/1.1" 404 1140
172.22.2.4 - - [16/Apr/2022:06:07:02 -0500] "GET /BLA/boletinlegal/apple-touch-icon-120x120-precomposed.png HTTP/1.1" 404 1140
172.22.2.4 - - [16/Apr/2022:06:07:02 -0500] "GET /BLA/boletinlegal/apple-touch-icon-120x120.png HTTP/1.1" 404 1140
172.22.2.4 - - [16/Apr/2022:06:07:02 -0500] "GET /BLA/boletinlegal/apple-touch-icon-precomposed.png HTTP/1.1" 404 1140
172.22.2.4 - - [16/Apr/2022:06:07:03 -0500] "GET /BLA/boletinlegal/apple-touch-icon.png HTTP/1.1" 404 1140
172.22.2.4 - - [16/Apr/2022:06:07:03 -0500] "GET /BLA/boletinlegal/favicon.ico HTTP/1.1" 404 1140
172.22.2.4 - - [16/Apr/2022:06:06:04 -0500] "GET /BLA/boletinlegal/ HTTP/1.1" 200 60932
45.155.204.146 - - [16/Apr/2022:06:07:46 -0500] "GET / HTTP/1.1" 200 319
216.245.221.92 - - [16/Apr/2022:06:08:21 -0500] "HEAD / HTTP/1.1" 200 -
40.77.167.73 - - [16/Apr/2022:06:11:12 -0500] "GET /BLA/resoluciones/index.php?dir=AUTOS+2019%2F HTTP/1.1" 200 342653
216.245.221.92 - - [16/Apr/2022:06:13:20 -0500] "HEAD / HTTP/1.1" 200 -
172.22.2.4 - - [16/Apr/2022:06:13:31 -0500] "GET /BLA/boletinlegal/robots.txt HTTP/1.1" 404 1038
172.22.2.4 - - [16/Apr/2022:06:13:32 -0500] "GET /BLA/boletinlegal/index.php HTTP/1.1" 200 63729
216.245.221.92 - - [16/Apr/2022:06:18:20 -0500] "HEAD / HTTP/1.1" 200 -
66.249.65.13 - - [16/Apr/2022:06:18:43 -0500] "-" 408 -
40.77.167.46 - - [16/Apr/2022:06:18:50 -0500] "GET /BLA/resoluciones/index.php?dir=RESOLUCIONES+2022%2F HTTP/1.1" 200 12413
207.46.13.199 - - [16/Apr/2022:06:18:52 -0500] "GET /BLA/resoluciones/index.php?dir=AUTOS+2021%2F HTTP/1.1" 200 360047
172.22.2.4 - - [16/Apr/2022:06:19:56 -0500] "HEAD /BLA/boletinlegal/ HTTP/1.1" 200 -
172.22.2.4 - - [16/Apr/2022:06:20:47 -0500] "GET /BLA/boletinlegal/ HTTP/1.1" 200 59170
216.245.221.92 - - [16/Apr/2022:06:23:20 -0500] "HEAD / HTTP/1.1" 200 -
201.245.192.253 - - [16/Apr/2022:06:22:43 -0500] "POST /kwsrmcab/Wsrmcab HTTP/1.1" 200 44398
201.245.192.253 - - [16/Apr/2022:06:23:33 -0500] "POST /kwsrmcab/Wsrmcab HTTP/1.1" 200 41563
172.22.2.4 - - [16/Apr/2022:06:25:46 -0500] "HEAD /BLA/boletinlegal/ HTTP/1.1" 200 -
172.22.2.4 - - [16/Apr/2022:06:26:36 -0500] "GET /BLA/boletinlegal/ HTTP/1.1" 200 55450
216.245.221.92 - - [16/Apr/2022:06:28:20 -0500] "HEAD / HTTP/1.1" 200 -
207.46.13.199 - - [16/Apr/2022:06:29:12 -0500] "GET /sipse/faces/autenticacion.xhtml HTTP/1.1" 200 12493
66.249.65.13 - - [16/Apr/2022:06:31:15 -0500] "-" 408 -
45.155.204.146 - - [16/Apr/2022:06:32:33 -0500] "GET /actuator/gateway/routes HTTP/1.1" 404 1018
216.245.221.92 - - [16/Apr/2022:06:33:20 -0500] "HEAD / HTTP/1.1" 200 -
201.245.192.253 - - [16/Apr/2022:06:32:43 -0500] "POST /kwsrmcab/Wsrmcab HTTP/1.1" 200 44398
201.245.192.253 - - [16/Apr/2022:06:33:33 -0500] "POST /kwsrmcab/Wsrmcab HTTP/1.1" 200 41563
172.22.2.4 - - [16/Apr/2022:06:33:45 -0500] "GET /BLA/boletinlegal/ HTTP/1.1" 200 43418
172.22.2.4 - - [16/Apr/2022:06:33:50 -0500] "GET /BLA/boletinlegal/ HTTP/1.1" 200 43418
207.46.13.43 - - [16/Apr/2022:06:36:07 -0500] "GET /siipev/Diseno%20de%20Elementos%20de%20Mobiliario%20Urbano/Otros%20Elementos/PARTE%20B/Dise%C3%B1o%20de%20Elementos%20M10.pdf HTTP/1.1" 200 508498
216.245.221.92 - - [16/Apr/2022:06:38:20 -0500] "HEAD / HTTP/1.1" 200 -
172.22.2.4 - - [16/Apr/2022:06:37:26 -0500] "HEAD /BLA/boletinlegal/ HTTP/1.1" 200 -
172.22.2.4 - - [16/Apr/2022:06:38:16 -0500] "GET /BLA/boletinlegal/ HTTP/1.1" 200 60932
18.215.172.218 - - [16/Apr/2022:06:39:59 -0500] "GET /importante-avance-en-la-calidad-del-agua-de-los-principales-rios-de-bogota.html HTTP/1.1" 200 1095
18.215.172.218 - - [16/Apr/2022:06:39:59 -0500] "GET /en-semana-santa-no-uses-palmas-ni-traigas-o-consumas-animales-silvestres.html HTTP/1.1" 200 959
216.245.221.92 - - [16/Apr/2022:06:43:20 -0500] "HEAD / HTTP/1.1" 200 -
201.245.192.253 - - [16/Apr/2022:06:42:43 -0500] "POST /kwsrmcab/Wsrmcab HTTP/1.1" 200 44398
201.245.192.253 - - [16/Apr/2022:06:43:34 -0500] "POST /kwsrmcab/Wsrmcab HTTP/1.1" 200 44704
40.77.167.73 - - [16/Apr/2022:06:44:35 -0500] "GET /BLA/resoluciones/index.php?dir=AUTOS+2019%2F HTTP/1.1" 200 342653
172.22.2.4 - - [16/Apr/2022:06:43:33 -0500] "HEAD /BLA/boletinlegal/ HTTP/1.1" 200 -
172.22.2.4 - - [16/Apr/2022:06:44:23 -0500] "GET /BLA/boletinlegal/ HTTP/1.1" 200 61416
61.135.159.204 - - [16/Apr/2022:06:46:33 -0500] "GET / HTTP/1.1" 200 319
216.245.221.92 - - [16/Apr/2022:06:48:20 -0500] "HEAD / HTTP/1.1" 200 -
216.245.221.92 - - [16/Apr/2022:06:53:20 -0500] "HEAD / HTTP/1.1" 200 -
40.77.167.29 - - [16/Apr/2022:06:57:16 -0500] "GET /BLA/boletinlegal/Directivas/2011/Directiva%20No.%201%20del%205%20de%20Abril%20de%202011.pdf HTTP/1.1" 304 -
172.22.2.4 - - [16/Apr/2022:06:56:45 -0500] "HEAD /BLA/boletinlegal/ HTTP/1.1" 200 -
42.236.10.123 - - [16/Apr/2022:06:59:02 -0500] "GET / HTTP/1.1" 200 319
172.22.2.4 - - [16/Apr/2022:06:57:36 -0500] "GET /BLA/boletinlegal/ HTTP/1.1" 200 58588
172.22.2.4 - - [16/Apr/2022:07:02:35 -0500] "HEAD /BLA/boletinlegal/ HTTP/1.1" 200 -
216.245.221.92 - - [16/Apr/2022:07:08:20 -0500] "HEAD / HTTP/1.1" 200 -
66.249.65.17 - - [16/Apr/2022:07:10:03 -0500] "-" 408 -
172.22.2.4 - - [16/Apr/2022:07:09:43 -0500] "HEAD /BLA/boletinlegal/ HTTP/1.1" 200 -
