128.14.209.162 - - [22/Apr/2022:22:39:40 -0500] "HEAD /icons/.%%32%65/.%%32%65/apache2/icons/sphere1.png HTTP/1.1" 400 -
128.14.209.162 - - [22/Apr/2022:22:39:40 -0500] "HEAD /icons/.%%32%65/.%%32%65/apache2/icons/non-existant-image.png HTTP/1.1" 400 -
172.22.2.4 - - [22/Apr/2022:22:39:43 -0500] "GET /BLA/boletinlegal/Circulares/2020/Circular%20No.%2000018%20del%2002%20de%20diciembre%20del%202020.pdf HTTP/1.1" 200 276868
172.22.2.4 - - [22/Apr/2022:22:39:49 -0500] "GET /BLA/boletinlegal/Circulares/2020/Circular%2000010%20del%2027%20de%20julio%20de%202020.pdf HTTP/1.1" 200 422655
172.22.2.4 - - [22/Apr/2022:22:39:54 -0500] "GET /BLA/boletinlegal/Circulares/2020/CIRCULAR%20No.%2000019%20DEL%2018%20DE%20DICIEMBRE%20DEL%202020.pdf HTTP/1.1" 200 307959
172.22.2.4 - - [22/Apr/2022:22:40:00 -0500] "GET /BLA/boletinlegal/Circulares/2020/CIRCULAR%20No.%2000014%20del%2001%20de%20septiembre%20del%202020.pdf HTTP/1.1" 200 320826
172.22.2.4 - - [22/Apr/2022:22:40:05 -0500] "GET /BLA/boletinlegal/Circulares/2019/Circular%20No.%2012%20del%2014%20de%20Marzo%20de%202019.pdf HTTP/1.1" 200 344384
172.22.2.4 - - [22/Apr/2022:22:40:12 -0500] "GET /BLA/boletinlegal/Circulares/2019/Circular%20No.%20006%20del%2008%20de%20Febrero%20de%202019.pdf HTTP/1.1" 200 674401
172.22.2.4 - - [22/Apr/2022:22:40:22 -0500] "GET /BLA/boletinlegal/Circulares/2019/Circular%20No.%200015%20del%2003%20de%20Octubre%20de%202019.pdf HTTP/1.1" 200 165608
172.22.2.4 - - [22/Apr/2022:22:40:26 -0500] "GET /BLA/boletinlegal/Circulares/2019/Circular%20No.%200005%20del%2020%20de%20Marzo%20de%202019.pdf HTTP/1.1" 200 159877
172.22.2.4 - - [22/Apr/2022:22:40:30 -0500] "GET /BLA/boletinlegal/Circulares/2019/Circular%20No.%200003%20del%2031%20de%20Enero%20de%202019.pdf HTTP/1.1" 200 164676
172.22.2.4 - - [22/Apr/2022:22:40:35 -0500] "GET /BLA/boletinlegal/Circulares/2019/Circular%2000020%20del%2020%20de%20diciembre%20de%202019.pdf HTTP/1.1" 200 145170
172.22.2.4 - - [22/Apr/2022:22:40:41 -0500] "GET /BLA/boletinlegal/Circulares/2019/Circular%2000018%20del%2020%20de%20noviembre%20de%202019.pdf HTTP/1.1" 200 158030
172.22.2.4 - - [22/Apr/2022:22:40:46 -0500] "GET /BLA/boletinlegal/Circulares/2019/.pdf HTTP/1.1" 404 1218
172.22.2.4 - - [22/Apr/2022:22:40:50 -0500] "GET /BLA/boletinlegal/Circulares/2018/Circular%20No.%2011%20del%2024%20de%20Septiembre%20de%202018.pdf HTTP/1.1" 200 169541
172.22.2.4 - - [22/Apr/2022:22:40:59 -0500] "GET /BLA/boletinlegal/Circulares/2018/Circular%20No.%2010%20del%2021%20de%20Septiembre%20de%202018.pdf HTTP/1.1" 200 163426
172.22.2.4 - - [22/Apr/2022:22:41:08 -0500] "GET /BLA/boletinlegal/Circulares/2018/Circular%20No.%200015%20del%207%20de%20Diciembre%20de%202018.pdf HTTP/1.1" 200 165305
172.22.2.4 - - [22/Apr/2022:22:41:12 -0500] "GET /BLA/boletinlegal/Circulares/2018/CIRCULAR%20COJUNTA%20042%20DE%202018.pdf HTTP/1.1" 200 515008
172.22.2.4 - - [22/Apr/2022:22:41:18 -0500] "GET /BLA/boletinlegal/Circulares/2017/Circular%20No.%202%20del%201%20de%20Septiembre%20de%202017.pdf HTTP/1.1" 200 152575
172.22.2.4 - - [22/Apr/2022:22:41:22 -0500] "GET /BLA/boletinlegal/Circulares/2017/Circular%20No.%201%20del%2030%20de%20Marzo%20de%202017.pdf HTTP/1.1" 200 668532
207.46.13.64 - - [22/Apr/2022:22:41:24 -0500] "GET / HTTP/1.1" 200 4720
172.22.2.4 - - [22/Apr/2022:22:41:28 -0500] "GET /BLA/boletinlegal/Circulares/2017/Circular%20No.%2007%20del%2028%20de%20Abril%20de%202017.pdf HTTP/1.1" 200 309906
172.22.2.4 - - [22/Apr/2022:22:41:33 -0500] "GET /BLA/boletinlegal/Circulares/2017/Circular%20No.%20011%20del%2005%20de%20julio%20de%202017.pdf HTTP/1.1" 200 965526
172.22.2.4 - - [22/Apr/2022:22:41:40 -0500] "GET /BLA/boletinlegal/Circulares/2015/Circular%20No.%202%20del%201%20de%20julio%20de%202015.pdf HTTP/1.1" 200 752890
172.22.2.4 - - [22/Apr/2022:22:41:45 -0500] "GET /BLA/boletinlegal/Circulares/2015/Circular%20No.%201%20del%2010%20de%20Febrero%20de%202015.pdf HTTP/1.1" 200 660637
172.22.2.4 - - [22/Apr/2022:22:41:52 -0500] "GET /BLA/boletinlegal/Circulares/2014/Circular%20No.%203%20del%2014%20de%20Noviembre%20de%202014.pdf HTTP/1.1" 200 104132
172.22.2.4 - - [22/Apr/2022:22:41:58 -0500] "GET /BLA/boletinlegal/Circulares/2014/Circular%20No.%202%20del%2021%20de%20septiembre%20de%202014.pdf HTTP/1.1" 200 143376
172.22.2.4 - - [22/Apr/2022:22:42:03 -0500] "GET /BLA/boletinlegal/Circulares/2014/Circular%20No.%201%20del%2008%20de%20Mayo%20de%202014.pdf HTTP/1.1" 200 180124
172.22.2.4 - - [22/Apr/2022:22:42:09 -0500] "GET /BLA/boletinlegal/Circulares/2013/Circular%20No.%208%20del%201%20de%20Noviembre%20de%202013.pdf HTTP/1.1" 200 385156
172.22.2.4 - - [22/Apr/2022:22:42:17 -0500] "GET /BLA/boletinlegal/Circulares/2013/Circular%20No.%207%20del%201%20de%20Agosto%20de%202013.pdf HTTP/1.1" 200 340934
172.22.2.4 - - [22/Apr/2022:22:42:22 -0500] "GET /BLA/boletinlegal/Circulares/2013/Circular%20No.%206%20del%2019%20de%20julio%20de%202013.pdf HTTP/1.1" 200 4210437
172.22.2.4 - - [22/Apr/2022:22:42:38 -0500] "GET /BLA/boletinlegal/Circulares/2013/Circular%20No.%205%20del%2013%20de%20junio%20de%202013.pdf HTTP/1.1" 200 110904
172.22.2.4 - - [22/Apr/2022:22:42:43 -0500] "GET /BLA/boletinlegal/Circulares/2013/Circular%20No.%204%20del%2005%20de%20junio%20de%202013.pdf HTTP/1.1" 200 130461
172.22.2.4 - - [22/Apr/2022:22:42:48 -0500] "GET /BLA/boletinlegal/Circulares/2013/Circular%20No.%203%20del%2005%20de%20abril%20de%202013.pdf HTTP/1.1" 200 93580
172.22.2.4 - - [22/Apr/2022:22:42:54 -0500] "GET /BLA/boletinlegal/Circulares/2013/Circular%20No.%202%20del%2022%20de%20enero%20de%202013.pdf HTTP/1.1" 200 85466
216.245.221.92 - - [22/Apr/2022:22:42:56 -0500] "HEAD / HTTP/1.1" 200 -
172.22.2.4 - - [22/Apr/2022:22:42:58 -0500] "GET /BLA/boletinlegal/Circulares/2013/Circular%20No.%201%20del%2014%20de%20enero%20de%202013.pdf HTTP/1.1" 200 1298384
201.245.192.253 - - [22/Apr/2022:22:42:11 -0500] "POST /kwsrmcab/Wsrmcab HTTP/1.1" 200 43805
172.22.2.4 - - [22/Apr/2022:22:43:06 -0500] "GET /BLA/boletinlegal/Circulares/2012/Circular%20No.%2016%20del%2022%20de%20octubre%20de%202012.pdf HTTP/1.1" 200 381186
172.22.2.4 - - [22/Apr/2022:22:41:32 -0500] "HEAD /BLA/boletinlegal/ HTTP/1.1" 200 -
172.22.2.4 - - [22/Apr/2022:22:43:13 -0500] "GET /BLA/boletinlegal/Circulares/2012/Circular%20No.%2015%20del%2022%20de%20octubre%20de%202012.pdf HTTP/1.1" 200 486506
172.22.2.4 - - [22/Apr/2022:22:43:18 -0500] "GET /BLA/boletinlegal/Circulares/2012/Circular%20No.%2014%20del%2011%20de%20Septiembre%20de%202012.pdf HTTP/1.1" 200 3427471
172.22.2.4 - - [22/Apr/2022:22:43:28 -0500] "GET /BLA/boletinlegal/Circulares/2012/Circular%20No.%2013%20del%2006%20de%20Septiembre%20de%202012.pdf HTTP/1.1" 200 351421
201.245.192.253 - - [22/Apr/2022:22:43:02 -0500] "POST /kwsrmcab/Wsrmcab HTTP/1.1" 200 45930
172.22.2.4 - - [22/Apr/2022:22:42:23 -0500] "GET /BLA/boletinlegal/ HTTP/1.1" 200 61416
201.245.241.135 - - [22/Apr/2022:22:45:17 -0500] "GET /con-jornadas-de-plantacion-jardin-botanico-celebro-dia-mundial-de-la-tierra.html HTTP/1.1" 200 995
216.245.221.92 - - [22/Apr/2022:22:47:56 -0500] "HEAD / HTTP/1.1" 200 -
172.22.2.4 - - [22/Apr/2022:22:47:22 -0500] "HEAD /BLA/boletinlegal/ HTTP/1.1" 200 -
172.22.2.4 - - [22/Apr/2022:22:48:13 -0500] "GET /BLA/boletinlegal/ HTTP/1.1" 200 59170
173.252.107.19 - - [22/Apr/2022:22:51:33 -0500] "GET /la-segunda-llantaton-del-ano-sera-en-suba-y-barrios-unidos.html HTTP/1.1" 206 823
173.252.107.3 - - [22/Apr/2022:22:52:29 -0500] "GET /images/mono-pelo-blanco-15-enero.jpg HTTP/1.1" 200 28164
69.63.184.4 - - [22/Apr/2022:22:52:30 -0500] "GET /images/mono-pelo-blanco-15-enero.jpg HTTP/1.1" 200 28164
186.29.222.113 - - [22/Apr/2022:22:52:38 -0500] "GET /galeria/galeria/jquery.fancybox.js?v=2.1.5 HTTP/1.1" 200 48706
186.29.222.113 - - [22/Apr/2022:22:52:38 -0500] "GET /BLA/boletinlegal/js/jquery.scrollShow.js HTTP/1.1" 200 4586
186.29.222.113 - - [22/Apr/2022:22:52:38 -0500] "GET /galeria/galeria/jquery.fancybox.css?v=2.1.5 HTTP/1.1" 200 4895
186.29.222.113 - - [22/Apr/2022:22:52:39 -0500] "GET /galeria/carrusel/Carrusel/jquery.thumbnailScroller.css HTTP/1.1" 200 2066
186.29.222.113 - - [22/Apr/2022:22:52:39 -0500] "GET /galeria/carrusel/Carrusel/jquery-ui-1.8.13.custom.min.js HTTP/1.1" 200 10800
186.29.222.113 - - [22/Apr/2022:22:52:39 -0500] "GET /galeria/carrusel/Carrusel/jquery.thumbnailScroller.js HTTP/1.1" 200 8157
186.29.222.113 - - [22/Apr/2022:22:52:39 -0500] "GET /galeria/nivo-slider/demo/banner.html HTTP/1.1" 200 5446
186.29.222.113 - - [22/Apr/2022:22:52:39 -0500] "GET /galeria/nivo-slider/themes/default/default.css HTTP/1.1" 200 1569
186.29.222.113 - - [22/Apr/2022:22:52:39 -0500] "GET /galeria/nivo-slider/themes/pascal/pascal.css HTTP/1.1" 200 2258
186.29.222.113 - - [22/Apr/2022:22:52:39 -0500] "GET /galeria/nivo-slider/themes/orman/orman.css HTTP/1.1" 200 2152
186.29.222.113 - - [22/Apr/2022:22:52:39 -0500] "GET /galeria/nivo-slider/nivo-slider.css HTTP/1.1" 200 1507
186.29.222.113 - - [22/Apr/2022:22:52:39 -0500] "GET /galeria/nivo-slider/demo/style.css HTTP/1.1" 200 2222
186.29.222.113 - - [22/Apr/2022:22:52:39 -0500] "GET /galeria/nivo-slider/demo/scripts/jquery-1.7.1.min.js HTTP/1.1" 200 93868
186.29.222.113 - - [22/Apr/2022:22:52:39 -0500] "GET /galeria/nivo-slider/jquery.nivo.slider.pack.js HTTP/1.1" 200 11561
186.29.222.113 - - [22/Apr/2022:22:52:39 -0500] "GET /galeria/nivo-slider/demo/images/bannertortuga_optimized.jpg HTTP/1.1" 200 39066
186.29.222.113 - - [22/Apr/2022:22:52:39 -0500] "GET /galeria/nivo-slider/demo/images/Bannermujeresquereverdecen.jpg HTTP/1.1" 200 46558
186.29.222.113 - - [22/Apr/2022:22:52:39 -0500] "GET /galeria/nivo-slider/demo/images/bannertrafico_optimized.jpg HTTP/1.1" 200 42578
186.29.222.113 - - [22/Apr/2022:22:52:39 -0500] "GET /galeria/nivo-slider/demo/images/banneraccionpopularcrr68.jpg HTTP/1.1" 200 51887
186.29.222.113 - - [22/Apr/2022:22:52:39 -0500] "GET /galeria/nivo-slider/demo/images/Bannerplasticosseptiembre.jpg HTTP/1.1" 200 45633
186.29.222.113 - - [22/Apr/2022:22:52:39 -0500] "GET /galeria/nivo-slider/demo/images/Bannervirtualescanales.jpg HTTP/1.1" 200 174544
186.29.222.113 - - [22/Apr/2022:22:52:39 -0500] "GET /galeria/nivo-slider/demo/images/bannerclases2021.jpg HTTP/1.1" 200 68230
186.29.222.113 - - [22/Apr/2022:22:52:39 -0500] "GET /galeria/nivo-slider/demo/images/bannercapacitacionesbogota.jpg HTTP/1.1" 200 42416
186.29.222.113 - - [22/Apr/2022:22:52:40 -0500] "GET /galeria/nivo-slider/demo/images/bannerresiduoshospitalariosagosto.jpg HTTP/1.1" 200 36499
186.29.222.113 - - [22/Apr/2022:22:52:40 -0500] "GET /galeria/nivo-slider/demo/images/Bannersedeelectronica.jpg HTTP/1.1" 200 40383
186.29.222.113 - - [22/Apr/2022:22:52:40 -0500] "GET /galeria/nivo-slider/demo/images/Bannerenvases.jpg HTTP/1.1" 200 37316
186.29.222.113 - - [22/Apr/2022:22:52:40 -0500] "GET /galeria/nivo-slider/demo/images/banneraire2021.jpg HTTP/1.1" 200 265101
186.29.222.113 - - [22/Apr/2022:22:52:40 -0500] "GET /galeria/nivo-slider/demo/images/banneraccionpopular.jpeg HTTP/1.1" 200 41707
186.29.222.113 - - [22/Apr/2022:22:52:40 -0500] "GET /galeria/nivo-slider/demo/images/bannerrutaesperanza.jpg HTTP/1.1" 200 55560
186.29.222.113 - - [22/Apr/2022:22:52:40 -0500] "GET /galeria/nivo-slider/demo/images/4Simple_Slider.png HTTP/1.1" 200 11722
186.29.222.113 - - [22/Apr/2022:22:52:40 -0500] "GET /galeria/nivo-slider/themes/default/loading.gif HTTP/1.1" 200 1737
186.29.222.113 - - [22/Apr/2022:22:52:40 -0500] "GET /galeria/nivo-slider/themes/default/bullets.png HTTP/1.1" 200 1281
186.29.222.113 - - [22/Apr/2022:22:52:40 -0500] "GET /galeria/nivo-slider/themes/default/arrows.png HTTP/1.1" 200 824
216.245.221.92 - - [22/Apr/2022:22:52:56 -0500] "HEAD / HTTP/1.1" 200 -
172.22.2.4 - - [22/Apr/2022:22:53:12 -0500] "HEAD /BLA/boletinlegal/ HTTP/1.1" 200 -
66.102.8.54 - - [22/Apr/2022:22:55:16 -0500] "GET /se-abre-convocatoria-a-organizaciones-ambientales-para-generar-1-070-empleos-verdes-dirigidos-a-mujeres.html HTTP/1.1" 200 1128
66.102.8.52 - - [22/Apr/2022:22:55:16 -0500] "GET /se-abre-convocatoria-a-organizaciones-ambientales-para-generar-1-070-empleos-verdes-dirigidos-a-mujeres.html HTTP/1.1" 200 1128
66.102.8.52 - - [22/Apr/2022:22:55:16 -0500] "GET /se-abre-convocatoria-a-organizaciones-ambientales-para-generar-1-070-empleos-verdes-dirigidos-a-mujeres.html HTTP/1.1" 200 1128
190.158.204.94 - - [22/Apr/2022:22:55:18 -0500] "GET /se-abre-convocatoria-a-organizaciones-ambientales-para-generar-1-070-empleos-verdes-dirigidos-a-mujeres.html HTTP/1.1" 200 1128
66.102.8.52 - - [22/Apr/2022:22:55:18 -0500] "GET /se-abre-convocatoria-a-organizaciones-ambientales-para-generar-1-070-empleos-verdes-dirigidos-a-mujeres.html HTTP/1.1" 200 1128
172.22.2.4 - - [22/Apr/2022:22:54:03 -0500] "GET /BLA/boletinlegal/ HTTP/1.1" 200 60932
186.29.222.113 - - [22/Apr/2022:22:56:41 -0500] "GET /appsia/controlador HTTP/1.1" 200 4799
186.29.222.113 - - [22/Apr/2022:22:56:41 -0500] "GET /appsia/css/estilos.css HTTP/1.1" 200 4804
186.29.222.113 - - [22/Apr/2022:22:56:41 -0500] "GET /appsia/scripts/validarIngreso.js HTTP/1.1" 200 851
186.29.222.113 - - [22/Apr/2022:22:56:41 -0500] "GET /appsia/images/logo_bogota_p.png HTTP/1.1" 200 14951
186.29.222.113 - - [22/Apr/2022:22:56:41 -0500] "GET /appsia/images/cabezoteHojaVida.png HTTP/1.1" 200 32493
186.29.222.113 - - [22/Apr/2022:22:56:41 -0500] "GET /favicon.ico HTTP/1.1" 200 7782
186.29.222.113 - - [22/Apr/2022:22:56:45 -0500] "POST /appsia/controlador HTTP/1.1" 200 5437
186.29.222.113 - - [22/Apr/2022:22:56:48 -0500] "POST /appsia/controlador HTTP/1.1" 200 7781
186.29.222.113 - - [22/Apr/2022:22:56:53 -0500] "POST /appsia/controlador HTTP/1.1" 200 6646
186.29.222.113 - - [22/Apr/2022:22:56:54 -0500] "POST /appsia/controlador HTTP/1.1" 200 10232
186.29.222.113 - - [22/Apr/2022:22:56:57 -0500] "POST /appsia/controlador HTTP/1.1" 200 75812
172.22.2.4 - - [22/Apr/2022:22:57:30 -0500] "GET /BLA/boletinlegal/robots.txt HTTP/1.1" 404 1038
199.16.157.183 - - [22/Apr/2022:22:57:41 -0500] "GET /documents/10184/2325415/pieza-concurso-buenas-practicas-20-septiembre.jpg HTTP/1.1" 404 1030
216.245.221.92 - - [22/Apr/2022:22:57:56 -0500] "HEAD / HTTP/1.1" 200 -
172.22.2.4 - - [22/Apr/2022:22:57:31 -0500] "GET /BLA/boletinlegal/ HTTP/1.1" 200 40907
172.22.2.4 - - [22/Apr/2022:22:59:02 -0500] "HEAD /BLA/boletinlegal/ HTTP/1.1" 200 -
172.22.2.4 - - [22/Apr/2022:22:59:53 -0500] "GET /BLA/boletinlegal/ HTTP/1.1" 200 60932
216.245.221.92 - - [22/Apr/2022:23:02:56 -0500] "HEAD / HTTP/1.1" 200 -
172.22.2.4 - - [22/Apr/2022:23:03:06 -0500] "GET /BLA/boletinlegal/actos.php HTTP/1.1" 200 9559
172.22.2.4 - - [22/Apr/2022:23:03:07 -0500] "GET /BLA/boletinlegal/favicon.ico HTTP/1.1" 404 1326
172.22.2.4 - - [22/Apr/2022:23:03:18 -0500] "GET /BLA/boletinlegal/consulta_actos.php?tipo=resoluciones&no=3855&usuario=&sector=&fecha=2021&resuelve= HTTP/1.1" 200 626
172.22.2.4 - - [22/Apr/2022:23:03:04 -0500] "GET /BLA/boletinlegal/ HTTP/1.1" 200 24523
199.59.150.181 - - [22/Apr/2022:23:04:00 -0500] "GET /documents/10184/2325415/pieza-concurso-buenas-practicas-20-septiembre.jpg HTTP/1.1" 404 1030
172.22.2.4 - - [22/Apr/2022:23:04:52 -0500] "HEAD /BLA/boletinlegal/ HTTP/1.1" 200 -
40.77.167.29 - - [22/Apr/2022:23:07:11 -0500] "GET /galeria/nivo-slider/demo/convocatorias.html? HTTP/1.1" 200 3464
172.22.2.4 - - [22/Apr/2022:23:05:43 -0500] "GET /BLA/boletinlegal/ HTTP/1.1" 200 59170
216.245.221.92 - - [22/Apr/2022:23:07:56 -0500] "HEAD / HTTP/1.1" 200 -
66.249.65.2 - - [22/Apr/2022:23:08:51 -0500] "-" 408 -
65.154.226.168 - - [22/Apr/2022:23:10:39 -0500] "GET /galeria/galeria/jquery.fancybox.css?v=2.1.5 HTTP/1.1" 200 4895
65.154.226.168 - - [22/Apr/2022:23:10:39 -0500] "GET /BLA/boletinlegal/js/jquery.scrollShow.js HTTP/1.1" 200 4586
65.154.226.168 - - [22/Apr/2022:23:10:39 -0500] "GET /galeria/galeria/jquery.fancybox.js?v=2.1.5 HTTP/1.1" 200 48706
40.77.167.29 - - [22/Apr/2022:23:11:21 -0500] "GET / HTTP/1.1" 200 319
183.136.225.35 - - [22/Apr/2022:23:11:38 -0500] "GET / HTTP/1.1" 200 319
172.22.2.4 - - [22/Apr/2022:23:10:42 -0500] "HEAD /BLA/boletinlegal/ HTTP/1.1" 200 -
216.245.221.92 - - [22/Apr/2022:23:12:56 -0500] "HEAD / HTTP/1.1" 200 -
172.22.2.4 - - [22/Apr/2022:23:11:33 -0500] "GET /BLA/boletinlegal/ HTTP/1.1" 200 59170
66.249.65.13 - - [22/Apr/2022:23:14:39 -0500] "-" 408 -
40.77.167.7 - - [22/Apr/2022:23:14:49 -0500] "GET /acercar-programa-del-distrito-para-ayudar-a-las-empresas-a-crecer-de-manera-sostenible.html HTTP/1.1" 200 979
157.55.39.115 - - [22/Apr/2022:23:16:10 -0500] "-" 408 -
216.245.221.92 - - [22/Apr/2022:23:17:56 -0500] "HEAD / HTTP/1.1" 200 -
172.22.2.4 - - [22/Apr/2022:23:16:32 -0500] "HEAD /BLA/boletinlegal/ HTTP/1.1" 200 -
158.69.241.161 - - [22/Apr/2022:23:18:42 -0500] "GET /auambari-deleito-con-sus-sonidos-ambientales-a-los-asistentes-de-fima-2021.html HTTP/1.1" 200 888
172.22.2.4 - - [22/Apr/2022:23:17:23 -0500] "GET /BLA/boletinlegal/ HTTP/1.1" 200 59688
69.63.184.4 - - [22/Apr/2022:23:21:59 -0500] "GET /images/bogota-ciudad-pac28-enero.jpg HTTP/1.1" 200 42642
149.56.25.49 - - [22/Apr/2022:23:22:56 -0500] "GET /distrito-academia-y-sector-privado-plantaron-100-arboles-para-conmemorar-el-dia-de-la-tierra.html HTTP/1.1" 200 1066
216.245.221.92 - - [22/Apr/2022:23:22:56 -0500] "HEAD / HTTP/1.1" 200 -
201.245.192.253 - - [22/Apr/2022:23:22:11 -0500] "POST /kwsrmcab/Wsrmcab HTTP/1.1" 200 43927
40.77.139.74 - - [22/Apr/2022:23:23:05 -0500] "GET /galeria/nivo-slider/themes/pascal/pascal.css HTTP/1.1" 200 2258
40.77.139.93 - - [22/Apr/2022:23:23:05 -0500] "GET /galeria/nivo-slider/themes/default/default.css HTTP/1.1" 200 1569
40.77.139.84 - - [22/Apr/2022:23:23:05 -0500] "GET /galeria/nivo-slider/themes/orman/orman.css HTTP/1.1" 200 2152
40.77.139.75 - - [22/Apr/2022:23:23:05 -0500] "GET /galeria/nivo-slider/nivo-slider.css HTTP/1.1" 200 1507
40.77.139.84 - - [22/Apr/2022:23:23:05 -0500] "GET /galeria/nivo-slider/demo/style.css HTTP/1.1" 200 2222
40.77.139.31 - - [22/Apr/2022:23:23:05 -0500] "GET /galeria/nivo-slider/demo/scripts/jquery-1.7.1.min.js HTTP/1.1" 200 93868
40.77.139.93 - - [22/Apr/2022:23:23:05 -0500] "GET /galeria/nivo-slider/jquery.nivo.slider.pack.js HTTP/1.1" 200 11561
201.245.192.253 - - [22/Apr/2022:23:23:01 -0500] "POST /kwsrmcab/Wsrmcab HTTP/1.1" 200 46091
172.22.2.4 - - [22/Apr/2022:23:22:22 -0500] "HEAD /BLA/boletinlegal/ HTTP/1.1" 200 -
172.22.2.4 - - [22/Apr/2022:23:23:12 -0500] "GET /BLA/boletinlegal/ HTTP/1.1" 200 61416
172.22.2.4 - - [22/Apr/2022:23:26:44 -0500] "GET /BLA/boletinlegal/ HTTP/1.1" 200 36811
216.245.221.92 - - [22/Apr/2022:23:27:56 -0500] "HEAD / HTTP/1.1" 200 -
65.154.226.166 - - [22/Apr/2022:23:28:45 -0500] "GET /galeria/galeria/jquery.fancybox.css?v=2.1.5 HTTP/1.1" 200 4895
65.154.226.166 - - [22/Apr/2022:23:28:45 -0500] "GET /BLA/boletinlegal/js/jquery.scrollShow.js HTTP/1.1" 200 4586
65.154.226.166 - - [22/Apr/2022:23:28:45 -0500] "GET /galeria/galeria/jquery.fancybox.js?v=2.1.5 HTTP/1.1" 200 48706
172.22.2.4 - - [22/Apr/2022:23:28:12 -0500] "HEAD /BLA/boletinlegal/ HTTP/1.1" 200 -
81.180.69.29 - - [22/Apr/2022:23:30:00 -0500] "GET / HTTP/1.1" 200 319
172.22.2.4 - - [22/Apr/2022:23:29:02 -0500] "GET /BLA/boletinlegal/ HTTP/1.1" 200 58588
186.84.21.230 - - [22/Apr/2022:23:32:14 -0500] "GET /galeria/galeria/jquery.fancybox.css?v=2.1.5 HTTP/1.1" 200 4895
186.84.21.230 - - [22/Apr/2022:23:32:14 -0500] "GET /galeria/galeria/jquery.fancybox.js?v=2.1.5 HTTP/1.1" 200 48706
186.84.21.230 - - [22/Apr/2022:23:32:14 -0500] "GET /BLA/boletinlegal/js/jquery.scrollShow.js HTTP/1.1" 200 4586
216.245.221.92 - - [22/Apr/2022:23:32:56 -0500] "HEAD / HTTP/1.1" 200 -
201.245.192.253 - - [22/Apr/2022:23:32:11 -0500] "POST /kwsrmcab/Wsrmcab HTTP/1.1" 200 43927
201.245.192.253 - - [22/Apr/2022:23:33:02 -0500] "POST /kwsrmcab/Wsrmcab HTTP/1.1" 200 46091
66.249.65.13 - - [22/Apr/2022:23:35:24 -0500] "-" 408 -
172.22.2.4 - - [22/Apr/2022:23:34:02 -0500] "HEAD /BLA/boletinlegal/ HTTP/1.1" 200 -
172.22.2.4 - - [22/Apr/2022:23:34:52 -0500] "GET /BLA/boletinlegal/ HTTP/1.1" 200 52945
172.22.2.4 - - [22/Apr/2022:23:35:24 -0500] "GET /BLA/boletinlegal/ HTTP/1.1" 200 54457
216.245.221.92 - - [22/Apr/2022:23:37:56 -0500] "HEAD / HTTP/1.1" 200 -
172.22.2.4 - - [22/Apr/2022:23:39:08 -0500] "GET /BLA/boletinlegal/Circulares/2022/CIRCULAR%20No.%2000003%20DEL%2007%20DE%20MARZO%20DEL%202022.pdf HTTP/1.1" 404 1038
172.22.2.4 - - [22/Apr/2022:23:39:10 -0500] "GET /BLA/boletinlegal/Circulares/2021/CIRCULAR%20No.%2000009%20DEL%2001%20DE%20OCTUBRE%20DEL%202021.pdf HTTP/1.1" 200 320793
172.22.2.4 - - [22/Apr/2022:23:39:16 -0500] "GET /BLA/boletinlegal/Circulares/2021/CIRCULAR%20No.%2000007%20DEL%2010%20DE%20AGOSTO%20DEL%202021.pdf HTTP/1.1" 200 266364
172.22.2.4 - - [22/Apr/2022:23:39:21 -0500] "GET /BLA/boletinlegal/Circulares/2021/CIRCULAR%20No.%2000006%20DEL%2005%20DE%20AGOSTO%20DEL%202021.pdf HTTP/1.1" 200 249615
172.22.2.4 - - [22/Apr/2022:23:39:27 -0500] "GET /BLA/boletinlegal/Circulares/2020/Circular%20No.%2000018%20del%2002%20de%20diciembre%20del%202020.pdf HTTP/1.1" 200 276868
172.22.2.4 - - [22/Apr/2022:23:39:33 -0500] "GET /BLA/boletinlegal/Circulares/2020/Circular%2000010%20del%2027%20de%20julio%20de%202020.pdf HTTP/1.1" 200 422655
172.22.2.4 - - [22/Apr/2022:23:39:38 -0500] "GET /BLA/boletinlegal/Circulares/2020/CIRCULAR%20No.%2000019%20DEL%2018%20DE%20DICIEMBRE%20DEL%202020.pdf HTTP/1.1" 200 307959
172.22.2.4 - - [22/Apr/2022:23:39:44 -0500] "GET /BLA/boletinlegal/Circulares/2020/CIRCULAR%20No.%2000014%20del%2001%20de%20septiembre%20del%202020.pdf HTTP/1.1" 200 320826
199.59.150.180 - - [22/Apr/2022:23:39:49 -0500] "GET /documents/10184/2325415/pieza-concurso-buenas-practicas-20-septiembre.jpg HTTP/1.1" 404 1030
172.22.2.4 - - [22/Apr/2022:23:39:51 -0500] "GET /BLA/boletinlegal/Circulares/2019/Circular%20No.%2012%20del%2014%20de%20Marzo%20de%202019.pdf HTTP/1.1" 200 344384
172.22.2.4 - - [22/Apr/2022:23:39:57 -0500] "GET /BLA/boletinlegal/Circulares/2019/Circular%20No.%20006%20del%2008%20de%20Febrero%20de%202019.pdf HTTP/1.1" 200 674401
172.22.2.4 - - [22/Apr/2022:23:40:06 -0500] "GET /BLA/boletinlegal/Circulares/2019/Circular%20No.%200015%20del%2003%20de%20Octubre%20de%202019.pdf HTTP/1.1" 200 165608
172.22.2.4 - - [22/Apr/2022:23:40:11 -0500] "GET /BLA/boletinlegal/Circulares/2019/Circular%20No.%200005%20del%2020%20de%20Marzo%20de%202019.pdf HTTP/1.1" 200 159877
172.22.2.4 - - [22/Apr/2022:23:40:15 -0500] "GET /BLA/boletinlegal/Circulares/2019/Circular%20No.%200003%20del%2031%20de%20Enero%20de%202019.pdf HTTP/1.1" 200 164676
181.61.30.140 - - [22/Apr/2022:23:40:17 -0500] "GET /BLA/resoluciones/AUTOS%202011/0286.pdf HTTP/1.1" 200 146772
172.22.2.4 - - [22/Apr/2022:23:40:19 -0500] "GET /BLA/boletinlegal/Circulares/2019/Circular%2000020%20del%2020%20de%20diciembre%20de%202019.pdf HTTP/1.1" 200 145170
181.61.30.140 - - [22/Apr/2022:23:40:23 -0500] "GET /BLA/resoluciones/ HTTP/1.1" 200 13093
172.22.2.4 - - [22/Apr/2022:23:40:25 -0500] "GET /BLA/boletinlegal/Circulares/2019/Circular%2000018%20del%2020%20de%20noviembre%20de%202019.pdf HTTP/1.1" 200 158030
181.61.30.140 - - [22/Apr/2022:23:40:27 -0500] "GET /BLA/resoluciones/index.php?dir=RESOLUCIONES+2018%2F HTTP/1.1" 200 261912
172.22.2.4 - - [22/Apr/2022:23:40:29 -0500] "GET /BLA/boletinlegal/Circulares/2019/.pdf HTTP/1.1" 404 1218
172.22.2.4 - - [22/Apr/2022:23:40:31 -0500] "GET /BLA/boletinlegal/Circulares/2018/Circular%20No.%2011%20del%2024%20de%20Septiembre%20de%202018.pdf HTTP/1.1" 200 169541
172.22.2.4 - - [22/Apr/2022:23:40:47 -0500] "GET /BLA/boletinlegal/Circulares/2018/Circular%20No.%2010%20del%2021%20de%20Septiembre%20de%202018.pdf HTTP/1.1" 200 163426
172.22.2.4 - - [22/Apr/2022:23:41:02 -0500] "GET /BLA/boletinlegal/Circulares/2018/Circular%20No.%200015%20del%207%20de%20Diciembre%20de%202018.pdf HTTP/1.1" 200 165305
172.22.2.4 - - [22/Apr/2022:23:41:06 -0500] "GET /BLA/boletinlegal/Circulares/2018/CIRCULAR%20COJUNTA%20042%20DE%202018.pdf HTTP/1.1" 200 515008
172.22.2.4 - - [22/Apr/2022:23:41:14 -0500] "GET /BLA/boletinlegal/Circulares/2017/Circular%20No.%202%20del%201%20de%20Septiembre%20de%202017.pdf HTTP/1.1" 200 152575
172.22.2.4 - - [22/Apr/2022:23:41:19 -0500] "GET /BLA/boletinlegal/Circulares/2017/Circular%20No.%201%20del%2030%20de%20Marzo%20de%202017.pdf HTTP/1.1" 200 668532
172.22.2.4 - - [22/Apr/2022:23:41:25 -0500] "GET /BLA/boletinlegal/Circulares/2017/Circular%20No.%2007%20del%2028%20de%20Abril%20de%202017.pdf HTTP/1.1" 200 309906
172.22.2.4 - - [22/Apr/2022:23:41:31 -0500] "GET /BLA/boletinlegal/Circulares/2017/Circular%20No.%20011%20del%2005%20de%20julio%20de%202017.pdf HTTP/1.1" 200 965526
172.22.2.4 - - [22/Apr/2022:23:39:52 -0500] "HEAD /BLA/boletinlegal/ HTTP/1.1" 200 -
172.22.2.4 - - [22/Apr/2022:23:41:41 -0500] "GET /BLA/boletinlegal/Circulares/2015/Circular%20No.%202%20del%201%20de%20julio%20de%202015.pdf HTTP/1.1" 200 752890
172.22.2.4 - - [22/Apr/2022:23:41:47 -0500] "GET /BLA/boletinlegal/Circulares/2015/Circular%20No.%201%20del%2010%20de%20Febrero%20de%202015.pdf HTTP/1.1" 200 660637
172.22.2.4 - - [22/Apr/2022:23:41:54 -0500] "GET /BLA/boletinlegal/Circulares/2014/Circular%20No.%203%20del%2014%20de%20Noviembre%20de%202014.pdf HTTP/1.1" 200 104132
172.22.2.4 - - [22/Apr/2022:23:41:59 -0500] "GET /BLA/boletinlegal/Circulares/2014/Circular%20No.%202%20del%2021%20de%20septiembre%20de%202014.pdf HTTP/1.1" 200 143376
172.22.2.4 - - [22/Apr/2022:23:42:05 -0500] "GET /BLA/boletinlegal/Circulares/2014/Circular%20No.%201%20del%2008%20de%20Mayo%20de%202014.pdf HTTP/1.1" 200 180124
172.22.2.4 - - [22/Apr/2022:23:42:09 -0500] "GET /BLA/boletinlegal/Circulares/2013/Circular%20No.%208%20del%201%20de%20Noviembre%20de%202013.pdf HTTP/1.1" 200 385156
172.22.2.4 - - [22/Apr/2022:23:42:15 -0500] "GET /BLA/boletinlegal/Circulares/2013/Circular%20No.%207%20del%201%20de%20Agosto%20de%202013.pdf HTTP/1.1" 200 340934
172.22.2.4 - - [22/Apr/2022:23:42:20 -0500] "GET /BLA/boletinlegal/Circulares/2013/Circular%20No.%206%20del%2019%20de%20julio%20de%202013.pdf HTTP/1.1" 200 4210437
172.22.2.4 - - [22/Apr/2022:23:40:43 -0500] "GET /BLA/boletinlegal/ HTTP/1.1" 200 54457
172.22.2.4 - - [22/Apr/2022:23:42:38 -0500] "GET /BLA/boletinlegal/Circulares/2013/Circular%20No.%205%20del%2013%20de%20junio%20de%202013.pdf HTTP/1.1" 200 110904
172.22.2.4 - - [22/Apr/2022:23:42:44 -0500] "GET /BLA/boletinlegal/Circulares/2013/Circular%20No.%204%20del%2005%20de%20junio%20de%202013.pdf HTTP/1.1" 200 130461
172.22.2.4 - - [22/Apr/2022:23:42:49 -0500] "GET /BLA/boletinlegal/Circulares/2013/Circular%20No.%203%20del%2005%20de%20abril%20de%202013.pdf HTTP/1.1" 200 93580
172.22.2.4 - - [22/Apr/2022:23:42:53 -0500] "GET /BLA/boletinlegal/Circulares/2013/Circular%20No.%202%20del%2022%20de%20enero%20de%202013.pdf HTTP/1.1" 200 85466
216.245.221.92 - - [22/Apr/2022:23:42:56 -0500] "HEAD / HTTP/1.1" 200 -
172.22.2.4 - - [22/Apr/2022:23:42:58 -0500] "GET /BLA/boletinlegal/Circulares/2013/Circular%20No.%201%20del%2014%20de%20enero%20de%202013.pdf HTTP/1.1" 200 1298384
199.16.157.182 - - [22/Apr/2022:23:42:59 -0500] "GET /documents/10184/2325415/pieza-concurso-buenas-practicas-20-septiembre.jpg HTTP/1.1" 404 1030
201.245.192.253 - - [22/Apr/2022:23:42:11 -0500] "POST /kwsrmcab/Wsrmcab HTTP/1.1" 200 43927
172.22.2.4 - - [22/Apr/2022:23:43:05 -0500] "GET /BLA/boletinlegal/Circulares/2012/Circular%20No.%209%20del%2021%20de%20Agosto%20de%202012.pdf HTTP/1.1" 200 1402289
172.22.2.4 - - [22/Apr/2022:23:43:11 -0500] "GET /BLA/boletinlegal/Circulares/2012/Circular%20No.%208%20del%2021%20de%20Agosto%20de%202012.pdf HTTP/1.1" 200 963197
172.22.2.4 - - [22/Apr/2022:23:43:19 -0500] "GET /BLA/boletinlegal/Circulares/2012/Circular%20No.%207%20del%2008%20de%20Agosto%20de%202012.pdf HTTP/1.1" 200 972955
172.22.2.4 - - [22/Apr/2022:23:43:26 -0500] "GET /BLA/boletinlegal/Circulares/2012/Circular%20No.%206%20del%2025%20de%20Mayo%20de%202012.pdf HTTP/1.1" 200 387391
172.22.2.4 - - [22/Apr/2022:23:43:34 -0500] "GET /BLA/boletinlegal/Circulares/2012/Circular%20No.%205%20del%2027%20de%20Abril%20de%202012.pdf HTTP/1.1" 200 216613
172.22.2.4 - - [22/Apr/2022:23:43:38 -0500] "GET /BLA/boletinlegal/Circulares/2012/Circular%20No.%204%20del%2019%20de%20abril%20de%202012.pdf HTTP/1.1" 200 253045
172.22.2.4 - - [22/Apr/2022:23:43:49 -0500] "GET /BLA/boletinlegal/Circulares/2012/Circular%20No.%203%20del%2023%20de%20Marzo%20de%202012.pdf HTTP/1.1" 200 572950
201.245.192.253 - - [22/Apr/2022:23:43:02 -0500] "POST /kwsrmcab/Wsrmcab HTTP/1.1" 200 46091
172.22.2.4 - - [22/Apr/2022:23:43:55 -0500] "GET /BLA/boletinlegal/Circulares/2012/Circular%20No.%202%20del%2014%20de%20Marzo%20de%202012.pdf HTTP/1.1" 200 113666
172.22.2.4 - - [22/Apr/2022:23:43:59 -0500] "GET /BLA/boletinlegal/Circulares/2012/Circular%20No.%2016%20del%2022%20de%20octubre%20de%202012.pdf HTTP/1.1" 200 381186
172.22.2.4 - - [22/Apr/2022:23:44:07 -0500] "GET /BLA/boletinlegal/Circulares/2012/Circular%20No.%2015%20del%2022%20de%20octubre%20de%202012.pdf HTTP/1.1" 200 486506
172.22.2.4 - - [22/Apr/2022:23:44:13 -0500] "GET /BLA/boletinlegal/Circulares/2012/Circular%20No.%2014%20del%2011%20de%20Septiembre%20de%202012.pdf HTTP/1.1" 200 3427471
172.22.2.4 - - [22/Apr/2022:23:44:23 -0500] "GET /BLA/boletinlegal/Circulares/2012/Circular%20No.%2013%20del%2006%20de%20Septiembre%20de%202012.pdf HTTP/1.1" 200 351421
172.22.2.4 - - [22/Apr/2022:23:44:30 -0500] "GET /BLA/boletinlegal/Circulares/2012/Circular%20No.%2012%20del%2028%20de%20Agosto%20de%202012.pdf HTTP/1.1" 200 369945
172.22.2.4 - - [22/Apr/2022:23:44:37 -0500] "GET /BLA/boletinlegal/Circulares/2012/Circular%20No.%2011%20del%2027%20de%20Agosto%20de%202012.pdf HTTP/1.1" 200 526945
172.22.2.4 - - [22/Apr/2022:23:44:45 -0500] "GET /BLA/boletinlegal/Circulares/2012/Circular%20No.%2010%20del%2026%20de%20Enero%20de%202012.pdf HTTP/1.1" 404 1218
172.22.2.4 - - [22/Apr/2022:23:44:48 -0500] "GET /BLA/boletinlegal/Circulares/2012/Circular%20No.%2010%20del%2022%20de%20Agosto%20de%202012.pdf HTTP/1.1" 200 1563219
172.22.2.4 - - [22/Apr/2022:23:45:42 -0500] "HEAD /BLA/boletinlegal/ HTTP/1.1" 200 -
207.46.13.199 - - [22/Apr/2022:23:47:43 -0500] "GET /BLA/resoluciones/dlf/styles.css HTTP/1.1" 200 3049
216.245.221.92 - - [22/Apr/2022:23:47:56 -0500] "HEAD / HTTP/1.1" 200 -
172.22.2.4 - - [22/Apr/2022:23:46:32 -0500] "GET /BLA/boletinlegal/ HTTP/1.1" 200 60932
40.88.21.235 - - [22/Apr/2022:23:48:17 -0500] "GET / HTTP/1.1" 200 319
40.88.21.235 - - [22/Apr/2022:23:48:17 -0500] "GET /favicon.ico HTTP/1.1" 200 7782
66.249.65.31 - - [22/Apr/2022:23:50:59 -0500] "-" 408 -
216.245.221.92 - - [22/Apr/2022:23:52:56 -0500] "HEAD / HTTP/1.1" 200 -
172.22.2.4 - - [22/Apr/2022:23:51:32 -0500] "HEAD /BLA/boletinlegal/ HTTP/1.1" 200 -
172.22.2.4 - - [22/Apr/2022:23:52:22 -0500] "GET /BLA/boletinlegal/ HTTP/1.1" 200 61416
157.55.39.145 - - [22/Apr/2022:23:54:06 -0500] "GET /autoliquidacion2020/index.php?dir=Calidad+del+aire+auditiva+y+visual-%2F HTTP/1.1" 200 5234
186.28.135.101 - - [22/Apr/2022:23:55:02 -0500] "GET /con-jornadas-de-plantacion-jardin-botanico-celebro-dia-mundial-de-la-tierra.html?fbclid=IwAR3ely6iAmmRKkz5aXPVQSMesuZ2Eo_ovjuSIEVJ-v49F1pXB9l3rqG34nM HTTP/1.1" 200 995
216.245.221.92 - - [22/Apr/2022:23:57:56 -0500] "HEAD / HTTP/1.1" 200 -
199.16.157.180 - - [22/Apr/2022:23:58:19 -0500] "-" 408 -
201.138.29.227 - - [22/Apr/2022:23:58:28 -0500] "GET /BLA/resoluciones/RESOLUCIONES%202020/2025.pdf HTTP/1.1" 200 363032
201.138.29.227 - - [22/Apr/2022:23:58:29 -0500] "GET /favicon.ico HTTP/1.1" 200 7782
69.171.251.7 - - [22/Apr/2022:23:58:59 -0500] "GET /images/ecositemas-cerros-10-marzo.jpg HTTP/1.1" 200 85534
172.22.2.4 - - [22/Apr/2022:23:57:22 -0500] "HEAD /BLA/boletinlegal/ HTTP/1.1" 200 -
172.22.2.4 - - [22/Apr/2022:23:58:12 -0500] "GET /BLA/boletinlegal/ HTTP/1.1" 200 59170

:: Command execute ::

Enter:
 
Select:
 

:: Search ::
regexp 

:: Upload ::
 
[ ok ]

:: Make Dir ::
 
[ ok ]
:: Make File ::
 
[ ok ]

:: Go Dir ::
 
:: Go File ::
 

--[ c99shell v. 1.0 pre-release build #13 powered by Captain Crunch Security Team | http://ccteam.ru | Generation time: 0.7176 ]--