201.245.192.253 - - [22/Apr/2022:19:29:47 -0500] "GET /BLA/boletinlegal/admin/index.php HTTP/1.1" 200 7026
201.245.192.253 - - [22/Apr/2022:19:30:04 -0500] "GET /BLA/boletinlegal/admin/index_files/header.png HTTP/1.1" 200 240212
201.245.192.253 - - [22/Apr/2022:19:30:04 -0500] "GET /BLA/boletinlegal/admin/index_files/3_5.gif HTTP/1.1" 200 1633
201.245.192.253 - - [22/Apr/2022:19:30:04 -0500] "GET /BLA/boletinlegal/images/can.png HTTP/1.1" 200 37574
201.245.192.253 - - [22/Apr/2022:19:30:04 -0500] "GET /BLA/boletinlegal/admin/index_files/7_1.gif HTTP/1.1" 200 1455
201.245.192.253 - - [22/Apr/2022:19:30:04 -0500] "GET /BLA/boletinlegal/admin/index_files/7_5.gif HTTP/1.1" 200 1565
201.245.192.253 - - [22/Apr/2022:19:30:04 -0500] "GET /BLA/boletinlegal/admin/index_files/2_4.gif HTTP/1.1" 200 1763
201.245.192.253 - - [22/Apr/2022:19:30:04 -0500] "GET /BLA/boletinlegal/admin/index_files/5_1.gif HTTP/1.1" 200 1623
201.245.192.253 - - [22/Apr/2022:19:30:04 -0500] "GET /BLA/boletinlegal/admin/index_files/index_files/tback.gif HTTP/1.1" 404 1334
201.245.192.253 - - [22/Apr/2022:19:30:04 -0500] "GET /BLA/boletinlegal/admin/index_files/2_2.gif HTTP/1.1" 200 1728
172.22.2.4 - - [22/Apr/2022:19:29:03 -0500] "HEAD /BLA/boletinlegal/ HTTP/1.1" 200 -
181.54.32.68 - - [22/Apr/2022:19:30:54 -0500] "GET /documents/10184/2325415/pieza-concurso-buenas-practicas-20-septiembre.jpg HTTP/1.1" 404 1030
201.245.192.253 - - [22/Apr/2022:19:31:04 -0500] "GET /BLA/boletinlegal/admin/notificaciones/ingresar.php HTTP/1.1" 200 30026
201.245.192.253 - - [22/Apr/2022:19:31:04 -0500] "GET /css/global/buttons.css HTTP/1.1" 404 1324
201.245.192.253 - - [22/Apr/2022:19:31:04 -0500] "GET /BLA/boletinlegal/images/favicon.ico HTTP/1.1" 404 1346
172.22.2.4 - - [22/Apr/2022:19:30:41 -0500] "GET /BLA/boletinlegal/ HTTP/1.1" 200 20427
192.168.171.38 - - [22/Apr/2022:19:31:16 -0500] "GET /BLA/boletinlegal/admin/index.php HTTP/1.1" 200 2324
192.168.171.38 - - [22/Apr/2022:19:31:16 -0500] "GET /BLA/boletinlegal/admin/index_files/style.css HTTP/1.1" 200 6223
192.168.171.38 - - [22/Apr/2022:19:31:16 -0500] "GET /BLA/boletinlegal/admin/images/bg.png HTTP/1.1" 200 332965
192.168.171.38 - - [22/Apr/2022:19:31:16 -0500] "GET /favicon.ico HTTP/1.1" 200 7782
192.168.171.38 - - [22/Apr/2022:19:31:21 -0500] "POST /BLA/boletinlegal/admin/usuarios/process.php HTTP/1.1" 302 -
172.22.2.4 - - [22/Apr/2022:19:29:53 -0500] "GET /BLA/boletinlegal/ HTTP/1.1" 200 53739
192.168.171.38 - - [22/Apr/2022:19:31:22 -0500] "GET /BLA/boletinlegal/admin/index.php HTTP/1.1" 200 7025
192.168.171.38 - - [22/Apr/2022:19:31:38 -0500] "GET /BLA/boletinlegal/images/can.png HTTP/1.1" 200 37574
192.168.171.38 - - [22/Apr/2022:19:31:38 -0500] "GET /BLA/boletinlegal/admin/index_files/7_1.gif HTTP/1.1" 200 1455
192.168.171.38 - - [22/Apr/2022:19:31:38 -0500] "GET /BLA/boletinlegal/admin/index_files/2_2.gif HTTP/1.1" 200 1728
192.168.171.38 - - [22/Apr/2022:19:31:38 -0500] "GET /BLA/boletinlegal/admin/index_files/3_5.gif HTTP/1.1" 200 1633
192.168.171.38 - - [22/Apr/2022:19:31:38 -0500] "GET /BLA/boletinlegal/admin/index_files/7_5.gif HTTP/1.1" 200 1565
192.168.171.38 - - [22/Apr/2022:19:31:38 -0500] "GET /BLA/boletinlegal/admin/index_files/2_4.gif HTTP/1.1" 200 1763
192.168.171.38 - - [22/Apr/2022:19:31:38 -0500] "GET /BLA/boletinlegal/admin/index_files/5_1.gif HTTP/1.1" 200 1623
192.168.171.38 - - [22/Apr/2022:19:31:38 -0500] "GET /BLA/boletinlegal/admin/index_files/index_files/tback.gif HTTP/1.1" 404 1322
192.168.171.38 - - [22/Apr/2022:19:31:38 -0500] "GET /BLA/boletinlegal/admin/index_files/header.png HTTP/1.1" 200 240212
192.168.171.38 - - [22/Apr/2022:19:31:40 -0500] "GET /BLA/boletinlegal/admin/css/dynamic.css HTTP/1.1" 200 23305
192.168.171.38 - - [22/Apr/2022:19:31:40 -0500] "GET /BLA/boletinlegal/admin/css/creation.css HTTP/1.1" 200 3945
192.168.171.38 - - [22/Apr/2022:19:31:40 -0500] "GET /BLA/boletinlegal/admin/js/jquery-1.3.1.min.js HTTP/1.1" 200 55272
192.168.171.38 - - [22/Apr/2022:19:31:40 -0500] "GET /BLA/boletinlegal/admin/js/jquery.functions.js HTTP/1.1" 200 2317
192.168.171.38 - - [22/Apr/2022:19:31:40 -0500] "GET /BLA/boletinlegal/admin/js/nicEdit-latest.js HTTP/1.1" 200 38373
192.168.171.38 - - [22/Apr/2022:19:31:40 -0500] "GET /css/global/buttons.css HTTP/1.1" 404 1312
192.168.171.38 - - [22/Apr/2022:19:31:40 -0500] "GET /BLA/boletinlegal/admin/notificaciones/ingresar.php HTTP/1.1" 200 30026
192.168.171.38 - - [22/Apr/2022:19:31:40 -0500] "GET /BLA/boletinlegal/admin/images/calendario.png HTTP/1.1" 200 4380
192.168.171.38 - - [22/Apr/2022:19:31:40 -0500] "GET /BLA/boletinlegal/images/favicon.ico HTTP/1.1" 404 1334
172.22.2.4 - - [22/Apr/2022:19:31:55 -0500] "GET /BLA/boletinlegal/admin/ HTTP/1.1" 200 2324
172.22.2.4 - - [22/Apr/2022:19:31:55 -0500] "GET /BLA/boletinlegal/admin/images/bg.png HTTP/1.1" 200 332965
172.22.2.4 - - [22/Apr/2022:19:31:55 -0500] "GET /BLA/boletinlegal/admin/index_files/style.css HTTP/1.1" 200 6223
172.22.2.4 - - [22/Apr/2022:19:32:03 -0500] "POST /BLA/boletinlegal/admin/usuarios/process.php HTTP/1.1" 302 -
172.22.2.4 - - [22/Apr/2022:19:32:04 -0500] "GET /BLA/boletinlegal/BLA/boletinlegal/admin/index.php HTTP/1.1" 404 1320
172.22.2.4 - - [22/Apr/2022:19:32:17 -0500] "GET /BLA/boletinlegal/admin/ HTTP/1.1" 200 2324
172.22.2.4 - - [22/Apr/2022:19:32:18 -0500] "GET /BLA/boletinlegal/admin/images/bg.png HTTP/1.1" 200 332965
172.22.2.4 - - [22/Apr/2022:19:32:18 -0500] "GET /BLA/boletinlegal/admin/index_files/style.css HTTP/1.1" 200 6223
172.22.2.4 - - [22/Apr/2022:19:32:24 -0500] "POST /BLA/boletinlegal/admin/usuarios/process.php HTTP/1.1" 302 -
172.22.2.4 - - [22/Apr/2022:19:32:24 -0500] "GET /BLA/boletinlegal/BLA/boletinlegal/admin/index.php HTTP/1.1" 404 1320
192.168.171.38 - - [22/Apr/2022:19:32:34 -0500] "GET /BLA/boletinlegal/admin/index.php HTTP/1.1" 200 2324
192.168.171.38 - - [22/Apr/2022:19:32:41 -0500] "POST /BLA/boletinlegal/admin/usuarios/process.php HTTP/1.1" 302 -
217.182.175.162 - - [22/Apr/2022:19:32:53 -0500] "HEAD /distrito-academia-y-sector-privado-plantaron-100-arboles-para-conmemorar-el-dia-de-la-tierra.html HTTP/1.1" 200 -
217.182.175.162 - - [22/Apr/2022:19:32:53 -0500] "HEAD /dia-internacional-de-la-tierra-cambio-de-habitos-para-su-proteccion-y-conservacion.html HTTP/1.1" 200 -
217.182.175.162 - - [22/Apr/2022:19:32:54 -0500] "HEAD /en-dia-internacional-de-la-tierra-secretaria-de-ambiente-presenta-libro-digital-de-relatos-escritos-por-ciudadanos.html HTTP/1.1" 200 -
216.245.221.92 - - [22/Apr/2022:19:32:57 -0500] "HEAD / HTTP/1.1" 200 -
192.168.171.38 - - [22/Apr/2022:19:32:41 -0500] "GET /BLA/boletinlegal/admin/index.php HTTP/1.1" 200 7052
192.168.171.38 - - [22/Apr/2022:19:32:58 -0500] "GET /BLA/boletinlegal/admin/index_files/index_files/tback.gif HTTP/1.1" 404 1322
192.168.171.38 - - [22/Apr/2022:19:33:01 -0500] "GET /BLA/boletinlegal/admin/actos/ingresar.php HTTP/1.1" 200 7143
192.168.171.38 - - [22/Apr/2022:19:33:01 -0500] "GET /BLA/boletinlegal/admin/css/default.css HTTP/1.1" 200 4379
192.168.171.38 - - [22/Apr/2022:19:33:01 -0500] "GET /BLA/boletinlegal/admin/img/h1.png HTTP/1.1" 200 3227
192.168.171.38 - - [22/Apr/2022:19:33:01 -0500] "GET /BLA/boletinlegal/admin/img/overlay.png HTTP/1.1" 200 984
201.245.192.253 - - [22/Apr/2022:19:32:13 -0500] "POST /kwsrmcab/Wsrmcab HTTP/1.1" 200 45062
201.245.192.253 - - [22/Apr/2022:19:33:04 -0500] "POST /kwsrmcab/Wsrmcab HTTP/1.1" 200 46102
69.171.249.11 - - [22/Apr/2022:19:33:56 -0500] "GET /plan-de-accion-climatica-de-bogota-un-proyecto-ambicioso-resalta-bloomberg.html HTTP/1.1" 206 993
69.171.249.16 - - [22/Apr/2022:19:33:57 -0500] "GET /plan-de-accion-climatica-de-bogota-un-proyecto-ambicioso-resalta-bloomberg.html HTTP/1.1" 206 993
69.171.249.6 - - [22/Apr/2022:19:33:57 -0500] "GET /plan-de-accion-climatica-de-bogota-un-proyecto-ambicioso-resalta-bloomberg.html HTTP/1.1" 206 993
69.171.249.3 - - [22/Apr/2022:19:33:57 -0500] "GET /plan-de-accion-climatica-de-bogota-un-proyecto-ambicioso-resalta-bloomberg.html HTTP/1.1" 206 993
181.53.13.95 - - [22/Apr/2022:19:34:49 -0500] "GET /kwssiamovil/sm/acme/a?s=U2FsdGVkX18ktuJ/WniA/hmLRKHEQxvCeuPcaaOH433Y0N3DhAr9vmGm6BtWhIzwPlgz7enWqcJfd7gxEXWLPdO+ZoiJbPh1c+JhF4FnqBSlZf/nKmeo1KrRV/SloUkxrRiUOgbelas14GWL9mdcm6wjR/gUIpGZZYp2fBkFRe9evnIyswBFzxmKg+2DlplWgSPYYV2aQ6kKfcZcmUXKS3OgCnsh3zSWzEULF+oHb8jUEXct+GPEhRpNBbn+L2nzgKGJtk2x5oPK4fixvcXGD/3O6XThFJAK/zG29x4rELo=&u=U2FsdGVkX19JI2QDs0pV+Vu9s7efwDkyNlK+ValZvOGxHNE3gTzJNAHoON7pjFuL&y=U2FsdGVkX1+6QiAYq4SVbeNNpZjBoen5hrUbcoR58zxzapYxMu4AWU5pRRI+y9JV HTTP/1.1" 200 25
181.53.13.95 - - [22/Apr/2022:19:34:49 -0500] "GET /kwssiamovil/sm/acme/a?s=U2FsdGVkX19gYSZDh84OqIe1vRM6UKgWHPzg2snzp2NNFUeCQbRyEfmAaHJU7xp+yKPJ+O4DxUarYzJ7KfdCwca7px6H4+T9p4VwyyYJJ/rsHcPnZS9F3KuL8LVwSCuJ7AYB7asoS/NciK5DlZyGreLbH55FYoKwXhAwcXcJ9S4+Nq30an+q8/PW8OSkXcXfKFws2DHa09YiKzG5GPnrRVE6r2A3p/GER+KugSSYeaozgknSANk7dgAHWcBw4jK6FUl0Oc5z5nFIAyqPX71Faws//vxykrCOcEYYdiyBmzNkhcjlJSz15DVeMUfLS1E3PiSowpX3YyQeSH3vJ9XjfycgN/9ALLHjEFTrJt8a67D0aSgngStfnwRhDft6n4zL9K0UQumTtT1iR6HmsrCyE6LD5UH41MAkSgbu+pw5vlI4U9703jY/ET8DVb6wgUDREcbvzDAREG9TSyiq8JxvY53Yg/tj0ZjsjHxn7sajUp/38aWS1IJK4CyUqhU17dEOsO0sy8X24ABInByJBGhYzNPqz7D61WlUmYZf+iDd6wwyFwR47rTiBs9TZzfO8pH/IBhxvwcjla81hEsT8pzYcLZ1FO7R/gzAndtawyOUvWONVVqFssgJy8VXLT7LNgovlSgjy3wv3yv5yMU8HdoCETMY4DQP0Xi3uZcSt2tvdxzyLt3Sh5ccbUb0M21WImPAygu8Hd6f+9QvBdi583dWKV5lrt8vvVwXDkhRbZ04y1nXDm4SCaIwSQCv7qWkTYnciNQECFls5PoReE4TDKTir5yEnzKkgEUVJsjuq+OKi3iwGPehjlenen5Hv1cCnwXzMYeuY/Rnseq+YBceKN+GrUkI5Ie8phG0evmD5AFMuujK44TT4E6AQDaoZl7cudaufB4lmCFTBcNyHQ2pdnGgDECYGwmOWNrIbbfeMaSumVx+QMirGdEYL/64I1jorBtsC4e0XYxBcuUmn3uTSMCy+FP6KKdO1hMyiavzAPrIYBQWj8n2NmVz5OJt7Ojw/MtvJ7lp/u0VUlBhR/YKfYqXzhSAjZoEx6tpOjL7soccQMyTkZwnig8ZwbjqDmkMDeRuKPscEpapz4ohkS8eum9aafMY/Io2bqr37CgqsvlMAmoeDB+VSTbbOtzLNJC5pPncg+q1XCsj1J95YHSCw+lZ7YACci1lhwscd4upPNi90XBRjE3cvXwhSLRCQmtaqoVfx3bFE/ViWAqZM90XNrstGrfguupQjRwt1agAl6PYahYdAyeP5VBQtJ3wm1w8SF5cd9zKLUUWfRnMJQCx1vvY9qTaEXel42ymuhcyFfDkosgQEWnFgtl/NC2cQqmUab0ztc4jmHfnZYFy1nK3pi9cR719hZOo6g6bY6qLwkBFxDoem+UMc3v8SbcJQOW+93p0gB9WpOTu5mgGCLu8cAFAtC+csv/zy1FOepADxWT4arfjLyKg67AC6qeocW0GeY6kywhrY/lXnjkrvcjqHOey5LbfdTq3ChXF6wM5jvR2XwJEp8rkA1KZnbWvHtsemoMScwwCJ5PxwMkNf4s2+muHBhZMEYsK2XSF+cs5X0i9uh/rcyqg8sKlmEQYfUEEy1LQt/djMOKpPGjo1Qa5djy4fM4wcWEn+gIBoZRbSpTsabbWpMRrdC+GG2JIC00Y4ihdGRS326cFO5urhCHW2ug94KeD/fwFyNqgjWkaIViYlwXXJ8o7Fx6W0uVRkzltgujfe5Xb5D/TBYnbT1ZJegabNgBfv5+ykmPhcewvU946gHl4rwWBjnEAHC1lL91xsY6/YcM6kqy0fB4MJ7UUod2eI0anph3CCsDJU0wvCP/PF5B5f56Atxzxzp8912Sx9AVNBNp1pFwnsMhfgAKoY0k2oTtP9jKprwN6qZCwrJIXlrNjE38Dog68s3413xbvbl4ZTsZ90tvGM71xYge6bO0FEPwoDL7nNKB4z4n36QSXolu68a4Xl+YAejkmDqS2GTbKG9i8FhHGi8FggxWm7tA8ZcE5G2ZK34OlqHZxkLS5lkkT5N1xVVdDtoe9RvlaQbM2JNzxgKRtB5HuqG/TIkVaDOk5s0r/Erh6gcKMMcSXl40Hxs7NhGo7yqzXcMK+qYxKhbwGw8ONPSAcNubmnFDkY6FQby3YdsZDQo+uCx3buzA=&u=U2FsdGVkX19JI2QDs0pV+Vu9s7efwDkyNlK+ValZvOGxHNE3gTzJNAHoON7pjFuL&y=U2FsdGVkX1+6QiAYq4SVbeNNpZjBoen5hrUbcoR58zxzapYxMu4AWU5pRRI+y9JV HTTP/1.1" 200 25
181.53.13.95 - - [22/Apr/2022:19:34:49 -0500] "GET /kwssiamovil/sm/acme/a?s=U2FsdGVkX1+Ek9MLkrfGSNkV3PSEnM4whi9Ydm+SA7oXGffa3AMNdm/PV0ZSLrfbmdwLxYE425VeeGbfrnTqcfBS4FsXLvmPfC1TBp2VwcwuYMu7BZMDvcmircroLFLLWsnBRdgWdeahg2vkRUhD1TJKL2xIp8JjwT2Z46x+M2o=&u=U2FsdGVkX19JI2QDs0pV+Vu9s7efwDkyNlK+ValZvOGxHNE3gTzJNAHoON7pjFuL&y=U2FsdGVkX1+6QiAYq4SVbeNNpZjBoen5hrUbcoR58zxzapYxMu4AWU5pRRI+y9JV HTTP/1.1" 200 25
181.53.13.95 - - [22/Apr/2022:19:34:50 -0500] "GET /kwssiamovil/sm/acme/a?s=U2FsdGVkX1+9ZtuoHzwGI0a+Wfx1VdY9ZcimV/XTop7fy8W/SRmv4ueBE0SJMWpSyaEvB6oa4t7PdFYp8g/890Fx+nBRCTHA7xVAskLD6b3QsChTd7euE4s61gWpLap83Tlmb6yrj26+PiQiMJ+lxcxkS9i7mWrZ/xtDDgIBcrc=&u=U2FsdGVkX19JI2QDs0pV+Vu9s7efwDkyNlK+ValZvOGxHNE3gTzJNAHoON7pjFuL&y=U2FsdGVkX1+6QiAYq4SVbeNNpZjBoen5hrUbcoR58zxzapYxMu4AWU5pRRI+y9JV HTTP/1.1" 200 25
181.53.13.95 - - [22/Apr/2022:19:34:50 -0500] "GET /kwssiamovil/sm/acme/a?s=U2FsdGVkX1/gI8Vee8d1u8Rd2d2tU/cLgnyapSnCz6u47QVyIC0kR37De3g7nmO/Ux0Wo+enXgcTTWkMT7/2GG/nT9WvURfQzaOcl8Lp06tfwpNgIEfL37M9zt2WqbSkigy5pDKJr6B1XbJ4EAWeQO2MkeYzf8f1VFLJogKrkuo=&u=U2FsdGVkX19JI2QDs0pV+Vu9s7efwDkyNlK+ValZvOGxHNE3gTzJNAHoON7pjFuL&y=U2FsdGVkX1+6QiAYq4SVbeNNpZjBoen5hrUbcoR58zxzapYxMu4AWU5pRRI+y9JV HTTP/1.1" 200 25
181.53.13.95 - - [22/Apr/2022:19:34:50 -0500] "GET /kwssiamovil/sm/acme/a?s=U2FsdGVkX18VIXZr8uVVWwpaXJVz5mMlDXVRYNn0UVa7ColPjrgScRUqNEIOjMBrF1RKS2wuJvTVyZEBEXud7eydESlG4OEUvAbb2P5buE2+98pZwnII8o3U5oIa/f5FLOBC8IR3wDFmJou9inF7uP/93P54GLhiINP0jUDTzilRKJPXaCcQJ4HVTet+1tcLVhw+YwE8qsdsydGZDYoh+g==&u=U2FsdGVkX19JI2QDs0pV+Vu9s7efwDkyNlK+ValZvOGxHNE3gTzJNAHoON7pjFuL&y=U2FsdGVkX1+6QiAYq4SVbeNNpZjBoen5hrUbcoR58zxzapYxMu4AWU5pRRI+y9JV HTTP/1.1" 200 25
172.22.2.4 - - [22/Apr/2022:19:34:53 -0500] "HEAD /BLA/boletinlegal/ HTTP/1.1" 200 -
172.22.2.4 - - [22/Apr/2022:19:35:34 -0500] "GET /BLA/boletinlegal/ HTTP/1.1" 200 51717
172.22.2.4 - - [22/Apr/2022:19:35:43 -0500] "GET /BLA/boletinlegal/ HTTP/1.1" 200 52537
216.245.221.92 - - [22/Apr/2022:19:37:57 -0500] "HEAD / HTTP/1.1" 200 -
65.154.226.168 - - [22/Apr/2022:19:38:02 -0500] "GET /galeria/carrusel/Carrusel/jquery.thumbnailScroller.css HTTP/1.1" 200 2066
65.154.226.168 - - [22/Apr/2022:19:38:02 -0500] "GET /galeria/galeria/jquery.fancybox.css?v=2.1.5 HTTP/1.1" 200 4895
65.154.226.168 - - [22/Apr/2022:19:38:02 -0500] "GET /BLA/boletinlegal/js/jquery.scrollShow.js HTTP/1.1" 200 4586
65.154.226.168 - - [22/Apr/2022:19:38:02 -0500] "GET /galeria/galeria/jquery.fancybox.js?v=2.1.5 HTTP/1.1" 200 48706
65.154.226.168 - - [22/Apr/2022:19:38:04 -0500] "GET /galeria/carrusel/Carrusel/jquery-ui-1.8.13.custom.min.js HTTP/1.1" 200 10800
65.154.226.168 - - [22/Apr/2022:19:38:04 -0500] "GET /galeria/carrusel/Carrusel/jquery.thumbnailScroller.js HTTP/1.1" 200 8157
65.154.226.168 - - [22/Apr/2022:19:38:07 -0500] "GET /galeria/nivo-slider/demo/banner.html HTTP/1.1" 200 5446
65.154.226.168 - - [22/Apr/2022:19:38:07 -0500] "GET /galeria/nivo-slider/themes/default/default.css HTTP/1.1" 200 1569
65.154.226.168 - - [22/Apr/2022:19:38:07 -0500] "GET /galeria/nivo-slider/themes/orman/orman.css HTTP/1.1" 200 2152
65.154.226.168 - - [22/Apr/2022:19:38:07 -0500] "GET /galeria/nivo-slider/themes/pascal/pascal.css HTTP/1.1" 200 2258
65.154.226.168 - - [22/Apr/2022:19:38:07 -0500] "GET /galeria/nivo-slider/nivo-slider.css HTTP/1.1" 200 1507
65.154.226.168 - - [22/Apr/2022:19:38:07 -0500] "GET /galeria/nivo-slider/demo/style.css HTTP/1.1" 200 2222
65.154.226.168 - - [22/Apr/2022:19:38:07 -0500] "GET /galeria/nivo-slider/demo/images/bannertortuga_optimized.jpg HTTP/1.1" 200 39066
65.154.226.168 - - [22/Apr/2022:19:38:07 -0500] "GET /galeria/nivo-slider/demo/images/Bannermujeresquereverdecen.jpg HTTP/1.1" 200 46558
65.154.226.168 - - [22/Apr/2022:19:38:07 -0500] "GET /galeria/nivo-slider/demo/scripts/jquery-1.7.1.min.js HTTP/1.1" 200 93868
65.154.226.168 - - [22/Apr/2022:19:38:07 -0500] "GET /galeria/nivo-slider/jquery.nivo.slider.pack.js HTTP/1.1" 200 11561
65.154.226.168 - - [22/Apr/2022:19:38:07 -0500] "GET /galeria/nivo-slider/demo/images/bannertrafico_optimized.jpg HTTP/1.1" 200 42578
65.154.226.168 - - [22/Apr/2022:19:38:07 -0500] "GET /galeria/nivo-slider/demo/images/Bannersedeelectronica.jpg HTTP/1.1" 200 40383
65.154.226.168 - - [22/Apr/2022:19:38:08 -0500] "GET /galeria/nivo-slider/demo/images/bannerrutaesperanza.jpg HTTP/1.1" 200 55560
65.154.226.168 - - [22/Apr/2022:19:38:08 -0500] "GET /galeria/nivo-slider/demo/images/4Simple_Slider.png HTTP/1.1" 200 11722
65.154.226.168 - - [22/Apr/2022:19:38:08 -0500] "GET /galeria/nivo-slider/themes/default/loading.gif HTTP/1.1" 200 1737
65.154.226.168 - - [22/Apr/2022:19:38:08 -0500] "GET /galeria/nivo-slider/demo/images/banneraire2021.jpg HTTP/1.1" 200 265101
65.154.226.168 - - [22/Apr/2022:19:38:08 -0500] "GET /galeria/nivo-slider/demo/images/Bannerplasticosseptiembre.jpg HTTP/1.1" 200 45633
65.154.226.168 - - [22/Apr/2022:19:38:08 -0500] "GET /galeria/nivo-slider/demo/images/bannerresiduoshospitalariosagosto.jpg HTTP/1.1" 200 36499
65.154.226.168 - - [22/Apr/2022:19:38:08 -0500] "GET /galeria/nivo-slider/demo/images/banneraccionpopularcrr68.jpg HTTP/1.1" 200 51887
65.154.226.168 - - [22/Apr/2022:19:38:08 -0500] "GET /galeria/nivo-slider/demo/images/banneraccionpopular.jpeg HTTP/1.1" 200 41707
65.154.226.168 - - [22/Apr/2022:19:38:08 -0500] "GET /galeria/nivo-slider/demo/images/bannercapacitacionesbogota.jpg HTTP/1.1" 200 42416
65.154.226.168 - - [22/Apr/2022:19:38:08 -0500] "GET /galeria/nivo-slider/demo/images/bannerclases2021.jpg HTTP/1.1" 200 68230
65.154.226.168 - - [22/Apr/2022:19:38:09 -0500] "GET /galeria/nivo-slider/demo/images/Bannerenvases.jpg HTTP/1.1" 200 37316
65.154.226.168 - - [22/Apr/2022:19:38:09 -0500] "GET /galeria/nivo-slider/demo/images/Bannervirtualescanales.jpg HTTP/1.1" 200 174544
65.154.226.168 - - [22/Apr/2022:19:38:12 -0500] "GET /galeria/nivo-slider/themes/default/arrows.png HTTP/1.1" 200 824
65.154.226.168 - - [22/Apr/2022:19:38:12 -0500] "GET /galeria/nivo-slider/themes/default/bullets.png HTTP/1.1" 200 1281
186.80.52.21 - - [22/Apr/2022:19:39:07 -0500] "GET /distrito-academia-y-sector-privado-plantaron-100-arboles-para-conmemorar-el-dia-de-la-tierra.html HTTP/1.1" 304 -
172.22.2.4 - - [22/Apr/2022:19:39:18 -0500] "GET /BLA/boletinlegal/Circulares/2022/CIRCULAR%20No.%2000003%20DEL%2007%20DE%20MARZO%20DEL%202022.pdf HTTP/1.1" 404 1038
172.22.2.4 - - [22/Apr/2022:19:39:20 -0500] "GET /BLA/boletinlegal/Circulares/2021/CIRCULAR%20No.%2000009%20DEL%2001%20DE%20OCTUBRE%20DEL%202021.pdf HTTP/1.1" 200 320793
192.168.171.38 - - [22/Apr/2022:19:39:23 -0500] "POST /BLA/boletinlegal/admin/actos/ingresar.php HTTP/1.1" 200 7236
172.22.2.4 - - [22/Apr/2022:19:39:30 -0500] "GET /BLA/boletinlegal/Circulares/2021/CIRCULAR%20No.%2000007%20DEL%2010%20DE%20AGOSTO%20DEL%202021.pdf HTTP/1.1" 200 266364
192.168.171.38 - - [22/Apr/2022:19:39:33 -0500] "GET /BLA/boletinlegal/actos.php HTTP/1.1" 200 9559
191.89.243.55 - - [22/Apr/2022:19:39:37 -0500] "GET /BLA/resoluciones/index.php?dir=AUTOS+2011%2F HTTP/1.1" 200 627290
172.22.2.4 - - [22/Apr/2022:19:39:39 -0500] "GET /BLA/boletinlegal/Circulares/2021/CIRCULAR%20No.%2000006%20DEL%2005%20DE%20AGOSTO%20DEL%202021.pdf HTTP/1.1" 200 249615
172.22.2.4 - - [22/Apr/2022:19:39:43 -0500] "GET /BLA/boletinlegal/Circulares/2020/Circular%20No.%2000018%20del%2002%20de%20diciembre%20del%202020.pdf HTTP/1.1" 200 276868
192.168.171.38 - - [22/Apr/2022:19:39:44 -0500] "GET /BLA/boletinlegal/consulta_actos.php?tipo=autos&no=5247&usuario=&sector=&fecha=2019&resuelve= HTTP/1.1" 200 1070
192.168.171.38 - - [22/Apr/2022:19:39:44 -0500] "GET /BLA/boletinlegal/images/pdf.gif HTTP/1.1" 200 567
192.168.171.38 - - [22/Apr/2022:19:39:32 -0500] "GET /BLA/boletinlegal/index.php HTTP/1.1" 200 16331
172.22.2.4 - - [22/Apr/2022:19:39:49 -0500] "GET /BLA/boletinlegal/Circulares/2020/Circular%2000010%20del%2027%20de%20julio%20de%202020.pdf HTTP/1.1" 200 422655
172.22.2.4 - - [22/Apr/2022:19:39:56 -0500] "GET /BLA/boletinlegal/Circulares/2020/CIRCULAR%20No.%2000019%20DEL%2018%20DE%20DICIEMBRE%20DEL%202020.pdf HTTP/1.1" 200 307959
172.22.2.4 - - [22/Apr/2022:19:40:03 -0500] "GET /BLA/boletinlegal/Circulares/2020/CIRCULAR%20No.%2000014%20del%2001%20de%20septiembre%20del%202020.pdf HTTP/1.1" 200 320826
172.22.2.4 - - [22/Apr/2022:19:40:11 -0500] "GET /BLA/boletinlegal/Circulares/2019/Circular%20No.%2012%20del%2014%20de%20Marzo%20de%202019.pdf HTTP/1.1" 200 344384
172.22.2.4 - - [22/Apr/2022:19:40:17 -0500] "GET /BLA/boletinlegal/Circulares/2019/Circular%20No.%20006%20del%2008%20de%20Febrero%20de%202019.pdf HTTP/1.1" 200 674401
172.22.2.4 - - [22/Apr/2022:19:40:35 -0500] "GET /BLA/boletinlegal/Circulares/2019/Circular%20No.%200015%20del%2003%20de%20Octubre%20de%202019.pdf HTTP/1.1" 200 165608
172.22.2.4 - - [22/Apr/2022:19:40:40 -0500] "GET /BLA/boletinlegal/Circulares/2019/Circular%20No.%200005%20del%2020%20de%20Marzo%20de%202019.pdf HTTP/1.1" 200 159877
172.22.2.4 - - [22/Apr/2022:19:40:46 -0500] "GET /BLA/boletinlegal/Circulares/2019/Circular%20No.%200003%20del%2031%20de%20Enero%20de%202019.pdf HTTP/1.1" 200 164676
172.22.2.4 - - [22/Apr/2022:19:40:51 -0500] "GET /BLA/boletinlegal/Circulares/2019/Circular%2000020%20del%2020%20de%20diciembre%20de%202019.pdf HTTP/1.1" 200 145170
172.22.2.4 - - [22/Apr/2022:19:40:55 -0500] "GET /BLA/boletinlegal/Circulares/2019/Circular%2000018%20del%2020%20de%20noviembre%20de%202019.pdf HTTP/1.1" 200 158030
172.22.2.4 - - [22/Apr/2022:19:41:00 -0500] "GET /BLA/boletinlegal/Circulares/2019/.pdf HTTP/1.1" 404 1218
172.22.2.4 - - [22/Apr/2022:19:41:02 -0500] "GET /BLA/boletinlegal/Circulares/2018/Circular%20No.%2011%20del%2024%20de%20Septiembre%20de%202018.pdf HTTP/1.1" 200 169541
172.22.2.4 - - [22/Apr/2022:19:41:05 -0500] "GET /BLA/boletinlegal/Circulares/2018/Circular%20No.%2010%20del%2021%20de%20Septiembre%20de%202018.pdf HTTP/1.1" 200 163426
172.22.2.4 - - [22/Apr/2022:19:41:11 -0500] "GET /BLA/boletinlegal/Circulares/2018/Circular%20No.%200015%20del%207%20de%20Diciembre%20de%202018.pdf HTTP/1.1" 200 165305
172.22.2.4 - - [22/Apr/2022:19:41:16 -0500] "GET /BLA/boletinlegal/Circulares/2018/CIRCULAR%20COJUNTA%20042%20DE%202018.pdf HTTP/1.1" 200 515008
172.22.2.4 - - [22/Apr/2022:19:40:44 -0500] "GET /BLA/boletinlegal/ HTTP/1.1" 200 24523
172.22.2.4 - - [22/Apr/2022:19:41:23 -0500] "GET /BLA/boletinlegal/Circulares/2017/Circular%20No.%202%20del%201%20de%20Septiembre%20de%202017.pdf HTTP/1.1" 200 152575
172.22.2.4 - - [22/Apr/2022:19:41:28 -0500] "GET /BLA/boletinlegal/Circulares/2017/Circular%20No.%201%20del%2030%20de%20Marzo%20de%202017.pdf HTTP/1.1" 200 668532
172.22.2.4 - - [22/Apr/2022:19:41:33 -0500] "GET /BLA/boletinlegal/Circulares/2017/Circular%20No.%2007%20del%2028%20de%20Abril%20de%202017.pdf HTTP/1.1" 200 309906
172.22.2.4 - - [22/Apr/2022:19:41:35 -0500] "GET /BLA/boletinlegal/jurisprudencia/analisis/AnalisisT-606-15.docx HTTP/1.1" 200 26698
172.22.2.4 - - [22/Apr/2022:19:41:39 -0500] "GET /BLA/boletinlegal/Circulares/2017/Circular%20No.%20011%20del%2005%20de%20julio%20de%202017.pdf HTTP/1.1" 200 965526
172.22.2.4 - - [22/Apr/2022:19:41:45 -0500] "GET /BLA/boletinlegal/Circulares/2015/Circular%20No.%202%20del%201%20de%20julio%20de%202015.pdf HTTP/1.1" 200 752890
192.168.171.38 - - [22/Apr/2022:19:41:48 -0500] "POST /BLA/boletinlegal/admin/actos/ingresar.php HTTP/1.1" 200 7236
66.220.149.8 - - [22/Apr/2022:19:41:59 -0500] "GET /distrito-academia-y-sector-privado-plantaron-100-arboles-para-conmemorar-el-dia-de-la-tierra.html HTTP/1.1" 206 1066
172.22.2.4 - - [22/Apr/2022:19:42:04 -0500] "GET /BLA/boletinlegal/Circulares/2015/Circular%20No.%201%20del%2010%20de%20Febrero%20de%202015.pdf HTTP/1.1" 200 660637
192.168.171.38 - - [22/Apr/2022:19:42:08 -0500] "GET /BLA/boletinlegal/consulta_actos.php?tipo=resoluciones&no=0153&usuario=&sector=&fecha=2022&resuelve= HTTP/1.1" 200 1155
172.22.2.4 - - [22/Apr/2022:19:42:10 -0500] "GET /BLA/boletinlegal/Circulares/2014/Circular%20No.%203%20del%2014%20de%20Noviembre%20de%202014.pdf HTTP/1.1" 200 104132
172.22.2.4 - - [22/Apr/2022:19:42:14 -0500] "GET /BLA/boletinlegal/Circulares/2014/Circular%20No.%202%20del%2021%20de%20septiembre%20de%202014.pdf HTTP/1.1" 200 143376
172.22.2.4 - - [22/Apr/2022:19:42:19 -0500] "GET /BLA/boletinlegal/Circulares/2014/Circular%20No.%201%20del%2008%20de%20Mayo%20de%202014.pdf HTTP/1.1" 200 180124
172.22.2.4 - - [22/Apr/2022:19:40:43 -0500] "HEAD /BLA/boletinlegal/ HTTP/1.1" 200 -
172.22.2.4 - - [22/Apr/2022:19:42:25 -0500] "GET /BLA/boletinlegal/Circulares/2013/Circular%20No.%208%20del%201%20de%20Noviembre%20de%202013.pdf HTTP/1.1" 200 385156
172.22.2.4 - - [22/Apr/2022:19:42:31 -0500] "GET /BLA/boletinlegal/Circulares/2013/Circular%20No.%207%20del%201%20de%20Agosto%20de%202013.pdf HTTP/1.1" 200 340934
172.22.2.4 - - [22/Apr/2022:19:42:35 -0500] "GET /BLA/boletinlegal/Circulares/2013/Circular%20No.%206%20del%2019%20de%20julio%20de%202013.pdf HTTP/1.1" 200 4210437
172.22.2.4 - - [22/Apr/2022:19:42:54 -0500] "GET /BLA/boletinlegal/Circulares/2013/Circular%20No.%205%20del%2013%20de%20junio%20de%202013.pdf HTTP/1.1" 200 110904
216.245.221.92 - - [22/Apr/2022:19:42:57 -0500] "HEAD / HTTP/1.1" 200 -
172.22.2.4 - - [22/Apr/2022:19:42:59 -0500] "GET /BLA/boletinlegal/Circulares/2013/Circular%20No.%204%20del%2005%20de%20junio%20de%202013.pdf HTTP/1.1" 200 130461
172.22.2.4 - - [22/Apr/2022:19:43:02 -0500] "GET /BLA/boletinlegal/Circulares/2013/Circular%20No.%203%20del%2005%20de%20abril%20de%202013.pdf HTTP/1.1" 200 93580
201.245.192.253 - - [22/Apr/2022:19:42:13 -0500] "POST /kwsrmcab/Wsrmcab HTTP/1.1" 200 45062
172.22.2.4 - - [22/Apr/2022:19:43:07 -0500] "GET /BLA/boletinlegal/Circulares/2013/Circular%20No.%202%20del%2022%20de%20enero%20de%202013.pdf HTTP/1.1" 200 85466
66.249.65.17 - - [22/Apr/2022:19:43:08 -0500] "-" 408 -
172.22.2.4 - - [22/Apr/2022:19:43:13 -0500] "GET /BLA/boletinlegal/Circulares/2013/Circular%20No.%201%20del%2014%20de%20enero%20de%202013.pdf HTTP/1.1" 200 1298384
172.22.2.4 - - [22/Apr/2022:19:41:33 -0500] "GET /BLA/boletinlegal/ HTTP/1.1" 200 59170
172.22.2.4 - - [22/Apr/2022:19:43:20 -0500] "GET /BLA/boletinlegal/Circulares/2012/Circular%20No.%209%20del%2021%20de%20Agosto%20de%202012.pdf HTTP/1.1" 200 1402289
172.22.2.4 - - [22/Apr/2022:19:43:27 -0500] "GET /BLA/boletinlegal/Circulares/2012/Circular%20No.%208%20del%2021%20de%20Agosto%20de%202012.pdf HTTP/1.1" 200 963197
172.22.2.4 - - [22/Apr/2022:19:43:34 -0500] "GET /BLA/boletinlegal/Circulares/2012/Circular%20No.%2016%20del%2022%20de%20octubre%20de%202012.pdf HTTP/1.1" 200 381186
172.22.2.4 - - [22/Apr/2022:19:43:41 -0500] "GET /BLA/boletinlegal/Circulares/2012/Circular%20No.%2015%20del%2022%20de%20octubre%20de%202012.pdf HTTP/1.1" 200 486506
172.22.2.4 - - [22/Apr/2022:19:43:46 -0500] "GET /BLA/boletinlegal/Circulares/2012/Circular%20No.%2014%20del%2011%20de%20Septiembre%20de%202012.pdf HTTP/1.1" 200 3427471
201.245.192.253 - - [22/Apr/2022:19:43:04 -0500] "POST /kwsrmcab/Wsrmcab HTTP/1.1" 200 46102
172.22.2.4 - - [22/Apr/2022:19:43:53 -0500] "GET /BLA/boletinlegal/Circulares/2012/Circular%20No.%2013%20del%2006%20de%20Septiembre%20de%202012.pdf HTTP/1.1" 200 351421
172.22.2.4 - - [22/Apr/2022:19:43:59 -0500] "GET /BLA/boletinlegal/Circulares/2012/Circular%20No.%2012%20del%2028%20de%20Agosto%20de%202012.pdf HTTP/1.1" 200 369945
186.80.52.5 - - [22/Apr/2022:19:44:06 -0500] "-" 408 -
172.22.2.4 - - [22/Apr/2022:19:44:07 -0500] "GET /BLA/boletinlegal/Circulares/2012/Circular%20No.%2011%20del%2027%20de%20Agosto%20de%202012.pdf HTTP/1.1" 200 526945
172.22.2.4 - - [22/Apr/2022:19:44:13 -0500] "GET /BLA/boletinlegal/Circulares/2012/Circular%20No.%2010%20del%2022%20de%20Agosto%20de%202012.pdf HTTP/1.1" 200 1563219
192.168.171.38 - - [22/Apr/2022:19:45:56 -0500] "POST /BLA/boletinlegal/admin/actos/ingresar.php HTTP/1.1" 200 7236
192.168.171.38 - - [22/Apr/2022:19:46:05 -0500] "GET /BLA/boletinlegal/consulta_actos.php?tipo=resoluciones&no=0176&usuario=&sector=&fecha=2022&resuelve= HTTP/1.1" 200 626
192.168.171.38 - - [22/Apr/2022:19:46:48 -0500] "POST /BLA/boletinlegal/admin/actos/ingresar.php HTTP/1.1" 200 7236
192.168.171.38 - - [22/Apr/2022:19:46:51 -0500] "GET /BLA/boletinlegal/consulta_actos.php?tipo=resoluciones&no=0176&usuario=&sector=&fecha=2022&resuelve= HTTP/1.1" 200 1076
216.245.221.92 - - [22/Apr/2022:19:47:57 -0500] "HEAD / HTTP/1.1" 200 -
172.22.2.4 - - [22/Apr/2022:19:46:33 -0500] "HEAD /BLA/boletinlegal/ HTTP/1.1" 200 -
172.22.2.4 - - [22/Apr/2022:19:47:23 -0500] "GET /BLA/boletinlegal/ HTTP/1.1" 200 61416
199.59.150.183 - - [22/Apr/2022:19:49:11 -0500] "GET /documents/10184/2325415/pieza-concurso-buenas-practicas-20-septiembre.jpg HTTP/1.1" 404 1030
204.199.86.74 - - [22/Apr/2022:19:49:17 -0500] "GET /distrito-academia-y-sector-privado-plantaron-100-arboles-para-conmemorar-el-dia-de-la-tierra.html HTTP/1.1" 200 1066
204.199.86.74 - - [22/Apr/2022:19:49:17 -0500] "GET /favicon.ico HTTP/1.1" 404 1488
181.57.225.153 - - [22/Apr/2022:19:49:23 -0500] "GET /distrito-academia-y-sector-privado-plantaron-100-arboles-para-conmemorar-el-dia-de-la-tierra.html HTTP/1.1" 200 1066
66.249.65.13 - - [22/Apr/2022:19:51:42 -0500] "-" 408 -
181.53.13.95 - - [22/Apr/2022:19:52:13 -0500] "GET /kwssiamovil/sm/acme/a?s=U2FsdGVkX19/0LUi8MjPABP+aNgWCDI8ahQ94c59RykLe/I03q7d4GrSchcqQts4DrE2J/TIhBGMX5JJpaZWTWE7UlgCLV2KkiCQJHqT4gM0wqgEV6eyATWZKEAgX0vcCeQY972xciOL5KhREWsCKe9G6w7piVrycYMd0OVD0vdFLC9Jwh4euS6KmskbojCb1u+vpFdiWjLtmVxbqeL7UTobPWglJ4gJq6G0eMfUq+tqu9rKIHqcpnZ7tltaSKKrNi91pXv7n7mvVFrfzIQHRI6ljX9P0wMUbgAv5KPeKJs=&u=U2FsdGVkX19JI2QDs0pV+Vu9s7efwDkyNlK+ValZvOGxHNE3gTzJNAHoON7pjFuL&y=U2FsdGVkX1+6QiAYq4SVbeNNpZjBoen5hrUbcoR58zxzapYxMu4AWU5pRRI+y9JV HTTP/1.1" 200 25
181.53.13.95 - - [22/Apr/2022:19:52:14 -0500] "GET /kwssiamovil/sm/acme/a?s=U2FsdGVkX18vOWnXq6qN/eeOKZyiYJgIGofYQ+eKlM8yWZLLDK5fl7ZC4BqBeH+z9EVct9dPAQndIN9uZVi7PGu0C3oSiy/heHu9FxFMoR1ALztMA6SZ1mrpmMs3y1J42Uh3oq3RZI+85C1tKDcGrW5BjBUHOWYXqWrwVRo+N8V1zgdyDvSzV1DHAmMS32MZ60UhyhtaezlennbLuzlISoJCUsg5ZdzpI9NzTLH/pNMaKLaTNkHXVobZPQlExRCkxDA6MmcBEvV7k333E8+zIp/4nZwsRnH6wUITDoJRoQe1Ap+EAGz22/SqMoWcKQLNUfK0d6ecy5bohli89qDD92UKsrFq4L6ijDQjFEjeKR4qzxwHAHjZkSj8SXZRalMPap4zM8HOOuq4l2vFVyRLdtOFgoy69ADOw9IyXLYod7s6n6azGXnYd2mZnMxOOAuHLZAzsxUxYb+CPWYOjvIrYue+2f1ZKeAfrLsJ8y2LARQNKy96D/oQW6uMuwvS0Z04P0T1oQTOKmQIytDYn/CNDA5EKNHPVlmSmUMHVyvBlLpN+gcheFQJcWS5qytYFWaTGv8Qkof4bRbA5MrFgVlzFBlruTiy4VLzmVMlS0hRnJ1s1ASXllmcQOEhMXtkeBNBhYr29UcFCAVvQzsVtw3fZP1563xlQVL80lwFhaEqS4L7/lzVd4QW4vcgRnw4JIfUh7kI/EVhhjbBP6cW/lTfNtDO3ReCn43gKWttqTiVfchZ5hdaeF6u7e5iNT3NDyyFSw58OncmbPk9siiPSH1dz6TlxUj0PEzaIb//YW3RSSo3IUF4r2KzVRPUDj2XsVMz6afrBvvxbW+e3/IgbPl3d0xRa6yt4XbPE/Bi6gEMgLP1SJl4uTWmQIUoqh/N82/hbpp35HY8QlqoaT3z4LKr7xWQnUUbrM3S4Oh9IbRHYWrkunI8MDi+uZnft4VGAjh4kH4jtqIinDKpkHuE1grnWYmq9CK4M+y2Orv8XeuFKTyrSc7hV7MQjAXy61KKUms3r2EzLPcWtRjmyl4LcrugcvkBV+MN1XZWKxjrHYwOaRB7wwLPorwvXJJWGJtZnKdbwOLXsJS0Twh1WhfciqH55u/s3DMhBKuUwoUe3ua8b0rezDE9n8bGGRdVmMVugGJ1I2dcpnrlN1Z4M77AcoxJ8VOG6YK66hK8owbWziC7RBtX4uQ8/shp8Zsd0e6PcAOMIwvBpZ2sZ8BCNVnU0x5cDp9Ir1Getxdii4XvipjG+FrrSpAinpTrN7qVt/sAtGK14GhnWaT2e0GUisoRl9BOzlZM/J0/YW41hDBrSwsy7co8o+2UOiGeUWbEm7kPWPLbKM27cVaWEgVMQU8t+vPXayYDSfadTCaIEDlc9ey6ZdDZF36QJem/PvTEErGIUH9lm53ZAdmP9nPjCvB46NkbH7BM93rN3FPv9IS2AHO/YjRQPNF+5VKEUnRQy6YloDDxA7dZqAGv8ac+ij7aLs6gC6LPurMmxNLMmAJfKLEdXX7Szw6hlnprU0fNj+swWj+VwQVTFyVnOk15tg5xt4VHVkAaGpHNBXWJH41H+yk/dIyMz6dQLu6wLhaDLUod1t1szX7WHp8fexO3Ibep3/pKUhU2qZSSiutGn0A/THX0ddlEpX1dBGgcEw8FDqODsgfLKeazCzevdUEiyOf0x0qffiueSZC7vrkT1Dfof0WFQqdP+T8mRcuHa8TIl46gsX8s3H7WGeuIwvxzhPm8VWjWTWyP/uAr1ak3pYi+1hE1TaaA3P3NMTruDUHmdBgFCezfow7pZY5FLD6vvmJTqkod5eUTBIWxG9+5ak5TFCMdEW6bI5vqGbpVp/PQr4kxMYxspytIG5mW8Wci6t5e/tg/1MWUP2McektIiny94wGoVpvDcv/6tq4pODCz3A+OPzjxqFYfufaOXdxu2zWyG7DQGhliVsvhwgF48U6l3wRWbl4w/LpuwiuZdxWen7c6ZnH2hLmGKj5mXRdWjultbUeTz/K2sWENS256BPQFbUA07rdEht6I7f/do6+npngLyg/kVIS1j3ZdJWacZOUZ7PYtuAt/RMFSY95IajWqgrlm0DMNItWS0QDK/ae3AAd/EB2gFWyxMZqtKp3R5jeBO1Cc5GhZD9COcx+JTFmtEkwT2Fjd/LCb2Clq4rmNZRB4P5lVGBAiu3MhFx6urVkRdOXHgJ/xG3o8lFb3REPcCmQUYJUxUIabOT8hEs8o8QHUQ73FBs8z3srzhUI39tLmOI3HoQ==&u=U2FsdGVkX19JI2QDs0pV+Vu9s7efwDkyNlK+ValZvOGxHNE3gTzJNAHoON7pjFuL&y=U2FsdGVkX1+6QiAYq4SVbeNNpZjBoen5hrUbcoR58zxzapYxMu4AWU5pRRI+y9JV HTTP/1.1" 200 25
181.53.13.95 - - [22/Apr/2022:19:52:14 -0500] "GET /kwssiamovil/sm/acme/a?s=U2FsdGVkX1+JD2rqZ2T9G4XFaz9ImbwQZfzH9SMFxUptkMtwvcP1brrV1jL2ryh3kmKKSPetH+KqLmL+O2pF4w/8JP80GzIcKCUQNW3OJLIJ8uSzo/S6TlJk9apmEUVhnRJESnvWbwlohcqSG8vZoUBleZdBvmSrXuW7+03tHjI=&u=U2FsdGVkX19JI2QDs0pV+Vu9s7efwDkyNlK+ValZvOGxHNE3gTzJNAHoON7pjFuL&y=U2FsdGVkX1+6QiAYq4SVbeNNpZjBoen5hrUbcoR58zxzapYxMu4AWU5pRRI+y9JV HTTP/1.1" 200 25
181.53.13.95 - - [22/Apr/2022:19:52:14 -0500] "GET /kwssiamovil/sm/acme/a?s=U2FsdGVkX18GnIQ1oDg04eyhXmbGBeYOtBpPqVE4zvJC3zHiDJs7iM5T5BxQTYxsVCfB7SZEJ/go+mdZARiB5MPkmwnRv3WPrV/0Ph4vYV60L+hqvdSpdzT0Q7NRdKZzp/p52BwvTfoaMP1K2ACQpg5uiGzxpNllJVPXVg/bf4E=&u=U2FsdGVkX19JI2QDs0pV+Vu9s7efwDkyNlK+ValZvOGxHNE3gTzJNAHoON7pjFuL&y=U2FsdGVkX1+6QiAYq4SVbeNNpZjBoen5hrUbcoR58zxzapYxMu4AWU5pRRI+y9JV HTTP/1.1" 200 25
181.53.13.95 - - [22/Apr/2022:19:52:14 -0500] "GET /kwssiamovil/sm/acme/a?s=U2FsdGVkX1/5eHHDb6rmrJaqlR7DYjGVDXNC3NMjPg1EPssB9EWpkED2VHtdNdocGOQN3LIq4qud+9rkEdkjs97/du4xUZXpmNBwVq8q+HlgUSU1ygpw2g+4ND56+3c3qesKpTN1mzp4gmNl/5Tjt7Yjm2BmgCB3jqqR5EJGwl0=&u=U2FsdGVkX19JI2QDs0pV+Vu9s7efwDkyNlK+ValZvOGxHNE3gTzJNAHoON7pjFuL&y=U2FsdGVkX1+6QiAYq4SVbeNNpZjBoen5hrUbcoR58zxzapYxMu4AWU5pRRI+y9JV HTTP/1.1" 200 25
181.53.13.95 - - [22/Apr/2022:19:52:14 -0500] "GET /kwssiamovil/sm/acme/a?s=U2FsdGVkX18nccq9JO0VWcVoA7T6Sbk9XNS6V9Fa577ZXTc1KvvZKeG8wK03x9uaplXHDrXnwboIPf44D6dxjh/mdE9t0eQkifGmpxPPY6CPBzgl1Kvu82QdgSLxJk+wyJN5uYOqMHdIxt+Py9a4iNDCo/C39iKcs8RgmmQxZ7/glBX8UEcPmSxrBHt1r/2B28zhEewrj3piKJWTHAF0gA==&u=U2FsdGVkX19JI2QDs0pV+Vu9s7efwDkyNlK+ValZvOGxHNE3gTzJNAHoON7pjFuL&y=U2FsdGVkX1+6QiAYq4SVbeNNpZjBoen5hrUbcoR58zxzapYxMu4AWU5pRRI+y9JV HTTP/1.1" 200 25
192.168.171.38 - - [22/Apr/2022:19:52:28 -0500] "POST /BLA/boletinlegal/admin/actos/ingresar.php HTTP/1.1" 200 7236
192.168.171.38 - - [22/Apr/2022:19:52:37 -0500] "GET /BLA/boletinlegal/consulta_actos.php?tipo=resoluciones&no=2232&usuario=&sector=&fecha=2018&resuelve= HTTP/1.1" 200 1096
216.245.221.92 - - [22/Apr/2022:19:52:57 -0500] "HEAD / HTTP/1.1" 200 -
40.77.167.29 - - [22/Apr/2022:19:52:52 -0500] "GET /requerimientos/consulta.php HTTP/1.1" 200 1343435
192.168.171.38 - - [22/Apr/2022:19:53:52 -0500] "POST /BLA/boletinlegal/admin/actos/ingresar.php HTTP/1.1" 200 2102
192.168.171.38 - - [22/Apr/2022:19:53:56 -0500] "GET /BLA/boletinlegal/admin/actos/ingresar.php HTTP/1.1" 200 7143
172.22.2.4 - - [22/Apr/2022:19:52:23 -0500] "HEAD /BLA/boletinlegal/ HTTP/1.1" 200 -
186.114.13.245 - - [22/Apr/2022:19:54:10 -0500] "GET /distrito-academia-y-sector-privado-plantaron-100-arboles-para-conmemorar-el-dia-de-la-tierra.html HTTP/1.1" 200 1066
192.168.171.38 - - [22/Apr/2022:19:54:14 -0500] "GET /BLA/boletinlegal/consulta_actos.php?tipo=resoluciones&no=2852&usuario=&sector=&fecha=2018&resuelve= HTTP/1.1" 200 626
192.168.171.38 - - [22/Apr/2022:19:54:23 -0500] "GET /BLA/boletinlegal/consulta_actos.php?tipo=resoluciones&no=2852&usuario=&sector=&fecha=2019&resuelve= HTTP/1.1" 200 626
172.22.2.4 - - [22/Apr/2022:19:53:13 -0500] "GET /BLA/boletinlegal/ HTTP/1.1" 200 59170
192.168.171.38 - - [22/Apr/2022:19:55:01 -0500] "POST /BLA/boletinlegal/admin/actos/ingresar.php HTTP/1.1" 200 2102
192.168.171.38 - - [22/Apr/2022:19:55:03 -0500] "GET /BLA/boletinlegal/admin/actos/ingresar.php HTTP/1.1" 200 7143
192.168.171.38 - - [22/Apr/2022:19:57:01 -0500] "POST /BLA/boletinlegal/admin/actos/ingresar.php HTTP/1.1" 200 2102
192.168.171.38 - - [22/Apr/2022:19:57:02 -0500] "GET /BLA/boletinlegal/admin/actos/ingresar.php HTTP/1.1" 200 7143
173.252.87.11 - - [22/Apr/2022:19:57:12 -0500] "GET /distrito-academia-y-sector-privado-plantaron-100-arboles-para-conmemorar-el-dia-de-la-tierra.html?fbclid=IwAR0mV7EvZisXL0XLsfvBKADD8OQ-L2ncX4pRqfcEeQzZv4St9uTLN3pUBqg HTTP/1.1" 200 1066
192.168.171.38 - - [22/Apr/2022:19:57:15 -0500] "GET /BLA/boletinlegal/consulta_actos.php?tipo=resoluciones&no=0566&usuario=&sector=&fecha=2020&resuelve= HTTP/1.1" 200 626
192.168.171.38 - - [22/Apr/2022:19:57:16 -0500] "GET /BLA/boletinlegal/consulta_actos.php?tipo=resoluciones&no=0566&usuario=&sector=&fecha=2020&resuelve= HTTP/1.1" 200 626
192.168.171.38 - - [22/Apr/2022:19:57:21 -0500] "GET /BLA/boletinlegal/consulta_actos.php?tipo=resoluciones&no=0566&usuario=&sector=&fecha=2020&resuelve= HTTP/1.1" 200 626
216.245.221.92 - - [22/Apr/2022:19:57:57 -0500] "HEAD / HTTP/1.1" 200 -
207.46.13.79 - - [22/Apr/2022:19:58:12 -0500] "GET / HTTP/1.1" 200 319
192.168.171.38 - - [22/Apr/2022:19:58:45 -0500] "GET /BLA/boletinlegal/consulta_actos.php?tipo=autos&no=0031&usuario=&sector=&fecha=2019&resuelve= HTTP/1.1" 200 626
186.84.21.130 - - [22/Apr/2022:19:58:51 -0500] "-" 408 -
192.168.171.38 - - [22/Apr/2022:19:58:56 -0500] "POST /BLA/boletinlegal/admin/actos/ingresar.php HTTP/1.1" 200 7236
192.168.171.38 - - [22/Apr/2022:19:59:00 -0500] "GET /BLA/boletinlegal/consulta_actos.php?tipo=autos&no=0031&usuario=&sector=&fecha=2019&resuelve= HTTP/1.1" 200 1050
172.22.2.4 - - [22/Apr/2022:19:58:51 -0500] "GET /BLA/boletinlegal/ HTTP/1.1" 200 24523
186.28.128.151 - - [22/Apr/2022:19:59:40 -0500] "GET /BLA/resoluciones/RESOLUCIONES%202021/5262.pdf HTTP/1.1" 200 370932
186.28.128.151 - - [22/Apr/2022:19:59:40 -0500] "GET /BLA/resoluciones/RESOLUCIONES%202021/5262.pdf HTTP/1.1" 200 370932
186.28.128.151 - - [22/Apr/2022:19:59:40 -0500] "GET /BLA/resoluciones/RESOLUCIONES%202021/5262.pdf HTTP/1.1" 206 1025
186.28.128.151 - - [22/Apr/2022:19:59:41 -0500] "GET /BLA/resoluciones/RESOLUCIONES%202021/5262.pdf HTTP/1.1" 206 3072
186.28.128.151 - - [22/Apr/2022:19:59:41 -0500] "GET /BLA/resoluciones/RESOLUCIONES%202021/5262.pdf HTTP/1.1" 206 366835
186.28.128.151 - - [22/Apr/2022:19:59:52 -0500] "GET /BLA/resoluciones/RESOLUCIONES%202021/5262.pdf HTTP/1.1" 206 1
186.28.128.151 - - [22/Apr/2022:19:59:52 -0500] "GET /BLA/resoluciones/RESOLUCIONES%202021/5262.pdf HTTP/1.1" 206 369752
186.28.128.151 - - [22/Apr/2022:19:59:52 -0500] "GET /BLA/resoluciones/RESOLUCIONES%202021/5262.pdf HTTP/1.1" 200 370932
172.22.2.4 - - [22/Apr/2022:19:58:13 -0500] "HEAD /BLA/boletinlegal/ HTTP/1.1" 200 -
192.168.171.38 - - [22/Apr/2022:20:00:10 -0500] "POST /BLA/boletinlegal/admin/actos/ingresar.php HTTP/1.1" 200 7236
192.168.171.38 - - [22/Apr/2022:20:00:19 -0500] "GET /BLA/boletinlegal/consulta_actos.php?tipo=resoluciones&no=0988&usuario=&sector=&fecha=2021&resuelve= HTTP/1.1" 200 1169
172.22.2.4 - - [22/Apr/2022:19:59:03 -0500] "GET /BLA/boletinlegal/ HTTP/1.1" 200 57542
192.168.171.38 - - [22/Apr/2022:20:01:21 -0500] "POST /BLA/boletinlegal/admin/actos/ingresar.php HTTP/1.1" 200 7236
192.168.171.38 - - [22/Apr/2022:20:01:27 -0500] "GET /BLA/boletinlegal/consulta_actos.php?tipo=resoluciones&no=4409&usuario=&sector=&fecha=2021&resuelve= HTTP/1.1" 200 1170
216.245.221.92 - - [22/Apr/2022:20:02:57 -0500] "HEAD / HTTP/1.1" 200 -
192.168.171.38 - - [22/Apr/2022:20:03:05 -0500] "POST /BLA/boletinlegal/admin/actos/ingresar.php HTTP/1.1" 200 7236
192.168.171.38 - - [22/Apr/2022:20:03:11 -0500] "GET /BLA/boletinlegal/consulta_actos.php?tipo=resoluciones&no=1016&usuario=&sector=&fecha=2021&resuelve= HTTP/1.1" 200 1176
34.91.216.210 - - [22/Apr/2022:20:04:20 -0500] "GET / HTTP/1.1" 200 319
192.168.171.38 - - [22/Apr/2022:20:04:25 -0500] "POST /BLA/boletinlegal/admin/actos/ingresar.php HTTP/1.1" 200 7236
192.168.171.38 - - [22/Apr/2022:20:04:34 -0500] "GET /BLA/boletinlegal/consulta_actos.php?tipo=resoluciones&no=1913&usuario=&sector=&fecha=2019&resuelve= HTTP/1.1" 200 1161
186.102.46.153 - - [22/Apr/2022:20:04:52 -0500] "-" 408 -
172.22.2.4 - - [22/Apr/2022:20:03:58 -0500] "GET /BLA/boletinlegal/ HTTP/1.1" 200 32715
172.22.2.4 - - [22/Apr/2022:20:03:58 -0500] "GET /BLA/boletinlegal/ HTTP/1.1" 200 32715
172.22.2.4 - - [22/Apr/2022:20:03:58 -0500] "GET /BLA/boletinlegal/ HTTP/1.1" 200 32715
172.22.2.4 - - [22/Apr/2022:20:03:58 -0500] "GET /BLA/boletinlegal/ HTTP/1.1" 200 32715
187.190.205.230 - - [22/Apr/2022:20:05:31 -0500] "GET /distrito-academia-y-sector-privado-plantaron-100-arboles-para-conmemorar-el-dia-de-la-tierra.html HTTP/1.1" 200 1066
192.168.171.38 - - [22/Apr/2022:20:05:41 -0500] "POST /BLA/boletinlegal/admin/actos/ingresar.php HTTP/1.1" 200 7236
172.22.2.4 - - [22/Apr/2022:20:04:03 -0500] "HEAD /BLA/boletinlegal/ HTTP/1.1" 200 -
192.168.171.38 - - [22/Apr/2022:20:05:53 -0500] "GET /BLA/boletinlegal/consulta_actos.php?tipo=resoluciones&no=2305&usuario=&sector=&fecha=2019&resuelve= HTTP/1.1" 200 1123
198.235.24.141 - - [22/Apr/2022:20:06:17 -0500] "GET / HTTP/1.1" 200 319
172.22.2.4 - - [22/Apr/2022:20:04:53 -0500] "GET /BLA/boletinlegal/ HTTP/1.1" 200 51717
192.168.171.38 - - [22/Apr/2022:20:07:10 -0500] "POST /BLA/boletinlegal/admin/actos/ingresar.php HTTP/1.1" 200 7236
192.168.171.38 - - [22/Apr/2022:20:07:21 -0500] "GET /BLA/boletinlegal/consulta_actos.php?tipo=resoluciones&no=2535&usuario=&sector=&fecha=2021&resuelve= HTTP/1.1" 200 1069
172.22.2.4 - - [22/Apr/2022:20:07:55 -0500] "GET /BLA/boletinlegal/jurisprudencia.php HTTP/1.1" 200 17573
216.245.221.92 - - [22/Apr/2022:20:07:57 -0500] "HEAD / HTTP/1.1" 200 -
66.249.65.17 - - [22/Apr/2022:20:09:49 -0500] "-" 408 -
66.220.149.18 - - [22/Apr/2022:20:10:35 -0500] "GET /en-dia-internacional-de-la-tierra-secretaria-de-ambiente-presenta-libro-digital-de-relatos-escritos-por-ciudadanos.html?fbclid=IwAR0lbxq3Dth26nxIJixI1zjvqxLvriit6UixUhfGreLnPpQiSixdcePa8M4 HTTP/1.1" 200 1033
193.27.14.232 - - [22/Apr/2022:20:11:00 -0500] "-" 408 -
172.22.2.4 - - [22/Apr/2022:20:09:53 -0500] "HEAD /BLA/boletinlegal/ HTTP/1.1" 200 -
207.46.13.115 - - [22/Apr/2022:20:12:10 -0500] "GET /bla/resoluciones/autos%202021/0126.pdf HTTP/1.1" 200 448608
172.22.2.4 - - [22/Apr/2022:20:10:43 -0500] "GET /BLA/boletinlegal/ HTTP/1.1" 200 60932
216.245.221.92 - - [22/Apr/2022:20:12:57 -0500] "HEAD / HTTP/1.1" 200 -
192.168.171.38 - - [22/Apr/2022:20:13:26 -0500] "POST /BLA/boletinlegal/admin/actos/ingresar.php HTTP/1.1" 200 7236
192.168.171.38 - - [22/Apr/2022:20:13:35 -0500] "GET /BLA/boletinlegal/consulta_actos.php?tipo=resoluciones&no=1626&usuario=&sector=&fecha=2021&resuelve= HTTP/1.1" 200 1111
179.108.44.103 - - [22/Apr/2022:20:13:56 -0500] "GET / HTTP/1.1" 200 319
207.46.13.148 - - [22/Apr/2022:20:14:46 -0500] "GET /en-esta-navidad-bogota-esta-mejorando-con-mas-espacios-verdes-para-el-disfrute-de-la-ciudadania.html HTTP/1.1" 200 1114
69.63.184.6 - - [22/Apr/2022:20:14:49 -0500] "GET /images/llantaton-jornada.jpg HTTP/1.1" 200 356045
192.168.171.38 - - [22/Apr/2022:20:15:09 -0500] "POST /BLA/boletinlegal/admin/actos/ingresar.php HTTP/1.1" 200 7236
192.168.171.38 - - [22/Apr/2022:20:15:15 -0500] "GET /BLA/boletinlegal/consulta_actos.php?tipo=resoluciones&no=0444&usuario=&sector=&fecha=2021&resuelve= HTTP/1.1" 200 1144
191.95.59.59 - - [22/Apr/2022:20:15:36 -0500] "GET /con-jornadas-de-plantacion-jardin-botanico-celebro-dia-mundial-de-la-tierra.html HTTP/1.1" 200 995
192.168.171.38 - - [22/Apr/2022:20:16:12 -0500] "POST /BLA/boletinlegal/admin/actos/ingresar.php HTTP/1.1" 200 7236
172.22.2.4 - - [22/Apr/2022:20:15:43 -0500] "HEAD /BLA/boletinlegal/ HTTP/1.1" 200 -
192.168.171.38 - - [22/Apr/2022:20:17:46 -0500] "POST /BLA/boletinlegal/admin/actos/ingresar.php HTTP/1.1" 200 7236
216.245.221.92 - - [22/Apr/2022:20:17:57 -0500] "HEAD / HTTP/1.1" 200 -
192.168.171.38 - - [22/Apr/2022:20:17:57 -0500] "GET /BLA/boletinlegal/consulta_actos.php?tipo=autos&no=0340&usuario=&sector=&fecha=2021&resuelve= HTTP/1.1" 200 1031
172.22.2.4 - - [22/Apr/2022:20:16:33 -0500] "GET /BLA/boletinlegal/ HTTP/1.1" 200 57044
192.168.171.38 - - [22/Apr/2022:20:20:11 -0500] "POST /BLA/boletinlegal/admin/actos/ingresar.php HTTP/1.1" 200 7236
192.168.171.38 - - [22/Apr/2022:20:20:22 -0500] "GET /BLA/boletinlegal/consulta_actos.php?tipo=resoluciones&no=2650&usuario=&sector=&fecha=2021&resuelve= HTTP/1.1" 200 1182
66.249.65.13 - - [22/Apr/2022:20:20:30 -0500] "-" 408 -
192.168.171.38 - - [22/Apr/2022:20:21:27 -0500] "POST /BLA/boletinlegal/admin/actos/ingresar.php HTTP/1.1" 200 7236
192.168.171.38 - - [22/Apr/2022:20:21:33 -0500] "GET /BLA/boletinlegal/consulta_actos.php?tipo=resoluciones&no=2639&usuario=&sector=&fecha=2021&resuelve= HTTP/1.1" 200 1121
207.46.13.82 - - [22/Apr/2022:20:21:39 -0500] "GET /bla/resoluciones/autos%202008/3500.pdf HTTP/1.1" 200 98014
192.168.171.38 - - [22/Apr/2022:20:22:31 -0500] "POST /BLA/boletinlegal/admin/actos/ingresar.php HTTP/1.1" 200 7236
192.168.171.38 - - [22/Apr/2022:20:22:37 -0500] "GET /BLA/boletinlegal/consulta_actos.php?tipo=resoluciones&no=1640&usuario=&sector=&fecha=2021&resuelve= HTTP/1.1" 200 1213
216.245.221.92 - - [22/Apr/2022:20:22:57 -0500] "HEAD / HTTP/1.1" 200 -
201.245.192.253 - - [22/Apr/2022:20:22:12 -0500] "POST /kwsrmcab/Wsrmcab HTTP/1.1" 200 44537
172.22.2.4 - - [22/Apr/2022:20:21:33 -0500] "HEAD /BLA/boletinlegal/ HTTP/1.1" 200 -
201.245.192.253 - - [22/Apr/2022:20:23:03 -0500] "POST /kwsrmcab/Wsrmcab HTTP/1.1" 200 46087
172.22.2.4 - - [22/Apr/2022:20:22:23 -0500] "GET /BLA/boletinlegal/ HTTP/1.1" 200 53344
191.156.142.218 - - [22/Apr/2022:20:26:44 -0500] "GET /en-dia-internacional-de-la-tierra-secretaria-de-ambiente-presenta-libro-digital-de-relatos-escritos-por-ciudadanos.html HTTP/1.1" 304 -
216.245.221.92 - - [22/Apr/2022:20:27:57 -0500] "HEAD / HTTP/1.1" 200 -
172.22.2.4 - - [22/Apr/2022:20:27:23 -0500] "HEAD /BLA/boletinlegal/ HTTP/1.1" 200 -
199.59.150.181 - - [22/Apr/2022:20:29:06 -0500] "GET /documents/10184/2325415/pieza-concurso-buenas-practicas-20-septiembre.jpg HTTP/1.1" 404 1030
190.130.91.104 - - [22/Apr/2022:20:29:25 -0500] "-" 408 -
172.22.2.4 - - [22/Apr/2022:20:28:13 -0500] "GET /BLA/boletinlegal/ HTTP/1.1" 200 60932
114.119.150.209 - - [22/Apr/2022:20:30:45 -0500] "-" 408 -
192.168.171.38 - - [22/Apr/2022:20:31:07 -0500] "POST /BLA/boletinlegal/admin/actos/ingresar.php HTTP/1.1" 200 7236
114.119.141.15 - - [22/Apr/2022:20:31:16 -0500] "-" 408 -
192.168.171.38 - - [22/Apr/2022:20:31:17 -0500] "GET /BLA/boletinlegal/consulta_actos.php?tipo=autos&no=1072&usuario=&sector=&fecha=2022&resuelve= HTTP/1.1" 200 1043
186.30.107.206 - - [22/Apr/2022:20:31:32 -0500] "GET /BLA/resoluciones/index.php?dir=AUTOS+2011%2F HTTP/1.1" 200 627290
114.119.138.35 - - [22/Apr/2022:20:31:47 -0500] "-" 408 -
192.168.171.38 - - [22/Apr/2022:20:32:08 -0500] "POST /BLA/boletinlegal/admin/actos/ingresar.php HTTP/1.1" 200 7236
192.168.171.38 - - [22/Apr/2022:20:32:14 -0500] "GET /BLA/boletinlegal/consulta_actos.php?tipo=autos&no=1809&usuario=&sector=&fecha=2022&resuelve= HTTP/1.1" 200 1037
186.30.107.206 - - [22/Apr/2022:20:32:42 -0500] "GET /BLA/resoluciones/AUTOS%202011/7676.pdf HTTP/1.1" 200 115503
216.245.221.92 - - [22/Apr/2022:20:32:57 -0500] "HEAD / HTTP/1.1" 200 -
201.245.192.253 - - [22/Apr/2022:20:32:12 -0500] "POST /kwsrmcab/Wsrmcab HTTP/1.1" 200 44537
201.245.192.253 - - [22/Apr/2022:20:33:02 -0500] "POST /kwsrmcab/Wsrmcab HTTP/1.1" 200 46087
172.22.2.4 - - [22/Apr/2022:20:34:51 -0500] "GET /BLA/boletinlegal/Circulares/2021/CIRCULAR%20No.%2000009%20DEL%2001%20DE%20OCTUBRE%20DEL%202021.pdf HTTP/1.1" 304 -
172.22.2.4 - - [22/Apr/2022:20:33:13 -0500] "HEAD /BLA/boletinlegal/ HTTP/1.1" 200 -
172.22.2.4 - - [22/Apr/2022:20:34:03 -0500] "GET /BLA/boletinlegal/ HTTP/1.1" 200 60932
207.46.13.82 - - [22/Apr/2022:20:36:02 -0500] "GET /sipse/faces/faces/autenticacion.xhtml HTTP/1.1" 200 12493
173.252.127.8 - - [22/Apr/2022:20:37:12 -0500] "GET /en-dia-internacional-de-la-tierra-secretaria-de-ambiente-presenta-libro-digital-de-relatos-escritos-por-ciudadanos.html?fbclid=IwAR1Ehln4oOXpgmu0bRzjqIZb52-6V3cda-n6K0YOa31u6_SOEF2Uav2qH0A HTTP/1.1" 200 1033
199.16.157.182 - - [22/Apr/2022:20:37:19 -0500] "GET /documents/10184/2325415/pieza-concurso-buenas-practicas-20-septiembre.jpg HTTP/1.1" 404 1030
216.245.221.92 - - [22/Apr/2022:20:37:57 -0500] "HEAD / HTTP/1.1" 200 -
181.55.68.39 - - [22/Apr/2022:20:38:41 -0500] "-" 408 -
181.55.68.39 - - [22/Apr/2022:20:38:41 -0500] "-" 408 -
172.22.2.4 - - [22/Apr/2022:20:39:03 -0500] "HEAD /BLA/boletinlegal/ HTTP/1.1" 200 -
172.22.2.4 - - [22/Apr/2022:20:39:34 -0500] "GET /BLA/boletinlegal/ HTTP/1.1" 200 49344
172.22.2.4 - - [22/Apr/2022:20:39:53 -0500] "GET /BLA/boletinlegal/ HTTP/1.1" 200 50207
216.245.221.92 - - [22/Apr/2022:20:42:57 -0500] "HEAD / HTTP/1.1" 200 -
201.245.192.253 - - [22/Apr/2022:20:42:12 -0500] "POST /kwsrmcab/Wsrmcab HTTP/1.1" 200 44537
172.22.2.4 - - [22/Apr/2022:20:43:27 -0500] "GET /BLA/boletinlegal/Circulares/2022/CIRCULAR%20No.%2000003%20DEL%2007%20DE%20MARZO%20DEL%202022.pdf HTTP/1.1" 404 1038
172.22.2.4 - - [22/Apr/2022:20:43:29 -0500] "GET /BLA/boletinlegal/Circulares/2021/CIRCULAR%20No.%2000009%20DEL%2001%20DE%20OCTUBRE%20DEL%202021.pdf HTTP/1.1" 200 320793
172.22.2.4 - - [22/Apr/2022:20:43:37 -0500] "GET /BLA/boletinlegal/Circulares/2021/CIRCULAR%20No.%2000007%20DEL%2010%20DE%20AGOSTO%20DEL%202021.pdf HTTP/1.1" 200 266364
172.22.2.4 - - [22/Apr/2022:20:43:45 -0500] "GET /BLA/boletinlegal/Circulares/2021/CIRCULAR%20No.%2000006%20DEL%2005%20DE%20AGOSTO%20DEL%202021.pdf HTTP/1.1" 200 249615
172.22.2.4 - - [22/Apr/2022:20:43:49 -0500] "GET /BLA/boletinlegal/Circulares/2020/Circular%20No.%2000018%20del%2002%20de%20diciembre%20del%202020.pdf HTTP/1.1" 200 276868
201.245.192.253 - - [22/Apr/2022:20:43:02 -0500] "POST /kwsrmcab/Wsrmcab HTTP/1.1" 200 46087
172.22.2.4 - - [22/Apr/2022:20:43:55 -0500] "GET /BLA/boletinlegal/Circulares/2020/Circular%2000010%20del%2027%20de%20julio%20de%202020.pdf HTTP/1.1" 200 422655
172.22.2.4 - - [22/Apr/2022:20:44:02 -0500] "GET /BLA/boletinlegal/Circulares/2020/CIRCULAR%20No.%2000019%20DEL%2018%20DE%20DICIEMBRE%20DEL%202020.pdf HTTP/1.1" 200 307959
172.22.2.4 - - [22/Apr/2022:20:44:09 -0500] "GET /BLA/boletinlegal/Circulares/2020/CIRCULAR%20No.%2000014%20del%2001%20de%20septiembre%20del%202020.pdf HTTP/1.1" 200 320826
172.22.2.4 - - [22/Apr/2022:20:44:13 -0500] "GET /BLA/boletinlegal/Circulares/2019/Circular%20No.%2012%20del%2014%20de%20Marzo%20de%202019.pdf HTTP/1.1" 200 344384
172.22.2.4 - - [22/Apr/2022:20:44:17 -0500] "GET /BLA/boletinlegal/admin/ HTTP/1.1" 200 2324
172.22.2.4 - - [22/Apr/2022:20:44:18 -0500] "GET /BLA/boletinlegal/Circulares/2019/Circular%20No.%20006%20del%2008%20de%20Febrero%20de%202019.pdf HTTP/1.1" 200 674401
172.22.2.4 - - [22/Apr/2022:20:44:24 -0500] "POST /BLA/boletinlegal/admin/usuarios/process.php HTTP/1.1" 302 -
172.22.2.4 - - [22/Apr/2022:20:44:24 -0500] "GET /BLA/boletinlegal/BLA/boletinlegal/admin/index.php HTTP/1.1" 404 1320
172.22.2.4 - - [22/Apr/2022:20:44:26 -0500] "GET /BLA/boletinlegal/Circulares/2019/Circular%20No.%200015%20del%2003%20de%20Octubre%20de%202019.pdf HTTP/1.1" 200 165608
172.22.2.4 - - [22/Apr/2022:20:44:31 -0500] "GET /BLA/boletinlegal/Circulares/2019/Circular%20No.%200005%20del%2020%20de%20Marzo%20de%202019.pdf HTTP/1.1" 200 159877
172.22.2.4 - - [22/Apr/2022:20:44:35 -0500] "GET /BLA/boletinlegal/Circulares/2019/Circular%20No.%200003%20del%2031%20de%20Enero%20de%202019.pdf HTTP/1.1" 200 164676
