172.22.2.4 - - [22/Apr/2022:20:44:39 -0500] "GET /BLA/boletinlegal/Circulares/2019/Circular%2000020%20del%2020%20de%20diciembre%20de%202019.pdf HTTP/1.1" 200 145170
172.22.2.4 - - [22/Apr/2022:20:44:26 -0500] "GET /BLA/boletinlegal/admin/ HTTP/1.1" 200 7021
172.22.2.4 - - [22/Apr/2022:20:44:44 -0500] "GET /BLA/boletinlegal/Circulares/2019/Circular%2000018%20del%2020%20de%20noviembre%20de%202019.pdf HTTP/1.1" 200 158030
172.22.2.4 - - [22/Apr/2022:20:44:47 -0500] "GET /BLA/boletinlegal/Circulares/2019/.pdf HTTP/1.1" 404 1218
172.22.2.4 - - [22/Apr/2022:20:44:51 -0500] "GET /BLA/boletinlegal/Circulares/2018/Circular%20No.%2011%20del%2024%20de%20Septiembre%20de%202018.pdf HTTP/1.1" 200 169541
172.22.2.4 - - [22/Apr/2022:20:44:58 -0500] "GET /BLA/boletinlegal/Circulares/2018/Circular%20No.%2010%20del%2021%20de%20Septiembre%20de%202018.pdf HTTP/1.1" 200 163426
172.22.2.4 - - [22/Apr/2022:20:44:30 -0500] "GET /BLA/boletinlegal/admin/ HTTP/1.1" 200 7021
172.22.2.4 - - [22/Apr/2022:20:45:04 -0500] "GET /BLA/boletinlegal/Circulares/2018/Circular%20No.%200015%20del%207%20de%20Diciembre%20de%202018.pdf HTTP/1.1" 200 165305
172.22.2.4 - - [22/Apr/2022:20:45:08 -0500] "GET /BLA/boletinlegal/Circulares/2018/CIRCULAR%20COJUNTA%20042%20DE%202018.pdf HTTP/1.1" 200 515008
172.22.2.4 - - [22/Apr/2022:20:45:17 -0500] "GET /BLA/boletinlegal/Circulares/2017/Circular%20No.%202%20del%201%20de%20Septiembre%20de%202017.pdf HTTP/1.1" 200 152575
66.249.65.17 - - [22/Apr/2022:20:45:17 -0500] "-" 408 -
172.22.2.4 - - [22/Apr/2022:20:44:35 -0500] "GET /BLA/boletinlegal/admin/ HTTP/1.1" 200 7021
172.22.2.4 - - [22/Apr/2022:20:45:24 -0500] "GET /BLA/boletinlegal/Circulares/2017/Circular%20No.%201%20del%2030%20de%20Marzo%20de%202017.pdf HTTP/1.1" 200 668532
172.22.2.4 - - [22/Apr/2022:20:44:46 -0500] "GET /BLA/boletinlegal/admin/ HTTP/1.1" 200 7021
172.22.2.4 - - [22/Apr/2022:20:45:34 -0500] "GET /BLA/boletinlegal/Circulares/2017/Circular%20No.%2007%20del%2028%20de%20Abril%20de%202017.pdf HTTP/1.1" 200 309906
172.22.2.4 - - [22/Apr/2022:20:45:40 -0500] "GET /BLA/boletinlegal/Circulares/2017/Circular%20No.%20011%20del%2005%20de%20julio%20de%202017.pdf HTTP/1.1" 200 965526
172.22.2.4 - - [22/Apr/2022:20:45:47 -0500] "GET /BLA/boletinlegal/Circulares/2015/Circular%20No.%202%20del%201%20de%20julio%20de%202015.pdf HTTP/1.1" 200 752890
172.22.2.4 - - [22/Apr/2022:20:44:54 -0500] "GET /BLA/boletinlegal/admin/ HTTP/1.1" 200 7021
172.22.2.4 - - [22/Apr/2022:20:45:53 -0500] "GET /BLA/boletinlegal/Circulares/2015/Circular%20No.%201%20del%2010%20de%20Febrero%20de%202015.pdf HTTP/1.1" 200 660637
172.22.2.4 - - [22/Apr/2022:20:45:59 -0500] "GET /BLA/boletinlegal/Circulares/2014/Circular%20No.%203%20del%2014%20de%20Noviembre%20de%202014.pdf HTTP/1.1" 200 104132
172.22.2.4 - - [22/Apr/2022:20:46:04 -0500] "GET /BLA/boletinlegal/Circulares/2014/Circular%20No.%202%20del%2021%20de%20septiembre%20de%202014.pdf HTTP/1.1" 200 143376
172.22.2.4 - - [22/Apr/2022:20:45:04 -0500] "GET /BLA/boletinlegal/admin/ HTTP/1.1" 200 7021
172.22.2.4 - - [22/Apr/2022:20:46:08 -0500] "GET /BLA/boletinlegal/admin/index_files/index_files/tback.gif HTTP/1.1" 404 1362
172.22.2.4 - - [22/Apr/2022:20:46:08 -0500] "GET /BLA/boletinlegal/Circulares/2014/Circular%20No.%201%20del%2008%20de%20Mayo%20de%202014.pdf HTTP/1.1" 200 180124
172.22.2.4 - - [22/Apr/2022:20:46:13 -0500] "GET /BLA/boletinlegal/Circulares/2013/Circular%20No.%208%20del%201%20de%20Noviembre%20de%202013.pdf HTTP/1.1" 200 385156
172.22.2.4 - - [22/Apr/2022:20:46:19 -0500] "GET /BLA/boletinlegal/Circulares/2013/Circular%20No.%207%20del%201%20de%20Agosto%20de%202013.pdf HTTP/1.1" 200 340934
172.22.2.4 - - [22/Apr/2022:20:46:24 -0500] "GET /BLA/boletinlegal/Circulares/2013/Circular%20No.%206%20del%2019%20de%20julio%20de%202013.pdf HTTP/1.1" 200 4210437
172.22.2.4 - - [22/Apr/2022:20:44:53 -0500] "HEAD /BLA/boletinlegal/ HTTP/1.1" 200 -
172.22.2.4 - - [22/Apr/2022:20:46:39 -0500] "GET /BLA/boletinlegal/Circulares/2013/Circular%20No.%205%20del%2013%20de%20junio%20de%202013.pdf HTTP/1.1" 200 110904
172.22.2.4 - - [22/Apr/2022:20:46:43 -0500] "GET /BLA/boletinlegal/admin/notificaciones/ingresar.php HTTP/1.1" 200 30026
172.22.2.4 - - [22/Apr/2022:20:46:43 -0500] "GET /BLA/boletinlegal/css/global/buttons.css HTTP/1.1" 404 1352
172.22.2.4 - - [22/Apr/2022:20:46:46 -0500] "GET /BLA/boletinlegal/Circulares/2013/Circular%20No.%204%20del%2005%20de%20junio%20de%202013.pdf HTTP/1.1" 200 130461
172.22.2.4 - - [22/Apr/2022:20:46:51 -0500] "GET /BLA/boletinlegal/Circulares/2013/Circular%20No.%203%20del%2005%20de%20abril%20de%202013.pdf HTTP/1.1" 200 93580
172.22.2.4 - - [22/Apr/2022:20:46:56 -0500] "GET /BLA/boletinlegal/Circulares/2013/Circular%20No.%202%20del%2022%20de%20enero%20de%202013.pdf HTTP/1.1" 200 85466
172.22.2.4 - - [22/Apr/2022:20:47:01 -0500] "GET /BLA/boletinlegal/Circulares/2013/Circular%20No.%201%20del%2014%20de%20enero%20de%202013.pdf HTTP/1.1" 200 1298384
172.22.2.4 - - [22/Apr/2022:20:46:48 -0500] "GET /BLA/boletinlegal/admin/ HTTP/1.1" 200 7021
172.22.2.4 - - [22/Apr/2022:20:47:07 -0500] "GET /BLA/boletinlegal/Circulares/2012/Circular%20No.%2016%20del%2022%20de%20octubre%20de%202012.pdf HTTP/1.1" 200 381186
172.22.2.4 - - [22/Apr/2022:20:47:13 -0500] "GET /BLA/boletinlegal/Circulares/2012/Circular%20No.%2015%20del%2022%20de%20octubre%20de%202012.pdf HTTP/1.1" 200 486506
172.22.2.4 - - [22/Apr/2022:20:47:19 -0500] "GET /BLA/boletinlegal/Circulares/2012/Circular%20No.%2014%20del%2011%20de%20Septiembre%20de%202012.pdf HTTP/1.1" 200 3427471
172.22.2.4 - - [22/Apr/2022:20:47:05 -0500] "GET /BLA/boletinlegal/admin/ HTTP/1.1" 200 7021
172.22.2.4 - - [22/Apr/2022:20:47:22 -0500] "GET /BLA/boletinlegal/admin/index_files/index_files/tback.gif HTTP/1.1" 404 1362
172.22.2.4 - - [22/Apr/2022:20:45:43 -0500] "GET /BLA/boletinlegal/ HTTP/1.1" 200 56669
172.22.2.4 - - [22/Apr/2022:20:47:32 -0500] "GET /BLA/boletinlegal/admin/ HTTP/1.1" 200 7021
172.22.2.4 - - [22/Apr/2022:20:47:49 -0500] "GET /BLA/boletinlegal/admin/index_files/index_files/tback.gif HTTP/1.1" 404 1362
216.245.221.92 - - [22/Apr/2022:20:47:57 -0500] "HEAD / HTTP/1.1" 200 -
172.22.2.4 - - [22/Apr/2022:20:47:59 -0500] "GET /BLA/boletinlegal/admin/usuarios/process.php HTTP/1.1" 302 -
172.22.2.4 - - [22/Apr/2022:20:48:00 -0500] "GET /BLA/boletinlegal/admin/index.php HTTP/1.1" 200 2324
172.22.2.4 - - [22/Apr/2022:20:48:11 -0500] "POST /BLA/boletinlegal/admin/usuarios/process.php HTTP/1.1" 302 -
172.22.2.4 - - [22/Apr/2022:20:48:11 -0500] "GET /BLA/boletinlegal/BLA/boletinlegal/admin/index.php HTTP/1.1" 404 1338
172.22.2.4 - - [22/Apr/2022:20:48:16 -0500] "GET /BLA/boletinlegal/admin/ HTTP/1.1" 200 2458
172.22.2.4 - - [22/Apr/2022:20:48:23 -0500] "POST /BLA/boletinlegal/admin/usuarios/process.php HTTP/1.1" 302 -
172.22.2.4 - - [22/Apr/2022:20:48:23 -0500] "GET /BLA/boletinlegal/BLA/boletinlegal/admin/index.php HTTP/1.1" 404 1320
172.22.2.4 - - [22/Apr/2022:20:48:27 -0500] "GET /BLA/boletinlegal/admin/ HTTP/1.1" 200 2457
172.22.2.4 - - [22/Apr/2022:20:48:31 -0500] "POST /BLA/boletinlegal/admin/usuarios/process.php HTTP/1.1" 302 -
172.22.2.4 - - [22/Apr/2022:20:48:31 -0500] "GET /BLA/boletinlegal/BLA/boletinlegal/admin/index.php HTTP/1.1" 404 1320
40.122.184.184 - - [22/Apr/2022:20:48:31 -0500] "GET /galeria/galeria/fotos/Humedal-la-Isla2G.jpg HTTP/1.1" 200 207490
172.22.2.4 - - [22/Apr/2022:20:48:33 -0500] "GET /BLA/boletinlegal/admin/ HTTP/1.1" 200 2458
172.22.2.4 - - [22/Apr/2022:20:48:42 -0500] "POST /BLA/boletinlegal/admin/usuarios/process.php HTTP/1.1" 302 -
172.22.2.4 - - [22/Apr/2022:20:48:42 -0500] "GET /BLA/boletinlegal/BLA/boletinlegal/admin/index.php HTTP/1.1" 404 1320
172.22.2.4 - - [22/Apr/2022:20:48:44 -0500] "GET /BLA/boletinlegal/admin/ HTTP/1.1" 200 2458
172.22.2.4 - - [22/Apr/2022:20:48:50 -0500] "POST /BLA/boletinlegal/admin/usuarios/process.php HTTP/1.1" 302 -
172.22.2.4 - - [22/Apr/2022:20:48:50 -0500] "GET /BLA/boletinlegal/BLA/boletinlegal/admin/index.php HTTP/1.1" 404 1320
172.22.2.4 - - [22/Apr/2022:20:48:54 -0500] "GET /BLA/boletinlegal/admin/ HTTP/1.1" 200 2459
186.84.90.93 - - [22/Apr/2022:20:48:56 -0500] "GET /kwssiamovil/sm/ldap/au?x=U2FsdGVkX1+y39/vtAoPP9lTc5qOddzGDhZnCgfln63avtP4Q+PKnXInsTol6GpA&y=U2FsdGVkX19P7Stnu2afSYEL4ioSwhZLSTLjbkB3VK0= HTTP/1.1" 200 30
186.84.90.93 - - [22/Apr/2022:20:48:56 -0500] "GET /kwssiamovil/sm/ldap/au?x=U2FsdGVkX19verVv6zw0ZZObpPhqRZDCYBYXGUZ+5/6zoMbXLNeNwnzpPCj52NWf&y=U2FsdGVkX1+ZLo67iSSVimU7zL0GNQhGbNnGUMAP2lo= HTTP/1.1" 200 30
186.84.90.93 - - [22/Apr/2022:20:48:56 -0500] "GET /kwssiamovil/sm/ldap/au?x=U2FsdGVkX18eAJNfFIagaXupdFY2vV3GfQXKkYoM71ARhFGfqxkulsScBVcTPdJ1&y=U2FsdGVkX19ngkUfm34/RePKZ6AjV1p45rUg8hMheCc= HTTP/1.1" 200 30
186.84.90.93 - - [22/Apr/2022:20:48:56 -0500] "GET /kwssiamovil/sm/ldap/au?x=U2FsdGVkX1+OgfgDV2ImGiO+RbxptNpcVE9rPf0fKE05/8urWlBCgWFW1b6PjUp+&y=U2FsdGVkX18gapJSqkBWF6RPX5kFmBnnxL82ltWB9L0= HTTP/1.1" 200 30
186.84.90.93 - - [22/Apr/2022:20:48:56 -0500] "GET /kwssiamovil/sm/ldap/au?x=U2FsdGVkX1/HEO8e+FJ8dOkF9fDt7/SCos1sT9LAE1HuilRFBOVpJFWlQ8Eu0DCS&y=U2FsdGVkX1/uDdE0DWOrkM8Z+FpSE+E9VQvO95hPG6Y= HTTP/1.1" 200 30
186.84.90.93 - - [22/Apr/2022:20:48:56 -0500] "GET /kwssiamovil/sm/acme/s?s=U2FsdGVkX18A3zdf+4Hr45IvdGgqTrnUuiw4AWrOlQu4wJDGTpm+Birpe+ANVe59reS8mqEoxnfVuevHKKOCeG+jNNdvOVOhguDxhaIJ0LI=&u=U2FsdGVkX18FYWWYNvJzHEMV/04nnIp5mGfQCfPPrnE=&y=U2FsdGVkX19P7Stnu2afSYEL4ioSwhZLSTLjbkB3VK0= HTTP/1.1" 200 66
186.84.90.93 - - [22/Apr/2022:20:48:56 -0500] "GET /kwssiamovil/sm/acme/s?s=U2FsdGVkX19TjTwTtJ3dzqXDTYOzr/XDpNJzKfjXe6mmDsbJS7l+Blg6bIEmlwlfC54OIUqcbwznl6rYidu6+PmNRticGUnbePzxEzMV+dI=&u=U2FsdGVkX1+abVbWb4/z7kbcI7FXSs/Fuj+LOQJt2FA=&y=U2FsdGVkX1+ZLo67iSSVimU7zL0GNQhGbNnGUMAP2lo= HTTP/1.1" 200 66
186.84.90.93 - - [22/Apr/2022:20:48:56 -0500] "GET /kwssiamovil/sm/acme/s?s=U2FsdGVkX186+EFZn+ge9MLUhijmTfPAPZPz6R7NQT72HGmYjWqrcImfY9f4dTqILDtOxqYvd7+Q0Fgqtz/wkvxx8Tz83m0YvGSK6zlxvBA=&u=U2FsdGVkX18wNkXc4DU1VVGIH/jdChPi0yhWxVyaEJQ=&y=U2FsdGVkX19ngkUfm34/RePKZ6AjV1p45rUg8hMheCc= HTTP/1.1" 200 66
186.84.90.93 - - [22/Apr/2022:20:48:56 -0500] "GET /kwssiamovil/sm/acme/s?s=U2FsdGVkX1+M6tCafXj2gXv4GETnmQyLtguXTmK7xIarqNwnlAh+SHq2IOOx/nvOTJn3uhUaS/AUNhRTjWdbnAffHpI+vAWI2PgZaQw/LnE=&u=U2FsdGVkX1+hK1FeuFPaA5yGpL2/p3huPJKl1J/PXFg=&y=U2FsdGVkX18gapJSqkBWF6RPX5kFmBnnxL82ltWB9L0= HTTP/1.1" 200 66
186.84.90.93 - - [22/Apr/2022:20:48:57 -0500] "GET /kwssiamovil/sm/acme/s?s=U2FsdGVkX1+3UZDTPs4OYuNp5iV2+DlUwZKkA+V6M33qhqeKwgDIe2G3UnJSA5dZ4htaLGlAE36V+1nHZu7DXfP4KM1gBl7SYUuV4NT64k8=&u=U2FsdGVkX186PdLNjQm+Bocwgr1O9ntIqZW6dvOuuRI=&y=U2FsdGVkX1/uDdE0DWOrkM8Z+FpSE+E9VQvO95hPG6Y= HTTP/1.1" 200 97
172.22.2.4 - - [22/Apr/2022:20:49:50 -0500] "POST /BLA/boletinlegal/admin/usuarios/process.php HTTP/1.1" 302 -
172.22.2.4 - - [22/Apr/2022:20:49:50 -0500] "GET /BLA/boletinlegal/BLA/boletinlegal/admin/index.php HTTP/1.1" 404 1320
172.22.2.4 - - [22/Apr/2022:20:50:07 -0500] "GET /BLA/boletinlegal/admin/ HTTP/1.1" 200 7002
172.22.2.4 - - [22/Apr/2022:20:50:24 -0500] "GET /BLA/boletinlegal/admin/index_files/index_files/tback.gif HTTP/1.1" 404 1362
172.22.2.4 - - [22/Apr/2022:20:50:26 -0500] "GET /BLA/boletinlegal/admin/actos/ingresar.php HTTP/1.1" 200 7143
172.22.2.4 - - [22/Apr/2022:20:50:26 -0500] "GET /BLA/boletinlegal/admin/img/h1.png HTTP/1.1" 200 3227
172.22.2.4 - - [22/Apr/2022:20:50:26 -0500] "GET /BLA/boletinlegal/admin/img/overlay.png HTTP/1.1" 200 984
172.22.2.4 - - [22/Apr/2022:20:52:04 -0500] "POST /BLA/boletinlegal/admin/actos/ingresar.php HTTP/1.1" 200 7236
192.168.171.38 - - [22/Apr/2022:20:52:17 -0500] "GET /BLA/boletinlegal/consulta_actos.php?tipo=resoluciones&no=2182&usuario=&sector=&fecha=2018&resuelve= HTTP/1.1" 200 1049
173.252.87.24 - - [22/Apr/2022:20:52:18 -0500] "GET /images/pieza-relatos-urbanos-22-abril.jpg HTTP/1.1" 200 37225
173.252.127.116 - - [22/Apr/2022:20:52:18 -0500] "GET /images/pieza-relatos-urbanos-22-abril.jpg HTTP/1.1" 200 37225
66.220.149.21 - - [22/Apr/2022:20:52:18 -0500] "GET /images/pieza-relatos-urbanos-22-abril.jpg HTTP/1.1" 200 37225
173.252.127.35 - - [22/Apr/2022:20:52:18 -0500] "GET /images/pieza-relatos-urbanos-22-abril.jpg HTTP/1.1" 200 37225
172.22.2.4 - - [22/Apr/2022:20:50:43 -0500] "HEAD /BLA/boletinlegal/ HTTP/1.1" 200 -
216.245.221.92 - - [22/Apr/2022:20:52:57 -0500] "HEAD / HTTP/1.1" 200 -
172.22.2.4 - - [22/Apr/2022:20:51:33 -0500] "GET /BLA/boletinlegal/ HTTP/1.1" 200 59170
172.22.2.4 - - [22/Apr/2022:20:53:30 -0500] "POST /BLA/boletinlegal/admin/actos/ingresar.php HTTP/1.1" 200 7236
172.22.2.4 - - [22/Apr/2022:20:54:50 -0500] "POST /BLA/boletinlegal/admin/actos/ingresar.php HTTP/1.1" 200 7236
192.168.171.38 - - [22/Apr/2022:20:54:59 -0500] "GET /BLA/boletinlegal/consulta_actos.php?tipo=resoluciones&no=0226&usuario=&sector=&fecha=2021&resuelve= HTTP/1.1" 200 1064
172.22.2.4 - - [22/Apr/2022:20:56:05 -0500] "POST /BLA/boletinlegal/admin/actos/ingresar.php HTTP/1.1" 200 7236
192.168.171.38 - - [22/Apr/2022:20:56:12 -0500] "GET /BLA/boletinlegal/consulta_actos.php?tipo=resoluciones&no=0283&usuario=&sector=&fecha=2021&resuelve= HTTP/1.1" 200 1195
172.22.2.4 - - [22/Apr/2022:20:57:21 -0500] "GET /BLA/boletinlegal/jurisprudencia/analisis/AnalisisT-693-12.docx HTTP/1.1" 304 -
172.22.2.4 - - [22/Apr/2022:20:57:40 -0500] "POST /BLA/boletinlegal/admin/actos/ingresar.php HTTP/1.1" 200 7236
192.168.171.38 - - [22/Apr/2022:20:57:51 -0500] "GET /BLA/boletinlegal/consulta_actos.php?tipo=resoluciones&no=2743&usuario=&sector=&fecha=2020&resuelve= HTTP/1.1" 200 1052
216.245.221.92 - - [22/Apr/2022:20:57:57 -0500] "HEAD / HTTP/1.1" 200 -
172.22.2.4 - - [22/Apr/2022:20:56:33 -0500] "HEAD /BLA/boletinlegal/ HTTP/1.1" 200 -
172.22.2.4 - - [22/Apr/2022:20:57:23 -0500] "GET /BLA/boletinlegal/ HTTP/1.1" 200 61416
190.68.53.33 - - [22/Apr/2022:20:59:15 -0500] "-" 408 -
172.22.2.4 - - [22/Apr/2022:21:00:23 -0500] "POST /BLA/boletinlegal/admin/actos/ingresar.php HTTP/1.1" 200 7236
191.95.50.172 - - [22/Apr/2022:21:00:31 -0500] "GET /si-eres-mujer-y-te-gusta-el-cuidado-de-los-humedales-este-proceso-de-formacion-es-para-ti.html HTTP/1.1" 200 1025
181.61.204.177 - - [22/Apr/2022:21:00:42 -0500] "GET /dia-internacional-de-la-tierra-actividades-para-celebrar-esta-fecha-en-bogota.html HTTP/1.1" 200 879
172.22.2.4 - - [22/Apr/2022:21:01:27 -0500] "POST /BLA/boletinlegal/admin/actos/ingresar.php HTTP/1.1" 200 7236
192.168.171.38 - - [22/Apr/2022:21:01:38 -0500] "GET /BLA/boletinlegal/consulta_actos.php?tipo=resoluciones&no=1304&usuario=&sector=&fecha=2021&resuelve= HTTP/1.1" 200 1052
172.22.2.4 - - [22/Apr/2022:21:02:36 -0500] "POST /BLA/boletinlegal/admin/actos/ingresar.php HTTP/1.1" 200 7236
192.168.171.38 - - [22/Apr/2022:21:02:43 -0500] "GET /BLA/boletinlegal/consulta_actos.php?tipo=resoluciones&no=1492&usuario=&sector=&fecha=2021&resuelve= HTTP/1.1" 200 1053
216.245.221.92 - - [22/Apr/2022:21:02:56 -0500] "HEAD / HTTP/1.1" 200 -
199.59.150.183 - - [22/Apr/2022:21:03:16 -0500] "GET /documents/10184/2325415/pieza-concurso-buenas-practicas-20-septiembre.jpg HTTP/1.1" 404 1030
172.22.2.4 - - [22/Apr/2022:21:03:52 -0500] "POST /BLA/boletinlegal/admin/actos/ingresar.php HTTP/1.1" 200 7236
192.168.171.38 - - [22/Apr/2022:21:03:58 -0500] "GET /BLA/boletinlegal/consulta_actos.php?tipo=resoluciones&no=1820&usuario=&sector=&fecha=2021&resuelve= HTTP/1.1" 200 1040
172.22.2.4 - - [22/Apr/2022:21:02:23 -0500] "HEAD /BLA/boletinlegal/ HTTP/1.1" 200 -
172.22.2.4 - - [22/Apr/2022:21:03:13 -0500] "GET /BLA/boletinlegal/ HTTP/1.1" 200 60932
172.22.2.4 - - [22/Apr/2022:21:05:01 -0500] "POST /BLA/boletinlegal/admin/actos/ingresar.php HTTP/1.1" 200 7236
192.168.171.38 - - [22/Apr/2022:21:05:07 -0500] "GET /BLA/boletinlegal/consulta_actos.php?tipo=resoluciones&no=1878&usuario=&sector=&fecha=2021&resuelve= HTTP/1.1" 200 1045
66.220.149.28 - - [22/Apr/2022:21:05:47 -0500] "GET /images/jornada-llantaton-usaquen-24-marzo.jpg HTTP/1.1" 200 41830
191.156.143.61 - - [22/Apr/2022:21:05:57 -0500] "GET /colombia-en-la-cima-un-vistazo-a-los-ecosistemas-de-superparamo-a-traves-de-los-ojos-del-fotografo-cesar-david-martinez.html?fbclid=IwAR2uNnarg8HomszP8t1HhNhfXOQt6QoS-BLI46V4SReg8paDsWRBE3FgX_E HTTP/1.1" 200 1076
66.249.83.62 - - [22/Apr/2022:21:05:58 -0500] "GET /colombia-en-la-cima-un-vistazo-a-los-ecosistemas-de-superparamo-a-traves-de-los-ojos-del-fotografo-cesar-david-martinez.html?fbclid=IwAR2uNnarg8HomszP8t1HhNhfXOQt6QoS-BLI46V4SReg8paDsWRBE3FgX_E HTTP/1.1" 200 1076
66.249.83.62 - - [22/Apr/2022:21:05:58 -0500] "GET /colombia-en-la-cima-un-vistazo-a-los-ecosistemas-de-superparamo-a-traves-de-los-ojos-del-fotografo-cesar-david-martinez.html?fbclid=IwAR2uNnarg8HomszP8t1HhNhfXOQt6QoS-BLI46V4SReg8paDsWRBE3FgX_E HTTP/1.1" 200 1076
66.249.83.60 - - [22/Apr/2022:21:05:58 -0500] "GET /colombia-en-la-cima-un-vistazo-a-los-ecosistemas-de-superparamo-a-traves-de-los-ojos-del-fotografo-cesar-david-martinez.html?fbclid=IwAR2uNnarg8HomszP8t1HhNhfXOQt6QoS-BLI46V4SReg8paDsWRBE3FgX_E HTTP/1.1" 200 1076
191.110.68.129 - - [22/Apr/2022:21:06:02 -0500] "GET /BLA/boletinlegal/js/jquery.scrollShow.js HTTP/1.1" 200 4586
191.110.68.129 - - [22/Apr/2022:21:06:02 -0500] "GET /galeria/galeria/jquery.fancybox.css?v=2.1.5 HTTP/1.1" 200 4895
191.110.68.129 - - [22/Apr/2022:21:06:02 -0500] "GET /galeria/galeria/jquery.fancybox.js?v=2.1.5 HTTP/1.1" 200 48706
172.22.2.4 - - [22/Apr/2022:21:06:05 -0500] "POST /BLA/boletinlegal/admin/actos/ingresar.php HTTP/1.1" 200 7236
172.22.2.4 - - [22/Apr/2022:21:07:25 -0500] "POST /BLA/boletinlegal/admin/actos/ingresar.php HTTP/1.1" 200 7236
31.13.127.24 - - [22/Apr/2022:21:07:26 -0500] "GET /animales-recuperados-en-san-cristobal-y-ciudad-bolivar-son-atendidos-en-el-centro-de-flora-de-la-secretaria-de-ambiente.html HTTP/1.1" 206 1056
192.168.171.38 - - [22/Apr/2022:21:07:32 -0500] "GET /BLA/boletinlegal/consulta_actos.php?tipo=resoluciones&no=2872&usuario=&sector=&fecha=2021&resuelve= HTTP/1.1" 200 1090
216.245.221.92 - - [22/Apr/2022:21:07:56 -0500] "HEAD / HTTP/1.1" 200 -
172.22.2.4 - - [22/Apr/2022:21:08:28 -0500] "POST /BLA/boletinlegal/admin/actos/ingresar.php HTTP/1.1" 200 7236
192.168.171.38 - - [22/Apr/2022:21:08:37 -0500] "GET /BLA/boletinlegal/consulta_actos.php?tipo=resoluciones&no=3727&usuario=&sector=&fecha=2021&resuelve= HTTP/1.1" 200 1089
173.252.107.120 - - [22/Apr/2022:21:08:44 -0500] "GET /images/bogota-ciudad-pac28-enero.jpg HTTP/1.1" 200 42642
69.63.184.2 - - [22/Apr/2022:21:09:00 -0500] "GET /images/operativos-control-residuos-hospitalarios-28-marzo.jpg HTTP/1.1" 200 36883
69.63.184.119 - - [22/Apr/2022:21:09:00 -0500] "GET /images/estacion-monitoreo-usme-29-marzo.jpg HTTP/1.1" 200 30383
69.171.249.20 - - [22/Apr/2022:21:09:05 -0500] "GET /images/jornada-llantaton-usaquen-24-marzo.jpg HTTP/1.1" 200 41830
172.22.2.4 - - [22/Apr/2022:21:09:38 -0500] "POST /BLA/boletinlegal/admin/actos/ingresar.php HTTP/1.1" 200 7236
192.168.171.38 - - [22/Apr/2022:21:09:45 -0500] "GET /BLA/boletinlegal/consulta_actos.php?tipo=resoluciones&no=3856&usuario=&sector=&fecha=2021&resuelve= HTTP/1.1" 200 1094
172.22.2.4 - - [22/Apr/2022:21:08:13 -0500] "HEAD /BLA/boletinlegal/ HTTP/1.1" 200 -
172.22.2.4 - - [22/Apr/2022:21:09:03 -0500] "GET /BLA/boletinlegal/ HTTP/1.1" 200 60932
172.22.2.4 - - [22/Apr/2022:21:10:57 -0500] "POST /BLA/boletinlegal/admin/actos/ingresar.php HTTP/1.1" 200 7236
192.168.171.38 - - [22/Apr/2022:21:11:09 -0500] "GET /BLA/boletinlegal/consulta_actos.php?tipo=resoluciones&no=0056&usuario=&sector=&fecha=2022&resuelve= HTTP/1.1" 200 1052
172.22.2.4 - - [22/Apr/2022:21:12:08 -0500] "POST /BLA/boletinlegal/admin/actos/ingresar.php HTTP/1.1" 200 7236
192.168.171.38 - - [22/Apr/2022:21:12:33 -0500] "GET /BLA/boletinlegal/consulta_actos.php?tipo=resoluciones&no=0639&usuario=&sector=&fecha=2022&resuelve= HTTP/1.1" 200 1127
216.245.221.92 - - [22/Apr/2022:21:12:56 -0500] "HEAD / HTTP/1.1" 200 -
192.168.171.38 - - [22/Apr/2022:21:13:23 -0500] "GET /BLA/boletinlegal/consulta_actos.php?tipo=resoluciones&no=2182&usuario=&sector=&fecha=2018&resuelve= HTTP/1.1" 200 1049
192.168.171.38 - - [22/Apr/2022:21:13:54 -0500] "GET /BLA/boletinlegal/consulta_actos.php?tipo=resoluciones&no=2185&usuario=&sector=&fecha=2018&resuelve= HTTP/1.1" 200 1042
192.168.171.38 - - [22/Apr/2022:21:14:18 -0500] "GET /BLA/boletinlegal/consulta_actos.php?tipo=resoluciones&no=0226&usuario=&sector=&fecha=2021&resuelve= HTTP/1.1" 200 1064
192.168.171.38 - - [22/Apr/2022:21:14:36 -0500] "GET /BLA/boletinlegal/consulta_actos.php?tipo=resoluciones&no=0283&usuario=&sector=&fecha=2021&resuelve= HTTP/1.1" 200 1195
192.168.171.38 - - [22/Apr/2022:21:14:55 -0500] "GET /BLA/boletinlegal/consulta_actos.php?tipo=resoluciones&no=2743&usuario=&sector=&fecha=2022&resuelve= HTTP/1.1" 200 626
192.168.171.38 - - [22/Apr/2022:21:14:59 -0500] "GET /BLA/boletinlegal/consulta_actos.php?tipo=resoluciones&no=2743&usuario=&sector=&fecha=2021&resuelve= HTTP/1.1" 200 626
192.168.171.38 - - [22/Apr/2022:21:15:16 -0500] "GET /BLA/boletinlegal/consulta_actos.php?tipo=resoluciones&no=2743&usuario=&sector=&fecha=2020&resuelve= HTTP/1.1" 200 1052
172.22.2.4 - - [22/Apr/2022:21:14:03 -0500] "HEAD /BLA/boletinlegal/ HTTP/1.1" 200 -
192.168.171.38 - - [22/Apr/2022:21:15:44 -0500] "GET /BLA/boletinlegal/consulta_actos.php?tipo=resoluciones&no=4016&usuario=&sector=&fecha=2018&resuelve= HTTP/1.1" 200 1064
192.168.171.38 - - [22/Apr/2022:21:16:09 -0500] "GET /BLA/boletinlegal/consulta_actos.php?tipo=resoluciones&no=1304&usuario=&sector=&fecha=2021&resuelve= HTTP/1.1" 200 1052
192.168.171.38 - - [22/Apr/2022:21:16:30 -0500] "GET /BLA/boletinlegal/consulta_actos.php?tipo=resoluciones&no=1492&usuario=&sector=&fecha=2021&resuelve= HTTP/1.1" 200 1053
172.22.2.4 - - [22/Apr/2022:21:14:53 -0500] "GET /BLA/boletinlegal/ HTTP/1.1" 200 53739
192.168.171.38 - - [22/Apr/2022:21:16:46 -0500] "GET /BLA/boletinlegal/consulta_actos.php?tipo=resoluciones&no=1820&usuario=&sector=&fecha=2021&resuelve= HTTP/1.1" 200 1040
192.168.171.38 - - [22/Apr/2022:21:17:08 -0500] "GET /BLA/boletinlegal/consulta_actos.php?tipo=resoluciones&no=1878&usuario=&sector=&fecha=2021&resuelve= HTTP/1.1" 200 1045
192.168.171.38 - - [22/Apr/2022:21:17:25 -0500] "GET /BLA/boletinlegal/consulta_actos.php?tipo=resoluciones&no=2482&usuario=&sector=&fecha=2021&resuelve= HTTP/1.1" 200 1211
192.168.171.38 - - [22/Apr/2022:21:17:47 -0500] "GET /BLA/boletinlegal/consulta_actos.php?tipo=resoluciones&no=2872&usuario=&sector=&fecha=2021&resuelve= HTTP/1.1" 200 1090
216.245.221.92 - - [22/Apr/2022:21:17:56 -0500] "HEAD / HTTP/1.1" 200 -
192.168.171.38 - - [22/Apr/2022:21:18:05 -0500] "GET /BLA/boletinlegal/consulta_actos.php?tipo=resoluciones&no=3727&usuario=&sector=&fecha=2021&resuelve= HTTP/1.1" 200 1089
192.168.171.38 - - [22/Apr/2022:21:18:22 -0500] "GET /BLA/boletinlegal/consulta_actos.php?tipo=resoluciones&no=3856&usuario=&sector=&fecha=2021&resuelve= HTTP/1.1" 200 1094
192.168.171.38 - - [22/Apr/2022:21:18:43 -0500] "GET /BLA/boletinlegal/consulta_actos.php?tipo=resoluciones&no=0056&usuario=&sector=&fecha=2022&resuelve= HTTP/1.1" 200 1052
192.168.171.38 - - [22/Apr/2022:21:18:59 -0500] "GET /BLA/boletinlegal/consulta_actos.php?tipo=resoluciones&no=0639&usuario=&sector=&fecha=2022&resuelve= HTTP/1.1" 200 1127
186.102.33.215 - - [22/Apr/2022:21:19:44 -0500] "GET /distrito-academia-y-sector-privado-plantaron-100-arboles-para-conmemorar-el-dia-de-la-tierra.html?fbclid=IwAR35fQBkmfWbJzKWs581-j7-LHbNm8GsqsSuaSm5rac00bur33_DvXFrZaA HTTP/1.1" 200 1066
172.22.2.4 - - [22/Apr/2022:21:19:05 -0500] "GET /BLA/boletinlegal/ HTTP/1.1" 200 36811
172.22.2.4 - - [22/Apr/2022:21:19:53 -0500] "HEAD /BLA/boletinlegal/ HTTP/1.1" 200 -
190.156.90.221 - - [22/Apr/2022:21:21:39 -0500] "GET /BLA/ HTTP/1.1" 200 538
190.156.90.221 - - [22/Apr/2022:21:21:46 -0500] "GET /BLA/boletinlegal/actos.php HTTP/1.1" 200 9559
190.156.90.221 - - [22/Apr/2022:21:21:46 -0500] "GET /favicon.ico HTTP/1.1" 200 7782
190.156.90.221 - - [22/Apr/2022:21:21:48 -0500] "GET /BLA/resoluciones/ HTTP/1.1" 200 13093
190.156.90.221 - - [22/Apr/2022:21:21:50 -0500] "GET /BLA/resoluciones/index.php?dir=AUTOS+2021%2F HTTP/1.1" 200 365916
190.156.90.221 - - [22/Apr/2022:21:21:39 -0500] "GET /BLA/boletinlegal/index.php HTTP/1.1" 200 16331
199.16.157.182 - - [22/Apr/2022:21:22:02 -0500] "GET /documents/10184/2325415/pieza-concurso-buenas-practicas-20-septiembre.jpg HTTP/1.1" 404 1030
172.22.2.4 - - [22/Apr/2022:21:20:43 -0500] "GET /BLA/boletinlegal/ HTTP/1.1" 200 57044
216.245.221.92 - - [22/Apr/2022:21:22:56 -0500] "HEAD / HTTP/1.1" 200 -
201.245.192.253 - - [22/Apr/2022:21:22:12 -0500] "POST /kwsrmcab/Wsrmcab HTTP/1.1" 200 44122
201.245.192.253 - - [22/Apr/2022:21:23:03 -0500] "POST /kwsrmcab/Wsrmcab HTTP/1.1" 200 46071
5.30.17.246 - - [22/Apr/2022:21:24:45 -0500] "GET /distrito-academia-y-sector-privado-plantaron-100-arboles-para-conmemorar-el-dia-de-la-tierra.html HTTP/1.1" 200 1066
5.30.17.246 - - [22/Apr/2022:21:24:46 -0500] "GET /distrito-academia-y-sector-privado-plantaron-100-arboles-para-conmemorar-el-dia-de-la-tierra.html HTTP/1.1" 200 1066
161.35.183.194 - - [22/Apr/2022:21:24:46 -0500] "GET /distrito-academia-y-sector-privado-plantaron-100-arboles-para-conmemorar-el-dia-de-la-tierra.html HTTP/1.1" 200 1066
45.238.181.161 - - [22/Apr/2022:21:27:14 -0500] "GET /si-eres-mujer-y-te-gusta-el-cuidado-de-los-humedales-este-proceso-de-formacion-es-para-ti.html HTTP/1.1" 200 1025
172.22.2.4 - - [22/Apr/2022:21:25:43 -0500] "HEAD /BLA/boletinlegal/ HTTP/1.1" 200 -
216.245.221.92 - - [22/Apr/2022:21:27:56 -0500] "HEAD / HTTP/1.1" 200 -
172.22.2.4 - - [22/Apr/2022:21:26:33 -0500] "GET /BLA/boletinlegal/ HTTP/1.1" 200 61416
172.22.2.4 - - [22/Apr/2022:21:30:34 -0500] "GET /BLA/boletinlegal/ HTTP/1.1" 200 20427
216.245.221.92 - - [22/Apr/2022:21:32:56 -0500] "HEAD / HTTP/1.1" 200 -
201.245.192.253 - - [22/Apr/2022:21:32:12 -0500] "POST /kwsrmcab/Wsrmcab HTTP/1.1" 200 44122
172.22.2.4 - - [22/Apr/2022:21:31:33 -0500] "HEAD /BLA/boletinlegal/ HTTP/1.1" 200 -
201.245.192.253 - - [22/Apr/2022:21:33:03 -0500] "POST /kwsrmcab/Wsrmcab HTTP/1.1" 200 46071
172.22.2.4 - - [22/Apr/2022:21:32:23 -0500] "GET /BLA/boletinlegal/ HTTP/1.1" 200 56669
207.46.13.186 - - [22/Apr/2022:21:36:30 -0500] "GET /portaldeninos/2019/07/30/residuos/ HTTP/1.1" 200 94300
172.22.2.4 - - [22/Apr/2022:21:35:17 -0500] "GET /BLA/boletinlegal/ HTTP/1.1" 200 63729
216.245.221.92 - - [22/Apr/2022:21:37:56 -0500] "HEAD / HTTP/1.1" 200 -
65.154.226.220 - - [22/Apr/2022:21:38:22 -0500] "GET /BLA/boletinlegal/js/jquery.scrollShow.js HTTP/1.1" 200 4586
65.154.226.220 - - [22/Apr/2022:21:38:25 -0500] "GET /galeria/galeria/jquery.fancybox.js?v=2.1.5 HTTP/1.1" 200 48706
66.249.65.5 - - [22/Apr/2022:21:38:51 -0500] "-" 408 -
172.22.2.4 - - [22/Apr/2022:21:39:02 -0500] "GET /BLA/boletinlegal/Circulares/2022/CIRCULAR%20No.%2000003%20DEL%2007%20DE%20MARZO%20DEL%202022.pdf HTTP/1.1" 404 1038
172.22.2.4 - - [22/Apr/2022:21:37:23 -0500] "HEAD /BLA/boletinlegal/ HTTP/1.1" 200 -
172.22.2.4 - - [22/Apr/2022:21:39:05 -0500] "GET /BLA/boletinlegal/Circulares/2021/CIRCULAR%20No.%2000009%20DEL%2001%20DE%20OCTUBRE%20DEL%202021.pdf HTTP/1.1" 200 320793
172.22.2.4 - - [22/Apr/2022:21:39:10 -0500] "GET /BLA/boletinlegal/Circulares/2021/CIRCULAR%20No.%2000007%20DEL%2010%20DE%20AGOSTO%20DEL%202021.pdf HTTP/1.1" 200 266364
172.22.2.4 - - [22/Apr/2022:21:39:14 -0500] "GET /BLA/boletinlegal/Circulares/2021/CIRCULAR%20No.%2000006%20DEL%2005%20DE%20AGOSTO%20DEL%202021.pdf HTTP/1.1" 200 249615
172.22.2.4 - - [22/Apr/2022:21:39:21 -0500] "GET /BLA/boletinlegal/Circulares/2020/Circular%20No.%2000018%20del%2002%20de%20diciembre%20del%202020.pdf HTTP/1.1" 200 276868
172.22.2.4 - - [22/Apr/2022:21:39:28 -0500] "GET /BLA/boletinlegal/Circulares/2020/Circular%2000010%20del%2027%20de%20julio%20de%202020.pdf HTTP/1.1" 200 422655
172.22.2.4 - - [22/Apr/2022:21:39:35 -0500] "GET /BLA/boletinlegal/Circulares/2020/CIRCULAR%20No.%2000019%20DEL%2018%20DE%20DICIEMBRE%20DEL%202020.pdf HTTP/1.1" 200 307959
172.22.2.4 - - [22/Apr/2022:21:39:46 -0500] "GET /BLA/boletinlegal/Circulares/2020/CIRCULAR%20No.%2000014%20del%2001%20de%20septiembre%20del%202020.pdf HTTP/1.1" 200 320826
172.22.2.4 - - [22/Apr/2022:21:39:51 -0500] "GET /BLA/boletinlegal/Circulares/2019/Circular%20No.%2012%20del%2014%20de%20Marzo%20de%202019.pdf HTTP/1.1" 200 344384
172.22.2.4 - - [22/Apr/2022:21:38:13 -0500] "GET /BLA/boletinlegal/ HTTP/1.1" 200 61416
172.22.2.4 - - [22/Apr/2022:21:39:57 -0500] "GET /BLA/boletinlegal/Circulares/2019/Circular%20No.%20006%20del%2008%20de%20Febrero%20de%202019.pdf HTTP/1.1" 200 674401
172.22.2.4 - - [22/Apr/2022:21:40:03 -0500] "GET /BLA/boletinlegal/Circulares/2019/Circular%20No.%200015%20del%2003%20de%20Octubre%20de%202019.pdf HTTP/1.1" 200 165608
172.22.2.4 - - [22/Apr/2022:21:40:09 -0500] "GET /BLA/boletinlegal/Circulares/2019/Circular%20No.%200005%20del%2020%20de%20Marzo%20de%202019.pdf HTTP/1.1" 200 159877
172.22.2.4 - - [22/Apr/2022:21:40:13 -0500] "GET /BLA/boletinlegal/Circulares/2019/Circular%20No.%200003%20del%2031%20de%20Enero%20de%202019.pdf HTTP/1.1" 200 164676
172.22.2.4 - - [22/Apr/2022:21:40:19 -0500] "GET /BLA/boletinlegal/Circulares/2019/Circular%2000020%20del%2020%20de%20diciembre%20de%202019.pdf HTTP/1.1" 200 145170
172.22.2.4 - - [22/Apr/2022:21:40:23 -0500] "GET /BLA/boletinlegal/Circulares/2019/Circular%2000018%20del%2020%20de%20noviembre%20de%202019.pdf HTTP/1.1" 200 158030
157.55.39.145 - - [22/Apr/2022:21:40:24 -0500] "GET /forest/ HTTP/1.1" 200 12041
172.22.2.4 - - [22/Apr/2022:21:40:28 -0500] "GET /BLA/boletinlegal/Circulares/2019/.pdf HTTP/1.1" 404 1218
172.22.2.4 - - [22/Apr/2022:21:40:31 -0500] "GET /BLA/boletinlegal/Circulares/2018/Circular%20No.%2011%20del%2024%20de%20Septiembre%20de%202018.pdf HTTP/1.1" 200 169541
172.22.2.4 - - [22/Apr/2022:21:40:39 -0500] "GET /BLA/boletinlegal/Circulares/2018/Circular%20No.%2010%20del%2021%20de%20Septiembre%20de%202018.pdf HTTP/1.1" 200 163426
172.22.2.4 - - [22/Apr/2022:21:40:47 -0500] "GET /BLA/boletinlegal/Circulares/2018/Circular%20No.%200015%20del%207%20de%20Diciembre%20de%202018.pdf HTTP/1.1" 200 165305
172.22.2.4 - - [22/Apr/2022:21:40:51 -0500] "GET /BLA/boletinlegal/Circulares/2018/CIRCULAR%20COJUNTA%20042%20DE%202018.pdf HTTP/1.1" 200 515008
172.22.2.4 - - [22/Apr/2022:21:40:57 -0500] "GET /BLA/boletinlegal/Circulares/2017/Circular%20No.%202%20del%201%20de%20Septiembre%20de%202017.pdf HTTP/1.1" 200 152575
172.22.2.4 - - [22/Apr/2022:21:41:02 -0500] "GET /BLA/boletinlegal/Circulares/2017/Circular%20No.%201%20del%2030%20de%20Marzo%20de%202017.pdf HTTP/1.1" 200 668532
172.22.2.4 - - [22/Apr/2022:21:41:08 -0500] "GET /BLA/boletinlegal/Circulares/2017/Circular%20No.%2007%20del%2028%20de%20Abril%20de%202017.pdf HTTP/1.1" 200 309906
172.22.2.4 - - [22/Apr/2022:21:41:13 -0500] "GET /BLA/boletinlegal/Circulares/2017/Circular%20No.%20011%20del%2005%20de%20julio%20de%202017.pdf HTTP/1.1" 200 965526
172.22.2.4 - - [22/Apr/2022:21:41:21 -0500] "GET /BLA/boletinlegal/Circulares/2015/Circular%20No.%202%20del%201%20de%20julio%20de%202015.pdf HTTP/1.1" 200 752890
172.22.2.4 - - [22/Apr/2022:21:41:27 -0500] "GET /BLA/boletinlegal/Circulares/2015/Circular%20No.%201%20del%2010%20de%20Febrero%20de%202015.pdf HTTP/1.1" 200 660637
172.22.2.4 - - [22/Apr/2022:21:41:35 -0500] "GET /BLA/boletinlegal/Circulares/2014/Circular%20No.%203%20del%2014%20de%20Noviembre%20de%202014.pdf HTTP/1.1" 200 104132
207.46.13.194 - - [22/Apr/2022:21:41:37 -0500] "GET / HTTP/1.1" 200 319
172.22.2.4 - - [22/Apr/2022:21:41:40 -0500] "GET /BLA/boletinlegal/Circulares/2014/Circular%20No.%202%20del%2021%20de%20septiembre%20de%202014.pdf HTTP/1.1" 200 143376
172.22.2.4 - - [22/Apr/2022:21:41:45 -0500] "GET /BLA/boletinlegal/Circulares/2014/Circular%20No.%201%20del%2008%20de%20Mayo%20de%202014.pdf HTTP/1.1" 200 180124
172.22.2.4 - - [22/Apr/2022:21:41:54 -0500] "GET /BLA/boletinlegal/Circulares/2013/Circular%20No.%208%20del%201%20de%20Noviembre%20de%202013.pdf HTTP/1.1" 200 385156
172.22.2.4 - - [22/Apr/2022:21:42:07 -0500] "GET /BLA/boletinlegal/Circulares/2013/Circular%20No.%207%20del%201%20de%20Agosto%20de%202013.pdf HTTP/1.1" 200 340934
172.22.2.4 - - [22/Apr/2022:21:42:12 -0500] "GET /BLA/boletinlegal/Circulares/2013/Circular%20No.%206%20del%2019%20de%20julio%20de%202013.pdf HTTP/1.1" 200 4210437
172.22.2.4 - - [22/Apr/2022:21:42:27 -0500] "GET /BLA/boletinlegal/Circulares/2013/Circular%20No.%205%20del%2013%20de%20junio%20de%202013.pdf HTTP/1.1" 200 110904
172.22.2.4 - - [22/Apr/2022:21:42:31 -0500] "GET /BLA/boletinlegal/Circulares/2013/Circular%20No.%204%20del%2005%20de%20junio%20de%202013.pdf HTTP/1.1" 200 130461
172.22.2.4 - - [22/Apr/2022:21:42:36 -0500] "GET /BLA/boletinlegal/Circulares/2013/Circular%20No.%203%20del%2005%20de%20abril%20de%202013.pdf HTTP/1.1" 200 93580
172.22.2.4 - - [22/Apr/2022:21:42:43 -0500] "GET /BLA/boletinlegal/Circulares/2013/Circular%20No.%202%20del%2022%20de%20enero%20de%202013.pdf HTTP/1.1" 200 85466
172.22.2.4 - - [22/Apr/2022:21:42:49 -0500] "GET /BLA/boletinlegal/Circulares/2013/Circular%20No.%201%20del%2014%20de%20enero%20de%202013.pdf HTTP/1.1" 200 1298384
172.22.2.4 - - [22/Apr/2022:21:42:55 -0500] "GET /BLA/boletinlegal/Circulares/2012/Circular%20No.%209%20del%2021%20de%20Agosto%20de%202012.pdf HTTP/1.1" 200 1402289
216.245.221.92 - - [22/Apr/2022:21:42:56 -0500] "HEAD / HTTP/1.1" 200 -
201.245.192.253 - - [22/Apr/2022:21:42:12 -0500] "POST /kwsrmcab/Wsrmcab HTTP/1.1" 200 44122
172.22.2.4 - - [22/Apr/2022:21:43:02 -0500] "GET /BLA/boletinlegal/Circulares/2012/Circular%20No.%208%20del%2021%20de%20Agosto%20de%202012.pdf HTTP/1.1" 200 963197
172.22.2.4 - - [22/Apr/2022:21:43:09 -0500] "GET /BLA/boletinlegal/Circulares/2012/Circular%20No.%207%20del%2008%20de%20Agosto%20de%202012.pdf HTTP/1.1" 200 972955
172.22.2.4 - - [22/Apr/2022:21:43:16 -0500] "GET /BLA/boletinlegal/Circulares/2012/Circular%20No.%206%20del%2025%20de%20Mayo%20de%202012.pdf HTTP/1.1" 200 387391
172.22.2.4 - - [22/Apr/2022:21:43:22 -0500] "GET /BLA/boletinlegal/Circulares/2012/Circular%20No.%205%20del%2027%20de%20Abril%20de%202012.pdf HTTP/1.1" 200 216613
172.22.2.4 - - [22/Apr/2022:21:43:27 -0500] "GET /BLA/boletinlegal/Circulares/2012/Circular%20No.%204%20del%2019%20de%20abril%20de%202012.pdf HTTP/1.1" 200 253045
172.22.2.4 - - [22/Apr/2022:21:43:33 -0500] "GET /BLA/boletinlegal/Circulares/2012/Circular%20No.%203%20del%2023%20de%20Marzo%20de%202012.pdf HTTP/1.1" 200 572950
172.22.2.4 - - [22/Apr/2022:21:43:40 -0500] "GET /BLA/boletinlegal/Circulares/2012/Circular%20No.%202%20del%2014%20de%20Marzo%20de%202012.pdf HTTP/1.1" 200 113666
172.22.2.4 - - [22/Apr/2022:21:43:45 -0500] "GET /BLA/boletinlegal/Circulares/2012/Circular%20No.%2016%20del%2022%20de%20octubre%20de%202012.pdf HTTP/1.1" 200 381186
172.22.2.4 - - [22/Apr/2022:21:43:50 -0500] "GET /BLA/boletinlegal/Circulares/2012/Circular%20No.%2015%20del%2022%20de%20octubre%20de%202012.pdf HTTP/1.1" 200 486506
201.245.192.253 - - [22/Apr/2022:21:43:02 -0500] "POST /kwsrmcab/Wsrmcab HTTP/1.1" 200 46071
172.22.2.4 - - [22/Apr/2022:21:43:56 -0500] "GET /BLA/boletinlegal/Circulares/2012/Circular%20No.%2014%20del%2011%20de%20Septiembre%20de%202012.pdf HTTP/1.1" 200 3427471
172.22.2.4 - - [22/Apr/2022:21:44:06 -0500] "GET /BLA/boletinlegal/Circulares/2012/Circular%20No.%2013%20del%2006%20de%20Septiembre%20de%202012.pdf HTTP/1.1" 200 351421
172.22.2.4 - - [22/Apr/2022:21:44:12 -0500] "GET /BLA/boletinlegal/Circulares/2012/Circular%20No.%2012%20del%2028%20de%20Agosto%20de%202012.pdf HTTP/1.1" 200 369945
40.77.167.29 - - [22/Apr/2022:21:44:13 -0500] "GET /BLA/resoluciones/AUTOS%202021/4170.pdf HTTP/1.1" 304 -
172.22.2.4 - - [22/Apr/2022:21:44:19 -0500] "GET /BLA/boletinlegal/Circulares/2012/Circular%20No.%2011%20del%2027%20de%20Agosto%20de%202012.pdf HTTP/1.1" 200 526945
172.22.2.4 - - [22/Apr/2022:21:44:24 -0500] "GET /BLA/boletinlegal/Circulares/2012/Circular%20No.%2010%20del%2026%20de%20Enero%20de%202012.pdf HTTP/1.1" 404 1218
172.22.2.4 - - [22/Apr/2022:21:44:27 -0500] "GET /BLA/boletinlegal/Circulares/2012/Circular%20No.%2010%20del%2022%20de%20Agosto%20de%202012.pdf HTTP/1.1" 200 1563219
172.22.2.4 - - [22/Apr/2022:21:44:36 -0500] "GET /BLA/boletinlegal/Circulares/2012/Circular%20No.%201%20del%2017%20de%20Enero%20de%202012.pdf HTTP/1.1" 200 1118749
172.22.2.4 - - [22/Apr/2022:21:44:44 -0500] "GET /BLA/boletinlegal/Circulares/2011/Circular%20No.%209%20del%2003%20de%20Noviembre%20de%202011.pdf HTTP/1.1" 200 54568
186.102.2.27 - - [22/Apr/2022:21:44:44 -0500] "-" 408 -
186.102.2.27 - - [22/Apr/2022:21:44:44 -0500] "-" 408 -
172.22.2.4 - - [22/Apr/2022:21:44:49 -0500] "GET /BLA/boletinlegal/Circulares/2011/Circular%20No.%208%20del%2020%20de%20Septiembre%20de%202011.pdf HTTP/1.1" 200 285158
172.22.2.4 - - [22/Apr/2022:21:43:13 -0500] "HEAD /BLA/boletinlegal/ HTTP/1.1" 200 -
172.22.2.4 - - [22/Apr/2022:21:44:54 -0500] "GET /BLA/boletinlegal/Circulares/2011/Circular%20No.%207%20del%2023%20de%20Diciembre%20de%202011.pdf HTTP/1.1" 200 1107785
172.22.2.4 - - [22/Apr/2022:21:45:02 -0500] "GET /BLA/boletinlegal/Circulares/2011/Circular%20No.%207%20del%2015%20de%20Septiembre%20de%202011.pdf HTTP/1.1" 200 314873
172.22.2.4 - - [22/Apr/2022:21:45:10 -0500] "GET /BLA/boletinlegal/Circulares/2011/Circular%20No.%206%20del%2029%20de%20Julio%20de%202011.pdf HTTP/1.1" 200 262144
199.59.150.180 - - [22/Apr/2022:21:45:13 -0500] "GET /documents/10184/2325415/pieza-concurso-buenas-practicas-20-septiembre.jpg HTTP/1.1" 404 1030
172.22.2.4 - - [22/Apr/2022:21:45:20 -0500] "GET /BLA/boletinlegal/Circulares/2011/Circular%20No.%206%20del%2023%20de%20Septiembre%20de%202011.pdf HTTP/1.1" 200 252800
61.135.159.204 - - [22/Apr/2022:21:45:20 -0500] "GET / HTTP/1.1" 200 319
172.22.2.4 - - [22/Apr/2022:21:45:28 -0500] "GET /BLA/boletinlegal/Circulares/2011/Circular%20No.%205%20del%2014%20de%20Julio%20de%202011.pdf HTTP/1.1" 200 1488992
172.22.2.4 - - [22/Apr/2022:21:45:35 -0500] "GET /BLA/boletinlegal/Circulares/2011/Circular%20No.%205%20del%2012%20de%20Agosto%20de%202011.pdf HTTP/1.1" 200 431796
172.22.2.4 - - [22/Apr/2022:21:45:43 -0500] "GET /BLA/boletinlegal/Circulares/2011/Circular%20No.%204%20del%2014%20de%20Julio%20de%202011.pdf HTTP/1.1" 200 399895
172.22.2.4 - - [22/Apr/2022:21:44:03 -0500] "GET /BLA/boletinlegal/ HTTP/1.1" 200 60932
172.22.2.4 - - [22/Apr/2022:21:45:49 -0500] "GET /BLA/boletinlegal/Circulares/2011/Circular%20No.%204%20del%2012%20de%20Agosto%20de%202011.pdf HTTP/1.1" 200 601047
172.22.2.4 - - [22/Apr/2022:21:45:56 -0500] "GET /BLA/boletinlegal/Circulares/2011/Circular%20No.%203%20del%2023%20de%20Junio%20de%202011.pdf HTTP/1.1" 200 1452758
172.22.2.4 - - [22/Apr/2022:21:46:03 -0500] "GET /BLA/boletinlegal/Circulares/2011/Circular%20No.%203%20del%2016%20de%20Junio%20de%202011.pdf HTTP/1.1" 200 346378
172.22.2.4 - - [22/Apr/2022:21:46:08 -0500] "GET /BLA/boletinlegal/Circulares/2011/Circular%20No.%202%20del%2031%20de%20Mayo%20de%202011.pdf HTTP/1.1" 200 496778
172.22.2.4 - - [22/Apr/2022:21:46:16 -0500] "GET /BLA/boletinlegal/Circulares/2011/Circular%20No.%202%20del%2026%20de%20Mayo%20de%202011.pdf HTTP/1.1" 200 644194
172.22.2.4 - - [22/Apr/2022:21:46:23 -0500] "GET /BLA/boletinlegal/Circulares/2011/Circular%20No.%201%20del%2023%20de%20Febrero%20de%202011.pdf HTTP/1.1" 200 540140
172.22.2.4 - - [22/Apr/2022:21:46:33 -0500] "GET /BLA/boletinlegal/Circulares/2011/Circular%20No.%201%20del%2012%20de%20Abril%20de%202011.pdf HTTP/1.1" 200 366269
172.22.2.4 - - [22/Apr/2022:21:46:43 -0500] "GET /BLA/boletinlegal/Circulares/2011/Circular%20003%20de%20Febrero%20de%202011.pdf HTTP/1.1" 200 224758
172.22.2.4 - - [22/Apr/2022:21:46:51 -0500] "GET /BLA/boletinlegal/Circulares/2010/Circular%2006%20de%208%20de%20septiembre%20de%202010.pdf HTTP/1.1" 200 4657752
172.22.2.4 - - [22/Apr/2022:21:47:02 -0500] "GET /BLA/boletinlegal/Circulares/2010/Circular%2005%20de%208%20de%20septiembre%20de%202010.pdf HTTP/1.1" 200 2146608
172.22.2.4 - - [22/Apr/2022:21:47:10 -0500] "GET /BLA/boletinlegal/Circulares/2010/Circular%2004%20de%2021%20de%20abril%20de%202010.pdf HTTP/1.1" 200 682373
190.26.144.221 - - [22/Apr/2022:21:47:23 -0500] "GET /BLA/resoluciones/index.php?dir=AUTOS+2011%2F HTTP/1.1" 200 627290
216.245.221.92 - - [22/Apr/2022:21:47:56 -0500] "HEAD / HTTP/1.1" 200 -
66.249.65.13 - - [22/Apr/2022:21:48:44 -0500] "-" 408 -
179.51.120.19 - - [22/Apr/2022:21:49:18 -0500] "GET /si-eres-mujer-y-te-gusta-el-cuidado-de-los-humedales-este-proceso-de-formacion-es-para-ti.html HTTP/1.1" 200 1025
172.22.2.4 - - [22/Apr/2022:21:49:03 -0500] "HEAD /BLA/boletinlegal/ HTTP/1.1" 200 -
172.22.2.4 - - [22/Apr/2022:21:49:53 -0500] "GET /BLA/boletinlegal/ HTTP/1.1" 200 43418
172.22.2.4 - - [22/Apr/2022:21:49:58 -0500] "GET /BLA/boletinlegal/ HTTP/1.1" 200 44043
172.22.2.4 - - [22/Apr/2022:21:51:45 -0500] "GET /BLA/boletinlegal/ HTTP/1.1" 200 40907
216.245.221.92 - - [22/Apr/2022:21:52:56 -0500] "HEAD / HTTP/1.1" 200 -
185.239.215.79 - - [22/Apr/2022:21:53:00 -0500] "GET /documents/10184/2325415/pieza-concurso-buenas-practicas-20-septiembre.jpg HTTP/1.1" 404 1156
45.8.165.142 - - [22/Apr/2022:21:53:00 -0500] "GET /documents/10184/2325415/pieza-concurso-buenas-practicas-20-septiembre.jpg HTTP/1.1" 404 1156
172.22.2.4 - - [22/Apr/2022:21:52:15 -0500] "GET /BLA/boletinlegal/ HTTP/1.1" 200 36811
66.249.73.135 - - [22/Apr/2022:21:53:36 -0500] "-" 408 -
40.77.167.98 - - [22/Apr/2022:21:54:23 -0500] "-" 408 -
172.22.2.4 - - [22/Apr/2022:21:54:53 -0500] "HEAD /BLA/boletinlegal/ HTTP/1.1" 200 -
172.22.2.4 - - [22/Apr/2022:21:55:43 -0500] "GET /BLA/boletinlegal/ HTTP/1.1" 200 58588
216.245.221.92 - - [22/Apr/2022:21:57:56 -0500] "HEAD / HTTP/1.1" 200 -
172.22.2.4 - - [22/Apr/2022:21:57:48 -0500] "GET /BLA/boletinlegal/ HTTP/1.1" 200 36811
172.22.2.4 - - [22/Apr/2022:21:57:48 -0500] "GET /BLA/boletinlegal/ HTTP/1.1" 200 36811
172.22.2.4 - - [22/Apr/2022:22:01:09 -0500] "GET /BLA/boletinlegal/normativa.php HTTP/1.1" 200 8292
207.46.13.199 - - [22/Apr/2022:22:01:15 -0500] "GET /Publicaciones/2022EE20058.pdf HTTP/1.1" 404 227
157.55.39.145 - - [22/Apr/2022:22:02:15 -0500] "GET /BLA/resoluciones/AUTOS%202011/1719.pdf HTTP/1.1" 200 149667
172.22.2.4 - - [22/Apr/2022:22:00:43 -0500] "HEAD /BLA/boletinlegal/ HTTP/1.1" 200 -
216.245.221.92 - - [22/Apr/2022:22:02:56 -0500] "HEAD / HTTP/1.1" 200 -
172.22.2.4 - - [22/Apr/2022:22:01:33 -0500] "GET /BLA/boletinlegal/ HTTP/1.1" 200 56300
205.169.39.158 - - [22/Apr/2022:22:03:47 -0500] "GET /BLA/boletinlegal/js/jquery.scrollShow.js HTTP/1.1" 200 4586
172.22.2.4 - - [22/Apr/2022:22:03:57 -0500] "GET /BLA/boletinlegal/Directivas/2011/Directiva%20No.%204%20del%2028%20de%20Junio%20de%202011.pdf HTTP/1.1" 304 -
205.169.39.158 - - [22/Apr/2022:22:03:58 -0500] "GET /galeria/galeria/jquery.fancybox.js?v=2.1.5 HTTP/1.1" 200 48706
172.22.2.4 - - [22/Apr/2022:22:05:33 -0500] "GET /BLA/boletinlegal/actos.php HTTP/1.1" 200 9559
172.22.2.4 - - [22/Apr/2022:22:05:49 -0500] "GET /BLA/boletinlegal/consulta_actos.php?tipo=autos&no=5791&usuario=&sector=&fecha=2011&resuelve= HTTP/1.1" 200 626
172.22.2.4 - - [22/Apr/2022:22:05:32 -0500] "GET /BLA/boletinlegal/ HTTP/1.1" 200 61796
216.245.221.92 - - [22/Apr/2022:22:07:56 -0500] "HEAD / HTTP/1.1" 200 -
172.22.2.4 - - [22/Apr/2022:22:06:33 -0500] "HEAD /BLA/boletinlegal/ HTTP/1.1" 200 -
172.22.2.4 - - [22/Apr/2022:22:07:23 -0500] "GET /BLA/boletinlegal/ HTTP/1.1" 200 58588
192.168.171.38 - - [22/Apr/2022:22:11:37 -0500] "GET /BLA/boletinlegal/actos.php HTTP/1.1" 200 9559
192.168.171.38 - - [22/Apr/2022:22:11:36 -0500] "GET /BLA/boletinlegal/index.php HTTP/1.1" 200 16331
190.27.10.137 - - [22/Apr/2022:22:11:56 -0500] "GET /distrito-academia-y-sector-privado-plantaron-100-arboles-para-conmemorar-el-dia-de-la-tierra.html HTTP/1.1" 200 1066
205.169.39.224 - - [22/Apr/2022:22:12:54 -0500] "GET /BLA/boletinlegal/js/jquery.scrollShow.js HTTP/1.1" 200 4586
216.245.221.92 - - [22/Apr/2022:22:12:56 -0500] "HEAD / HTTP/1.1" 200 -
205.169.39.224 - - [22/Apr/2022:22:12:57 -0500] "GET /galeria/galeria/jquery.fancybox.js?v=2.1.5 HTTP/1.1" 200 48706
192.168.171.38 - - [22/Apr/2022:22:13:27 -0500] "GET /BLA/boletinlegal/consulta_actos.php?tipo=resoluciones&no=0340&usuario=&sector=&fecha=2021&resuelve= HTTP/1.1" 200 1156
192.168.171.38 - - [22/Apr/2022:22:13:41 -0500] "GET /BLA/boletinlegal/consulta_actos.php?tipo=autos&no=0340&usuario=&sector=&fecha=2021&resuelve= HTTP/1.1" 200 1031
190.27.10.137 - - [22/Apr/2022:22:13:43 -0500] "GET /dia-internacional-de-la-tierra-actividades-para-celebrar-esta-fecha-en-bogota.html HTTP/1.1" 200 879
66.249.65.13 - - [22/Apr/2022:22:14:02 -0500] "-" 408 -
172.22.2.4 - - [22/Apr/2022:22:12:22 -0500] "HEAD /BLA/boletinlegal/ HTTP/1.1" 200 -
192.168.171.38 - - [22/Apr/2022:22:14:19 -0500] "GET /BLA/boletinlegal/consulta_actos.php?tipo=autos&no=4565&usuario=&sector=&fecha=2020&resuelve= HTTP/1.1" 200 1186
172.22.2.4 - - [22/Apr/2022:22:13:13 -0500] "GET /BLA/boletinlegal/ HTTP/1.1" 200 58588
207.46.13.199 - - [22/Apr/2022:22:14:56 -0500] "GET /sipse/faces/autenticacion.xhtml HTTP/1.1" 200 12493
34.90.146.228 - - [22/Apr/2022:22:16:47 -0500] "GET / HTTP/1.1" 200 319
172.22.2.4 - - [22/Apr/2022:22:17:28 -0500] "GET /BLA/boletinlegal/actos.php HTTP/1.1" 200 9559
172.22.2.4 - - [22/Apr/2022:22:17:29 -0500] "GET /BLA/boletinlegal/favicon.ico HTTP/1.1" 404 1326
181.61.30.140 - - [22/Apr/2022:22:17:32 -0500] "GET /BLA/resoluciones/ HTTP/1.1" 200 13093
181.61.30.140 - - [22/Apr/2022:22:17:34 -0500] "GET /BLA/resoluciones/index.php?dir=AUTOS+2011%2F HTTP/1.1" 200 627290
216.245.221.92 - - [22/Apr/2022:22:17:56 -0500] "HEAD / HTTP/1.1" 200 -
181.61.30.140 - - [22/Apr/2022:22:18:00 -0500] "GET /BLA/resoluciones/AUTOS%202011/0317.pdf HTTP/1.1" 200 195338
172.22.2.4 - - [22/Apr/2022:22:17:46 -0500] "GET /BLA/boletinlegal/ HTTP/1.1" 200 20427
199.16.157.180 - - [22/Apr/2022:22:18:23 -0500] "GET /documents/10184/2325415/pieza-concurso-buenas-practicas-20-septiembre.jpg HTTP/1.1" 404 1030
172.22.2.4 - - [22/Apr/2022:22:17:20 -0500] "GET /BLA/boletinlegal/ HTTP/1.1" 200 51365
172.22.2.4 - - [22/Apr/2022:22:18:13 -0500] "HEAD /BLA/boletinlegal/ HTTP/1.1" 200 -
172.22.2.4 - - [22/Apr/2022:22:19:03 -0500] "GET /BLA/boletinlegal/ HTTP/1.1" 200 60932
199.59.150.182 - - [22/Apr/2022:22:21:35 -0500] "GET /documents/10184/2325415/pieza-concurso-buenas-practicas-20-septiembre.jpg HTTP/1.1" 404 1030
216.245.221.92 - - [22/Apr/2022:22:22:56 -0500] "HEAD / HTTP/1.1" 200 -
201.245.192.253 - - [22/Apr/2022:22:22:12 -0500] "POST /kwsrmcab/Wsrmcab HTTP/1.1" 200 43805
201.245.192.253 - - [22/Apr/2022:22:23:01 -0500] "POST /kwsrmcab/Wsrmcab HTTP/1.1" 200 45930
187.190.205.230 - - [22/Apr/2022:22:25:09 -0500] "GET /distrito-academia-y-sector-privado-plantaron-100-arboles-para-conmemorar-el-dia-de-la-tierra.html HTTP/1.1" 304 -
172.22.2.4 - - [22/Apr/2022:22:24:02 -0500] "HEAD /BLA/boletinlegal/ HTTP/1.1" 200 -
66.249.65.31 - - [22/Apr/2022:22:26:01 -0500] "-" 408 -
172.22.2.4 - - [22/Apr/2022:22:24:53 -0500] "GET /BLA/boletinlegal/ HTTP/1.1" 200 52945
172.22.2.4 - - [22/Apr/2022:22:25:53 -0500] "GET /BLA/boletinlegal/ HTTP/1.1" 200 24523
216.245.221.92 - - [22/Apr/2022:22:27:56 -0500] "HEAD / HTTP/1.1" 200 -
161.10.27.160 - - [22/Apr/2022:22:28:29 -0500] "GET /en-dia-internacional-de-la-tierra-secretaria-de-ambiente-presenta-libro-digital-de-relatos-escritos-por-ciudadanos.html HTTP/1.1" 200 1033
65.154.226.220 - - [22/Apr/2022:22:28:58 -0500] "GET /BLA/boletinlegal/js/jquery.scrollShow.js HTTP/1.1" 200 4586
186.29.222.113 - - [22/Apr/2022:22:29:05 -0500] "GET / HTTP/1.1" 200 319
186.29.222.113 - - [22/Apr/2022:22:29:06 -0500] "GET /favicon.ico HTTP/1.1" 200 7782
65.154.226.220 - - [22/Apr/2022:22:29:15 -0500] "GET /galeria/galeria/jquery.fancybox.js?v=2.1.5 HTTP/1.1" 200 48706
172.22.2.4 - - [22/Apr/2022:22:29:15 -0500] "POST /BLA/boletinlegal/ALFA_DATA/alfacgiapi/perl.alfa HTTP/1.1" 404 1154
172.22.2.4 - - [22/Apr/2022:22:29:16 -0500] "POST /BLA/boletinlegal/alfacgiapi/perl.alfa HTTP/1.1" 404 1154
172.22.2.4 - - [22/Apr/2022:22:29:52 -0500] "HEAD /BLA/boletinlegal/ HTTP/1.1" 200 -
172.22.2.4 - - [22/Apr/2022:22:31:21 -0500] "GET /BLA/boletinlegal/ HTTP/1.1" 200 36811
172.22.2.4 - - [22/Apr/2022:22:30:43 -0500] "GET /BLA/boletinlegal/ HTTP/1.1" 200 53739
216.245.221.92 - - [22/Apr/2022:22:32:56 -0500] "HEAD / HTTP/1.1" 200 -
201.245.192.253 - - [22/Apr/2022:22:32:12 -0500] "POST /kwsrmcab/Wsrmcab HTTP/1.1" 200 43805
201.245.192.253 - - [22/Apr/2022:22:33:02 -0500] "POST /kwsrmcab/Wsrmcab HTTP/1.1" 200 45930
186.149.24.220 - - [22/Apr/2022:22:37:09 -0500] "GET /galeria/galeria/jquery.fancybox.css?v=2.1.5 HTTP/1.1" 200 4895
186.149.24.220 - - [22/Apr/2022:22:37:09 -0500] "GET /BLA/boletinlegal/js/jquery.scrollShow.js HTTP/1.1" 200 4586
186.149.24.220 - - [22/Apr/2022:22:37:09 -0500] "GET /galeria/galeria/jquery.fancybox.js?v=2.1.5 HTTP/1.1" 200 48706
172.22.2.4 - - [22/Apr/2022:22:35:41 -0500] "GET /BLA/boletinlegal/ HTTP/1.1" 200 49718
172.22.2.4 - - [22/Apr/2022:22:35:42 -0500] "HEAD /BLA/boletinlegal/ HTTP/1.1" 200 -
216.245.221.92 - - [22/Apr/2022:22:37:56 -0500] "HEAD / HTTP/1.1" 200 -
172.22.2.4 - - [22/Apr/2022:22:36:33 -0500] "GET /BLA/boletinlegal/ HTTP/1.1" 200 54457
172.22.2.4 - - [22/Apr/2022:22:39:24 -0500] "GET /BLA/boletinlegal/Circulares/2022/CIRCULAR%20No.%2000003%20DEL%2007%20DE%20MARZO%20DEL%202022.pdf HTTP/1.1" 404 1038
172.22.2.4 - - [22/Apr/2022:22:39:26 -0500] "GET /BLA/boletinlegal/Circulares/2021/CIRCULAR%20No.%2000009%20DEL%2001%20DE%20OCTUBRE%20DEL%202021.pdf HTTP/1.1" 200 320793
172.22.2.4 - - [22/Apr/2022:22:39:32 -0500] "GET /BLA/boletinlegal/Circulares/2021/CIRCULAR%20No.%2000007%20DEL%2010%20DE%20AGOSTO%20DEL%202021.pdf HTTP/1.1" 200 266364
172.22.2.4 - - [22/Apr/2022:22:39:37 -0500] "GET /BLA/boletinlegal/Circulares/2021/CIRCULAR%20No.%2000006%20DEL%2005%20DE%20AGOSTO%20DEL%202021.pdf HTTP/1.1" 200 249615
128.14.209.162 - - [22/Apr/2022:22:39:39 -0500] "GET / HTTP/1.1" 200 319
128.14.209.162 - - [22/Apr/2022:22:39:39 -0500] "HEAD /icons/sphere1.png HTTP/1.1" 200 -
128.14.209.162 - - [22/Apr/2022:22:39:40 -0500] "HEAD /icons/.%2e/%2e%2e/apache2/icons/sphere1.png HTTP/1.1" 400 -
