186.84.89.155 - - [23/Apr/2022:16:58:23 -0500] "GET /kwssiamovil/sm/acme/a?s=U2FsdGVkX1/khMIjWsRMF7FFn3BYcRhHMpO8kMrvrmiU9j4krbSqenUKkrmtmO6agqLxWDenoyVIXcBH7LBAEN/MDhfXOnFWrYufyNKsf+PBfWJQzJNHCiFUpF9BHzHL25vWAZMNjiOPSDvjBDiPH/gHmshRdjlzHhDSbk9b5wE=&u=U2FsdGVkX1+AHjD+wtker8Z7kL4HxHHLpx4hh/pIdTc=&y=U2FsdGVkX196SYzewG3mCjtpKAcLkZnNlICXzvCRTZDjFsr0YvxvhPLv6ItcgykU HTTP/1.1" 200 25
186.84.89.155 - - [23/Apr/2022:16:58:23 -0500] "GET /kwssiamovil/sm/acme/a?s=U2FsdGVkX18PqsJjSVYuwrWi5P4rNg3eVxhL5iRZfIVXJVSUvHmyq7WBvCuWlEevltpqpYJao5HkO2EgRMLfofcP4QWpz73GxlCqY3KsZ1S0ChmFaCan+ZV/OIx8eGCJLwimf8UKguJzlCdjREBQWsvT7JNWuKfTicz9nEeXs8Y=&u=U2FsdGVkX1+AHjD+wtker8Z7kL4HxHHLpx4hh/pIdTc=&y=U2FsdGVkX196SYzewG3mCjtpKAcLkZnNlICXzvCRTZDjFsr0YvxvhPLv6ItcgykU HTTP/1.1" 200 25
186.84.89.155 - - [23/Apr/2022:16:58:23 -0500] "GET /kwssiamovil/sm/acme/a?s=U2FsdGVkX1+xkYfnkd2oNEUNo/B6aW+d9/Tt9AvsanXh8vhi8Tf6X0hI0XqLNcPCrqtA6e1gbpm1KHGJEB+MM0qHoCCyNZarTYfpZS5ooRrhQhQLhV70wUNO7h0749UDc3jWh76aViw0ody8hnPLdjPespaC4FEhVvAAFE+JP3s=&u=U2FsdGVkX1+AHjD+wtker8Z7kL4HxHHLpx4hh/pIdTc=&y=U2FsdGVkX196SYzewG3mCjtpKAcLkZnNlICXzvCRTZDjFsr0YvxvhPLv6ItcgykU HTTP/1.1" 200 25
186.84.89.155 - - [23/Apr/2022:16:58:23 -0500] "GET /kwssiamovil/sm/acme/a?s=U2FsdGVkX18rMe6M7AJtv/KYuRRFG18wfWoe+FA04XqMV88GEUpRuP/up+54FHoRSlYbPN1Ixz+iRAXdl2+HrBr4KBWguBLYIigSXoOK56tFJxEIJx9Ah2AtNpOY6AJxaLGnBLBZJkOqXi1dyFTGnTepb/kcFTDNaSz53E01hJ8RtNPqgRKFH0MtFc9ksiTA&u=U2FsdGVkX1+AHjD+wtker8Z7kL4HxHHLpx4hh/pIdTc=&y=U2FsdGVkX196SYzewG3mCjtpKAcLkZnNlICXzvCRTZDjFsr0YvxvhPLv6ItcgykU HTTP/1.1" 200 25
186.84.89.155 - - [23/Apr/2022:16:58:24 -0500] "GET /kwssiamovil/sm/acme/a?s=U2FsdGVkX19GztU+k9cZ35kZr7W1sSOxDELUYtj5f4eH8qNay/B/CA2B8YJNuMBg+q9RpPGpnDlJewvdt4u42Pp1++cJOwAxR+vbN6OKWnQVj8JT2l3TMkdy0HRB0qRWUy1qpjoa7B15x5Swe+SkPamc+zEXnd6DcMwLWXTKgamHiyXxMWV9q9XtwVUixsRCEjJvMpaWLCgaWVHBGb3t5gS2YcmxtJb4lI3/Ttln/Nx0ofP0I2/m3NP7JXHmlEVAUz+BFLqIaVukDAcXNyuhkzzuytrXT0Gll+XtfjY6ZUtAJHm3eeRYEnSS2npJBqVyAAUUkpOxO3wkCii8zpC1gHO8lGs7PYngNvP8ozJ33FhoJ0UXjpN088O5s7k4dO9VRhQn2F9CHpz2YRyDs217TK1hM4swJrpLmp57CIj7GVyT7A/VK3JUAFtW45A5joKhKuphRHuCV/An92mOyr41xw==&u=U2FsdGVkX1+AHjD+wtker8Z7kL4HxHHLpx4hh/pIdTc=&y=U2FsdGVkX196SYzewG3mCjtpKAcLkZnNlICXzvCRTZDjFsr0YvxvhPLv6ItcgykU HTTP/1.1" 200 24
186.84.89.155 - - [23/Apr/2022:16:58:24 -0500] "GET /kwssiamovil/sm/acme/a?s=U2FsdGVkX1+e0ANpcho413vi+ycZlYCRE9ezuTwrOID92ZOgRHOnplyf48Ey34BEskONMGc6YWMlbonkcIai+8Eyp5vaffJGFEoJUb/dXo2g3U6qe8+zOYr09asS3jYj/qYufvQoQYN0DUJBXMgLzT71emJ2vI8Y6YjduLNXaNFM5nsNlr4dUVQEZgDwGVN1SEUord0AyA6H2qXWtDtkuCyqhTUMUGWxeFS4pmexuhohzCS88mzpXkWFpOcTVhxjO8vkqCD5rThLwuGLe0iowEl9rSNXG7sRYYKkNkxnISvS+0Cu44toDaKb7O1JI6rZAptUfl85ephNtMvY9/iozUy5CJ0PRtcSGcEKU3rbPwVjzhJBrCXYG9NFZbY6fJwm99tLkyP4bUpBcmpRQA/jnWXiBv6REVOeQ+e8J0A++Q4=&u=U2FsdGVkX1+AHjD+wtker8Z7kL4HxHHLpx4hh/pIdTc=&y=U2FsdGVkX196SYzewG3mCjtpKAcLkZnNlICXzvCRTZDjFsr0YvxvhPLv6ItcgykU HTTP/1.1" 200 24
192.133.77.16 - - [23/Apr/2022:16:58:52 -0500] "GET /documents/10184/2325415/pieza-concurso-buenas-practicas-20-septiembre.jpg HTTP/1.1" 404 1030
172.22.2.4 - - [23/Apr/2022:16:58:10 -0500] "HEAD /BLA/boletinlegal/ HTTP/1.1" 200 -
172.22.2.4 - - [23/Apr/2022:16:59:00 -0500] "GET /BLA/boletinlegal/ HTTP/1.1" 200 59688
207.46.13.82 - - [23/Apr/2022:17:00:58 -0500] "GET /bla/resoluciones/autos%202013/0076.pdf HTTP/1.1" 200 350443
216.245.221.92 - - [23/Apr/2022:17:02:53 -0500] "HEAD / HTTP/1.1" 200 -
157.55.39.199 - - [23/Apr/2022:17:04:42 -0500] "GET /autoliquidacion2020 HTTP/1.1" 301 250
157.55.39.199 - - [23/Apr/2022:17:04:52 -0500] "GET /autoliquidacion2020/ HTTP/1.1" 200 6146
207.46.13.115 - - [23/Apr/2022:17:05:35 -0500] "GET /galeria/nivo-slider/demo/banner.html HTTP/1.1" 200 5446
172.22.2.4 - - [23/Apr/2022:17:04:00 -0500] "HEAD /BLA/boletinlegal/ HTTP/1.1" 200 -
172.22.2.4 - - [23/Apr/2022:17:04:50 -0500] "GET /BLA/boletinlegal/ HTTP/1.1" 200 59170
66.249.65.13 - - [23/Apr/2022:17:07:35 -0500] "-" 408 -
216.245.221.92 - - [23/Apr/2022:17:07:53 -0500] "HEAD / HTTP/1.1" 200 -
172.22.2.4 - - [23/Apr/2022:17:10:03 -0500] "GET /BLA/boletinlegal/actos.php HTTP/1.1" 200 9559
172.22.2.4 - - [23/Apr/2022:17:10:03 -0500] "GET /BLA/boletinlegal/favicon.ico HTTP/1.1" 404 1326
186.99.148.235 - - [23/Apr/2022:17:10:05 -0500] "GET /BLA/resoluciones/ HTTP/1.1" 200 13093
186.99.148.235 - - [23/Apr/2022:17:10:05 -0500] "GET /favicon.ico HTTP/1.1" 200 7782
186.99.148.235 - - [23/Apr/2022:17:10:08 -0500] "GET /BLA/resoluciones/index.php?dir=AUTOS+2017%2F HTTP/1.1" 200 456249
172.22.2.4 - - [23/Apr/2022:17:10:01 -0500] "GET /BLA/boletinlegal/ HTTP/1.1" 200 24523
172.22.2.4 - - [23/Apr/2022:17:09:50 -0500] "HEAD /BLA/boletinlegal/ HTTP/1.1" 200 -
186.28.139.248 - - [23/Apr/2022:17:11:39 -0500] "GET /BLA/resoluciones/ HTTP/1.1" 200 13093
186.28.139.248 - - [23/Apr/2022:17:11:54 -0500] "GET /BLA/resoluciones/index.php?dir=RESOLUCIONES+2020%2F HTTP/1.1" 200 160552
186.28.139.248 - - [23/Apr/2022:17:12:01 -0500] "GET /BLA/resoluciones/RESOLUCIONES%202020/0252.pdf HTTP/1.1" 200 847662
172.22.2.4 - - [23/Apr/2022:17:10:40 -0500] "GET /BLA/boletinlegal/ HTTP/1.1" 200 60932
216.245.221.92 - - [23/Apr/2022:17:12:52 -0500] "HEAD / HTTP/1.1" 200 -
186.28.139.248 - - [23/Apr/2022:17:13:42 -0500] "GET /BLA/resoluciones/index.php?dir=RESOLUCIONES+2021%2F HTTP/1.1" 200 327876
186.28.139.248 - - [23/Apr/2022:17:13:52 -0500] "GET /BLA/resoluciones/RESOLUCIONES%202021/2870.pdf HTTP/1.1" 200 471619
172.22.2.4 - - [23/Apr/2022:17:15:40 -0500] "HEAD /BLA/boletinlegal/ HTTP/1.1" 200 -
186.28.139.248 - - [23/Apr/2022:17:17:38 -0500] "GET /BLA/resoluciones/ HTTP/1.1" 200 13093
186.28.139.248 - - [23/Apr/2022:17:17:43 -0500] "GET /BLA/resoluciones/index.php?dir=RESOLUCIONES+2016%2F HTTP/1.1" 200 167904
216.245.221.92 - - [23/Apr/2022:17:17:52 -0500] "HEAD / HTTP/1.1" 200 -
172.22.2.4 - - [23/Apr/2022:17:16:30 -0500] "GET /BLA/boletinlegal/ HTTP/1.1" 200 59170
40.77.189.24 - - [23/Apr/2022:17:20:43 -0500] "GET /dlf/styles.css HTTP/1.1" 404 1018
40.77.189.101 - - [23/Apr/2022:17:20:43 -0500] "GET /dlf/folder.png HTTP/1.1" 404 1018
186.28.139.248 - - [23/Apr/2022:17:21:20 -0500] "GET /BLA/resoluciones/index.php?dir=RESOLUCIONES+2019%2F HTTP/1.1" 200 236225
186.28.139.248 - - [23/Apr/2022:17:21:36 -0500] "GET /BLA/resoluciones/RESOLUCIONES%202019/2870.pdf HTTP/1.1" 200 575789
173.252.111.17 - - [23/Apr/2022:17:22:00 -0500] "GET /images/liberacion-fauna-silvestre-23-abril.jpg HTTP/1.1" 200 52551
173.252.127.20 - - [23/Apr/2022:17:22:00 -0500] "GET /images/liberacion-fauna-silvestre-23-abril.jpg HTTP/1.1" 200 52551
173.252.127.19 - - [23/Apr/2022:17:22:00 -0500] "GET /images/liberacion-fauna-silvestre-23-abril.jpg HTTP/1.1" 200 52551
216.245.221.92 - - [23/Apr/2022:17:22:52 -0500] "HEAD / HTTP/1.1" 200 -
201.245.192.253 - - [23/Apr/2022:17:22:18 -0500] "POST /kwsrmcab/Wsrmcab HTTP/1.1" 200 43084
172.22.2.4 - - [23/Apr/2022:17:21:30 -0500] "HEAD /BLA/boletinlegal/ HTTP/1.1" 200 -
40.77.202.79 - - [23/Apr/2022:17:23:17 -0500] "GET /galeria/nivo-slider/nivo-slider.css HTTP/1.1" 200 1507
40.77.202.79 - - [23/Apr/2022:17:23:17 -0500] "GET /galeria/nivo-slider/themes/pascal/pascal.css HTTP/1.1" 200 2258
40.77.202.79 - - [23/Apr/2022:17:23:17 -0500] "GET /galeria/nivo-slider/jquery.nivo.slider.pack.js HTTP/1.1" 200 11561
40.77.202.79 - - [23/Apr/2022:17:23:17 -0500] "GET /galeria/nivo-slider/demo/scripts/jquery-1.7.1.min.js HTTP/1.1" 200 93868
40.77.202.79 - - [23/Apr/2022:17:23:17 -0500] "GET /galeria/nivo-slider/demo/images/bannertortuga_optimized.jpg HTTP/1.1" 200 39066
40.77.202.79 - - [23/Apr/2022:17:23:17 -0500] "GET /galeria/nivo-slider/demo/images/bannerrutaesperanza.jpg HTTP/1.1" 200 55560
40.77.202.79 - - [23/Apr/2022:17:23:17 -0500] "GET /galeria/nivo-slider/demo/images/Bannermujeresquereverdecen.jpg HTTP/1.1" 200 46558
40.77.202.79 - - [23/Apr/2022:17:23:17 -0500] "GET /galeria/nivo-slider/demo/images/bannertrafico_optimized.jpg HTTP/1.1" 200 42578
40.77.202.79 - - [23/Apr/2022:17:23:18 -0500] "GET /galeria/nivo-slider/demo/images/Bannersedeelectronica.jpg HTTP/1.1" 200 40383
40.77.202.79 - - [23/Apr/2022:17:23:18 -0500] "GET /galeria/nivo-slider/demo/images/Bannerplasticosseptiembre.jpg HTTP/1.1" 200 45633
40.77.202.79 - - [23/Apr/2022:17:23:18 -0500] "GET /galeria/nivo-slider/demo/images/banneraccionpopularcrr68.jpg HTTP/1.1" 200 51887
40.77.202.79 - - [23/Apr/2022:17:23:18 -0500] "GET /galeria/nivo-slider/demo/images/bannerresiduoshospitalariosagosto.jpg HTTP/1.1" 200 36499
40.77.202.79 - - [23/Apr/2022:17:23:18 -0500] "GET /galeria/nivo-slider/demo/images/banneraire2021.jpg HTTP/1.1" 200 265101
40.77.202.79 - - [23/Apr/2022:17:23:18 -0500] "GET /galeria/nivo-slider/demo/images/banneraccionpopular.jpeg HTTP/1.1" 200 41707
40.77.202.79 - - [23/Apr/2022:17:23:18 -0500] "GET /galeria/nivo-slider/demo/images/Bannerenvases.jpg HTTP/1.1" 200 37316
40.77.202.79 - - [23/Apr/2022:17:23:18 -0500] "GET /galeria/nivo-slider/demo/images/bannerclases2021.jpg HTTP/1.1" 200 68230
40.77.202.79 - - [23/Apr/2022:17:23:18 -0500] "GET /galeria/nivo-slider/demo/images/bannercapacitacionesbogota.jpg HTTP/1.1" 200 42416
40.77.202.79 - - [23/Apr/2022:17:23:18 -0500] "GET /galeria/nivo-slider/demo/images/Bannervirtualescanales.jpg HTTP/1.1" 200 174544
40.77.202.79 - - [23/Apr/2022:17:23:19 -0500] "GET /galeria/nivo-slider/demo/images/4Simple_Slider.png HTTP/1.1" 200 11722
40.77.202.79 - - [23/Apr/2022:17:23:19 -0500] "GET /galeria/nivo-slider/themes/default/loading.gif HTTP/1.1" 200 1737
40.77.202.79 - - [23/Apr/2022:17:23:26 -0500] "GET /galeria/nivo-slider/themes/default/arrows.png HTTP/1.1" 200 824
40.77.202.79 - - [23/Apr/2022:17:23:27 -0500] "GET /galeria/nivo-slider/themes/default/bullets.png HTTP/1.1" 200 1281
201.245.192.253 - - [23/Apr/2022:17:23:08 -0500] "POST /kwsrmcab/Wsrmcab HTTP/1.1" 200 213
172.22.2.4 - - [23/Apr/2022:17:22:20 -0500] "GET /BLA/boletinlegal/ HTTP/1.1" 200 55089
66.220.149.8 - - [23/Apr/2022:17:25:05 -0500] "GET /images/liberacion-fauna-silvestre-23-abril.jpg HTTP/1.1" 200 52551
31.13.127.2 - - [23/Apr/2022:17:25:05 -0500] "GET /images/liberacion-fauna-silvestre-23-abril.jpg HTTP/1.1" 200 52551
186.28.139.248 - - [23/Apr/2022:17:25:47 -0500] "GET /BLA/resoluciones/index.php?dir=RESOLUCIONES+2021%2F HTTP/1.1" 200 327876
186.28.139.248 - - [23/Apr/2022:17:26:01 -0500] "GET /BLA/resoluciones/RESOLUCIONES%202021/0316.pdf HTTP/1.1" 200 1048804
216.245.221.92 - - [23/Apr/2022:17:27:52 -0500] "HEAD / HTTP/1.1" 200 -
172.22.2.4 - - [23/Apr/2022:17:27:20 -0500] "HEAD /BLA/boletinlegal/ HTTP/1.1" 200 -
186.28.139.248 - - [23/Apr/2022:17:29:07 -0500] "GET /BLA/resoluciones/RESOLUCIONES%202021/0301.pdf HTTP/1.1" 200 665976
186.28.139.248 - - [23/Apr/2022:17:29:43 -0500] "GET /BLA/resoluciones/RESOLUCIONES%202021/0305.pdf HTTP/1.1" 200 1196128
181.55.68.39 - - [23/Apr/2022:17:29:48 -0500] "GET /galeria/galeria/jquery.fancybox.css?v=2.1.5 HTTP/1.1" 200 4895
181.55.68.39 - - [23/Apr/2022:17:29:48 -0500] "GET /BLA/boletinlegal/js/jquery.scrollShow.js HTTP/1.1" 200 4586
181.55.68.39 - - [23/Apr/2022:17:29:48 -0500] "GET /galeria/galeria/jquery.fancybox.js?v=2.1.5 HTTP/1.1" 200 48706
181.55.68.39 - - [23/Apr/2022:17:29:48 -0500] "GET /galeria/carrusel/Carrusel/jquery.thumbnailScroller.css HTTP/1.1" 200 2066
181.55.68.39 - - [23/Apr/2022:17:29:49 -0500] "GET /galeria/carrusel/Carrusel/jquery-ui-1.8.13.custom.min.js HTTP/1.1" 200 10800
181.55.68.39 - - [23/Apr/2022:17:29:49 -0500] "GET /galeria/carrusel/Carrusel/jquery.thumbnailScroller.js HTTP/1.1" 200 8157
181.55.68.39 - - [23/Apr/2022:17:29:49 -0500] "GET /galeria/nivo-slider/demo/banner.html HTTP/1.1" 200 5446
181.55.68.39 - - [23/Apr/2022:17:29:50 -0500] "GET /galeria/nivo-slider/themes/default/default.css HTTP/1.1" 200 1569
172.22.2.4 - - [23/Apr/2022:17:28:10 -0500] "GET /BLA/boletinlegal/ HTTP/1.1" 200 52945
181.55.68.39 - - [23/Apr/2022:17:29:50 -0500] "GET /galeria/nivo-slider/themes/orman/orman.css HTTP/1.1" 200 2152
181.55.68.39 - - [23/Apr/2022:17:29:50 -0500] "GET /galeria/nivo-slider/themes/pascal/pascal.css HTTP/1.1" 200 2258
181.55.68.39 - - [23/Apr/2022:17:29:50 -0500] "GET /galeria/nivo-slider/nivo-slider.css HTTP/1.1" 200 1507
181.55.68.39 - - [23/Apr/2022:17:29:50 -0500] "GET /galeria/nivo-slider/demo/style.css HTTP/1.1" 200 2222
181.55.68.39 - - [23/Apr/2022:17:29:50 -0500] "GET /galeria/nivo-slider/demo/scripts/jquery-1.7.1.min.js HTTP/1.1" 200 93868
181.55.68.39 - - [23/Apr/2022:17:29:50 -0500] "GET /galeria/nivo-slider/jquery.nivo.slider.pack.js HTTP/1.1" 200 11561
181.55.68.39 - - [23/Apr/2022:17:29:50 -0500] "GET /galeria/nivo-slider/demo/images/bannertortuga_optimized.jpg HTTP/1.1" 200 39066
181.55.68.39 - - [23/Apr/2022:17:29:50 -0500] "GET /galeria/nivo-slider/demo/images/Bannermujeresquereverdecen.jpg HTTP/1.1" 200 46558
181.55.68.39 - - [23/Apr/2022:17:29:50 -0500] "GET /galeria/nivo-slider/demo/images/bannertrafico_optimized.jpg HTTP/1.1" 200 42578
181.55.68.39 - - [23/Apr/2022:17:29:50 -0500] "GET /galeria/nivo-slider/demo/images/Bannersedeelectronica.jpg HTTP/1.1" 200 40383
181.55.68.39 - - [23/Apr/2022:17:29:50 -0500] "GET /galeria/nivo-slider/demo/images/bannerrutaesperanza.jpg HTTP/1.1" 200 55560
181.55.68.39 - - [23/Apr/2022:17:29:50 -0500] "GET /galeria/nivo-slider/demo/images/banneraire2021.jpg HTTP/1.1" 200 265101
181.55.68.39 - - [23/Apr/2022:17:29:51 -0500] "GET /galeria/nivo-slider/demo/images/Bannerplasticosseptiembre.jpg HTTP/1.1" 200 45633
181.55.68.39 - - [23/Apr/2022:17:29:51 -0500] "GET /galeria/nivo-slider/demo/images/bannerresiduoshospitalariosagosto.jpg HTTP/1.1" 200 36499
181.55.68.39 - - [23/Apr/2022:17:29:51 -0500] "GET /galeria/nivo-slider/demo/images/banneraccionpopularcrr68.jpg HTTP/1.1" 200 51887
181.55.68.39 - - [23/Apr/2022:17:29:51 -0500] "GET /galeria/nivo-slider/demo/images/banneraccionpopular.jpeg HTTP/1.1" 200 41707
181.55.68.39 - - [23/Apr/2022:17:29:51 -0500] "GET /galeria/nivo-slider/demo/images/bannerclases2021.jpg HTTP/1.1" 200 68230
181.55.68.39 - - [23/Apr/2022:17:29:51 -0500] "GET /galeria/nivo-slider/demo/images/bannercapacitacionesbogota.jpg HTTP/1.1" 200 42416
181.55.68.39 - - [23/Apr/2022:17:29:51 -0500] "GET /galeria/nivo-slider/demo/images/Bannerenvases.jpg HTTP/1.1" 200 37316
181.55.68.39 - - [23/Apr/2022:17:29:51 -0500] "GET /galeria/nivo-slider/demo/images/Bannervirtualescanales.jpg HTTP/1.1" 200 174544
181.55.68.39 - - [23/Apr/2022:17:29:52 -0500] "GET /galeria/nivo-slider/demo/images/4Simple_Slider.png HTTP/1.1" 200 11722
181.55.68.39 - - [23/Apr/2022:17:29:52 -0500] "GET /galeria/nivo-slider/themes/default/loading.gif HTTP/1.1" 200 1737
181.55.68.39 - - [23/Apr/2022:17:29:52 -0500] "GET /galeria/nivo-slider/themes/default/arrows.png HTTP/1.1" 200 824
181.55.68.39 - - [23/Apr/2022:17:29:52 -0500] "GET /galeria/nivo-slider/themes/default/bullets.png HTTP/1.1" 200 1281
173.252.111.8 - - [23/Apr/2022:17:31:28 -0500] "GET /images/liberacion-fauna-silvestre-23-abril.jpg HTTP/1.1" 200 52551
173.252.111.20 - - [23/Apr/2022:17:31:28 -0500] "GET /images/liberacion-fauna-silvestre-23-abril.jpg HTTP/1.1" 200 52551
31.13.115.22 - - [23/Apr/2022:17:31:29 -0500] "GET /images/liberacion-fauna-silvestre-23-abril.jpg HTTP/1.1" 200 52551
157.55.39.145 - - [23/Apr/2022:17:31:37 -0500] "GET /forest/ HTTP/1.1" 200 12041
69.171.251.21 - - [23/Apr/2022:17:31:45 -0500] "GET /secretaria-de-ambiente-libero-a-33-animales-silvestres-en-el-humedal-la-conejera.html?fbclid=IwAR3tUNbGzR25w4QR8k4h29lIApngTc-vYEZPueK4dlarZt8Ggc-owavPjMU HTTP/1.1" 200 1095
186.28.139.248 - - [23/Apr/2022:17:31:53 -0500] "GET /BLA/resoluciones/RESOLUCIONES%202021/2545.pdf HTTP/1.1" 200 339495
186.28.139.248 - - [23/Apr/2022:17:32:26 -0500] "GET /BLA/resoluciones/index.php?dir=RESOLUCIONES+2020%2F HTTP/1.1" 200 160552
216.245.221.92 - - [23/Apr/2022:17:32:52 -0500] "HEAD / HTTP/1.1" 200 -
186.28.139.248 - - [23/Apr/2022:17:33:03 -0500] "GET /BLA/resoluciones/index.php?dir=RESOLUCIONES+2019%2F HTTP/1.1" 200 236225
201.245.192.253 - - [23/Apr/2022:17:32:18 -0500] "POST /kwsrmcab/Wsrmcab HTTP/1.1" 200 43084
66.249.65.13 - - [23/Apr/2022:17:33:46 -0500] "-" 408 -
201.245.192.253 - - [23/Apr/2022:17:33:05 -0500] "POST /kwsrmcab/Wsrmcab HTTP/1.1" 200 213
40.77.167.29 - - [23/Apr/2022:17:33:59 -0500] "GET /Autoliquidacion/Grupo%20Forestal%20-%20Silvicultura/Formulario%20de%20solicitud%20de%20manejo%20o%20aprovechamiento%20forestal.xlsx HTTP/1.1" 304 -
172.22.2.4 - - [23/Apr/2022:17:33:10 -0500] "HEAD /BLA/boletinlegal/ HTTP/1.1" 200 -
172.22.2.4 - - [23/Apr/2022:17:34:01 -0500] "GET /BLA/boletinlegal/ HTTP/1.1" 200 56669
186.28.139.248 - - [23/Apr/2022:17:35:45 -0500] "GET /BLA/resoluciones/index.php?dir=RESOLUCIONES+2021%2F HTTP/1.1" 200 327876
186.28.165.235 - - [23/Apr/2022:17:36:13 -0500] "GET /si-eres-mujer-y-te-gusta-el-cuidado-de-los-humedales-este-proceso-de-formacion-es-para-ti.html HTTP/1.1" 304 -
172.22.2.4 - - [23/Apr/2022:17:37:04 -0500] "GET /BLA/boletinlegal/vendor/phpunit/phpunit/src/Util/PHP/eval-stdin.php HTTP/1.1" 404 1018
172.22.2.4 - - [23/Apr/2022:17:35:24 -0500] "GET /BLA/boletinlegal/ HTTP/1.1" 200 62201
216.245.221.92 - - [23/Apr/2022:17:37:52 -0500] "HEAD / HTTP/1.1" 200 -
172.22.2.4 - - [23/Apr/2022:17:39:11 -0500] "GET /BLA/boletinlegal/Circulares/2022/CIRCULAR%20No.%2000003%20DEL%2007%20DE%20MARZO%20DEL%202022.pdf HTTP/1.1" 404 1038
172.22.2.4 - - [23/Apr/2022:17:39:14 -0500] "GET /BLA/boletinlegal/Circulares/2021/CIRCULAR%20No.%2000009%20DEL%2001%20DE%20OCTUBRE%20DEL%202021.pdf HTTP/1.1" 200 320793
173.252.83.9 - - [23/Apr/2022:17:39:14 -0500] "GET /images/pieza-mujeres-reverdecen-4-abril.jpg HTTP/1.1" 200 48916
173.252.87.10 - - [23/Apr/2022:17:39:18 -0500] "GET /images/feria-servicios-cuidamos-bogota-31-marzo.jpg HTTP/1.1" 200 109745
172.22.2.4 - - [23/Apr/2022:17:39:19 -0500] "GET /BLA/boletinlegal/Circulares/2021/CIRCULAR%20No.%2000007%20DEL%2010%20DE%20AGOSTO%20DEL%202021.pdf HTTP/1.1" 200 266364
69.171.231.119 - - [23/Apr/2022:17:39:21 -0500] "GET /images/llantas-teusaquillo-1-abril.jpg HTTP/1.1" 200 50674
172.22.2.4 - - [23/Apr/2022:17:39:24 -0500] "GET /BLA/boletinlegal/Circulares/2021/CIRCULAR%20No.%2000006%20DEL%2005%20DE%20AGOSTO%20DEL%202021.pdf HTTP/1.1" 200 249615
172.22.2.4 - - [23/Apr/2022:17:39:30 -0500] "GET /BLA/boletinlegal/Circulares/2020/Circular%20No.%2000018%20del%2002%20de%20diciembre%20del%202020.pdf HTTP/1.1" 200 276868
172.22.2.4 - - [23/Apr/2022:17:39:37 -0500] "GET /BLA/boletinlegal/Circulares/2020/Circular%2000010%20del%2027%20de%20julio%20de%202020.pdf HTTP/1.1" 200 422655
172.22.2.4 - - [23/Apr/2022:17:39:45 -0500] "GET /BLA/boletinlegal/Circulares/2020/CIRCULAR%20No.%2000019%20DEL%2018%20DE%20DICIEMBRE%20DEL%202020.pdf HTTP/1.1" 200 307959
172.22.2.4 - - [23/Apr/2022:17:39:53 -0500] "GET /BLA/boletinlegal/Circulares/2020/CIRCULAR%20No.%2000014%20del%2001%20de%20septiembre%20del%202020.pdf HTTP/1.1" 200 320826
172.22.2.4 - - [23/Apr/2022:17:40:01 -0500] "GET /BLA/boletinlegal/Circulares/2019/Circular%20No.%2012%20del%2014%20de%20Marzo%20de%202019.pdf HTTP/1.1" 200 344384
172.22.2.4 - - [23/Apr/2022:17:40:09 -0500] "GET /BLA/boletinlegal/Circulares/2019/Circular%20No.%20006%20del%2008%20de%20Febrero%20de%202019.pdf HTTP/1.1" 200 674401
172.22.2.4 - - [23/Apr/2022:17:40:16 -0500] "GET /BLA/boletinlegal/Circulares/2019/Circular%20No.%200015%20del%2003%20de%20Octubre%20de%202019.pdf HTTP/1.1" 200 165608
172.22.2.4 - - [23/Apr/2022:17:40:20 -0500] "GET /BLA/boletinlegal/Circulares/2019/Circular%20No.%200005%20del%2020%20de%20Marzo%20de%202019.pdf HTTP/1.1" 200 159877
172.22.2.4 - - [23/Apr/2022:17:40:25 -0500] "GET /BLA/boletinlegal/Circulares/2019/Circular%20No.%200003%20del%2031%20de%20Enero%20de%202019.pdf HTTP/1.1" 200 164676
172.22.2.4 - - [23/Apr/2022:17:40:31 -0500] "GET /BLA/boletinlegal/Circulares/2019/Circular%2000020%20del%2020%20de%20diciembre%20de%202019.pdf HTTP/1.1" 200 145170
172.22.2.4 - - [23/Apr/2022:17:40:39 -0500] "GET /BLA/boletinlegal/Circulares/2019/Circular%2000018%20del%2020%20de%20noviembre%20de%202019.pdf HTTP/1.1" 200 158030
172.22.2.4 - - [23/Apr/2022:17:39:00 -0500] "HEAD /BLA/boletinlegal/ HTTP/1.1" 200 -
172.22.2.4 - - [23/Apr/2022:17:40:47 -0500] "GET /BLA/boletinlegal/Circulares/2019/.pdf HTTP/1.1" 404 1218
172.22.2.4 - - [23/Apr/2022:17:40:49 -0500] "GET /BLA/boletinlegal/Circulares/2018/Circular%20No.%2011%20del%2024%20de%20Septiembre%20de%202018.pdf HTTP/1.1" 200 169541
186.28.139.248 - - [23/Apr/2022:17:40:49 -0500] "GET /BLA/resoluciones/index.php?dir=RESOLUCIONES+2020%2F HTTP/1.1" 200 160552
172.22.2.4 - - [23/Apr/2022:17:40:55 -0500] "GET /BLA/boletinlegal/Circulares/2018/Circular%20No.%2010%20del%2021%20de%20Septiembre%20de%202018.pdf HTTP/1.1" 200 163426
172.22.2.4 - - [23/Apr/2022:17:41:06 -0500] "GET /BLA/boletinlegal/Circulares/2018/Circular%20No.%200015%20del%207%20de%20Diciembre%20de%202018.pdf HTTP/1.1" 200 165305
172.22.2.4 - - [23/Apr/2022:17:41:15 -0500] "GET /BLA/boletinlegal/Circulares/2018/CIRCULAR%20COJUNTA%20042%20DE%202018.pdf HTTP/1.1" 200 515008
172.22.2.4 - - [23/Apr/2022:17:41:23 -0500] "GET /BLA/boletinlegal/Circulares/2017/Circular%20No.%202%20del%201%20de%20Septiembre%20de%202017.pdf HTTP/1.1" 200 152575
172.22.2.4 - - [23/Apr/2022:17:41:28 -0500] "GET /BLA/boletinlegal/Circulares/2017/Circular%20No.%201%20del%2030%20de%20Marzo%20de%202017.pdf HTTP/1.1" 200 668532
172.22.2.4 - - [23/Apr/2022:17:39:50 -0500] "GET /BLA/boletinlegal/ HTTP/1.1" 200 52945
172.22.2.4 - - [23/Apr/2022:17:41:33 -0500] "GET /BLA/boletinlegal/Circulares/2017/Circular%20No.%2007%20del%2028%20de%20Abril%20de%202017.pdf HTTP/1.1" 200 309906
172.22.2.4 - - [23/Apr/2022:17:41:39 -0500] "GET /BLA/boletinlegal/Circulares/2017/Circular%20No.%20011%20del%2005%20de%20julio%20de%202017.pdf HTTP/1.1" 200 965526
172.22.2.4 - - [23/Apr/2022:17:41:49 -0500] "GET /BLA/boletinlegal/Circulares/2015/Circular%20No.%202%20del%201%20de%20julio%20de%202015.pdf HTTP/1.1" 200 752890
172.22.2.4 - - [23/Apr/2022:17:41:57 -0500] "GET /BLA/boletinlegal/Circulares/2015/Circular%20No.%201%20del%2010%20de%20Febrero%20de%202015.pdf HTTP/1.1" 200 660637
172.22.2.4 - - [23/Apr/2022:17:42:03 -0500] "GET /BLA/boletinlegal/Circulares/2014/Circular%20No.%203%20del%2014%20de%20Noviembre%20de%202014.pdf HTTP/1.1" 200 104132
172.22.2.4 - - [23/Apr/2022:17:42:08 -0500] "GET /BLA/boletinlegal/Circulares/2014/Circular%20No.%202%20del%2021%20de%20septiembre%20de%202014.pdf HTTP/1.1" 200 143376
172.22.2.4 - - [23/Apr/2022:17:42:13 -0500] "GET /BLA/boletinlegal/Circulares/2014/Circular%20No.%201%20del%2008%20de%20Mayo%20de%202014.pdf HTTP/1.1" 200 180124
172.22.2.4 - - [23/Apr/2022:17:42:20 -0500] "GET /BLA/boletinlegal/Circulares/2013/Circular%20No.%208%20del%201%20de%20Noviembre%20de%202013.pdf HTTP/1.1" 200 385156
172.22.2.4 - - [23/Apr/2022:17:42:28 -0500] "GET /BLA/boletinlegal/Circulares/2013/Circular%20No.%207%20del%201%20de%20Agosto%20de%202013.pdf HTTP/1.1" 200 340934
172.22.2.4 - - [23/Apr/2022:17:42:36 -0500] "GET /BLA/boletinlegal/Circulares/2013/Circular%20No.%206%20del%2019%20de%20julio%20de%202013.pdf HTTP/1.1" 200 4210437
172.22.2.4 - - [23/Apr/2022:17:42:50 -0500] "GET /BLA/boletinlegal/Circulares/2013/Circular%20No.%205%20del%2013%20de%20junio%20de%202013.pdf HTTP/1.1" 200 110904
216.245.221.92 - - [23/Apr/2022:17:42:52 -0500] "HEAD / HTTP/1.1" 200 -
172.22.2.4 - - [23/Apr/2022:17:42:55 -0500] "GET /BLA/boletinlegal/Circulares/2013/Circular%20No.%204%20del%2005%20de%20junio%20de%202013.pdf HTTP/1.1" 200 130461
172.22.2.4 - - [23/Apr/2022:17:42:59 -0500] "GET /BLA/boletinlegal/Circulares/2013/Circular%20No.%203%20del%2005%20de%20abril%20de%202013.pdf HTTP/1.1" 200 93580
172.22.2.4 - - [23/Apr/2022:17:43:05 -0500] "GET /BLA/boletinlegal/Circulares/2013/Circular%20No.%202%20del%2022%20de%20enero%20de%202013.pdf HTTP/1.1" 200 85466
201.245.192.253 - - [23/Apr/2022:17:42:18 -0500] "POST /kwsrmcab/Wsrmcab HTTP/1.1" 200 43084
201.245.192.253 - - [23/Apr/2022:17:43:10 -0500] "GET /kwsrmcab/Wsrmcab?wsdl HTTP/1.1" 200 6948
172.22.2.4 - - [23/Apr/2022:17:43:11 -0500] "GET /BLA/boletinlegal/Circulares/2013/Circular%20No.%201%20del%2014%20de%20enero%20de%202013.pdf HTTP/1.1" 200 1298384
172.22.2.4 - - [23/Apr/2022:17:43:17 -0500] "GET /BLA/boletinlegal/Circulares/2012/Circular%20No.%209%20del%2021%20de%20Agosto%20de%202012.pdf HTTP/1.1" 200 1402289
172.22.2.4 - - [23/Apr/2022:17:43:23 -0500] "GET /BLA/boletinlegal/Circulares/2012/Circular%20No.%208%20del%2021%20de%20Agosto%20de%202012.pdf HTTP/1.1" 200 963197
172.22.2.4 - - [23/Apr/2022:17:43:30 -0500] "GET /BLA/boletinlegal/Circulares/2012/Circular%20No.%207%20del%2008%20de%20Agosto%20de%202012.pdf HTTP/1.1" 200 972955
172.22.2.4 - - [23/Apr/2022:17:43:38 -0500] "GET /BLA/boletinlegal/Circulares/2012/Circular%20No.%206%20del%2025%20de%20Mayo%20de%202012.pdf HTTP/1.1" 200 387391
172.22.2.4 - - [23/Apr/2022:17:43:45 -0500] "GET /BLA/boletinlegal/Circulares/2012/Circular%20No.%205%20del%2027%20de%20Abril%20de%202012.pdf HTTP/1.1" 200 216613
172.22.2.4 - - [23/Apr/2022:17:43:50 -0500] "GET /BLA/boletinlegal/Circulares/2012/Circular%20No.%204%20del%2019%20de%20abril%20de%202012.pdf HTTP/1.1" 200 253045
201.245.192.253 - - [23/Apr/2022:17:43:10 -0500] "POST /kwsrmcab/Wsrmcab HTTP/1.1" 200 213
172.22.2.4 - - [23/Apr/2022:17:43:55 -0500] "GET /BLA/boletinlegal/Circulares/2012/Circular%20No.%203%20del%2023%20de%20Marzo%20de%202012.pdf HTTP/1.1" 200 572950
172.22.2.4 - - [23/Apr/2022:17:44:02 -0500] "GET /BLA/boletinlegal/Circulares/2012/Circular%20No.%202%20del%2014%20de%20Marzo%20de%202012.pdf HTTP/1.1" 200 113666
172.22.2.4 - - [23/Apr/2022:17:44:09 -0500] "GET /BLA/boletinlegal/Circulares/2012/Circular%20No.%2016%20del%2022%20de%20octubre%20de%202012.pdf HTTP/1.1" 200 381186
172.22.2.4 - - [23/Apr/2022:17:44:18 -0500] "GET /BLA/boletinlegal/Circulares/2012/Circular%20No.%2015%20del%2022%20de%20octubre%20de%202012.pdf HTTP/1.1" 200 486506
172.22.2.4 - - [23/Apr/2022:17:44:25 -0500] "GET /BLA/boletinlegal/Circulares/2012/Circular%20No.%2014%20del%2011%20de%20Septiembre%20de%202012.pdf HTTP/1.1" 200 3427471
172.22.2.4 - - [23/Apr/2022:17:44:36 -0500] "GET /BLA/boletinlegal/Circulares/2012/Circular%20No.%2013%20del%2006%20de%20Septiembre%20de%202012.pdf HTTP/1.1" 200 351421
172.22.2.4 - - [23/Apr/2022:17:44:43 -0500] "GET /BLA/boletinlegal/Circulares/2012/Circular%20No.%2012%20del%2028%20de%20Agosto%20de%202012.pdf HTTP/1.1" 200 369945
179.32.5.152 - - [23/Apr/2022:17:44:44 -0500] "GET /BLA/resoluciones/AUTOS%202021/5330.pdf HTTP/1.1" 200 349347
172.22.2.4 - - [23/Apr/2022:17:44:52 -0500] "GET /BLA/boletinlegal/Circulares/2012/Circular%20No.%2011%20del%2027%20de%20Agosto%20de%202012.pdf HTTP/1.1" 200 526945
172.22.2.4 - - [23/Apr/2022:17:44:57 -0500] "GET /BLA/boletinlegal/Circulares/2012/Circular%20No.%2010%20del%2026%20de%20Enero%20de%202012.pdf HTTP/1.1" 404 1218
172.22.2.4 - - [23/Apr/2022:17:44:59 -0500] "GET /BLA/boletinlegal/Circulares/2012/Circular%20No.%2010%20del%2022%20de%20Agosto%20de%202012.pdf HTTP/1.1" 200 1563219
172.22.2.4 - - [23/Apr/2022:17:45:07 -0500] "GET /BLA/boletinlegal/Circulares/2012/Circular%20No.%201%20del%2017%20de%20Enero%20de%202012.pdf HTTP/1.1" 200 1118749
172.22.2.4 - - [23/Apr/2022:17:45:15 -0500] "GET /BLA/boletinlegal/Circulares/2011/Circular%20No.%209%20del%2003%20de%20Noviembre%20de%202011.pdf HTTP/1.1" 200 54568
172.22.2.4 - - [23/Apr/2022:17:45:20 -0500] "GET /BLA/boletinlegal/Circulares/2011/Circular%20No.%208%20del%2020%20de%20Septiembre%20de%202011.pdf HTTP/1.1" 200 285158
137.184.4.177 - - [23/Apr/2022:17:45:05 -0500] "GET / HTTP/1.1" 200 319
172.22.2.4 - - [23/Apr/2022:17:45:26 -0500] "GET /BLA/boletinlegal/Circulares/2011/Circular%20No.%207%20del%2023%20de%20Diciembre%20de%202011.pdf HTTP/1.1" 200 1107785
150.158.11.39 - - [23/Apr/2022:17:45:30 -0500] "GET /xmlrpc.php HTTP/1.1" 404 1049
172.22.2.4 - - [23/Apr/2022:17:45:35 -0500] "GET /BLA/boletinlegal/Circulares/2011/Circular%20No.%207%20del%2015%20de%20Septiembre%20de%202011.pdf HTTP/1.1" 200 314873
137.184.4.177 - - [23/Apr/2022:17:45:21 -0500] "GET / HTTP/1.1" 200 319
172.22.2.4 - - [23/Apr/2022:17:45:41 -0500] "GET /BLA/boletinlegal/Circulares/2011/Circular%20No.%206%20del%2029%20de%20Julio%20de%202011.pdf HTTP/1.1" 200 262144
172.22.2.4 - - [23/Apr/2022:17:45:48 -0500] "GET /BLA/boletinlegal/Circulares/2011/Circular%20No.%206%20del%2023%20de%20Septiembre%20de%202011.pdf HTTP/1.1" 200 252800
137.184.4.177 - - [23/Apr/2022:17:45:37 -0500] "GET /feed/ HTTP/1.1" 404 1018
172.22.2.4 - - [23/Apr/2022:17:45:57 -0500] "GET /BLA/boletinlegal/Circulares/2011/Circular%20No.%205%20del%2014%20de%20Julio%20de%202011.pdf HTTP/1.1" 200 1488992
172.22.2.4 - - [23/Apr/2022:17:46:06 -0500] "GET /BLA/boletinlegal/Circulares/2011/Circular%20No.%205%20del%2012%20de%20Agosto%20de%202011.pdf HTTP/1.1" 200 431796
137.184.4.177 - - [23/Apr/2022:17:45:53 -0500] "GET /xmlrpc.php?rsd HTTP/1.1" 404 1018
172.22.2.4 - - [23/Apr/2022:17:46:12 -0500] "GET /BLA/boletinlegal/Circulares/2011/Circular%20No.%204%20del%2014%20de%20Julio%20de%202011.pdf HTTP/1.1" 200 399895
172.22.2.4 - - [23/Apr/2022:17:46:19 -0500] "GET /BLA/boletinlegal/Circulares/2011/Circular%20No.%204%20del%2012%20de%20Agosto%20de%202011.pdf HTTP/1.1" 200 601047
172.22.2.4 - - [23/Apr/2022:17:46:22 -0500] "GET /BLA/boletinlegal/style.css HTTP/1.1" 200 9406
172.22.2.4 - - [23/Apr/2022:17:46:22 -0500] "GET /BLA/boletinlegal/styles2.css HTTP/1.1" 200 1838
172.22.2.4 - - [23/Apr/2022:17:46:22 -0500] "GET /BLA/boletinlegal/js/jquery.js HTTP/1.1" 200 57254
172.22.2.4 - - [23/Apr/2022:17:46:22 -0500] "GET /BLA/boletinlegal/js/jquery.scrollTo-min.js HTTP/1.1" 200 1150
172.22.2.4 - - [23/Apr/2022:17:46:22 -0500] "GET /BLA/boletinlegal/js/jquery.scrollShow.js HTTP/1.1" 200 4586
172.22.2.4 - - [23/Apr/2022:17:46:22 -0500] "GET /BLA/boletinlegal/images/cabezote%20BLEGAL.jpg HTTP/1.1" 200 118164
172.22.2.4 - - [23/Apr/2022:17:46:22 -0500] "GET /BLA/boletinlegal/images/subscribe-icon-big.png HTTP/1.1" 200 47702
172.22.2.4 - - [23/Apr/2022:17:46:22 -0500] "GET /BLA/boletinlegal/images/arr_l.jpg HTTP/1.1" 200 1979
172.22.2.4 - - [23/Apr/2022:17:46:22 -0500] "GET /BLA/boletinlegal/images/launch.jpg HTTP/1.1" 200 14577
172.22.2.4 - - [23/Apr/2022:17:46:22 -0500] "GET /BLA/boletinlegal/images/registro-usuarios.png HTTP/1.1" 200 8106
172.22.2.4 - - [23/Apr/2022:17:46:22 -0500] "GET /BLA/boletinlegal/images/historia.png HTTP/1.1" 200 52775
172.22.2.4 - - [23/Apr/2022:17:46:22 -0500] "GET /BLA/boletinlegal/images/screen_1.png HTTP/1.1" 200 202547
172.22.2.4 - - [23/Apr/2022:17:46:22 -0500] "GET /BLA/boletinlegal/images/body_bg.jpg HTTP/1.1" 200 1601
172.22.2.4 - - [23/Apr/2022:17:46:22 -0500] "GET /BLA/boletinlegal/images/menu_rght.gif HTTP/1.1" 200 1627
172.22.2.4 - - [23/Apr/2022:17:46:22 -0500] "GET /BLA/boletinlegal/images/menu_lft.gif HTTP/1.1" 200 1713
172.22.2.4 - - [23/Apr/2022:17:46:22 -0500] "GET /BLA/boletinlegal/images/bg_top.jpg HTTP/1.1" 200 522
172.22.2.4 - - [23/Apr/2022:17:46:22 -0500] "GET /BLA/boletinlegal/images/menu_bg.jpg HTTP/1.1" 200 620
172.22.2.4 - - [23/Apr/2022:17:46:22 -0500] "GET /BLA/boletinlegal/images/hover.jpg HTTP/1.1" 200 640
172.22.2.4 - - [23/Apr/2022:17:46:22 -0500] "GET /BLA/boletinlegal/images/text.jpg HTTP/1.1" 200 568
172.22.2.4 - - [23/Apr/2022:17:46:23 -0500] "GET /BLA/boletinlegal/actos.php HTTP/1.1" 200 9559
172.22.2.4 - - [23/Apr/2022:17:46:23 -0500] "GET /BLA/boletinlegal/niceforms-default.css HTTP/1.1" 200 6694
172.22.2.4 - - [23/Apr/2022:17:46:23 -0500] "GET /BLA/boletinlegal/niceforms.js HTTP/1.1" 200 22876
172.22.2.4 - - [23/Apr/2022:17:46:23 -0500] "GET /BLA/boletinlegal/js/popup.js HTTP/1.1" 200 1270
172.22.2.4 - - [23/Apr/2022:17:46:23 -0500] "GET /BLA/boletinlegal/js/lib.js HTTP/1.1" 200 6474
172.22.2.4 - - [23/Apr/2022:17:46:23 -0500] "GET /BLA/boletinlegal/js/jquery1.js HTTP/1.1" 200 29846
172.22.2.4 - - [23/Apr/2022:17:46:23 -0500] "GET /BLA/boletinlegal/images/green-yellow-blue-pink-th.png HTTP/1.1" 200 7394
172.22.2.4 - - [23/Apr/2022:17:46:23 -0500] "GET /BLA/boletinlegal/images/abajo.png HTTP/1.1" 200 96676
172.22.2.4 - - [23/Apr/2022:17:46:23 -0500] "GET /BLA/boletinlegal/js/ajax_actos.js HTTP/1.1" 200 1322
172.22.2.4 - - [23/Apr/2022:17:46:23 -0500] "GET /BLA/boletinlegal/images/tel.png HTTP/1.1" 200 14477
172.22.2.4 - - [23/Apr/2022:17:46:23 -0500] "GET /BLA/boletinlegal/images/icono-email.png HTTP/1.1" 200 5544
172.22.2.4 - - [23/Apr/2022:17:46:23 -0500] "GET /BLA/boletinlegal/images/footer_bg.jpg HTTP/1.1" 200 586
172.22.2.4 - - [23/Apr/2022:17:46:23 -0500] "GET /BLA/boletinlegal/images/footer_bg_l.jpg HTTP/1.1" 200 776
172.22.2.4 - - [23/Apr/2022:17:46:23 -0500] "GET /BLA/boletinlegal/img/0.png HTTP/1.1" 200 110
172.22.2.4 - - [23/Apr/2022:17:46:23 -0500] "GET /BLA/boletinlegal/img/select-left.png HTTP/1.1" 200 263
172.22.2.4 - - [23/Apr/2022:17:46:23 -0500] "GET /BLA/boletinlegal/img/select-right.png HTTP/1.1" 200 44019
172.22.2.4 - - [23/Apr/2022:17:46:23 -0500] "GET /BLA/boletinlegal/img/button.png HTTP/1.1" 200 43241
172.22.2.4 - - [23/Apr/2022:17:46:23 -0500] "GET /BLA/boletinlegal/img/button-left.png HTTP/1.1" 200 57071
172.22.2.4 - - [23/Apr/2022:17:46:23 -0500] "GET /BLA/boletinlegal/img/button-right.png HTTP/1.1" 200 57878
172.22.2.4 - - [23/Apr/2022:17:46:23 -0500] "GET /BLA/boletinlegal/favicon.ico HTTP/1.1" 404 1326
137.184.4.177 - - [23/Apr/2022:17:46:09 -0500] "GET /blog/wp-includes/wlwmanifest.xml HTTP/1.1" 404 1018
172.22.2.4 - - [23/Apr/2022:17:46:26 -0500] "GET /BLA/boletinlegal/Circulares/2011/Circular%20No.%203%20del%2023%20de%20Junio%20de%202011.pdf HTTP/1.1" 200 1452758
172.22.2.4 - - [23/Apr/2022:17:44:50 -0500] "HEAD /BLA/boletinlegal/ HTTP/1.1" 200 -
172.22.2.4 - - [23/Apr/2022:17:46:30 -0500] "GET /BLA/boletinlegal/consulta_actos.php?tipo=autos&no=6413&usuario=&sector=&fecha=2018&resuelve= HTTP/1.1" 200 626
172.22.2.4 - - [23/Apr/2022:17:46:32 -0500] "GET /BLA/boletinlegal/Circulares/2011/Circular%20No.%203%20del%2016%20de%20Junio%20de%202011.pdf HTTP/1.1" 200 346378
172.22.2.4 - - [23/Apr/2022:17:46:39 -0500] "GET /BLA/boletinlegal/Circulares/2011/Circular%20No.%202%20del%2031%20de%20Mayo%20de%202011.pdf HTTP/1.1" 200 496778
137.184.4.177 - - [23/Apr/2022:17:46:24 -0500] "GET /web/wp-includes/wlwmanifest.xml HTTP/1.1" 404 1018
172.22.2.4 - - [23/Apr/2022:17:46:46 -0500] "GET /BLA/boletinlegal/Circulares/2011/Circular%20No.%202%20del%2026%20de%20Mayo%20de%202011.pdf HTTP/1.1" 200 644194
66.249.65.13 - - [23/Apr/2022:17:46:49 -0500] "-" 408 -
172.22.2.4 - - [23/Apr/2022:17:46:54 -0500] "GET /BLA/boletinlegal/Circulares/2011/Circular%20No.%201%20del%2023%20de%20Febrero%20de%202011.pdf HTTP/1.1" 200 540140
137.184.4.177 - - [23/Apr/2022:17:46:40 -0500] "GET /wordpress/wp-includes/wlwmanifest.xml HTTP/1.1" 404 1018
172.22.2.4 - - [23/Apr/2022:17:47:00 -0500] "GET /BLA/boletinlegal/Circulares/2011/Circular%20No.%201%20del%2012%20de%20Abril%20de%202011.pdf HTTP/1.1" 200 366269
172.22.2.4 - - [23/Apr/2022:17:46:22 -0500] "GET /BLA/boletinlegal/ HTTP/1.1" 200 24523
137.184.4.177 - - [23/Apr/2022:17:46:56 -0500] "GET /wp/wp-includes/wlwmanifest.xml HTTP/1.1" 404 1018
172.22.2.4 - - [23/Apr/2022:17:45:41 -0500] "GET /BLA/boletinlegal/ HTTP/1.1" 200 57044
137.184.4.177 - - [23/Apr/2022:17:47:12 -0500] "GET /2020/wp-includes/wlwmanifest.xml HTTP/1.1" 404 1018
137.184.4.177 - - [23/Apr/2022:17:47:28 -0500] "GET /2019/wp-includes/wlwmanifest.xml HTTP/1.1" 404 1018
216.245.221.92 - - [23/Apr/2022:17:47:52 -0500] "HEAD / HTTP/1.1" 200 -
137.184.4.177 - - [23/Apr/2022:17:47:44 -0500] "GET /2021/wp-includes/wlwmanifest.xml HTTP/1.1" 404 1018
137.184.4.177 - - [23/Apr/2022:17:47:59 -0500] "GET /shop/wp-includes/wlwmanifest.xml HTTP/1.1" 404 1018
137.184.4.177 - - [23/Apr/2022:17:48:15 -0500] "GET /wp1/wp-includes/wlwmanifest.xml HTTP/1.1" 404 1018
137.184.4.177 - - [23/Apr/2022:17:48:31 -0500] "GET /test/wp-includes/wlwmanifest.xml HTTP/1.1" 404 1018
172.22.2.4 - - [23/Apr/2022:17:48:37 -0500] "GET /BLA/boletinlegal/ HTTP/1.1" 200 20427
137.184.4.177 - - [23/Apr/2022:17:48:47 -0500] "GET /site/wp-includes/wlwmanifest.xml HTTP/1.1" 404 1018
137.184.4.177 - - [23/Apr/2022:17:49:03 -0500] "GET /cms/wp-includes/wlwmanifest.xml HTTP/1.1" 404 1018
186.28.139.248 - - [23/Apr/2022:17:49:56 -0500] "GET /BLA/resoluciones/index.php?dir=RESOLUCIONES+2021%2F HTTP/1.1" 200 327876
186.28.139.248 - - [23/Apr/2022:17:50:02 -0500] "GET /BLA/resoluciones/RESOLUCIONES%202021/1744.pdf HTTP/1.1" 200 307136
186.28.139.248 - - [23/Apr/2022:17:50:31 -0500] "GET /BLA/resoluciones/index.php?dir=RESOLUCIONES+2020%2F HTTP/1.1" 200 160552
186.28.139.248 - - [23/Apr/2022:17:50:43 -0500] "GET /BLA/resoluciones/RESOLUCIONES%202020/1744.pdf HTTP/1.1" 200 3592460
186.28.139.248 - - [23/Apr/2022:17:51:03 -0500] "GET /BLA/resoluciones/index.php?dir=RESOLUCIONES+2019%2F HTTP/1.1" 200 236225
186.28.139.248 - - [23/Apr/2022:17:51:14 -0500] "GET /BLA/resoluciones/RESOLUCIONES%202019/1744.pdf HTTP/1.1" 200 591950
207.46.13.196 - - [23/Apr/2022:17:51:48 -0500] "GET /Publicaciones/2022EE21128.pdf HTTP/1.1" 404 227
172.22.2.4 - - [23/Apr/2022:17:50:40 -0500] "HEAD /BLA/boletinlegal/ HTTP/1.1" 200 -
66.249.65.13 - - [23/Apr/2022:17:52:35 -0500] "-" 408 -
216.245.221.92 - - [23/Apr/2022:17:52:52 -0500] "HEAD / HTTP/1.1" 200 -
172.22.2.4 - - [23/Apr/2022:17:51:30 -0500] "GET /BLA/boletinlegal/ HTTP/1.1" 200 55877
181.61.12.68 - - [23/Apr/2022:17:53:28 -0500] "GET /en-dia-internacional-de-la-tierra-secretaria-de-ambiente-presenta-libro-digital-de-relatos-escritos-por-ciudadanos.html?fbclid=IwAR2m1LiXMbJNUhagGY4Ed1d3H1UiwiZ6xbKfvva-7OiDOxv0aq_6946X1II HTTP/1.1" 200 1033
186.28.139.248 - - [23/Apr/2022:17:53:48 -0500] "GET /BLA/resoluciones/index.php?dir=RESOLUCIONES+2021%2F HTTP/1.1" 200 327876
186.28.139.248 - - [23/Apr/2022:17:53:53 -0500] "GET /BLA/resoluciones/RESOLUCIONES%202021/0322.pdf HTTP/1.1" 200 699020
172.22.2.4 - - [23/Apr/2022:17:57:22 -0500] "GET /BLA/boletinlegal/manual/ HTTP/1.1" 404 1037
191.156.226.85 - - [23/Apr/2022:17:57:27 -0500] "GET /si-tienes-entre-14-y-25-anos-y-quieres-participar-inscribete-a-la-convocatoria-de-lideres-juveniles-para-la-cumbre-de-alcaldes-c40-2022.html HTTP/1.1" 200 1141
186.28.139.248 - - [23/Apr/2022:17:57:28 -0500] "GET /BLA/resoluciones/RESOLUCIONES%202021/0315.pdf HTTP/1.1" 200 1108406
216.245.221.92 - - [23/Apr/2022:17:57:52 -0500] "HEAD / HTTP/1.1" 200 -
172.22.2.4 - - [23/Apr/2022:17:56:30 -0500] "HEAD /BLA/boletinlegal/ HTTP/1.1" 200 -
172.22.2.4 - - [23/Apr/2022:17:57:20 -0500] "GET /BLA/boletinlegal/ HTTP/1.1" 200 61416
191.156.154.248 - - [23/Apr/2022:17:59:56 -0500] "GET /css/fondos.css HTTP/1.1" 404 1254
191.156.146.247 - - [23/Apr/2022:17:59:56 -0500] "GET /css/textos.css HTTP/1.1" 404 1254
191.156.154.248 - - [23/Apr/2022:17:59:56 -0500] "GET /css/date_blue.css HTTP/1.1" 404 1254
191.156.146.247 - - [23/Apr/2022:17:59:57 -0500] "GET /css/bordes.css HTTP/1.1" 404 1254
157.55.39.199 - - [23/Apr/2022:18:00:28 -0500] "GET /BLA/resoluciones/index.php?dir=RESOLUCIONES+2021%2F HTTP/1.1" 200 327876
157.55.39.199 - - [23/Apr/2022:18:01:08 -0500] "GET /BLA/resoluciones/dlf/styles.css HTTP/1.1" 200 3049
186.28.139.248 - - [23/Apr/2022:18:02:25 -0500] "GET /BLA/resoluciones/RESOLUCIONES%202021/0257.pdf HTTP/1.1" 200 390706
85.202.169.124 - - [23/Apr/2022:18:02:26 -0500] "GET /config/getuser?index=0 HTTP/1.1" 404 1018
216.245.221.92 - - [23/Apr/2022:18:02:52 -0500] "HEAD / HTTP/1.1" 200 -
172.22.2.4 - - [23/Apr/2022:18:02:20 -0500] "HEAD /BLA/boletinlegal/ HTTP/1.1" 200 -
172.22.2.4 - - [23/Apr/2022:18:03:10 -0500] "GET /BLA/boletinlegal/ HTTP/1.1" 200 59170
186.28.139.248 - - [23/Apr/2022:18:07:04 -0500] "GET /BLA/resoluciones/index.php?dir=RESOLUCIONES+2020%2F HTTP/1.1" 200 160552
172.22.2.4 - - [23/Apr/2022:18:05:30 -0500] "GET /BLA/boletinlegal/ HTTP/1.1" 200 59688
186.28.139.248 - - [23/Apr/2022:18:07:14 -0500] "GET /BLA/resoluciones/index.php?dir=RESOLUCIONES+2019%2F HTTP/1.1" 200 236225
172.22.2.4 - - [23/Apr/2022:18:06:30 -0500] "GET /BLA/boletinlegal/ HTTP/1.1" 200 36811
216.245.221.92 - - [23/Apr/2022:18:07:52 -0500] "HEAD / HTTP/1.1" 200 -
172.22.2.4 - - [23/Apr/2022:18:08:10 -0500] "HEAD /BLA/boletinlegal/ HTTP/1.1" 200 -
186.102.26.133 - - [23/Apr/2022:18:10:05 -0500] "GET /secretaria-de-ambiente-libero-a-33-animales-silvestres-en-el-humedal-la-conejera.html HTTP/1.1" 200 1095
172.22.2.4 - - [23/Apr/2022:18:10:22 -0500] "GET /BLA/boletinlegal/sugerencias.php HTTP/1.1" 200 8615
172.22.2.4 - - [23/Apr/2022:18:09:00 -0500] "GET /BLA/boletinlegal/ HTTP/1.1" 200 54090
173.252.111.24 - - [23/Apr/2022:18:11:36 -0500] "GET /images/liberacion-fauna-silvestre-23-abril.jpg HTTP/1.1" 200 52551
173.252.79.11 - - [23/Apr/2022:18:11:36 -0500] "GET /images/liberacion-fauna-silvestre-23-abril.jpg HTTP/1.1" 200 52551
207.46.13.148 - - [23/Apr/2022:18:11:51 -0500] "GET /en-esta-navidad-bogota-esta-mejorando-con-mas-espacios-verdes-para-el-disfrute-de-la-ciudadania.html HTTP/1.1" 200 1114
207.46.13.196 - - [23/Apr/2022:18:12:39 -0500] "GET /Publicaciones/2022EE20511.pdf HTTP/1.1" 404 227
199.59.150.180 - - [23/Apr/2022:18:12:42 -0500] "GET /documents/10184/2325415/pieza-concurso-buenas-practicas-20-septiembre.jpg HTTP/1.1" 404 1030
216.245.221.92 - - [23/Apr/2022:18:12:52 -0500] "HEAD / HTTP/1.1" 200 -
40.122.184.35 - - [23/Apr/2022:18:13:25 -0500] "GET /galeria/galeria/fotos/Huemdal-el-Tunjo1G.jpg HTTP/1.1" 200 393262
79.110.72.88 - - [23/Apr/2022:18:14:53 -0500] "GET /BLA/resoluciones/AUTOS%202021/5270.pdf HTTP/1.1" 200 395367
172.22.2.4 - - [23/Apr/2022:18:14:00 -0500] "HEAD /BLA/boletinlegal/ HTTP/1.1" 200 -
172.22.2.4 - - [23/Apr/2022:18:14:50 -0500] "GET /BLA/boletinlegal/ HTTP/1.1" 200 53739
186.28.139.248 - - [23/Apr/2022:18:16:52 -0500] "GET /BLA/resoluciones/index.php?dir=RESOLUCIONES+2021%2F HTTP/1.1" 200 327876
186.28.139.248 - - [23/Apr/2022:18:17:08 -0500] "GET /BLA/resoluciones/RESOLUCIONES%202021/3091.pdf HTTP/1.1" 200 624795
216.245.221.92 - - [23/Apr/2022:18:17:52 -0500] "HEAD / HTTP/1.1" 200 -
172.22.2.4 - - [23/Apr/2022:18:20:27 -0500] "GET /BLA/boletinlegal/robots.txt HTTP/1.1" 404 1038
172.22.2.4 - - [23/Apr/2022:18:19:50 -0500] "HEAD /BLA/boletinlegal/ HTTP/1.1" 200 -
186.27.130.195 - - [23/Apr/2022:18:21:47 -0500] "GET /BLA/boletinlegal/js/jquery.scrollShow.js HTTP/1.1" 200 4586
186.27.130.195 - - [23/Apr/2022:18:21:47 -0500] "GET /galeria/galeria/jquery.fancybox.js?v=2.1.5 HTTP/1.1" 200 48706
186.27.130.195 - - [23/Apr/2022:18:21:47 -0500] "GET /galeria/galeria/jquery.fancybox.css?v=2.1.5 HTTP/1.1" 200 4895
172.22.2.4 - - [23/Apr/2022:18:20:28 -0500] "GET /BLA/boletinlegal/ HTTP/1.1" 200 46815
172.22.2.4 - - [23/Apr/2022:18:20:40 -0500] "GET /BLA/boletinlegal/ HTTP/1.1" 200 47414
216.245.221.92 - - [23/Apr/2022:18:22:52 -0500] "HEAD / HTTP/1.1" 200 -
186.84.89.155 - - [23/Apr/2022:18:22:58 -0500] "GET /kwssiamovil/sm/acme/a?s=U2FsdGVkX18KMBT0H4uMQsIXrT7Wk4vKZsa+orlgyfgy40NzjZzSlNImnNBeCJjt3kMVu6hVUILnk+q0Abqwaq378ASP1d1uvdWCTCT1w5hx0JxQFGPHEW5Hio3VWe4vbSnX7FkwwFhK73Fi0OQGDrTl4ZKv3A8ij4KeMW7bxd5PwE0qOSlsHMX0A3T/lHbojJB3VqjwiyPf6kYJ27vTojan6injTzphmF9RI0q4Yymnxw9CVaPaksKiMBxS/9iCP4M7fr/n15vdUGXD4hy99Q==&u=U2FsdGVkX1+AHjD+wtker8Z7kL4HxHHLpx4hh/pIdTc=&y=U2FsdGVkX196SYzewG3mCjtpKAcLkZnNlICXzvCRTZDjFsr0YvxvhPLv6ItcgykU HTTP/1.1" 200 25
186.84.89.155 - - [23/Apr/2022:18:22:58 -0500] "GET /kwssiamovil/sm/acme/a?s=U2FsdGVkX18qQHmUQEqX3xJ31KWTa45qr4sl829WPt8kLYL60jG6zKXbDpGVTrLQAQi4Yk47m07KTlrjIcvSCw3h0eCRHkourOKt47csSi6ezw4/mo0h9O4ioq5cHFPzYpu5LiHYdatXclt9z/E2Qk/9KZEwb0MIttpRlfnp9LuNPT1W7LFsbBp3uImpIQk0dsi1iVpNAO/Z/C3L7VT6bZjR3WRrYkA3F5VKOLwV8wEBgEiqZRP0fNorkQwsi3wL/i8tr4yxZwjRF34+qGwDL7w398MPQTHBp8paSpkWn2fnMcBm9cZ71G+aSWQGvJI9pKT/qLIUjzKjDsrpZtERl0nyikq4wYP+vJt/GARmLo60blbAxL612lYf0ZhJlnn86xYnIEH77y/MWchgPeaJLaV7Am7Q9o6cVm0py4I13wGC08PjVn4X82ygajBeJqgrRuUP37gNdJqGVsa03fntpna6V3jj3oy7fz0J40ZBT8i7ER6m9T8lSdqY3XFS7JpOTMz8KbqqX2rQbN3Bc86B2gUhOdgq+OaGTtBngIIUbLkT9HIN9qKlxlhtih/jP4DS4TQAaWQCTD2KTGlBtVJWW0MuIS/C3lI6BDYnyXS3VbUIbXn90yuKbFpSeKSz8LYzVkkey+jwb8cb8S2MMeShZbVTr8Xha396KvE8c1YRFPS8I7lknmaej/acsHBir4aiVe5dXIi97LairACmfxpLGF7yJZ6xtMYg+ghFL9W3f8/BKTj3jxUTjc8jYD8AezKfDuFytJrBzOOgwLIZFbz2AuQPHPkKosYCXPEJtW0FznLGlY0UmUyu8OXnkkIyoczo80QBM+MH03r9naI8LrF6agrFHAMD5F9WKb7pGRWV152XZgq1/NgrPIX+j+PICQhr+vQeK56ALWq0lle7+t12I9XLz85pgaQTMN2gnuj7PDM2eEIDcSOyq4oPgkVQqErxpvuPab51+KKMhuyosTQRTN91bM6AI9Tz2AD1sqzLZeA4j9aUk9Di7yxWMHesDp+zaCzPXHP54ZFQRlHByLLujWaDLGDIAmRDwtCkLW0g99LdXqDRQPq534ccF6EQvCC3n1jYzZHPJrRWbLkt8N0fZZ0ltVP5GH21KNyGviihP6gvnEV9LhD+a1D42+6VDHqXOmFrNCdH+vKqKHyrZLM+caPin1jXfOxR6vqURsOA6pipRy/WzLRQpzKCDOEQAqqQ6hNjAkfj8WKhCbJR4zzD+d92edqfWpTThuAMSZvNSw+xSi7KoE9yEkefKbAr/2AdSA0ELEhHPyb/+btM85MKqV2zxjspSHOfQHA06V9td+TGEWY5bmNRH3PU6NgGTFIHP/HWtSjq+z8bn/ooMCJgd7kJR3S6zcm8cNsUz0Du4UL0ZLrFNdjx8ogjpclyOBZZXwRtoRoKx0DPJoTk3x9b0lYPMQEVpB/DpCqfOEu16ZGOsRH5wWOIiDm/wmCs5PVmLyZz7sbeMmmOaHf2vJ64QuqxyeVabZVh6kyZm9Uv0r2DaGSHYhX55PO323Y55V8Oivy8+8lkgRdoC9U8+JAO1u+6VgKb+mxc9UheEJg2fcr+BLTTTkfIgFCzcfqqnk/BvE1RX3CsytjVkojBKh5Ndx7UWvZK8jHsOePCCMQzQgk59tIi3yzrAyMq0yoEssGeJkQx8FQiokycHN2vXKW66ARKw561Dmv/zz/rIZu0akiOzzAzNtE/JhdhZx+Of+GK0jflT/B4OWszQhJCfrObTnxx7of9uG0M7rthDmpwTSz1TQblEABgnbg3UIsamPjoNoN5ziJAu+MXyEx+MW1ohHCLoHoIoUuuqX6PZmxRmBAubF14g2Ipm0nbzLq0SNATKh9HohTULwWE3bcWsNZ0vD5dR9KNgSogBbdYerV3qGwHrdVpbZZUQsuubhL0aGNPx5jgIpCvldB+tfC7roWkYs4Im2UBMCtAtDj4n3bf/49wn6K6BnFs2dhUd/DEuy0unc+FdHixWkdfpeu6Cqt9slp77MO9PgbFlsS+uz/Ud6hH2/lp6aSnR+jspCSEA9om5yY2d6mSN1yaidXvSv4WOf+f0kan38U09uchbE3ImPmufWLRhEMUl5dTFNstUhYghzKJQ+RN5ZKYi5FIoZND+VVzzytvdbZTIfPP4Klpe6URp/xbh+0GWXheMImRw+aDvV5ZZcGqp3C6ppCDhAQrNuU6sO9ShSPNtZdJdOybBwBqRInebdWuOcy3a7XO+X1eTvWLvLqRntG4o6Q6EaeLSupBTSUJqO7SE4JQW58IuXMvDz0HomEvMBOCF+Cg5GFZH3dkm+Skf3+39YQzie9XhRzsapfYerajLwfSvUWtpRFCCnu4ZOhsER3gl6Qzgv/jptcDGXL7WqdJJD/CRa7307I1t977yQk8oLtK9/DyqoUUuRoooB4Al3dPiEQ9g7Vc5fod7y97O1gsw3pZxh5JA5WRjWlrWBbVH7op2ZtzSmXzmEW96ctPoiXnJJbbN5aWJDIHBeg6Yh6MUHSDepa7Rls040OKNzGDI7iH0yuxYuMYynmCjch+5KgGZRsd7+TJjP1gnZqTMIY0BRyjE3F+MW1dfAmP9AdnU3A9xAM7ciaPMRkDDGPhFJUwDFT6Xjn9goxHCHNGHu2tTjKSDHURI3IWVwPpnInkHAfiGN7FaN5CbiUxVzheaqclpUbHeQuFYA1tHaX/OPXxA18YWhrlDylcbXQIPcG0PuOHOLKDksr2+Ijtr8Uwr71bBQvjn5QipZFveUdEheKxysOpQf0Vi9OhZmAAwavEGOiByQlzBxQfpgaj1vEN3NoWArXglka0UjGJQPXjnb7IrjuIsLDJ8DRfut9q0Ig5lmroLhapV0RWKkRO7GP+QIozj7gK0TRD/YLPmRvZu2oI7I2pLVMmHvN0yzVv98BbDOc0qgS6PRegpeCnG7MDRTf04oqTpoqmPnAIfSwoeNtDNHOb3+4UI+Ogd25PkkRud8SmIop0YnnJKlFjS/ut4BGq8Xje8nQwiVb8bns1PotwRlGKAoSzIPaCdgrju8cNz/ucEGIPIZppn5HWVYWUM865l0tkKV6tTFGePtfntfTLzAW+vIETYzcy+d+WndhxixWJaipMRrG/j0ZNnSfX/OzErk8mYgh9oPDV6+l9LXCHg7r85ikLk7xWPWpXAkGR0uj8pNdaiH+Tlwr6ZBInBuw1I+5aNaZXD6CmLa4zCMvTFqiA/ND9AlYE5lyfnN1dplGRiZOwsdcvoWRBnQlFV88lyVPa1AW4c0Fp7YBtILCpGewF+JKI21aG17fKBN7A3mFLNnH7G+ht9+d8Zc07el9Jt445kY7NWwWFa2iDPwnssT/pByKSyXCHDcbSpPMJ9PoAo1pko6nusaMUE1u8/8rf2K3tp/n6ysNh0B5rGgJvmZLsF8HB+LFRuRZcK0JKe2fZjvL8f92/Rs7B4KSwj0107k7aRA6/PTx4Ct8HAjwxR6i6/53XTLlMURdiAeTj59TAgXsyK+G95YbsUUx4A8zmxEyQbmSUrC7MnCmFFbZH5sdxOuP8aH35IZlM0qMHsdW5Ra89Lmt1qEHvpfwVE9L5FnBET73WIj3TvBCzIILjW+bFlHUXdNgp2utGELr8IsV7VaVdTII=&u=U2FsdGVkX1+AHjD+wtker8Z7kL4HxHHLpx4hh/pIdTc=&y=U2FsdGVkX196SYzewG3mCjtpKAcLkZnNlICXzvCRTZDjFsr0YvxvhPLv6ItcgykU HTTP/1.1" 200 25
186.84.89.155 - - [23/Apr/2022:18:22:58 -0500] "GET /kwssiamovil/sm/acme/a?s=U2FsdGVkX18UeeS8aLsMmbD5gGlr907026d/vfK5VgRhGDxRNGe6chQm7uZlHBzDVp6f4oOF8rXrk2xchThZne9wkPLPmEu8+5ZB4YRhmZ8e1wIsNVtT6CyRMNOuyVlKOB+/IpqpBJMgf3nkAO2s1YMwHsJ4FYKLCyy4BXF4hXA=&u=U2FsdGVkX1+AHjD+wtker8Z7kL4HxHHLpx4hh/pIdTc=&y=U2FsdGVkX196SYzewG3mCjtpKAcLkZnNlICXzvCRTZDjFsr0YvxvhPLv6ItcgykU HTTP/1.1" 200 25
186.84.89.155 - - [23/Apr/2022:18:22:58 -0500] "GET /kwssiamovil/sm/acme/a?s=U2FsdGVkX1+BEI80TeyiTrtqeBoMuAeizzML+g/rTShgN7YAiJ/KvWJgsoWPUZTJTXqyJEZ23Q8us4lfu834yxM48JM/ZINufvQoVKjpJPTfcM9eWElVbZZ5aT/0yqhoUCMdM+fl4s9ki/gk32ISIjjiFwQ6xJHlw+1vEtXUSNA=&u=U2FsdGVkX1+AHjD+wtker8Z7kL4HxHHLpx4hh/pIdTc=&y=U2FsdGVkX196SYzewG3mCjtpKAcLkZnNlICXzvCRTZDjFsr0YvxvhPLv6ItcgykU HTTP/1.1" 200 25
186.84.89.155 - - [23/Apr/2022:18:22:59 -0500] "GET /kwssiamovil/sm/acme/a?s=U2FsdGVkX19oCUguN71mz+xlJ/VeHqdFtaerFrNlWwHtWl9eW5OCh7DRsaCyd2Fcql+ytOvLxaMmw4TAih9RYvd9gE0uF2hz8c0lTCIcAC0olXj1fp+hhtPeOVOaagbTFxg4Z/0u6sKa5b/ToyVwum4YAbHsmWawbpYjqP2sITM=&u=U2FsdGVkX1+AHjD+wtker8Z7kL4HxHHLpx4hh/pIdTc=&y=U2FsdGVkX196SYzewG3mCjtpKAcLkZnNlICXzvCRTZDjFsr0YvxvhPLv6ItcgykU HTTP/1.1" 200 25
186.84.89.155 - - [23/Apr/2022:18:22:59 -0500] "GET /kwssiamovil/sm/acme/a?s=U2FsdGVkX1/OsMz/Imf+11/Soz5xcXFT+oSgBwCXDUP5CBbWjj1AHr50xAZ3fmkkT6V2gSgw+x0/JH+VRisqvFBupHLTUolPl+LN/sn6mhxa7Oj/XZBs88ANZdOjCyhzU5fE7lgAo3DQCigbK0W5UQb/8Sy7fkuJcrspd8QA0GTHZWpaSJxdvDQzs/lG6AEg&u=U2FsdGVkX1+AHjD+wtker8Z7kL4HxHHLpx4hh/pIdTc=&y=U2FsdGVkX196SYzewG3mCjtpKAcLkZnNlICXzvCRTZDjFsr0YvxvhPLv6ItcgykU HTTP/1.1" 200 25
201.245.192.253 - - [23/Apr/2022:18:22:18 -0500] "POST /kwsrmcab/Wsrmcab HTTP/1.1" 200 43093
201.245.192.253 - - [23/Apr/2022:18:23:08 -0500] "POST /kwsrmcab/Wsrmcab HTTP/1.1" 200 46112
186.155.16.10 - - [23/Apr/2022:18:24:36 -0500] "GET /si-eres-mujer-y-te-gusta-el-cuidado-de-los-humedales-este-proceso-de-formacion-es-para-ti.html HTTP/1.1" 304 -
173.252.127.9 - - [23/Apr/2022:18:24:50 -0500] "GET /images/liberacion-fauna-silvestre-23-abril.jpg HTTP/1.1" 200 52551
35.204.205.221 - - [23/Apr/2022:18:26:59 -0500] "GET / HTTP/1.1" 200 319
172.22.2.4 - - [23/Apr/2022:18:25:40 -0500] "HEAD /BLA/boletinlegal/ HTTP/1.1" 200 -
216.245.221.92 - - [23/Apr/2022:18:27:52 -0500] "HEAD / HTTP/1.1" 200 -
172.22.2.4 - - [23/Apr/2022:18:26:30 -0500] "GET /BLA/boletinlegal/ HTTP/1.1" 200 48513
172.22.2.4 - - [23/Apr/2022:18:27:25 -0500] "GET /BLA/boletinlegal/index.php?s=/Index/\\think\\app/invokefunction&function=call_user_func_array&vars[0]=md5&vars[1][]=HelloThinkPHP21 HTTP/1.1" 200 32715
172.22.2.4 - - [23/Apr/2022:18:26:50 -0500] "GET /BLA/boletinlegal/ HTTP/1.1" 200 48908
181.63.121.83 - - [23/Apr/2022:18:29:34 -0500] "GET /BLA/boletinlegal/js/jquery.scrollShow.js HTTP/1.1" 200 4586
181.63.121.83 - - [23/Apr/2022:18:29:34 -0500] "GET /galeria/galeria/jquery.fancybox.css?v=2.1.5 HTTP/1.1" 200 4895
181.63.121.83 - - [23/Apr/2022:18:29:34 -0500] "GET /galeria/galeria/jquery.fancybox.js?v=2.1.5 HTTP/1.1" 200 48706
