186.102.6.112 - - [23/Apr/2022:18:59:23 -0500] "GET /kwssiamovil/sm/acme/a?s=U2FsdGVkX1+ngjerDKLqgtJIfFJVgSm9DziQzCyXbES+ytAnZWlO/uPF3jdLWTwTIPqDKHsejG9jlZqtaB76URAM/UGAewRC1Jd0vHjN/aNOb2Vzib1U4YQqb/as5sm0Cx9XK84VxAPkvDP2oGo9WCwL13sABi7aPC/J+g1P6ptsIYjw1stLb7bzwGI3aCunAUgY7LH+UE1RIY0N6CoCMOiVJiKkZgxmTqfx3zDLBfA=&u=U2FsdGVkX1+MqY1JuROr4EQdVs1XwI+6a6g6CWTAhQNmRWXm9avl4C6P2kW0w4LD&y=U2FsdGVkX1//qyBv7IT8AxjbPBy2oAdnDlmE8HfAuKeC8HTJHwJk7FZrX/J7Omj+ HTTP/1.1" 200 25
186.102.6.112 - - [23/Apr/2022:18:59:23 -0500] "GET /kwssiamovil/sm/acme/a?s=U2FsdGVkX1/uSaBFjcyl+LzH7ro1UCNDtFeZQZLuNjnwe1p2XP0N9WfMNd1JfVOwb8zKYaibXWl37bxtneGP42R74+nZ/wOMLTC/S0rCVkBkJXbRh3LG2cehECgwBf5R9urJzTU7SB6gTswp4YnzK5jKZzklzpjENy8cxs0TQwV1ti1UGpxr5m/6LG/hfda+UmhQuoyoQljbk6mIKPnmHg==&u=U2FsdGVkX1+MqY1JuROr4EQdVs1XwI+6a6g6CWTAhQNmRWXm9avl4C6P2kW0w4LD&y=U2FsdGVkX1//qyBv7IT8AxjbPBy2oAdnDlmE8HfAuKeC8HTJHwJk7FZrX/J7Omj+ HTTP/1.1" 200 25
186.102.6.112 - - [23/Apr/2022:18:59:23 -0500] "GET /kwssiamovil/sm/acme/a?s=U2FsdGVkX1+em/evz0yhqKVrmrIyzkSsP13u4ZbxzkQGQJhg8SCPiK+aY+HtxynZu5bCW8ZcEVw6StPROmkjrLgWr3rt5Asu+XxZ9CHI4OqNReOQvcRwr7Po0S268iaY+M1RvIaB9YQRqOVpUnEKeRyj4/l2EXlBtHIGhZoO82RrYPsCewD7EqImsMSouwfMFNJFI7P6uKUN+NiBGEUvm6/14rXsvv+k6PSJfmtAAlI=&u=U2FsdGVkX1+MqY1JuROr4EQdVs1XwI+6a6g6CWTAhQNmRWXm9avl4C6P2kW0w4LD&y=U2FsdGVkX1//qyBv7IT8AxjbPBy2oAdnDlmE8HfAuKeC8HTJHwJk7FZrX/J7Omj+ HTTP/1.1" 200 25
186.102.6.112 - - [23/Apr/2022:18:59:24 -0500] "GET /kwssiamovil/sm/acme/a?s=U2FsdGVkX191BnWG70GCxZsjSLZn5+pQTHRdIUPYxXkMcGQrb8Q972+1yMNx/f+fbLWV6TIpK80lMcO/FtrRoPRikt15alti+cctBtF+3Rz8QBWQXUCEfKdv5wobz7iY89mcbrIpSbGExbsUXGjA3Pxzwv4gvA+wypvqhsDa08mWE9WH5izgrwfh3Et194goQEdXLINCr4LPMPQgGTIpQA==&u=U2FsdGVkX1+MqY1JuROr4EQdVs1XwI+6a6g6CWTAhQNmRWXm9avl4C6P2kW0w4LD&y=U2FsdGVkX1//qyBv7IT8AxjbPBy2oAdnDlmE8HfAuKeC8HTJHwJk7FZrX/J7Omj+ HTTP/1.1" 200 25
172.22.2.4 - - [23/Apr/2022:19:00:40 -0500] "HEAD /BLA/boletinlegal/ HTTP/1.1" 200 -
216.245.221.92 - - [23/Apr/2022:19:02:52 -0500] "HEAD / HTTP/1.1" 200 -
172.22.2.4 - - [23/Apr/2022:19:01:30 -0500] "GET /BLA/boletinlegal/ HTTP/1.1" 200 60932
137.184.4.177 - - [23/Apr/2022:19:04:00 -0500] "GET / HTTP/1.1" 200 319
186.30.107.206 - - [23/Apr/2022:19:04:17 -0500] "GET /BLA/resoluciones/index.php?dir=AUTOS+2011%2F HTTP/1.1" 200 627290
172.22.2.4 - - [23/Apr/2022:19:04:31 -0500] "POST /BLA/boletinlegal/GponForm/diag_Form?style/ HTTP/1.1" 404 1015
137.184.4.177 - - [23/Apr/2022:19:04:16 -0500] "GET / HTTP/1.1" 200 319
137.184.4.177 - - [23/Apr/2022:19:04:32 -0500] "GET /feed/ HTTP/1.1" 404 1018
173.252.87.14 - - [23/Apr/2022:19:04:55 -0500] "GET /images/jardines-verticales-4-marzo.jpg HTTP/1.1" 200 54804
137.184.4.177 - - [23/Apr/2022:19:04:48 -0500] "GET /xmlrpc.php?rsd HTTP/1.1" 404 1018
137.184.4.177 - - [23/Apr/2022:19:05:03 -0500] "GET /blog/wp-includes/wlwmanifest.xml HTTP/1.1" 404 1018
137.184.4.177 - - [23/Apr/2022:19:05:19 -0500] "GET /web/wp-includes/wlwmanifest.xml HTTP/1.1" 404 1018
137.184.4.177 - - [23/Apr/2022:19:05:35 -0500] "GET /wordpress/wp-includes/wlwmanifest.xml HTTP/1.1" 404 1018
137.184.4.177 - - [23/Apr/2022:19:05:51 -0500] "GET /wp/wp-includes/wlwmanifest.xml HTTP/1.1" 404 1018
172.22.2.4 - - [23/Apr/2022:19:05:39 -0500] "GET /BLA/boletinlegal/ HTTP/1.1" 200 24523
137.184.4.177 - - [23/Apr/2022:19:06:07 -0500] "GET /2020/wp-includes/wlwmanifest.xml HTTP/1.1" 404 1018
137.184.4.177 - - [23/Apr/2022:19:06:23 -0500] "GET /2019/wp-includes/wlwmanifest.xml HTTP/1.1" 404 1018
137.184.4.177 - - [23/Apr/2022:19:06:38 -0500] "GET /2021/wp-includes/wlwmanifest.xml HTTP/1.1" 404 1018
137.184.4.177 - - [23/Apr/2022:19:06:54 -0500] "GET /shop/wp-includes/wlwmanifest.xml HTTP/1.1" 404 1018
137.184.4.177 - - [23/Apr/2022:19:07:10 -0500] "GET /wp1/wp-includes/wlwmanifest.xml HTTP/1.1" 404 1018
137.184.4.177 - - [23/Apr/2022:19:07:26 -0500] "GET /test/wp-includes/wlwmanifest.xml HTTP/1.1" 404 1018
216.245.221.92 - - [23/Apr/2022:19:07:52 -0500] "HEAD / HTTP/1.1" 200 -
137.184.4.177 - - [23/Apr/2022:19:07:42 -0500] "GET /site/wp-includes/wlwmanifest.xml HTTP/1.1" 404 1018
172.22.2.4 - - [23/Apr/2022:19:06:29 -0500] "HEAD /BLA/boletinlegal/ HTTP/1.1" 200 -
137.184.4.177 - - [23/Apr/2022:19:07:57 -0500] "GET /cms/wp-includes/wlwmanifest.xml HTTP/1.1" 404 1018
172.22.2.4 - - [23/Apr/2022:19:07:20 -0500] "GET /BLA/boletinlegal/ HTTP/1.1" 200 59170
191.102.198.140 - - [23/Apr/2022:19:09:37 -0500] "GET /galeria/galeria/jquery.fancybox.css?v=2.1.5 HTTP/1.1" 200 4895
191.102.198.140 - - [23/Apr/2022:19:09:38 -0500] "GET /BLA/boletinlegal/js/jquery.scrollShow.js HTTP/1.1" 200 4586
191.102.198.140 - - [23/Apr/2022:19:09:38 -0500] "GET /galeria/galeria/jquery.fancybox.js?v=2.1.5 HTTP/1.1" 200 48706
172.22.2.4 - - [23/Apr/2022:19:10:29 -0500] "GET /BLA/boletinlegal/consulta_actos.php?tipo=autos&no=6386&usuario=&sector=&fecha=2011&resuelve= HTTP/1.1" 200 626
172.22.2.4 - - [23/Apr/2022:19:10:36 -0500] "GET /BLA/boletinlegal/actos.php HTTP/1.1" 200 9559
172.22.2.4 - - [23/Apr/2022:19:10:51 -0500] "GET /BLA/boletinlegal/consulta_actos.php?tipo=autos&no=6386&usuario=&sector=&fecha=2011&resuelve= HTTP/1.1" 200 626
186.102.6.112 - - [23/Apr/2022:19:10:51 -0500] "GET /kwssiamovil/sm/acme/a?s=U2FsdGVkX19xLNkM+Y44GIiSpPJ62qsvHYOknq+lQNDIWzR+Fexm5qJls7+V+zA2TJPmoLQfeE+rUdVaALTkO1lAVwWdLbKtRg1JB6tw3fFpiU411D804nGagwfqwW8DYXBdAEO8gxS9G2s77bCX62CxjhK06yMd2SCZVh0/IqAIkr3/a0eEaegEE6MMlFLlcjj9jvVGBzAiXn5m/2Fm1jarvjiJk08m3Bccz8qMtsByt7bKErtRukiLpj04FO7yqjN4M9CuDIgrcrGH64eEaA==&u=U2FsdGVkX1+MqY1JuROr4EQdVs1XwI+6a6g6CWTAhQNmRWXm9avl4C6P2kW0w4LD&y=U2FsdGVkX1//qyBv7IT8AxjbPBy2oAdnDlmE8HfAuKeC8HTJHwJk7FZrX/J7Omj+ HTTP/1.1" 200 25
186.102.6.112 - - [23/Apr/2022:19:10:51 -0500] "GET /kwssiamovil/sm/acme/a?s=U2FsdGVkX19pE8P/ZMZLAc3atr/KUs8Y2aGGAZX7XghZAHpDn3BVWB+AQu6OqNyJcg5gWJZ/5Y5ku3ETM2zySkmYarXFWvjBio5iA3dvdvwfoESplUOjA1B5xuLCZA8L1WCXuLQezu9WMKpUFL5+32hfWkIFrxsEilYweU71T09omG5WOTJLkGImLZgkRjkwW2OEy39bOGnVQB6j6wxH0fhGdEP99QwyJzw7bIIjLNgR41loWwjlnq/Vc/mx/uMS7oNLL7ZKQ63CR2UU8/yuuXK47SmdYMZNqjOjhtUS4JXJ4sxLWKWwtzorvlMnk6p2o0YA1wJU889DbBi1svc3zl8qFOUgXeucEI+65fTNFs3fcwvYayV4suE3ywlldNva1FuGCkCe0V+/OnUkwlKQ200UVXeF8b+z1j5Kyb3su7QwESJ4m5fjUPIHulPoN0VrMa+knjOztKsEQqpdU6exQOZQAtkw9AFDje/flai6D2/fztis8gg/7jjPyISvV5CRiVzLX9o3S2sFrH7P31Zf/2iTAbkXD4nefRO7joWYuykqk8bq4XocrYbk32mASEo0/0L55bG6038zph7SPrcOkvHYK1gUCal9rnNQpSSNi3YwKbbOL37XaLMWwC3An1nSlhrCHd2C+yzfALctz57QJ0EgauSPAO1e7ao1OSKScAJi1QLKfnxeXPR70mt+UdsyPfmyHYzQ8oD8sjLiQIuiRfvcpKhp3j1TVyONXqfL+j6bwuRO5OIFZzA+wTeY72nm9fhHte+Kr+Y/Vt7tINOnsNNOVWgLeWn6ccY/KFD/BX8s6V5oWhmlTIUeZqa96TA+UdYfWoq4jM0wBR+Fk/cIXRi3NyDeTbOdTP6MEmX28h1szQSNX7dN2P3V6p1LDdoU9JljioCCCxXvgxFdopiA1YG00WQ/ac603kZbJcigAtUAurcpbIAF2gWs49mHfD06qK4aacwdVnc/FDOzVwadOxjx1CFDz0GFeKXGRpfhLN/JE7HoqRy7vPS6Cqol+NRdssd2Px+21FkbW2Ay1x5eDlUdu+R1bCjwI3bvXoIBVmqoxhCs3FttVG59UNmSSkiwLGG3gCRkTyFTHUoT+BrwUEvKlHbbqYE3SXnBJzgdUrsxgSZm4jwiFyfbHoFR2Whg2qWTgaosuUBG2rVjTDnMWoxQkLxIcB/NRxLncYIwZOn5/EjsrRTPZg3zCIaNhuJBKz0NmJxTlj9Rq72x80jXl0seyDJUeqe95xIOqIfYCc87CQQ8c10dKUzVAzpfXJ0Q1a6950pHzWPS0qsr3XLEfrguYL9jlAF9te5sg9pb3QDL48r9J4r19//vv+m5gTA9or9M6NvMQYkaFBv0mFJkNVNc3TpcSZX51RVWrI125fvNclt/g0PQ1a0szrUwa2vEJHdPFUWmqD3p1DwjdbPeYsK6Arnwv7e/1lGqicr1xjtDIWC+NiHzls6LvKLQ6vmM2jMQ0uYV+6YxZ9xIW8UAtt1FAgdcwbd1lcFtjjsH5e74hnEtguJCO0b5CCHa6LdWQ4vjGO7KtsqhPbc23QI6hhHhzhZBJOwrRgs/KnqtNL8AceLJfRU6hSKVDiKP7kLR&u=U2FsdGVkX1+MqY1JuROr4EQdVs1XwI+6a6g6CWTAhQNmRWXm9avl4C6P2kW0w4LD&y=U2FsdGVkX1//qyBv7IT8AxjbPBy2oAdnDlmE8HfAuKeC8HTJHwJk7FZrX/J7Omj+ HTTP/1.1" 200 25
186.102.6.112 - - [23/Apr/2022:19:10:51 -0500] "GET /kwssiamovil/sm/acme/a?s=U2FsdGVkX1/H1oAumEMcrIDkR10fY0XM5VpgPtF+s8Hh8/KBWYUL27Ud9xlsg7cEvZScRB4r7SMeMMRYwF2he9UWoBiqFGsaxXKdEnifiY618MXeE5i3sMQZigt0sovEVD6GwF2tZWwgqn6WxjfLVn5GXO9BHT+06UwOWkAqo9w=&u=U2FsdGVkX1+MqY1JuROr4EQdVs1XwI+6a6g6CWTAhQNmRWXm9avl4C6P2kW0w4LD&y=U2FsdGVkX1//qyBv7IT8AxjbPBy2oAdnDlmE8HfAuKeC8HTJHwJk7FZrX/J7Omj+ HTTP/1.1" 200 25
186.102.6.112 - - [23/Apr/2022:19:10:52 -0500] "GET /kwssiamovil/sm/acme/a?s=U2FsdGVkX1/cnbHXisubHQ6CeLXar6dOCRmdLRLlsk86rH576YynbGVINybiuMIMvz4+wAFOmFuftbQTh8U+kczSCFoQC6mPqAt0lsQ+AD5fXtVFbYa0Dli4IQU+sQwMv31Gv1m/PK+P2rXzY8Kuo95NJJAywNm9CII1+bEX1SI=&u=U2FsdGVkX1+MqY1JuROr4EQdVs1XwI+6a6g6CWTAhQNmRWXm9avl4C6P2kW0w4LD&y=U2FsdGVkX1//qyBv7IT8AxjbPBy2oAdnDlmE8HfAuKeC8HTJHwJk7FZrX/J7Omj+ HTTP/1.1" 200 25
186.102.6.112 - - [23/Apr/2022:19:10:52 -0500] "GET /kwssiamovil/sm/acme/a?s=U2FsdGVkX19OLNZzKJ0uRHZ0uJXXv20hx6FJN++z3VlaOAqsQBcMO9YHH3Rm4hSG5FIm9KNVSS5EsYyrODIge1tw3jgbIQug6P4GP6XA7COrduRI4Z5baBftPpfG/7pdPN7KwCP50qRip6ggDciamkgSoFW8Mu1jnS5Ku593XCo=&u=U2FsdGVkX1+MqY1JuROr4EQdVs1XwI+6a6g6CWTAhQNmRWXm9avl4C6P2kW0w4LD&y=U2FsdGVkX1//qyBv7IT8AxjbPBy2oAdnDlmE8HfAuKeC8HTJHwJk7FZrX/J7Omj+ HTTP/1.1" 200 25
186.102.6.112 - - [23/Apr/2022:19:10:52 -0500] "GET /kwssiamovil/sm/acme/a?s=U2FsdGVkX1+HHYLOj/0/ztZvX2LyVK1lKDPcYZ9ribZfi9bH1pc1ly1+uBbVwhyO+HbH93YzsIMOJ1R9OHoLALHeWlyLRaIdP04G8g94sM3NhvW0Qgw07zNPZoPOZvILxn/Zx2V95jwXGoz5ytVh+Oy6I3436qUzjPupTiLje3hAQLQf6R71Od0Zw2CB9uY9&u=U2FsdGVkX1+MqY1JuROr4EQdVs1XwI+6a6g6CWTAhQNmRWXm9avl4C6P2kW0w4LD&y=U2FsdGVkX1//qyBv7IT8AxjbPBy2oAdnDlmE8HfAuKeC8HTJHwJk7FZrX/J7Omj+ HTTP/1.1" 200 25
66.249.65.17 - - [23/Apr/2022:19:12:11 -0500] "-" 408 -
216.245.221.92 - - [23/Apr/2022:19:12:52 -0500] "HEAD / HTTP/1.1" 200 -
31.13.127.23 - - [23/Apr/2022:19:13:10 -0500] "GET /images/animal-langostilla-protocolo-11-noviembre.jpg HTTP/1.1" 200 117767
172.22.2.4 - - [23/Apr/2022:19:12:19 -0500] "HEAD /BLA/boletinlegal/ HTTP/1.1" 200 -
173.252.95.5 - - [23/Apr/2022:19:14:15 -0500] "GET /en-dia-internacional-de-la-tierra-secretaria-de-ambiente-presenta-libro-digital-de-relatos-escritos-por-ciudadanos.html HTTP/1.1" 206 1033
173.252.95.5 - - [23/Apr/2022:19:14:15 -0500] "GET /en-dia-internacional-de-la-tierra-secretaria-de-ambiente-presenta-libro-digital-de-relatos-escritos-por-ciudadanos.html HTTP/1.1" 206 1033
172.22.2.4 - - [23/Apr/2022:19:13:10 -0500] "GET /BLA/boletinlegal/ HTTP/1.1" 200 61416
181.50.84.140 - - [23/Apr/2022:19:16:46 -0500] "GET /BLA/boletinlegal/js/jquery.scrollShow.js HTTP/1.1" 200 4586
181.50.84.140 - - [23/Apr/2022:19:16:46 -0500] "GET /galeria/galeria/jquery.fancybox.css?v=2.1.5 HTTP/1.1" 200 4895
181.50.84.140 - - [23/Apr/2022:19:16:46 -0500] "GET /galeria/galeria/jquery.fancybox.js?v=2.1.5 HTTP/1.1" 200 48706
181.50.84.140 - - [23/Apr/2022:19:16:48 -0500] "GET /galeria/carrusel/Carrusel/jquery.thumbnailScroller.css HTTP/1.1" 200 2066
181.50.84.140 - - [23/Apr/2022:19:16:48 -0500] "GET /galeria/carrusel/Carrusel/jquery-ui-1.8.13.custom.min.js HTTP/1.1" 200 10800
181.50.84.140 - - [23/Apr/2022:19:16:48 -0500] "GET /galeria/carrusel/Carrusel/jquery.thumbnailScroller.js HTTP/1.1" 200 8157
181.50.84.140 - - [23/Apr/2022:19:16:49 -0500] "GET /galeria/nivo-slider/demo/banner.html HTTP/1.1" 200 5446
181.50.84.140 - - [23/Apr/2022:19:16:50 -0500] "GET /galeria/nivo-slider/themes/default/default.css HTTP/1.1" 200 1569
181.50.84.140 - - [23/Apr/2022:19:16:50 -0500] "GET /galeria/nivo-slider/themes/orman/orman.css HTTP/1.1" 200 2152
181.50.84.140 - - [23/Apr/2022:19:16:50 -0500] "GET /galeria/nivo-slider/themes/pascal/pascal.css HTTP/1.1" 200 2258
181.50.84.140 - - [23/Apr/2022:19:16:50 -0500] "GET /galeria/nivo-slider/nivo-slider.css HTTP/1.1" 200 1507
181.50.84.140 - - [23/Apr/2022:19:16:50 -0500] "GET /galeria/nivo-slider/demo/style.css HTTP/1.1" 200 2222
181.50.84.140 - - [23/Apr/2022:19:16:50 -0500] "GET /galeria/nivo-slider/demo/scripts/jquery-1.7.1.min.js HTTP/1.1" 200 93868
181.50.84.140 - - [23/Apr/2022:19:16:50 -0500] "GET /galeria/nivo-slider/jquery.nivo.slider.pack.js HTTP/1.1" 200 11561
181.50.84.140 - - [23/Apr/2022:19:16:50 -0500] "GET /galeria/nivo-slider/demo/images/Bannermujeresquereverdecen.jpg HTTP/1.1" 200 46558
181.50.84.140 - - [23/Apr/2022:19:16:50 -0500] "GET /galeria/nivo-slider/demo/images/bannertrafico_optimized.jpg HTTP/1.1" 200 42578
181.50.84.140 - - [23/Apr/2022:19:16:50 -0500] "GET /galeria/nivo-slider/demo/images/bannertortuga_optimized.jpg HTTP/1.1" 200 39066
181.50.84.140 - - [23/Apr/2022:19:16:50 -0500] "GET /galeria/nivo-slider/demo/images/Bannersedeelectronica.jpg HTTP/1.1" 200 40383
181.50.84.140 - - [23/Apr/2022:19:16:50 -0500] "GET /galeria/nivo-slider/demo/images/bannerrutaesperanza.jpg HTTP/1.1" 200 55560
181.50.84.140 - - [23/Apr/2022:19:16:50 -0500] "GET /galeria/nivo-slider/demo/images/banneraire2021.jpg HTTP/1.1" 200 265101
181.50.84.140 - - [23/Apr/2022:19:16:51 -0500] "GET /galeria/nivo-slider/demo/images/Bannerplasticosseptiembre.jpg HTTP/1.1" 200 45633
181.50.84.140 - - [23/Apr/2022:19:16:51 -0500] "GET /galeria/nivo-slider/demo/images/bannerresiduoshospitalariosagosto.jpg HTTP/1.1" 200 36499
181.50.84.140 - - [23/Apr/2022:19:16:51 -0500] "GET /galeria/nivo-slider/demo/images/banneraccionpopularcrr68.jpg HTTP/1.1" 200 51887
181.50.84.140 - - [23/Apr/2022:19:16:51 -0500] "GET /galeria/nivo-slider/demo/images/4Simple_Slider.png HTTP/1.1" 200 11722
181.50.84.140 - - [23/Apr/2022:19:16:51 -0500] "GET /galeria/nivo-slider/themes/default/loading.gif HTTP/1.1" 200 1737
181.50.84.140 - - [23/Apr/2022:19:16:51 -0500] "GET /galeria/nivo-slider/demo/images/banneraccionpopular.jpeg HTTP/1.1" 200 41707
181.50.84.140 - - [23/Apr/2022:19:16:51 -0500] "GET /galeria/nivo-slider/demo/images/bannerclases2021.jpg HTTP/1.1" 200 68230
181.50.84.140 - - [23/Apr/2022:19:16:51 -0500] "GET /galeria/nivo-slider/demo/images/bannercapacitacionesbogota.jpg HTTP/1.1" 200 42416
181.50.84.140 - - [23/Apr/2022:19:16:51 -0500] "GET /galeria/nivo-slider/demo/images/Bannerenvases.jpg HTTP/1.1" 200 37316
181.50.84.140 - - [23/Apr/2022:19:16:51 -0500] "GET /galeria/nivo-slider/demo/images/Bannervirtualescanales.jpg HTTP/1.1" 200 174544
216.245.221.92 - - [23/Apr/2022:19:17:52 -0500] "HEAD / HTTP/1.1" 200 -
190.130.77.28 - - [23/Apr/2022:19:18:25 -0500] "GET /distrito-academia-y-sector-privado-plantaron-100-arboles-para-conmemorar-el-dia-de-la-tierra.html?fbclid=IwAR2ASn6Lfy3UQshmlnFmpuZeuKBhZCYyXTorDgOH5rEuZOWT9hYqNxufuy8 HTTP/1.1" 200 1066
172.22.2.4 - - [23/Apr/2022:19:18:09 -0500] "HEAD /BLA/boletinlegal/ HTTP/1.1" 200 -
172.22.2.4 - - [23/Apr/2022:19:19:00 -0500] "GET /BLA/boletinlegal/ HTTP/1.1" 200 52537
186.102.6.112 - - [23/Apr/2022:19:22:15 -0500] "GET /kwssiamovil/sm/acme/a?s=U2FsdGVkX1/0q3EtUmiYYWooCrhTrmyrdkj11MFAXLXIYLhXSsFRL2Fc5nS/WcFjooJMp9sV/Y3kajCaz/nIy9xjyfUPfDa/yiHFcz8Le8Y2ScLlE4PSWYIAgJCOig+JLKchDv/1iBXWtxlDyPIg1EodqRVTIWwPqPHKazNYQ2qhD6W8ZHE7FLvS7qfb//5RpOiTO5WCGieNbJebaP/EOC+iAOEC244m39DVX9/8/MQUdqFHhnZXRe2maMhBJF3L9pM7G3hCgUOo+POhCTkzqg==&u=U2FsdGVkX1+MqY1JuROr4EQdVs1XwI+6a6g6CWTAhQNmRWXm9avl4C6P2kW0w4LD&y=U2FsdGVkX1//qyBv7IT8AxjbPBy2oAdnDlmE8HfAuKeC8HTJHwJk7FZrX/J7Omj+ HTTP/1.1" 200 25
186.102.6.112 - - [23/Apr/2022:19:22:15 -0500] "GET /kwssiamovil/sm/acme/a?s=U2FsdGVkX1+6VAOQvKq5pMhAKPPxKjhYm0sLLZ/bn3lo3Rn4H9CqrRb9s+wrN2RMmnlGOFB0FDkp3DQvxYFDpqqXx+/MT85d4VTFex1RwBzUfr3CeghsK2Qxj5+iVVQ4dqsk06xqUYRmrGhuki3viARSdZ9Pe6Jhy6wGE4bSp4O/XkSnCLbzGNMtjfdYvBH01sqvrnF2AVJ9vOhlrLM9Q/AmudBQbspBMDZT+ouxj9KNqvmyYjHKMqF5vCVUoTdXuNCaUGLt3ZscvxLW5tWTZpl8CmlK7F1F+qsjEnuwCPkqZrhZNfisqjWdfC6JmoZG5bqbyzpLIcpBMXjyZ7i+q26TXfjll2c8gGWLyD84pch/bTSAAHGbMjyQA01QhMEkT7DW5LL5oIj9ViQj+8qWS9Wzd+G6by8z1YxHaoXDDCOU0jzvlsSjLozGgw5IkObK6U4qB8lRQVLnFPGVIXVWaBFM2STX3JUyHWUc6ieyC6+pDJgGd0TDDEhi3Qgr+rFeEflgZpGb1o5zbtaCWJEYEUllGjGNq5qK41aQzg5jNHxhcrr7mxagPZu3R4jrX71YZrQQtiZwPQXJUvAa8oioXHhA660v5XsK69i/E1qbyRN9DiWI5SyItmz5XQOV9Z836q27ddcW/HiUpl/1tnGanM2lVEAji1hq56TUqicLYPiKbQMRZ/qXvJaUoG9nygNp/5fj54X0j5eJOzXTKuM9TmHBEQM109ZZZxKatXCL/qEsoAZ+TDkcLU0VUMGXb77umWK+r4YJEWn+JQYo6Zi3chp7W5O50d8L2SmG87AZHnivaSl6mRbi4NJBAXl9axVWUCq45rXis4Ds9hhhOc8doJGw3XOMuCfyTMul9UpfmBRaW5aHYT5GQZy6FN98Epw/ghpryrIIG0v3YKf2InGnfnD6UPidTwjedNQhqnvDJgxaETVg4LduuXhv1XjDOtiO1g2xhmcpqNeGneiHyxr1GTqcz3GNe4KE4gZMaXQUP2R0zQ/HM2BfCuTCq1HMKlvAeWg9tSi47ikAhhUzO+KCy7ng/qMuNFxhOGJKU3w5lRsuA7vDTxW2gwZqFD59gLXRa66RDQ7VG6a4odbFWLZYSk9aOsImF9mV7bvpodwrPzkq6M6if3VAMd8hh2lMYFLWjgd4prK9vnEvamssZXSv2RZst/bR/ZxOILlvJZpkOacc9argibQSy8sIfQuVHOTVmMQ5coVGvIIat2OEpgC1GptLcPRI1lbETOC9laTguYu5vBHEP6JQkcbqFjp0CEN4uVF8DgBnzOtedjKf7E+D018TABbDElKqp8ped051dlVqljGlh7EyzY+h5UEkBa1Zmrq55nAeqFkUR7bJ0ZjbVosxb9HXj349CxKKNkJD+LbhP1LJwj7qeWw4cyMIH+VbVja3mKv/PuuPIc+q/oQI0OduyFqJqhs9x6TchJ1UaVXQGyTReZKLKrDE4FdQygErQ3HtfsJlux6undm5eV2F0vRDCIzxAHgcsBAH9+p34O9mOZpgYE6tim/VJokdeD5eZxTwxBiRJSDyyQI6LbMYyZ7XD7rXhyTWidrTrsv6x1g=&u=U2FsdGVkX1+MqY1JuROr4EQdVs1XwI+6a6g6CWTAhQNmRWXm9avl4C6P2kW0w4LD&y=U2FsdGVkX1//qyBv7IT8AxjbPBy2oAdnDlmE8HfAuKeC8HTJHwJk7FZrX/J7Omj+ HTTP/1.1" 200 25
186.102.6.112 - - [23/Apr/2022:19:22:15 -0500] "GET /kwssiamovil/sm/acme/a?s=U2FsdGVkX1+n5JImreoiCFO7rTFB2CZFItP3GOYfAHJVOe511g8nAd2w/UxMBJm86rALhWWkNAdhP+wQw7phdjKZYDt9ssDONMuRLcHSTggRT/GYT0hDSdyM87ZAYRFflFg3ZJqqgWqkimPhLKkJ+hwUYP4Z5H3oza94AFzF6+Y=&u=U2FsdGVkX1+MqY1JuROr4EQdVs1XwI+6a6g6CWTAhQNmRWXm9avl4C6P2kW0w4LD&y=U2FsdGVkX1//qyBv7IT8AxjbPBy2oAdnDlmE8HfAuKeC8HTJHwJk7FZrX/J7Omj+ HTTP/1.1" 200 25
186.102.6.112 - - [23/Apr/2022:19:22:16 -0500] "GET /kwssiamovil/sm/acme/a?s=U2FsdGVkX1+Eseo49dXJqJqkVQABwDEKJRFJofDqccgt59CDdJ9mInlG0AXt7ErWKnb1FHIITdBBrMhanLbwJo2vEKrc3LqNTZel0qOErlXx4MOHZfmPxthVBvPHgVyMlI2xNeZeE3mYALxBFYkdrHcg6O9cIuOvV3LkJN/CLHQ=&u=U2FsdGVkX1+MqY1JuROr4EQdVs1XwI+6a6g6CWTAhQNmRWXm9avl4C6P2kW0w4LD&y=U2FsdGVkX1//qyBv7IT8AxjbPBy2oAdnDlmE8HfAuKeC8HTJHwJk7FZrX/J7Omj+ HTTP/1.1" 200 25
186.102.6.112 - - [23/Apr/2022:19:22:16 -0500] "GET /kwssiamovil/sm/acme/a?s=U2FsdGVkX1+pT6m1UDTg5cEWwJ9/32JgeMQLz2ql7TypPwKjfqO8+DzBjoClemL8Nr+UhzECiyDbVXNajI2ycyLTCniuqmg+oUfso50OGgTydojTpcsB4u18h0d0Yh1Uqd025YocfhO/1V9GM41QMDrvjUO7tNtchVdVu/eRcAI=&u=U2FsdGVkX1+MqY1JuROr4EQdVs1XwI+6a6g6CWTAhQNmRWXm9avl4C6P2kW0w4LD&y=U2FsdGVkX1//qyBv7IT8AxjbPBy2oAdnDlmE8HfAuKeC8HTJHwJk7FZrX/J7Omj+ HTTP/1.1" 200 25
186.102.6.112 - - [23/Apr/2022:19:22:16 -0500] "GET /kwssiamovil/sm/acme/a?s=U2FsdGVkX19RijZlK2SU8ElGDzgoCpsJFOxE2MiDnPP6uWGM5yOJZTnlhwSqXGEpDSqFRzMsEdO6PuXKetqKYuJjhWG6AydYl0ntGThSQ/lskzpAKnn8SYaOqPd00RQh3aPX0groxzP9MJurjAUV3RMAgbAwqUCx9JQS58kuBS3Qhg1GnIuQ380PVnaBiSyP&u=U2FsdGVkX1+MqY1JuROr4EQdVs1XwI+6a6g6CWTAhQNmRWXm9avl4C6P2kW0w4LD&y=U2FsdGVkX1//qyBv7IT8AxjbPBy2oAdnDlmE8HfAuKeC8HTJHwJk7FZrX/J7Omj+ HTTP/1.1" 200 25
66.249.65.13 - - [23/Apr/2022:19:22:35 -0500] "-" 408 -
216.245.221.92 - - [23/Apr/2022:19:22:52 -0500] "HEAD / HTTP/1.1" 200 -
201.245.192.253 - - [23/Apr/2022:19:22:17 -0500] "POST /kwsrmcab/Wsrmcab HTTP/1.1" 200 42752
201.245.192.253 - - [23/Apr/2022:19:23:07 -0500] "POST /kwsrmcab/Wsrmcab HTTP/1.1" 200 46088
172.22.2.4 - - [23/Apr/2022:19:23:59 -0500] "HEAD /BLA/boletinlegal/ HTTP/1.1" 200 -
157.55.39.199 - - [23/Apr/2022:19:25:56 -0500] "GET /sipse/faces/autenticacion.xhtml HTTP/1.1" 200 12493
172.22.2.4 - - [23/Apr/2022:19:24:50 -0500] "GET /BLA/boletinlegal/ HTTP/1.1" 200 60932
216.245.221.92 - - [23/Apr/2022:19:27:52 -0500] "HEAD / HTTP/1.1" 200 -
172.22.2.4 - - [23/Apr/2022:19:27:55 -0500] "GET /BLA/boletinlegal/ HTTP/1.1" 200 36811
172.22.2.4 - - [23/Apr/2022:19:27:56 -0500] "GET /BLA/boletinlegal/ HTTP/1.1" 200 36811
173.252.87.117 - - [23/Apr/2022:19:29:13 -0500] "GET /images/liberacion-fauna-silvestre-23-abril.jpg HTTP/1.1" 200 52551
191.156.33.181 - - [23/Apr/2022:19:31:10 -0500] "GET /si-tienes-entre-14-y-25-anos-y-quieres-participar-inscribete-a-la-convocatoria-de-lideres-juveniles-para-la-cumbre-de-alcaldes-c40-2022.html HTTP/1.1" 200 1141
172.22.2.4 - - [23/Apr/2022:19:29:49 -0500] "HEAD /BLA/boletinlegal/ HTTP/1.1" 200 -
172.22.2.4 - - [23/Apr/2022:19:30:41 -0500] "GET /BLA/boletinlegal/ HTTP/1.1" 200 53344
216.245.221.92 - - [23/Apr/2022:19:32:52 -0500] "HEAD / HTTP/1.1" 200 -
201.245.192.253 - - [23/Apr/2022:19:32:18 -0500] "POST /kwsrmcab/Wsrmcab HTTP/1.1" 200 42752
201.245.192.253 - - [23/Apr/2022:19:33:08 -0500] "POST /kwsrmcab/Wsrmcab HTTP/1.1" 200 46088
172.22.2.4 - - [23/Apr/2022:19:35:18 -0500] "GET /BLA/boletinlegal/ HTTP/1.1" 200 53344
207.46.13.188 - - [23/Apr/2022:19:37:11 -0500] "GET /portaldeninos/los-arboles/ HTTP/1.1" 200 87479
172.22.2.4 - - [23/Apr/2022:19:35:41 -0500] "HEAD /BLA/boletinlegal/ HTTP/1.1" 200 -
173.252.87.119 - - [23/Apr/2022:19:37:39 -0500] "GET /images/liberacion-fauna-silvestre-23-abril.jpg HTTP/1.1" 200 52551
173.252.87.1 - - [23/Apr/2022:19:37:39 -0500] "GET /images/liberacion-fauna-silvestre-23-abril.jpg HTTP/1.1" 200 52551
173.252.79.21 - - [23/Apr/2022:19:37:39 -0500] "GET /images/liberacion-fauna-silvestre-23-abril.jpg HTTP/1.1" 200 52551
216.245.221.92 - - [23/Apr/2022:19:37:52 -0500] "HEAD / HTTP/1.1" 200 -
172.22.2.4 - - [23/Apr/2022:19:36:31 -0500] "GET /BLA/boletinlegal/ HTTP/1.1" 200 56300
181.59.194.5 - - [23/Apr/2022:19:38:14 -0500] "GET /BLA/resoluciones/index.php?dir= HTTP/1.1" 200 13093
181.59.194.5 - - [23/Apr/2022:19:38:15 -0500] "GET /favicon.ico HTTP/1.1" 200 7782
181.59.194.5 - - [23/Apr/2022:19:38:38 -0500] "GET /BLA/resoluciones/index.php?dir=RESOLUCIONES+2014%2F HTTP/1.1" 200 12235
181.59.194.5 - - [23/Apr/2022:19:38:38 -0500] "GET /BLA/resoluciones/index.php?dir=RESOLUCIONES+2014%2F HTTP/1.1" 200 332998
172.22.2.4 - - [23/Apr/2022:19:39:03 -0500] "GET /BLA/boletinlegal/Circulares/2022/CIRCULAR%20No.%2000003%20DEL%2007%20DE%20MARZO%20DEL%202022.pdf HTTP/1.1" 404 1038
172.22.2.4 - - [23/Apr/2022:19:39:07 -0500] "GET /BLA/boletinlegal/Circulares/2021/CIRCULAR%20No.%2000009%20DEL%2001%20DE%20OCTUBRE%20DEL%202021.pdf HTTP/1.1" 200 320793
172.22.2.4 - - [23/Apr/2022:19:39:13 -0500] "GET /BLA/boletinlegal/Circulares/2021/CIRCULAR%20No.%2000007%20DEL%2010%20DE%20AGOSTO%20DEL%202021.pdf HTTP/1.1" 200 266364
172.22.2.4 - - [23/Apr/2022:19:39:20 -0500] "GET /BLA/boletinlegal/Circulares/2021/CIRCULAR%20No.%2000006%20DEL%2005%20DE%20AGOSTO%20DEL%202021.pdf HTTP/1.1" 200 249615
172.22.2.4 - - [23/Apr/2022:19:39:26 -0500] "GET /BLA/boletinlegal/Circulares/2020/Circular%20No.%2000018%20del%2002%20de%20diciembre%20del%202020.pdf HTTP/1.1" 200 276868
172.22.2.4 - - [23/Apr/2022:19:39:31 -0500] "GET /BLA/boletinlegal/Circulares/2020/Circular%2000010%20del%2027%20de%20julio%20de%202020.pdf HTTP/1.1" 200 422655
172.22.2.4 - - [23/Apr/2022:19:39:38 -0500] "GET /BLA/boletinlegal/Circulares/2020/CIRCULAR%20No.%2000019%20DEL%2018%20DE%20DICIEMBRE%20DEL%202020.pdf HTTP/1.1" 200 307959
172.22.2.4 - - [23/Apr/2022:19:39:46 -0500] "GET /BLA/boletinlegal/Circulares/2020/CIRCULAR%20No.%2000014%20del%2001%20de%20septiembre%20del%202020.pdf HTTP/1.1" 200 320826
172.22.2.4 - - [23/Apr/2022:19:39:56 -0500] "GET /BLA/boletinlegal/Circulares/2019/Circular%20No.%2012%20del%2014%20de%20Marzo%20de%202019.pdf HTTP/1.1" 200 344384
172.22.2.4 - - [23/Apr/2022:19:40:06 -0500] "GET /BLA/boletinlegal/Circulares/2019/Circular%20No.%20006%20del%2008%20de%20Febrero%20de%202019.pdf HTTP/1.1" 200 674401
172.22.2.4 - - [23/Apr/2022:19:40:13 -0500] "GET /BLA/boletinlegal/Circulares/2019/Circular%20No.%200015%20del%2003%20de%20Octubre%20de%202019.pdf HTTP/1.1" 200 165608
172.22.2.4 - - [23/Apr/2022:19:40:18 -0500] "GET /BLA/boletinlegal/Circulares/2019/Circular%20No.%200005%20del%2020%20de%20Marzo%20de%202019.pdf HTTP/1.1" 200 159877
172.22.2.4 - - [23/Apr/2022:19:40:22 -0500] "GET /BLA/boletinlegal/Circulares/2019/Circular%20No.%200003%20del%2031%20de%20Enero%20de%202019.pdf HTTP/1.1" 200 164676
172.22.2.4 - - [23/Apr/2022:19:40:28 -0500] "GET /BLA/boletinlegal/Circulares/2019/Circular%2000020%20del%2020%20de%20diciembre%20de%202019.pdf HTTP/1.1" 200 145170
172.22.2.4 - - [23/Apr/2022:19:40:33 -0500] "GET /BLA/boletinlegal/Circulares/2019/Circular%2000018%20del%2020%20de%20noviembre%20de%202019.pdf HTTP/1.1" 200 158030
172.22.2.4 - - [23/Apr/2022:19:40:39 -0500] "GET /BLA/boletinlegal/Circulares/2019/.pdf HTTP/1.1" 404 1218
172.22.2.4 - - [23/Apr/2022:19:40:42 -0500] "GET /BLA/boletinlegal/Circulares/2018/Circular%20No.%2011%20del%2024%20de%20Septiembre%20de%202018.pdf HTTP/1.1" 200 169541
172.22.2.4 - - [23/Apr/2022:19:40:50 -0500] "GET /BLA/boletinlegal/Circulares/2018/Circular%20No.%2010%20del%2021%20de%20Septiembre%20de%202018.pdf HTTP/1.1" 200 163426
172.22.2.4 - - [23/Apr/2022:19:40:56 -0500] "GET /BLA/boletinlegal/Circulares/2018/Circular%20No.%200015%20del%207%20de%20Diciembre%20de%202018.pdf HTTP/1.1" 200 165305
172.22.2.4 - - [23/Apr/2022:19:41:01 -0500] "GET /BLA/boletinlegal/Circulares/2018/CIRCULAR%20COJUNTA%20042%20DE%202018.pdf HTTP/1.1" 200 515008
172.22.2.4 - - [23/Apr/2022:19:41:09 -0500] "GET /BLA/boletinlegal/Circulares/2017/Circular%20No.%202%20del%201%20de%20Septiembre%20de%202017.pdf HTTP/1.1" 200 152575
172.22.2.4 - - [23/Apr/2022:19:41:14 -0500] "GET /BLA/boletinlegal/Circulares/2017/Circular%20No.%201%20del%2030%20de%20Marzo%20de%202017.pdf HTTP/1.1" 200 668532
172.22.2.4 - - [23/Apr/2022:19:41:16 -0500] "GET /BLA/boletinlegal/actos.php HTTP/1.1" 200 9559
172.22.2.4 - - [23/Apr/2022:19:41:20 -0500] "GET /BLA/boletinlegal/Circulares/2017/Circular%20No.%2007%20del%2028%20de%20Abril%20de%202017.pdf HTTP/1.1" 200 309906
172.22.2.4 - - [23/Apr/2022:19:41:26 -0500] "GET /BLA/boletinlegal/Circulares/2017/Circular%20No.%20011%20del%2005%20de%20julio%20de%202017.pdf HTTP/1.1" 200 965526
172.22.2.4 - - [23/Apr/2022:19:41:35 -0500] "GET /BLA/boletinlegal/Circulares/2015/Circular%20No.%202%20del%201%20de%20julio%20de%202015.pdf HTTP/1.1" 200 752890
172.22.2.4 - - [23/Apr/2022:19:41:40 -0500] "GET /BLA/boletinlegal/consulta_actos.php?tipo=autos&no=5271&usuario=&sector=&fecha=2014&resuelve= HTTP/1.1" 200 1068
172.22.2.4 - - [23/Apr/2022:19:41:42 -0500] "GET /BLA/boletinlegal/Circulares/2015/Circular%20No.%201%20del%2010%20de%20Febrero%20de%202015.pdf HTTP/1.1" 200 660637
190.159.20.62 - - [23/Apr/2022:19:41:46 -0500] "GET /BLA/resoluciones/AUTOS%202014/5271.pdf HTTP/1.1" 200 536116
190.159.20.62 - - [23/Apr/2022:19:41:46 -0500] "GET /BLA/resoluciones/AUTOS%202014/5271.pdf HTTP/1.1" 200 536116
190.159.20.62 - - [23/Apr/2022:19:41:46 -0500] "GET /BLA/resoluciones/AUTOS%202014/5271.pdf HTTP/1.1" 206 1025
190.159.20.62 - - [23/Apr/2022:19:41:47 -0500] "GET /BLA/resoluciones/AUTOS%202014/5271.pdf HTTP/1.1" 206 3072
190.159.20.62 - - [23/Apr/2022:19:41:47 -0500] "GET /BLA/resoluciones/AUTOS%202014/5271.pdf HTTP/1.1" 206 532019
172.22.2.4 - - [23/Apr/2022:19:41:47 -0500] "GET /BLA/boletinlegal/Circulares/2014/Circular%20No.%203%20del%2014%20de%20Noviembre%20de%202014.pdf HTTP/1.1" 200 104132
157.55.39.145 - - [23/Apr/2022:19:41:50 -0500] "GET /bla/resoluciones/autos%202021/0001.pdf HTTP/1.1" 200 392909
172.22.2.4 - - [23/Apr/2022:19:41:52 -0500] "GET /BLA/boletinlegal/Circulares/2014/Circular%20No.%202%20del%2021%20de%20septiembre%20de%202014.pdf HTTP/1.1" 200 143376
181.59.194.5 - - [23/Apr/2022:19:41:52 -0500] "GET /BLA/resoluciones/index.php?dir=RESOLUCIONES+2022%2F HTTP/1.1" 200 14624
172.22.2.4 - - [23/Apr/2022:19:41:58 -0500] "GET /BLA/boletinlegal/Circulares/2014/Circular%20No.%201%20del%2008%20de%20Mayo%20de%202014.pdf HTTP/1.1" 200 180124
172.22.2.4 - - [23/Apr/2022:19:42:06 -0500] "GET /BLA/boletinlegal/Circulares/2013/Circular%20No.%208%20del%201%20de%20Noviembre%20de%202013.pdf HTTP/1.1" 200 385156
181.59.194.5 - - [23/Apr/2022:19:42:07 -0500] "GET /BLA/resoluciones/index.php?dir=RESOLUCIONES+2014%2F HTTP/1.1" 200 12235
181.59.194.5 - - [23/Apr/2022:19:42:06 -0500] "GET /BLA/resoluciones/index.php?dir=RESOLUCIONES+2014%2F HTTP/1.1" 200 332998
181.59.194.5 - - [23/Apr/2022:19:42:14 -0500] "GET /BLA/resoluciones/index.php?dir=AUTOS+2014%2F HTTP/1.1" 200 12235
172.22.2.4 - - [23/Apr/2022:19:42:19 -0500] "GET /BLA/boletinlegal/Circulares/2013/Circular%20No.%207%20del%201%20de%20Agosto%20de%202013.pdf HTTP/1.1" 200 340934
181.59.194.5 - - [23/Apr/2022:19:42:15 -0500] "GET /BLA/resoluciones/index.php?dir=AUTOS+2014%2F HTTP/1.1" 200 874226
172.22.2.4 - - [23/Apr/2022:19:42:31 -0500] "GET /BLA/boletinlegal/Circulares/2013/Circular%20No.%206%20del%2019%20de%20julio%20de%202013.pdf HTTP/1.1" 200 4210437
172.22.2.4 - - [23/Apr/2022:19:42:47 -0500] "GET /BLA/boletinlegal/Circulares/2013/Circular%20No.%205%20del%2013%20de%20junio%20de%202013.pdf HTTP/1.1" 200 110904
216.245.221.92 - - [23/Apr/2022:19:42:52 -0500] "HEAD / HTTP/1.1" 200 -
172.22.2.4 - - [23/Apr/2022:19:42:53 -0500] "GET /BLA/boletinlegal/Circulares/2013/Circular%20No.%204%20del%2005%20de%20junio%20de%202013.pdf HTTP/1.1" 200 130461
172.22.2.4 - - [23/Apr/2022:19:42:59 -0500] "GET /BLA/boletinlegal/Circulares/2013/Circular%20No.%203%20del%2005%20de%20abril%20de%202013.pdf HTTP/1.1" 200 93580
172.22.2.4 - - [23/Apr/2022:19:43:05 -0500] "GET /BLA/boletinlegal/Circulares/2013/Circular%20No.%202%20del%2022%20de%20enero%20de%202013.pdf HTTP/1.1" 200 85466
201.245.192.253 - - [23/Apr/2022:19:42:17 -0500] "POST /kwsrmcab/Wsrmcab HTTP/1.1" 200 42752
172.22.2.4 - - [23/Apr/2022:19:43:10 -0500] "GET /BLA/boletinlegal/Circulares/2013/Circular%20No.%201%20del%2014%20de%20enero%20de%202013.pdf HTTP/1.1" 200 1298384
172.22.2.4 - - [23/Apr/2022:19:41:30 -0500] "HEAD /BLA/boletinlegal/ HTTP/1.1" 200 -
172.22.2.4 - - [23/Apr/2022:19:43:17 -0500] "GET /BLA/boletinlegal/Circulares/2012/Circular%20No.%209%20del%2021%20de%20Agosto%20de%202012.pdf HTTP/1.1" 200 1402289
172.22.2.4 - - [23/Apr/2022:19:43:24 -0500] "GET /BLA/boletinlegal/Circulares/2012/Circular%20No.%208%20del%2021%20de%20Agosto%20de%202012.pdf HTTP/1.1" 200 963197
181.59.194.5 - - [23/Apr/2022:19:43:28 -0500] "GET /BLA/resoluciones/AUTOS%202014/0087.pdf HTTP/1.1" 200 1028312
172.22.2.4 - - [23/Apr/2022:19:43:31 -0500] "GET /BLA/boletinlegal/Circulares/2012/Circular%20No.%207%20del%2008%20de%20Agosto%20de%202012.pdf HTTP/1.1" 200 972955
172.22.2.4 - - [23/Apr/2022:19:43:37 -0500] "GET /BLA/boletinlegal/Circulares/2012/Circular%20No.%206%20del%2025%20de%20Mayo%20de%202012.pdf HTTP/1.1" 200 387391
172.22.2.4 - - [23/Apr/2022:19:43:42 -0500] "GET /BLA/boletinlegal/Circulares/2012/Circular%20No.%205%20del%2027%20de%20Abril%20de%202012.pdf HTTP/1.1" 200 216613
172.22.2.4 - - [23/Apr/2022:19:43:50 -0500] "GET /BLA/boletinlegal/Circulares/2012/Circular%20No.%204%20del%2019%20de%20abril%20de%202012.pdf HTTP/1.1" 200 253045
201.245.192.253 - - [23/Apr/2022:19:43:08 -0500] "POST /kwsrmcab/Wsrmcab HTTP/1.1" 200 46088
172.22.2.4 - - [23/Apr/2022:19:43:58 -0500] "GET /BLA/boletinlegal/Circulares/2012/Circular%20No.%2016%20del%2022%20de%20octubre%20de%202012.pdf HTTP/1.1" 200 381186
172.22.2.4 - - [23/Apr/2022:19:42:21 -0500] "GET /BLA/boletinlegal/ HTTP/1.1" 200 60486
172.22.2.4 - - [23/Apr/2022:19:44:03 -0500] "GET /BLA/boletinlegal/Circulares/2012/Circular%20No.%2015%20del%2022%20de%20octubre%20de%202012.pdf HTTP/1.1" 200 486506
172.22.2.4 - - [23/Apr/2022:19:44:10 -0500] "GET /BLA/boletinlegal/Circulares/2012/Circular%20No.%2014%20del%2011%20de%20Septiembre%20de%202012.pdf HTTP/1.1" 200 3427471
172.22.2.4 - - [23/Apr/2022:19:44:20 -0500] "GET /BLA/boletinlegal/Circulares/2012/Circular%20No.%2013%20del%2006%20de%20Septiembre%20de%202012.pdf HTTP/1.1" 200 351421
172.22.2.4 - - [23/Apr/2022:19:44:26 -0500] "GET /BLA/boletinlegal/Circulares/2012/Circular%20No.%2012%20del%2028%20de%20Agosto%20de%202012.pdf HTTP/1.1" 200 369945
172.22.2.4 - - [23/Apr/2022:19:44:32 -0500] "GET /BLA/boletinlegal/Circulares/2012/Circular%20No.%2011%20del%2027%20de%20Agosto%20de%202012.pdf HTTP/1.1" 200 526945
172.22.2.4 - - [23/Apr/2022:19:44:38 -0500] "GET /BLA/boletinlegal/Circulares/2012/Circular%20No.%2010%20del%2022%20de%20Agosto%20de%202012.pdf HTTP/1.1" 200 1563219
181.59.194.5 - - [23/Apr/2022:19:44:54 -0500] "GET /BLA/resoluciones/AUTOS%202014/4180.pdf HTTP/1.1" 200 224763
181.59.194.5 - - [23/Apr/2022:19:44:54 -0500] "GET /BLA/resoluciones/AUTOS%202014/4180.pdf HTTP/1.1" 206 1
181.59.194.5 - - [23/Apr/2022:19:45:09 -0500] "GET /BLA/resoluciones/AUTOS%202014/4180.pdf HTTP/1.1" 200 224763
172.22.2.4 - - [23/Apr/2022:19:46:43 -0500] "GET /BLA/boletinlegal/actos.php HTTP/1.1" 200 9559
172.22.2.4 - - [23/Apr/2022:19:46:47 -0500] "GET /BLA/boletinlegal/js/jquery1.js HTTP/1.1" 200 29846
172.22.2.4 - - [23/Apr/2022:19:46:47 -0500] "GET /BLA/boletinlegal/niceforms.js HTTP/1.1" 200 22876
172.22.2.4 - - [23/Apr/2022:19:47:25 -0500] "GET /BLA/boletinlegal/style.css HTTP/1.1" 200 9406
172.22.2.4 - - [23/Apr/2022:19:47:25 -0500] "GET /BLA/boletinlegal/styles2.css HTTP/1.1" 200 1838
172.22.2.4 - - [23/Apr/2022:19:47:25 -0500] "GET /BLA/boletinlegal/js/jquery.js HTTP/1.1" 200 57254
172.22.2.4 - - [23/Apr/2022:19:47:25 -0500] "GET /BLA/boletinlegal/js/jquery.scrollShow.js HTTP/1.1" 200 4586
172.22.2.4 - - [23/Apr/2022:19:47:25 -0500] "GET /BLA/boletinlegal/js/jquery.scrollTo-min.js HTTP/1.1" 200 1150
172.22.2.4 - - [23/Apr/2022:19:47:25 -0500] "GET /BLA/boletinlegal/images/cabezote%20BLEGAL.jpg HTTP/1.1" 200 118164
172.22.2.4 - - [23/Apr/2022:19:47:25 -0500] "GET /BLA/boletinlegal/images/subscribe-icon-big.png HTTP/1.1" 200 47702
172.22.2.4 - - [23/Apr/2022:19:47:25 -0500] "GET /BLA/boletinlegal/images/historia.png HTTP/1.1" 200 52775
172.22.2.4 - - [23/Apr/2022:19:47:25 -0500] "GET /BLA/boletinlegal/images/registro-usuarios.png HTTP/1.1" 200 8106
172.22.2.4 - - [23/Apr/2022:19:47:25 -0500] "GET /BLA/boletinlegal/images/arr_l.jpg HTTP/1.1" 200 1979
172.22.2.4 - - [23/Apr/2022:19:47:25 -0500] "GET /BLA/boletinlegal/images/launch.jpg HTTP/1.1" 200 14577
172.22.2.4 - - [23/Apr/2022:19:47:25 -0500] "GET /BLA/boletinlegal/images/screen_1.png HTTP/1.1" 200 202547
172.22.2.4 - - [23/Apr/2022:19:47:25 -0500] "GET /BLA/boletinlegal/images/body_bg.jpg HTTP/1.1" 200 1601
172.22.2.4 - - [23/Apr/2022:19:47:25 -0500] "GET /BLA/boletinlegal/images/menu_rght.gif HTTP/1.1" 200 1627
172.22.2.4 - - [23/Apr/2022:19:47:25 -0500] "GET /BLA/boletinlegal/images/menu_lft.gif HTTP/1.1" 200 1713
172.22.2.4 - - [23/Apr/2022:19:47:25 -0500] "GET /BLA/boletinlegal/images/bg_top.jpg HTTP/1.1" 200 522
172.22.2.4 - - [23/Apr/2022:19:47:25 -0500] "GET /BLA/boletinlegal/images/menu_bg.jpg HTTP/1.1" 200 620
172.22.2.4 - - [23/Apr/2022:19:47:25 -0500] "GET /BLA/boletinlegal/images/text.jpg HTTP/1.1" 200 568
172.22.2.4 - - [23/Apr/2022:19:47:25 -0500] "GET /BLA/boletinlegal/images/hover.jpg HTTP/1.1" 200 640
172.22.2.4 - - [23/Apr/2022:19:47:27 -0500] "GET /BLA/boletinlegal/actos.php HTTP/1.1" 200 9559
172.22.2.4 - - [23/Apr/2022:19:47:27 -0500] "GET /BLA/boletinlegal/js/ajax_actos.js HTTP/1.1" 200 1322
172.22.2.4 - - [23/Apr/2022:19:47:27 -0500] "GET /BLA/boletinlegal/js/lib.js HTTP/1.1" 200 6474
172.22.2.4 - - [23/Apr/2022:19:47:27 -0500] "GET /BLA/boletinlegal/niceforms-default.css HTTP/1.1" 200 6694
172.22.2.4 - - [23/Apr/2022:19:47:27 -0500] "GET /BLA/boletinlegal/js/popup.js HTTP/1.1" 200 1270
172.22.2.4 - - [23/Apr/2022:19:47:27 -0500] "GET /BLA/boletinlegal/niceforms.js HTTP/1.1" 200 22876
172.22.2.4 - - [23/Apr/2022:19:47:27 -0500] "GET /BLA/boletinlegal/js/jquery1.js HTTP/1.1" 200 29846
172.22.2.4 - - [23/Apr/2022:19:47:27 -0500] "GET /BLA/boletinlegal/images/green-yellow-blue-pink-th.png HTTP/1.1" 200 7394
172.22.2.4 - - [23/Apr/2022:19:47:27 -0500] "GET /BLA/boletinlegal/images/abajo.png HTTP/1.1" 200 96676
172.22.2.4 - - [23/Apr/2022:19:47:27 -0500] "GET /BLA/boletinlegal/images/tel.png HTTP/1.1" 200 14477
172.22.2.4 - - [23/Apr/2022:19:47:27 -0500] "GET /BLA/boletinlegal/images/icono-email.png HTTP/1.1" 200 5544
172.22.2.4 - - [23/Apr/2022:19:47:27 -0500] "GET /BLA/boletinlegal/images/footer_bg.jpg HTTP/1.1" 200 586
172.22.2.4 - - [23/Apr/2022:19:47:27 -0500] "GET /BLA/boletinlegal/images/footer_bg_l.jpg HTTP/1.1" 200 776
172.22.2.4 - - [23/Apr/2022:19:47:27 -0500] "GET /BLA/boletinlegal/img/0.png HTTP/1.1" 200 110
172.22.2.4 - - [23/Apr/2022:19:47:27 -0500] "GET /BLA/boletinlegal/img/select-left.png HTTP/1.1" 200 263
172.22.2.4 - - [23/Apr/2022:19:47:27 -0500] "GET /BLA/boletinlegal/img/button-left.png HTTP/1.1" 200 57071
172.22.2.4 - - [23/Apr/2022:19:47:27 -0500] "GET /BLA/boletinlegal/img/select-right.png HTTP/1.1" 200 44019
172.22.2.4 - - [23/Apr/2022:19:47:27 -0500] "GET /BLA/boletinlegal/img/button.png HTTP/1.1" 200 43241
172.22.2.4 - - [23/Apr/2022:19:47:27 -0500] "GET /BLA/boletinlegal/img/button-right.png HTTP/1.1" 200 57878
172.22.2.4 - - [23/Apr/2022:19:47:27 -0500] "GET /BLA/boletinlegal/favicon.ico HTTP/1.1" 404 1326
186.118.18.207 - - [23/Apr/2022:19:47:31 -0500] "GET /BLA/resoluciones/ HTTP/1.1" 200 13093
186.118.18.207 - - [23/Apr/2022:19:47:31 -0500] "GET /BLA/resoluciones/dlf/folder.png HTTP/1.1" 200 410
186.118.18.207 - - [23/Apr/2022:19:47:37 -0500] "GET /BLA/resoluciones/index.php?dir=RESOLUCIONES+2018%2F HTTP/1.1" 200 261912
216.245.221.92 - - [23/Apr/2022:19:47:52 -0500] "HEAD / HTTP/1.1" 200 -
172.22.2.4 - - [23/Apr/2022:19:47:25 -0500] "GET /BLA/boletinlegal/ HTTP/1.1" 200 24523
172.22.2.4 - - [23/Apr/2022:19:47:21 -0500] "HEAD /BLA/boletinlegal/ HTTP/1.1" 200 -
172.22.2.4 - - [23/Apr/2022:19:48:11 -0500] "GET /BLA/boletinlegal/ HTTP/1.1" 200 59170
31.13.115.119 - - [23/Apr/2022:19:50:55 -0500] "GET /secretaria-de-ambiente-libero-a-33-animales-silvestres-en-el-humedal-la-conejera.html?fbclid=IwAR1lZLdZoDpJoQxCbURal55DXpHsan2dpRHWc3nkqMrH7tr4vpYdX2dkr3E HTTP/1.1" 200 1095
172.22.2.4 - - [23/Apr/2022:19:51:14 -0500] "GET /BLA/boletinlegal/doctrina.php HTTP/1.1" 200 5604
74.82.47.5 - - [23/Apr/2022:19:51:34 -0500] "GET / HTTP/1.1" 200 319
216.245.221.92 - - [23/Apr/2022:19:52:52 -0500] "HEAD / HTTP/1.1" 200 -
173.252.127.19 - - [23/Apr/2022:19:53:25 -0500] "GET /images/liberacion-fauna-silvestre-23-abril.jpg HTTP/1.1" 200 52551
66.220.149.18 - - [23/Apr/2022:19:53:25 -0500] "GET /images/liberacion-fauna-silvestre-23-abril.jpg HTTP/1.1" 200 52551
173.252.79.120 - - [23/Apr/2022:19:53:25 -0500] "GET /images/liberacion-fauna-silvestre-23-abril.jpg HTTP/1.1" 200 52551
172.22.2.4 - - [23/Apr/2022:19:53:10 -0500] "HEAD /BLA/boletinlegal/ HTTP/1.1" 200 -
172.22.2.4 - - [23/Apr/2022:19:54:01 -0500] "GET /BLA/boletinlegal/ HTTP/1.1" 200 52945
157.55.39.199 - - [23/Apr/2022:19:55:58 -0500] "GET /BLA/resoluciones/index.php?dir=RESOLUCIONES+2013%2F HTTP/1.1" 200 237258
173.252.111.117 - - [23/Apr/2022:19:56:05 -0500] "GET /images/liberacion-fauna-silvestre-23-abril.jpg HTTP/1.1" 200 52551
31.13.127.24 - - [23/Apr/2022:19:56:06 -0500] "GET /images/liberacion-fauna-silvestre-23-abril.jpg HTTP/1.1" 200 52551
66.249.65.15 - - [23/Apr/2022:19:56:09 -0500] "-" 408 -
157.55.39.145 - - [23/Apr/2022:19:57:03 -0500] "GET /forest/ HTTP/1.1" 200 12041
216.245.221.92 - - [23/Apr/2022:19:57:52 -0500] "HEAD / HTTP/1.1" 200 -
172.22.2.4 - - [23/Apr/2022:19:58:55 -0500] "GET /BLA/boletinlegal/normativa.php HTTP/1.1" 200 8292
172.22.2.4 - - [23/Apr/2022:19:59:01 -0500] "HEAD /BLA/boletinlegal/ HTTP/1.1" 200 -
172.22.2.4 - - [23/Apr/2022:20:00:12 -0500] "GET /BLA/boletinlegal/?XDEBUG_SESSION_START=phpstorm HTTP/1.1" 200 32715
172.22.2.4 - - [23/Apr/2022:19:59:51 -0500] "GET /BLA/boletinlegal/ HTTP/1.1" 200 46815
179.32.136.128 - - [23/Apr/2022:20:01:37 -0500] "GET /secretaria-de-ambiente-libero-a-33-animales-silvestres-en-el-humedal-la-conejera.html HTTP/1.1" 200 1095
216.245.221.92 - - [23/Apr/2022:20:02:52 -0500] "HEAD / HTTP/1.1" 200 -
172.22.2.4 - - [23/Apr/2022:20:04:50 -0500] "HEAD /BLA/boletinlegal/ HTTP/1.1" 200 -
66.249.65.13 - - [23/Apr/2022:20:06:56 -0500] "-" 408 -
172.22.2.4 - - [23/Apr/2022:20:05:41 -0500] "GET /BLA/boletinlegal/ HTTP/1.1" 200 54090
216.245.221.92 - - [23/Apr/2022:20:07:52 -0500] "HEAD / HTTP/1.1" 200 -
172.22.2.4 - - [23/Apr/2022:20:08:42 -0500] "GET /BLA/boletinlegal/ HTTP/1.1" 200 63729
172.22.2.4 - - [23/Apr/2022:20:10:41 -0500] "HEAD /BLA/boletinlegal/ HTTP/1.1" 200 -
216.245.221.92 - - [23/Apr/2022:20:12:52 -0500] "HEAD / HTTP/1.1" 200 -
172.22.2.4 - - [23/Apr/2022:20:11:32 -0500] "GET /BLA/boletinlegal/ HTTP/1.1" 200 55877
200.89.248.14 - - [23/Apr/2022:20:13:22 -0500] "GET /distrito-academia-y-sector-privado-plantaron-100-arboles-para-conmemorar-el-dia-de-la-tierra.html HTTP/1.1" 200 1066
172.22.2.4 - - [23/Apr/2022:20:12:43 -0500] "HEAD /BLA/boletinlegal/ HTTP/1.1" 200 -
172.22.2.4 - - [23/Apr/2022:20:13:43 -0500] "HEAD /BLA/boletinlegal/ HTTP/1.1" 200 -
172.22.2.4 - - [23/Apr/2022:20:14:43 -0500] "HEAD /BLA/boletinlegal/ HTTP/1.1" 200 -
172.22.2.4 - - [23/Apr/2022:20:16:41 -0500] "GET /BLA/boletinlegal/images/screen_1.png HTTP/1.1" 200 202547
172.22.2.4 - - [23/Apr/2022:20:16:43 -0500] "GET /BLA/boletinlegal/js/jquery.js HTTP/1.1" 200 57254
172.22.2.4 - - [23/Apr/2022:20:16:44 -0500] "GET /BLA/boletinlegal/images/arr_r.jpg HTTP/1.1" 200 1998
172.22.2.4 - - [23/Apr/2022:20:16:44 -0500] "GET /BLA/boletinlegal/images/body_bg.jpg HTTP/1.1" 200 1601
172.22.2.4 - - [23/Apr/2022:20:16:46 -0500] "GET /BLA/boletinlegal/images/menu_rght.gif HTTP/1.1" 200 1627
172.22.2.4 - - [23/Apr/2022:20:16:46 -0500] "GET /BLA/boletinlegal/images/cabezote%20BLEGAL.jpg HTTP/1.1" 200 118164
172.22.2.4 - - [23/Apr/2022:20:16:47 -0500] "GET /BLA/boletinlegal/styles2.css HTTP/1.1" 200 1838
172.22.2.4 - - [23/Apr/2022:20:16:48 -0500] "GET /BLA/boletinlegal/images/screen_3.png HTTP/1.1" 200 210620
172.22.2.4 - - [23/Apr/2022:20:16:48 -0500] "GET /BLA/boletinlegal/images/menu_lft.gif HTTP/1.1" 200 1713
172.22.2.4 - - [23/Apr/2022:20:16:48 -0500] "GET /BLA/boletinlegal/images/arr_l.jpg HTTP/1.1" 200 1979
172.22.2.4 - - [23/Apr/2022:20:16:49 -0500] "GET /BLA/boletinlegal/images/bg_top.jpg HTTP/1.1" 200 522
172.22.2.4 - - [23/Apr/2022:20:16:52 -0500] "GET /BLA/boletinlegal/images/footer_bg.jpg HTTP/1.1" 200 586
172.22.2.4 - - [23/Apr/2022:20:16:52 -0500] "GET /BLA/boletinlegal/images/hover.jpg HTTP/1.1" 200 640
172.22.2.4 - - [23/Apr/2022:20:16:55 -0500] "GET /BLA/boletinlegal/images/launch.jpg HTTP/1.1" 200 14577
172.22.2.4 - - [23/Apr/2022:20:16:56 -0500] "GET /BLA/boletinlegal/images/text.jpg HTTP/1.1" 200 568
172.22.2.4 - - [23/Apr/2022:20:16:56 -0500] "GET /BLA/boletinlegal/images/screen_2.png HTTP/1.1" 200 362502
172.22.2.4 - - [23/Apr/2022:20:16:59 -0500] "GET /BLA/boletinlegal/images/menu_bg.jpg HTTP/1.1" 200 620
172.22.2.4 - - [23/Apr/2022:20:17:00 -0500] "GET /BLA/boletinlegal/images/screen_5.png HTTP/1.1" 200 368876
172.22.2.4 - - [23/Apr/2022:20:17:06 -0500] "GET /BLA/boletinlegal/js/jquery.scrollShow.js HTTP/1.1" 200 4586
172.22.2.4 - - [23/Apr/2022:20:17:07 -0500] "GET /BLA/boletinlegal/js/jquery.scrollTo-min.js HTTP/1.1" 200 1150
186.155.33.60 - - [23/Apr/2022:20:17:13 -0500] "GET /secretaria-de-ambiente-libero-a-33-animales-silvestres-en-el-humedal-la-conejera.html HTTP/1.1" 200 1095
172.22.2.4 - - [23/Apr/2022:20:15:43 -0500] "HEAD /BLA/boletinlegal/ HTTP/1.1" 200 -
216.245.221.92 - - [23/Apr/2022:20:17:52 -0500] "HEAD / HTTP/1.1" 200 -
172.22.2.4 - - [23/Apr/2022:20:16:31 -0500] "HEAD /BLA/boletinlegal/ HTTP/1.1" 200 -
172.22.2.4 - - [23/Apr/2022:20:17:22 -0500] "GET /BLA/boletinlegal/ HTTP/1.1" 200 59170
216.245.221.92 - - [23/Apr/2022:20:22:52 -0500] "HEAD / HTTP/1.1" 200 -
201.245.192.253 - - [23/Apr/2022:20:22:17 -0500] "POST /kwsrmcab/Wsrmcab HTTP/1.1" 200 44387
186.118.18.207 - - [23/Apr/2022:20:23:22 -0500] "GET /BLA/resoluciones/RESOLUCIONES%202018/1775.pdf HTTP/1.1" 200 443618
186.118.18.207 - - [23/Apr/2022:20:23:22 -0500] "GET /BLA/resoluciones/RESOLUCIONES%202018/1775.pdf HTTP/1.1" 206 1025
186.118.18.207 - - [23/Apr/2022:20:23:22 -0500] "GET /BLA/resoluciones/RESOLUCIONES%202018/1775.pdf HTTP/1.1" 200 443618
186.118.18.207 - - [23/Apr/2022:20:23:24 -0500] "GET /BLA/resoluciones/RESOLUCIONES%202018/1775.pdf HTTP/1.1" 206 3072
186.118.18.207 - - [23/Apr/2022:20:23:25 -0500] "GET /BLA/resoluciones/RESOLUCIONES%202018/1775.pdf HTTP/1.1" 206 439521
186.118.18.207 - - [23/Apr/2022:20:23:39 -0500] "GET /BLA/resoluciones/index.php?dir= HTTP/1.1" 200 13093
186.118.18.207 - - [23/Apr/2022:20:23:42 -0500] "GET /BLA/resoluciones/index.php?dir=RESOLUCIONES+2019%2F HTTP/1.1" 200 236225
186.118.18.207 - - [23/Apr/2022:20:23:47 -0500] "GET /BLA/resoluciones/index.php?dir= HTTP/1.1" 200 13093
186.118.18.207 - - [23/Apr/2022:20:23:50 -0500] "GET /BLA/resoluciones/index.php?dir=RESOLUCIONES+2018%2F HTTP/1.1" 200 261912
201.245.192.253 - - [23/Apr/2022:20:23:07 -0500] "POST /kwsrmcab/Wsrmcab HTTP/1.1" 200 45931
172.22.2.4 - - [23/Apr/2022:20:22:21 -0500] "HEAD /BLA/boletinlegal/ HTTP/1.1" 200 -
186.118.18.207 - - [23/Apr/2022:20:24:19 -0500] "GET /BLA/resoluciones/RESOLUCIONES%202018/1775.pdf HTTP/1.1" 206 1
186.118.18.207 - - [23/Apr/2022:20:24:19 -0500] "GET /BLA/resoluciones/RESOLUCIONES%202018/1775.pdf HTTP/1.1" 206 441010
186.118.18.207 - - [23/Apr/2022:20:24:19 -0500] "GET /BLA/resoluciones/RESOLUCIONES%202018/1775.pdf HTTP/1.1" 200 443618
186.118.18.207 - - [23/Apr/2022:20:24:31 -0500] "GET /BLA/resoluciones/index.php?dir= HTTP/1.1" 200 13093
186.118.18.207 - - [23/Apr/2022:20:24:33 -0500] "GET /BLA/resoluciones/index.php?dir=RESOLUCIONES+2019%2F HTTP/1.1" 200 236225
186.118.18.207 - - [23/Apr/2022:20:24:38 -0500] "GET /BLA/resoluciones/index.php?dir= HTTP/1.1" 200 13093
186.118.18.207 - - [23/Apr/2022:20:24:40 -0500] "GET /BLA/resoluciones/index.php?dir=RESOLUCIONES+2017%2F HTTP/1.1" 200 279005
172.22.2.4 - - [23/Apr/2022:20:23:13 -0500] "GET /BLA/boletinlegal/ HTTP/1.1" 200 53739
207.46.13.188 - - [23/Apr/2022:20:26:22 -0500] "GET / HTTP/1.1" 200 319
216.245.221.92 - - [23/Apr/2022:20:27:52 -0500] "HEAD / HTTP/1.1" 200 -
66.249.65.17 - - [23/Apr/2022:20:29:44 -0500] "-" 408 -
172.22.2.4 - - [23/Apr/2022:20:28:11 -0500] "HEAD /BLA/boletinlegal/ HTTP/1.1" 200 -
172.22.2.4 - - [23/Apr/2022:20:29:01 -0500] "GET /BLA/boletinlegal/ HTTP/1.1" 200 60932
172.22.2.4 - - [23/Apr/2022:20:30:48 -0500] "GET /BLA/boletinlegal/ HTTP/1.1" 200 36811
172.22.2.4 - - [23/Apr/2022:20:30:49 -0500] "GET /BLA/boletinlegal/ HTTP/1.1" 200 36811
216.245.221.92 - - [23/Apr/2022:20:32:52 -0500] "HEAD / HTTP/1.1" 200 -
201.245.192.253 - - [23/Apr/2022:20:32:17 -0500] "POST /kwsrmcab/Wsrmcab HTTP/1.1" 200 44387
186.28.139.248 - - [23/Apr/2022:20:33:52 -0500] "GET /BLA/resoluciones/index.php?dir=RESOLUCIONES+2021%2F HTTP/1.1" 200 327876
201.245.192.253 - - [23/Apr/2022:20:33:05 -0500] "POST /kwsrmcab/Wsrmcab HTTP/1.1" 200 45931
186.84.89.155 - - [23/Apr/2022:20:35:04 -0500] "GET /kwssiamovil/sm/ldap/au?x=U2FsdGVkX1/uiCpYqBRJvPvq0pIezkKSsfZ64imbwwfLL87GM1BJxiW/Ugle7Y0L0Ppcvr2S6sg68Or3E0DLGA==&y=U2FsdGVkX18y3IrDKWgKW8R5BY6ZX1Ebt2X4ISdnqxqlheUQfJCleaB4FmfQ6MY+ HTTP/1.1" 200 30
186.84.89.155 - - [23/Apr/2022:20:35:04 -0500] "GET /kwssiamovil/sm/acme/s?s=U2FsdGVkX19EPKyA3uOoJ76xhnRVBi37a/H1JhUGYkyBgiRRBMnqAN6rQs2xVRhkoESFAqR6JlJ8n3CpijSTvkfcceZXwpr/1UbKXF4WG/A=&u=U2FsdGVkX1/b4F5iHhncczvwes1iPwFbCPfbHYmMmVI=&y=U2FsdGVkX18y3IrDKWgKW8R5BY6ZX1Ebt2X4ISdnqxqlheUQfJCleaB4FmfQ6MY+ HTTP/1.1" 200 97
186.84.89.155 - - [23/Apr/2022:20:35:04 -0500] "GET /kwssiamovil/sm/acme/s?s=U2FsdGVkX1++eaOJko3uZJRVTonDGCvi4mRD4h5sPZEz8V/J/YO61QXJELoyGH9mYmaP4MaVJUqVfTXmVwJ4916m65KhfreFRD3/q1HnScq+2+TrKMv5i53D2UeyXhWgAZ4obAif5hne40g8Ho4cZhSkvNHcPB0MpO7O4lKpXHtHViOolrA1O+q852uUGDNlayFRHzbHCOxKFQkEq2k6vAHLZAOSSPW3oli6oHawusKPIqJf6CA0US0A6qvdKscmbF3MYVyChYbhMVuzYZ/G0ryAsuglw/w0dvHS34whCyPOW8A3muDocL7cX5ofyVXtRXHx0//4iPXk+JrL4/xlL43lu1ZscgjZ71RER0zyloICjFaI3S+GMZIctRJYeQs3HYamdWersaT7LZH+Wa2C7RV7AfaOMGareWEbZULtFRjZth9xauyVegSgoJAfBnAYsSPXtyvaoLEYhIuc7wEEN9L/IhA+wfENd1vkDwe860WPLydjCJxEC6U4vMFaW2GcHbI421/S0nzf9uw8nHVlV2OHi2sfIYJ8JpYk8VD2PGE1USsnsjq2s25jcZzPqNdw6yThmm4ZEPFNhBfv8KuVn80/dfvMwtm2uLoWE5XdqM/9Q2WaM3P+Q+GwXYN1g5z1pMy5cTUXeLS3nxxtl10DHU0drdCwK13LGm5maG73THUPqmVVfr5QnxQZx6Ocyq4z37CWGyzrIwAAZmiiYV7XeGbsmeijONyqki70V8Xh0ARqZZiZQyM//Oiaqdj409rd2cjCd21s7XuLi3JFObb6d7QQluLcBk0WUQPl3YnakAplezoPuJlYbeZy29WZBYEip+NDaSSvdY6P2i6KmtY9T8BxZmPyX7TWFvayu7j7kJuFd5imUX9HKfZnYVATsubh019H2YsfiBwILjQcgb9Pe4h+j9JiOK0NB4PNDpZjlMl4sOqej2AKmRxQVl6NzNmNUc4Rv2Fh1EPAYP3RMFRoZ05jwjiHTG2AwmgasehvSfP4dDU0QIlEuC8eR5QAyvfBvp35Mlr5iO+icOnauNeTJuprlS8cO5ywlSGHpYtaQayx8pdtpptIq5LINXyo4luk8/X358QlcynVj/r78wxtH+CuTrQokEQQvKMVqGTitBH/NeUi6TjiFty9fjqAlPrq5VopnldsZo0Mva87Zv2SD8RWEOXZ4Kwi9/pfvMvilMoiJo7bHQd6IiWNk1yY4HGl34GkgqI7qonT8aKegBJF7TwsUOz2C3fk19Ou+SXY7G+I92yWNVaCSQjWQVZMgNlONwmf2Rry1y5PYan1gu7rUyA2qmEx9tXjHn9c5esl3vlnzVhyXWtYdmWEjzz41Vs8RnxLO8LQQh4BFEXBHyHLoRnosTdAJ19uFAdhXnyNA20=&u=U2FsdGVkX1/b4F5iHhncczvwes1iPwFbCPfbHYmMmVI=&y=U2FsdGVkX18y3IrDKWgKW8R5BY6ZX1Ebt2X4ISdnqxqlheUQfJCleaB4FmfQ6MY+ HTTP/1.1" 200 367
186.84.89.155 - - [23/Apr/2022:20:35:04 -0500] "GET /kwssiamovil/sm/acme/s?s=U2FsdGVkX19XhIP4wrwaiL4Fe3mwYTCpQMloakz11ySj53Q2hEibbvADOocq5RzJgllkMvVjrVFBa4y0SM5RDrWdCZxzkZVPFw2CZmJPWiQVQlXsrrq9vzgO8XNmhwHJ10xhbO8+hr3KASDckMJPjcROIpYyUpJJcl3snNJieoh20gT1MinFJHIXOAsV9FQ9/PCKN2XWrE62uV8Gw/onpwLgmwGuIyjVgqCnwpDGKBj4J7KX3la55F71WoZqX0zRy536xj84/jjn8RDuQo8h0HW2f67KMnSFqsvr6ITmvoo=&u=U2FsdGVkX1/b4F5iHhncczvwes1iPwFbCPfbHYmMmVI=&y=U2FsdGVkX18y3IrDKWgKW8R5BY6ZX1Ebt2X4ISdnqxqlheUQfJCleaB4FmfQ6MY+ HTTP/1.1" 200 176
186.84.89.155 - - [23/Apr/2022:20:35:04 -0500] "GET /kwssiamovil/sm/cjson/pre?f=1&x=U2FsdGVkX1/uiCpYqBRJvPvq0pIezkKSsfZ64imbwwfLL87GM1BJxiW/Ugle7Y0L0Ppcvr2S6sg68Or3E0DLGA== HTTP/1.1" 200 30975
172.22.2.4 - - [23/Apr/2022:20:34:01 -0500] "HEAD /BLA/boletinlegal/ HTTP/1.1" 200 -
207.46.13.64 - - [23/Apr/2022:20:36:29 -0500] "GET / HTTP/1.1" 200 4720
172.22.2.4 - - [23/Apr/2022:20:34:52 -0500] "GET /BLA/boletinlegal/ HTTP/1.1" 200 48513
172.22.2.4 - - [23/Apr/2022:20:34:53 -0500] "GET /BLA/boletinlegal/ HTTP/1.1" 200 48513
172.22.2.4 - - [23/Apr/2022:20:35:34 -0500] "GET /BLA/boletinlegal/ HTTP/1.1" 200 52945
216.245.221.92 - - [23/Apr/2022:20:37:52 -0500] "HEAD / HTTP/1.1" 200 -
186.28.139.248 - - [23/Apr/2022:20:37:58 -0500] "GET /BLA/resoluciones/RESOLUCIONES%202021/3093.pdf HTTP/1.1" 200 727359
207.46.13.196 - - [23/Apr/2022:20:38:59 -0500] "GET /BLA/boletinlegal/Circulares/2010/Circular%2006%20de%208%20de%20septiembre%20de%202010.pdf HTTP/1.1" 304 -
172.22.2.4 - - [23/Apr/2022:20:39:25 -0500] "GET /BLA/boletinlegal/Circulares/2022/CIRCULAR%20No.%2000003%20DEL%2007%20DE%20MARZO%20DEL%202022.pdf HTTP/1.1" 404 1038
172.22.2.4 - - [23/Apr/2022:20:39:31 -0500] "GET /BLA/boletinlegal/Circulares/2021/CIRCULAR%20No.%2000009%20DEL%2001%20DE%20OCTUBRE%20DEL%202021.pdf HTTP/1.1" 200 320793
34.141.218.251 - - [23/Apr/2022:20:39:33 -0500] "GET / HTTP/1.1" 200 319
172.22.2.4 - - [23/Apr/2022:20:39:39 -0500] "GET /BLA/boletinlegal/Circulares/2021/CIRCULAR%20No.%2000007%20DEL%2010%20DE%20AGOSTO%20DEL%202021.pdf HTTP/1.1" 200 266364
