207.46.13.196 - - [23/Apr/2022:06:32:53 -0500] "GET /galeria/carrusel/Carrusel/jquery.thumbnailScroller.js HTTP/1.1" 200 8157
40.77.167.29 - - [23/Apr/2022:06:32:53 -0500] "GET /galeria/carrusel/Carrusel/jquery-ui-1.8.13.custom.min.js HTTP/1.1" 200 10800
216.245.221.92 - - [23/Apr/2022:06:32:54 -0500] "HEAD / HTTP/1.1" 200 -
207.46.13.115 - - [23/Apr/2022:06:32:56 -0500] "GET /galeria/carrusel/Carrusel/jquery.thumbnailScroller.css HTTP/1.1" 200 2066
207.46.13.115 - - [23/Apr/2022:06:32:58 -0500] "GET /galeria/nivo-slider/demo/banner.html HTTP/1.1" 200 5446
201.245.192.253 - - [23/Apr/2022:06:32:10 -0500] "POST /kwsrmcab/Wsrmcab HTTP/1.1" 200 43205
207.46.13.82 - - [23/Apr/2022:06:33:16 -0500] "GET /Publicaciones/2022EE26751.pdf HTTP/1.1" 404 227
201.245.192.253 - - [23/Apr/2022:06:32:59 -0500] "POST /kwsrmcab/Wsrmcab HTTP/1.1" 200 45809
172.22.2.4 - - [23/Apr/2022:06:34:01 -0500] "HEAD /BLA/boletinlegal/ HTTP/1.1" 200 -
172.22.2.4 - - [23/Apr/2022:06:34:51 -0500] "GET /BLA/boletinlegal/ HTTP/1.1" 200 57044
216.245.221.92 - - [23/Apr/2022:06:37:54 -0500] "HEAD / HTTP/1.1" 200 -
34.65.234.0 - - [23/Apr/2022:06:40:11 -0500] "GET /wp-login.php HTTP/1.1" 404 1018
172.22.2.4 - - [23/Apr/2022:06:39:51 -0500] "HEAD /BLA/boletinlegal/ HTTP/1.1" 200 -
172.22.2.4 - - [23/Apr/2022:06:40:41 -0500] "GET /BLA/boletinlegal/ HTTP/1.1" 200 61416
190.158.204.32 - - [23/Apr/2022:06:42:36 -0500] "GET /galeria/galeria/jquery.fancybox.css?v=2.1.5 HTTP/1.1" 200 4895
190.158.204.32 - - [23/Apr/2022:06:42:36 -0500] "GET /BLA/boletinlegal/js/jquery.scrollShow.js HTTP/1.1" 200 4586
190.158.204.32 - - [23/Apr/2022:06:42:37 -0500] "GET /galeria/galeria/jquery.fancybox.js?v=2.1.5 HTTP/1.1" 200 48706
123.183.224.29 - - [23/Apr/2022:06:42:43 -0500] "GET / HTTP/1.1" 200 319
216.245.221.92 - - [23/Apr/2022:06:42:54 -0500] "HEAD / HTTP/1.1" 200 -
201.245.192.253 - - [23/Apr/2022:06:42:10 -0500] "POST /kwsrmcab/Wsrmcab HTTP/1.1" 200 43205
201.245.192.253 - - [23/Apr/2022:06:42:59 -0500] "POST /kwsrmcab/Wsrmcab HTTP/1.1" 200 45809
199.59.150.181 - - [23/Apr/2022:06:47:10 -0500] "GET /documents/10184/2325415/pieza-concurso-buenas-practicas-20-septiembre.jpg HTTP/1.1" 404 1030
172.22.2.4 - - [23/Apr/2022:06:45:41 -0500] "HEAD /BLA/boletinlegal/ HTTP/1.1" 200 -
66.249.65.17 - - [23/Apr/2022:06:47:43 -0500] "-" 408 -
216.245.221.92 - - [23/Apr/2022:06:47:54 -0500] "HEAD / HTTP/1.1" 200 -
172.22.2.4 - - [23/Apr/2022:06:46:31 -0500] "GET /BLA/boletinlegal/ HTTP/1.1" 200 58006
172.22.2.4 - - [23/Apr/2022:06:47:55 -0500] "GET /BLA/boletinlegal/ HTTP/1.1" 200 36811
40.77.190.126 - - [23/Apr/2022:06:48:51 -0500] "GET /galeria/nivo-slider/themes/pascal/pascal.css HTTP/1.1" 200 2258
173.252.107.1 - - [23/Apr/2022:06:50:41 -0500] "GET /distrito-academia-y-sector-privado-plantaron-100-arboles-para-conmemorar-el-dia-de-la-tierra.html HTTP/1.1" 206 1066
173.252.107.120 - - [23/Apr/2022:06:50:41 -0500] "GET /distrito-academia-y-sector-privado-plantaron-100-arboles-para-conmemorar-el-dia-de-la-tierra.html HTTP/1.1" 206 1066
172.22.2.4 - - [23/Apr/2022:06:52:22 -0500] "GET /BLA/boletinlegal/actos.php HTTP/1.1" 200 9559
172.22.2.4 - - [23/Apr/2022:06:52:39 -0500] "GET /BLA/boletinlegal/consulta_actos.php?tipo=autos&no=4216&usuario=&sector=&fecha=2021&resuelve= HTTP/1.1" 200 1099
186.28.117.89 - - [23/Apr/2022:06:52:41 -0500] "GET /BLA/resoluciones/ HTTP/1.1" 200 13093
186.28.117.89 - - [23/Apr/2022:06:52:43 -0500] "GET /BLA/resoluciones/index.php?dir=AUTOS+2021%2F HTTP/1.1" 200 365916
186.28.117.89 - - [23/Apr/2022:06:52:50 -0500] "GET /BLA/resoluciones/AUTOS%202021/4216.pdf HTTP/1.1" 200 392168
216.245.221.92 - - [23/Apr/2022:06:52:54 -0500] "HEAD / HTTP/1.1" 200 -
172.22.2.4 - - [23/Apr/2022:06:52:20 -0500] "GET /BLA/boletinlegal/ HTTP/1.1" 200 24523
172.22.2.4 - - [23/Apr/2022:06:53:06 -0500] "GET /BLA/boletinlegal/jurisprudencia/analisis/analisis%20C-595-2010.doc HTTP/1.1" 200 39424
172.22.2.4 - - [23/Apr/2022:06:51:31 -0500] "HEAD /BLA/boletinlegal/ HTTP/1.1" 200 -
172.22.2.4 - - [23/Apr/2022:06:53:13 -0500] "GET /BLA/boletinlegal/jurisprudencia/analisis/analisis%20C-595-2010.doc HTTP/1.1" 304 -
172.22.2.4 - - [23/Apr/2022:06:53:43 -0500] "GET /BLA/boletinlegal/jurisprudencia/analisis/analisis%20C-595-2010.doc HTTP/1.1" 304 -
173.252.107.11 - - [23/Apr/2022:06:53:59 -0500] "GET /images/actividades-dia-tierra-22-abril.jpg HTTP/1.1" 200 77276
173.252.107.8 - - [23/Apr/2022:06:54:00 -0500] "GET /distrito-academia-y-sector-privado-plantaron-100-arboles-para-conmemorar-el-dia-de-la-tierra.html HTTP/1.1" 206 1066
172.22.2.4 - - [23/Apr/2022:06:52:21 -0500] "GET /BLA/boletinlegal/ HTTP/1.1" 200 57044
173.252.107.119 - - [23/Apr/2022:06:54:03 -0500] "GET /distrito-academia-y-sector-privado-plantaron-100-arboles-para-conmemorar-el-dia-de-la-tierra.html HTTP/1.1" 206 1066
172.22.2.4 - - [23/Apr/2022:06:54:44 -0500] "GET /BLA/boletinlegal/jurisprudencia/analisis/analisis%20C-595-2010.doc HTTP/1.1" 304 -
172.22.2.4 - - [23/Apr/2022:06:55:05 -0500] "GET /BLA/boletinlegal/jurisprudencia/analisis/analisis%20C-595-2010.doc HTTP/1.1" 304 -
186.102.34.254 - - [23/Apr/2022:06:55:06 -0500] "GET /distrito-academia-y-sector-privado-plantaron-100-arboles-para-conmemorar-el-dia-de-la-tierra.html HTTP/1.1" 200 1066
216.245.221.92 - - [23/Apr/2022:06:57:54 -0500] "HEAD / HTTP/1.1" 200 -
172.22.2.4 - - [23/Apr/2022:06:57:21 -0500] "HEAD /BLA/boletinlegal/ HTTP/1.1" 200 -
172.22.2.4 - - [23/Apr/2022:06:58:22 -0500] "GET /BLA/boletinlegal/ HTTP/1.1" 200 24523
172.22.2.4 - - [23/Apr/2022:06:58:11 -0500] "GET /BLA/boletinlegal/ HTTP/1.1" 200 57542
199.16.157.180 - - [23/Apr/2022:07:01:37 -0500] "GET /documents/10184/2325415/pieza-concurso-buenas-practicas-20-septiembre.jpg HTTP/1.1" 404 1030
66.249.65.13 - - [23/Apr/2022:07:01:46 -0500] "-" 408 -
216.245.221.92 - - [23/Apr/2022:07:02:54 -0500] "HEAD / HTTP/1.1" 200 -
45.155.204.146 - - [23/Apr/2022:07:03:16 -0500] "GET /?XDEBUG_SESSION_START=phpstorm HTTP/1.1" 200 319
172.22.2.4 - - [23/Apr/2022:07:03:11 -0500] "HEAD /BLA/boletinlegal/ HTTP/1.1" 200 -
172.22.2.4 - - [23/Apr/2022:07:04:01 -0500] "GET /BLA/boletinlegal/ HTTP/1.1" 200 59170
216.245.221.92 - - [23/Apr/2022:07:07:54 -0500] "HEAD / HTTP/1.1" 200 -
69.171.249.3 - - [23/Apr/2022:07:08:08 -0500] "GET /se-abre-convocatoria-a-organizaciones-ambientales-para-generar-1-070-empleos-verdes-dirigidos-a-mujeres.html HTTP/1.1" 206 1128
172.22.2.4 - - [23/Apr/2022:07:07:42 -0500] "GET /BLA/boletinlegal/ HTTP/1.1" 200 20427
200.118.60.197 - - [23/Apr/2022:07:08:11 -0500] "GET /se-abre-convocatoria-a-organizaciones-ambientales-para-generar-1-070-empleos-verdes-dirigidos-a-mujeres.html HTTP/1.1" 200 1128
172.22.2.4 - - [23/Apr/2022:07:07:42 -0500] "GET /BLA/boletinlegal/ HTTP/1.1" 200 32715
191.156.150.125 - - [23/Apr/2022:07:09:38 -0500] "GET /distrito-academia-y-sector-privado-plantaron-100-arboles-para-conmemorar-el-dia-de-la-tierra.html?fbclid=IwAR0lZKwteHAijU2f9foFNP-pTFQ84gGWESwlf5atQAuzFKpYTDn89Bi54Uo HTTP/1.1" 200 1066
173.252.107.3 - - [23/Apr/2022:07:09:58 -0500] "GET /images/Bolsaroja.jpeg HTTP/1.1" 200 63719
172.22.2.4 - - [23/Apr/2022:07:09:01 -0500] "HEAD /BLA/boletinlegal/ HTTP/1.1" 200 -
172.22.2.4 - - [23/Apr/2022:07:09:51 -0500] "GET /BLA/boletinlegal/ HTTP/1.1" 200 59170
216.245.221.92 - - [23/Apr/2022:07:12:54 -0500] "HEAD / HTTP/1.1" 200 -
207.46.13.196 - - [23/Apr/2022:07:11:37 -0500] "GET /BLA/boletinlegal/index.php HTTP/1.1" 200 63729
34.91.173.91 - - [23/Apr/2022:07:16:04 -0500] "GET / HTTP/1.1" 200 319
172.22.2.4 - - [23/Apr/2022:07:14:51 -0500] "HEAD /BLA/boletinlegal/ HTTP/1.1" 200 -
172.22.2.4 - - [23/Apr/2022:07:15:41 -0500] "GET /BLA/boletinlegal/ HTTP/1.1" 200 58588
216.245.221.92 - - [23/Apr/2022:07:17:54 -0500] "HEAD / HTTP/1.1" 200 -
172.22.2.4 - - [23/Apr/2022:07:20:41 -0500] "HEAD /BLA/boletinlegal/ HTTP/1.1" 200 -
207.46.13.148 - - [23/Apr/2022:07:22:29 -0500] "GET /en-esta-navidad-bogota-esta-mejorando-con-mas-espacios-verdes-para-el-disfrute-de-la-ciudadania.html HTTP/1.1" 200 1114
216.245.221.92 - - [23/Apr/2022:07:22:54 -0500] "HEAD / HTTP/1.1" 200 -
201.245.192.253 - - [23/Apr/2022:07:22:10 -0500] "POST /kwsrmcab/Wsrmcab HTTP/1.1" 200 43073
172.22.2.4 - - [23/Apr/2022:07:21:31 -0500] "GET /BLA/boletinlegal/ HTTP/1.1" 200 53739
65.154.226.220 - - [23/Apr/2022:07:23:22 -0500] "GET /BLA/boletinlegal/js/jquery.scrollShow.js HTTP/1.1" 200 4586
65.154.226.220 - - [23/Apr/2022:07:23:26 -0500] "GET /galeria/galeria/jquery.fancybox.js?v=2.1.5 HTTP/1.1" 200 48706
201.245.192.253 - - [23/Apr/2022:07:23:00 -0500] "POST /kwsrmcab/Wsrmcab HTTP/1.1" 200 45819
172.22.2.4 - - [23/Apr/2022:07:23:53 -0500] "GET /BLA/boletinlegal/Circulares/2012/Circular%20No.%204%20del%2019%20de%20abril%20de%202012.pdf HTTP/1.1" 304 -
207.46.13.235 - - [23/Apr/2022:07:25:01 -0500] "-" 408 -
173.252.87.22 - - [23/Apr/2022:07:25:38 -0500] "GET /dia-internacional-de-la-tierra-cambio-de-habitos-para-su-proteccion-y-conservacion.html?fbclid=IwAR0xhfr1LfdB5qh_S_2B4ePAIy_SHxjfQ0X5D0nrQWQ5Jh3Q0LEY1y7Q8Sk HTTP/1.1" 200 1014
199.59.150.181 - - [23/Apr/2022:07:27:23 -0500] "GET /documents/10184/2325415/pieza-concurso-buenas-practicas-20-septiembre.jpg HTTP/1.1" 404 1030
216.245.221.92 - - [23/Apr/2022:07:27:54 -0500] "HEAD / HTTP/1.1" 200 -
172.22.2.4 - - [23/Apr/2022:07:26:31 -0500] "HEAD /BLA/boletinlegal/ HTTP/1.1" 200 -
207.46.13.194 - - [23/Apr/2022:07:28:20 -0500] "GET / HTTP/1.1" 200 319
172.22.2.4 - - [23/Apr/2022:07:27:21 -0500] "GET /BLA/boletinlegal/ HTTP/1.1" 200 61416
173.252.87.23 - - [23/Apr/2022:07:30:38 -0500] "GET /dia-internacional-de-la-tierra-cambio-de-habitos-para-su-proteccion-y-conservacion.html?fbclid=IwAR3LzOCRL1PI_bjzDtvsHnFWJW5rGGyrzaR5m0XgtubFyjKyLnpNcyWh0bQ HTTP/1.1" 200 1014
157.55.39.145 - - [23/Apr/2022:07:31:30 -0500] "GET /bla/resoluciones/resoluciones%202018/2520.pdf HTTP/1.1" 200 367272
173.252.107.13 - - [23/Apr/2022:07:32:45 -0500] "GET /mas-de-70-animales-silvestres-regresaron-a-la-libertad-en-el-humedal-juan-amarillo.html HTTP/1.1" 206 958
173.252.107.16 - - [23/Apr/2022:07:32:45 -0500] "GET /mas-de-70-animales-silvestres-regresaron-a-la-libertad-en-el-humedal-juan-amarillo.html HTTP/1.1" 206 958
216.245.221.92 - - [23/Apr/2022:07:32:54 -0500] "HEAD / HTTP/1.1" 200 -
201.245.192.253 - - [23/Apr/2022:07:32:10 -0500] "POST /kwsrmcab/Wsrmcab HTTP/1.1" 200 43073
69.63.184.120 - - [23/Apr/2022:07:33:29 -0500] "GET /images/Bolsaroja.jpeg HTTP/1.1" 200 63719
69.63.184.118 - - [23/Apr/2022:07:33:42 -0500] "GET /images/operativos-control-residuos-hospitalarios-4-abril.jpeg HTTP/1.1" 200 58998
69.63.189.4 - - [23/Apr/2022:07:33:42 -0500] "GET /images/interpretes-humedales-principal-26-marzo.jpg HTTP/1.1" 200 40211
201.245.192.253 - - [23/Apr/2022:07:33:00 -0500] "POST /kwsrmcab/Wsrmcab HTTP/1.1" 200 45819
172.22.2.4 - - [23/Apr/2022:07:32:21 -0500] "HEAD /BLA/boletinlegal/ HTTP/1.1" 200 -
172.22.2.4 - - [23/Apr/2022:07:33:29 -0500] "GET /BLA/boletinlegal/ HTTP/1.1" 200 62201
216.245.221.92 - - [23/Apr/2022:07:37:54 -0500] "HEAD / HTTP/1.1" 200 -
172.22.2.4 - - [23/Apr/2022:07:36:41 -0500] "GET /BLA/boletinlegal/ HTTP/1.1" 200 62201
172.22.2.4 - - [23/Apr/2022:07:38:11 -0500] "HEAD /BLA/boletinlegal/ HTTP/1.1" 200 -
172.22.2.4 - - [23/Apr/2022:07:39:01 -0500] "GET /BLA/boletinlegal/ HTTP/1.1" 200 59170
45.155.204.146 - - [23/Apr/2022:07:42:30 -0500] "GET /console/ HTTP/1.1" 404 1018
191.156.177.109 - - [23/Apr/2022:07:42:32 -0500] "GET /distrito-academia-y-sector-privado-plantaron-100-arboles-para-conmemorar-el-dia-de-la-tierra.html?fbclid=IwAR2G9KiLwyz2fFtfQxyYKNihtQM2MyidV2vSHZ2BkDS-T30E0I4C8ozLJTw HTTP/1.1" 200 1066
66.249.65.15 - - [23/Apr/2022:07:42:34 -0500] "-" 408 -
216.245.221.92 - - [23/Apr/2022:07:42:54 -0500] "HEAD / HTTP/1.1" 200 -
201.245.192.253 - - [23/Apr/2022:07:42:10 -0500] "POST /kwsrmcab/Wsrmcab HTTP/1.1" 200 43073
201.245.192.253 - - [23/Apr/2022:07:43:01 -0500] "POST /kwsrmcab/Wsrmcab HTTP/1.1" 200 45819
186.84.91.33 - - [23/Apr/2022:07:43:50 -0500] "GET /BLA/resoluciones/AUTOS%202015/3031.pdf HTTP/1.1" 200 704934
172.22.2.4 - - [23/Apr/2022:07:44:01 -0500] "HEAD /BLA/boletinlegal/ HTTP/1.1" 200 -
172.22.2.4 - - [23/Apr/2022:07:44:51 -0500] "GET /BLA/boletinlegal/ HTTP/1.1" 200 59170
172.22.2.4 - - [23/Apr/2022:07:46:43 -0500] "GET /BLA/boletinlegal/actas/079-2013.pdf HTTP/1.1" 200 1500109
216.245.221.92 - - [23/Apr/2022:07:47:54 -0500] "HEAD / HTTP/1.1" 200 -
172.22.2.4 - - [23/Apr/2022:07:49:51 -0500] "HEAD /BLA/boletinlegal/ HTTP/1.1" 200 -
172.22.2.4 - - [23/Apr/2022:07:50:41 -0500] "GET /BLA/boletinlegal/ HTTP/1.1" 200 59170
199.16.157.180 - - [23/Apr/2022:07:52:53 -0500] "GET /documents/10184/2325415/pieza-concurso-buenas-practicas-20-septiembre.jpg HTTP/1.1" 404 1030
216.245.221.92 - - [23/Apr/2022:07:52:54 -0500] "HEAD / HTTP/1.1" 200 -
20.24.218.150 - - [23/Apr/2022:07:53:37 -0500] "GET /.env HTTP/1.1" 404 1018
20.24.218.150 - - [23/Apr/2022:07:53:37 -0500] "GET /wp-content/ HTTP/1.1" 404 1018
66.249.65.13 - - [23/Apr/2022:07:55:00 -0500] "-" 408 -
172.22.2.4 - - [23/Apr/2022:07:55:41 -0500] "HEAD /BLA/boletinlegal/ HTTP/1.1" 200 -
130.162.169.44 - - [23/Apr/2022:07:57:35 -0500] "GET /.env HTTP/1.1" 404 1018
130.162.169.44 - - [23/Apr/2022:07:57:36 -0500] "GET /_profiler/phpinfo HTTP/1.1" 404 1018
130.162.169.44 - - [23/Apr/2022:07:57:37 -0500] "GET /phpinfo HTTP/1.1" 404 1018
130.162.169.44 - - [23/Apr/2022:07:57:37 -0500] "GET /phpinfo.php HTTP/1.1" 404 1018
130.162.169.44 - - [23/Apr/2022:07:57:38 -0500] "GET /config HTTP/1.1" 404 1018
130.162.169.44 - - [23/Apr/2022:07:57:38 -0500] "GET /config.json HTTP/1.1" 404 1018
130.162.169.44 - - [23/Apr/2022:07:57:39 -0500] "GET /settings.json HTTP/1.1" 404 1018
130.162.169.44 - - [23/Apr/2022:07:57:40 -0500] "GET /php.ini HTTP/1.1" 404 1018
130.162.169.44 - - [23/Apr/2022:07:57:40 -0500] "GET /info.php HTTP/1.1" 404 1018
130.162.169.44 - - [23/Apr/2022:07:57:40 -0500] "GET / HTTP/1.1" 200 319
130.162.169.44 - - [23/Apr/2022:07:57:52 -0500] "GET /export.env HTTP/1.1" 404 1018
216.245.221.92 - - [23/Apr/2022:07:57:54 -0500] "HEAD / HTTP/1.1" 200 -
172.22.2.4 - - [23/Apr/2022:07:56:31 -0500] "GET /BLA/boletinlegal/ HTTP/1.1" 200 58588
190.60.254.242 - - [23/Apr/2022:07:58:12 -0500] "GET /distrito-academia-y-sector-privado-plantaron-100-arboles-para-conmemorar-el-dia-de-la-tierra.html HTTP/1.1" 200 1066
173.252.107.21 - - [23/Apr/2022:08:02:38 -0500] "GET /ojo-a-los-arboles-en-riesgo.html HTTP/1.1" 206 791
216.245.221.92 - - [23/Apr/2022:08:02:54 -0500] "HEAD / HTTP/1.1" 200 -
172.22.2.4 - - [23/Apr/2022:08:01:31 -0500] "HEAD /BLA/boletinlegal/ HTTP/1.1" 200 -
172.22.2.4 - - [23/Apr/2022:08:02:21 -0500] "GET /BLA/boletinlegal/ HTTP/1.1" 200 57542
173.252.107.7 - - [23/Apr/2022:08:06:41 -0500] "GET /images/feria-servicios-tramites-puente-aranda-21-abril.jpg HTTP/1.1" 200 28255
216.245.221.92 - - [23/Apr/2022:08:07:54 -0500] "HEAD / HTTP/1.1" 200 -
186.155.15.188 - - [23/Apr/2022:08:07:58 -0500] "GET /documents/10184/2325415/pieza-concurso-buenas-practicas-20-septiembre.jpg HTTP/1.1" 404 1030
186.30.150.51 - - [23/Apr/2022:08:08:02 -0500] "GET /distrito-academia-y-sector-privado-plantaron-100-arboles-para-conmemorar-el-dia-de-la-tierra.html HTTP/1.1" 200 1066
199.59.150.180 - - [23/Apr/2022:08:08:27 -0500] "GET /documents/10184/2325415/pieza-concurso-buenas-practicas-20-septiembre.jpg HTTP/1.1" 404 1030
172.22.2.4 - - [23/Apr/2022:08:07:21 -0500] "HEAD /BLA/boletinlegal/ HTTP/1.1" 200 -
172.22.2.4 - - [23/Apr/2022:08:08:11 -0500] "GET /BLA/boletinlegal/ HTTP/1.1" 200 58588
207.46.13.196 - - [23/Apr/2022:08:09:45 -0500] "GET /BLA/boletinlegal/index.php HTTP/1.1" 200 63342
216.245.221.92 - - [23/Apr/2022:08:12:54 -0500] "HEAD / HTTP/1.1" 200 -
172.22.2.4 - - [23/Apr/2022:08:13:11 -0500] "HEAD /BLA/boletinlegal/ HTTP/1.1" 200 -
172.22.2.4 - - [23/Apr/2022:08:14:01 -0500] "GET /BLA/boletinlegal/ HTTP/1.1" 200 61416
216.245.221.92 - - [23/Apr/2022:08:17:54 -0500] "HEAD / HTTP/1.1" 200 -
198.235.24.28 - - [23/Apr/2022:08:18:39 -0500] "GET / HTTP/1.1" 200 4720
172.22.2.4 - - [23/Apr/2022:08:19:01 -0500] "HEAD /BLA/boletinlegal/ HTTP/1.1" 200 -
172.22.2.4 - - [23/Apr/2022:08:21:23 -0500] "GET /BLA/boletinlegal/actos.php HTTP/1.1" 200 9559
172.22.2.4 - - [23/Apr/2022:08:21:23 -0500] "GET /BLA/boletinlegal/js/ajax_actos.js HTTP/1.1" 200 1322
172.22.2.4 - - [23/Apr/2022:08:21:23 -0500] "GET /BLA/boletinlegal/styles2.css HTTP/1.1" 200 1838
172.22.2.4 - - [23/Apr/2022:08:21:23 -0500] "GET /BLA/boletinlegal/style.css HTTP/1.1" 200 9406
172.22.2.4 - - [23/Apr/2022:08:21:23 -0500] "GET /BLA/boletinlegal/niceforms-default.css HTTP/1.1" 200 6694
172.22.2.4 - - [23/Apr/2022:08:21:23 -0500] "GET /BLA/boletinlegal/js/popup.js HTTP/1.1" 200 1270
172.22.2.4 - - [23/Apr/2022:08:21:23 -0500] "GET /BLA/boletinlegal/js/jquery1.js HTTP/1.1" 200 29846
172.22.2.4 - - [23/Apr/2022:08:21:23 -0500] "GET /BLA/boletinlegal/niceforms.js HTTP/1.1" 200 22876
172.22.2.4 - - [23/Apr/2022:08:21:23 -0500] "GET /BLA/boletinlegal/js/lib.js HTTP/1.1" 200 6474
172.22.2.4 - - [23/Apr/2022:08:21:23 -0500] "GET /BLA/boletinlegal/images/cabezote%20BLEGAL.jpg HTTP/1.1" 200 118164
172.22.2.4 - - [23/Apr/2022:08:21:23 -0500] "GET /BLA/boletinlegal/images/subscribe-icon-big.png HTTP/1.1" 200 47702
172.22.2.4 - - [23/Apr/2022:08:21:23 -0500] "GET /BLA/boletinlegal/images/historia.png HTTP/1.1" 200 52775
172.22.2.4 - - [23/Apr/2022:08:21:23 -0500] "GET /BLA/boletinlegal/images/green-yellow-blue-pink-th.png HTTP/1.1" 200 7394
172.22.2.4 - - [23/Apr/2022:08:21:23 -0500] "GET /BLA/boletinlegal/images/registro-usuarios.png HTTP/1.1" 200 8106
172.22.2.4 - - [23/Apr/2022:08:21:23 -0500] "GET /BLA/boletinlegal/images/abajo.png HTTP/1.1" 200 96676
172.22.2.4 - - [23/Apr/2022:08:21:23 -0500] "GET /BLA/boletinlegal/images/hover.jpg HTTP/1.1" 200 640
172.22.2.4 - - [23/Apr/2022:08:21:23 -0500] "GET /BLA/boletinlegal/images/menu_bg.jpg HTTP/1.1" 200 620
172.22.2.4 - - [23/Apr/2022:08:21:23 -0500] "GET /BLA/boletinlegal/images/bg_top.jpg HTTP/1.1" 200 522
172.22.2.4 - - [23/Apr/2022:08:21:23 -0500] "GET /BLA/boletinlegal/images/body_bg.jpg HTTP/1.1" 200 1601
172.22.2.4 - - [23/Apr/2022:08:21:23 -0500] "GET /BLA/boletinlegal/images/footer_bg.jpg HTTP/1.1" 200 586
172.22.2.4 - - [23/Apr/2022:08:21:23 -0500] "GET /BLA/boletinlegal/images/menu_lft.gif HTTP/1.1" 200 1713
172.22.2.4 - - [23/Apr/2022:08:21:23 -0500] "GET /BLA/boletinlegal/images/text.jpg HTTP/1.1" 200 568
172.22.2.4 - - [23/Apr/2022:08:21:23 -0500] "GET /BLA/boletinlegal/images/menu_rght.gif HTTP/1.1" 200 1627
172.22.2.4 - - [23/Apr/2022:08:21:23 -0500] "GET /BLA/boletinlegal/images/icono-email.png HTTP/1.1" 200 5544
172.22.2.4 - - [23/Apr/2022:08:21:23 -0500] "GET /BLA/boletinlegal/images/footer_bg_l.jpg HTTP/1.1" 200 776
172.22.2.4 - - [23/Apr/2022:08:21:23 -0500] "GET /BLA/boletinlegal/images/tel.png HTTP/1.1" 200 14477
172.22.2.4 - - [23/Apr/2022:08:21:24 -0500] "GET /BLA/boletinlegal/img/0.png HTTP/1.1" 200 110
172.22.2.4 - - [23/Apr/2022:08:21:24 -0500] "GET /BLA/boletinlegal/img/select-left.png HTTP/1.1" 200 263
172.22.2.4 - - [23/Apr/2022:08:21:24 -0500] "GET /BLA/boletinlegal/img/select-right.png HTTP/1.1" 200 44019
172.22.2.4 - - [23/Apr/2022:08:21:24 -0500] "GET /BLA/boletinlegal/img/button-left.png HTTP/1.1" 200 57071
172.22.2.4 - - [23/Apr/2022:08:21:24 -0500] "GET /BLA/boletinlegal/img/button.png HTTP/1.1" 200 43241
172.22.2.4 - - [23/Apr/2022:08:21:24 -0500] "GET /BLA/boletinlegal/img/button-right.png HTTP/1.1" 200 57878
172.22.2.4 - - [23/Apr/2022:08:21:24 -0500] "GET /BLA/boletinlegal/favicon.ico HTTP/1.1" 404 1230
172.22.2.4 - - [23/Apr/2022:08:19:51 -0500] "GET /BLA/boletinlegal/ HTTP/1.1" 200 58588
69.63.189.116 - - [23/Apr/2022:08:21:32 -0500] "GET /images/feria-servicios-tramites-puente-aranda-21-abril.jpg HTTP/1.1" 200 28255
172.22.2.4 - - [23/Apr/2022:08:21:50 -0500] "GET /BLA/boletinlegal/consulta_actos.php?tipo=resoluciones&no=1656&usuario=&sector=&fecha=2019&resuelve= HTTP/1.1" 200 1151
172.22.2.4 - - [23/Apr/2022:08:21:50 -0500] "GET /BLA/boletinlegal/images/pdf.gif HTTP/1.1" 200 567
186.28.98.54 - - [23/Apr/2022:08:21:52 -0500] "GET /BLA/resoluciones/RESOLUCIONES%202019/1656.pdf HTTP/1.1" 200 889681
186.28.98.54 - - [23/Apr/2022:08:21:52 -0500] "GET /favicon.ico HTTP/1.1" 200 7782
186.102.1.164 - - [23/Apr/2022:08:22:47 -0500] "GET /kwssiamovil/sm/ldap/au?x=U2FsdGVkX19ByjRUXXxlcAu9tIE2tKyi+TUA3ZfY6mGJrAJEuFK0xlsivsHMqegy&y=U2FsdGVkX1+mhkP3UynsxOokc2HoTXIRdQv+xhF0nrNQVnIekSEGi8IzZ91jiuAm HTTP/1.1" 200 30
186.102.1.164 - - [23/Apr/2022:08:22:47 -0500] "GET /kwssiamovil/sm/acme/s?s=U2FsdGVkX1/5Xf/JeNE55J0CXVppvQNut+Vz88Gu1bWwXCrVRuc7UJHWHvoGRgVM/K7rtbaImywRggBwaR9vk6xw90Hjp1p5SxqRYS2ip6s=&u=U2FsdGVkX18MOeYx2DtnayiGhlch9TUv+SCubnDAMtcoWIp2TbKoabbTjXIZcJ40&y=U2FsdGVkX1+mhkP3UynsxOokc2HoTXIRdQv+xhF0nrNQVnIekSEGi8IzZ91jiuAm HTTP/1.1" 200 97
186.102.1.164 - - [23/Apr/2022:08:22:48 -0500] "GET /kwssiamovil/sm/acme/s?s=U2FsdGVkX1+VIVrTXGWMB2P/5G3mOAFSMMz+56w2AAdZqcyUKKyWCanFHdn67GDKJqas3o47SkLB0IVwhTdc26AvtaCASzTHrTXY5BFT/JTCNc2YpeQpwIn5iA6MBaYu4Dqq79h4GHN+xLjHg7W9dBPR/uQyFGkoB/zbP3yKUnqx5pgdna4rEDDW2068Ni6QQfvC50x5KQBUh4jWuw2DVx+LU0ig73EddRlQpsER+n2if46KemlvHhq0VEkbcW2C5HkbFSjJffjG0t3IDSn1TyXgO/o8sVKYAjt/LY5BSHA5oQfJRpYM49HTHCuRba90hGn7uzStWrvRW+JZWIAn31Enf/X95U79pEAh+RgzeBFMJV7U+HgciLkD/NjgacehNXzs6GnzcBoKpDyHa8K6TqHpPmJNodrGE0yarCIZI0ryuj6cG3J5Up3Wso1wAH0QJ5DHNFdGhgwutiRnbW38tfescufuWyU+2wHa+odJYhI8PJ7gu8NtwHI4oLNjBQMWVxtqy250+OdyaYxeDhJh/qkzSxl5lWfpzvDMnjM6DP2j0vTNuvRaNi4j6Mk8ZBT1houJymjukIp9Gx3RDZjblBOm6O58LBvDubT0OwCgkM+P3MwQlvm+r7mBhBb8+V/6Pek5+r190Sjor3J/2j1/BaNuYbXTWBRXnDRHQMDdw4LsjCFPyPtL7xCRv2pFkt+KDEaHBH3OcV0l9h+/QNBxaAJwFx1BUAJhmgBXr5TLYemjs2Fi0O1mzWGSotM+lv8semjf99lpt1ZdoSINPZFyb+DUwnghX62SQsgp+PeItx7UCMnhLcAoFC627gTqlddRa1wkzddosfscLLOrq8LJ5uytbM9swLfhuzfnqlsEYYjuCc9H/98xKWb+uhWsRxHYRnAWwZgZLWKl/37JZfUPgvEWz9gNbjROA7SyJT2Y05AF0p9w1Xmi0CwrG4kyO3DWKUd/2Su2XFTZWDBK2Q9AOPczYYg4EZ6OsYw4a7YPpGkxtdOMiMJjzwxXYfkyiVBmyKkzVj+mPlat2P/9y6M842Kx4IUEGYNxK1L9u5e4pIlNyCQhVM6N10kQDYwnVM5GBwtHePCgKvT5GJzb7L8TJXoOEkxbDBps02xq5yH8fjbOlwvOrafQ/G1456DUZbkgRZ5SsWJVyountoee8owLV2FdNABR+8yX43vXe1KijzVaLv/C3TemtWQMSA+wtZoRQ/EeR/kX2HZQVfFCjnbCE77p/He1lV4T333iv4t744Svwrnf81ebq0C88f18YntS6vKTbPXqC6gtWnKvvGXNfRzSYYw3JlzjzPILyGHKj/Ts35XFDVTFWfuxYCyjG86wGnGakh+Bttxm2ozT8ksmXLSG+Vw/bFV0X+Miesljk+g=&u=U2FsdGVkX18MOeYx2DtnayiGhlch9TUv+SCubnDAMtcoWIp2TbKoabbTjXIZcJ40&y=U2FsdGVkX1+mhkP3UynsxOokc2HoTXIRdQv+xhF0nrNQVnIekSEGi8IzZ91jiuAm HTTP/1.1" 200 420
186.102.1.164 - - [23/Apr/2022:08:22:48 -0500] "GET /kwssiamovil/sm/acme/s?s=U2FsdGVkX1/PxQxpJCd2YtW5RlpslzTpc26s+uQ1a7o9KXElu/9frGxu3mvOV9xaZ4qa55bXQDJxftf6IJ12aAroOLcF4211sBCzg/R3AVFj0nynUCxAmqDp9Ka1oZ5zv84kkwg3CzZCUzJzLUGHZbhS4zyA7ogwS+I8B6DXcjEW3vXTIYvMfHt1kC1nAWMsgErSMLZaN1sqfKicj3O1+9g+t09E8wq4GZ0zz+QowsYoNQ1skAXp4uNtamZl5fxiilxvc/uVoQwtIDFabPz22uFXB2cFwX2ue1Oq/KO3tuk=&u=U2FsdGVkX18MOeYx2DtnayiGhlch9TUv+SCubnDAMtcoWIp2TbKoabbTjXIZcJ40&y=U2FsdGVkX1+mhkP3UynsxOokc2HoTXIRdQv+xhF0nrNQVnIekSEGi8IzZ91jiuAm HTTP/1.1" 200 176
186.102.1.164 - - [23/Apr/2022:08:22:48 -0500] "GET /kwssiamovil/sm/cjson/pre?f=1&x=U2FsdGVkX19ByjRUXXxlcAu9tIE2tKyi+TUA3ZfY6mGJrAJEuFK0xlsivsHMqegy HTTP/1.1" 200 30975
128.14.133.58 - - [23/Apr/2022:08:22:49 -0500] "GET / HTTP/1.1" 200 319
216.245.221.92 - - [23/Apr/2022:08:22:54 -0500] "HEAD / HTTP/1.1" 200 -
201.245.192.253 - - [23/Apr/2022:08:22:09 -0500] "POST /kwsrmcab/Wsrmcab HTTP/1.1" 200 43227
201.245.192.253 - - [23/Apr/2022:08:23:01 -0500] "POST /kwsrmcab/Wsrmcab HTTP/1.1" 200 45809
66.249.65.15 - - [23/Apr/2022:08:24:54 -0500] "-" 408 -
186.80.52.35 - - [23/Apr/2022:08:25:09 -0500] "GET /sipse/faces/presentacion/proyectos/proyecto/proyecto.xhtml HTTP/1.1" 302 -
186.80.52.35 - - [23/Apr/2022:08:25:09 -0500] "GET /sipse/faces/autenticacion.xhtml HTTP/1.1" 200 12171
186.80.52.35 - - [23/Apr/2022:08:25:10 -0500] "GET /sipse/js/disable_browser_buttons.js HTTP/1.1" 304 -
186.80.52.35 - - [23/Apr/2022:08:25:10 -0500] "GET /sipse/js/funciones.js HTTP/1.1" 304 -
186.80.52.35 - - [23/Apr/2022:08:25:10 -0500] "GET /sipse/css/custom_css_sg.css HTTP/1.1" 304 -
186.80.52.35 - - [23/Apr/2022:08:25:10 -0500] "GET /sipse/css/custom_css_sg_prime_login.css HTTP/1.1" 304 -
186.80.52.35 - - [23/Apr/2022:08:25:10 -0500] "GET /sipse/faces/javax.faces.resource/primefaces.css?ln=primefaces&v=4.0 HTTP/1.1" 304 -
186.80.52.35 - - [23/Apr/2022:08:25:10 -0500] "GET /sipse/faces/javax.faces.resource/theme.css?ln=primefaces-sipse HTTP/1.1" 304 -
186.80.52.35 - - [23/Apr/2022:08:25:10 -0500] "GET /sipse/faces/javax.faces.resource/jquery/jquery.js?ln=primefaces&v=4.0 HTTP/1.1" 304 -
186.80.52.35 - - [23/Apr/2022:08:25:10 -0500] "GET /sipse/faces/javax.faces.resource/layout/layout.css?ln=primefaces&v=4.0 HTTP/1.1" 304 -
186.80.52.35 - - [23/Apr/2022:08:25:10 -0500] "GET /sipse/faces/javax.faces.resource/jquery/jquery-plugins.js?ln=primefaces&v=4.0 HTTP/1.1" 304 -
186.80.52.35 - - [23/Apr/2022:08:25:10 -0500] "GET /sipse/faces/javax.faces.resource/primefaces.js?ln=primefaces&v=4.0 HTTP/1.1" 304 -
186.80.52.35 - - [23/Apr/2022:08:25:10 -0500] "GET /sipse/faces/javax.faces.resource/layout/layout.js?ln=primefaces&v=4.0 HTTP/1.1" 304 -
186.80.52.35 - - [23/Apr/2022:08:25:10 -0500] "GET /sipse/css/imagen/logoSDG.png HTTP/1.1" 304 -
186.80.52.35 - - [23/Apr/2022:08:25:10 -0500] "GET /sipse/css/imagen/loginimg.png HTTP/1.1" 304 -
186.80.52.35 - - [23/Apr/2022:08:25:11 -0500] "GET /sipse/faces/javax.faces.resource/images/ui-icons_898989_256x240.png?ln=primefaces-aristo HTTP/1.1" 304 -
186.80.52.35 - - [23/Apr/2022:08:25:11 -0500] "GET /sipse/faces/index.xhtml HTTP/1.1" 200 677
186.80.52.35 - - [23/Apr/2022:08:25:11 -0500] "GET /sipse/faces/javax.faces.resource/theme.css?ln=primefaces-sipse HTTP/1.1" 304 -
186.80.52.35 - - [23/Apr/2022:08:25:13 -0500] "GET /sipse/faces/faces/autenticacion.xhtml HTTP/1.1" 200 12171
186.80.52.35 - - [23/Apr/2022:08:25:13 -0500] "GET /sipse/faces/javax.faces.resource/theme.css?ln=primefaces-sipse HTTP/1.1" 304 -
186.80.52.35 - - [23/Apr/2022:08:25:13 -0500] "GET /sipse/faces/javax.faces.resource/primefaces.css?ln=primefaces&v=4.0 HTTP/1.1" 304 -
186.80.52.35 - - [23/Apr/2022:08:25:13 -0500] "GET /sipse/faces/javax.faces.resource/jquery/jquery.js?ln=primefaces&v=4.0 HTTP/1.1" 304 -
186.80.52.35 - - [23/Apr/2022:08:25:13 -0500] "GET /sipse/faces/javax.faces.resource/layout/layout.css?ln=primefaces&v=4.0 HTTP/1.1" 304 -
186.80.52.35 - - [23/Apr/2022:08:25:13 -0500] "GET /sipse/faces/javax.faces.resource/jquery/jquery-plugins.js?ln=primefaces&v=4.0 HTTP/1.1" 304 -
186.80.52.35 - - [23/Apr/2022:08:25:13 -0500] "GET /sipse/faces/javax.faces.resource/primefaces.js?ln=primefaces&v=4.0 HTTP/1.1" 304 -
186.80.52.35 - - [23/Apr/2022:08:25:13 -0500] "GET /sipse/faces/javax.faces.resource/layout/layout.js?ln=primefaces&v=4.0 HTTP/1.1" 304 -
172.22.2.4 - - [23/Apr/2022:08:24:51 -0500] "HEAD /BLA/boletinlegal/ HTTP/1.1" 200 -
172.22.2.4 - - [23/Apr/2022:08:25:41 -0500] "GET /BLA/boletinlegal/ HTTP/1.1" 200 55877
216.245.221.92 - - [23/Apr/2022:08:27:54 -0500] "HEAD / HTTP/1.1" 200 -
186.102.1.164 - - [23/Apr/2022:08:29:51 -0500] "GET /kwssiamovil/sm/acme/a?s=U2FsdGVkX18Z/TsSOr5fp+QOLtlTS8N5rp9NGNdxLLh5jfKM4O+v7UM+pBWxPFKwsdx1QMSMbCGNjF1X/dPVNwh4dhWeCHZMgjbJFVr+x8LoUjiDzULtIpofWw/StsXJwBJnJWXBH8jDcJS/c8Q9384WmBGeCDaA0I++19+62oCLvvCDRYKGEQL1bkYeNk8aYVJYnCSD4PuoGCK4R1jXH0QTvusPwry/fjrPLLXAurMn9AAdfRBqL/Ni1fyVCLKisbMN8nb7u7DXtQTq5mplkQ==&u=U2FsdGVkX18MOeYx2DtnayiGhlch9TUv+SCubnDAMtcoWIp2TbKoabbTjXIZcJ40&y=U2FsdGVkX1+mhkP3UynsxOokc2HoTXIRdQv+xhF0nrNQVnIekSEGi8IzZ91jiuAm HTTP/1.1" 200 25
186.102.1.164 - - [23/Apr/2022:08:29:52 -0500] "GET /kwssiamovil/sm/acme/a?s=U2FsdGVkX19AlqAKBrl09eqmIr/SKiVy7m28lGPETH+kx5vbpYJ08J5hCIsVhOn1mZ7qVuv0koV73ieooZc3K7KYrDg9WsNUD1KbYeLCmyyAvsDfP9jHJ99ScQyiomQm7Z1JbuCiCLNLXmRb+4gOeGcrY2hiuC+lIdOPfUatGVW03aJF/D/ZJdwzKzAfzayBBlPY/UTubY3w10EUVIrsJ3jbRxSdcgzf9z08J6n927MUswXlj7ZKqnoY+qBq8mnNNYPJqdfwbNYd6T0pXWWgYRXW6r5QEFMsijdcPO4pYTINJoGTGJqu+jpt89WstYj4CfMdkcXYA/Vwan2E9FgZePBqV3QoARQGBtVX1LvHde8dxtXoU880a5WDO30tiwSKfA6fmN09Wp+1m2nRapJI/3E0ixtixtpemnGoovCgTO5Ubjaoiuag7I1YTPCwji0n1207px8+u8ttXnCJScmW5ldBXSbcePF2mRB3jJe/2W+mldSvI94ZjJKbgrRjY3uMVoiW0aXrEaDkzcKZ5A4IOEVvlTeK8gGf8QG3i9bRiB3qNNiq8IqncIUy3B7rip788GX4BawB3b2r76/nw6lOCKERxyLveHYY/sYt+dRk1ZuhLGkNi1P0QUG7/WmpUybJtMx7LJeIHZBbJFDC0O2Me3PDwAIBmSq3iCYu3L3q2MykeW1qQWLZPdqv1G4xbuOSMB4YsEEZYY6xetfgOc/fuv0iKoTez0FM/QnLGyZoHyW8D7xTSkZ8khX5QdQwFkfjaYRCvefDJ1tHu6hVXVq3Vi0vzC5aeaW5G87PgfqCo4q5ElbMTJvoCCraasRl/unBsiguusF8fHPMWR5L1vYTWMGb6+Ha/9VphZgllClf+6fdMnrRegv8RZrijgCuE3rb4vXJwJms3opedmLTbxLoxxHzVCj2cLMSIG1ODycTJhkm3JXzLfyblS1uaeZgESRtGfeiy8FxGyUTLGXWJIOJ0W2HJvp34LqvIcVMBw9cT62H4mTgJnw9pnwYOTpETWfH4EyKIK5Is1OCj7CyCZL/sIUCrIHSmvse/WVIQn1VUA702Y9gsaIo7Qe3xwud2CbxQW90byKhhsxBh5jBr4//Aafr7A33QfXIi/swMXVkieu10juOVRNzMnzmB6ET2rwsq2+l7NdSDLfHfMogvoj9dKcf5yeyHcjmsBgoXNTbyCUoiKptIMbLjIDAQEOt1H34zZZEX5ucNbIL3zBOuNEno+7I/RGQykKrP70RXwQvmd8wnlSBXPGqAyiBj7xPr9aPyqfGk7WLBiWh8HCkBNaUXq6208QWbpLxpCj7BuDp30lR3KCNx6RZSRNDxaWH9YvHiy+oadNjYQI51D5w42QALwfnUDuA6Io7XCV7Eh5+e1kTuz4LJ+1JNbaciwnt5b50wFSSwa3XaNsVyPFbrfIaMihUhJWWCjm1wCiijza8mGwQHi5RAYla4ozn9XcMegL+aq2YWV76RWOlpM1sBWNVlQSyciotYYYN1FmKdVSZ98cFIP9bxnFBhTzreplWz7CWL01SWPq4YE8IFsdnAkLSOLDWZeb6QAWdsKYNxW6YH6Z1Dngot2EjZHjY4gzURUUSwa1qWWo+6LYli2noAOKVWSJ0R9wBg0BwENnCcWqQy8k074WVXUovFlHKSQl/CI98daIsDVRgj79hJvTyeeDdVibwBNPrZpa2RIar1VV5dW/rnYRFiQ3GGSYIbVzxhHt54JOODpfdzio3veX1hf1EkAwZw+1eF9/pLAuRk9uUGmBh2q9H3oEyhuj8TjbdFYfMJEbbMez4xxUeRAN1kmt4N0DU7zLXCHhWS4xHffeOvvBn/0/ZUhzuJY0fVRmYYGG1+XWp1LxMlKsReo5o+G4NpcKDUzSFrpaI9YCV4Xm4GEg3hPQzk17DJn7qQESa9wsBRcVpcORepCzZykGSXyCEeLD16gIbEv2oStA1uGlwKe2JgahvQCDRApjGpbBCN/+bLl/Ea3Ehwq+2bmRo3UV6MZH5/v4y3ShTwYaQRpEJtAUIgj3PFyWeWEgb/u1dUP7IF3ntb210ypSYr9FPRsJ87deAqJc5Xu9nlxGvG6h+aOdrh9qTA/uXd0ce+DLC6QDPyz/E0R1KdczP3BMm3GTOrtTLfyaeW6D0Yd25EIIdIZuiGK0IXnUBm5KnxCw5ueQuy9m3rn2gIKHuLj5LtRrW2h5+9LUx/KidvznnHw95q9OUaHO2pkXZxkT6BhoEexQ1PsDRWLXZV18pss1WDjY2KA==&u=U2FsdGVkX18MOeYx2DtnayiGhlch9TUv+SCubnDAMtcoWIp2TbKoabbTjXIZcJ40&y=U2FsdGVkX1+mhkP3UynsxOokc2HoTXIRdQv+xhF0nrNQVnIekSEGi8IzZ91jiuAm HTTP/1.1" 200 25
186.102.1.164 - - [23/Apr/2022:08:29:52 -0500] "GET /kwssiamovil/sm/acme/a?s=U2FsdGVkX19uckhRUUzrPEe3arfypqscJ3jv98x+Ad5ce3Gfehb+j9KS/dCAeM/bupfccQ1aj+l8no9mYx012SOIDaMpQCiRaIjZMHNKxQ0tn6xUo2fSr0fXGNgnCL3l35qbc//uNsBsn6LusCen0OW44Lymwlk2fm2xZ+OqOKg=&u=U2FsdGVkX18MOeYx2DtnayiGhlch9TUv+SCubnDAMtcoWIp2TbKoabbTjXIZcJ40&y=U2FsdGVkX1+mhkP3UynsxOokc2HoTXIRdQv+xhF0nrNQVnIekSEGi8IzZ91jiuAm HTTP/1.1" 200 25
186.102.1.164 - - [23/Apr/2022:08:29:52 -0500] "GET /kwssiamovil/sm/acme/a?s=U2FsdGVkX1+g6nIvCaIy5ZoecISU118US+D501cqEYKOjJM/UPbnTN4VXl6tyyRJQLiDYDe24UVNUKLrbbbWU9X178hEgnO7GgT0KSxhaXkEUsoIAWL6r8XQd/zoCGsljBP8pu5lbVF516zOQpaxFbZEpJuvfzi4VfZsa6ZaZ4w=&u=U2FsdGVkX18MOeYx2DtnayiGhlch9TUv+SCubnDAMtcoWIp2TbKoabbTjXIZcJ40&y=U2FsdGVkX1+mhkP3UynsxOokc2HoTXIRdQv+xhF0nrNQVnIekSEGi8IzZ91jiuAm HTTP/1.1" 200 25
186.102.1.164 - - [23/Apr/2022:08:29:53 -0500] "GET /kwssiamovil/sm/acme/a?s=U2FsdGVkX184aO9tQqOJLbf7DfYDvuDKeXUgIOBqbLzhE3cRbTkDdD8t69u4CD7uIoQQ3g29iwJqkWqCuyiV0L7ppDUELLF6KLa2T4DQfZGev3SyoTLkJV8swdjGDrRT3t/fv+uwgdwtzhQ+q6GfD4yyv67KXrdwiR6PTHsaxDQ=&u=U2FsdGVkX18MOeYx2DtnayiGhlch9TUv+SCubnDAMtcoWIp2TbKoabbTjXIZcJ40&y=U2FsdGVkX1+mhkP3UynsxOokc2HoTXIRdQv+xhF0nrNQVnIekSEGi8IzZ91jiuAm HTTP/1.1" 200 25
186.102.1.164 - - [23/Apr/2022:08:29:53 -0500] "GET /kwssiamovil/sm/acme/a?s=U2FsdGVkX1+O5GHJhA85WlES84KLH1x8vlO75KxEqtQrJH3SCEleaDCW/wIz1816VQSpbZHm5dMfypeyHMjRGFi2uD7c+85Up1WoB/0oersYeRqpVTDoMnabpae+1YWa4ia8ptKXFweujncKCUMSmBJjfYQcfu9igWVrp1Fv2CN83XGwcI6nobFhFxPoBrPPF5g6O5zRGwgAc6k6hkkK2Q==&u=U2FsdGVkX18MOeYx2DtnayiGhlch9TUv+SCubnDAMtcoWIp2TbKoabbTjXIZcJ40&y=U2FsdGVkX1+mhkP3UynsxOokc2HoTXIRdQv+xhF0nrNQVnIekSEGi8IzZ91jiuAm HTTP/1.1" 200 25
45.155.204.146 - - [23/Apr/2022:08:30:14 -0500] "POST /Autodiscover/Autodiscover.xml HTTP/1.1" 404 1018
150.158.142.190 - - [23/Apr/2022:08:31:46 -0500] "GET /xmlrpc.php HTTP/1.1" 404 1034
172.22.2.4 - - [23/Apr/2022:08:30:41 -0500] "HEAD /BLA/boletinlegal/ HTTP/1.1" 200 -
216.245.221.92 - - [23/Apr/2022:08:32:54 -0500] "HEAD / HTTP/1.1" 200 -
69.63.189.3 - - [23/Apr/2022:08:32:55 -0500] "GET /images/ecosistema-dia-internacional-tierra-21-abril.jpg HTTP/1.1" 200 30098
201.245.192.253 - - [23/Apr/2022:08:32:09 -0500] "POST /kwsrmcab/Wsrmcab HTTP/1.1" 200 43227
172.22.2.4 - - [23/Apr/2022:08:31:31 -0500] "GET /BLA/boletinlegal/ HTTP/1.1" 200 59170
201.245.192.253 - - [23/Apr/2022:08:32:59 -0500] "POST /kwsrmcab/Wsrmcab HTTP/1.1" 200 45809
186.154.243.236 - - [23/Apr/2022:08:34:43 -0500] "GET /si-eres-mujer-y-te-gusta-el-cuidado-de-los-humedales-este-proceso-de-formacion-es-para-ti.html HTTP/1.1" 304 -
207.46.13.82 - - [23/Apr/2022:08:35:59 -0500] "GET /Publicaciones/2022EE26751.pdf HTTP/1.1" 404 227
186.102.1.164 - - [23/Apr/2022:08:37:40 -0500] "GET /kwssiamovil/sm/acme/a?s=U2FsdGVkX1+gzrSwoTNJnG4AykodwWrfbvrgXSXmBj8/ObBVZe2+FSsLJK5Hp0RKGC0yZy2sDCFcVQRmGlipPvy3umrxIdkeUu6BS39wFZHp6i9Mx1dr5BJ5kN0OjCjQJV+BYmaHm+8kCYfsNAKmX+3xhgVjEL7NDFjmYFo+poj8+L1PZuNlny+xgMQoTAPupKuS92elFD/PAenyHpzvnOccxj1M5UX31T9sUTk2a13b1rwKsx03xoVZkHmD2VNb1Obv23Su3t5uxbxY633enw==&u=U2FsdGVkX18MOeYx2DtnayiGhlch9TUv+SCubnDAMtcoWIp2TbKoabbTjXIZcJ40&y=U2FsdGVkX1+mhkP3UynsxOokc2HoTXIRdQv+xhF0nrNQVnIekSEGi8IzZ91jiuAm HTTP/1.1" 200 25
186.102.1.164 - - [23/Apr/2022:08:37:41 -0500] "GET /kwssiamovil/sm/acme/a?s=U2FsdGVkX1+VdP0pNc1UZl5pzQBjw4Bvm4K4GkJYlZ8vmVLKQNkzH4JK7il1nKYOjVb2cF37Iq8DL6t+zEdaFYEPrvhxIs+KrjhgV1GH180J+QZcuqZ5PBGmSU0jPVclz84zY1nKv6yIwsJPuTscIzWwxFuErg8t2pbSQPQr997wZOMLTEF/80wO6HsDCVEK/97tNlVie6JpddeA3PsNKzUNRcHMi4RlZWAZYXhtta5AHbk4FSxdt30NXbc6pXCw9nDMhdEjeC03jpul/Dxml30o/hyRPYC04wu9YzSa+P6bpI1YeeVz43MXSbO1wDijQQ0/sJ5UeAPf/cK8FCNRFrCPItLX5B6W5JHHky8q819yqoHhIGlqq4PE0Ke6aZeAmHacqgbbNBjDyWesbih1uJZNsPWfUd+GEgpbOHlL16Fy1ESQ6zJAYIVUbnlm7l0LXBzyJv7iSnvjTrDWtIPAjF0UhfyOwEKwSFojpeUZdsohF8Q0gxMrNd5QT0DvbZ6RZ6SzZD/1e8fy2bz3m0tpt0KbFBvuIbxwOyDrfQRAqEKqF1mWyky8GtTA0I+LsEkkDpjEQwGsFC9Q9IvGTIjSr0oLDp9DSTWSgT3VpScrMJ6NiFIKdXfmat6y2fMZoDXmd+BRjlmmQYxIitNgPNPm7HWD1LihS7ydx4zDk/z1tgHFQfWQJqqAewF9jblmNMSV8/+W515AYw6UxbPC8a0SOj06rr7McQtz0bQrBq/86Ie0hjnfSRhocYJt3BtQyRb8tp/nTXsMJVpEF5z/NT2boy0r2Onzm6/7BQonwj/eUcr2XV55BCOuPUK/RRSM7kv8xJzOHvBYnY2ecVDLj9LP8D+Ydc7i/LXngKH1iEC14ZEZAcsmAZj8VlTgnOCIxTt9tGk0vzH+RxOgNptNYujYivwTMr990feV4a1AiyITbyCGAxP0cRIAF/hIg5gMtJklWt1/JqLCcDihJ5CkMqnp6/ig8znOl7N+5cpU66SSv0sEXLeR+9htFHp3g/4qtqRzIZZ10313ORl9HsVDhCL+1AchJeMBleyFmFHKGmmy+skrDIMOAATsxSkv66xKDyx9wZ3tQhxIk3VoJMGU5oeFvM16LPzoApcyElkMJ4i9N5E4qN2W2Pjug36eNNBd2E0xEabyfvrzHvFBYUzrg33LaT7bPpZD1GEnoa/pJluE4Jwyxfa8IMO7xSORQkGE3bnEhbHhG0YMFnKQlg6GxWR4HFTmHfCV7YYJMBy4vA/YNsSDEe9V3el0qkIv6kd+sEPa9n3fFBgaR+5rLAz0W0CGJZXYGU1iYs3yByIMkH3yBQiEiqN56PedNAoXVUvw9Y+4TPmgVqb534JjBmQJNLOIqfmxRI/nU2+GCVpPjBxeC+OxUiji28KiJ+T3+Z+ZTyeHXm8xSPQfx4X2kpbex8gLLoZu/z/slcrBz2MU42tBJF9O8HmiMv8kmcBbc21/FPuWIfOY05tfL6fGvPMqoVciK8hPc5egryeOeFm9aic8B8z/3hFc9Ih4OmQizMEizvBa2sNFSo+nrQEcdIKqFo7w0IMLQevIF3oNA0wvJu6xEKNVCqmu2zikWp4/6GXq0ZneduXDgyAZToyeo/Nzrn5h6gYkVJ+sAiN+aoOcKIV2YRoOXbT2qwVzipjZ8lbX9WmLFP0ZDlBNCio+zoPAWj1otpo/KE7pYUCMF1+cKhyS0p+7yTvnmwrskAarmD7dozB8j9iAw3wjXX8l810vuq4Eo+q9qtU06tsNv6Fgnmik2jsRmLy4JAiWxji0HZt7aYyn9NktaxblHbcDhwG7QpeF3vJNpPFGzIRgqlKcURrtuHUAPhinLbGTej2aEHhyz5670Ct0K+rcEJ/DG0IK79pHLzpZEZPl96Z681sLNM8bkH7WAvpDua6Q+uxFIG1Jv+a+MN09SQn21wvihZv4RL9D06YnMAqP9a3iL5NRrq25UvoMkgcOGgoTghmdaYchDKLV1SdLYZ3iEeXED9tvD7x4MorI/IjqpqyplJ8dLLM+xySmbmEv4TsG1j2moE6ie9nvHiTxOfkaqTCI+Mn1C7h9RD+dpREOvyrJIczDND5huCNtsT9LSHVE1h6TmmHFZh6ScsS2hQcugYaGQBoC6N8pljxK08L80ifxQBN4bdz7/FkTTUJ79/f7zVQevM+cVuCMpBbwpu6Dt9F2Zu13d50vU6ABUVTVEnZnw7QQBhQX7Kc=&u=U2FsdGVkX18MOeYx2DtnayiGhlch9TUv+SCubnDAMtcoWIp2TbKoabbTjXIZcJ40&y=U2FsdGVkX1+mhkP3UynsxOokc2HoTXIRdQv+xhF0nrNQVnIekSEGi8IzZ91jiuAm HTTP/1.1" 200 25
186.102.1.164 - - [23/Apr/2022:08:37:41 -0500] "GET /kwssiamovil/sm/acme/a?s=U2FsdGVkX19MVq5ItSlVzv5WjLAzTwrUXktMDZoXx1Ko3ARPPjGvpm7uSgIvOiaWy6rtOvbyu7LdSfBYvnovnJ0FuFqvAr6sgPqoG5hl5cjJeVLb2IbAopTanpuhQ24T4UJEEknvUq1TLuTKgSl+G4dPSIHpnhkNCiccN+Y8wCM=&u=U2FsdGVkX18MOeYx2DtnayiGhlch9TUv+SCubnDAMtcoWIp2TbKoabbTjXIZcJ40&y=U2FsdGVkX1+mhkP3UynsxOokc2HoTXIRdQv+xhF0nrNQVnIekSEGi8IzZ91jiuAm HTTP/1.1" 200 25
186.102.1.164 - - [23/Apr/2022:08:37:41 -0500] "GET /kwssiamovil/sm/acme/a?s=U2FsdGVkX1+bZYh+LZhXkAWWJ1PVrcRW0Ge/zOgjHSWTHHI2ebS9nQECW1fwdlI30JMKatLPzNidkQOQpJvUFUeUiNQVfeXfo35DvFrijHmbUP869aGzKLDTSxcfzk/eX9KPvQisEBZPs7ahg71B6Pxh9oGzdfJlYSA4Z1gSoBE=&u=U2FsdGVkX18MOeYx2DtnayiGhlch9TUv+SCubnDAMtcoWIp2TbKoabbTjXIZcJ40&y=U2FsdGVkX1+mhkP3UynsxOokc2HoTXIRdQv+xhF0nrNQVnIekSEGi8IzZ91jiuAm HTTP/1.1" 200 25
186.102.1.164 - - [23/Apr/2022:08:37:41 -0500] "GET /kwssiamovil/sm/acme/a?s=U2FsdGVkX18mVmZLSB2+WK1PpcShxaxr8VGjslEYtJPQW3XlTR42z6TZ48pdThmsdMBoThyFCgJzpXZhp/bQLPzGIUsPmJbtwdV13of2PSrWMODJ6gVrC11ZrIzNwL4tWiydCRLWSFfA/m7tI2JZdxyYJlSxV2F5qXitW77eBeY=&u=U2FsdGVkX18MOeYx2DtnayiGhlch9TUv+SCubnDAMtcoWIp2TbKoabbTjXIZcJ40&y=U2FsdGVkX1+mhkP3UynsxOokc2HoTXIRdQv+xhF0nrNQVnIekSEGi8IzZ91jiuAm HTTP/1.1" 200 25
186.102.1.164 - - [23/Apr/2022:08:37:42 -0500] "GET /kwssiamovil/sm/acme/a?s=U2FsdGVkX181FJD05OXfe+G1oddaUVUZzh0YEzRp3ACkeeH+rtq645PXBt0coXm3BOzFOf+Z4hs5qNyohCGJY0ZVd4vjZj1iAinQsPO9fa4obOZo58lk0udLS3OXXzEeusIy4QAGZuKZUIpSp9Rgn58Y92G/Ncu9Or2Dr1RqNnGN0dBx42mRkn0yFhF7rq+9aWBkuowhkVVf6llriMlr+Q==&u=U2FsdGVkX18MOeYx2DtnayiGhlch9TUv+SCubnDAMtcoWIp2TbKoabbTjXIZcJ40&y=U2FsdGVkX1+mhkP3UynsxOokc2HoTXIRdQv+xhF0nrNQVnIekSEGi8IzZ91jiuAm HTTP/1.1" 200 25
216.245.221.92 - - [23/Apr/2022:08:37:54 -0500] "HEAD / HTTP/1.1" 200 -
172.22.2.4 - - [23/Apr/2022:08:36:31 -0500] "HEAD /BLA/boletinlegal/ HTTP/1.1" 200 -
173.252.127.14 - - [23/Apr/2022:08:38:27 -0500] "GET /dia-internacional-de-la-tierra-cambio-de-habitos-para-su-proteccion-y-conservacion.html HTTP/1.1" 206 1014
172.22.2.4 - - [23/Apr/2022:08:37:21 -0500] "GET /BLA/boletinlegal/ HTTP/1.1" 200 60932
216.245.221.92 - - [23/Apr/2022:08:42:54 -0500] "HEAD / HTTP/1.1" 200 -
201.245.192.253 - - [23/Apr/2022:08:42:09 -0500] "POST /kwsrmcab/Wsrmcab HTTP/1.1" 200 43227
201.245.192.253 - - [23/Apr/2022:08:42:57 -0500] "POST /kwsrmcab/Wsrmcab HTTP/1.1" 200 45809
199.16.157.182 - - [23/Apr/2022:08:43:46 -0500] "GET /documents/10184/2325415/pieza-concurso-buenas-practicas-20-septiembre.jpg HTTP/1.1" 404 1030
172.22.2.4 - - [23/Apr/2022:08:42:21 -0500] "HEAD /BLA/boletinlegal/ HTTP/1.1" 200 -
45.155.204.146 - - [23/Apr/2022:08:44:30 -0500] "GET /_ignition/execute-solution HTTP/1.1" 404 1018
172.22.2.4 - - [23/Apr/2022:08:43:11 -0500] "GET /BLA/boletinlegal/ HTTP/1.1" 200 61416
199.59.150.180 - - [23/Apr/2022:08:45:09 -0500] "GET /documents/10184/2325415/pieza-concurso-buenas-practicas-20-septiembre.jpg HTTP/1.1" 404 1030
199.59.150.183 - - [23/Apr/2022:08:45:14 -0500] "GET /documents/10184/2325415/pieza-concurso-buenas-practicas-20-septiembre.jpg HTTP/1.1" 404 1030
186.102.1.164 - - [23/Apr/2022:08:45:18 -0500] "GET /kwssiamovil/sm/acme/a?s=U2FsdGVkX1+LX4pZ9yizGxZ8XmiDas2uMvKokfdXwCeLmC2imdRNvWB100Pp7Oe07biKnesgzqA9/PySOGAiLiJZtMZQ5VDRLG5PthhgKhKpBOjEFXZNgVFhpzlJQBJPrPhS1NFLC/WIAc5tSvna/Y2or9M1/3q1YwliORfDvvR9jakJiNcJ2JheqGLMJnXYWoPZSE6d+G4s4K+KOZRBdJM+OIh991dkQlbw6VUhfQhC9jTpJ+n6F+uGh77/5hl3Y83hH/0MmvxR/+LInotmnA==&u=U2FsdGVkX18MOeYx2DtnayiGhlch9TUv+SCubnDAMtcoWIp2TbKoabbTjXIZcJ40&y=U2FsdGVkX1+mhkP3UynsxOokc2HoTXIRdQv+xhF0nrNQVnIekSEGi8IzZ91jiuAm HTTP/1.1" 200 25
186.102.1.164 - - [23/Apr/2022:08:45:18 -0500] "GET /kwssiamovil/sm/acme/a?s=U2FsdGVkX19/tQFb057BheElVBao/LNNId3/eRrXV4zF39VcKNbvX4AgXg+j9gtdD72o5UK7EHjiL4h40lKWiBIPvXehjSFuUfPw3Ody5UbIdVuEdw8gsZ7jNtoCR9K2iR2TOYb5o46J5hpkBs8xRlPlwrGlyW8DWaOAXHpxf69qIJkxBuOuj+nJTAMtIk2bP6ljm/xe3xAmHOtQzZBRHf5QVy+gHgJMG4sUwsbALhXqhYPoYLb7Eb+iw5L/RoblMvREOSQAqdYOv1oa35zq6aJ8lyIDl0jrnyogiSYfjBCCJ/n+mP5VvWhQCvCSybYm8QPuf7eWNnkdZ0ewarnBojIJY5cLAK9wvVQzqSOcQEBvVw/03WtMZThMzK0B2TdZiXR4w2BApea5zHZJtKGDZZozim4ILHaYBtxmxs5DTRC3ZH5c/xNI4ns7677brTEJFgqB+OYlUUIftYzg6sHJqCupKU5C1jo4gpZkLKbahqU0cv2KO5s39SmcAgI/iU1GwggQ6dvlFsSmxbe4B7t/FshKObjMfE3KUpM648TRbyLl48ExjYvoAbuu8JdDxxf946DZv0wlvUBDTyeGrD8wSZrZohljjL5UMKikb9k2aaQyIIfuFqpElgJ5acEysnyRQykJPNg+1940jLAvlD6XoHbCSKbu8ClqROb8gtJGneVcrVlmTUmrf782SBwF3nIvNVb+u1mPITRjpUUFPU3E5yt9UJd1wbJIbKpOlJobeDv8QbbUTKTYwRw47Hp2riYzy52J8jwwVpvN4Wm8z6XNzRYiXe0B1u7OgjFLj0pKkQyB9botpRXWdF4uEF9MoPBq5nEsdbqDkOA94kzWXgGpGUdbJu9rsRAJr8veTYFtOhi28BDXa197dMDYqpFyGOjN8n43t1C7WLygEZYfmdDtdtNQevcDzqrnlqofbCPseqxvqd6dFvqYQtgfrR0yNoYV3gZzt57uNkTJ4s+X17lcbmKkZjoxUvEkDPxkE4198DhNSH3zure1Qmz9u5cuBmt/cM1gjLoSJwhY2mKt3O0vt+THmr3o/ztLv7/syVYuIxWoZHkgl925jO7JEf4m61ncaKKCpBvQDfVyJbR/XziHG8z2yFvGH0nbNzLtDv0JUkysrKWDmhimVPf7N/hnaTClSurZPuZ0JhEY4wjT0jM4RBPKFQy5wK/vethNIT9nGJQ6lcWCWrXJcfmqufhqBUOS3Wlvg0a1iK0EoP7UowX3ZOMzSQNe7cgnpqlLmGxYpmnTXAfcoF1wsCylz05/HfEOaEMIw1cq3gEJrFgHIVNp5LfAr3WkHSrWMvAp9c+UDXOlikPmRYJ3BS5T3PPLD2DiK7IwdkYrwdbu/WsfSfXj59pIH/v3lZXbYJ2GU+bAruJ3+kPUFbvkIrYaDI9RJOrI5/8m7jXS9gSSkzCvd9chzp3fBu421SzE0nT0QoaqqES+rqZbxJT0vVbLz8TWsoIe/AF+7HB1etnPARRq5QppZlGfQ1M+TKvP85z1gpoTimXwfUXtpWNbyUbuYxwjZaVR26Bf8xyPdMrH1UDmEl9gChxinPRtvLXRSjziPVRzlgHq7AmT218MM5tdD1PvoSJKCiijteIu15i8gtJqR/YIwRIbBft0IkJq/vrBObkFHxPZCfmW5gvwuCIQ/xB4DWRc9Xq9wvDe5Reg/nxncE1oxm5JfhTR/xvDhX+IUDPFuUVqAWccV4JjQQy9tnqExgTqDgDJHYrjgbrLM1Rp5rKYbryZapc0/XEfNhWZ058NCSxuclF9DQpb0/sU5if7cuBc4oy7YlGaRP4HasmMoQ0pigowayi2+ZznHSXE96EA0AdJCpAuxdAzHcJeDObjBi3m6N+J/LI0BWgvw8SpOsyFD/hGVIpvWUYGet8V0ep5lXX385JQ1kq7WEbjIf/0x06uEnA6Yj9z+GshxlRkpOgAWXmpnjGP2uiRgyEnpUiBx6Tj+oH2SdGyqKRUru4qbTQA4Vyw5xbfgMT06+A9dOQUGBPxg/VSSIDyxqLyMeB0IC/Jhhr6pVCTzWZlsIFYuCKnISaf1QOtpZtLnU0qtFgvyD6xk9HANe/tJA3TqUSO7q5j54kuYxKEc2HngzOu5fhu6E/9WMRzamHFKYZ4WYo+wienJ1h4qQEAHI/HCvwr/gxRiaYNZq3s+Lu6ojOm/+EB15YS7/URHEnPFxKT2X7cyh4NSez9P66apNt2BVEgKdDQZC/qJR3oBRRxxwmgIt/oHoSUKr4jpmh7wkF2I33rUbWwhZILX6JdxZnfElfvuHJWSPFobdkX8qM15HRzjY4AwGADoy0xuyrsqR9Yo9Q5MA==&u=U2FsdGVkX18MOeYx2DtnayiGhlch9TUv+SCubnDAMtcoWIp2TbKoabbTjXIZcJ40&y=U2FsdGVkX1+mhkP3UynsxOokc2HoTXIRdQv+xhF0nrNQVnIekSEGi8IzZ91jiuAm HTTP/1.1" 200 25
186.102.1.164 - - [23/Apr/2022:08:45:18 -0500] "GET /kwssiamovil/sm/acme/a?s=U2FsdGVkX1/i/D4nobq7RnWorlhaMy6zhjcM/WVme9ImOBObFnl0RRMHsPb1S9o3cAE5jGhav9h0tAg8uDUdB3AMJu4QmPyRhG7eyQxO/TgARmXAFhlWJ30f7GVM8QZOmz8Mu72T7LkB2FNMQg2XbSICACOCOwup/69G7B/bzgs=&u=U2FsdGVkX18MOeYx2DtnayiGhlch9TUv+SCubnDAMtcoWIp2TbKoabbTjXIZcJ40&y=U2FsdGVkX1+mhkP3UynsxOokc2HoTXIRdQv+xhF0nrNQVnIekSEGi8IzZ91jiuAm HTTP/1.1" 200 25
186.102.1.164 - - [23/Apr/2022:08:45:18 -0500] "GET /kwssiamovil/sm/acme/a?s=U2FsdGVkX19Jwhx2b6FuDvG5rhsFW1NXHVHhE56nFXJwFTpmsw5w8YWuNOW3KEOQvmsp+GGTAa4Xc5qm+Iwd6f3AufGM5RabVb2WbBNFeOOF6t13DNFddIqTFDjxjXGxZCYhGtabYeqKr9fLZDi9BOCDDcuZl37lKnYOpzakHq8=&u=U2FsdGVkX18MOeYx2DtnayiGhlch9TUv+SCubnDAMtcoWIp2TbKoabbTjXIZcJ40&y=U2FsdGVkX1+mhkP3UynsxOokc2HoTXIRdQv+xhF0nrNQVnIekSEGi8IzZ91jiuAm HTTP/1.1" 200 25
186.102.1.164 - - [23/Apr/2022:08:45:19 -0500] "GET /kwssiamovil/sm/acme/a?s=U2FsdGVkX19yS7htnJXE7Aimg6rCW2+39MPuMnXhEzaotievueaY21zYSukHN5TUa3+6e/VNlsKOxoAwzHrKMybXLhuMYrv+Jmm32+JFhyOKNnGephJsxmL32RO9keWSVYk/mF1e8ZjBU2MGlw0kxJ8HIfl1ogVofaL3s15FmIU=&u=U2FsdGVkX18MOeYx2DtnayiGhlch9TUv+SCubnDAMtcoWIp2TbKoabbTjXIZcJ40&y=U2FsdGVkX1+mhkP3UynsxOokc2HoTXIRdQv+xhF0nrNQVnIekSEGi8IzZ91jiuAm HTTP/1.1" 200 25
186.102.1.164 - - [23/Apr/2022:08:45:19 -0500] "GET /kwssiamovil/sm/acme/a?s=U2FsdGVkX18BarotBqRdzVfGoY5alL6r5pGwlDVJz4xUgL2YlNM8Y9NOKGzLKI/jDb/m2bKPi77zdjPcSR5Segj4qRen/aEldFpx70SK1oTSf0+ghrYm6Z7682Bn77YaXGXhCtL2ZkCPFxq9Nm0I9gtG/tbxURZPWO+SUCOk3m3h/Od3D9RY/vpdY0J5BoZHqcEL6lSLf0uEVhK4wWzDAQ==&u=U2FsdGVkX18MOeYx2DtnayiGhlch9TUv+SCubnDAMtcoWIp2TbKoabbTjXIZcJ40&y=U2FsdGVkX1+mhkP3UynsxOokc2HoTXIRdQv+xhF0nrNQVnIekSEGi8IzZ91jiuAm HTTP/1.1" 200 25
216.245.221.92 - - [23/Apr/2022:08:47:54 -0500] "HEAD / HTTP/1.1" 200 -
172.22.2.4 - - [23/Apr/2022:08:47:15 -0500] "GET /BLA/boletinlegal/ HTTP/1.1" 200 32715
172.22.2.4 - - [23/Apr/2022:08:48:23 -0500] "GET /BLA/boletinlegal/actos.php HTTP/1.1" 200 9559
186.28.117.89 - - [23/Apr/2022:08:48:26 -0500] "GET /BLA/resoluciones/ HTTP/1.1" 200 13093
172.22.2.4 - - [23/Apr/2022:08:48:20 -0500] "GET /BLA/boletinlegal/ HTTP/1.1" 200 24523
172.22.2.4 - - [23/Apr/2022:08:48:11 -0500] "HEAD /BLA/boletinlegal/ HTTP/1.1" 200 -
172.22.2.4 - - [23/Apr/2022:08:49:01 -0500] "GET /BLA/boletinlegal/ HTTP/1.1" 200 57542
172.22.2.4 - - [23/Apr/2022:08:50:53 -0500] "GET /BLA/boletinlegal/owa/auth/x.js HTTP/1.1" 404 1018
207.46.13.196 - - [23/Apr/2022:08:50:56 -0500] "GET /BLA/resoluciones/ HTTP/1.1" 200 13093
45.8.165.120 - - [23/Apr/2022:08:51:04 -0500] "GET /documents/10184/2325415/pieza-concurso-buenas-practicas-20-septiembre.jpg HTTP/1.1" 404 1156
45.8.167.145 - - [23/Apr/2022:08:51:04 -0500] "GET /documents/10184/2325415/pieza-concurso-buenas-practicas-20-septiembre.jpg HTTP/1.1" 404 1156
194.156.138.253 - - [23/Apr/2022:08:51:04 -0500] "GET /documents/10184/2325415/pieza-concurso-buenas-practicas-20-septiembre.jpg HTTP/1.1" 404 1156
45.8.164.120 - - [23/Apr/2022:08:51:04 -0500] "GET /documents/10184/2325415/pieza-concurso-buenas-practicas-20-septiembre.jpg HTTP/1.1" 404 1156
185.239.215.92 - - [23/Apr/2022:08:51:05 -0500] "GET /documents/10184/2325415/pieza-concurso-buenas-practicas-20-septiembre.jpg HTTP/1.1" 404 1156
185.239.215.195 - - [23/Apr/2022:08:51:05 -0500] "GET /documents/10184/2325415/pieza-concurso-buenas-practicas-20-septiembre.jpg HTTP/1.1" 404 1156
45.8.166.1 - - [23/Apr/2022:08:51:05 -0500] "GET /documents/10184/2325415/pieza-concurso-buenas-practicas-20-septiembre.jpg HTTP/1.1" 404 1156
194.110.95.48 - - [23/Apr/2022:08:51:05 -0500] "GET /documents/10184/2325415/pieza-concurso-buenas-practicas-20-septiembre.jpg HTTP/1.1" 404 1156
185.232.6.54 - - [23/Apr/2022:08:51:05 -0500] "GET /documents/10184/2325415/pieza-concurso-buenas-practicas-20-septiembre.jpg HTTP/1.1" 404 1156
194.110.95.132 - - [23/Apr/2022:08:51:05 -0500] "GET /documents/10184/2325415/pieza-concurso-buenas-practicas-20-septiembre.jpg HTTP/1.1" 404 1156
194.31.100.86 - - [23/Apr/2022:08:51:06 -0500] "GET /documents/10184/2325415/pieza-concurso-buenas-practicas-20-septiembre.jpg HTTP/1.1" 404 1156
185.239.215.121 - - [23/Apr/2022:08:51:06 -0500] "GET /documents/10184/2325415/pieza-concurso-buenas-practicas-20-septiembre.jpg HTTP/1.1" 404 1156
194.156.138.25 - - [23/Apr/2022:08:51:07 -0500] "GET /documents/10184/2325415/pieza-concurso-buenas-practicas-20-septiembre.jpg HTTP/1.1" 404 1156
194.156.138.129 - - [23/Apr/2022:08:51:07 -0500] "GET /documents/10184/2325415/pieza-concurso-buenas-practicas-20-septiembre.jpg HTTP/1.1" 404 1156
194.31.100.162 - - [23/Apr/2022:08:51:07 -0500] "GET /documents/10184/2325415/pieza-concurso-buenas-practicas-20-septiembre.jpg HTTP/1.1" 404 1156
185.239.215.215 - - [23/Apr/2022:08:51:08 -0500] "GET /documents/10184/2325415/pieza-concurso-buenas-practicas-20-septiembre.jpg HTTP/1.1" 404 1156
185.232.6.111 - - [23/Apr/2022:08:51:08 -0500] "GET /documents/10184/2325415/pieza-concurso-buenas-practicas-20-septiembre.jpg HTTP/1.1" 404 1156
185.232.6.37 - - [23/Apr/2022:08:51:08 -0500] "GET /documents/10184/2325415/pieza-concurso-buenas-practicas-20-septiembre.jpg HTTP/1.1" 404 1156
185.239.215.151 - - [23/Apr/2022:08:51:08 -0500] "GET /documents/10184/2325415/pieza-concurso-buenas-practicas-20-septiembre.jpg HTTP/1.1" 404 1156
45.8.164.151 - - [23/Apr/2022:08:51:08 -0500] "GET /documents/10184/2325415/pieza-concurso-buenas-practicas-20-septiembre.jpg HTTP/1.1" 404 1156
45.8.164.96 - - [23/Apr/2022:08:51:09 -0500] "GET /documents/10184/2325415/pieza-concurso-buenas-practicas-20-septiembre.jpg HTTP/1.1" 404 1156
194.110.95.10 - - [23/Apr/2022:08:51:09 -0500] "GET /documents/10184/2325415/pieza-concurso-buenas-practicas-20-septiembre.jpg HTTP/1.1" 404 1156
194.156.138.138 - - [23/Apr/2022:08:51:11 -0500] "GET /documents/10184/2325415/pieza-concurso-buenas-practicas-20-septiembre.jpg HTTP/1.1" 404 1156
185.232.6.138 - - [23/Apr/2022:08:51:11 -0500] "GET /documents/10184/2325415/pieza-concurso-buenas-practicas-20-septiembre.jpg HTTP/1.1" 404 1156
157.55.39.199 - - [23/Apr/2022:08:51:17 -0500] "GET /BLA/resoluciones/dlf/styles.css HTTP/1.1" 200 3049
216.245.221.92 - - [23/Apr/2022:08:52:54 -0500] "HEAD / HTTP/1.1" 200 -
172.22.2.4 - - [23/Apr/2022:08:53:29 -0500] "GET /BLA/boletinlegal/owa/auth/logon.aspx HTTP/1.1" 404 1018
40.77.167.29 - - [23/Apr/2022:08:53:47 -0500] "GET /Publicaciones/2022EE21205.pdf HTTP/1.1" 404 227
172.22.2.4 - - [23/Apr/2022:08:54:50 -0500] "GET /BLA/boletinlegal/ecp/Current/exporttool/microsoft.exchange.ediscovery.exporttool.application HTTP/1.1" 404 1018
172.22.2.4 - - [23/Apr/2022:08:54:01 -0500] "HEAD /BLA/boletinlegal/ HTTP/1.1" 200 -
172.22.2.4 - - [23/Apr/2022:08:54:51 -0500] "GET /BLA/boletinlegal/ HTTP/1.1" 200 60932
172.22.2.4 - - [23/Apr/2022:08:57:40 -0500] "GET /BLA/boletinlegal/normativa.php HTTP/1.1" 200 8292
216.245.221.92 - - [23/Apr/2022:08:57:54 -0500] "HEAD / HTTP/1.1" 200 -
66.249.65.17 - - [23/Apr/2022:08:59:04 -0500] "-" 408 -
207.46.13.161 - - [23/Apr/2022:09:00:21 -0500] "GET /se-aproxima-nueva-jornada-de-recoleccion-masiva-de-residuos-especiales-y-peligrosos-en-bogota.html HTTP/1.1" 200 1048
172.22.2.4 - - [23/Apr/2022:08:59:51 -0500] "HEAD /BLA/boletinlegal/ HTTP/1.1" 200 -
172.22.2.4 - - [23/Apr/2022:09:01:56 -0500] "GET /BLA/boletinlegal/actos.php HTTP/1.1" 200 9559
172.22.2.4 - - [23/Apr/2022:09:01:56 -0500] "GET /BLA/boletinlegal/favicon.ico HTTP/1.1" 404 1326
199.59.150.183 - - [23/Apr/2022:09:02:21 -0500] "GET /documents/10184/2325415/pieza-concurso-buenas-practicas-20-septiembre.jpg HTTP/1.1" 404 1030
172.22.2.4 - - [23/Apr/2022:09:00:41 -0500] "GET /BLA/boletinlegal/ HTTP/1.1" 200 55450
172.22.2.4 - - [23/Apr/2022:09:02:25 -0500] "GET /BLA/boletinlegal/consulta_actos.php?tipo=resoluciones&no=4286&usuario=&sector=&fecha=2018&resuelve= HTTP/1.1" 200 1070
216.245.221.92 - - [23/Apr/2022:09:02:54 -0500] "HEAD / HTTP/1.1" 200 -
186.28.117.89 - - [23/Apr/2022:09:04:26 -0500] "GET /BLA/resoluciones/ HTTP/1.1" 200 13093
186.28.117.89 - - [23/Apr/2022:09:04:29 -0500] "GET /BLA/resoluciones/index.php?dir=AUTOS+2021%2F HTTP/1.1" 200 365916
186.28.117.89 - - [23/Apr/2022:09:04:37 -0500] "GET /BLA/resoluciones/AUTOS%202021/4217.pdf HTTP/1.1" 200 403333
