172.22.2.4 - - [29/Apr/2022:13:32:11 -0500] "GET /BLA/boletinlegal/images/menu_bg.jpg HTTP/1.1" 200 620
172.22.2.4 - - [29/Apr/2022:13:32:11 -0500] "GET /BLA/boletinlegal/images/bg_top.jpg HTTP/1.1" 200 522
172.22.2.4 - - [29/Apr/2022:13:32:11 -0500] "GET /BLA/boletinlegal/images/hover.jpg HTTP/1.1" 200 640
172.22.2.4 - - [29/Apr/2022:13:32:14 -0500] "GET /BLA/boletinlegal/actos.php HTTP/1.1" 200 9559
172.22.2.4 - - [29/Apr/2022:13:32:14 -0500] "GET /BLA/boletinlegal/js/ajax_actos.js HTTP/1.1" 200 1322
172.22.2.4 - - [29/Apr/2022:13:32:14 -0500] "GET /BLA/boletinlegal/js/lib.js HTTP/1.1" 200 6474
172.22.2.4 - - [29/Apr/2022:13:32:14 -0500] "GET /BLA/boletinlegal/js/popup.js HTTP/1.1" 200 1270
172.22.2.4 - - [29/Apr/2022:13:32:14 -0500] "GET /BLA/boletinlegal/niceforms-default.css HTTP/1.1" 200 6694
172.22.2.4 - - [29/Apr/2022:13:32:14 -0500] "GET /BLA/boletinlegal/niceforms.js HTTP/1.1" 200 22876
172.22.2.4 - - [29/Apr/2022:13:32:14 -0500] "GET /BLA/boletinlegal/js/jquery1.js HTTP/1.1" 200 29846
172.22.2.4 - - [29/Apr/2022:13:32:14 -0500] "GET /BLA/boletinlegal/images/green-yellow-blue-pink-th.png HTTP/1.1" 200 7394
172.22.2.4 - - [29/Apr/2022:13:32:14 -0500] "GET /BLA/boletinlegal/images/abajo.png HTTP/1.1" 200 96676
172.22.2.4 - - [29/Apr/2022:13:32:14 -0500] "GET /BLA/boletinlegal/images/tel.png HTTP/1.1" 200 14477
172.22.2.4 - - [29/Apr/2022:13:32:14 -0500] "GET /BLA/boletinlegal/images/icono-email.png HTTP/1.1" 200 5544
172.22.2.4 - - [29/Apr/2022:13:32:14 -0500] "GET /BLA/boletinlegal/images/footer_bg.jpg HTTP/1.1" 200 586
172.22.2.4 - - [29/Apr/2022:13:32:14 -0500] "GET /BLA/boletinlegal/images/footer_bg_l.jpg HTTP/1.1" 200 776
172.22.2.4 - - [29/Apr/2022:13:32:14 -0500] "GET /BLA/boletinlegal/img/0.png HTTP/1.1" 200 110
172.22.2.4 - - [29/Apr/2022:13:32:14 -0500] "GET /BLA/boletinlegal/img/select-left.png HTTP/1.1" 200 263
172.22.2.4 - - [29/Apr/2022:13:32:14 -0500] "GET /BLA/boletinlegal/img/select-right.png HTTP/1.1" 200 44019
172.22.2.4 - - [29/Apr/2022:13:32:14 -0500] "GET /BLA/boletinlegal/img/button.png HTTP/1.1" 200 43241
172.22.2.4 - - [29/Apr/2022:13:32:14 -0500] "GET /BLA/boletinlegal/img/button-left.png HTTP/1.1" 200 57071
172.22.2.4 - - [29/Apr/2022:13:32:14 -0500] "GET /BLA/boletinlegal/img/button-right.png HTTP/1.1" 200 57878
172.22.2.4 - - [29/Apr/2022:13:32:14 -0500] "GET /BLA/boletinlegal/favicon.ico HTTP/1.1" 404 1326
172.22.2.4 - - [29/Apr/2022:13:32:32 -0500] "GET /BLA/boletinlegal/consulta_actos.php?tipo=resoluciones&no=&usuario=&sector=&fecha=2022&resuelve=renovacion HTTP/1.1" 200 1632
172.22.2.4 - - [29/Apr/2022:13:32:32 -0500] "GET /BLA/boletinlegal/images/background.gif HTTP/1.1" 200 -
172.22.2.4 - - [29/Apr/2022:13:32:40 -0500] "GET /BLA/boletinlegal/consulta_actos.php?tipo=resoluciones&no=&usuario=&sector=&fecha=2022&resuelve=renovaci%F3n HTTP/1.1" 200 1632
172.22.2.4 - - [29/Apr/2022:13:32:41 -0500] "GET /BLA/boletinlegal/consulta_actos.php?tipo=resoluciones&no=&usuario=&sector=&fecha=2022&resuelve=renovaci%F3n HTTP/1.1" 200 1632
172.22.2.4 - - [29/Apr/2022:13:32:10 -0500] "GET /BLA/boletinlegal/ HTTP/1.1" 200 24523
172.22.2.4 - - [29/Apr/2022:13:32:47 -0500] "GET /BLA/boletinlegal/consulta_actos.php?tipo=resoluciones&no=&usuario=&sector=&fecha=2022&resuelve=renovar HTTP/1.1" 200 626
157.55.39.199 - - [29/Apr/2022:13:32:50 -0500] "GET /BLA/resoluciones/AUTOS%202019/4481.pdf HTTP/1.1" 200 468617
172.22.2.4 - - [29/Apr/2022:13:32:54 -0500] "GET /BLA/boletinlegal/consulta_actos.php?tipo=resoluciones&no=&usuario=&sector=&fecha=2021&resuelve=renovar HTTP/1.1" 200 626
172.22.2.4 - - [29/Apr/2022:13:32:55 -0500] "GET /BLA/boletinlegal/consulta_actos.php?tipo=resoluciones&no=&usuario=&sector=&fecha=2021&resuelve=renovar HTTP/1.1" 200 626
172.22.2.4 - - [29/Apr/2022:13:32:55 -0500] "GET /BLA/boletinlegal/consulta_actos.php?tipo=resoluciones&no=&usuario=&sector=&fecha=2021&resuelve=renovar HTTP/1.1" 200 626
172.22.2.4 - - [29/Apr/2022:13:32:56 -0500] "GET /BLA/boletinlegal/consulta_actos.php?tipo=resoluciones&no=&usuario=&sector=&fecha=2021&resuelve=renovar HTTP/1.1" 200 626
172.22.2.4 - - [29/Apr/2022:13:33:07 -0500] "GET /BLA/boletinlegal/consulta_actos.php?tipo=resoluciones&no=&usuario=&sector=&fecha=2021&resuelve=renovar%20permiso HTTP/1.1" 200 626
172.22.2.4 - - [29/Apr/2022:13:33:07 -0500] "GET /BLA/boletinlegal/jurisprudencia/analisis/AnalisisT-095-16.docx HTTP/1.1" 304 -
172.22.2.4 - - [29/Apr/2022:13:33:16 -0500] "GET /BLA/boletinlegal/consulta_actos.php?tipo=resoluciones&no=&usuario=&sector=&fecha=2020&resuelve=renovar%20permiso HTTP/1.1" 200 626
172.22.2.4 - - [29/Apr/2022:13:33:17 -0500] "GET /BLA/boletinlegal/consulta_actos.php?tipo=resoluciones&no=&usuario=&sector=&fecha=2020&resuelve=renovar%20permiso HTTP/1.1" 200 626
172.22.2.4 - - [29/Apr/2022:13:33:18 -0500] "GET /BLA/boletinlegal/consulta_actos.php?tipo=resoluciones&no=&usuario=&sector=&fecha=2020&resuelve=renovar%20permiso HTTP/1.1" 200 626
172.22.2.4 - - [29/Apr/2022:13:33:18 -0500] "GET /BLA/boletinlegal/consulta_actos.php?tipo=resoluciones&no=&usuario=&sector=&fecha=2020&resuelve=renovar%20permiso HTTP/1.1" 200 626
66.249.70.49 - - [29/Apr/2022:13:33:21 -0500] "-" 408 -
172.22.2.4 - - [29/Apr/2022:13:33:23 -0500] "GET /BLA/boletinlegal/consulta_actos.php?tipo=resoluciones&no=&usuario=&sector=&fecha=2021&resuelve=renovar%20permiso HTTP/1.1" 200 626
172.22.2.4 - - [29/Apr/2022:13:33:27 -0500] "GET /BLA/boletinlegal/consulta_actos.php?tipo=resoluciones&no=&usuario=&sector=&fecha=2022&resuelve=renovar%20permiso HTTP/1.1" 200 626
201.245.192.253 - - [29/Apr/2022:13:32:50 -0500] "POST /kwsrmcab/Wsrmcab HTTP/1.1" 200 40034
172.22.2.4 - - [29/Apr/2022:13:33:43 -0500] "GET /BLA/boletinlegal/consulta_actos.php?tipo=resoluciones&no=&usuario=&sector=&fecha=2022&resuelve=renovaci%F3n%20permiso HTTP/1.1" 200 626
172.22.2.4 - - [29/Apr/2022:13:33:44 -0500] "GET /BLA/boletinlegal/consulta_actos.php?tipo=resoluciones&no=&usuario=&sector=&fecha=2022&resuelve=renovaci%F3n%20permiso HTTP/1.1" 200 626
172.22.2.4 - - [29/Apr/2022:13:33:44 -0500] "GET /BLA/boletinlegal/consulta_actos.php?tipo=resoluciones&no=&usuario=&sector=&fecha=2022&resuelve=renovaci%F3n%20permiso HTTP/1.1" 200 626
172.22.2.4 - - [29/Apr/2022:13:33:49 -0500] "GET /BLA/boletinlegal/consulta_actos.php?tipo=resoluciones&no=&usuario=&sector=&fecha=2021&resuelve=renovaci%F3n%20permiso HTTP/1.1" 200 626
172.22.2.4 - - [29/Apr/2022:13:33:51 -0500] "GET /BLA/boletinlegal/consulta_actos.php?tipo=resoluciones&no=&usuario=&sector=&fecha=2021&resuelve=renovaci%F3n%20permiso HTTP/1.1" 200 626
172.22.2.4 - - [29/Apr/2022:13:33:54 -0500] "GET /BLA/boletinlegal/consulta_actos.php?tipo=resoluciones&no=&usuario=&sector=&fecha=2020&resuelve=renovaci%F3n%20permiso HTTP/1.1" 200 626
172.22.2.4 - - [29/Apr/2022:13:33:55 -0500] "GET /BLA/boletinlegal/consulta_actos.php?tipo=resoluciones&no=&usuario=&sector=&fecha=2020&resuelve=renovaci%F3n%20permiso HTTP/1.1" 200 626
172.22.2.4 - - [29/Apr/2022:13:34:00 -0500] "GET /BLA/boletinlegal/consulta_actos.php?tipo=resoluciones&no=&usuario=&sector=&fecha=2019&resuelve=renovaci%F3n%20permiso HTTP/1.1" 200 626
172.22.2.4 - - [29/Apr/2022:13:34:01 -0500] "GET /BLA/boletinlegal/consulta_actos.php?tipo=resoluciones&no=&usuario=&sector=&fecha=2019&resuelve=renovaci%F3n%20permiso HTTP/1.1" 200 626
190.253.155.196 - - [29/Apr/2022:13:34:06 -0500] "GET /BLA/resoluciones/index.php?dir= HTTP/1.1" 200 13093
172.22.2.4 - - [29/Apr/2022:13:34:06 -0500] "GET /BLA/boletinlegal/consulta_actos.php?tipo=resoluciones&no=&usuario=&sector=&fecha=2018&resuelve=renovaci%F3n%20permiso HTTP/1.1" 200 626
172.22.2.4 - - [29/Apr/2022:13:34:07 -0500] "GET /BLA/boletinlegal/consulta_actos.php?tipo=resoluciones&no=&usuario=&sector=&fecha=2018&resuelve=renovaci%F3n%20permiso HTTP/1.1" 200 626
172.22.2.4 - - [29/Apr/2022:13:34:08 -0500] "GET /BLA/boletinlegal/consulta_actos.php?tipo=resoluciones&no=&usuario=&sector=&fecha=2018&resuelve=renovaci%F3n%20permiso HTTP/1.1" 200 626
190.253.155.196 - - [29/Apr/2022:13:34:08 -0500] "GET /BLA/resoluciones/index.php?dir=AUTOS+2010%2F HTTP/1.1" 200 275801
172.22.2.4 - - [29/Apr/2022:13:34:12 -0500] "GET /BLA/boletinlegal/consulta_actos.php?tipo=resoluciones&no=&usuario=&sector=&fecha=2017&resuelve=renovaci%F3n%20permiso HTTP/1.1" 200 626
172.22.2.4 - - [29/Apr/2022:13:34:13 -0500] "GET /BLA/boletinlegal/consulta_actos.php?tipo=resoluciones&no=&usuario=&sector=&fecha=2017&resuelve=renovaci%F3n%20permiso HTTP/1.1" 200 626
172.22.2.4 - - [29/Apr/2022:13:34:13 -0500] "GET /BLA/boletinlegal/consulta_actos.php?tipo=resoluciones&no=&usuario=&sector=&fecha=2017&resuelve=renovaci%F3n%20permiso HTTP/1.1" 200 626
172.22.2.4 - - [29/Apr/2022:13:34:14 -0500] "GET /BLA/boletinlegal/consulta_actos.php?tipo=resoluciones&no=&usuario=&sector=&fecha=2017&resuelve=renovaci%F3n%20permiso HTTP/1.1" 200 626
172.22.2.4 - - [29/Apr/2022:13:34:14 -0500] "GET /BLA/boletinlegal/consulta_actos.php?tipo=resoluciones&no=&usuario=&sector=&fecha=2017&resuelve=renovaci%F3n%20permiso HTTP/1.1" 200 626
172.22.2.4 - - [29/Apr/2022:13:34:14 -0500] "GET /BLA/boletinlegal/consulta_actos.php?tipo=resoluciones&no=&usuario=&sector=&fecha=2017&resuelve=renovaci%F3n%20permiso HTTP/1.1" 200 626
190.253.155.196 - - [29/Apr/2022:13:34:14 -0500] "GET /BLA/resoluciones/index.php?dir=AUTOS+2011%2F HTTP/1.1" 200 628595
172.22.2.4 - - [29/Apr/2022:13:34:15 -0500] "GET /BLA/boletinlegal/consulta_actos.php?tipo=resoluciones&no=&usuario=&sector=&fecha=2017&resuelve=renovaci%F3n%20permiso HTTP/1.1" 200 626
172.22.2.4 - - [29/Apr/2022:13:34:20 -0500] "GET /BLA/boletinlegal/consulta_actos.php?tipo=resoluciones&no=&usuario=&sector=&fecha=2017&resuelve=permiso HTTP/1.1" 200 124908
172.22.2.4 - - [29/Apr/2022:13:34:21 -0500] "GET /BLA/boletinlegal/consulta_actos.php?tipo=resoluciones&no=&usuario=&sector=&fecha=2017&resuelve=permiso HTTP/1.1" 200 124908
201.245.192.253 - - [29/Apr/2022:13:33:41 -0500] "POST /kwsrmcab/Wsrmcab HTTP/1.1" 200 45765
172.22.2.4 - - [29/Apr/2022:13:34:40 -0500] "GET /BLA/boletinlegal/consulta_actos.php?tipo=resoluciones&no=&usuario=&sector=&fecha=2022&resuelve=renovaci%F3n%20permiso HTTP/1.1" 200 626
172.22.2.4 - - [29/Apr/2022:13:34:45 -0500] "GET /BLA/boletinlegal/consulta_actos.php?tipo=resoluciones&no=&usuario=&sector=&fecha=2021&resuelve=renovaci%F3n%20permiso HTTP/1.1" 200 626
172.22.2.4 - - [29/Apr/2022:13:34:49 -0500] "GET /BLA/boletinlegal/images/screen_2.png HTTP/1.1" 200 362502
172.22.2.4 - - [29/Apr/2022:13:34:49 -0500] "GET /BLA/boletinlegal/images/arr_r.jpg HTTP/1.1" 200 1998
172.22.2.4 - - [29/Apr/2022:13:34:49 -0500] "GET /BLA/boletinlegal/images/screen_3.png HTTP/1.1" 200 210620
172.22.2.4 - - [29/Apr/2022:13:34:49 -0500] "GET /BLA/boletinlegal/images/screen_5.png HTTP/1.1" 200 368876
172.22.2.4 - - [29/Apr/2022:13:34:49 -0500] "GET /BLA/boletinlegal/actos.php HTTP/1.1" 200 9559
172.22.2.4 - - [29/Apr/2022:13:34:49 -0500] "GET /BLA/boletinlegal/consulta_actos.php?tipo=resoluciones&no=&usuario=&sector=&fecha=2020&resuelve=renovaci%F3n%20permiso HTTP/1.1" 200 626
172.22.2.4 - - [29/Apr/2022:13:34:51 -0500] "GET /BLA/boletinlegal/favicon.ico HTTP/1.1" 404 1326
172.22.2.4 - - [29/Apr/2022:13:34:54 -0500] "GET /BLA/boletinlegal/consulta_actos.php?tipo=resoluciones&no=&usuario=&sector=&fecha=2019&resuelve=renovaci%F3n%20permiso HTTP/1.1" 200 626
172.22.2.4 - - [29/Apr/2022:13:34:58 -0500] "GET /BLA/boletinlegal/consulta_actos.php?tipo=resoluciones&no=&usuario=&sector=&fecha=2018&resuelve=renovaci%F3n%20permiso HTTP/1.1" 200 626
172.22.2.4 - - [29/Apr/2022:13:34:59 -0500] "GET /BLA/boletinlegal/consulta_actos.php?tipo=autos&no=3958&usuario=&sector=&fecha=2014&resuelve= HTTP/1.1" 200 1117
201.245.192.253 - - [29/Apr/2022:13:35:01 -0500] "GET /BLA/resoluciones/AUTOS%202014/3958.pdf HTTP/1.1" 200 714553
172.22.2.4 - - [29/Apr/2022:13:35:02 -0500] "GET /BLA/boletinlegal/consulta_actos.php?tipo=resoluciones&no=&usuario=&sector=&fecha=2017&resuelve=renovaci%F3n%20permiso HTTP/1.1" 200 626
172.22.2.4 - - [29/Apr/2022:13:35:03 -0500] "GET /BLA/boletinlegal/consulta_actos.php?tipo=resoluciones&no=&usuario=&sector=&fecha=2017&resuelve=renovaci%F3n%20permiso HTTP/1.1" 200 626
172.22.2.4 - - [29/Apr/2022:13:35:12 -0500] "GET /BLA/boletinlegal/consulta_actos.php?tipo=resoluciones&no=&usuario=&sector=&fecha=2017&resuelve=renueva%20permiso HTTP/1.1" 200 626
172.22.2.4 - - [29/Apr/2022:13:35:14 -0500] "GET /BLA/boletinlegal/consulta_actos.php?tipo=resoluciones&no=&usuario=&sector=&fecha=2017&resuelve=renueva%20permiso HTTP/1.1" 200 626
172.22.2.4 - - [29/Apr/2022:13:35:14 -0500] "GET /BLA/boletinlegal/consulta_actos.php?tipo=resoluciones&no=&usuario=&sector=&fecha=2017&resuelve=renueva%20permiso HTTP/1.1" 200 626
172.22.2.4 - - [29/Apr/2022:13:35:25 -0500] "GET /BLA/boletinlegal/consulta_actos.php?tipo=resoluciones&no=&usuario=&sector=&fecha=2017&resuelve=renovar%20permiso HTTP/1.1" 200 626
172.22.2.4 - - [29/Apr/2022:13:34:42 -0500] "GET /BLA/boletinlegal/ HTTP/1.1" 200 32715
172.22.2.4 - - [29/Apr/2022:13:35:29 -0500] "GET /BLA/boletinlegal/consulta_actos.php?tipo=resoluciones&no=&usuario=&sector=&fecha=2018&resuelve=renovar%20permiso HTTP/1.1" 200 626
172.22.2.4 - - [29/Apr/2022:13:35:31 -0500] "GET /BLA/boletinlegal/consulta_actos.php?tipo=resoluciones&no=&usuario=&sector=&fecha=2018&resuelve=renovar%20permiso HTTP/1.1" 200 626
216.245.221.92 - - [29/Apr/2022:13:35:32 -0500] "HEAD / HTTP/1.1" 200 -
172.22.2.4 - - [29/Apr/2022:13:35:37 -0500] "GET /BLA/boletinlegal/consulta_actos.php?tipo=resoluciones&no=0305&usuario=&sector=&fecha=2021&resuelve= HTTP/1.1" 200 1144
172.22.2.4 - - [29/Apr/2022:13:35:44 -0500] "GET /BLA/boletinlegal/consulta_actos.php?tipo=resoluciones&no=&usuario=&sector=&fecha=2018&resuelve=permiso HTTP/1.1" 200 98742
172.22.2.4 - - [29/Apr/2022:13:34:50 -0500] "HEAD /BLA/boletinlegal/ HTTP/1.1" 200 -
172.22.2.4 - - [29/Apr/2022:13:36:32 -0500] "GET /BLA/boletinlegal/consulta_actos.php?tipo=resoluciones&no=&usuario=&sector=&fecha=2019&resuelve=permiso HTTP/1.1" 200 39648
172.22.2.4 - - [29/Apr/2022:13:35:40 -0500] "GET /BLA/boletinlegal/ HTTP/1.1" 200 60486
186.80.174.201 - - [29/Apr/2022:13:37:42 -0500] "GET /sipse/faces/faces/autenticacion.xhtml HTTP/1.1" 200 12493
186.80.174.201 - - [29/Apr/2022:13:37:42 -0500] "GET /sipse/faces/javax.faces.resource/layout/layout.css;jsessionid=nP8OcllXmK8FQVcnr5acqJnR.undefined?ln=primefaces&v=4.0 HTTP/1.1" 200 542
186.80.174.201 - - [29/Apr/2022:13:37:42 -0500] "GET /sipse/faces/javax.faces.resource/primefaces.css;jsessionid=nP8OcllXmK8FQVcnr5acqJnR.undefined?ln=primefaces&v=4.0 HTTP/1.1" 200 53295
186.80.174.201 - - [29/Apr/2022:13:37:42 -0500] "GET /sipse/js/disable_browser_buttons.js HTTP/1.1" 200 3230
186.80.174.201 - - [29/Apr/2022:13:37:42 -0500] "GET /sipse/js/funciones.js HTTP/1.1" 200 12592
186.80.174.201 - - [29/Apr/2022:13:37:43 -0500] "GET /sipse/css/custom_css_sg.css HTTP/1.1" 200 9694
186.80.174.201 - - [29/Apr/2022:13:37:43 -0500] "GET /sipse/css/custom_css_sg_prime_login.css HTTP/1.1" 200 443
186.80.174.201 - - [29/Apr/2022:13:37:42 -0500] "GET /sipse/faces/javax.faces.resource/layout/layout.js;jsessionid=nP8OcllXmK8FQVcnr5acqJnR.undefined?ln=primefaces&v=4.0 HTTP/1.1" 200 87560
186.80.174.201 - - [29/Apr/2022:13:37:43 -0500] "GET /sipse/faces/javax.faces.resource/theme.css?ln=primefaces-sipse HTTP/1.1" 304 -
186.80.174.201 - - [29/Apr/2022:13:37:42 -0500] "GET /sipse/faces/javax.faces.resource/jquery/jquery.js;jsessionid=nP8OcllXmK8FQVcnr5acqJnR.undefined?ln=primefaces&v=4.0 HTTP/1.1" 200 105384
186.80.174.201 - - [29/Apr/2022:13:37:42 -0500] "GET /sipse/faces/javax.faces.resource/jquery/jquery-plugins.js;jsessionid=nP8OcllXmK8FQVcnr5acqJnR.undefined?ln=primefaces&v=4.0 HTTP/1.1" 200 220526
186.80.174.201 - - [29/Apr/2022:13:37:42 -0500] "GET /sipse/faces/javax.faces.resource/primefaces.js;jsessionid=nP8OcllXmK8FQVcnr5acqJnR.undefined?ln=primefaces&v=4.0 HTTP/1.1" 200 276924
186.80.174.201 - - [29/Apr/2022:13:37:43 -0500] "GET /sipse/faces/javax.faces.resource/images/ui-icons_898989_256x240.png?ln=primefaces-aristo HTTP/1.1" 200 5355
186.80.174.201 - - [29/Apr/2022:13:37:43 -0500] "GET /sipse/css/imagen/logoSDG.png HTTP/1.1" 200 53064
186.80.174.201 - - [29/Apr/2022:13:37:43 -0500] "GET /sipse/css/imagen/loginimg.png HTTP/1.1" 200 71635
186.80.174.201 - - [29/Apr/2022:13:37:44 -0500] "GET /sipse/faces/faces/index.xhtml HTTP/1.1" 200 677
186.80.174.201 - - [29/Apr/2022:13:37:44 -0500] "GET /sipse/faces/javax.faces.resource/theme.css?ln=primefaces-sipse HTTP/1.1" 304 -
186.80.174.201 - - [29/Apr/2022:13:37:44 -0500] "GET /sipse/faces/faces/faces/autenticacion.xhtml HTTP/1.1" 200 12171
186.80.174.201 - - [29/Apr/2022:13:37:44 -0500] "GET /sipse/faces/javax.faces.resource/theme.css?ln=primefaces-sipse HTTP/1.1" 304 -
186.80.174.201 - - [29/Apr/2022:13:37:44 -0500] "GET /sipse/faces/javax.faces.resource/primefaces.css?ln=primefaces&v=4.0 HTTP/1.1" 304 -
186.80.174.201 - - [29/Apr/2022:13:37:44 -0500] "GET /sipse/faces/javax.faces.resource/layout/layout.css?ln=primefaces&v=4.0 HTTP/1.1" 304 -
186.80.174.201 - - [29/Apr/2022:13:37:44 -0500] "GET /sipse/faces/javax.faces.resource/jquery/jquery.js?ln=primefaces&v=4.0 HTTP/1.1" 304 -
186.80.174.201 - - [29/Apr/2022:13:37:44 -0500] "GET /sipse/faces/javax.faces.resource/jquery/jquery-plugins.js?ln=primefaces&v=4.0 HTTP/1.1" 304 -
186.80.174.201 - - [29/Apr/2022:13:37:44 -0500] "GET /sipse/faces/javax.faces.resource/primefaces.js?ln=primefaces&v=4.0 HTTP/1.1" 304 -
186.80.174.201 - - [29/Apr/2022:13:37:44 -0500] "GET /sipse/faces/javax.faces.resource/layout/layout.js?ln=primefaces&v=4.0 HTTP/1.1" 304 -
186.80.174.201 - - [29/Apr/2022:13:37:45 -0500] "GET /sipse/faces/javax.faces.resource/images/ui-icons_898989_256x240.png?ln=primefaces-aristo HTTP/1.1" 304 -
172.22.2.4 - - [29/Apr/2022:13:37:46 -0500] "GET /BLA/boletinlegal/consulta_actos.php?tipo=resoluciones&no=&usuario=&sector=&fecha=2020&resuelve=permiso HTTP/1.1" 200 18086
186.80.174.201 - - [29/Apr/2022:13:37:49 -0500] "POST /sipse/faces/autenticacion.xhtml HTTP/1.1" 200 2219
186.80.174.201 - - [29/Apr/2022:13:37:49 -0500] "GET /sipse/faces/javax.faces.resource/messages/messages.png?ln=primefaces&v=4.0 HTTP/1.1" 304 -
186.80.174.201 - - [29/Apr/2022:13:37:50 -0500] "POST /sipse/faces/autenticacion.xhtml HTTP/1.1" 200 16244
186.80.174.201 - - [29/Apr/2022:13:37:51 -0500] "GET /sipse/css/custom_css_sg_prime.css HTTP/1.1" 200 5201
186.80.174.201 - - [29/Apr/2022:13:37:51 -0500] "GET /sipse/js/jquery.min.js HTTP/1.1" 200 85582
186.80.174.201 - - [29/Apr/2022:13:37:51 -0500] "GET /sipse/faces/javax.faces.resource/jquery/jquery.js?ln=primefaces&v=4.0 HTTP/1.1" 304 -
186.80.174.201 - - [29/Apr/2022:13:37:51 -0500] "GET /sipse/faces/javax.faces.resource/jquery/jquery-plugins.js?ln=primefaces&v=4.0 HTTP/1.1" 304 -
186.80.174.201 - - [29/Apr/2022:13:37:51 -0500] "GET /sipse/faces/javax.faces.resource/primefaces.js?ln=primefaces&v=4.0 HTTP/1.1" 304 -
186.80.174.201 - - [29/Apr/2022:13:37:51 -0500] "GET /sipse/faces/javax.faces.resource/layout/layout.js?ln=primefaces&v=4.0 HTTP/1.1" 304 -
186.80.174.201 - - [29/Apr/2022:13:37:51 -0500] "GET /sipse/imagenes/cargando.gif HTTP/1.1" 200 36959
186.80.174.201 - - [29/Apr/2022:13:37:51 -0500] "GET /sipse/css/imagen/contrasena.png HTTP/1.1" 404 383
186.80.174.201 - - [29/Apr/2022:13:37:51 -0500] "GET /sipse/imagenes/logoAplicacion.jpg HTTP/1.1" 200 155084
186.80.174.201 - - [29/Apr/2022:13:37:53 -0500] "POST /sipse/faces/bienvenido.xhtml HTTP/1.1" 200 2658
186.80.174.201 - - [29/Apr/2022:13:37:53 -0500] "GET /sipse/faces/javax.faces.resource/images/ui-bg_flat_0_2d5972_40x100.png?ln=primefaces-aristo HTTP/1.1" 304 -
186.80.174.201 - - [29/Apr/2022:13:37:54 -0500] "POST /sipse/faces/bienvenido.xhtml HTTP/1.1" 200 61185
186.80.174.201 - - [29/Apr/2022:13:37:55 -0500] "GET /sipse/faces/javax.faces.resource/jquery/jquery.js?ln=primefaces&v=4.0 HTTP/1.1" 304 -
186.80.174.201 - - [29/Apr/2022:13:37:56 -0500] "GET /sipse/faces/javax.faces.resource/jquery/jquery-plugins.js?ln=primefaces&v=4.0 HTTP/1.1" 304 -
186.80.174.201 - - [29/Apr/2022:13:37:57 -0500] "GET /sipse/faces/javax.faces.resource/primefaces.js?ln=primefaces&v=4.0 HTTP/1.1" 304 -
186.80.174.201 - - [29/Apr/2022:13:37:57 -0500] "GET /sipse/faces/javax.faces.resource/layout/layout.js?ln=primefaces&v=4.0 HTTP/1.1" 304 -
186.80.174.201 - - [29/Apr/2022:13:37:58 -0500] "POST /sipse/faces/presentacion/financiero/solicitudProceso/listarSolicitudProceso.xhtml HTTP/1.1" 200 1444
157.55.39.145 - - [29/Apr/2022:13:38:47 -0500] "GET /sipse/faces/javax.faces.resource/jquery/jquery.js;jsessionid=diqqgv7sssffhs4v11mku0en.undefined?ln=primefaces&v=4.0 HTTP/1.1" 200 105384
157.55.39.145 - - [29/Apr/2022:13:38:49 -0500] "GET /sipse/faces/javax.faces.resource/primefaces.js;jsessionid=diqqgv7sssffhs4v11mku0en.undefined?ln=primefaces&v=4.0 HTTP/1.1" 200 276924
172.22.2.4 - - [29/Apr/2022:13:39:16 -0500] "GET /BLA/boletinlegal/consulta_actos.php?tipo=resoluciones&no=&usuario=&sector=&fecha=2021&resuelve=permiso HTTP/1.1" 200 31054
66.249.70.45 - - [29/Apr/2022:13:39:48 -0500] "-" 408 -
172.22.2.4 - - [29/Apr/2022:13:40:30 -0500] "GET /BLA/boletinlegal/consulta_actos.php?tipo=resoluciones&no=&usuario=&sector=&fecha=2022&resuelve=permiso HTTP/1.1" 200 6257
216.245.221.92 - - [29/Apr/2022:13:40:32 -0500] "HEAD / HTTP/1.1" 200 -
181.50.66.4 - - [29/Apr/2022:13:40:44 -0500] "GET /appsia/controlador HTTP/1.1" 200 4799
181.50.66.4 - - [29/Apr/2022:13:40:44 -0500] "GET /appsia/css/estilos.css HTTP/1.1" 200 4804
181.50.66.4 - - [29/Apr/2022:13:40:44 -0500] "GET /appsia/scripts/validarIngreso.js HTTP/1.1" 200 851
181.50.140.133 - - [29/Apr/2022:13:40:49 -0500] "GET /BLA/resoluciones/RESOLUCIONES%202022/0153.pdf HTTP/1.1" 200 580589
181.50.66.4 - - [29/Apr/2022:13:40:54 -0500] "GET /appsia/images/cabezoteHojaVida.png HTTP/1.1" 200 32493
181.50.66.4 - - [29/Apr/2022:13:40:59 -0500] "GET /appsia/images/logo_bogota_p.png HTTP/1.1" 200 14951
172.22.2.4 - - [29/Apr/2022:13:41:06 -0500] "GET /BLA/boletinlegal/consulta_actos.php?tipo=resoluciones&no=0304&usuario=&sector=&fecha=2021&resuelve= HTTP/1.1" 200 626
172.22.2.4 - - [29/Apr/2022:13:41:21 -0500] "GET /BLA/boletinlegal/consulta_actos.php?tipo=resoluciones&no=0304&usuario=&sector=&fecha=2021&resuelve= HTTP/1.1" 200 626
172.22.2.4 - - [29/Apr/2022:13:41:22 -0500] "GET /BLA/boletinlegal/consulta_actos.php?tipo=resoluciones&no=0304&usuario=&sector=&fecha=2021&resuelve= HTTP/1.1" 200 626
157.55.39.141 - - [29/Apr/2022:13:41:52 -0500] "GET /bla/resoluciones/autos%202010/3616.pdf HTTP/1.1" 200 2463714
181.50.66.4 - - [29/Apr/2022:13:42:04 -0500] "POST /appsia/controlador HTTP/1.1" 200 5437
181.50.66.4 - - [29/Apr/2022:13:42:12 -0500] "POST /appsia/controlador HTTP/1.1" 200 3238
181.50.66.4 - - [29/Apr/2022:13:42:12 -0500] "GET /appsia/jscripts/validarSolicitud.js HTTP/1.1" 404 68
181.50.66.4 - - [29/Apr/2022:13:42:19 -0500] "POST /appsia/controlador HTTP/1.1" 200 7726
172.22.2.4 - - [29/Apr/2022:13:40:40 -0500] "HEAD /BLA/boletinlegal/ HTTP/1.1" 200 -
181.50.66.4 - - [29/Apr/2022:13:42:19 -0500] "GET /appsia/images/logo_escudo.png HTTP/1.1" 200 36965
172.22.2.4 - - [29/Apr/2022:13:41:30 -0500] "GET /BLA/boletinlegal/ HTTP/1.1" 200 59170
201.245.192.253 - - [29/Apr/2022:13:42:50 -0500] "POST /kwsrmcab/Wsrmcab HTTP/1.1" 200 40034
173.252.87.21 - - [29/Apr/2022:13:43:58 -0500] "GET /pagina-y-servicios-web-de-la-secretaria-de-ambiente-no-estaran-disponibles-algunas-horas-de-este-sabado-30-de-abril.html?fbclid=IwAR2GjnYdbYQVVqs_bZJF8RSRv5MzUx0sXf9wSjD36XkdgtVFJsbOA2LUzb0 HTTP/1.1" 200 977
34.194.141.3 - - [29/Apr/2022:13:44:14 -0500] "GET /galeria/galeria/fotos/mirador4P.jpg HTTP/1.1" 200 11757
201.245.192.253 - - [29/Apr/2022:13:43:42 -0500] "POST /kwsrmcab/Wsrmcab HTTP/1.1" 200 45765
216.245.221.92 - - [29/Apr/2022:13:45:32 -0500] "HEAD / HTTP/1.1" 200 -
186.112.155.166 - - [29/Apr/2022:13:46:07 -0500] "GET /catalogoisis/ HTTP/1.1" 200 8575
186.102.32.53 - - [29/Apr/2022:13:46:51 -0500] "OPTIONS /kwssiamovil/sm/setfile/f? HTTP/1.1" 200 13
195.39.160.73 - - [29/Apr/2022:13:46:53 -0500] "HEAD /pagina-y-servicios-web-de-la-secretaria-de-ambiente-no-estaran-disponibles-algunas-horas-de-este-sabado-30-de-abril.html HTTP/1.1" 200 -
186.102.32.53 - - [29/Apr/2022:13:46:51 -0500] "POST /kwssiamovil/sm/setfile/f? HTTP/1.1" 200 381
186.102.32.53 - - [29/Apr/2022:13:47:01 -0500] "OPTIONS /kwssiamovil/sm/setfile/f? HTTP/1.1" 200 13
186.102.32.53 - - [29/Apr/2022:13:47:01 -0500] "POST /kwssiamovil/sm/setfile/f? HTTP/1.1" 200 381
186.102.32.53 - - [29/Apr/2022:13:47:21 -0500] "OPTIONS /kwssiamovil/sm/setfile/f? HTTP/1.1" 200 13
181.61.164.108 - - [29/Apr/2022:13:47:23 -0500] "GET /BLA/resoluciones/index.php?dir=RESOLUCIONES+2006%2FRES+2006+2451-2500%2F HTTP/1.1" 200 12154
181.61.164.108 - - [29/Apr/2022:13:47:24 -0500] "GET /BLA/resoluciones/RESOLUCIONES%202006/RES%202006%202451-2500/00002451.tif HTTP/1.1" 200 348306
181.61.164.108 - - [29/Apr/2022:13:47:25 -0500] "GET /BLA/resoluciones/RESOLUCIONES%202006/RES%202006%202451-2500/00002452.tif HTTP/1.1" 200 169244
181.61.164.108 - - [29/Apr/2022:13:47:26 -0500] "GET /BLA/resoluciones/RESOLUCIONES%202006/RES%202006%202451-2500/00002453.tif HTTP/1.1" 200 252486
181.61.164.108 - - [29/Apr/2022:13:47:27 -0500] "GET /BLA/resoluciones/RESOLUCIONES%202006/RES%202006%202451-2500/00002454.tif HTTP/1.1" 200 244090
181.61.164.108 - - [29/Apr/2022:13:47:28 -0500] "GET /BLA/resoluciones/RESOLUCIONES%202006/RES%202006%202451-2500/00002455.tif HTTP/1.1" 200 300964
181.61.164.108 - - [29/Apr/2022:13:47:28 -0500] "GET /BLA/resoluciones/RESOLUCIONES%202006/RES%202006%202451-2500/00002456.tif HTTP/1.1" 200 243612
181.61.164.108 - - [29/Apr/2022:13:47:29 -0500] "GET /BLA/resoluciones/RESOLUCIONES%202006/RES%202006%202451-2500/00002457.tif HTTP/1.1" 200 40202
181.61.164.108 - - [29/Apr/2022:13:47:30 -0500] "GET /BLA/resoluciones/RESOLUCIONES%202006/RES%202006%202451-2500/00002459.tif HTTP/1.1" 200 53408
181.61.164.108 - - [29/Apr/2022:13:47:30 -0500] "GET /BLA/resoluciones/RESOLUCIONES%202006/RES%202006%202451-2500/00002460.tif HTTP/1.1" 200 65620
181.61.164.108 - - [29/Apr/2022:13:47:31 -0500] "GET /BLA/resoluciones/RESOLUCIONES%202006/RES%202006%202451-2500/00002461.tif HTTP/1.1" 200 34368
181.61.164.108 - - [29/Apr/2022:13:47:32 -0500] "GET /BLA/resoluciones/RESOLUCIONES%202006/RES%202006%202451-2500/00002462.tif HTTP/1.1" 200 35506
186.102.32.53 - - [29/Apr/2022:13:47:22 -0500] "POST /kwssiamovil/sm/setfile/f? HTTP/1.1" 200 381
181.61.164.108 - - [29/Apr/2022:13:47:33 -0500] "GET /BLA/resoluciones/RESOLUCIONES%202006/RES%202006%202451-2500/00002463.tif HTTP/1.1" 200 21280
186.102.32.53 - - [29/Apr/2022:13:47:33 -0500] "OPTIONS /kwssiamovil/sm/setfile/f? HTTP/1.1" 200 13
181.61.164.108 - - [29/Apr/2022:13:47:33 -0500] "GET /BLA/resoluciones/RESOLUCIONES%202006/RES%202006%202451-2500/00002464.tif HTTP/1.1" 200 105738
181.61.164.108 - - [29/Apr/2022:13:47:34 -0500] "GET /BLA/resoluciones/RESOLUCIONES%202006/RES%202006%202451-2500/00002465.tif HTTP/1.1" 200 1255260
181.61.164.108 - - [29/Apr/2022:13:47:35 -0500] "GET /BLA/resoluciones/RESOLUCIONES%202006/RES%202006%202451-2500/00002466.tif HTTP/1.1" 200 93682
181.61.164.108 - - [29/Apr/2022:13:47:38 -0500] "GET /BLA/resoluciones/RESOLUCIONES%202006/RES%202006%202451-2500/00002467.tif HTTP/1.1" 200 96900
181.61.164.108 - - [29/Apr/2022:13:47:39 -0500] "GET /BLA/resoluciones/RESOLUCIONES%202006/RES%202006%202451-2500/00002468.tif HTTP/1.1" 200 98172
181.61.164.108 - - [29/Apr/2022:13:47:39 -0500] "GET /BLA/resoluciones/RESOLUCIONES%202006/RES%202006%202451-2500/00002469.tif HTTP/1.1" 200 98824
181.61.164.108 - - [29/Apr/2022:13:47:40 -0500] "GET /BLA/resoluciones/RESOLUCIONES%202006/RES%202006%202451-2500/00002470.tif HTTP/1.1" 200 93868
181.61.164.108 - - [29/Apr/2022:13:47:41 -0500] "GET /BLA/resoluciones/RESOLUCIONES%202006/RES%202006%202451-2500/00002471.tif HTTP/1.1" 200 224744
181.61.164.108 - - [29/Apr/2022:13:47:42 -0500] "GET /BLA/resoluciones/RESOLUCIONES%202006/RES%202006%202451-2500/00002472.tif HTTP/1.1" 200 309932
181.61.164.108 - - [29/Apr/2022:13:47:43 -0500] "GET /BLA/resoluciones/RESOLUCIONES%202006/RES%202006%202451-2500/00002473.tif HTTP/1.1" 200 241834
181.61.164.108 - - [29/Apr/2022:13:47:44 -0500] "GET /BLA/resoluciones/RESOLUCIONES%202006/RES%202006%202451-2500/00002474.tif HTTP/1.1" 200 476550
181.61.164.108 - - [29/Apr/2022:13:47:44 -0500] "GET /BLA/resoluciones/RESOLUCIONES%202006/RES%202006%202451-2500/00002475.tif HTTP/1.1" 200 239388
181.61.164.108 - - [29/Apr/2022:13:47:45 -0500] "GET /BLA/resoluciones/RESOLUCIONES%202006/RES%202006%202451-2500/00002476.tif HTTP/1.1" 200 95052
186.102.32.53 - - [29/Apr/2022:13:47:34 -0500] "POST /kwssiamovil/sm/setfile/f? HTTP/1.1" 200 381
181.61.164.108 - - [29/Apr/2022:13:47:49 -0500] "GET /BLA/resoluciones/RESOLUCIONES%202006/RES%202006%202451-2500/00002477.tif HTTP/1.1" 200 254728
181.61.164.108 - - [29/Apr/2022:13:47:49 -0500] "GET /BLA/resoluciones/RESOLUCIONES%202006/RES%202006%202451-2500/00002478.tif HTTP/1.1" 200 229296
181.61.164.108 - - [29/Apr/2022:13:47:50 -0500] "GET /BLA/resoluciones/RESOLUCIONES%202006/RES%202006%202451-2500/00002479.tif HTTP/1.1" 200 213496
181.61.164.108 - - [29/Apr/2022:13:47:51 -0500] "GET /BLA/resoluciones/RESOLUCIONES%202006/RES%202006%202451-2500/00002480.tif HTTP/1.1" 200 243590
181.61.164.108 - - [29/Apr/2022:13:47:52 -0500] "GET /BLA/resoluciones/RESOLUCIONES%202006/RES%202006%202451-2500/00002481.tif HTTP/1.1" 200 199214
181.61.164.108 - - [29/Apr/2022:13:47:53 -0500] "GET /BLA/resoluciones/RESOLUCIONES%202006/RES%202006%202451-2500/00002482.tif HTTP/1.1" 200 112668
181.61.164.108 - - [29/Apr/2022:13:47:54 -0500] "GET /BLA/resoluciones/RESOLUCIONES%202006/RES%202006%202451-2500/00002483.tif HTTP/1.1" 200 266744
181.61.164.108 - - [29/Apr/2022:13:48:02 -0500] "GET /BLA/resoluciones/RESOLUCIONES%202006/RES%202006%202451-2500/00002484.tif HTTP/1.1" 200 113224
181.61.164.108 - - [29/Apr/2022:13:48:03 -0500] "GET /BLA/resoluciones/RESOLUCIONES%202006/RES%202006%202451-2500/00002485.tif HTTP/1.1" 200 202160
181.61.164.108 - - [29/Apr/2022:13:48:04 -0500] "GET /BLA/resoluciones/RESOLUCIONES%202006/RES%202006%202451-2500/00002486.tif HTTP/1.1" 200 236462
181.61.164.108 - - [29/Apr/2022:13:48:04 -0500] "GET /BLA/resoluciones/RESOLUCIONES%202006/RES%202006%202451-2500/00002487.tif HTTP/1.1" 200 114720
186.102.32.53 - - [29/Apr/2022:13:48:05 -0500] "GET /kwssiamovil/sm/acme/a?s=U2FsdGVkX18y+vNdtacRH9Y07+LOyy6KojTV/MFCJ0KxgIxE/j2OGcJcIUsgfDTsmM2F/j+L2Bb1iUXDmUfauDK3CZ2eA9kjPdIxnsrcnJhiq/As/Ctk8JuEywxOGpbi0nh/oyvl2vHp0CQAN11j9y4HWJl6p7xtFW/VELZwi5HLmn8AvZv5loZYF/XGj1k/xrbfY8cz0JgkNNgrKV7vQrqxeQoCD94KsNPk2RI3kUW2J3PUnlHdr3lAnKYvbUAhKgYfzQI6XWqcZ6ESTdSZIg==&u=U2FsdGVkX1+KIRaIxtitkoBYFGgKPP+Gbn5VHsLemjU=&y=U2FsdGVkX1+5wPCJNHZXV1TnWOFvfHaiuyipRtlpa1g= HTTP/1.1" 200 25
186.102.32.53 - - [29/Apr/2022:13:48:05 -0500] "GET /kwssiamovil/sm/acme/a?s=U2FsdGVkX1+Hu9F3fbEHnVZXxrMhXwsmR3llJ3MUqV47wI+B5x51mOVwq4D8/uJT28cLCRQJG8YQ7tENqc34en4ykB4tfMSrNy04gjLyxsfZkNZiM+UT5yBXHGqdXeARYWixVJr7LnooqFUhXMrtP+yTjh9T8UJ86WDycBpA327Co8PRSJxiMRcHJKmFlrVxwPqx1nQuxWxSwKBTkI+kxIfnth+MbpEz8e22+EFhfHeFds9FBRzogQ4394kSeqEU9KXFBZsDJAcIEhyyeeupMLbVv7k2/d19IdsZXqBucZ2LsnxihZNK1V/mhHSK6qOTUIvfDrUzYy7QGHfXwviYJqaDDlJrQOMCDxDJ/oS2Jxd6ld0YAZvzuzsARU+O1ULuRCcqSgsV2+KqBOyBClvlX2zFMNgZkLRvyZtzsySW6w2QZnUFtIhqG0g0VWMenu0ZEIHEPtBpb8JTpUrM28xb46Sx1Gqfz4hKhZ3Ux1FiWvqo5yM8yFVk5fxw6Y+aW5Gk1xrsEn87fLMrUoevt3VangK3r4xlholRoa0SXLYvaOsSzot2l97BJ4I42UzhcQxpX69dE02uvDHOmqw5hXQE6HUB0tPClo/SwH+g3fGwc8OQCWrr292fyUH9gwIuVl/9Y1i31r7EZdBGz/X786fsKoz0TKzRdiNSVMWyGnfcVgZbeOISIAm60tOJ+RCOK1qpzXQ7rcnc8yC/zP6ErD6O5Accbcwrt0N7XfnWjNqJf9Q5ON9r7rxqv7ppAC8qD+t0sj+SS2XxWUsOlDdDLWiVnqNJ6z3P8GYSA6yriIhv7YrNbyEx0SveNIdBHuB1CLzJGyeE3S+eM9S+pQxDTDqDAxFbPomYAu3Mr1gfeBw8fUR3dGfLj5mP+Cp/krRj2Wx0yc7YiweBz5XYEO+LLj1sV8vCFf0BJPy23TL13evJOuc4SkNKVlp+LyNpzCzNR1ofjKXribLys6Y0VLQL3yB22E1w1O4YHLCS2zJqS3j1UQ/gm1rbdEVWofQT52uv72Kc043UP+Fgcncy1FFY8hJ6lKhJgU7Ae8f5d3C71Ti+WwRYflYrYogy/pHTP80BdGxvueCrv04UTTJhrLrnGgrPgsxx7zj6/5777W9MhOyPADjFEkJ6j0q+WpR3gqFAk+x34mDeukQfJHtkz1nBQf55QWH/bEs8CDMQkjkV44QFv9jmBDcRJoUBBa9k7vfDFCxR8SP7OtH6kqrpLeq7N7IEg7ewn8SF/gz25LVIXUh7EPfl7ltUDXxteddqcnMXXIFuD7ojMinT8RSizK8KZzWc6Zpuja5AjSt66mGEqo1K4lLWn2bYJLkVJBXoP48KK9v9ed18t3iR9BF7eOks3kSXaaSA3h6ig+oRb7drWeAn3A8FUwuPJjybwh8eqol2lgYFxHWmHE6XfepuEFgTWXVbLeckv3RUWniuNnCfrtvRX/6iaMSkQIyisWxZ/DLrBap6ABL3Q0SXX3tjjGDrNyS4ipgWSUBcaIeMmPo4VXFD7bsnznv/m+rf0r7h+oDe23JXBaGBIlZcP0l33LmvuCcYWQ/JcrE1Q5VH7ye8mbK11jOyd3Pj9gRXfG+2zth13u4ckWApZkPp/+tuo+l4eQk9n9PVekALRDkJ5sMs6pPHa/mbD3iJRvj9jG4qE8wLsMN3dq+AuSEEFRLx4IVoeMw7lfQEfZCcHTG3UkqOl2NYUb8a3DOigw0oQgmAhQqtWrvcIf8P7XpWlvZLY7IyZswtrZ037YCf906LodsKbzO91/wTlpvL+ZWDGUUlrrQxS1dYQs1/5+5rxxDFMCMktKWk6anUARSDDwOP/qSfpaGU8JLV2mpwe/QOnlMUIoyTRcLwC26PW973fZaFtchhpdkZIVrRO/kJt6v2Xxa6fyVI99dqe+jATeKlNV4mWRdKZYH6J78SMGobnjS3kHjB8XNGtQQBJKXU4RuJ6lVabIGLiCo=&u=U2FsdGVkX1+KIRaIxtitkoBYFGgKPP+Gbn5VHsLemjU=&y=U2FsdGVkX1+5wPCJNHZXV1TnWOFvfHaiuyipRtlpa1g= HTTP/1.1" 200 25
181.61.164.108 - - [29/Apr/2022:13:48:05 -0500] "GET /BLA/resoluciones/RESOLUCIONES%202006/RES%202006%202451-2500/00002488.tif HTTP/1.1" 200 204310
186.102.32.53 - - [29/Apr/2022:13:48:05 -0500] "GET /kwssiamovil/sm/acme/a?s=U2FsdGVkX19ow6YtM6hQ24bnxRro3luVttI8vOKuV9sEqo/w3KMGjXRMiCAX0WitBVRR+31Dq2TC+hbepiBsQ/ctTYs5TsEsS+EJKflXZsBsUYuUum+HtrBpMrZ/mAICSsLsF4o1YXR08yVdwqZYyMB0Aru3sfGdQii3rArThLY=&u=U2FsdGVkX1+KIRaIxtitkoBYFGgKPP+Gbn5VHsLemjU=&y=U2FsdGVkX1+5wPCJNHZXV1TnWOFvfHaiuyipRtlpa1g= HTTP/1.1" 200 25
186.102.32.53 - - [29/Apr/2022:13:48:05 -0500] "GET /kwssiamovil/sm/acme/a?s=U2FsdGVkX1/WU8g7JMi6K41QHaObHqnzZWnL2L2u80AenmvU4H2QTbrfgd5slPCpdEcCx3jxA+znWUFdGK5WoP4yp8j7X1kOyMJwRAIerg/6wvu4B3D4Luz5sqGoMn+2bxWoL7PxW+qJ6iv8IX7pp6RImpBJK8cV3HPO6OgcSPU=&u=U2FsdGVkX1+KIRaIxtitkoBYFGgKPP+Gbn5VHsLemjU=&y=U2FsdGVkX1+5wPCJNHZXV1TnWOFvfHaiuyipRtlpa1g= HTTP/1.1" 200 25
186.102.32.53 - - [29/Apr/2022:13:48:06 -0500] "GET /kwssiamovil/sm/acme/a?s=U2FsdGVkX18jUGvLHAKuOGWqvgdodcCT0efurcBlNtHPZwN9yaEB225F+1/XFGUZiSH/cviiToiZ9yBEteESxOLUlHxGBbrX4DowV0+OFrilII1Eg+Yfh/7A+YtR34AGgIWAvDBbvTvFNmu95FgFG1fq/+3Vo1YEVPbIjpTrjtA=&u=U2FsdGVkX1+KIRaIxtitkoBYFGgKPP+Gbn5VHsLemjU=&y=U2FsdGVkX1+5wPCJNHZXV1TnWOFvfHaiuyipRtlpa1g= HTTP/1.1" 200 25
186.102.32.53 - - [29/Apr/2022:13:48:06 -0500] "GET /kwssiamovil/sm/acme/a?s=U2FsdGVkX19aRmbPiIkjFbimA0fXyTeyJKUo1WOGbtKtKfrZKCzNJOQVXVJ4xVFHazj87b0oa35aAX663TQbEU/R32qv2yjDte84Iz/VZAundYwyglRImxG64RjTwwyyQlaC+h4w+o2uUAQ9ZBnvecemLbqD+l2TnR47STPauxI1zeKIWL9Gavbi9fdDUb7M&u=U2FsdGVkX1+KIRaIxtitkoBYFGgKPP+Gbn5VHsLemjU=&y=U2FsdGVkX1+5wPCJNHZXV1TnWOFvfHaiuyipRtlpa1g= HTTP/1.1" 200 25
181.61.164.108 - - [29/Apr/2022:13:48:06 -0500] "GET /BLA/resoluciones/RESOLUCIONES%202006/RES%202006%202451-2500/00002489.tif HTTP/1.1" 200 275250
186.102.32.53 - - [29/Apr/2022:13:48:06 -0500] "GET /kwssiamovil/sm/acme/a?s=U2FsdGVkX1+nUm8twI20ohWLlz+ix5x9dC39iMCl6CyXMii3lZwaZWqYUerKm7drrEU2w8z59J58jgC9QjIF5EXEfSjMfJ3wV5qp5UBjVQE1+vJfOG0PYClpv7hWwugRepmJQXTmIhYgq0HjOEUMonqh8xOBsuPYXOLaMXwxNr9jb9FSy8xfduQu6zfRwjNRPXunod3exZoZdwf2NsjFfw==&u=U2FsdGVkX1+KIRaIxtitkoBYFGgKPP+Gbn5VHsLemjU=&y=U2FsdGVkX1+5wPCJNHZXV1TnWOFvfHaiuyipRtlpa1g= HTTP/1.1" 200 25
186.102.32.53 - - [29/Apr/2022:13:48:06 -0500] "GET /kwssiamovil/sm/acme/a?s=U2FsdGVkX1+cAJrQ78j7FyKSkLtjPOVewEEAg9X0vRxdnQyjFfW9uGE+UMxJ2oh1CtLDYqJn0HbKDDXBxW+HgS2v81lGQ+T9FtCPiBkhtktyjcgAWHWEw5Yj/kmAq2hqNWJjGnhWlcs7NS+xxKa9VPo9/AEADs0VbnSBI1E3ZxO0fBNFQbhxfdfE5n7Q4lpIKSTwYxaoPKghSgxL2U2u/g==&u=U2FsdGVkX1+KIRaIxtitkoBYFGgKPP+Gbn5VHsLemjU=&y=U2FsdGVkX1+5wPCJNHZXV1TnWOFvfHaiuyipRtlpa1g= HTTP/1.1" 200 25
186.102.32.53 - - [29/Apr/2022:13:48:06 -0500] "GET /kwssiamovil/sm/acme/a?s=U2FsdGVkX1+qAdVfmzbpvbINBIInEj9uKSXYrHSdI94tHPkz7ILlOjoPNnJCxKos6nB8LmcUilXLInG4iTrVbJmgDRYzB4K7zIp7vKWkWTArcG4+YgcGEYdOXcWDMGFYlhvzNMZdlwPFlwIwZAB8RWwsIcvtd3KW7WBsiBKLJradCavwro3je6BZxpdqqNem4X8y9Bbom4s6Vf4Zb9TlAXB7jCrXDQLT3dzRhwbIJKQ=&u=U2FsdGVkX1+KIRaIxtitkoBYFGgKPP+Gbn5VHsLemjU=&y=U2FsdGVkX1+5wPCJNHZXV1TnWOFvfHaiuyipRtlpa1g= HTTP/1.1" 200 25
186.102.32.53 - - [29/Apr/2022:13:48:07 -0500] "GET /kwssiamovil/sm/acme/a?s=U2FsdGVkX1+4cYM2A96JDN8fryCMoi6fOZeZ5VWAudls5IdfJjmS9DQFqJz4UfZ/TelpOpFXAFWydwhdQDv/efUqXHg4XM0btpzrEIbifEW7YCNjmk/6LX36eHaA4B8AE4omG+rf3VQ6AUVjQnLUJjhqG/ZIQu8E2wbAmsmviCRusaPHUMmoikB430QEmqoC26xoWFShjdbCmDqXagpKOQ==&u=U2FsdGVkX1+KIRaIxtitkoBYFGgKPP+Gbn5VHsLemjU=&y=U2FsdGVkX1+5wPCJNHZXV1TnWOFvfHaiuyipRtlpa1g= HTTP/1.1" 200 25
181.61.164.108 - - [29/Apr/2022:13:48:07 -0500] "GET /BLA/resoluciones/RESOLUCIONES%202006/RES%202006%202451-2500/00002490.tif HTTP/1.1" 200 230598
186.102.32.53 - - [29/Apr/2022:13:48:07 -0500] "GET /kwssiamovil/sm/acme/a?s=U2FsdGVkX1+mM6A6Hwi0n/I2jmzliq43npRI83k0+/QrX1DCv6wwLUg3hNiLSDha0xZe1luv2t7QyoZ/tgP2vdyqQMhGTCtSEz39IWDbKRTt2vAgc3slzrfxeaZru5yOZ7sUMF//FwvE1MHitPMf1h7GM8dy8Gmr2Khg9K22lmJqhqY8XSgkZfVioZxnrqVS/9qX+3pOur9zB3btXMA1UhUg8YvM+awzB8kWdAqtnOM=&u=U2FsdGVkX1+KIRaIxtitkoBYFGgKPP+Gbn5VHsLemjU=&y=U2FsdGVkX1+5wPCJNHZXV1TnWOFvfHaiuyipRtlpa1g= HTTP/1.1" 200 25
186.102.32.53 - - [29/Apr/2022:13:48:07 -0500] "GET /kwssiamovil/sm/acme/a?s=U2FsdGVkX1/l4g6u9ruPY3AXUABAJW0jqCqm//mtiezwp2npGps65I7xZhkkv8IzfTP4Fn2cI7Ycjj5Fi3Tb1w0xAunjo8XjWFNamUIu4ywCfxugoOo4ruuBn0kMLxN5M1pa3/zFq96f7HnP9f8wAmvSOmgvGVyK8J3MrcPi2Tir7gYp8W8tdTzLIIkqTzMiHaqFnuiZT3uA03TEoKYR6A==&u=U2FsdGVkX1+KIRaIxtitkoBYFGgKPP+Gbn5VHsLemjU=&y=U2FsdGVkX1+5wPCJNHZXV1TnWOFvfHaiuyipRtlpa1g= HTTP/1.1" 200 25
186.102.32.53 - - [29/Apr/2022:13:48:07 -0500] "GET /kwssiamovil/sm/acme/a?s=U2FsdGVkX18YabgUTg6bPhLuC1/AugunBU9++kbYYXaWNij6bNV0fgGiZ2ruMA6YqG+6+aceKVslNLvZAV3Qi0oHNKCtfTcicZrDuuTI/VjnaS4HV+E5mUTdDBYkVVz6W01iE2WvvjO8xNTMfl3q/T/kt8+2cs7xHPpCUV8Gecn1gyE0zwDSsusXSMRtd4XUYI/HVF6wlh+6HdkiBHV4S/X7/qovlkd7g2A8MYIzNhQ=&u=U2FsdGVkX1+KIRaIxtitkoBYFGgKPP+Gbn5VHsLemjU=&y=U2FsdGVkX1+5wPCJNHZXV1TnWOFvfHaiuyipRtlpa1g= HTTP/1.1" 200 25
186.102.32.53 - - [29/Apr/2022:13:48:07 -0500] "GET /kwssiamovil/sm/acme/a?s=U2FsdGVkX18P8/yZHrD03Ec/Yf1/lJBLqX8uwdh5nQ6oW2+3dOECnGYmhmQiqonUBfA5wisxw7ED7VfuH7Hhgv0JUegy+hhLwZnjsd6IAp4U+fehmUPaEVWZxi2KhZw/flK2WC1oboFnrgEGYON4p7Idz2+VDkE0kPvP/rPAIkWAdvihOM8cQzXI0wgQy1Ua71LJkrp8cPMe8nIqrC5+bw==&u=U2FsdGVkX1+KIRaIxtitkoBYFGgKPP+Gbn5VHsLemjU=&y=U2FsdGVkX1+5wPCJNHZXV1TnWOFvfHaiuyipRtlpa1g= HTTP/1.1" 200 25
181.61.164.108 - - [29/Apr/2022:13:48:08 -0500] "GET /BLA/resoluciones/RESOLUCIONES%202006/RES%202006%202451-2500/00002491.tif HTTP/1.1" 200 175690
181.61.164.108 - - [29/Apr/2022:13:48:09 -0500] "GET /BLA/resoluciones/RESOLUCIONES%202006/RES%202006%202451-2500/00002492.tif HTTP/1.1" 200 177554
181.61.164.108 - - [29/Apr/2022:13:48:09 -0500] "GET /BLA/resoluciones/RESOLUCIONES%202006/RES%202006%202451-2500/00002493.tif HTTP/1.1" 200 235026
181.61.164.108 - - [29/Apr/2022:13:48:10 -0500] "GET /BLA/resoluciones/RESOLUCIONES%202006/RES%202006%202451-2500/00002494.tif HTTP/1.1" 200 227870
172.22.2.4 - - [29/Apr/2022:13:46:30 -0500] "HEAD /BLA/boletinlegal/ HTTP/1.1" 200 -
181.61.164.108 - - [29/Apr/2022:13:48:11 -0500] "GET /BLA/resoluciones/RESOLUCIONES%202006/RES%202006%202451-2500/00002495.tif HTTP/1.1" 200 225816
181.61.164.108 - - [29/Apr/2022:13:48:12 -0500] "GET /BLA/resoluciones/RESOLUCIONES%202006/RES%202006%202451-2500/00002496.tif HTTP/1.1" 200 209936
181.61.164.108 - - [29/Apr/2022:13:48:12 -0500] "GET /BLA/resoluciones/RESOLUCIONES%202006/RES%202006%202451-2500/00002497.tif HTTP/1.1" 200 114964
181.61.164.108 - - [29/Apr/2022:13:48:13 -0500] "GET /BLA/resoluciones/RESOLUCIONES%202006/RES%202006%202451-2500/00002498.tif HTTP/1.1" 200 200262
181.61.164.108 - - [29/Apr/2022:13:48:14 -0500] "GET /BLA/resoluciones/RESOLUCIONES%202006/RES%202006%202451-2500/00002499.tif HTTP/1.1" 200 144356
181.61.164.108 - - [29/Apr/2022:13:48:15 -0500] "GET /BLA/resoluciones/RESOLUCIONES%202006/RES%202006%202451-2500/00002500.tif HTTP/1.1" 200 170912
186.102.32.53 - - [29/Apr/2022:13:48:31 -0500] "GET /kwssiamovil/sm/acme/a?s=U2FsdGVkX1/dzINo92vJuU6K18A5QWvrjiWc5hv5hkUeR6FDoLTXT4IbvmwbglEsCE91mYsMR6YHdAFxjbHKRUriBjF5FXTHDfUnmM2Q1Cy8kBU1woXnVsWgRko4rGHEAawOca5AlwBvjpsmihzyPtdgr12azBNLDwmZsBw3FdyQ5/3lB2WruoVHSmHgMQ28BK/z1NhJ+LosXsJuNkwJyf+qZq2UmD+4y+E6fGyMKhw3c6ZN4Op1xr9bwdxhyeSStdX5LHtsHAnLtpOMBpJFLQ==&u=U2FsdGVkX1+KIRaIxtitkoBYFGgKPP+Gbn5VHsLemjU=&y=U2FsdGVkX1+5wPCJNHZXV1TnWOFvfHaiuyipRtlpa1g= HTTP/1.1" 200 25
186.102.32.53 - - [29/Apr/2022:13:48:32 -0500] "GET /kwssiamovil/sm/acme/a?s=U2FsdGVkX19Aw+2lKo5TVa5b287y2H3hzCshTLugXp5E6ZxDwdZ1VIKDcCOcG/23qplIQ8bi/IZm+0FCjmmOyMEv+yUu+FGLQ5HrS79VRpAKDacHu+p15McNpb+U9nPioqMurNRcW/NE+lGpZvPiYsKlBLQ6O9r//nFt1KSkCXgSThvQdog/LYoQZiysKya+ME7yX4MgOT2PnzlNNxkKbmtksmk1Y3f0FpWyPh8v7AESnD/w4hO6mIJDqgOx8SjeaYGR2TaKYefiuEpmvGfKjO1hn8hToGBd2gyHTQpBsBXFRoWSP1P+X13KxPDb5dLQjbeYBJ/hGBDhOEK3MKJxjRC8fLkBOSznHCvlPDRW+HOarhGRwJRxraPwiFVX+k0jVJP+iiM4npgVeyXVk94MZSFo2BvQtT7k87+k/SPbX+VE2nx4UnKXz8RoenZrU2hrl3VR6k2pBWDETOMFh1W6wxVcgfbmySGEO++twDKcrpU310zQFN/omu1BlbNzlYYv2q9Qcud7i+QB5OfEDzcPoBeN0EBOqlFAnos8gXXt9ytKQT1CxAGdQMFhlDTK+wlv3fut+FdvJ+v6yD+Q2AeKsPnFmpbB46RNa7qs/NrgngWax22AZce7jr6DtLU2e3NgkGFtLaL+koS3+nHrh/bK3csqk4/y3ClQzfln0nikHxfCko5byu4wg5ilLx+Tki6aw3CipkUz1Jj6U0KgYJGrl8Uuv9/H7j63VIB+ODOjy24AUH1Ex+7iMJn1YpAT5HQ7BpZtrYRpAOcQK0AGwXSM8/je56HwHvrli1o1ocmETNmlT1TiYEgjHHhvc3jZdThzm5CA8vm5HOBgCsDQzypaTMIpoExilcLIDFgmUsx3j2YZ34emnqlbgFDb9gfLX8zeN5wNpMGJYxjCrI/gsa7QzY/9XocstRGnOOm+rFKp4RU9Kf7wz6qt7p9JqBt5JJ/ZFCeldXumjlCS93/HCQ+ELMecU1QFMe5w/gs54HeU9uBxj3jUhCJEZV35x/A6bOcBGK4sLGdHuQDPGR5CvO1i1PErK0N2n8AyT/9JPlRpf85/S/uHwo9F4/ptIubmR5YSDpu/44F8O86FvJ8h55iFbIveXezn4BXK9lUTw/uMTtuwHlce/yfQgWQh4FH5WSn0a+vIO+r/8jfCL6JE2V2axWlLSXiMK0BwtQm4e3WyHDfoAgWZn2Ewrq2QBKG6+P1wm5a/b/xA62qFBuSAB//h4A0y3IOzouTTDasRxK+CDJKA9Sna6HKE8eW8LKIoVRB783UhHLmKFnpNy27aISer+jE+G21mYj/Z9k1msPzBCuwm6S/89kbxjIGo0JUDSmzzBUba9X8hW/s96wvBUJ+7Sz8/p/yGD3CzLmhAxnLvW/0rB4eBMNb6ZxabB4VRn5BQ1v5qIrpsrxqpfE0XL25RUrrMQVUn6nX+Tq4bSpy+LUjIDcQtpUASfa+X83aV5E5RZcY5GOx45EkZfHXBZZpM8A3yPbHsA7tTWbexc7jLRkbtcO24GyjlkWRiuIERdMJnX8AK+2lronbNwx1ZKn3KB6wtjUW4IWQHijV2YgzoMn2FM5I6+NzHz/2ah89QTeyGjLTnOfrVaibOUKmRn6rCpo6vPD7OIoZLvyNHNy+Rsyc98QGu+9eJ7+7SrcyTK9aN9bWgWj59wFdEtDphmeUd3oaQjik+tzgUi1skq6dkrqUfJVLwuwQPfCC3+k5Ytta5S3BdC9I9vkJytEwE2WxPDzi6QbHdQl1q4q86yjew1W1D2smzJXQX7RNdJ6qPWRgFZeZ4AotVil7sN9i6Y3L/7IADUIng10alG4Kq/gwGR7uWzbEcsmjiEjYzRVHuMzfKK8uFR+OOhBMQ/6c7YXVl6d1a4/Umm+TfLjZTYHmBvjnVlh/cjD6eCXLiZbRxsf/AtJjXKAIRNbjUkm7WmyyZhhB4TJf4z6IZa/YorIYISC66YI8TAyLDstQ/ZWAjpWu/zqWvTp2Q+kVX4A44Rrk6izCXjAKkf/M06lMCMWh8ccFwMjiYvbK6kN3yJUMY28IYM+u8lzhYbAInfSeInQS9fkuWzhOIfGwI6koAfzMaFxg/ia0D/87quWTYCvX3DhudMJ25KmKHNjWabp/GKwl34bH9Les3fBu6FvoMxWR+KB8GKecA7CHyqE8os+Z+j5o7UdIBKO/q3ygQg6L/iuwh8A==&u=U2FsdGVkX1+KIRaIxtitkoBYFGgKPP+Gbn5VHsLemjU=&y=U2FsdGVkX1+5wPCJNHZXV1TnWOFvfHaiuyipRtlpa1g= HTTP/1.1" 200 25
186.102.32.53 - - [29/Apr/2022:13:48:32 -0500] "GET /kwssiamovil/sm/acme/a?s=U2FsdGVkX18Yw/cFGbuMbualQp2/meJ7ptB4wpJvl2ErSXRH68OGRkk+O/E5xoLmo72coN7lliE8aapghVpc58q3/3/Mj1f1GZl5XXw0UyY2Mh99Hyz65Eh8gCIdIoTWKWJ6KzovjJBS5RXCUvLIMo+bfKRXfX2nYk4+gwhbhVc=&u=U2FsdGVkX1+KIRaIxtitkoBYFGgKPP+Gbn5VHsLemjU=&y=U2FsdGVkX1+5wPCJNHZXV1TnWOFvfHaiuyipRtlpa1g= HTTP/1.1" 200 25
186.102.32.53 - - [29/Apr/2022:13:48:32 -0500] "GET /kwssiamovil/sm/acme/a?s=U2FsdGVkX18x36ES6YknArrTqesKrPJPvm3TObMpi8l5yWKOgC6QhKICvrc+a/p6OliRIoH+iK2fzcaqzIL4QF8U0AxNXWR/lcb/0H8P/7T01oOWmdzp+8Ih+gajhjGwZMpjrPq6nwvWI7xKE3khgcweYOW/CmG60nUdjYiZFqg=&u=U2FsdGVkX1+KIRaIxtitkoBYFGgKPP+Gbn5VHsLemjU=&y=U2FsdGVkX1+5wPCJNHZXV1TnWOFvfHaiuyipRtlpa1g= HTTP/1.1" 200 25
186.102.32.53 - - [29/Apr/2022:13:48:32 -0500] "GET /kwssiamovil/sm/acme/a?s=U2FsdGVkX1+QA5SIm0d6I4kazlLL0Bd6nssyM80u63vWsgujTdx5B7jia8jBVDz9aACP3uWHTLArzvvlYJdxYR8+tRY0YxfyK8PpPgYSOpGCF38HENMBk3eUebtJ+YMvICtENaynDR2V55krrYWflJdT4a73cl7gkh1CDHzl4D0=&u=U2FsdGVkX1+KIRaIxtitkoBYFGgKPP+Gbn5VHsLemjU=&y=U2FsdGVkX1+5wPCJNHZXV1TnWOFvfHaiuyipRtlpa1g= HTTP/1.1" 200 25
186.102.32.53 - - [29/Apr/2022:13:48:33 -0500] "GET /kwssiamovil/sm/acme/a?s=U2FsdGVkX19nPAekjxIFqQ+YfuT7uGEQPoyQtB5fKnMvcq/eLoGzT4VMt4subVI+I9yxpERpP42mDZnbzZEo8vfknJ6MjTsuAAw+gZzK6diO7azyWCdRbKpZMVCfkIlE85uuBDrgEtUDByla9Zl1pN7NtNBgc/9Hw0YzBdjfRuBtxro4AZu4KM2WCkQ/QHKs&u=U2FsdGVkX1+KIRaIxtitkoBYFGgKPP+Gbn5VHsLemjU=&y=U2FsdGVkX1+5wPCJNHZXV1TnWOFvfHaiuyipRtlpa1g= HTTP/1.1" 200 25
186.102.32.53 - - [29/Apr/2022:13:48:45 -0500] "GET /kwssiamovil/sm/acme/u?s=U2FsdGVkX1+RQo1O+Q+QnxnxnOMr19ReszxUzyC0Q1HhJmD8NuSl5Vh3B1P9S9lVsamgf3zSFDZ/7nLecDcVrrjRPMc+/wQREVvAZvNXfe4Sj4eSYh93Xp2wLWe8wY+owEn9B6GgUdcj9Ix4DhB5XA==&u=U2FsdGVkX1+KIRaIxtitkoBYFGgKPP+Gbn5VHsLemjU=&y=U2FsdGVkX1+5wPCJNHZXV1TnWOFvfHaiuyipRtlpa1g= HTTP/1.1" 200 60
172.22.2.4 - - [29/Apr/2022:13:47:20 -0500] "GET /BLA/boletinlegal/ HTTP/1.1" 200 55089
217.182.175.162 - - [29/Apr/2022:13:49:12 -0500] "HEAD /pagina-y-servicios-web-de-la-secretaria-de-ambiente-no-estaran-disponibles-algunas-horas-de-este-sabado-30-de-abril.html HTTP/1.1" 200 -
216.245.221.92 - - [29/Apr/2022:13:50:32 -0500] "HEAD / HTTP/1.1" 200 -
181.61.164.108 - - [29/Apr/2022:13:50:39 -0500] "GET /BLA/resoluciones/index.php?dir=RESOLUCIONES+2006%2FRES+2006+2501-2550%2F HTTP/1.1" 200 12358
181.61.164.108 - - [29/Apr/2022:13:50:40 -0500] "GET /BLA/resoluciones/RESOLUCIONES%202006/RES%202006%202501-2550/00002501.tif HTTP/1.1" 200 143342
181.61.164.108 - - [29/Apr/2022:13:50:41 -0500] "GET /BLA/resoluciones/RESOLUCIONES%202006/RES%202006%202501-2550/00002502.tif HTTP/1.1" 200 143194
181.61.164.108 - - [29/Apr/2022:13:50:42 -0500] "GET /BLA/resoluciones/RESOLUCIONES%202006/RES%202006%202501-2550/00002503.tif HTTP/1.1" 200 130000
181.61.164.108 - - [29/Apr/2022:13:50:42 -0500] "GET /BLA/resoluciones/RESOLUCIONES%202006/RES%202006%202501-2550/00002504.tif HTTP/1.1" 200 94684
181.61.164.108 - - [29/Apr/2022:13:50:43 -0500] "GET /BLA/resoluciones/RESOLUCIONES%202006/RES%202006%202501-2550/00002505.tif HTTP/1.1" 200 199000
181.61.164.108 - - [29/Apr/2022:13:50:44 -0500] "GET /BLA/resoluciones/RESOLUCIONES%202006/RES%202006%202501-2550/00002506.tif HTTP/1.1" 200 230774
181.61.164.108 - - [29/Apr/2022:13:50:44 -0500] "GET /BLA/resoluciones/RESOLUCIONES%202006/RES%202006%202501-2550/00002507.tif HTTP/1.1" 200 211448
181.61.164.108 - - [29/Apr/2022:13:50:45 -0500] "GET /BLA/resoluciones/RESOLUCIONES%202006/RES%202006%202501-2550/00002508.tif HTTP/1.1" 200 266808
181.61.164.108 - - [29/Apr/2022:13:50:46 -0500] "GET /BLA/resoluciones/RESOLUCIONES%202006/RES%202006%202501-2550/00002509.tif HTTP/1.1" 200 366758
181.61.164.108 - - [29/Apr/2022:13:50:47 -0500] "GET /BLA/resoluciones/RESOLUCIONES%202006/RES%202006%202501-2550/00002510.tif HTTP/1.1" 200 224356
181.61.164.108 - - [29/Apr/2022:13:50:47 -0500] "GET /BLA/resoluciones/RESOLUCIONES%202006/RES%202006%202501-2550/00002511.tif HTTP/1.1" 200 361936
181.61.164.108 - - [29/Apr/2022:13:50:48 -0500] "GET /BLA/resoluciones/RESOLUCIONES%202006/RES%202006%202501-2550/00002512.tif HTTP/1.1" 200 396524
181.61.164.108 - - [29/Apr/2022:13:50:49 -0500] "GET /BLA/resoluciones/RESOLUCIONES%202006/RES%202006%202501-2550/00002513.tif HTTP/1.1" 200 324314
181.61.164.108 - - [29/Apr/2022:13:50:50 -0500] "GET /BLA/resoluciones/RESOLUCIONES%202006/RES%202006%202501-2550/00002514.tif HTTP/1.1" 200 97186
181.61.164.108 - - [29/Apr/2022:13:50:51 -0500] "GET /BLA/resoluciones/RESOLUCIONES%202006/RES%202006%202501-2550/00002515.tif HTTP/1.1" 200 134166
181.61.164.108 - - [29/Apr/2022:13:50:51 -0500] "GET /BLA/resoluciones/RESOLUCIONES%202006/RES%202006%202501-2550/00002516.tif HTTP/1.1" 200 95992
181.61.164.108 - - [29/Apr/2022:13:50:52 -0500] "GET /BLA/resoluciones/RESOLUCIONES%202006/RES%202006%202501-2550/00002517.tif HTTP/1.1" 200 50152
181.61.164.108 - - [29/Apr/2022:13:50:53 -0500] "GET /BLA/resoluciones/RESOLUCIONES%202006/RES%202006%202501-2550/00002518.tif HTTP/1.1" 200 67236
181.61.164.108 - - [29/Apr/2022:13:50:53 -0500] "GET /BLA/resoluciones/RESOLUCIONES%202006/RES%202006%202501-2550/00002519.tif HTTP/1.1" 200 58112
181.61.164.108 - - [29/Apr/2022:13:50:54 -0500] "GET /BLA/resoluciones/RESOLUCIONES%202006/RES%202006%202501-2550/00002520.tif HTTP/1.1" 200 20640
181.61.164.108 - - [29/Apr/2022:13:50:55 -0500] "GET /BLA/resoluciones/RESOLUCIONES%202006/RES%202006%202501-2550/00002521.tif HTTP/1.1" 200 123718
181.61.164.108 - - [29/Apr/2022:13:50:56 -0500] "GET /BLA/resoluciones/RESOLUCIONES%202006/RES%202006%202501-2550/00002522.tif HTTP/1.1" 200 119424
181.61.164.108 - - [29/Apr/2022:13:50:56 -0500] "GET /BLA/resoluciones/RESOLUCIONES%202006/RES%202006%202501-2550/00002523.tif HTTP/1.1" 200 127802
181.61.164.108 - - [29/Apr/2022:13:50:57 -0500] "GET /BLA/resoluciones/RESOLUCIONES%202006/RES%202006%202501-2550/00002524.tif HTTP/1.1" 200 125336
181.61.164.108 - - [29/Apr/2022:13:50:58 -0500] "GET /BLA/resoluciones/RESOLUCIONES%202006/RES%202006%202501-2550/00002525.tif HTTP/1.1" 200 119188
181.61.164.108 - - [29/Apr/2022:13:51:01 -0500] "GET /BLA/resoluciones/RESOLUCIONES%202006/RES%202006%202501-2550/00002526.tif HTTP/1.1" 200 122462
181.61.164.108 - - [29/Apr/2022:13:51:02 -0500] "GET /BLA/resoluciones/RESOLUCIONES%202006/RES%202006%202501-2550/00002527.tif HTTP/1.1" 200 129452
181.61.164.108 - - [29/Apr/2022:13:51:02 -0500] "GET /BLA/resoluciones/RESOLUCIONES%202006/RES%202006%202501-2550/00002528.tif HTTP/1.1" 200 199916
181.61.164.108 - - [29/Apr/2022:13:51:03 -0500] "GET /BLA/resoluciones/RESOLUCIONES%202006/RES%202006%202501-2550/00002529.tif HTTP/1.1" 200 257584
181.61.164.108 - - [29/Apr/2022:13:51:04 -0500] "GET /BLA/resoluciones/RESOLUCIONES%202006/RES%202006%202501-2550/00002530.tif HTTP/1.1" 200 59572
181.61.164.108 - - [29/Apr/2022:13:51:05 -0500] "GET /BLA/resoluciones/RESOLUCIONES%202006/RES%202006%202501-2550/00002531.tif HTTP/1.1" 200 96052
181.61.164.108 - - [29/Apr/2022:13:51:07 -0500] "GET /BLA/resoluciones/RESOLUCIONES%202006/RES%202006%202501-2550/00002532.tif HTTP/1.1" 200 117586
181.61.164.108 - - [29/Apr/2022:13:51:08 -0500] "GET /BLA/resoluciones/RESOLUCIONES%202006/RES%202006%202501-2550/00002533.tif HTTP/1.1" 200 40600
181.61.164.108 - - [29/Apr/2022:13:51:09 -0500] "GET /BLA/resoluciones/RESOLUCIONES%202006/RES%202006%202501-2550/00002534.tif HTTP/1.1" 200 54780
