201.245.192.253 - - [13/May/2022:11:38:44 -0500] "GET /sipse/faces/javax.faces.resource/primefaces.js?ln=primefaces&v=4.0 HTTP/1.1" 304 -
201.245.192.253 - - [13/May/2022:11:38:44 -0500] "GET /sipse/faces/javax.faces.resource/layout/layout.js?ln=primefaces&v=4.0 HTTP/1.1" 304 -
201.245.192.253 - - [13/May/2022:11:38:43 -0500] "POST /sipse/faces/presentacion/financiero/solicitudProceso/consultarHistorialSolProceso.xhtml HTTP/1.1" 200 212428
98.233.50.166 - - [13/May/2022:11:38:45 -0500] "POST /sipse/faces/presentacion/financiero/solicitudProceso/consultarSolicitudProceso.xhtml HTTP/1.1" 200 39131
201.245.192.253 - - [13/May/2022:11:38:47 -0500] "GET /sipse/faces/javax.faces.resource/images/ui-icons_898989_256x240.png?ln=primefaces-aristo HTTP/1.1" 304 -
98.233.50.166 - - [13/May/2022:11:38:47 -0500] "GET /sipse/faces/javax.faces.resource/theme.css?ln=primefaces-sipse HTTP/1.1" 304 -
98.233.50.166 - - [13/May/2022:11:38:48 -0500] "GET /sipse/faces/javax.faces.resource/primefaces.css?ln=primefaces&v=4.0 HTTP/1.1" 304 -
98.233.50.166 - - [13/May/2022:11:38:48 -0500] "GET /sipse/faces/javax.faces.resource/layout/layout.css?ln=primefaces&v=4.0 HTTP/1.1" 304 -
98.233.50.166 - - [13/May/2022:11:38:48 -0500] "GET /sipse/css/imagen/contrasena.png HTTP/1.1" 404 383
98.233.50.166 - - [13/May/2022:11:38:48 -0500] "GET /sipse/faces/javax.faces.resource/jquery/jquery.js?ln=primefaces&v=4.0 HTTP/1.1" 304 -
98.233.50.166 - - [13/May/2022:11:38:48 -0500] "GET /sipse/faces/javax.faces.resource/jquery/jquery-plugins.js?ln=primefaces&v=4.0 HTTP/1.1" 304 -
98.233.50.166 - - [13/May/2022:11:38:48 -0500] "GET /sipse/faces/javax.faces.resource/primefaces.js?ln=primefaces&v=4.0 HTTP/1.1" 304 -
98.233.50.166 - - [13/May/2022:11:38:48 -0500] "GET /sipse/faces/javax.faces.resource/layout/layout.js?ln=primefaces&v=4.0 HTTP/1.1" 304 -
98.233.50.166 - - [13/May/2022:11:38:49 -0500] "POST /sipse/faces/presentacion/financiero/solicitudProceso/listarSolicitudProceso.xhtml HTTP/1.1" 200 1356
201.245.192.253 - - [13/May/2022:11:38:49 -0500] "GET /sipse/faces/javax.faces.resource/images/ui-bg_flat_0_2d5972_40x100.png?ln=primefaces-aristo HTTP/1.1" 304 -
201.245.192.253 - - [13/May/2022:11:38:49 -0500] "POST /sipse/faces/presentacion/financiero/solicitudProceso/consultarSolicitudProceso.xhtml HTTP/1.1" 200 62318
201.245.192.253 - - [13/May/2022:11:38:51 -0500] "GET /sipse/faces/javax.faces.resource/jquery/jquery.js?ln=primefaces&v=4.0 HTTP/1.1" 304 -
201.245.192.253 - - [13/May/2022:11:38:51 -0500] "GET /sipse/faces/javax.faces.resource/jquery/jquery-plugins.js?ln=primefaces&v=4.0 HTTP/1.1" 304 -
201.245.192.253 - - [13/May/2022:11:38:51 -0500] "GET /sipse/faces/javax.faces.resource/primefaces.js?ln=primefaces&v=4.0 HTTP/1.1" 304 -
201.245.192.253 - - [13/May/2022:11:38:51 -0500] "GET /sipse/faces/javax.faces.resource/layout/layout.js?ln=primefaces&v=4.0 HTTP/1.1" 304 -
201.245.192.253 - - [13/May/2022:11:38:51 -0500] "POST /sipse/faces/presentacion/financiero/solicitudProceso/listarSolicitudProceso.xhtml HTTP/1.1" 200 1444
98.233.50.166 - - [13/May/2022:11:38:52 -0500] "POST /sipse/faces/presentacion/financiero/solicitudProceso/listarSolicitudProceso.xhtml HTTP/1.1" 200 115826
98.233.50.166 - - [13/May/2022:11:38:53 -0500] "GET /sipse/faces/javax.faces.resource/theme.css?ln=primefaces-sipse HTTP/1.1" 304 -
98.233.50.166 - - [13/May/2022:11:38:53 -0500] "GET /sipse/faces/javax.faces.resource/primefaces.css?ln=primefaces&v=4.0 HTTP/1.1" 304 -
98.233.50.166 - - [13/May/2022:11:38:53 -0500] "GET /sipse/faces/javax.faces.resource/layout/layout.css?ln=primefaces&v=4.0 HTTP/1.1" 304 -
98.233.50.166 - - [13/May/2022:11:38:53 -0500] "GET /sipse/faces/javax.faces.resource/jquery/jquery.js?ln=primefaces&v=4.0 HTTP/1.1" 304 -
98.233.50.166 - - [13/May/2022:11:38:54 -0500] "GET /sipse/faces/javax.faces.resource/jquery/jquery-plugins.js?ln=primefaces&v=4.0 HTTP/1.1" 304 -
98.233.50.166 - - [13/May/2022:11:38:54 -0500] "GET /sipse/faces/javax.faces.resource/primefaces.js?ln=primefaces&v=4.0 HTTP/1.1" 304 -
98.233.50.166 - - [13/May/2022:11:38:54 -0500] "GET /sipse/faces/javax.faces.resource/layout/layout.js?ln=primefaces&v=4.0 HTTP/1.1" 304 -
201.245.192.253 - - [13/May/2022:11:38:55 -0500] "POST /sipse/faces/presentacion/financiero/solicitudProceso/listarSolicitudProceso.xhtml HTTP/1.1" 200 157273
201.245.192.253 - - [13/May/2022:11:38:56 -0500] "GET /sipse/faces/javax.faces.resource/jquery/jquery.js?ln=primefaces&v=4.0 HTTP/1.1" 304 -
201.245.192.253 - - [13/May/2022:11:38:56 -0500] "GET /sipse/faces/javax.faces.resource/jquery/jquery-plugins.js?ln=primefaces&v=4.0 HTTP/1.1" 304 -
201.245.192.253 - - [13/May/2022:11:38:56 -0500] "GET /sipse/faces/javax.faces.resource/primefaces.js?ln=primefaces&v=4.0 HTTP/1.1" 304 -
201.245.192.253 - - [13/May/2022:11:38:56 -0500] "GET /sipse/faces/javax.faces.resource/layout/layout.js?ln=primefaces&v=4.0 HTTP/1.1" 304 -
98.233.50.166 - - [13/May/2022:11:38:59 -0500] "POST /sipse/faces/presentacion/financiero/solicitudProceso/consultarSolicitudProceso.xhtml HTTP/1.1" 200 36196
98.233.50.166 - - [13/May/2022:11:39:01 -0500] "GET /sipse/faces/javax.faces.resource/theme.css?ln=primefaces-sipse HTTP/1.1" 304 -
98.233.50.166 - - [13/May/2022:11:39:01 -0500] "GET /sipse/faces/javax.faces.resource/primefaces.css?ln=primefaces&v=4.0 HTTP/1.1" 304 -
98.233.50.166 - - [13/May/2022:11:39:01 -0500] "GET /sipse/faces/javax.faces.resource/layout/layout.css?ln=primefaces&v=4.0 HTTP/1.1" 304 -
98.233.50.166 - - [13/May/2022:11:39:01 -0500] "GET /sipse/faces/javax.faces.resource/jquery/jquery.js?ln=primefaces&v=4.0 HTTP/1.1" 304 -
98.233.50.166 - - [13/May/2022:11:39:02 -0500] "GET /sipse/faces/javax.faces.resource/jquery/jquery-plugins.js?ln=primefaces&v=4.0 HTTP/1.1" 304 -
98.233.50.166 - - [13/May/2022:11:39:02 -0500] "GET /sipse/faces/javax.faces.resource/primefaces.js?ln=primefaces&v=4.0 HTTP/1.1" 304 -
98.233.50.166 - - [13/May/2022:11:39:02 -0500] "GET /sipse/faces/javax.faces.resource/layout/layout.js?ln=primefaces&v=4.0 HTTP/1.1" 304 -
98.233.50.166 - - [13/May/2022:11:39:03 -0500] "POST /sipse/faces/presentacion/financiero/solicitudProceso/listarSolicitudProceso.xhtml HTTP/1.1" 200 1340
201.245.192.253 - - [13/May/2022:11:39:03 -0500] "POST /sipse/faces/presentacion/financiero/solicitudProceso/consultarSolicitudProceso.xhtml HTTP/1.1" 200 62318
201.245.192.253 - - [13/May/2022:11:39:04 -0500] "GET /sipse/faces/javax.faces.resource/jquery/jquery.js?ln=primefaces&v=4.0 HTTP/1.1" 304 -
201.245.192.253 - - [13/May/2022:11:39:04 -0500] "GET /sipse/faces/javax.faces.resource/jquery/jquery-plugins.js?ln=primefaces&v=4.0 HTTP/1.1" 304 -
201.245.192.253 - - [13/May/2022:11:39:04 -0500] "GET /sipse/faces/javax.faces.resource/primefaces.js?ln=primefaces&v=4.0 HTTP/1.1" 304 -
201.245.192.253 - - [13/May/2022:11:39:04 -0500] "GET /sipse/faces/javax.faces.resource/layout/layout.js?ln=primefaces&v=4.0 HTTP/1.1" 304 -
201.245.192.253 - - [13/May/2022:11:39:05 -0500] "POST /sipse/faces/presentacion/financiero/solicitudProceso/listarSolicitudProceso.xhtml HTTP/1.1" 200 55696
201.245.192.253 - - [13/May/2022:11:39:05 -0500] "POST /sipse/faces/presentacion/financiero/solicitudProceso/listarSolicitudProceso.xhtml HTTP/1.1" 200 55696
98.233.50.166 - - [13/May/2022:11:39:06 -0500] "POST /sipse/faces/presentacion/financiero/solicitudProceso/listarSolicitudProceso.xhtml HTTP/1.1" 200 112385
98.233.50.166 - - [13/May/2022:11:39:08 -0500] "GET /sipse/faces/javax.faces.resource/theme.css?ln=primefaces-sipse HTTP/1.1" 304 -
98.233.50.166 - - [13/May/2022:11:39:08 -0500] "GET /sipse/faces/javax.faces.resource/layout/layout.css?ln=primefaces&v=4.0 HTTP/1.1" 304 -
98.233.50.166 - - [13/May/2022:11:39:08 -0500] "GET /sipse/faces/javax.faces.resource/primefaces.css?ln=primefaces&v=4.0 HTTP/1.1" 304 -
201.245.192.253 - - [13/May/2022:11:39:08 -0500] "POST /sipse/faces/presentacion/financiero/solicitudProceso/listarSolicitudProceso.xhtml HTTP/1.1" 200 1444
98.233.50.166 - - [13/May/2022:11:39:08 -0500] "GET /sipse/faces/javax.faces.resource/jquery/jquery.js?ln=primefaces&v=4.0 HTTP/1.1" 304 -
98.233.50.166 - - [13/May/2022:11:39:08 -0500] "GET /sipse/faces/javax.faces.resource/jquery/jquery-plugins.js?ln=primefaces&v=4.0 HTTP/1.1" 304 -
98.233.50.166 - - [13/May/2022:11:39:08 -0500] "GET /sipse/faces/javax.faces.resource/primefaces.js?ln=primefaces&v=4.0 HTTP/1.1" 304 -
98.233.50.166 - - [13/May/2022:11:39:08 -0500] "GET /sipse/faces/javax.faces.resource/layout/layout.js?ln=primefaces&v=4.0 HTTP/1.1" 304 -
201.245.192.253 - - [13/May/2022:11:39:08 -0500] "POST /sipse/faces/presentacion/financiero/solicitudProceso/listarSolicitudProceso.xhtml HTTP/1.1" 200 1444
201.245.192.253 - - [13/May/2022:11:39:08 -0500] "POST /sipse/faces/presentacion/financiero/solicitudProceso/listarSolicitudProceso.xhtml HTTP/1.1" 200 1444
201.245.192.253 - - [13/May/2022:11:39:14 -0500] "POST /sipse/faces/presentacion/financiero/solicitudProceso/listarSolicitudProceso.xhtml HTTP/1.1" 200 136042
201.245.192.253 - - [13/May/2022:11:39:15 -0500] "GET /sipse/faces/javax.faces.resource/jquery/jquery.js?ln=primefaces&v=4.0 HTTP/1.1" 304 -
201.245.192.253 - - [13/May/2022:11:39:15 -0500] "GET /sipse/faces/javax.faces.resource/jquery/jquery-plugins.js?ln=primefaces&v=4.0 HTTP/1.1" 304 -
201.245.192.253 - - [13/May/2022:11:39:15 -0500] "GET /sipse/faces/javax.faces.resource/primefaces.js?ln=primefaces&v=4.0 HTTP/1.1" 304 -
201.245.192.253 - - [13/May/2022:11:39:15 -0500] "GET /sipse/faces/javax.faces.resource/layout/layout.js?ln=primefaces&v=4.0 HTTP/1.1" 304 -
98.233.50.166 - - [13/May/2022:11:39:16 -0500] "POST /sipse/faces/presentacion/financiero/solicitudProceso/consultarSolicitudProceso.xhtml HTTP/1.1" 200 33199
98.233.50.166 - - [13/May/2022:11:39:18 -0500] "GET /sipse/faces/javax.faces.resource/theme.css?ln=primefaces-sipse HTTP/1.1" 304 -
98.233.50.166 - - [13/May/2022:11:39:18 -0500] "GET /sipse/faces/javax.faces.resource/primefaces.css?ln=primefaces&v=4.0 HTTP/1.1" 304 -
98.233.50.166 - - [13/May/2022:11:39:18 -0500] "GET /sipse/faces/javax.faces.resource/layout/layout.css?ln=primefaces&v=4.0 HTTP/1.1" 304 -
98.233.50.166 - - [13/May/2022:11:39:18 -0500] "GET /sipse/faces/javax.faces.resource/jquery/jquery.js?ln=primefaces&v=4.0 HTTP/1.1" 304 -
98.233.50.166 - - [13/May/2022:11:39:19 -0500] "GET /sipse/faces/javax.faces.resource/jquery/jquery-plugins.js?ln=primefaces&v=4.0 HTTP/1.1" 304 -
98.233.50.166 - - [13/May/2022:11:39:19 -0500] "GET /sipse/faces/javax.faces.resource/primefaces.js?ln=primefaces&v=4.0 HTTP/1.1" 304 -
98.233.50.166 - - [13/May/2022:11:39:19 -0500] "GET /sipse/faces/javax.faces.resource/layout/layout.js?ln=primefaces&v=4.0 HTTP/1.1" 304 -
98.233.50.166 - - [13/May/2022:11:39:20 -0500] "POST /sipse/faces/presentacion/financiero/solicitudProceso/listarSolicitudProceso.xhtml HTTP/1.1" 200 1324
207.46.13.115 - - [13/May/2022:11:39:35 -0500] "GET /BLA/resoluciones/AUTOS%202020/2375.pdf HTTP/1.1" 304 -
186.102.98.111 - - [13/May/2022:11:39:47 -0500] "OPTIONS /kwssiamovil/sm/setfile/f? HTTP/1.1" 200 13
186.102.98.111 - - [13/May/2022:11:39:47 -0500] "POST /kwssiamovil/sm/setfile/f? HTTP/1.1" 200 381
186.102.98.111 - - [13/May/2022:11:39:55 -0500] "GET /kwssiamovil/sm/acme/a?s=U2FsdGVkX1/GKYxwjaY66XqI6ZuZC4FSa2+lODjcDILwUZU6x5QwNUcubW5Pl8k229X9DoF06YVWAnc1NyXW1dLm8bHBDwsABG5uZYGPzxjexfUFMVzsE+GYogHhimYg6azdZNmgCLNwjO1KFHVHrUDBqg8RIRmTBwn2AO445593j9EJuRVKXv93aRObHyqnzJz8yQNxnlngnnd50r03IBPXIPtP+QuXNfC0fPUKsTmrDRDkxjg+/O2SZ4/grRJUYuEa1ijLCOr5t2//G7JH5Q==&u=U2FsdGVkX1+TyxW7tnC5HTdpXNp9V1Fde33vLSZQC3N6VFAfidTfOqXTkL9yy2Om&y=U2FsdGVkX1+reVVlM+9RTzxU56B5n/QUFrtLe5RjD0s8bu1gZav452F4V88sDzKi HTTP/1.1" 200 25
186.102.98.111 - - [13/May/2022:11:39:56 -0500] "GET /kwssiamovil/sm/acme/a?s=U2FsdGVkX1/RK4pxwoXK78lNKNPUWpDuX7gP3YjBndWnNOFUz07fO/vlO/33Q52FG754Tp2uwCLA8rVj8+CHfi2T+TesrhaI38ZCLv7NIacYTMt9sjwHpZwLBFbBT/2ywFqvn7a5c9ECN1iqAOeFoaZ703SDgoMVxTEdTO1Oj3f48CSEpmcja+IQIO8gxzZGlmGX38NxIl8tvdn4LufawNqgWzeUrHcj1EeuGH22vfh1whYs5OyWrRrEOc2NsYsupnN7LyqsO40Co2eYsuBxwVw0j+CclQhETyA39TwnZPhpCp5K5TEtEgotwQVZqYFo9Kc+BA/j5CMXdczZ4YsUsuoLzJb74Y+F16r5Ume5myx0EI9FM7C8taUxJNBkbu9iZAjdMYXveHbwqroRbCpXIXodB2IikJCMCRRqyomwOTl5RmA9h+e3Ucac3dZj5k9rl562FknNtHVm0ClpFJehl1vzAVTbiw98i0xFBSG6x7lyL0wWm2Uh3nMgd5v0V6ND3P1Mseyuq5kp5/SP4NUbqofhjSzDX9Vo74n+bNmwvVAPuEpAZCamQDrwy/SNifHJCV3AzvQn4GUHr7Lk4XK5B83fOEixMjRJKmPWJ3pbwC6b82UPvqkrkd2WKGC2HZGd0O20u89+oIReH6hIVfwm1Q3SF8qvxydsYs7lKF9CkFLre1XRCy2lRk4o5msbnN3DIbxRvm8S8ycGEwrfFEfiOcDHicgrzeCaoJmv5EH/BUvodNSpybWbAU2h+5RQhBz4VeszO+kvo46gTeZ0IL+9eNrtvYCLgNVhPCtZPnTb41SiP9TP6rXDEmNwDI2B6akCTnAKeAxveFUDvUh7Jgr2wwNL+6+7BeIdwRbM8KGNfaL6QvkzxwKwOlrsRQtlgDF6ZF9wv/cXHpfYQR51jtf5q67qhjR/xkjueQDEzn1wpNaQjRVsdvQHvOyXshBAWqJEiLZP1Jo2FfzW42ulbc39MnlP2NTgF9p9eWJbg3Sq6BpoSfAbVHgwY1a2jiIXwKitB4T28dMyj5vafWq+ic0E3affwD1WoX9yVdEYisKkbIo/e4nBp9v1xCyKg/4w1giKTRLcMqi1VnDCk32fDXhf+yBB/orlhLDWcjSQOSAho/CUkTT6rL9zt8qZtLSNZRBLeecDwBwv/Nu640tpFwsRprB/R7uzEoMIAJaTn30508H1fPoDnPymOTynmJVUWfbHa69OGyFN/S5dvXJZBaez+oB6zIHqMsGpxvAFTm7LtOnwGVhs/+henkR4PL1uhKf3K1oqs7wq6NwG5ZZ9kRQpyn9U/akatpPfTxKM3iuHLZ+VCNAsVMB/j0Q0sBbU6DsIhFAZm5x2X/7KjuXQ2VOXxwmwDTv6f4QGrRV/g5X09xIg7pb0mwAtRbm19C9Uv2AAepwSl4T+y+wyohJ0TlEpKUOKf6GUAryhLaYAzaEM+pN0HOIdOdpZ2BwtW29ziEdCbegDtSsC7ak1+JWZApQ4o30ggVVjYk0T+y/GGOJTUr0FobcNNhNYdfzbDgmkrHV2LaaBNm0MhSNm3u8c8pE9kOyE0XoftMefS9wNWszPtmjBBOb7o9toV5FUl9Oy6AIl5iJTJJYY2TsuKY4am5ogkDkfSd3qFu9bm0NDzRQ9wXu6/qa83BKkDMznOKkXjf3OmkadIhFGZNpjsfMcmtLEpzv5p7NB/1uq8Od/G+4HF9LEiSkzvLc1OY8Z5DJE9Xnd7WPbajfSYlWYSEM3xNYnRQ0F/mm7JM6yhZo757Rgvr0jlbCzj102/SIDJ6kNnSHK8bZmANLLAUfJKwjwh55xu9wQxrBMbk1JM2Uip+6ZqUsjnOrdYtS2suLGK9YSGkmq4DTbcROGit4YKtIoFSmLq8V5wLCzPVtVAV0SyCpzMwY=&u=U2FsdGVkX1+TyxW7tnC5HTdpXNp9V1Fde33vLSZQC3N6VFAfidTfOqXTkL9yy2Om&y=U2FsdGVkX1+reVVlM+9RTzxU56B5n/QUFrtLe5RjD0s8bu1gZav452F4V88sDzKi HTTP/1.1" 200 25
186.102.98.111 - - [13/May/2022:11:39:56 -0500] "GET /kwssiamovil/sm/acme/a?s=U2FsdGVkX1+q7thVOL9zNKQGQzqOGVL5OVgyGJvw3ihJKaHGAM+bwKUCy8oM++8C7xB5Ep+ySclL03rCUy3t1lRrds4i/LqiBGxqFuRYI8AdDdVaJTw2Img1N87eQRSNauENy4icYpbHx6qN33A1yCP1kCKLMw4mzz/OhLgc6x8=&u=U2FsdGVkX1+TyxW7tnC5HTdpXNp9V1Fde33vLSZQC3N6VFAfidTfOqXTkL9yy2Om&y=U2FsdGVkX1+reVVlM+9RTzxU56B5n/QUFrtLe5RjD0s8bu1gZav452F4V88sDzKi HTTP/1.1" 200 25
186.102.98.111 - - [13/May/2022:11:39:56 -0500] "GET /kwssiamovil/sm/acme/a?s=U2FsdGVkX1/9E4v45f4LxDNjA7QXgEePo4hjWqSgBFS+CuCrrwjP5SooJKPkagMv/0GmehZ2rjuU5HXB4GTRksvsoTOl6istJah9ixDU3JttCq6hnj5OyYZT7C7nqCGHxMtGQnGGt2GVkP0l5D+gApUupIXqWUjn9m3TBfQr5hU=&u=U2FsdGVkX1+TyxW7tnC5HTdpXNp9V1Fde33vLSZQC3N6VFAfidTfOqXTkL9yy2Om&y=U2FsdGVkX1+reVVlM+9RTzxU56B5n/QUFrtLe5RjD0s8bu1gZav452F4V88sDzKi HTTP/1.1" 200 25
186.102.98.111 - - [13/May/2022:11:39:56 -0500] "GET /kwssiamovil/sm/acme/a?s=U2FsdGVkX195oPgnBcOEV3khme7KeNZv7Bs9Whh8fHVg0R16SMVQ6KmX3sRUQarmyMye8nOy1BV29wtoFCbTDd0keUVHfPmjmNgV04zJzYdDj7qvQYHoPcL+3LB8I/LnAve8k8/czHhK8nv7HnsW2PJXBzVthiYZkH5TquLfwZg=&u=U2FsdGVkX1+TyxW7tnC5HTdpXNp9V1Fde33vLSZQC3N6VFAfidTfOqXTkL9yy2Om&y=U2FsdGVkX1+reVVlM+9RTzxU56B5n/QUFrtLe5RjD0s8bu1gZav452F4V88sDzKi HTTP/1.1" 200 25
186.102.98.111 - - [13/May/2022:11:39:57 -0500] "GET /kwssiamovil/sm/acme/a?s=U2FsdGVkX1+2ip9XMQPxay0nc0gTQzP/ztU9ZzSMV9mKP3WFxc5N2XrrL3xilzOHmNCUmlCesszajgLBvGr9PMrgyCoqfieKk0F+Lue51URulujBLAbu3T6owyDSctpU+OGsDnVXDbEOKRRP/Ht+iXgIUaQwyFRReIZgRD58uLXbYG768XjqZppDgr8HMOot&u=U2FsdGVkX1+TyxW7tnC5HTdpXNp9V1Fde33vLSZQC3N6VFAfidTfOqXTkL9yy2Om&y=U2FsdGVkX1+reVVlM+9RTzxU56B5n/QUFrtLe5RjD0s8bu1gZav452F4V88sDzKi HTTP/1.1" 200 25
186.102.98.111 - - [13/May/2022:11:39:57 -0500] "GET /kwssiamovil/sm/acme/a?s=U2FsdGVkX1+5Gj5JAbJ+XL1DAgXMdF64njVRtOhlUY2DJlQ5929tK8p8p9o4zsOylDZOc16ii+rB5NH7pZCXS1eM7/zWZYqFq5wPTdKY4+SVqbUSqHIBQsaKJYCx8Z7CtSMGnhf+obg6yEojrcFIV68E/4irSVTSEeMEwj7dPH8smBzGJPcB4xRhvUDfjzGDcoEWPW1nd1KPNOiKjLvNFMtZSsGTd2LTW9OhYNNofbmlrgYVW/8XTxw/kgap3BWfHa8tgHhcqlW6Qn6sfPCgk5EofY/mx/jHRBSybGMT++3chqZyLSQSi6J3+HHr27Qvvk68BLxLHUCAgSvcIclfEl3hLpdcBPfZRhEKqLFOAxEwN5dn3iqSwbe8vC1TmINZ5XXeDV1lmbB+HQIP6Wy2Bw==&u=U2FsdGVkX1+TyxW7tnC5HTdpXNp9V1Fde33vLSZQC3N6VFAfidTfOqXTkL9yy2Om&y=U2FsdGVkX1+reVVlM+9RTzxU56B5n/QUFrtLe5RjD0s8bu1gZav452F4V88sDzKi HTTP/1.1" 200 24
186.102.98.111 - - [13/May/2022:11:39:57 -0500] "GET /kwssiamovil/sm/acme/a?s=U2FsdGVkX19pFy7L/ECTc+wEUDmgLaRmKPqzFBDO7I5Ho0O9sdwuSuCMvIhsqMZ1ysHblzsUgPOxbZWHstuYNvJp9cU/zOFzw0VNto11pgJS1nS7OZ0T66fpk/QLGF6McRUcgCUsgHh9LOWcZyDyc2TyZ74m4KF4yBDzgwefy/7cukJJX93+IOvfw0dwFQz09a7kyVktnX/aUVizDv6bowt7a/FUQ0lcbtu5jWFR3dWsPNDNsskMFwQllJqY6aeVsWMWF3V7yShumyFivF+r+3CgEpYbEMX+g679Z5xKARK2vG9Jjwavv1Cxp3raaTugT1g/aYfe0dCia9sKnx/6RxEYbWYuTEazIVGR7neB4ng=&u=U2FsdGVkX1+TyxW7tnC5HTdpXNp9V1Fde33vLSZQC3N6VFAfidTfOqXTkL9yy2Om&y=U2FsdGVkX1+reVVlM+9RTzxU56B5n/QUFrtLe5RjD0s8bu1gZav452F4V88sDzKi HTTP/1.1" 200 24
172.22.2.4 - - [13/May/2022:11:38:22 -0500] "HEAD /BLA/boletinlegal/ HTTP/1.1" 200 -
172.22.2.4 - - [13/May/2022:11:40:04 -0500] "GET /BLA/boletinlegal/images/pdf.gif HTTP/1.1" 200 567
207.46.13.74 - - [13/May/2022:11:40:18 -0500] "GET /BLA/resoluciones/AUTOS%202021/6227.pdf HTTP/1.1" 200 366691
172.22.2.4 - - [13/May/2022:11:40:29 -0500] "GET /BLA/boletinlegal/actos.php HTTP/1.1" 200 9559
181.61.164.108 - - [13/May/2022:11:40:33 -0500] "GET /BLA/resoluciones/ HTTP/1.1" 200 13093
181.61.164.108 - - [13/May/2022:11:40:37 -0500] "GET /BLA/resoluciones/index.php?dir=AUTOS+2008%2F HTTP/1.1" 200 569644
172.22.2.4 - - [13/May/2022:11:39:13 -0500] "GET /BLA/boletinlegal/ HTTP/1.1" 200 46815
181.61.164.108 - - [13/May/2022:11:40:58 -0500] "GET /BLA/resoluciones/AUTOS%202008/0311.pdf HTTP/1.1" 200 185971
181.61.164.108 - - [13/May/2022:11:41:00 -0500] "GET /BLA/resoluciones/AUTOS%202008/0310.pdf HTTP/1.1" 200 101829
181.61.164.108 - - [13/May/2022:11:41:02 -0500] "GET /BLA/resoluciones/AUTOS%202008/0312.pdf HTTP/1.1" 200 166767
181.61.164.108 - - [13/May/2022:11:41:03 -0500] "GET /BLA/resoluciones/AUTOS%202008/0313.pdf HTTP/1.1" 200 104358
181.61.164.108 - - [13/May/2022:11:41:05 -0500] "GET /BLA/resoluciones/AUTOS%202008/0314.pdf HTTP/1.1" 200 160423
172.22.2.4 - - [13/May/2022:11:39:40 -0500] "GET /BLA/boletinlegal/ HTTP/1.1" 200 40907
181.61.164.108 - - [13/May/2022:11:41:16 -0500] "GET /BLA/resoluciones/AUTOS%202008/0315.pdf HTTP/1.1" 200 106711
181.61.164.108 - - [13/May/2022:11:41:17 -0500] "GET /BLA/resoluciones/AUTOS%202008/0316.pdf HTTP/1.1" 200 134602
181.61.164.108 - - [13/May/2022:11:41:18 -0500] "GET /BLA/resoluciones/AUTOS%202008/0317.pdf HTTP/1.1" 200 94457
181.61.164.108 - - [13/May/2022:11:41:20 -0500] "GET /BLA/resoluciones/AUTOS%202008/0318.pdf HTTP/1.1" 200 106279
181.61.164.108 - - [13/May/2022:11:41:21 -0500] "GET /BLA/resoluciones/AUTOS%202008/0319.pdf HTTP/1.1" 200 110557
181.237.60.227 - - [13/May/2022:11:41:21 -0500] "GET /sipse/faces/index.xhtml HTTP/1.1" 200 677
181.237.60.227 - - [13/May/2022:11:41:21 -0500] "GET /sipse/faces/javax.faces.resource/theme.css?ln=primefaces-sipse HTTP/1.1" 304 -
181.237.60.227 - - [13/May/2022:11:41:21 -0500] "GET /sipse/faces/faces/autenticacion.xhtml HTTP/1.1" 200 12170
181.237.60.227 - - [13/May/2022:11:41:21 -0500] "GET /sipse/faces/javax.faces.resource/theme.css?ln=primefaces-sipse HTTP/1.1" 304 -
181.237.60.227 - - [13/May/2022:11:41:21 -0500] "GET /sipse/faces/javax.faces.resource/primefaces.css?ln=primefaces&v=4.0 HTTP/1.1" 304 -
181.237.60.227 - - [13/May/2022:11:41:21 -0500] "GET /sipse/faces/javax.faces.resource/layout/layout.js?ln=primefaces&v=4.0 HTTP/1.1" 304 -
181.237.60.227 - - [13/May/2022:11:41:21 -0500] "GET /sipse/faces/javax.faces.resource/layout/layout.css?ln=primefaces&v=4.0 HTTP/1.1" 304 -
181.237.60.227 - - [13/May/2022:11:41:21 -0500] "GET /sipse/faces/javax.faces.resource/primefaces.js?ln=primefaces&v=4.0 HTTP/1.1" 304 -
181.237.60.227 - - [13/May/2022:11:41:21 -0500] "GET /sipse/faces/javax.faces.resource/jquery/jquery.js?ln=primefaces&v=4.0 HTTP/1.1" 304 -
181.237.60.227 - - [13/May/2022:11:41:21 -0500] "GET /sipse/faces/javax.faces.resource/jquery/jquery-plugins.js?ln=primefaces&v=4.0 HTTP/1.1" 304 -
181.237.60.227 - - [13/May/2022:11:41:21 -0500] "GET /sipse/faces/javax.faces.resource/images/ui-icons_898989_256x240.png?ln=primefaces-aristo HTTP/1.1" 200 5355
181.237.60.227 - - [13/May/2022:11:41:21 -0500] "GET /sipse/css/imagen/logoSDG.png HTTP/1.1" 200 17770
181.237.60.227 - - [13/May/2022:11:41:21 -0500] "GET /sipse/css/imagen/loginimg.png HTTP/1.1" 200 12242
181.61.164.108 - - [13/May/2022:11:41:22 -0500] "GET /BLA/resoluciones/AUTOS%202008/0320.pdf HTTP/1.1" 200 93402
216.245.221.92 - - [13/May/2022:11:41:22 -0500] "HEAD / HTTP/1.1" 200 -
181.237.60.227 - - [13/May/2022:11:41:23 -0500] "POST /sipse/faces/autenticacion.xhtml HTTP/1.1" 200 11988
181.237.60.227 - - [13/May/2022:11:41:23 -0500] "GET /sipse/css/custom_css_sg_prime.css HTTP/1.1" 200 5201
181.237.60.227 - - [13/May/2022:11:41:23 -0500] "GET /sipse/faces/javax.faces.resource/jquery/jquery.js?ln=primefaces&v=4.0 HTTP/1.1" 304 -
181.237.60.227 - - [13/May/2022:11:41:23 -0500] "GET /sipse/faces/javax.faces.resource/jquery/jquery-plugins.js?ln=primefaces&v=4.0 HTTP/1.1" 304 -
181.237.60.227 - - [13/May/2022:11:41:23 -0500] "GET /sipse/faces/javax.faces.resource/primefaces.js?ln=primefaces&v=4.0 HTTP/1.1" 304 -
181.237.60.227 - - [13/May/2022:11:41:23 -0500] "GET /sipse/faces/javax.faces.resource/layout/layout.js?ln=primefaces&v=4.0 HTTP/1.1" 304 -
181.61.164.108 - - [13/May/2022:11:41:23 -0500] "GET /BLA/resoluciones/AUTOS%202008/0321.pdf HTTP/1.1" 200 106120
181.237.60.227 - - [13/May/2022:11:41:23 -0500] "GET /sipse/faces/javax.faces.resource/messages/messages.png?ln=primefaces&v=4.0 HTTP/1.1" 304 -
85.10.199.185 - - [13/May/2022:11:41:24 -0500] "-" 408 -
181.61.164.108 - - [13/May/2022:11:41:24 -0500] "GET /BLA/resoluciones/AUTOS%202008/0322.pdf HTTP/1.1" 200 95747
181.237.60.227 - - [13/May/2022:11:41:26 -0500] "POST /sipse/faces/presentacion/sistema/seguridad/seleccionRol.xhtml HTTP/1.1" 200 6423
181.61.164.108 - - [13/May/2022:11:41:26 -0500] "GET /BLA/resoluciones/AUTOS%202008/0323.pdf HTTP/1.1" 200 103605
181.237.60.227 - - [13/May/2022:11:41:26 -0500] "POST /sipse/faces/presentacion/sistema/seguridad/seleccionRol.xhtml HTTP/1.1" 200 18674
181.237.60.227 - - [13/May/2022:11:41:27 -0500] "GET /sipse/faces/javax.faces.resource/jquery/jquery.js?ln=primefaces&v=4.0 HTTP/1.1" 304 -
181.237.60.227 - - [13/May/2022:11:41:27 -0500] "GET /sipse/faces/javax.faces.resource/jquery/jquery-plugins.js?ln=primefaces&v=4.0 HTTP/1.1" 304 -
181.237.60.227 - - [13/May/2022:11:41:27 -0500] "GET /sipse/faces/javax.faces.resource/primefaces.js?ln=primefaces&v=4.0 HTTP/1.1" 304 -
181.237.60.227 - - [13/May/2022:11:41:27 -0500] "GET /sipse/faces/javax.faces.resource/layout/layout.js?ln=primefaces&v=4.0 HTTP/1.1" 304 -
181.237.60.227 - - [13/May/2022:11:41:27 -0500] "GET /sipse/css/imagen/contrasena.png HTTP/1.1" 404 383
181.61.164.108 - - [13/May/2022:11:41:28 -0500] "GET /BLA/resoluciones/AUTOS%202008/0324.pdf HTTP/1.1" 200 107036
181.237.60.227 - - [13/May/2022:11:41:28 -0500] "GET /sipse/faces/javax.faces.resource/images/ui-bg_flat_0_2d5972_40x100.png?ln=primefaces-aristo HTTP/1.1" 200 183
181.237.60.227 - - [13/May/2022:11:41:28 -0500] "POST /sipse/faces/bienvenido.xhtml HTTP/1.1" 200 3887
181.61.164.108 - - [13/May/2022:11:41:29 -0500] "GET /BLA/resoluciones/AUTOS%202008/0325.pdf HTTP/1.1" 200 156369
181.237.60.227 - - [13/May/2022:11:41:29 -0500] "POST /sipse/faces/bienvenido.xhtml HTTP/1.1" 200 193
181.237.60.227 - - [13/May/2022:11:41:29 -0500] "GET /sipse/faces/presentacion/financiero/solicitudAnulacion/consultarSolicitudAnulacion.xhtml HTTP/1.1" 200 39476
181.237.60.227 - - [13/May/2022:11:41:29 -0500] "GET /sipse/faces/javax.faces.resource/theme.css?ln=primefaces-sipse HTTP/1.1" 304 -
181.237.60.227 - - [13/May/2022:11:41:29 -0500] "GET /sipse/faces/javax.faces.resource/primefaces.css?ln=primefaces&v=4.0 HTTP/1.1" 304 -
181.237.60.227 - - [13/May/2022:11:41:29 -0500] "GET /sipse/faces/javax.faces.resource/layout/layout.css?ln=primefaces&v=4.0 HTTP/1.1" 304 -
181.237.60.227 - - [13/May/2022:11:41:29 -0500] "GET /sipse/faces/javax.faces.resource/jquery/jquery.js?ln=primefaces&v=4.0 HTTP/1.1" 304 -
181.237.60.227 - - [13/May/2022:11:41:29 -0500] "GET /sipse/faces/javax.faces.resource/layout/layout.js?ln=primefaces&v=4.0 HTTP/1.1" 304 -
181.237.60.227 - - [13/May/2022:11:41:29 -0500] "GET /sipse/faces/javax.faces.resource/jquery/jquery-plugins.js?ln=primefaces&v=4.0 HTTP/1.1" 304 -
181.237.60.227 - - [13/May/2022:11:41:29 -0500] "GET /sipse/faces/javax.faces.resource/primefaces.js?ln=primefaces&v=4.0 HTTP/1.1" 304 -
181.237.60.227 - - [13/May/2022:11:41:30 -0500] "GET /sipse/faces/javax.faces.resource/images/ui-icons_898989_256x240.png?ln=primefaces-aristo HTTP/1.1" 304 -
181.237.60.227 - - [13/May/2022:11:41:30 -0500] "GET /sipse/faces/javax.faces.resource/images/ui-bg_flat_0_2d5972_40x100.png?ln=primefaces-aristo HTTP/1.1" 304 -
181.237.60.227 - - [13/May/2022:11:41:30 -0500] "POST /sipse/faces/presentacion/financiero/solicitudAnulacion/consultarSolicitudAnulacion.xhtml HTTP/1.1" 200 10616
181.61.164.108 - - [13/May/2022:11:41:30 -0500] "GET /BLA/resoluciones/AUTOS%202008/0326.pdf HTTP/1.1" 200 85160
181.61.164.108 - - [13/May/2022:11:41:32 -0500] "GET /BLA/resoluciones/AUTOS%202008/0327.pdf HTTP/1.1" 200 89326
181.237.60.227 - - [13/May/2022:11:41:33 -0500] "POST /sipse/faces/presentacion/financiero/solicitudAnulacion/consultarSolicitudAnulacion.xhtml HTTP/1.1" 200 17020
181.61.164.108 - - [13/May/2022:11:41:34 -0500] "GET /BLA/resoluciones/AUTOS%202008/0328.pdf HTTP/1.1" 200 62576
181.237.60.227 - - [13/May/2022:11:41:35 -0500] "POST /sipse/faces/presentacion/financiero/solicitudAnulacion/consultarSolicitudAnulacion.xhtml HTTP/1.1" 200 52756
181.237.60.227 - - [13/May/2022:11:41:35 -0500] "GET /sipse/faces/javax.faces.resource/fileupload/fileupload.css?ln=primefaces&v=4.0 HTTP/1.1" 200 1330
181.237.60.227 - - [13/May/2022:11:41:35 -0500] "GET /sipse/faces/javax.faces.resource/jquery/jquery.js?ln=primefaces&v=4.0 HTTP/1.1" 304 -
181.237.60.227 - - [13/May/2022:11:41:35 -0500] "GET /sipse/faces/javax.faces.resource/jquery/jquery-plugins.js?ln=primefaces&v=4.0 HTTP/1.1" 304 -
181.237.60.227 - - [13/May/2022:11:41:35 -0500] "GET /sipse/faces/javax.faces.resource/primefaces.js?ln=primefaces&v=4.0 HTTP/1.1" 304 -
181.237.60.227 - - [13/May/2022:11:41:35 -0500] "GET /sipse/faces/javax.faces.resource/layout/layout.js?ln=primefaces&v=4.0 HTTP/1.1" 304 -
181.237.60.227 - - [13/May/2022:11:41:35 -0500] "GET /sipse/faces/javax.faces.resource/fileupload/fileupload.js?ln=primefaces&v=4.0 HTTP/1.1" 304 -
181.61.164.108 - - [13/May/2022:11:41:35 -0500] "GET /BLA/resoluciones/AUTOS%202008/0329.pdf HTTP/1.1" 200 79641
181.61.164.108 - - [13/May/2022:11:41:37 -0500] "GET /BLA/resoluciones/AUTOS%202008/0330.pdf HTTP/1.1" 200 97747
181.61.164.108 - - [13/May/2022:11:41:39 -0500] "GET /BLA/resoluciones/AUTOS%202008/0331.pdf HTTP/1.1" 200 88796
181.237.60.227 - - [13/May/2022:11:41:40 -0500] "POST /sipse/faces/presentacion/financiero/solicitudAnulacion/registrarSolicitudAnulacion.xhtml HTTP/1.1" 200 25726
181.237.60.227 - - [13/May/2022:11:41:40 -0500] "GET /sipse/faces/javax.faces.resource/jquery/jquery.js?ln=primefaces&v=4.0 HTTP/1.1" 304 -
181.237.60.227 - - [13/May/2022:11:41:40 -0500] "GET /sipse/faces/javax.faces.resource/jquery/jquery-plugins.js?ln=primefaces&v=4.0 HTTP/1.1" 304 -
181.237.60.227 - - [13/May/2022:11:41:41 -0500] "GET /sipse/faces/javax.faces.resource/primefaces.js?ln=primefaces&v=4.0 HTTP/1.1" 304 -
181.237.60.227 - - [13/May/2022:11:41:41 -0500] "GET /sipse/faces/javax.faces.resource/layout/layout.js?ln=primefaces&v=4.0 HTTP/1.1" 304 -
181.61.164.108 - - [13/May/2022:11:41:41 -0500] "GET /BLA/resoluciones/AUTOS%202008/0332.pdf HTTP/1.1" 200 164294
181.61.164.108 - - [13/May/2022:11:41:43 -0500] "GET /BLA/resoluciones/AUTOS%202008/0333.pdf HTTP/1.1" 200 61194
181.237.60.227 - - [13/May/2022:11:41:43 -0500] "POST /sipse/faces/presentacion/financiero/solicitudProceso/consultarHistorialSolProceso.xhtml HTTP/1.1" 200 58144
181.237.60.227 - - [13/May/2022:11:41:44 -0500] "GET /sipse/faces/javax.faces.resource/theme.css?ln=primefaces-sipse HTTP/1.1" 304 -
181.237.60.227 - - [13/May/2022:11:41:44 -0500] "GET /sipse/faces/javax.faces.resource/layout/layout.css?ln=primefaces&v=4.0 HTTP/1.1" 304 -
181.237.60.227 - - [13/May/2022:11:41:44 -0500] "GET /sipse/faces/javax.faces.resource/primefaces.css?ln=primefaces&v=4.0 HTTP/1.1" 304 -
181.237.60.227 - - [13/May/2022:11:41:44 -0500] "GET /sipse/faces/javax.faces.resource/primefaces.js?ln=primefaces&v=4.0 HTTP/1.1" 304 -
181.237.60.227 - - [13/May/2022:11:41:44 -0500] "GET /sipse/faces/javax.faces.resource/jquery/jquery.js?ln=primefaces&v=4.0 HTTP/1.1" 304 -
181.237.60.227 - - [13/May/2022:11:41:44 -0500] "GET /sipse/faces/javax.faces.resource/jquery/jquery-plugins.js?ln=primefaces&v=4.0 HTTP/1.1" 304 -
181.237.60.227 - - [13/May/2022:11:41:44 -0500] "GET /sipse/faces/javax.faces.resource/layout/layout.js?ln=primefaces&v=4.0 HTTP/1.1" 304 -
181.237.60.227 - - [13/May/2022:11:41:44 -0500] "GET /sipse/faces/javax.faces.resource/fileupload/fileupload.css?ln=primefaces&v=4.0 HTTP/1.1" 304 -
181.237.60.227 - - [13/May/2022:11:41:44 -0500] "GET /sipse/faces/javax.faces.resource/fileupload/fileupload.js?ln=primefaces&v=4.0 HTTP/1.1" 304 -
181.237.60.227 - - [13/May/2022:11:41:44 -0500] "GET /sipse/faces/javax.faces.resource/images/ui-icons_898989_256x240.png?ln=primefaces-aristo HTTP/1.1" 304 -
181.61.164.108 - - [13/May/2022:11:41:44 -0500] "GET /BLA/resoluciones/AUTOS%202008/0334.pdf HTTP/1.1" 200 44769
181.61.164.108 - - [13/May/2022:11:41:46 -0500] "GET /BLA/resoluciones/AUTOS%202008/0335.pdf HTTP/1.1" 200 274379
181.61.164.108 - - [13/May/2022:11:41:47 -0500] "GET /BLA/resoluciones/AUTOS%202008/0336.pdf HTTP/1.1" 200 287924
181.61.164.108 - - [13/May/2022:11:41:49 -0500] "GET /BLA/resoluciones/AUTOS%202008/0337.pdf HTTP/1.1" 200 370005
181.61.164.108 - - [13/May/2022:11:41:53 -0500] "GET /BLA/resoluciones/AUTOS%202008/0338.pdf HTTP/1.1" 200 142586
181.237.60.227 - - [13/May/2022:11:41:54 -0500] "GET /sipse/faces/javax.faces.resource/images/ui-bg_flat_0_2d5972_40x100.png?ln=primefaces-aristo HTTP/1.1" 200 183
181.237.60.227 - - [13/May/2022:11:41:54 -0500] "POST /sipse/faces/presentacion/financiero/solicitudAnulacion/registrarSolicitudAnulacion.xhtml HTTP/1.1" 200 193
181.237.60.227 - - [13/May/2022:11:41:54 -0500] "GET /sipse/faces/presentacion/financiero/solicitudAnulacion/consultarSolicitudAnulacion.xhtml HTTP/1.1" 200 42167
181.237.60.227 - - [13/May/2022:11:41:54 -0500] "GET /sipse/faces/javax.faces.resource/theme.css?ln=primefaces-sipse HTTP/1.1" 304 -
181.237.60.227 - - [13/May/2022:11:41:54 -0500] "GET /sipse/faces/javax.faces.resource/jquery/jquery.js?ln=primefaces&v=4.0 HTTP/1.1" 304 -
181.237.60.227 - - [13/May/2022:11:41:54 -0500] "GET /sipse/faces/javax.faces.resource/jquery/jquery-plugins.js?ln=primefaces&v=4.0 HTTP/1.1" 304 -
181.237.60.227 - - [13/May/2022:11:41:54 -0500] "GET /sipse/faces/javax.faces.resource/primefaces.js?ln=primefaces&v=4.0 HTTP/1.1" 304 -
181.237.60.227 - - [13/May/2022:11:41:54 -0500] "GET /sipse/faces/javax.faces.resource/layout/layout.js?ln=primefaces&v=4.0 HTTP/1.1" 304 -
181.237.60.227 - - [13/May/2022:11:41:54 -0500] "GET /sipse/faces/javax.faces.resource/layout/layout.css?ln=primefaces&v=4.0 HTTP/1.1" 200 542
181.237.60.227 - - [13/May/2022:11:41:54 -0500] "GET /sipse/faces/javax.faces.resource/primefaces.css?ln=primefaces&v=4.0 HTTP/1.1" 200 53295
181.61.164.108 - - [13/May/2022:11:41:54 -0500] "GET /BLA/resoluciones/AUTOS%202008/0339.pdf HTTP/1.1" 200 129596
181.237.60.227 - - [13/May/2022:11:41:55 -0500] "GET /sipse/faces/javax.faces.resource/images/ui-icons_898989_256x240.png?ln=primefaces-aristo HTTP/1.1" 200 5355
181.237.60.227 - - [13/May/2022:11:41:55 -0500] "GET /sipse/faces/javax.faces.resource/images/ui-bg_flat_0_2d5972_40x100.png?ln=primefaces-aristo HTTP/1.1" 304 -
181.237.60.227 - - [13/May/2022:11:41:55 -0500] "POST /sipse/faces/presentacion/financiero/solicitudAnulacion/consultarSolicitudAnulacion.xhtml HTTP/1.1" 200 10624
181.237.60.227 - - [13/May/2022:11:41:58 -0500] "POST /sipse/faces/presentacion/financiero/solicitudAnulacion/consultarSolicitudAnulacion.xhtml HTTP/1.1" 200 16985
181.237.60.227 - - [13/May/2022:11:42:07 -0500] "POST /sipse/faces/presentacion/financiero/solicitudAnulacion/consultarSolicitudAnulacion.xhtml HTTP/1.1" 200 16990
201.245.192.253 - - [13/May/2022:11:42:08 -0500] "POST /sipse/faces/presentacion/financiero/solicitudProceso/consultarSolicitudProceso.xhtml HTTP/1.1" 200 62318
201.245.192.253 - - [13/May/2022:11:42:09 -0500] "GET /sipse/faces/javax.faces.resource/jquery/jquery.js?ln=primefaces&v=4.0 HTTP/1.1" 304 -
201.245.192.253 - - [13/May/2022:11:42:09 -0500] "GET /sipse/faces/javax.faces.resource/jquery/jquery-plugins.js?ln=primefaces&v=4.0 HTTP/1.1" 304 -
201.245.192.253 - - [13/May/2022:11:42:09 -0500] "GET /sipse/faces/javax.faces.resource/primefaces.js?ln=primefaces&v=4.0 HTTP/1.1" 304 -
201.245.192.253 - - [13/May/2022:11:42:09 -0500] "GET /sipse/faces/javax.faces.resource/layout/layout.js?ln=primefaces&v=4.0 HTTP/1.1" 304 -
201.245.192.253 - - [13/May/2022:11:42:09 -0500] "POST /sipse/faces/presentacion/financiero/solicitudProceso/listarSolicitudProceso.xhtml HTTP/1.1" 200 55696
201.245.192.253 - - [13/May/2022:11:42:09 -0500] "POST /sipse/faces/presentacion/financiero/solicitudProceso/listarSolicitudProceso.xhtml HTTP/1.1" 200 55696
201.245.192.253 - - [13/May/2022:11:42:10 -0500] "POST /sipse/faces/presentacion/financiero/solicitudProceso/listarSolicitudProceso.xhtml HTTP/1.1" 200 55696
201.245.192.253 - - [13/May/2022:11:42:10 -0500] "POST /sipse/faces/presentacion/financiero/solicitudProceso/listarSolicitudProceso.xhtml HTTP/1.1" 200 55696
201.245.192.253 - - [13/May/2022:11:42:10 -0500] "POST /sipse/faces/presentacion/financiero/solicitudProceso/listarSolicitudProceso.xhtml HTTP/1.1" 200 1444
201.245.192.253 - - [13/May/2022:11:42:10 -0500] "POST /sipse/faces/presentacion/financiero/solicitudProceso/listarSolicitudProceso.xhtml HTTP/1.1" 200 1444
201.245.192.253 - - [13/May/2022:11:42:10 -0500] "POST /sipse/faces/presentacion/financiero/solicitudProceso/listarSolicitudProceso.xhtml HTTP/1.1" 200 1444
201.245.192.253 - - [13/May/2022:11:42:11 -0500] "POST /sipse/faces/presentacion/financiero/solicitudProceso/listarSolicitudProceso.xhtml HTTP/1.1" 200 1448
201.245.192.253 - - [13/May/2022:11:42:11 -0500] "POST /sipse/faces/presentacion/financiero/solicitudProceso/listarSolicitudProceso.xhtml HTTP/1.1" 200 1444
181.237.60.227 - - [13/May/2022:11:42:13 -0500] "POST /sipse/faces/presentacion/financiero/solicitudAnulacion/consultarSolicitudAnulacion.xhtml HTTP/1.1" 200 17012
201.245.192.253 - - [13/May/2022:11:42:26 -0500] "GET /appsia/controlador HTTP/1.1" 200 4799
201.245.192.253 - - [13/May/2022:11:42:26 -0500] "GET /appsia/css/estilos.css HTTP/1.1" 200 4804
201.245.192.253 - - [13/May/2022:11:42:26 -0500] "GET /appsia/scripts/validarIngreso.js HTTP/1.1" 200 851
201.245.192.253 - - [13/May/2022:11:42:26 -0500] "GET /appsia/images/logo_bogota_p.png HTTP/1.1" 200 14951
201.245.192.253 - - [13/May/2022:11:42:26 -0500] "GET /appsia/images/cabezoteHojaVida.png HTTP/1.1" 200 32493
201.245.192.253 - - [13/May/2022:11:42:26 -0500] "GET /favicon.ico HTTP/1.1" 200 7782
201.245.192.253 - - [13/May/2022:11:41:52 -0500] "POST /kwsrmcab/Wsrmcab HTTP/1.1" 200 44444
181.237.60.227 - - [13/May/2022:11:42:46 -0500] "POST /sipse/faces/presentacion/financiero/solicitudAnulacion/consultarSolicitudAnulacion.xhtml HTTP/1.1" 200 43213
181.237.60.227 - - [13/May/2022:11:42:46 -0500] "GET /sipse/faces/javax.faces.resource/jquery/jquery.js?ln=primefaces&v=4.0 HTTP/1.1" 304 -
181.237.60.227 - - [13/May/2022:11:42:46 -0500] "GET /sipse/faces/javax.faces.resource/jquery/jquery-plugins.js?ln=primefaces&v=4.0 HTTP/1.1" 304 -
181.237.60.227 - - [13/May/2022:11:42:46 -0500] "GET /sipse/faces/javax.faces.resource/primefaces.js?ln=primefaces&v=4.0 HTTP/1.1" 304 -
181.237.60.227 - - [13/May/2022:11:42:46 -0500] "GET /sipse/faces/javax.faces.resource/layout/layout.js?ln=primefaces&v=4.0 HTTP/1.1" 304 -
201.245.192.253 - - [13/May/2022:11:42:49 -0500] "POST /appsia/controlador HTTP/1.1" 200 5437
181.237.60.227 - - [13/May/2022:11:42:50 -0500] "POST /sipse/faces/presentacion/financiero/solicitudProceso/consultar.xhtml HTTP/1.1" 200 12732
201.245.192.253 - - [13/May/2022:11:42:52 -0500] "POST /appsia/controlador HTTP/1.1" 200 7775
181.237.60.227 - - [13/May/2022:11:42:52 -0500] "POST /sipse/faces/presentacion/financiero/solicitudProceso/consultar.xhtml HTTP/1.1" 200 165565
181.237.60.227 - - [13/May/2022:11:42:53 -0500] "GET /sipse/faces/javax.faces.resource/jquery/jquery.js?ln=primefaces&v=4.0 HTTP/1.1" 304 -
181.237.60.227 - - [13/May/2022:11:42:53 -0500] "GET /sipse/faces/javax.faces.resource/jquery/jquery-plugins.js?ln=primefaces&v=4.0 HTTP/1.1" 304 -
181.237.60.227 - - [13/May/2022:11:42:53 -0500] "GET /sipse/faces/javax.faces.resource/primefaces.js?ln=primefaces&v=4.0 HTTP/1.1" 304 -
181.237.60.227 - - [13/May/2022:11:42:53 -0500] "GET /sipse/faces/javax.faces.resource/layout/layout.js?ln=primefaces&v=4.0 HTTP/1.1" 304 -
201.245.192.253 - - [13/May/2022:11:43:02 -0500] "POST /appsia/controlador HTTP/1.1" 200 5437
181.237.60.227 - - [13/May/2022:11:43:04 -0500] "POST /sipse/faces/presentacion/financiero/solicitudProceso/consultarSolicitudProceso.xhtml HTTP/1.1" 200 58904
181.237.60.227 - - [13/May/2022:11:43:06 -0500] "GET /sipse/faces/javax.faces.resource/jquery/jquery-plugins.js?ln=primefaces&v=4.0 HTTP/1.1" 304 -
181.237.60.227 - - [13/May/2022:11:43:06 -0500] "GET /sipse/faces/javax.faces.resource/jquery/jquery.js?ln=primefaces&v=4.0 HTTP/1.1" 304 -
181.237.60.227 - - [13/May/2022:11:43:06 -0500] "GET /sipse/faces/javax.faces.resource/theme.css?ln=primefaces-sipse HTTP/1.1" 304 -
181.237.60.227 - - [13/May/2022:11:43:06 -0500] "GET /sipse/faces/javax.faces.resource/primefaces.js?ln=primefaces&v=4.0 HTTP/1.1" 304 -
181.237.60.227 - - [13/May/2022:11:43:06 -0500] "GET /sipse/faces/javax.faces.resource/layout/layout.css?ln=primefaces&v=4.0 HTTP/1.1" 304 -
181.237.60.227 - - [13/May/2022:11:43:06 -0500] "GET /sipse/faces/javax.faces.resource/layout/layout.js?ln=primefaces&v=4.0 HTTP/1.1" 304 -
181.237.60.227 - - [13/May/2022:11:43:06 -0500] "GET /sipse/faces/javax.faces.resource/primefaces.css?ln=primefaces&v=4.0 HTTP/1.1" 304 -
181.237.60.227 - - [13/May/2022:11:43:06 -0500] "GET /sipse/faces/javax.faces.resource/images/ui-icons_898989_256x240.png?ln=primefaces-aristo HTTP/1.1" 200 5355
181.237.60.227 - - [13/May/2022:11:43:06 -0500] "GET /favicon.ico HTTP/1.1" 200 7782
201.245.192.253 - - [13/May/2022:11:43:05 -0500] "POST /appsia/controlador HTTP/1.1" 200 74434
201.245.192.253 - - [13/May/2022:11:43:05 -0500] "GET /appsia/images/logo_escudo.png HTTP/1.1" 200 36965
181.237.60.227 - - [13/May/2022:11:43:12 -0500] "GET /sipse/faces/javax.faces.resource/primefaces.css?ln=primefaces&v=4.0 HTTP/1.1" 304 -
181.237.60.227 - - [13/May/2022:11:43:12 -0500] "GET /sipse/faces/javax.faces.resource/primefaces.js?ln=primefaces&v=4.0 HTTP/1.1" 304 -
181.237.60.227 - - [13/May/2022:11:43:12 -0500] "GET /sipse/faces/javax.faces.resource/layout/layout.js?ln=primefaces&v=4.0 HTTP/1.1" 304 -
181.237.60.227 - - [13/May/2022:11:43:12 -0500] "GET /sipse/faces/javax.faces.resource/jquery/jquery-plugins.js?ln=primefaces&v=4.0 HTTP/1.1" 304 -
181.237.60.227 - - [13/May/2022:11:43:12 -0500] "GET /sipse/faces/javax.faces.resource/theme.css?ln=primefaces-sipse HTTP/1.1" 304 -
181.237.60.227 - - [13/May/2022:11:43:12 -0500] "GET /sipse/faces/javax.faces.resource/layout/layout.css?ln=primefaces&v=4.0 HTTP/1.1" 304 -
181.237.60.227 - - [13/May/2022:11:43:12 -0500] "GET /sipse/faces/javax.faces.resource/jquery/jquery.js?ln=primefaces&v=4.0 HTTP/1.1" 304 -
181.237.60.227 - - [13/May/2022:11:43:11 -0500] "POST /sipse/faces/presentacion/financiero/solicitudProceso/consultarHistorialSolProceso.xhtml HTTP/1.1" 200 212607
181.237.60.227 - - [13/May/2022:11:43:12 -0500] "GET /sipse/faces/javax.faces.resource/images/ui-icons_898989_256x240.png?ln=primefaces-aristo HTTP/1.1" 200 5355
201.245.192.253 - - [13/May/2022:11:43:18 -0500] "POST /sipse/faces/presentacion/financiero/solicitudProceso/listarSolicitudProceso.xhtml HTTP/1.1" 200 29004
201.245.192.253 - - [13/May/2022:11:43:19 -0500] "POST /sipse/faces/presentacion/financiero/solicitudProceso/listarSolicitudProceso.xhtml HTTP/1.1" 200 20889
201.245.192.253 - - [13/May/2022:11:43:22 -0500] "POST /sipse/faces/presentacion/financiero/solicitudProceso/listarSolicitudProceso.xhtml HTTP/1.1" 200 75373
186.28.200.237 - - [13/May/2022:11:43:31 -0500] "POST /sipse/faces/presentacion/financiero/solicitudProceso/listarSolicitudProceso.xhtml HTTP/1.1" 200 6930
186.28.200.237 - - [13/May/2022:11:43:32 -0500] "POST /sipse/faces/presentacion/financiero/solicitudProceso/listarSolicitudProceso.xhtml HTTP/1.1" 200 9665
201.245.192.253 - - [13/May/2022:11:42:43 -0500] "POST /kwsrmcab/Wsrmcab HTTP/1.1" 200 44832
201.245.192.253 - - [13/May/2022:11:43:41 -0500] "POST /sipse/faces/presentacion/financiero/solicitudProceso/listarSolicitudProceso.xhtml HTTP/1.1" 200 138598
201.245.192.253 - - [13/May/2022:11:43:42 -0500] "GET /sipse/faces/javax.faces.resource/jquery/jquery.js?ln=primefaces&v=4.0 HTTP/1.1" 304 -
201.245.192.253 - - [13/May/2022:11:43:42 -0500] "GET /sipse/faces/javax.faces.resource/jquery/jquery-plugins.js?ln=primefaces&v=4.0 HTTP/1.1" 304 -
201.245.192.253 - - [13/May/2022:11:43:42 -0500] "GET /sipse/faces/javax.faces.resource/primefaces.js?ln=primefaces&v=4.0 HTTP/1.1" 304 -
201.245.192.253 - - [13/May/2022:11:43:42 -0500] "GET /sipse/faces/javax.faces.resource/layout/layout.js?ln=primefaces&v=4.0 HTTP/1.1" 304 -
181.61.164.108 - - [13/May/2022:11:43:51 -0500] "GET /BLA/resoluciones/AUTOS%202008/0340.pdf HTTP/1.1" 200 251067
181.61.164.108 - - [13/May/2022:11:43:52 -0500] "GET /BLA/resoluciones/AUTOS%202008/0341.pdf HTTP/1.1" 200 146497
181.61.164.108 - - [13/May/2022:11:43:53 -0500] "GET /BLA/resoluciones/AUTOS%202008/0342.pdf HTTP/1.1" 200 61114
201.245.192.253 - - [13/May/2022:11:43:53 -0500] "GET /sipse/faces/javax.faces.resource/theme.css?ln=primefaces-sipse HTTP/1.1" 304 -
201.245.192.253 - - [13/May/2022:11:43:53 -0500] "GET /sipse/faces/javax.faces.resource/layout/layout.css?ln=primefaces&v=4.0 HTTP/1.1" 304 -
201.245.192.253 - - [13/May/2022:11:43:53 -0500] "GET /sipse/faces/javax.faces.resource/primefaces.css?ln=primefaces&v=4.0 HTTP/1.1" 304 -
201.245.192.253 - - [13/May/2022:11:43:53 -0500] "GET /sipse/faces/javax.faces.resource/jquery/jquery.js?ln=primefaces&v=4.0 HTTP/1.1" 304 -
201.245.192.253 - - [13/May/2022:11:43:53 -0500] "GET /sipse/faces/javax.faces.resource/primefaces.js?ln=primefaces&v=4.0 HTTP/1.1" 304 -
201.245.192.253 - - [13/May/2022:11:43:53 -0500] "GET /sipse/faces/javax.faces.resource/jquery/jquery-plugins.js?ln=primefaces&v=4.0 HTTP/1.1" 304 -
201.245.192.253 - - [13/May/2022:11:43:53 -0500] "GET /sipse/faces/javax.faces.resource/layout/layout.js?ln=primefaces&v=4.0 HTTP/1.1" 304 -
201.245.192.253 - - [13/May/2022:11:43:54 -0500] "GET /sipse/faces/javax.faces.resource/images/ui-icons_898989_256x240.png?ln=primefaces-aristo HTTP/1.1" 304 -
201.245.192.253 - - [13/May/2022:11:43:52 -0500] "POST /sipse/faces/presentacion/financiero/solicitudProceso/consultarSolicitudProceso.xhtml HTTP/1.1" 200 49946
181.61.164.108 - - [13/May/2022:11:43:54 -0500] "GET /BLA/resoluciones/AUTOS%202008/0343.pdf HTTP/1.1" 200 136624
181.61.164.108 - - [13/May/2022:11:43:55 -0500] "GET /BLA/resoluciones/AUTOS%202008/0344.pdf HTTP/1.1" 200 216253
181.61.164.108 - - [13/May/2022:11:43:56 -0500] "GET /BLA/resoluciones/AUTOS%202008/0345.pdf HTTP/1.1" 200 219620
181.61.164.108 - - [13/May/2022:11:43:57 -0500] "GET /BLA/resoluciones/AUTOS%202008/0346.pdf HTTP/1.1" 200 190601
181.61.164.108 - - [13/May/2022:11:43:58 -0500] "GET /BLA/resoluciones/AUTOS%202008/0347.pdf HTTP/1.1" 200 283347
181.61.164.108 - - [13/May/2022:11:43:59 -0500] "GET /BLA/resoluciones/AUTOS%202008/0348.pdf HTTP/1.1" 200 219509
181.61.164.108 - - [13/May/2022:11:44:01 -0500] "GET /BLA/resoluciones/AUTOS%202008/0349.pdf HTTP/1.1" 200 257112
181.61.164.108 - - [13/May/2022:11:44:02 -0500] "GET /BLA/resoluciones/AUTOS%202008/0350.pdf HTTP/1.1" 200 358665
181.61.164.108 - - [13/May/2022:11:44:03 -0500] "GET /BLA/resoluciones/AUTOS%202008/0351.pdf HTTP/1.1" 200 216114
201.245.192.253 - - [13/May/2022:11:44:04 -0500] "GET /sipse/faces/javax.faces.resource/layout/layout.css?ln=primefaces&v=4.0 HTTP/1.1" 304 -
201.245.192.253 - - [13/May/2022:11:44:04 -0500] "GET /sipse/faces/javax.faces.resource/primefaces.css?ln=primefaces&v=4.0 HTTP/1.1" 304 -
201.245.192.253 - - [13/May/2022:11:44:04 -0500] "GET /sipse/faces/javax.faces.resource/jquery/jquery.js?ln=primefaces&v=4.0 HTTP/1.1" 304 -
201.245.192.253 - - [13/May/2022:11:44:04 -0500] "GET /sipse/faces/javax.faces.resource/theme.css?ln=primefaces-sipse HTTP/1.1" 304 -
201.245.192.253 - - [13/May/2022:11:44:04 -0500] "GET /sipse/faces/javax.faces.resource/jquery/jquery-plugins.js?ln=primefaces&v=4.0 HTTP/1.1" 304 -
201.245.192.253 - - [13/May/2022:11:44:04 -0500] "GET /sipse/faces/javax.faces.resource/primefaces.js?ln=primefaces&v=4.0 HTTP/1.1" 304 -
201.245.192.253 - - [13/May/2022:11:44:04 -0500] "GET /sipse/faces/javax.faces.resource/layout/layout.js?ln=primefaces&v=4.0 HTTP/1.1" 304 -
201.245.192.253 - - [13/May/2022:11:44:04 -0500] "GET /sipse/faces/javax.faces.resource/images/ui-icons_898989_256x240.png?ln=primefaces-aristo HTTP/1.1" 304 -
181.61.164.108 - - [13/May/2022:11:44:05 -0500] "GET /BLA/resoluciones/AUTOS%202008/0352.pdf HTTP/1.1" 200 223169
201.245.192.253 - - [13/May/2022:11:44:03 -0500] "POST /sipse/faces/presentacion/financiero/solicitudProceso/consultarHistorialSolProceso.xhtml HTTP/1.1" 200 183960
181.61.164.108 - - [13/May/2022:11:44:06 -0500] "GET /BLA/resoluciones/AUTOS%202008/0353.pdf HTTP/1.1" 200 269322
181.61.164.108 - - [13/May/2022:11:44:08 -0500] "GET /BLA/resoluciones/AUTOS%202008/0354.pdf HTTP/1.1" 200 219514
181.61.164.108 - - [13/May/2022:11:44:09 -0500] "GET /BLA/resoluciones/AUTOS%202008/0355.pdf HTTP/1.1" 200 116659
181.61.164.108 - - [13/May/2022:11:44:10 -0500] "GET /BLA/resoluciones/AUTOS%202008/0356.pdf HTTP/1.1" 200 83513
172.22.2.4 - - [13/May/2022:11:44:11 -0500] "GET /BLA/boletinlegal/Circulares/2019/Circular%20No.%200015%20del%2003%20de%20Octubre%20de%202019.pdf HTTP/1.1" 200 165608
181.61.164.108 - - [13/May/2022:11:44:11 -0500] "GET /BLA/resoluciones/AUTOS%202008/0357.pdf HTTP/1.1" 200 50979
181.61.164.108 - - [13/May/2022:11:44:13 -0500] "GET /BLA/resoluciones/AUTOS%202008/0358.pdf HTTP/1.1" 200 262948
181.61.164.108 - - [13/May/2022:11:44:14 -0500] "GET /BLA/resoluciones/AUTOS%202008/0359.pdf HTTP/1.1" 200 147125
181.61.164.108 - - [13/May/2022:11:44:15 -0500] "GET /BLA/resoluciones/AUTOS%202008/0360.pdf HTTP/1.1" 200 218099
181.61.164.108 - - [13/May/2022:11:44:17 -0500] "GET /BLA/resoluciones/AUTOS%202008/0361.pdf HTTP/1.1" 200 142565
181.61.164.108 - - [13/May/2022:11:44:18 -0500] "GET /BLA/resoluciones/AUTOS%202008/0362.pdf HTTP/1.1" 200 408669
181.61.164.108 - - [13/May/2022:11:44:21 -0500] "GET /BLA/resoluciones/AUTOS%202008/0363.pdf HTTP/1.1" 200 338709
181.61.164.108 - - [13/May/2022:11:44:22 -0500] "GET /BLA/resoluciones/AUTOS%202008/0364.pdf HTTP/1.1" 200 386943
181.61.164.108 - - [13/May/2022:11:44:24 -0500] "GET /BLA/resoluciones/AUTOS%202008/0365.pdf HTTP/1.1" 200 153127
181.61.164.108 - - [13/May/2022:11:44:25 -0500] "GET /BLA/resoluciones/AUTOS%202008/0366.pdf HTTP/1.1" 200 175465
181.61.164.108 - - [13/May/2022:11:44:28 -0500] "GET /BLA/resoluciones/AUTOS%202008/0367.pdf HTTP/1.1" 200 139801
181.61.164.108 - - [13/May/2022:11:44:29 -0500] "GET /BLA/resoluciones/AUTOS%202008/0368.pdf HTTP/1.1" 200 151967
181.61.164.108 - - [13/May/2022:11:44:31 -0500] "GET /BLA/resoluciones/AUTOS%202008/0369.pdf HTTP/1.1" 200 284164
181.61.164.108 - - [13/May/2022:11:44:36 -0500] "GET /BLA/resoluciones/AUTOS%202008/0370.pdf HTTP/1.1" 200 142886
181.61.164.108 - - [13/May/2022:11:44:37 -0500] "GET /BLA/resoluciones/AUTOS%202008/0371.pdf HTTP/1.1" 200 143723
181.61.164.108 - - [13/May/2022:11:44:39 -0500] "GET /BLA/resoluciones/AUTOS%202008/0372.pdf HTTP/1.1" 200 143474
201.245.192.253 - - [13/May/2022:11:44:39 -0500] "GET /sipse/faces/javax.faces.resource/images/ui-bg_flat_0_2d5972_40x100.png?ln=primefaces-aristo HTTP/1.1" 304 -
201.245.192.253 - - [13/May/2022:11:44:39 -0500] "POST /sipse/faces/presentacion/financiero/solicitudProceso/consultarSolicitudProceso.xhtml HTTP/1.1" 200 62318
201.245.192.253 - - [13/May/2022:11:44:40 -0500] "GET /sipse/faces/javax.faces.resource/jquery/jquery.js?ln=primefaces&v=4.0 HTTP/1.1" 304 -
201.245.192.253 - - [13/May/2022:11:44:40 -0500] "GET /sipse/faces/javax.faces.resource/jquery/jquery-plugins.js?ln=primefaces&v=4.0 HTTP/1.1" 304 -
201.245.192.253 - - [13/May/2022:11:44:40 -0500] "GET /sipse/faces/javax.faces.resource/primefaces.js?ln=primefaces&v=4.0 HTTP/1.1" 304 -
201.245.192.253 - - [13/May/2022:11:44:40 -0500] "GET /sipse/faces/javax.faces.resource/layout/layout.js?ln=primefaces&v=4.0 HTTP/1.1" 304 -
201.245.192.253 - - [13/May/2022:11:44:40 -0500] "POST /sipse/faces/presentacion/financiero/solicitudProceso/listarSolicitudProceso.xhtml HTTP/1.1" 200 1444
181.61.164.108 - - [13/May/2022:11:44:41 -0500] "GET /BLA/resoluciones/AUTOS%202008/0373.pdf HTTP/1.1" 200 379604
181.61.164.108 - - [13/May/2022:11:44:42 -0500] "GET /BLA/resoluciones/AUTOS%202008/0374.pdf HTTP/1.1" 200 213883
181.61.164.108 - - [13/May/2022:11:44:44 -0500] "GET /BLA/resoluciones/AUTOS%202008/0375.pdf HTTP/1.1" 200 130508
201.245.192.253 - - [13/May/2022:11:44:45 -0500] "POST /sipse/faces/presentacion/financiero/solicitudProceso/listarSolicitudProceso.xhtml HTTP/1.1" 200 75365
201.245.192.253 - - [13/May/2022:11:44:46 -0500] "GET /appsia/controlador HTTP/1.1" 200 5437
181.61.164.108 - - [13/May/2022:11:44:46 -0500] "GET /BLA/resoluciones/AUTOS%202008/0376.pdf HTTP/1.1" 200 245039
