181.237.60.227 - - [13/May/2022:11:50:45 -0500] "GET /sipsepre/faces/javax.faces.resource/jquery/jquery-plugins.js?ln=primefaces&v=4.0 HTTP/1.1" 304 -
181.237.60.227 - - [13/May/2022:11:50:45 -0500] "GET /sipsepre/faces/javax.faces.resource/primefaces.js?ln=primefaces&v=4.0 HTTP/1.1" 304 -
181.237.60.227 - - [13/May/2022:11:50:45 -0500] "GET /sipsepre/faces/javax.faces.resource/layout/layout.js?ln=primefaces&v=4.0 HTTP/1.1" 304 -
181.237.60.227 - - [13/May/2022:11:50:46 -0500] "GET /sipsepre/faces/javax.faces.resource/images/ui-icons_898989_256x240.png?ln=primefaces-aristo HTTP/1.1" 304 -
64.227.3.78 - - [13/May/2022:11:50:47 -0500] "GET / HTTP/1.1" 200 319
181.237.60.227 - - [13/May/2022:11:50:50 -0500] "POST /sipsepre/faces/autenticacion.xhtml HTTP/1.1" 200 11346
181.237.60.227 - - [13/May/2022:11:50:50 -0500] "GET /sipsepre/faces/javax.faces.resource/jquery/jquery.js?ln=primefaces&v=4.0 HTTP/1.1" 304 -
181.237.60.227 - - [13/May/2022:11:50:50 -0500] "GET /sipsepre/faces/javax.faces.resource/jquery/jquery-plugins.js?ln=primefaces&v=4.0 HTTP/1.1" 304 -
181.237.60.227 - - [13/May/2022:11:50:50 -0500] "GET /sipsepre/faces/javax.faces.resource/primefaces.js?ln=primefaces&v=4.0 HTTP/1.1" 304 -
181.237.60.227 - - [13/May/2022:11:50:50 -0500] "GET /sipsepre/faces/javax.faces.resource/layout/layout.js?ln=primefaces&v=4.0 HTTP/1.1" 304 -
181.237.60.227 - - [13/May/2022:11:50:50 -0500] "GET /sipsepre/faces/javax.faces.resource/messages/messages.png?ln=primefaces&v=4.0 HTTP/1.1" 304 -
193.118.53.194 - - [13/May/2022:11:50:49 -0500] "GET /portaldeninos/ HTTP/1.1" 200 109662
181.237.60.227 - - [13/May/2022:11:50:55 -0500] "POST /sipsepre/faces/presentacion/sistema/seguridad/seleccionRol.xhtml HTTP/1.1" 200 5751
181.237.60.227 - - [13/May/2022:11:50:55 -0500] "POST /sipsepre/faces/presentacion/sistema/seguridad/seleccionRol.xhtml HTTP/1.1" 200 19347
181.237.60.227 - - [13/May/2022:11:50:56 -0500] "GET /sipsepre/faces/javax.faces.resource/jquery/jquery.js?ln=primefaces&v=4.0 HTTP/1.1" 304 -
181.237.60.227 - - [13/May/2022:11:50:56 -0500] "GET /sipsepre/faces/javax.faces.resource/jquery/jquery-plugins.js?ln=primefaces&v=4.0 HTTP/1.1" 304 -
181.237.60.227 - - [13/May/2022:11:50:56 -0500] "GET /sipsepre/faces/javax.faces.resource/primefaces.js?ln=primefaces&v=4.0 HTTP/1.1" 304 -
181.237.60.227 - - [13/May/2022:11:50:56 -0500] "GET /sipsepre/faces/javax.faces.resource/layout/layout.js?ln=primefaces&v=4.0 HTTP/1.1" 304 -
181.237.60.227 - - [13/May/2022:11:50:57 -0500] "GET /sipsepre/faces/javax.faces.resource/images/ui-bg_flat_0_2d5972_40x100.png?ln=primefaces-aristo HTTP/1.1" 304 -
181.237.60.227 - - [13/May/2022:11:50:57 -0500] "POST /sipsepre/faces/bienvenido.xhtml HTTP/1.1" 200 4442
181.237.60.227 - - [13/May/2022:11:50:59 -0500] "POST /sipsepre/faces/bienvenido.xhtml HTTP/1.1" 200 60177
181.237.60.227 - - [13/May/2022:11:51:00 -0500] "GET /sipsepre/faces/javax.faces.resource/jquery/jquery.js?ln=primefaces&v=4.0 HTTP/1.1" 304 -
181.237.60.227 - - [13/May/2022:11:51:00 -0500] "GET /sipsepre/faces/javax.faces.resource/jquery/jquery-plugins.js?ln=primefaces&v=4.0 HTTP/1.1" 304 -
181.237.60.227 - - [13/May/2022:11:51:00 -0500] "GET /sipsepre/faces/javax.faces.resource/primefaces.js?ln=primefaces&v=4.0 HTTP/1.1" 304 -
181.237.60.227 - - [13/May/2022:11:51:00 -0500] "GET /sipsepre/faces/javax.faces.resource/layout/layout.js?ln=primefaces&v=4.0 HTTP/1.1" 304 -
181.237.60.227 - - [13/May/2022:11:51:00 -0500] "POST /sipsepre/faces/presentacion/financiero/solicitudProceso/listarSolicitudProceso.xhtml HTTP/1.1" 200 1448
181.61.164.108 - - [13/May/2022:11:51:01 -0500] "GET /BLA/resoluciones/AUTOS%202008/0410.pdf HTTP/1.1" 200 70330
181.61.164.108 - - [13/May/2022:11:51:03 -0500] "GET /BLA/resoluciones/AUTOS%202008/0411.pdf HTTP/1.1" 200 149334
181.61.164.108 - - [13/May/2022:11:51:04 -0500] "GET /BLA/resoluciones/AUTOS%202008/0412.pdf HTTP/1.1" 200 213029
181.61.164.108 - - [13/May/2022:11:51:05 -0500] "GET /BLA/resoluciones/AUTOS%202008/0413.pdf HTTP/1.1" 200 225616
181.61.164.108 - - [13/May/2022:11:51:06 -0500] "GET /BLA/resoluciones/AUTOS%202008/0414.pdf HTTP/1.1" 200 248820
181.61.164.108 - - [13/May/2022:11:51:07 -0500] "GET /BLA/resoluciones/AUTOS%202008/0415.pdf HTTP/1.1" 200 310740
181.61.164.108 - - [13/May/2022:11:51:09 -0500] "GET /BLA/resoluciones/AUTOS%202008/0416.pdf HTTP/1.1" 200 191598
181.61.164.108 - - [13/May/2022:11:51:10 -0500] "GET /BLA/resoluciones/AUTOS%202008/0417.pdf HTTP/1.1" 200 143640
181.61.164.108 - - [13/May/2022:11:51:11 -0500] "GET /BLA/resoluciones/AUTOS%202008/0418.pdf HTTP/1.1" 200 177545
181.61.164.108 - - [13/May/2022:11:51:13 -0500] "GET /BLA/resoluciones/AUTOS%202008/0419.pdf HTTP/1.1" 200 142871
181.61.164.108 - - [13/May/2022:11:51:14 -0500] "GET /BLA/resoluciones/AUTOS%202008/0420.pdf HTTP/1.1" 200 239295
181.61.164.108 - - [13/May/2022:11:51:15 -0500] "GET /BLA/resoluciones/AUTOS%202008/0421.pdf HTTP/1.1" 200 153529
207.46.13.11 - - [13/May/2022:11:51:15 -0500] "GET /BLA/resoluciones/00001445.tif HTTP/1.1" 404 1018
181.237.60.227 - - [13/May/2022:11:51:15 -0500] "POST /sipsepre/faces/presentacion/financiero/solicitudProceso/listarSolicitudProceso.xhtml HTTP/1.1" 200 132858
181.237.60.227 - - [13/May/2022:11:51:16 -0500] "GET /sipsepre/faces/javax.faces.resource/jquery/jquery.js?ln=primefaces&v=4.0 HTTP/1.1" 304 -
181.237.60.227 - - [13/May/2022:11:51:16 -0500] "GET /sipsepre/faces/javax.faces.resource/jquery/jquery-plugins.js?ln=primefaces&v=4.0 HTTP/1.1" 304 -
181.237.60.227 - - [13/May/2022:11:51:16 -0500] "GET /sipsepre/faces/javax.faces.resource/primefaces.js?ln=primefaces&v=4.0 HTTP/1.1" 304 -
181.237.60.227 - - [13/May/2022:11:51:16 -0500] "GET /sipsepre/faces/javax.faces.resource/layout/layout.js?ln=primefaces&v=4.0 HTTP/1.1" 304 -
181.61.164.108 - - [13/May/2022:11:51:16 -0500] "GET /BLA/resoluciones/AUTOS%202008/0422.pdf HTTP/1.1" 200 233378
181.61.164.108 - - [13/May/2022:11:51:17 -0500] "GET /BLA/resoluciones/AUTOS%202008/0423.pdf HTTP/1.1" 200 141418
181.61.164.108 - - [13/May/2022:11:51:19 -0500] "GET /BLA/resoluciones/AUTOS%202008/0424.pdf HTTP/1.1" 200 139150
181.61.164.108 - - [13/May/2022:11:51:20 -0500] "GET /BLA/resoluciones/AUTOS%202008/0425.pdf HTTP/1.1" 200 308790
181.61.164.108 - - [13/May/2022:11:51:22 -0500] "GET /BLA/resoluciones/AUTOS%202008/0426.pdf HTTP/1.1" 200 279975
216.245.221.92 - - [13/May/2022:11:51:22 -0500] "HEAD / HTTP/1.1" 200 -
181.61.164.108 - - [13/May/2022:11:51:23 -0500] "GET /BLA/resoluciones/AUTOS%202008/0427.pdf HTTP/1.1" 200 300198
181.61.164.108 - - [13/May/2022:11:51:24 -0500] "GET /BLA/resoluciones/AUTOS%202008/0428.pdf HTTP/1.1" 200 151790
181.237.60.227 - - [13/May/2022:11:51:16 -0500] "GET /reportes_sipsepre/sdg/ServletReporte?reporte=memo_viabilidad&solicitud=14240&viabilidad=12839&pfdrid_c=false HTTP/1.1" 200 126124
181.61.164.108 - - [13/May/2022:11:51:26 -0500] "GET /BLA/resoluciones/AUTOS%202008/0429.pdf HTTP/1.1" 200 168450
181.61.164.108 - - [13/May/2022:11:51:27 -0500] "GET /BLA/resoluciones/AUTOS%202008/0430.pdf HTTP/1.1" 200 237904
181.61.164.108 - - [13/May/2022:11:51:29 -0500] "GET /BLA/resoluciones/AUTOS%202008/0431.pdf HTTP/1.1" 200 165640
181.237.60.227 - - [13/May/2022:11:51:30 -0500] "POST /sipsepre/faces/presentacion/financiero/solicitudProceso/consultarSolicitudProceso.xhtml HTTP/1.1" 200 911
181.61.164.108 - - [13/May/2022:11:51:31 -0500] "GET /BLA/resoluciones/AUTOS%202008/0432.pdf HTTP/1.1" 200 287187
181.237.60.227 - - [13/May/2022:11:51:31 -0500] "GET /sipsepre/faces/faces/autenticacion HTTP/1.1" 302 -
181.237.60.227 - - [13/May/2022:11:51:31 -0500] "GET /sipsepre/faces/autenticacion.xhtml HTTP/1.1" 200 12206
181.237.60.227 - - [13/May/2022:11:51:31 -0500] "GET /sipsepre/faces/javax.faces.resource/theme.css?ln=primefaces-sipse HTTP/1.1" 304 -
181.237.60.227 - - [13/May/2022:11:51:31 -0500] "GET /sipsepre/faces/javax.faces.resource/primefaces.css?ln=primefaces&v=4.0 HTTP/1.1" 304 -
181.237.60.227 - - [13/May/2022:11:51:31 -0500] "GET /sipsepre/faces/javax.faces.resource/layout/layout.css?ln=primefaces&v=4.0 HTTP/1.1" 304 -
181.237.60.227 - - [13/May/2022:11:51:31 -0500] "GET /sipsepre/faces/javax.faces.resource/jquery/jquery.js?ln=primefaces&v=4.0 HTTP/1.1" 304 -
181.237.60.227 - - [13/May/2022:11:51:31 -0500] "GET /sipsepre/faces/javax.faces.resource/jquery/jquery-plugins.js?ln=primefaces&v=4.0 HTTP/1.1" 304 -
181.237.60.227 - - [13/May/2022:11:51:31 -0500] "GET /sipsepre/faces/javax.faces.resource/primefaces.js?ln=primefaces&v=4.0 HTTP/1.1" 304 -
181.237.60.227 - - [13/May/2022:11:51:31 -0500] "GET /sipsepre/faces/javax.faces.resource/layout/layout.js?ln=primefaces&v=4.0 HTTP/1.1" 304 -
181.237.60.227 - - [13/May/2022:11:51:31 -0500] "GET /sipsepre/faces/javax.faces.resource/images/ui-icons_898989_256x240.png?ln=primefaces-aristo HTTP/1.1" 304 -
181.61.164.108 - - [13/May/2022:11:51:32 -0500] "GET /BLA/resoluciones/AUTOS%202008/0433.pdf HTTP/1.1" 200 157275
66.249.65.17 - - [13/May/2022:11:51:33 -0500] "-" 408 -
181.61.164.108 - - [13/May/2022:11:51:34 -0500] "GET /BLA/resoluciones/AUTOS%202008/0434.pdf HTTP/1.1" 200 170166
181.61.164.108 - - [13/May/2022:11:51:36 -0500] "GET /BLA/resoluciones/AUTOS%202008/0435.pdf HTTP/1.1" 200 322987
181.237.60.227 - - [13/May/2022:11:51:36 -0500] "POST /sipsepre/faces/autenticacion.xhtml HTTP/1.1" 200 16746
181.237.60.227 - - [13/May/2022:11:51:36 -0500] "GET /sipsepre/faces/javax.faces.resource/jquery/jquery.js?ln=primefaces&v=4.0 HTTP/1.1" 304 -
181.237.60.227 - - [13/May/2022:11:51:36 -0500] "GET /sipsepre/faces/javax.faces.resource/jquery/jquery-plugins.js?ln=primefaces&v=4.0 HTTP/1.1" 304 -
181.237.60.227 - - [13/May/2022:11:51:36 -0500] "GET /sipsepre/faces/javax.faces.resource/primefaces.js?ln=primefaces&v=4.0 HTTP/1.1" 304 -
181.237.60.227 - - [13/May/2022:11:51:36 -0500] "GET /sipsepre/faces/javax.faces.resource/layout/layout.js?ln=primefaces&v=4.0 HTTP/1.1" 304 -
181.237.60.227 - - [13/May/2022:11:51:36 -0500] "GET /sipsepre/faces/javax.faces.resource/messages/messages.png?ln=primefaces&v=4.0 HTTP/1.1" 304 -
181.61.164.108 - - [13/May/2022:11:51:37 -0500] "GET /BLA/resoluciones/AUTOS%202008/0436.pdf HTTP/1.1" 200 169057
181.237.60.227 - - [13/May/2022:11:51:37 -0500] "GET /sipsepre/faces/javax.faces.resource/images/ui-bg_flat_0_2d5972_40x100.png?ln=primefaces-aristo HTTP/1.1" 304 -
181.237.60.227 - - [13/May/2022:11:51:37 -0500] "POST /sipsepre/faces/bienvenido.xhtml HTTP/1.1" 200 3255
181.237.60.227 - - [13/May/2022:11:51:38 -0500] "POST /sipsepre/faces/bienvenido.xhtml HTTP/1.1" 200 53542
181.237.60.227 - - [13/May/2022:11:51:39 -0500] "GET /sipsepre/faces/javax.faces.resource/jquery/jquery.js?ln=primefaces&v=4.0 HTTP/1.1" 304 -
181.237.60.227 - - [13/May/2022:11:51:39 -0500] "GET /sipsepre/faces/javax.faces.resource/jquery/jquery-plugins.js?ln=primefaces&v=4.0 HTTP/1.1" 304 -
181.237.60.227 - - [13/May/2022:11:51:39 -0500] "GET /sipsepre/faces/javax.faces.resource/primefaces.js?ln=primefaces&v=4.0 HTTP/1.1" 304 -
181.237.60.227 - - [13/May/2022:11:51:39 -0500] "GET /sipsepre/faces/javax.faces.resource/layout/layout.js?ln=primefaces&v=4.0 HTTP/1.1" 304 -
181.237.60.227 - - [13/May/2022:11:51:39 -0500] "POST /sipsepre/faces/presentacion/financiero/solicitudProceso/listarSolicitudProceso.xhtml HTTP/1.1" 200 1436
181.61.164.108 - - [13/May/2022:11:51:40 -0500] "GET /BLA/resoluciones/AUTOS%202008/0437.pdf HTTP/1.1" 200 169042
181.61.164.108 - - [13/May/2022:11:51:41 -0500] "GET /BLA/resoluciones/AUTOS%202008/0438.pdf HTTP/1.1" 200 105783
172.22.2.4 - - [13/May/2022:11:50:02 -0500] "HEAD /BLA/boletinlegal/ HTTP/1.1" 200 -
181.237.60.227 - - [13/May/2022:11:51:44 -0500] "POST /sipsepre/faces/presentacion/financiero/solicitudProceso/listarSolicitudProceso.xhtml HTTP/1.1" 200 131507
181.237.60.227 - - [13/May/2022:11:51:45 -0500] "GET /sipsepre/faces/javax.faces.resource/jquery/jquery.js?ln=primefaces&v=4.0 HTTP/1.1" 304 -
181.237.60.227 - - [13/May/2022:11:51:45 -0500] "GET /sipsepre/faces/javax.faces.resource/jquery/jquery-plugins.js?ln=primefaces&v=4.0 HTTP/1.1" 304 -
181.237.60.227 - - [13/May/2022:11:51:45 -0500] "GET /sipsepre/faces/javax.faces.resource/primefaces.js?ln=primefaces&v=4.0 HTTP/1.1" 304 -
181.237.60.227 - - [13/May/2022:11:51:45 -0500] "GET /sipsepre/faces/javax.faces.resource/layout/layout.js?ln=primefaces&v=4.0 HTTP/1.1" 304 -
181.61.164.108 - - [13/May/2022:11:51:46 -0500] "GET /BLA/resoluciones/AUTOS%202008/0439.pdf HTTP/1.1" 200 251928
181.61.164.108 - - [13/May/2022:11:51:46 -0500] "GET /BLA/resoluciones/AUTOS%202008/0440.pdf HTTP/1.1" 200 142933
181.237.60.227 - - [13/May/2022:11:51:45 -0500] "GET /reportes_sipsepre/sdg/ServletReporte?reporte=memo_viabilidad&solicitud=14240&viabilidad=12839&pfdrid_c=false HTTP/1.1" 200 126124
181.237.60.227 - - [13/May/2022:11:51:52 -0500] "POST /sipsepre/faces/presentacion/financiero/solicitudProceso/consultarSolicitudProceso.xhtml HTTP/1.1" 200 51304
181.237.60.227 - - [13/May/2022:11:51:54 -0500] "GET /sipsepre/faces/javax.faces.resource/jquery/jquery.js?ln=primefaces&v=4.0 HTTP/1.1" 304 -
181.237.60.227 - - [13/May/2022:11:51:55 -0500] "GET /sipsepre/faces/javax.faces.resource/jquery/jquery-plugins.js?ln=primefaces&v=4.0 HTTP/1.1" 304 -
181.237.60.227 - - [13/May/2022:11:51:55 -0500] "GET /sipsepre/faces/javax.faces.resource/primefaces.js?ln=primefaces&v=4.0 HTTP/1.1" 304 -
181.237.60.227 - - [13/May/2022:11:51:55 -0500] "GET /sipsepre/faces/javax.faces.resource/layout/layout.js?ln=primefaces&v=4.0 HTTP/1.1" 304 -
181.237.60.227 - - [13/May/2022:11:51:55 -0500] "POST /sipsepre/faces/presentacion/financiero/solicitudProceso/listarSolicitudProceso.xhtml HTTP/1.1" 200 1424
181.237.60.227 - - [13/May/2022:11:52:06 -0500] "POST /sipsepre/faces/presentacion/financiero/solicitudProceso/listarSolicitudProceso.xhtml HTTP/1.1" 200 911
181.237.60.227 - - [13/May/2022:11:52:07 -0500] "GET /sipsepre/faces/faces/autenticacion HTTP/1.1" 302 -
181.237.60.227 - - [13/May/2022:11:52:07 -0500] "GET /sipsepre/faces/autenticacion.xhtml HTTP/1.1" 200 12206
181.237.60.227 - - [13/May/2022:11:52:07 -0500] "GET /sipsepre/faces/javax.faces.resource/theme.css?ln=primefaces-sipse HTTP/1.1" 304 -
181.237.60.227 - - [13/May/2022:11:52:07 -0500] "GET /sipsepre/faces/javax.faces.resource/primefaces.css?ln=primefaces&v=4.0 HTTP/1.1" 304 -
181.237.60.227 - - [13/May/2022:11:52:07 -0500] "GET /sipsepre/faces/javax.faces.resource/layout/layout.css?ln=primefaces&v=4.0 HTTP/1.1" 304 -
181.237.60.227 - - [13/May/2022:11:52:07 -0500] "GET /sipsepre/faces/javax.faces.resource/jquery/jquery-plugins.js?ln=primefaces&v=4.0 HTTP/1.1" 304 -
181.237.60.227 - - [13/May/2022:11:52:07 -0500] "GET /sipsepre/faces/javax.faces.resource/jquery/jquery.js?ln=primefaces&v=4.0 HTTP/1.1" 304 -
181.237.60.227 - - [13/May/2022:11:52:07 -0500] "GET /sipsepre/faces/javax.faces.resource/layout/layout.js?ln=primefaces&v=4.0 HTTP/1.1" 304 -
181.237.60.227 - - [13/May/2022:11:52:07 -0500] "GET /sipsepre/faces/javax.faces.resource/primefaces.js?ln=primefaces&v=4.0 HTTP/1.1" 304 -
181.237.60.227 - - [13/May/2022:11:52:07 -0500] "GET /sipsepre/faces/javax.faces.resource/images/ui-icons_898989_256x240.png?ln=primefaces-aristo HTTP/1.1" 304 -
181.237.60.227 - - [13/May/2022:11:52:10 -0500] "POST /sipsepre/faces/autenticacion.xhtml HTTP/1.1" 200 11346
181.237.60.227 - - [13/May/2022:11:52:10 -0500] "GET /sipsepre/faces/javax.faces.resource/jquery/jquery.js?ln=primefaces&v=4.0 HTTP/1.1" 304 -
181.237.60.227 - - [13/May/2022:11:52:10 -0500] "GET /sipsepre/faces/javax.faces.resource/jquery/jquery-plugins.js?ln=primefaces&v=4.0 HTTP/1.1" 304 -
181.237.60.227 - - [13/May/2022:11:52:10 -0500] "GET /sipsepre/faces/javax.faces.resource/primefaces.js?ln=primefaces&v=4.0 HTTP/1.1" 304 -
181.237.60.227 - - [13/May/2022:11:52:10 -0500] "GET /sipsepre/faces/javax.faces.resource/layout/layout.js?ln=primefaces&v=4.0 HTTP/1.1" 304 -
181.237.60.227 - - [13/May/2022:11:52:10 -0500] "GET /sipsepre/faces/javax.faces.resource/messages/messages.png?ln=primefaces&v=4.0 HTTP/1.1" 304 -
181.237.60.227 - - [13/May/2022:11:52:12 -0500] "POST /sipsepre/faces/presentacion/sistema/seguridad/seleccionRol.xhtml HTTP/1.1" 200 5751
181.237.60.227 - - [13/May/2022:11:52:13 -0500] "POST /sipsepre/faces/presentacion/sistema/seguridad/seleccionRol.xhtml HTTP/1.1" 200 19347
181.237.60.227 - - [13/May/2022:11:52:13 -0500] "GET /sipsepre/faces/javax.faces.resource/jquery/jquery.js?ln=primefaces&v=4.0 HTTP/1.1" 304 -
181.237.60.227 - - [13/May/2022:11:52:13 -0500] "GET /sipsepre/faces/javax.faces.resource/jquery/jquery-plugins.js?ln=primefaces&v=4.0 HTTP/1.1" 304 -
181.237.60.227 - - [13/May/2022:11:52:13 -0500] "GET /sipsepre/faces/javax.faces.resource/primefaces.js?ln=primefaces&v=4.0 HTTP/1.1" 304 -
181.237.60.227 - - [13/May/2022:11:52:13 -0500] "GET /sipsepre/faces/javax.faces.resource/layout/layout.js?ln=primefaces&v=4.0 HTTP/1.1" 304 -
181.237.60.227 - - [13/May/2022:11:52:14 -0500] "GET /sipsepre/faces/javax.faces.resource/images/ui-bg_flat_0_2d5972_40x100.png?ln=primefaces-aristo HTTP/1.1" 304 -
181.237.60.227 - - [13/May/2022:11:52:14 -0500] "POST /sipsepre/faces/bienvenido.xhtml HTTP/1.1" 200 4442
181.237.60.227 - - [13/May/2022:11:52:15 -0500] "POST /sipsepre/faces/bienvenido.xhtml HTTP/1.1" 200 60107
181.237.60.227 - - [13/May/2022:11:52:15 -0500] "GET /sipsepre/faces/javax.faces.resource/jquery/jquery.js?ln=primefaces&v=4.0 HTTP/1.1" 304 -
181.237.60.227 - - [13/May/2022:11:52:15 -0500] "GET /sipsepre/faces/javax.faces.resource/jquery/jquery-plugins.js?ln=primefaces&v=4.0 HTTP/1.1" 304 -
181.237.60.227 - - [13/May/2022:11:52:15 -0500] "GET /sipsepre/faces/javax.faces.resource/primefaces.js?ln=primefaces&v=4.0 HTTP/1.1" 304 -
181.237.60.227 - - [13/May/2022:11:52:15 -0500] "GET /sipsepre/faces/javax.faces.resource/layout/layout.js?ln=primefaces&v=4.0 HTTP/1.1" 304 -
181.237.60.227 - - [13/May/2022:11:52:15 -0500] "POST /sipsepre/faces/presentacion/financiero/solicitudProceso/listarSolicitudProceso.xhtml HTTP/1.1" 200 1448
181.237.60.227 - - [13/May/2022:11:52:17 -0500] "POST /sipsepre/faces/presentacion/financiero/solicitudProceso/listarSolicitudProceso.xhtml HTTP/1.1" 200 130985
181.237.60.227 - - [13/May/2022:11:52:18 -0500] "GET /sipsepre/faces/javax.faces.resource/jquery/jquery.js?ln=primefaces&v=4.0 HTTP/1.1" 304 -
181.237.60.227 - - [13/May/2022:11:52:18 -0500] "GET /sipsepre/faces/javax.faces.resource/jquery/jquery-plugins.js?ln=primefaces&v=4.0 HTTP/1.1" 304 -
181.237.60.227 - - [13/May/2022:11:52:18 -0500] "GET /sipsepre/faces/javax.faces.resource/primefaces.js?ln=primefaces&v=4.0 HTTP/1.1" 304 -
181.237.60.227 - - [13/May/2022:11:52:18 -0500] "GET /sipsepre/faces/javax.faces.resource/layout/layout.js?ln=primefaces&v=4.0 HTTP/1.1" 304 -
181.61.164.108 - - [13/May/2022:11:52:26 -0500] "GET /BLA/resoluciones/AUTOS%202008/0441.pdf HTTP/1.1" 200 254695
181.237.60.227 - - [13/May/2022:11:52:18 -0500] "GET /reportes_sipsepre/sdg/ServletReporte?reporte=memo_viabilidad&solicitud=14240&viabilidad=12839&pfdrid_c=false HTTP/1.1" 200 126124
181.61.164.108 - - [13/May/2022:11:52:28 -0500] "GET /BLA/resoluciones/AUTOS%202008/0442.pdf HTTP/1.1" 200 305760
181.61.164.108 - - [13/May/2022:11:52:29 -0500] "GET /BLA/resoluciones/AUTOS%202008/0443.pdf HTTP/1.1" 200 214767
181.61.164.108 - - [13/May/2022:11:52:32 -0500] "GET /BLA/resoluciones/AUTOS%202008/0444.pdf HTTP/1.1" 200 396329
172.22.2.4 - - [13/May/2022:11:50:53 -0500] "GET /BLA/boletinlegal/ HTTP/1.1" 200 55450
181.61.164.108 - - [13/May/2022:11:52:33 -0500] "GET /BLA/resoluciones/AUTOS%202008/0445.pdf HTTP/1.1" 200 211332
181.61.164.108 - - [13/May/2022:11:52:34 -0500] "GET /BLA/resoluciones/AUTOS%202008/0446.pdf HTTP/1.1" 200 291039
181.61.164.108 - - [13/May/2022:11:52:34 -0500] "GET /BLA/resoluciones/AUTOS%202008/0447.pdf HTTP/1.1" 200 619073
181.61.164.108 - - [13/May/2022:11:52:36 -0500] "GET /BLA/resoluciones/AUTOS%202008/0448.pdf HTTP/1.1" 200 289925
181.61.164.108 - - [13/May/2022:11:52:37 -0500] "GET /BLA/resoluciones/AUTOS%202008/0449.pdf HTTP/1.1" 200 422880
181.61.164.108 - - [13/May/2022:11:52:38 -0500] "GET /BLA/resoluciones/AUTOS%202008/0450.pdf HTTP/1.1" 200 68946
181.61.164.108 - - [13/May/2022:11:52:39 -0500] "GET /BLA/resoluciones/AUTOS%202008/0451.pdf HTTP/1.1" 200 385198
181.237.60.227 - - [13/May/2022:11:52:40 -0500] "POST /sipsepre/faces/presentacion/financiero/solicitudProceso/consultarSolicitudProceso.xhtml HTTP/1.1" 200 84233
181.237.60.227 - - [13/May/2022:11:52:40 -0500] "GET /sipsepre/faces/javax.faces.resource/jquery/jquery.js?ln=primefaces&v=4.0 HTTP/1.1" 304 -
181.237.60.227 - - [13/May/2022:11:52:40 -0500] "GET /sipsepre/faces/javax.faces.resource/jquery/jquery-plugins.js?ln=primefaces&v=4.0 HTTP/1.1" 304 -
181.237.60.227 - - [13/May/2022:11:52:40 -0500] "GET /sipsepre/faces/javax.faces.resource/primefaces.js?ln=primefaces&v=4.0 HTTP/1.1" 304 -
181.237.60.227 - - [13/May/2022:11:52:40 -0500] "GET /sipsepre/faces/javax.faces.resource/layout/layout.js?ln=primefaces&v=4.0 HTTP/1.1" 304 -
181.61.164.108 - - [13/May/2022:11:52:41 -0500] "GET /BLA/resoluciones/AUTOS%202008/0452.pdf HTTP/1.1" 200 211979
181.61.164.108 - - [13/May/2022:11:52:42 -0500] "GET /BLA/resoluciones/AUTOS%202008/0453.pdf HTTP/1.1" 200 289852
181.237.60.227 - - [13/May/2022:11:52:42 -0500] "POST /sipsepre/faces/presentacion/financiero/solicitudProceso/crearModificarSolicitudProceso.xhtml HTTP/1.1" 200 132326
181.237.60.227 - - [13/May/2022:11:52:43 -0500] "GET /sipsepre/faces/javax.faces.resource/jquery/jquery.js?ln=primefaces&v=4.0 HTTP/1.1" 304 -
181.237.60.227 - - [13/May/2022:11:52:43 -0500] "GET /sipsepre/faces/javax.faces.resource/jquery/jquery-plugins.js?ln=primefaces&v=4.0 HTTP/1.1" 304 -
181.237.60.227 - - [13/May/2022:11:52:43 -0500] "GET /sipsepre/faces/javax.faces.resource/primefaces.js?ln=primefaces&v=4.0 HTTP/1.1" 304 -
181.237.60.227 - - [13/May/2022:11:52:43 -0500] "GET /sipsepre/faces/javax.faces.resource/layout/layout.js?ln=primefaces&v=4.0 HTTP/1.1" 304 -
181.237.60.227 - - [13/May/2022:11:52:43 -0500] "GET /reportes_sipsepre/sdg/ServletReporte?reporte=memo_viabilidad&solicitud=14240&viabilidad=12839&pfdrid_c=false HTTP/1.1" 200 912
181.61.164.108 - - [13/May/2022:11:52:43 -0500] "GET /BLA/resoluciones/AUTOS%202008/0454.pdf HTTP/1.1" 200 245816
181.61.164.108 - - [13/May/2022:11:52:44 -0500] "GET /BLA/resoluciones/AUTOS%202008/0455.pdf HTTP/1.1" 200 206829
181.61.164.108 - - [13/May/2022:11:52:45 -0500] "GET /BLA/resoluciones/AUTOS%202008/0456.pdf HTTP/1.1" 200 172132
181.61.164.108 - - [13/May/2022:11:52:47 -0500] "GET /BLA/resoluciones/AUTOS%202008/0457.pdf HTTP/1.1" 200 95761
181.61.164.108 - - [13/May/2022:11:52:49 -0500] "GET /BLA/resoluciones/AUTOS%202008/0458.pdf HTTP/1.1" 200 99538
181.61.164.108 - - [13/May/2022:11:52:50 -0500] "GET /BLA/resoluciones/AUTOS%202008/0459.pdf HTTP/1.1" 200 144089
181.61.164.108 - - [13/May/2022:11:52:52 -0500] "GET /BLA/resoluciones/AUTOS%202008/0460.pdf HTTP/1.1" 200 101849
181.61.164.108 - - [13/May/2022:11:52:55 -0500] "GET /BLA/resoluciones/AUTOS%202008/0461.pdf HTTP/1.1" 200 98328
181.61.164.108 - - [13/May/2022:11:52:56 -0500] "GET /BLA/resoluciones/AUTOS%202008/0462.pdf HTTP/1.1" 200 91214
201.245.192.253 - - [13/May/2022:11:52:56 -0500] "POST /sipse/faces/presentacion/financiero/solicitudProceso/listarSolicitudProceso.xhtml HTTP/1.1" 200 8393
181.61.164.108 - - [13/May/2022:11:52:58 -0500] "GET /BLA/resoluciones/AUTOS%202008/0463.pdf HTTP/1.1" 200 99541
181.61.164.108 - - [13/May/2022:11:53:00 -0500] "GET /BLA/resoluciones/AUTOS%202008/0464.pdf HTTP/1.1" 200 100383
201.245.192.253 - - [13/May/2022:11:53:00 -0500] "POST /sipse/faces/presentacion/financiero/solicitudProceso/listarSolicitudProceso.xhtml HTTP/1.1" 200 68443
181.61.164.108 - - [13/May/2022:11:53:01 -0500] "GET /BLA/resoluciones/AUTOS%202008/0465.pdf HTTP/1.1" 200 178094
181.61.164.108 - - [13/May/2022:11:53:03 -0500] "GET /BLA/resoluciones/AUTOS%202008/0466.pdf HTTP/1.1" 200 100391
201.245.192.253 - - [13/May/2022:11:53:04 -0500] "POST /sipse/faces/presentacion/financiero/solicitudProceso/listarSolicitudProceso.xhtml HTTP/1.1" 200 5812
181.61.164.108 - - [13/May/2022:11:53:05 -0500] "GET /BLA/resoluciones/AUTOS%202008/0467.pdf HTTP/1.1" 200 97716
181.61.164.108 - - [13/May/2022:11:53:06 -0500] "GET /BLA/resoluciones/AUTOS%202008/0468.pdf HTTP/1.1" 200 241530
181.61.164.108 - - [13/May/2022:11:53:08 -0500] "GET /BLA/resoluciones/AUTOS%202008/0469.pdf HTTP/1.1" 200 158682
172.22.2.4 - - [13/May/2022:11:53:10 -0500] "GET /BLA/boletinlegal/consulta_actos.php?tipo=resoluciones&no=&usuario=&sector=&fecha=2022&resuelve=perdida HTTP/1.1" 200 626
181.61.164.108 - - [13/May/2022:11:53:10 -0500] "GET /BLA/resoluciones/AUTOS%202008/0470.pdf HTTP/1.1" 200 114574
201.245.192.253 - - [13/May/2022:11:53:14 -0500] "POST /sipse/faces/presentacion/financiero/solicitudProceso/listarSolicitudProceso.xhtml HTTP/1.1" 200 279345
172.22.2.4 - - [13/May/2022:11:53:17 -0500] "GET /BLA/boletinlegal/consulta_actos.php?tipo=resoluciones&no=&usuario=&sector=&fecha=2022&resuelve=fuerza HTTP/1.1" 200 1320
201.245.192.253 - - [13/May/2022:11:53:20 -0500] "POST /sipse/faces/presentacion/financiero/solicitudProceso/listarSolicitudProceso.xhtml HTTP/1.1" 200 5788
186.112.30.52 - - [13/May/2022:11:53:23 -0500] "GET /BLA/resoluciones/index.php?dir= HTTP/1.1" 200 13093
172.22.2.4 - - [13/May/2022:11:53:26 -0500] "GET /BLA/boletinlegal/consulta_actos.php?tipo=autos&no=&usuario=&sector=&fecha=2022&resuelve=fuerza HTTP/1.1" 200 626
186.112.30.52 - - [13/May/2022:11:53:26 -0500] "GET /BLA/resoluciones/index.php?dir=RESOLUCIONES+2019%2F HTTP/1.1" 200 238267
172.22.2.4 - - [13/May/2022:11:53:27 -0500] "GET /BLA/boletinlegal/consulta_actos.php?tipo=autos&no=&usuario=&sector=&fecha=2022&resuelve=fuerza HTTP/1.1" 200 626
172.22.2.4 - - [13/May/2022:11:53:33 -0500] "GET /BLA/boletinlegal/consulta_actos.php?tipo=autos&no=&usuario=&sector=&fecha=2021&resuelve=fuerza HTTP/1.1" 200 626
172.22.2.4 - - [13/May/2022:11:53:35 -0500] "GET /BLA/boletinlegal/consulta_actos.php?tipo=autos&no=&usuario=&sector=&fecha=2021&resuelve=fuerza HTTP/1.1" 200 626
172.22.2.4 - - [13/May/2022:11:53:36 -0500] "GET /BLA/boletinlegal/consulta_actos.php?tipo=autos&no=&usuario=&sector=&fecha=2021&resuelve=fuerza HTTP/1.1" 200 626
172.22.2.4 - - [13/May/2022:11:53:41 -0500] "GET /BLA/boletinlegal/consulta_actos.php?tipo=autos&no=&usuario=&sector=&fecha=2022&resuelve=fuerza HTTP/1.1" 200 626
172.22.2.4 - - [13/May/2022:11:53:49 -0500] "GET /BLA/boletinlegal/consulta_actos.php?tipo=resoluciones&no=&usuario=&sector=&fecha=2021&resuelve=fuerza HTTP/1.1" 200 24544
201.245.192.253 - - [13/May/2022:11:53:56 -0500] "POST /sipse/faces/presentacion/financiero/solicitudProceso/listarSolicitudProceso.xhtml HTTP/1.1" 200 5820
186.112.30.52 - - [13/May/2022:11:54:04 -0500] "GET /BLA/resoluciones/RESOLUCIONES%202019/1991.pdf HTTP/1.1" 200 247450
181.61.164.108 - - [13/May/2022:11:55:33 -0500] "GET /BLA/resoluciones/AUTOS%202008/0471.pdf HTTP/1.1" 200 174411
181.61.164.108 - - [13/May/2022:11:55:34 -0500] "GET /BLA/resoluciones/AUTOS%202008/0472.pdf HTTP/1.1" 200 179552
181.61.164.108 - - [13/May/2022:11:55:35 -0500] "GET /BLA/resoluciones/AUTOS%202008/0473.pdf HTTP/1.1" 200 111680
181.61.164.108 - - [13/May/2022:11:55:37 -0500] "GET /BLA/resoluciones/AUTOS%202008/0474.pdf HTTP/1.1" 200 198738
181.61.164.108 - - [13/May/2022:11:55:38 -0500] "GET /BLA/resoluciones/AUTOS%202008/0475.pdf HTTP/1.1" 200 195487
181.61.164.108 - - [13/May/2022:11:55:39 -0500] "GET /BLA/resoluciones/AUTOS%202008/0476.pdf HTTP/1.1" 200 112428
181.61.164.108 - - [13/May/2022:11:55:40 -0500] "GET /BLA/resoluciones/AUTOS%202008/0477.pdf HTTP/1.1" 200 177925
181.61.164.108 - - [13/May/2022:11:55:42 -0500] "GET /BLA/resoluciones/AUTOS%202008/0478.pdf HTTP/1.1" 200 167334
192.168.171.39 - - [13/May/2022:11:55:43 -0500] "GET /BLA/resoluciones/ HTTP/1.1" 200 13093
181.61.164.108 - - [13/May/2022:11:55:43 -0500] "GET /BLA/resoluciones/AUTOS%202008/0479.pdf HTTP/1.1" 200 130349
181.61.164.108 - - [13/May/2022:11:55:44 -0500] "GET /BLA/resoluciones/AUTOS%202008/0480.pdf HTTP/1.1" 200 140592
181.61.164.108 - - [13/May/2022:11:55:45 -0500] "GET /BLA/resoluciones/AUTOS%202008/0481.pdf HTTP/1.1" 200 130727
181.61.164.108 - - [13/May/2022:11:55:46 -0500] "GET /BLA/resoluciones/AUTOS%202008/0482.pdf HTTP/1.1" 200 113190
181.61.164.108 - - [13/May/2022:11:55:48 -0500] "GET /BLA/resoluciones/AUTOS%202008/0483.pdf HTTP/1.1" 200 77610
181.61.164.108 - - [13/May/2022:11:55:49 -0500] "GET /BLA/resoluciones/AUTOS%202008/0484.pdf HTTP/1.1" 200 217963
181.61.164.108 - - [13/May/2022:11:55:51 -0500] "GET /BLA/resoluciones/AUTOS%202008/0485.pdf HTTP/1.1" 200 217977
181.61.164.108 - - [13/May/2022:11:55:52 -0500] "GET /BLA/resoluciones/AUTOS%202008/0486.pdf HTTP/1.1" 200 59949
181.61.164.108 - - [13/May/2022:11:55:53 -0500] "GET /BLA/resoluciones/AUTOS%202008/0487.pdf HTTP/1.1" 200 229572
192.168.171.39 - - [13/May/2022:11:55:54 -0500] "GET /BLA/resoluciones/index.php?dir=RESOLUCIONES+2021%2F HTTP/1.1" 200 16331
192.168.171.39 - - [13/May/2022:11:55:54 -0500] "GET /BLA/resoluciones/index.php?dir=RESOLUCIONES+2021%2F HTTP/1.1" 200 356786
181.61.164.108 - - [13/May/2022:11:55:55 -0500] "GET /BLA/resoluciones/AUTOS%202008/0488.pdf HTTP/1.1" 200 129675
181.61.164.108 - - [13/May/2022:11:55:56 -0500] "GET /BLA/resoluciones/AUTOS%202008/0489.pdf HTTP/1.1" 200 74155
181.61.164.108 - - [13/May/2022:11:55:58 -0500] "GET /BLA/resoluciones/AUTOS%202008/0490.pdf HTTP/1.1" 200 56269
181.61.164.108 - - [13/May/2022:11:55:59 -0500] "GET /BLA/resoluciones/AUTOS%202008/0491.pdf HTTP/1.1" 200 117941
181.61.164.108 - - [13/May/2022:11:56:01 -0500] "GET /BLA/resoluciones/AUTOS%202008/0492.pdf HTTP/1.1" 200 320852
181.61.164.108 - - [13/May/2022:11:56:03 -0500] "GET /BLA/resoluciones/AUTOS%202008/0493.pdf HTTP/1.1" 200 333286
181.61.164.108 - - [13/May/2022:11:56:05 -0500] "GET /BLA/resoluciones/AUTOS%202008/0494.pdf HTTP/1.1" 200 214903
192.168.171.39 - - [13/May/2022:11:56:06 -0500] "GET /BLA/resoluciones/RESOLUCIONES%202021/3862.pdf HTTP/1.1" 200 478634
181.61.164.108 - - [13/May/2022:11:56:07 -0500] "GET /BLA/resoluciones/AUTOS%202008/0495.pdf HTTP/1.1" 200 274672
181.61.164.108 - - [13/May/2022:11:56:09 -0500] "GET /BLA/resoluciones/AUTOS%202008/0496.pdf HTTP/1.1" 200 322409
181.61.164.108 - - [13/May/2022:11:56:10 -0500] "GET /BLA/resoluciones/AUTOS%202008/0497.pdf HTTP/1.1" 200 129226
181.61.164.108 - - [13/May/2022:11:56:12 -0500] "GET /BLA/resoluciones/AUTOS%202008/0498.pdf HTTP/1.1" 200 77482
181.61.164.108 - - [13/May/2022:11:56:14 -0500] "GET /BLA/resoluciones/AUTOS%202008/0499.pdf HTTP/1.1" 200 76769
216.245.221.92 - - [13/May/2022:11:56:22 -0500] "HEAD / HTTP/1.1" 200 -
201.245.192.253 - - [13/May/2022:11:57:04 -0500] "POST /sipse/faces/presentacion/financiero/solicitudProceso/listarSolicitudProceso.xhtml HTTP/1.1" 200 31014
201.245.192.253 - - [13/May/2022:11:57:04 -0500] "POST /sipse/faces/presentacion/financiero/solicitudProceso/listarSolicitudProceso.xhtml HTTP/1.1" 200 31014
201.245.192.253 - - [13/May/2022:11:57:04 -0500] "POST /sipse/faces/presentacion/financiero/solicitudProceso/listarSolicitudProceso.xhtml HTTP/1.1" 200 31014
201.245.192.253 - - [13/May/2022:11:57:04 -0500] "POST /sipse/faces/presentacion/financiero/solicitudProceso/listarSolicitudProceso.xhtml HTTP/1.1" 200 31014
201.245.192.253 - - [13/May/2022:11:57:05 -0500] "POST /sipse/faces/presentacion/financiero/solicitudProceso/listarSolicitudProceso.xhtml HTTP/1.1" 200 1340
201.245.192.253 - - [13/May/2022:11:57:05 -0500] "POST /sipse/faces/presentacion/financiero/solicitudProceso/listarSolicitudProceso.xhtml HTTP/1.1" 200 1340
201.245.192.253 - - [13/May/2022:11:57:05 -0500] "POST /sipse/faces/presentacion/financiero/solicitudProceso/listarSolicitudProceso.xhtml HTTP/1.1" 200 1344
201.245.192.253 - - [13/May/2022:11:57:05 -0500] "POST /sipse/faces/presentacion/financiero/solicitudProceso/listarSolicitudProceso.xhtml HTTP/1.1" 200 1340
186.102.98.111 - - [13/May/2022:11:57:11 -0500] "OPTIONS /kwssiamovil/sm/setfile/f? HTTP/1.1" 200 13
186.102.98.111 - - [13/May/2022:11:57:11 -0500] "POST /kwssiamovil/sm/setfile/f? HTTP/1.1" 200 381
201.245.192.253 - - [13/May/2022:11:57:17 -0500] "POST /sipse/faces/presentacion/financiero/solicitudProceso/listarSolicitudProceso.xhtml HTTP/1.1" 200 31014
201.245.192.253 - - [13/May/2022:11:57:17 -0500] "POST /sipse/faces/presentacion/financiero/solicitudProceso/listarSolicitudProceso.xhtml HTTP/1.1" 200 31014
201.245.192.253 - - [13/May/2022:11:57:17 -0500] "POST /sipse/faces/presentacion/financiero/solicitudProceso/listarSolicitudProceso.xhtml HTTP/1.1" 200 31014
201.245.192.253 - - [13/May/2022:11:57:18 -0500] "POST /sipse/faces/presentacion/financiero/solicitudProceso/listarSolicitudProceso.xhtml HTTP/1.1" 200 31014
201.245.192.253 - - [13/May/2022:11:57:18 -0500] "POST /sipse/faces/presentacion/financiero/solicitudProceso/listarSolicitudProceso.xhtml HTTP/1.1" 200 1340
201.245.192.253 - - [13/May/2022:11:57:18 -0500] "POST /sipse/faces/presentacion/financiero/solicitudProceso/listarSolicitudProceso.xhtml HTTP/1.1" 200 1340
201.245.192.253 - - [13/May/2022:11:57:18 -0500] "POST /sipse/faces/presentacion/financiero/solicitudProceso/listarSolicitudProceso.xhtml HTTP/1.1" 200 1344
201.245.192.253 - - [13/May/2022:11:57:18 -0500] "POST /sipse/faces/presentacion/financiero/solicitudProceso/listarSolicitudProceso.xhtml HTTP/1.1" 200 1340
186.102.98.111 - - [13/May/2022:11:57:19 -0500] "GET /kwssiamovil/sm/acme/a?s=U2FsdGVkX1+aiclhkCM6OSQkc2xcjQ+5qB/btKjscJVdxbo3MlyPH1QHvJIytbQjtmfVbEtFVDGs6qKedTmfaUUd5u/mhbds7U5F3sBWOmWprkvAHTPMb16PUc7tl43xO2AIhzyValgCACieNDIRBAxrDilyxJdny45V3LtGGUYjWnt1/9ZHtnNwtW6RksKvI0dwPPMr5sDTcrjhNOOqVa5IbJg27Sw5cfuGqWzXyoVKWxiSxa/MqKBcmBg/RlU4nipT4GjE4+Jejnjwhtj+Yw==&u=U2FsdGVkX1+TyxW7tnC5HTdpXNp9V1Fde33vLSZQC3N6VFAfidTfOqXTkL9yy2Om&y=U2FsdGVkX1+reVVlM+9RTzxU56B5n/QUFrtLe5RjD0s8bu1gZav452F4V88sDzKi HTTP/1.1" 200 25
186.102.98.111 - - [13/May/2022:11:57:20 -0500] "GET /kwssiamovil/sm/acme/a?s=U2FsdGVkX18u0LP+jEt4ambHPOZ0xWYBcGeDHtQXC77t0v1aVxQbrkgiL87QNJTygW50kAwnme/VJptsbVrL3s0dMX2LioSEjvDFpq6ntUKANNdKeExrdvTwyyle24n2bJeCD4RklCPjKWbg8N+ZoiTD01getSmUtfpEgoAsTJR/9HNpPuyp1SAF0uoZHNgf/RDR0m933gOIyjKF/aqn+1NNp45ZzzBaHrjAU1oTIuht0WnCMQK36qMW2JcFddEe+uXf+DJfumBOOT7w7/NPoiZBc3Gq4IaDH6+hMcrC0GXDHiIK3gdPBbuXd/YKyFznk8Yrpit0HkSdoZN2/3JaG/7DJApQdpms+clJvheKMf2CeSV+sv7MzJ+/XvAXSDjBDUDXGS+lt7foJLjqtPjOTWebL79eGZuaR92OfKUdeFLxu1gBguzGm641C6nESoIGvHe6WzArGAIOk/gRcCkHJQnsdVV8FTyb1yqNeLb8lRTgFx2cIZ6De6tDPsXloibNi0CfSOzjp6sdxKLacTR62aXxaDe/ixXa+vqRcGq4CRvU/nPgnW98g4X0H9m3ncoLZ+rGVsY9V57z+K/WiMjenCWtb0L/3gooaHCH4zDj23+E9Y3p1WvKTotAoYEKtL7vrK/r/N5UnmeDbOvyct/EwGBOPftCNTgR8xMb6I2EKDyP9bqdVLOZQY8RGlmXrkPm+NrPTsYb22g6IiVvNMiAty/rEUFlu1P3zHwuYGqPCisGF4oY/5S9t77Yh4CLDMr4gw8mtcFIodofkGPTzoXIDVGPqS9TMbjjqM4edBhah0bls7Mobr2+vvjJzFS/KuNea7SbEHqJJ/tPFvg6GEqAHAtStc2IurNpZea/4ce05t6NzGM9RSC1r/Zt5A0ZW5l6A3cZgqbf7dzro8vYB7+8eTbTwugyS8lFcohHErqIFF5A9x/NoytX1AWXOwzXoWVKL4ovcfx9f9VhQDi6+h8W/xRNzXSg2I7z/yxAvdHEb9XbjUghrKwJxPuiNpJ226UtnfDPEg+CYxnzmOCyfYeuOrbt60VvobF219JCDuQVF/K8yvDU+uSp+dasycTu14vAUzy5l9F9R/JmEistguF3QC8rFoW9inwcgCiPdHMJc3t6jYc6yO+rl7WtEMJhWDCxHcxt/1mJ2YVmE3f599q11cXJY8uuemcYedryGhM7//Ld/2aAnXNHr3YwqRyZO/bTJCLo/rJlPKmDW+kFVPcYjDggb4bNm9IHBxfD1+R5ROudlbo7AB5DJp9E5ulA7eUC5Fmv15FtV8wgQawSBxGMc4hJJPdkM+sTaotPC6ZIqMWeO6fvD/oSrJO8BnFItzO6muOOATicCMTAs/cpM/KXkYVBYgi3iZGlQg73FV8HT7aIf5zCzgS918gUAZdoQyBePneFSnmdOnka7UgjVK2RaJ2bxydnZ1T0oxjNwQ0+Isf89KQt3wEN9qiOczer3/JuCA6zaIDua5OZi1M5F58AoYKQmGy7MDcUZ3ZgExbhAMhSa7ZrWHPJitjcQ4U2qMwscwjcsfa9d8gVYvJ5rD0a91+2T8AdBjV8E0xHzxTs1mnmX7XUdVNxVBgE7eX2reNTpaCL6gpZ9ra9EJy+1v3yC4nN4J/NrsRPZ7EBCfJ84qtQHQIrJBtklyTPgrSayCt9H62xlFd2HwDphNBwWgGpaof2wyU2iZoaLR4yCwSCdiYqpnXuLwOsmookFGOciwJbnvq7zdBo0hRNwUH1RGENNDDVzfSIQz+6WyTTs/bq7q4SUweMQC6Uu3nOwMyJcIEFeRPAXVzIZHoml7sERPkPIdmU5dD8S3E8AdkV9idsvceTVFOzgil56OkKQcpdhJoGe9tD0GvRviRkP3JGeCpklVK9La/LTgBEn5xCzrD5U8zIzAESeU/mb1pr9ntglBtFavPSxc8M7uCzBn46UGXdKZfFzm5lg/YD3ClVprhvmngHf8jsUCv8MH7oCddYgR4gHHnYQkFsVoDvcE1+oq4117Avd6Aos+eiDRCzIcQbY5cDH+5bK8BNo02Qpu0lh1IA/pa+cd/9426rYHVH4NeQuNR2HNqqBEEkEUUOfXpR+7vqxIPSBsrDz+2cOl9U9gdiw+5gu8WELrocP/L2GY5AQ3XpvDJnUHTiqVD0wfbLxskdVNr6mbzHSaLjIAySd0MIhdzuSO03GBO8vld1LfdPvCvyWfZl2/AlFj/KO2NfQ7WPWvYHogtoD/a93MKW0cWozV98HOr0ceGYXjV7+GRvu9DR8qDQ7HO6eazIjPZ98+UXPGO4AueD9jdP4PmRi1KKLP+tdYJnmVqwcX88NIqWaJaedC7uXtZqxO66Iq65zQuvP7yMQrP5UYiHIZawMn91TTMp8zHGRee4FEQpQKFsRwgPOj/qaeFFDfqbZ3eIQogqlPsgnJ9ii7W5/M5ILzfY2YNawBdumokxF/w9ZUrPr7EEBLqW3/Kb+75fsBmFRFav1Uxiw4FnVqsV77yFQTIZvibv18MEPeGt8xP099fmYLmQSEVIjmHZy8cJplMbAkSfUTu75CEbwZPOqJZubEEvxW/AH6ra6F6h/qbfKr6IBajfZvAJ38BGp9DzCvn1oqcfpHMkWuJIdMUvyKDQKsketOcUfLyKaFbZEiUb0OcnpqarW9ffZOwp1xq1iJA4SqaNdgoYc9fqNMkKwRbBl3dDmgeh7RFlrwXsQD7vb47xiwVMCxpVgiDrDDrB/NIJ8EQG4eSTGWnyWE4onIZg0Cy1qPtsHxSkBge37vl6IxQLSoD0E9I9+BmVftm1VBUx9YJII7ZyYLygBk97POLGbos7CUkyRilk4HaUNXtTeHCwRhPzHVnptUkHcRjEm0sWMmahvfxepto7K5tCIFLwFVhiS5vUHgABXe99N0vRcVZo/fGsOnh+FOy6ZrJph84ps31m+AIYPDUFzD7G/fPRCpzBXvEeFdDcK/RX3u/TCJMVsPx3U/djAv8PZcJ3ZqNXyjY6Uspj3HdhRQ6jhQIQodAy6vH+7vOFGRNJ1lfv+XYgZQ==&u=U2FsdGVkX1+TyxW7tnC5HTdpXNp9V1Fde33vLSZQC3N6VFAfidTfOqXTkL9yy2Om&y=U2FsdGVkX1+reVVlM+9RTzxU56B5n/QUFrtLe5RjD0s8bu1gZav452F4V88sDzKi HTTP/1.1" 200 25
186.102.98.111 - - [13/May/2022:11:57:20 -0500] "GET /kwssiamovil/sm/acme/a?s=U2FsdGVkX1/tieKJME8AZoS57nftoMdANNHV43S8gWii+PPBHuJ609fsWgFrx0q8XIWYIa/x9ewtmG1cH5fCOE24HLGtYa28eqGvQx9/1kqC4BLCUr13Uag3S9e3ef6zuvwgRhUZ67Jk4UnRw/L5Q2ukupgOvSofJRSc5LKmOkU=&u=U2FsdGVkX1+TyxW7tnC5HTdpXNp9V1Fde33vLSZQC3N6VFAfidTfOqXTkL9yy2Om&y=U2FsdGVkX1+reVVlM+9RTzxU56B5n/QUFrtLe5RjD0s8bu1gZav452F4V88sDzKi HTTP/1.1" 200 25
181.53.13.60 - - [13/May/2022:11:57:20 -0500] "GET /kwssiamovil/sm/acme/a?s=U2FsdGVkX19h9LRE7q8zd7HGTogjabyToT3XpWFButo1E8Ove99VKgwjBCuX9hdPaMroBBDkChidm4MixFi9nq+pL6SzMLirsFtiFSUUkjed36qdfHXOt2weYZz93/9JgqhwSq6q1m7QeieZkcEdPWA9lqUmM8N+Iyoj6uGYRciDkOAgbOS8YhWQEmpj6YIXWCX+36qwd5EtQno56Y3fn97gyry05AK+h6jcl2DFTJqHQoRGF1SXlnVp/T9p7s44yFQ4PFSi86rdGwOCroh6vw==&u=U2FsdGVkX19dgkmAPci7roM9cD+RODj0JU3Ux61pelg=&y=U2FsdGVkX19KmcoeZb2eULj3OSJQPIDN2XAJWLwnGyzo4/fMMgyb8FtyHk4R4ZUf HTTP/1.1" 200 25
186.102.98.111 - - [13/May/2022:11:57:20 -0500] "GET /kwssiamovil/sm/acme/a?s=U2FsdGVkX19/8cgdauWHxV1XpDCydxzl3tX1MeSx/cUJXoNGkQ1BvAGdlV/gZOaZm1XPHBenE6abYWc1mKfNAPtEwE6LgBQZ30Z/pe5X47W3nrZe9FmOiYjmki1FZPnNbKuekn7d3NrgzP3kD1oaolsnPuLQrqQtE0bL7ug9OUE=&u=U2FsdGVkX1+TyxW7tnC5HTdpXNp9V1Fde33vLSZQC3N6VFAfidTfOqXTkL9yy2Om&y=U2FsdGVkX1+reVVlM+9RTzxU56B5n/QUFrtLe5RjD0s8bu1gZav452F4V88sDzKi HTTP/1.1" 200 25
181.53.13.60 - - [13/May/2022:11:57:20 -0500] "GET /kwssiamovil/sm/acme/a?s=U2FsdGVkX1+cKQM0mG48dEXzcn+XZzezh709YlGTSrMvKn54kHwdofNoAT63CoSTi0gN/3jBXor//WGPu9CMjptnbyxz8VdoRgbFXRv1PF6Xse5LORphRpdQlvCVC5lsQ0r0DnkrwwhQp+wZjQhe71q0coecAuqkxzlxBEtoTAtrTc+9rf9eZbGblSWsHbnukqA+kvFttaw4xkXsHBaadsm8xA+il0qyxhcjUS4uAPx/BIjxZxwLJBJ1dfSHWKmlI8EJoAYFz41o9KmD1kBPJRW/foIzKods8sBsPpO18GXTsraWvQ2yuno8MkOV3NdyJw6RmTfT8Mhs+8dyaUWYImgSdUye7gbyFVAf1SMffEA0harJOVT4eZNewCsPR/06PQjety1hCFWVXs/djsmtyGeqqQPQWEvvqeGZNuG06krDexXqa2In+IAHsuCi6WVyvkhWG78ladt/Enwcu3mcXvePf5OJxEg06CEPdAJyBZefzc5sBGrD8kQlDO0uBw3eMqfJaHWAMTEmeDFfLD5vwmg3obA0SgQ1cBtukl62h1p+ZVks9aIyPoO2Sy6pulwGyAeS3G+50xOYThOl8w+9txg7KUdfnroNZoJ2bhNhyQA9YUBAjKaUZe377y3khYl8GnB4ztOwGpsMM8D0PSRUkl+ImT68RLH2tx6rcZShohoGmZRRje3vl3TWxpeH4XWxnvCwUyiT1tZcfGJe08aK5P/6DLEzwWGtRVmYJbZWU5F1g0ad9Xtq0L4exQDRjU+MGxYm0AU2km8+qCHoFmEdpnYiF/Md5/VdbI+Y0oygbMTTZM3qgXYYoPuSFFTQxkuRuV+goABdWcPpIXwkczqXLHN+oD+STXiJGoH5VZlr+edB6ODZARzcy93GXQ5r3ULqvpxqiQ82RU3gdU8aH1JNMVrZpiCIVgkL4ZzTtXp30UfVBcG7gKcNVFyJNr/HyToYY6hmNODB4jHpLxQs7+eJewjwtryibSXvZqNyA+c/dXdS5NJUpgizJmM7mgCatzLX1DpibHRq8pjlbYZtOzec4+y1fwIprmM221HAJyzBB/mcn7VAf2/3Ij0wdi7HQ44Dzi4znSEIxhNbnE5iiBHaGk/rmZU9SWh8hJyqOUZi7zRjdHbQBv+6eED0qawZnbH3xIffRIuMHAjWNhRYHHzVnBphsEsdZshapu72MEFbHg9g5KrNhbUqCGlMCNiO3lYUlA7j9lmu9n49Np7dMJMfBzgDxi2rAhoH08HrNNmz8TTkFzHo/xOt9DN+hMif9BQvRZuZOQ7G6NNJTRAWXI9pVnBbIs3NHTa1t2GZmAtL5zl0Vc0Qs/XFc5qTK+MR/bpyqbRrvoa/6Brdh8kJlnWo776Jl7ntKJVxpkOS5THOt+JB5K6lq9nmGC1ob/5TDjBCcq+EYQ9etkE+o8oBYrxyHSvdS6mNFqzFadN03WyizHAyYfnXKJjIsxmWnrHwp7cELHnlTUOjqstiBby27z6VqLWu76+ViUH9Zw1N8BYOL8n7KWPbmQPb6T9RqoZ2H/S04uiAHWi/NdD3nc66USvGi0j65ccRdQWAzDt88+4invOthJlDGFeSIZS0fAsfo3dBJvV8b+y0ZlHb6vHGL2KGk5HvkQZeNnT5VfmVaQeqFkzp3bw0dagVQgM+Hy+v+lYbTIhdtbz2bwMlOYlQ/+DmG4N17zzxFHPTYQZ1vYzCPusXjpeCiQszoaaH2EMnXYRMbGeyhQeKwv+BSncDCJtt9hdE4Rzbi9PdltrjT7COOw5Zd0LOZaQttKp68NDtjR6XwbKe4cpc19YEnd97Z797Er8KlyJ0fclJ4am2S0dFxO1xO/161A+3ZWOGSxq3gS4qBP1S88E/A70jA34HqAe5Zg4GjIjSgxHJqJmbn6AojvZkXGKMmOM1qVnT1J1fk7z7&u=U2FsdGVkX19dgkmAPci7roM9cD+RODj0JU3Ux61pelg=&y=U2FsdGVkX19KmcoeZb2eULj3OSJQPIDN2XAJWLwnGyzo4/fMMgyb8FtyHk4R4ZUf HTTP/1.1" 200 25
186.102.98.111 - - [13/May/2022:11:57:20 -0500] "GET /kwssiamovil/sm/acme/a?s=U2FsdGVkX1/lUSnegRJP6QGMcXZA/MZS97qyW2d46zGwczbxsnYN6wGs9R0QPpbRJds0UyYQKSm2ZzquEVC/JXMIwFcUa+he0e7imJdtMLVYXVhGqx3w4A1Km7sFoqvN81rjSUwxb5SGq5aYhaSKoopRN2ADC4GRRoa92+Ux/LQ=&u=U2FsdGVkX1+TyxW7tnC5HTdpXNp9V1Fde33vLSZQC3N6VFAfidTfOqXTkL9yy2Om&y=U2FsdGVkX1+reVVlM+9RTzxU56B5n/QUFrtLe5RjD0s8bu1gZav452F4V88sDzKi HTTP/1.1" 200 25
181.53.13.60 - - [13/May/2022:11:57:20 -0500] "GET /kwssiamovil/sm/acme/a?s=U2FsdGVkX1/RTZxOAvL1FyuLJjShmdQZX3ThcNuNYW/sOdUhqRyHSl/bVSz6aoeaJ4sV16PWDCUJyVxhMxpD+0Dw74f5IYTBXsE1x+mZBh3zFxgRxuq5qL9qbs7k+rxOc+62zHxSlC++wQzM+ytREL1lbSw/9ap4smvEWyfyJfI=&u=U2FsdGVkX19dgkmAPci7roM9cD+RODj0JU3Ux61pelg=&y=U2FsdGVkX19KmcoeZb2eULj3OSJQPIDN2XAJWLwnGyzo4/fMMgyb8FtyHk4R4ZUf HTTP/1.1" 200 25
186.102.98.111 - - [13/May/2022:11:57:20 -0500] "GET /kwssiamovil/sm/acme/a?s=U2FsdGVkX1+OITKFcWN5rJu39R5S/JNstvaGC8AP4WCOHJ3xCcBFAd6l/wTlimbMXr/ON7IF5Oe81+oGbS3NvHd+MzRNO4/voDb8uLqKn4SnVAHEqmW9A7mVb8lON8+9UbvkQpJpq5EhFw3h684UV177GhJOlwAhORmS023wuPdvojsqawrL3PmaWX+wQFWr&u=U2FsdGVkX1+TyxW7tnC5HTdpXNp9V1Fde33vLSZQC3N6VFAfidTfOqXTkL9yy2Om&y=U2FsdGVkX1+reVVlM+9RTzxU56B5n/QUFrtLe5RjD0s8bu1gZav452F4V88sDzKi HTTP/1.1" 200 25
181.53.13.60 - - [13/May/2022:11:57:21 -0500] "GET /kwssiamovil/sm/acme/a?s=U2FsdGVkX1+zbB02sMcIseIcjxYcpu8MSGEAp0jSo11iaO5b8+X2sheEmJTQfJAF/wh39++ftVsXxOixRa7bSjYZKvGjoNPBRMx1PG3EWM9FRcrUSy7GHWL9jNVAkpTrNLMNQthQ7FBmpcpsWmboWR6N3miMClTw5IgvAQ+3Bis=&u=U2FsdGVkX19dgkmAPci7roM9cD+RODj0JU3Ux61pelg=&y=U2FsdGVkX19KmcoeZb2eULj3OSJQPIDN2XAJWLwnGyzo4/fMMgyb8FtyHk4R4ZUf HTTP/1.1" 200 25
181.53.13.60 - - [13/May/2022:11:57:21 -0500] "GET /kwssiamovil/sm/acme/a?s=U2FsdGVkX19PgS7h0Xvf+6BWIFgbKGe3U1GL2V7/o9R8Y7u3be7UCD4jM/oSZqAkD/9WiimreOw3ekJihaCHwO/3Zj1Gr1wjWDkVKoy0dT1FnHu2fsg7guPtjSw0aAxYc27Yn3eYP/BYgj6QQchhtw/xOAHhwVQTKkvSwmdHXEc=&u=U2FsdGVkX19dgkmAPci7roM9cD+RODj0JU3Ux61pelg=&y=U2FsdGVkX19KmcoeZb2eULj3OSJQPIDN2XAJWLwnGyzo4/fMMgyb8FtyHk4R4ZUf HTTP/1.1" 200 25
186.102.98.111 - - [13/May/2022:11:57:21 -0500] "GET /kwssiamovil/sm/acme/a?s=U2FsdGVkX18Yz+a5frJiGwf6uPYw+Kc9xjFeLje0usH50o05SoyqK2AKe/rAfgkM18oxB7a8a6IAX0LQmb5lDVsQ5EXGpTQnQlAGXzTfMXJU6cdmGdJB+DPUlE6Sd8MtP0HdKtmwZZQpKdo7w0iG6oYhzA4tcxghyI/T+QffIlGtLex+in1CfYIzrfAUOg0NxYBWLgIf6Hz4P7OjPHSSpghC9ALjdJcnayKpjGY53y1QTK6Wqz77Yr6OlPCEZCnVe3B4Bl1tmwMYIzRZMpAH5MYArut7cuYu8t7utmSoxVNh1UKLWfexepm3lUhwebEr8WO8h+60sdylVQIOe1koOVLOnmzTRSWvPDleOpREASwLPAkqM7UPpAeMXWmduFsgmjTyjv9KcPVl0NfwmBR36JrxAABoPj6dEKLaUnLsXe1+0QYhiHGLvr9ZZAN75Ygf&u=U2FsdGVkX1+TyxW7tnC5HTdpXNp9V1Fde33vLSZQC3N6VFAfidTfOqXTkL9yy2Om&y=U2FsdGVkX1+reVVlM+9RTzxU56B5n/QUFrtLe5RjD0s8bu1gZav452F4V88sDzKi HTTP/1.1" 200 24
181.53.13.60 - - [13/May/2022:11:57:21 -0500] "GET /kwssiamovil/sm/acme/a?s=U2FsdGVkX19cWohFDxAFjSHkw7XzQAqWGM/lVv53sw/o3vSluDilXarJCsKThxiFDoGCa9Oa8n6Ss4cAV3DvWOoOOBMcdW+l0thllyuu8eioNCtOIKGOjvDg0RslGmakpUXaUFohdPliQ/HIZkUIZQM+L2mUGw+D4Kv27T9jm6dvN7mqwAOTYU+HrfOQZ03p&u=U2FsdGVkX19dgkmAPci7roM9cD+RODj0JU3Ux61pelg=&y=U2FsdGVkX19KmcoeZb2eULj3OSJQPIDN2XAJWLwnGyzo4/fMMgyb8FtyHk4R4ZUf HTTP/1.1" 200 25
186.102.98.111 - - [13/May/2022:11:57:21 -0500] "GET /kwssiamovil/sm/acme/a?s=U2FsdGVkX18k+BolaZJ3bZ8kiL47mMLjYS0Ip6VNJeGgdftJLIA66pH9Z4DWDsizc1y+ulHoVhGla1U7sHQDUjcmkGgHfbTus2a5FhA/PP23N9+N4z3SnpHF6922LXOJ9lBrG0LJVpMc4gvk8SRJSQo2zwyQtMnt5CZUVCFqKkhfoin3nYATma0ZUDL7pRbv1uQK120Yxbv6LR7RM6SEIZGaCCoMMEX9LHGkcunPZryuV1Lt09YEYm4Z2nOL/ssWkerxfiO+fYTvcYFzKx8Q9mB8lY0Rnw+22Hk2nVmjv4EgisLGkDM0TG0q8fZ7cl9TzqnUEKLmWcaoBhdJs94j1Q3Po4UuNSFnDIlrIG7SGxCmYE/LxRLKgLqlV/NfF/ReGseGbLdp7QTph4z3hi+fBw==&u=U2FsdGVkX1+TyxW7tnC5HTdpXNp9V1Fde33vLSZQC3N6VFAfidTfOqXTkL9yy2Om&y=U2FsdGVkX1+reVVlM+9RTzxU56B5n/QUFrtLe5RjD0s8bu1gZav452F4V88sDzKi HTTP/1.1" 200 24
201.245.192.253 - - [13/May/2022:11:57:22 -0500] "POST /sipse/faces/presentacion/financiero/solicitudProceso/listarSolicitudProceso.xhtml HTTP/1.1" 200 30185
186.102.42.59 - - [13/May/2022:11:57:24 -0500] "GET /kwssiamovil/sm/ldap/au?x=U2FsdGVkX1/NX5ooh08pd40KTmh6rPOV53emQ9+VLN/lKL7YnBX3ZZmWA9S2yt8C&y=U2FsdGVkX19ODliQ1brH87+gzsxVswP71V82JSRtYBp8Jb0R3ds6GCePrOMeSnWr HTTP/1.1" 200 30
186.102.42.59 - - [13/May/2022:11:57:24 -0500] "GET /kwssiamovil/sm/acme/s?s=U2FsdGVkX19aasn/jsNlOaxe53J+CWxZ5qZRl+2sDmx64Nh5E0CPiCiO9n8ClrgwT9xLiXWZzKLe1trqzon5Frcv0A7QzKO/4LKrNuB10hQ=&u=U2FsdGVkX18R0+zTiqwA4TooHelxyOVL4ja2hxF02cVMP/snOh37S/UL2qOD4CWi&y=U2FsdGVkX19ODliQ1brH87+gzsxVswP71V82JSRtYBp8Jb0R3ds6GCePrOMeSnWr HTTP/1.1" 200 97
186.102.42.59 - - [13/May/2022:11:57:24 -0500] "GET /kwssiamovil/sm/acme/s?s=U2FsdGVkX18/aENnwwzt+PzcLH1U0/HOt8pbUXhZRrcOp/HE/RgvEPnsRN/1+WjRwYu15bkxI8JI9A35zf6z1n0kn/9CYE8QKyr2GntPIsGPEtV6sFuGYDtQIh3/hj8S5F+guiCOcDQ0VMpx7G9RV19wnmMAjShDWT331MpzPcwrd8s6V5RDbswo2+uRLXB45kO8u2u74xTAYqSWy+wV+FErbTENEbplj4B9tM9sp1jsj2BurMUetx4tCy83HzDoC47XSDjp8CGY7mbkFrL7ZJO/0MMQvED32M80f1YT6FoixsIhjUMeiZuCj7DlxDk38UoyWjuerFhkRI6CuLOPxLbmKhD+Wt3/iQ5tAHivWKqlPy5gQ8TachiG+YeX4oXhBzIuLgelm/6gK6Je6ZXJaeKj3IceFLV0R3g+hv4vtFxttsrfqDc0q8HAPYSfDE5ICL/5jEqp5jj2MDdPUwKclejA+mzpYOC7ilAsczLk5FymedCZLgqZ/DsiTAj/T/s7/HqFjXL8hEDYqsEIomnD+r7VQ63dp4OkiyPdoXPeydw8F1VcJ8yc+JWfliH1bYtA0Dpuzi9D/JPkvVAJ/GK6tS4zX845WvSYIGsmg8opRgpmjtyv+k5UY7ssRg9g5iueGy2/dhkgwLFYdLAakYbrRA8K5gpsW03nfZ4rVH04Xuz0oPfk/5y0DTA1aX8Nwnra9KVRLNcJjcCQJ+u5Wf3pFuIQfnDzzBImW9A9Vort4HH0bcXyKUMKxsxKCUqt3UTO1D1ugjDvPO/N/Je6/Jz7gpr9mb0aviBFbHa0vA0JfrMktcHcw+/MaZRF3Vmd0fp8/pD1r+uo+b2m6w53bIrzkrtQk/M6zZDCD6ueC4KlZJJQukFzGiBXxOFyo92zS4olc1K1I1KNA7CqJ9nhrFLXg42ef771sTFpXyScw0pM7BKJDob5X2MdzL50K5jqOqAm0JPZ9vbDdZWfxtlT34A7+bIJ5IZ56NTq/nAtgiKjwPz/l1K/6AzBT7iAQqlbZNqeDrH+eewnDHq6x8fxP4MZgYHJx+1wVsX0EwrwEBFQpcvzojiAeOsC8Qr0Ha7zhbaJ1iZuspA/GLIvem842ApkY+0ft9ic2NacnZ811RL32z1uN6+Jjs+WJju8AgrCPwzsfeD+OUMZRR6eBLB6Xss58JzrBwRYwTUpLjkDE/OF/n7JSlZiXMm09uJLuBKzumPa0hfPwoFmDHF7hHjfHywMdp8Ql6D8zOWfRsDCqvm5ssFuPmMSs5hFHhUXii1uVBbO+R0joPiK3lxLKOC0KHFVlCc+yagFKlKbZSHGSMdnMSucz9hQF4W3XTZHsA1WdalvJmAp3iLk6lDC2KykGp6OotPJQ+f2CAvp0aU95aADn4U=&u=U2FsdGVkX18R0+zTiqwA4TooHelxyOVL4ja2hxF02cVMP/snOh37S/UL2qOD4CWi&y=U2FsdGVkX19ODliQ1brH87+gzsxVswP71V82JSRtYBp8Jb0R3ds6GCePrOMeSnWr HTTP/1.1" 200 1836
186.102.42.59 - - [13/May/2022:11:57:24 -0500] "GET /kwssiamovil/sm/acme/s?s=U2FsdGVkX18jzIPC5RmqVisDD3Vk2RcKpejOCPJb7hbn6BfEfjqEDMbizAYsPdji/f5NYPdR2ExY9x630E8Qqqj3BLaMz0nAiwJtsMHoK8Lh0YpWaipfoVJsdydO/QHcWi8vB2WFy0FkDQfFfMhL7/U79g/vJ5VUTsc81nchR2EyjpkLx90OcZXzlFg925qWCNBlo4odXMAkTncFCEpvwxmYRomiGIrB8l3rimKZxCPo/ZuQqmVDoaQ6rScrN4wINpq8NnWi/GYTd8cTAsGF67Kvhip7GbJeeVdnD+0QRSY=&u=U2FsdGVkX18R0+zTiqwA4TooHelxyOVL4ja2hxF02cVMP/snOh37S/UL2qOD4CWi&y=U2FsdGVkX19ODliQ1brH87+gzsxVswP71V82JSRtYBp8Jb0R3ds6GCePrOMeSnWr HTTP/1.1" 200 176
186.102.42.59 - - [13/May/2022:11:57:24 -0500] "GET /kwssiamovil/sm/cjson/pre?f=1&x=U2FsdGVkX1/NX5ooh08pd40KTmh6rPOV53emQ9+VLN/lKL7YnBX3ZZmWA9S2yt8C HTTP/1.1" 200 30992
172.22.2.4 - - [13/May/2022:11:55:52 -0500] "HEAD /BLA/boletinlegal/ HTTP/1.1" 200 -
201.245.192.253 - - [13/May/2022:11:57:33 -0500] "POST /sipse/faces/presentacion/financiero/solicitudProceso/listarSolicitudProceso.xhtml HTTP/1.1" 200 3150
201.245.192.253 - - [13/May/2022:11:57:33 -0500] "POST /sipse/faces/presentacion/financiero/solicitudProceso/listarSolicitudProceso.xhtml HTTP/1.1" 200 3142
172.22.2.4 - - [13/May/2022:11:57:34 -0500] "GET /BLA/boletinlegal/favicon.ico HTTP/1.1" 404 1238
201.245.192.253 - - [13/May/2022:11:57:35 -0500] "POST /sipse/faces/presentacion/financiero/solicitudProceso/listarSolicitudProceso.xhtml HTTP/1.1" 200 30193
201.245.192.253 - - [13/May/2022:11:57:36 -0500] "POST /sipse/faces/presentacion/financiero/solicitudProceso/listarSolicitudProceso.xhtml HTTP/1.1" 200 8416
201.245.192.253 - - [13/May/2022:11:57:37 -0500] "POST /sipse/faces/presentacion/financiero/solicitudProceso/listarSolicitudProceso.xhtml HTTP/1.1" 200 3146
201.245.192.253 - - [13/May/2022:11:57:37 -0500] "POST /sipse/faces/presentacion/financiero/solicitudProceso/listarSolicitudProceso.xhtml HTTP/1.1" 200 3138
201.245.192.253 - - [13/May/2022:11:57:39 -0500] "POST /sipse/faces/presentacion/financiero/solicitudProceso/listarSolicitudProceso.xhtml HTTP/1.1" 200 3150
201.245.192.253 - - [13/May/2022:11:57:40 -0500] "POST /sipse/faces/presentacion/financiero/solicitudProceso/listarSolicitudProceso.xhtml HTTP/1.1" 200 30189
201.245.192.253 - - [13/May/2022:11:57:44 -0500] "POST /sipse/faces/presentacion/financiero/solicitudProceso/listarSolicitudProceso.xhtml HTTP/1.1" 200 5762
201.245.192.253 - - [13/May/2022:11:57:45 -0500] "POST /sipse/faces/presentacion/financiero/solicitudProceso/listarSolicitudProceso.xhtml HTTP/1.1" 200 5766
201.245.192.253 - - [13/May/2022:11:57:48 -0500] "POST /sipse/faces/presentacion/financiero/solicitudProceso/listarSolicitudProceso.xhtml HTTP/1.1" 200 150342
201.245.192.253 - - [13/May/2022:11:57:49 -0500] "GET /sipse/faces/javax.faces.resource/jquery/jquery.js?ln=primefaces&v=4.0 HTTP/1.1" 304 -
201.245.192.253 - - [13/May/2022:11:57:49 -0500] "GET /sipse/faces/javax.faces.resource/jquery/jquery-plugins.js?ln=primefaces&v=4.0 HTTP/1.1" 304 -
201.245.192.253 - - [13/May/2022:11:57:49 -0500] "GET /sipse/faces/javax.faces.resource/primefaces.js?ln=primefaces&v=4.0 HTTP/1.1" 304 -
201.245.192.253 - - [13/May/2022:11:57:49 -0500] "GET /sipse/faces/javax.faces.resource/layout/layout.js?ln=primefaces&v=4.0 HTTP/1.1" 304 -
181.61.164.108 - - [13/May/2022:11:57:57 -0500] "GET /BLA/resoluciones/AUTOS%202008/0500.pdf HTTP/1.1" 200 72701
