186.28.165.243 - - [15/May/2022:14:55:48 -0500] "GET /favicon.ico HTTP/1.1" 200 7782
172.22.2.4 - - [15/May/2022:14:54:17 -0500] "GET /BLA/boletinlegal/ HTTP/1.1" 200 54090
172.22.2.4 - - [15/May/2022:14:55:18 -0500] "GET /BLA/boletinlegal/ HTTP/1.1" 200 28619
172.22.2.4 - - [15/May/2022:14:57:07 -0500] "GET /BLA/boletinlegal/jurisprudencia/analisis/analisis%20C-595-2010.doc HTTP/1.1" 200 39424
216.245.221.92 - - [15/May/2022:14:57:36 -0500] "HEAD / HTTP/1.1" 200 -
186.28.165.243 - - [15/May/2022:14:57:54 -0500] "GET /BLA/resoluciones/ HTTP/1.1" 200 13093
186.28.165.243 - - [15/May/2022:14:57:54 -0500] "GET /BLA/resoluciones/dlf/styles.css HTTP/1.1" 200 3049
186.28.165.243 - - [15/May/2022:14:57:54 -0500] "GET /BLA/resoluciones/dlf/folder.png HTTP/1.1" 200 410
186.28.165.243 - - [15/May/2022:14:57:54 -0500] "GET /BLA/resoluciones/dlf/bg.gif HTTP/1.1" 200 54
186.28.165.243 - - [15/May/2022:14:57:57 -0500] "GET /BLA/resoluciones/index.php?dir=AUTOS+2019%2F HTTP/1.1" 200 344121
186.28.165.243 - - [15/May/2022:14:57:57 -0500] "GET /BLA/resoluciones/dlf/dirup.png HTTP/1.1" 200 644
186.28.165.243 - - [15/May/2022:14:57:57 -0500] "GET /BLA/resoluciones/dlf/pdf.gif HTTP/1.1" 200 272
207.46.13.11 - - [15/May/2022:14:59:35 -0500] "GET /bla/resoluciones/notificaciones/autos%202016/01512.doc HTTP/1.1" 200 360010
186.28.139.248 - - [15/May/2022:15:00:23 -0500] "GET /BLA/resoluciones/ HTTP/1.1" 200 13093
186.28.139.248 - - [15/May/2022:15:00:36 -0500] "GET /BLA/resoluciones/index.php?dir=RESOLUCIONES+2010%2F HTTP/1.1" 200 1307967
186.28.139.248 - - [15/May/2022:15:00:57 -0500] "GET /BLA/resoluciones/RESOLUCIONES%202010/7829.pdf HTTP/1.1" 200 421885
172.22.2.4 - - [15/May/2022:14:59:17 -0500] "HEAD /BLA/boletinlegal/ HTTP/1.1" 200 -
66.220.149.118 - - [15/May/2022:15:01:00 -0500] "GET /images/reunion-planta-termovalorizacion-11-mayo.jpg HTTP/1.1" 200 34782
172.22.2.4 - - [15/May/2022:15:00:07 -0500] "GET /BLA/boletinlegal/ HTTP/1.1" 200 60932
216.245.221.92 - - [15/May/2022:15:02:36 -0500] "HEAD / HTTP/1.1" 200 -
207.46.13.64 - - [15/May/2022:15:05:54 -0500] "GET /caminos-de-los-cerros-habilitados-en-esta-semana-santa-2022.html HTTP/1.1" 200 832
111.225.149.227 - - [15/May/2022:15:05:58 -0500] "GET /galeria/galeria/fotos/Humedal-la-conejera1G.jpg HTTP/1.1" 200 340987
172.22.2.4 - - [15/May/2022:15:05:07 -0500] "HEAD /BLA/boletinlegal/ HTTP/1.1" 200 -
216.245.221.92 - - [15/May/2022:15:07:36 -0500] "HEAD / HTTP/1.1" 200 -
172.22.2.4 - - [15/May/2022:15:05:57 -0500] "GET /BLA/boletinlegal/ HTTP/1.1" 200 58588
200.118.60.75 - - [15/May/2022:15:08:57 -0500] "GET /BLA/resoluciones/RESOLUCIONES%202021/0365.pdf HTTP/1.1" 200 340936
172.22.2.4 - - [15/May/2022:15:09:01 -0500] "POST /BLA/boletinlegal/admin/actos/ingresar.php HTTP/1.1" 200 2102
172.22.2.4 - - [15/May/2022:15:09:02 -0500] "GET /BLA/boletinlegal/admin/js/jquery-1.3.1.min.js HTTP/1.1" 200 55272
172.22.2.4 - - [15/May/2022:15:09:02 -0500] "GET /BLA/boletinlegal/admin/css/default.css HTTP/1.1" 200 4379
172.22.2.4 - - [15/May/2022:15:09:02 -0500] "GET /BLA/boletinlegal/admin/js/jquery.functions.js HTTP/1.1" 200 2317
172.22.2.4 - - [15/May/2022:15:09:02 -0500] "GET /BLA/boletinlegal/admin/js/nicEdit-latest.js HTTP/1.1" 200 38373
172.22.2.4 - - [15/May/2022:15:09:05 -0500] "GET /BLA/boletinlegal/admin/actos/ingresar.php HTTP/1.1" 200 7143
172.22.2.4 - - [15/May/2022:15:09:06 -0500] "GET /BLA/boletinlegal/admin/img/h1.png HTTP/1.1" 200 3227
172.22.2.4 - - [15/May/2022:15:09:12 -0500] "GET /BLA/boletinlegal/admin/img/overlay.png HTTP/1.1" 200 984
172.22.2.4 - - [15/May/2022:15:09:14 -0500] "GET /BLA/boletinlegal/images/favicon.ico HTTP/1.1" 404 1356
216.245.221.92 - - [15/May/2022:15:12:36 -0500] "HEAD / HTTP/1.1" 200 -
172.22.2.4 - - [15/May/2022:15:10:57 -0500] "HEAD /BLA/boletinlegal/ HTTP/1.1" 200 -
200.118.60.75 - - [15/May/2022:15:13:16 -0500] "GET /BLA/resoluciones/index.php?dir=RESOLUCIONES+2021%2F HTTP/1.1" 200 357127
200.118.60.75 - - [15/May/2022:15:13:17 -0500] "GET /BLA/resoluciones/dlf/dirup.png HTTP/1.1" 200 644
200.118.60.75 - - [15/May/2022:15:13:17 -0500] "GET /BLA/resoluciones/dlf/styles.css HTTP/1.1" 200 3049
200.118.60.75 - - [15/May/2022:15:13:17 -0500] "GET /BLA/resoluciones/dlf/pdf.gif HTTP/1.1" 200 272
200.118.60.75 - - [15/May/2022:15:13:17 -0500] "GET /BLA/resoluciones/dlf/bg.gif HTTP/1.1" 200 54
200.118.60.75 - - [15/May/2022:15:13:27 -0500] "GET /BLA/resoluciones/RESOLUCIONES%202021/0788.pdf HTTP/1.1" 200 341672
172.22.2.4 - - [15/May/2022:15:11:47 -0500] "GET /BLA/boletinlegal/ HTTP/1.1" 200 57044
200.118.60.75 - - [15/May/2022:15:13:53 -0500] "GET /BLA/resoluciones/ HTTP/1.1" 200 13093
200.118.60.75 - - [15/May/2022:15:13:54 -0500] "GET /BLA/resoluciones/dlf/folder.png HTTP/1.1" 200 410
200.118.60.75 - - [15/May/2022:15:13:58 -0500] "GET /BLA/resoluciones/index.php?dir=RESOLUCIONES+2019%2F HTTP/1.1" 200 238267
200.118.60.75 - - [15/May/2022:15:14:16 -0500] "GET /BLA/resoluciones/RESOLUCIONES%202019/1314.pdf HTTP/1.1" 200 442007
200.118.60.75 - - [15/May/2022:15:14:50 -0500] "GET /BLA/resoluciones/index.php?dir=RESOLUCIONES+2021%2F HTTP/1.1" 200 357127
200.118.60.75 - - [15/May/2022:15:14:54 -0500] "GET /BLA/resoluciones/index.php?dir=RESOLUCIONES+2022%2F HTTP/1.1" 200 19562
200.118.60.75 - - [15/May/2022:15:15:05 -0500] "GET /BLA/resoluciones/RESOLUCIONES%202022/0143.pdf HTTP/1.1" 200 395813
172.22.2.4 - - [15/May/2022:15:15:22 -0500] "POST /BLA/boletinlegal/admin/actos/ingresar.php HTTP/1.1" 200 7236
66.249.65.15 - - [15/May/2022:15:16:01 -0500] "-" 408 -
207.46.13.37 - - [15/May/2022:15:17:20 -0500] "GET /bla/resoluciones/notificaciones/autos%202016/01419.pdf HTTP/1.1" 200 319950
216.245.221.92 - - [15/May/2022:15:17:36 -0500] "HEAD / HTTP/1.1" 200 -
103.58.164.44 - - [15/May/2022:15:18:03 -0500] "GET /images/cronica-amanda-rodriguez-30-abril.jpg HTTP/1.1" 200 26304
172.22.2.4 - - [15/May/2022:15:16:47 -0500] "HEAD /BLA/boletinlegal/ HTTP/1.1" 200 -
172.22.2.4 - - [15/May/2022:15:17:38 -0500] "GET /BLA/boletinlegal/ HTTP/1.1" 200 60932
216.245.221.92 - - [15/May/2022:15:22:36 -0500] "HEAD / HTTP/1.1" 200 -
207.46.13.11 - - [15/May/2022:15:22:47 -0500] "GET /bla/resoluciones/notificaciones/autos%202016/02813.pdf HTTP/1.1" 200 384812
201.245.192.253 - - [15/May/2022:15:22:42 -0500] "POST /kwsrmcab/Wsrmcab HTTP/1.1" 200 45488
172.22.2.4 - - [15/May/2022:15:22:37 -0500] "HEAD /BLA/boletinlegal/ HTTP/1.1" 200 -
201.245.192.253 - - [15/May/2022:15:23:33 -0500] "POST /kwsrmcab/Wsrmcab HTTP/1.1" 200 43940
186.31.41.109 - - [15/May/2022:15:24:49 -0500] "GET /BLA/resoluciones/RESOLUCIONES%202018/2230.pdf HTTP/1.1" 200 5665025
172.22.2.4 - - [15/May/2022:15:23:27 -0500] "GET /BLA/boletinlegal/ HTTP/1.1" 200 58588
186.102.56.7 - - [15/May/2022:15:25:34 -0500] "OPTIONS /kwssiamovil/sm/setfile/f? HTTP/1.1" 200 13
186.102.56.7 - - [15/May/2022:15:25:34 -0500] "POST /kwssiamovil/sm/setfile/f? HTTP/1.1" 200 381
186.102.56.7 - - [15/May/2022:15:26:07 -0500] "GET /kwssiamovil/sm/acme/a?s=U2FsdGVkX1/KwMdF+tA7C72K593gaFWUQZe+dCU/2fUeAMiMkgo4qTZs2IJaHAbGePz2fPHIWAHhkSkO2FD4icgA+Gn3OYS37B9vJHAayCP5+5lbPDo8b1O1qaPpt+hpJtAdUcrUyxEwfY2p2VvhAgzUxvLUovETXp675AX8O60qxLnOde0FdoTH43dclU4vJsBecQPY+Gik9o2E81LQBcrhAGS38tWR2vayUodY9MThrfJPORHVK+9FeE0Vl9dG8cG/t9XD2DDyuOf4n761WA==&u=U2FsdGVkX1/UkuFsFbVBVps/CKoDoFXnbPBSP6rWL+w=&y=U2FsdGVkX1+F9he4eCmfJAccdYlE//MVYBP8XLQTXOJiWPGE38ybxwVNvf0OKloM HTTP/1.1" 200 25
186.102.56.7 - - [15/May/2022:15:26:08 -0500] "GET /kwssiamovil/sm/acme/a?s=U2FsdGVkX1/PIPdib1nU63AWtMuGUHeMF2ZvhQm0kpXyuScJpdt1rltCBK8W8jy9L+1fgepPVebFXJzGUvej0STiuW/fgzsIbMsvzBsbs2QrfeLvX2v9d3z3So+9eCkOgMTWxFwtEinWkS+S+hXWkli+NP0YxWjO9GaDjz8tIqHvSRQc9TEPldYPSIsEAFiQMnvPR6O2uXIkym6BKmX6rM/Hhh79njhsPlGY69/XLnO+ox7m4gvTpG1jOjSYCCEjXyk0xoHK21PamreR/wrisKoyzxEciA7XmGv8pSniwa2LrvRyS/ladkzvQNAMw/0/K1WOnlXazNIrKSBk9/lc5R5u/Cbqvel5BjxjSFyzzri9AHPJYAa3lM/nvt7JltY0ouQMoRTadRcZfzeSoNioA+MqqyyPRIqtarzPovM0vcq3HfhtEC/HQJ2GwYJYgKHMxv2+xvXPPFzLVtQvIkB20RJoEj5K6vY4uyyYR0iwNDkZ+drWWYOkrOtLNyLnAGPmq1tHILvg4Mj3OLjzGvzE1KPejPTp57KXwd0QKr1nX3oDmoguPzZ3WErlGds2EMjf0U7L+ypFbyWDqb+YqpbCuFo/wi2SJwrsagWAZt9uSfZrMc9sLoP8OziKGaUmX2OQRn0gcziTWQQprFgbYI2RqYMIZ/Ugc9YnjqmxOUtYuPhlG4rjZydyE39KwP9nWY1+KRtRO5kr/l2WX0mnYypxEL/mKJPYDmrYCNZJ23HTmZFbpu80j/uykvOc56CPF22uASy4odhD/8+qsc3ETabjF0zkhg6lKuVbHkWit2DKalAbTwpqIq76YKBUAj2KZA+iioLd6khtAA+NKYCE0Mx48+akIaPgDZKftT4v3lfEBqpkwsx0X0cXtVf+34f+P0YE7m6bkXnPUTkTAHEWYu9xfYeveWT/mj/93SNXyQosimcRWlI++UkdjNDWgZ6Y7kHnpGk+yxzzzc0Ua0niKD3koItPIqOtuPpzFDTFe8a7xD8tGK4EJFKeXDNZy5wwRHNzcl4GIwpvfoKVfW8k0ertpV0QYgndJmCruhvTn5j0Zq46GqsH0qG0KLsL0jb8XXJGF8NsvdOW/mFk/nSFO257GAymh1guZDWmgOobJnpxwwEju7f/yo2Fv5cXoWyksM2XrVfUptI98+r2wR4MkrAdvc8aUKS4P61GIKMOLQjoGazwZIL1WWVI7sJNMe/q63yPlkyrbfrgBV/GvR9pbjbYFV/uhBZiRiBIdh33EdrRIsa06KGEbJ83prFZ5XnixDzFmyIUHBleYTZpz6LEoauGCWDagMIvJiblhs07f27Knr0UN6hPKRLHK+8u/rPZkLExnl6g8UAgvrsprOl0oWBPGtdtajRn07E5rN3eaHxQLgLa0nvYXuEOasNWuyAaQfw39/jgnYwOjPpu3vi7aoZPYaW0z17Tbep0uxtL8iRudUKO6jn/U8BOcpbATglluPRFw4IB/SDXkY0Qhay89zFPPPzPDFj+hQcMR4N+2wGo/uQrkUjp9AJ2vNbHuEQ+31pJj3bo0D5wZk9qnLyJrRUBN8bmfGzBshAa2J667/OTeuTw1YFfN2a1dkt2s68kx8u1jCGiimGRwGW1e0koBgG5aK8jeoKuNfH0eREyfXZyHoU=&u=U2FsdGVkX1/UkuFsFbVBVps/CKoDoFXnbPBSP6rWL+w=&y=U2FsdGVkX1+F9he4eCmfJAccdYlE//MVYBP8XLQTXOJiWPGE38ybxwVNvf0OKloM HTTP/1.1" 200 25
186.102.56.7 - - [15/May/2022:15:26:09 -0500] "GET /kwssiamovil/sm/acme/a?s=U2FsdGVkX19Go3wgGNZXrzPsB9hUq4FXXFLfTOUQ3DLVYeS0BlK77VFIGX0OGV4GzRnq+Np9L33fTTuDyVQTd9DIDgopAwRy49OzBrEwG/TC6SDdyzw4N+Ru/gD82K+lvmz0d7ThomWchddMrTG2MbGyrLPS5EDKrTG6TaRh5Sg=&u=U2FsdGVkX1/UkuFsFbVBVps/CKoDoFXnbPBSP6rWL+w=&y=U2FsdGVkX1+F9he4eCmfJAccdYlE//MVYBP8XLQTXOJiWPGE38ybxwVNvf0OKloM HTTP/1.1" 200 25
186.102.56.7 - - [15/May/2022:15:26:09 -0500] "GET /kwssiamovil/sm/acme/a?s=U2FsdGVkX1/xrlxyjLZsrDc/fy2PY24oTBFw/G4FRcz69DyC/df95+doKilR95WR5lgGj73cUW/I17f6p/RX5jz2vjNhD07FI2llca8NRy6G5ZsJhDD7Kw/8DSoR/Z+Rng0KqcjKjYdvOcvsrRSX5Z4ymbGXMadbeZ3f03eNjIM=&u=U2FsdGVkX1/UkuFsFbVBVps/CKoDoFXnbPBSP6rWL+w=&y=U2FsdGVkX1+F9he4eCmfJAccdYlE//MVYBP8XLQTXOJiWPGE38ybxwVNvf0OKloM HTTP/1.1" 200 25
186.102.56.7 - - [15/May/2022:15:26:09 -0500] "GET /kwssiamovil/sm/acme/a?s=U2FsdGVkX193MXiRYgUVwTPVFKWuNDlY5ASkiiXxp3S7oOPVqqbVDvD6Uu6eKRNs4EYrFQGfYlfhzX1CHM/B+oV1qeQk6LjpIKFlgFfGwl22cYfoU3d0s8w5WRnMEAji6cmDtf0dff006fnHAPwNhea4mLNcFF2hD9vH3R5mPvs=&u=U2FsdGVkX1/UkuFsFbVBVps/CKoDoFXnbPBSP6rWL+w=&y=U2FsdGVkX1+F9he4eCmfJAccdYlE//MVYBP8XLQTXOJiWPGE38ybxwVNvf0OKloM HTTP/1.1" 200 25
186.102.56.7 - - [15/May/2022:15:26:09 -0500] "GET /kwssiamovil/sm/acme/a?s=U2FsdGVkX18UMetCZ+UMTPvu69FBRzqjITzCInBxvYG6OVqNQxg21hfKbkA0Fdh7NSvlmi4/mefUMh/jYHGpgvojk9qhPhZpHcrLxItqfYpsGXQ6YIpA9TY6kALGeAMx45HmqELV4nIlgu4JBPrUruOoxpIyYD2YuADl/aoZj0dpmbn+joUDYPewSBIQQZK6&u=U2FsdGVkX1/UkuFsFbVBVps/CKoDoFXnbPBSP6rWL+w=&y=U2FsdGVkX1+F9he4eCmfJAccdYlE//MVYBP8XLQTXOJiWPGE38ybxwVNvf0OKloM HTTP/1.1" 200 25
186.102.56.7 - - [15/May/2022:15:26:10 -0500] "GET /kwssiamovil/sm/acme/a?s=U2FsdGVkX1/zyejnQKRjZxJ6OFmY7EJa0YjCqWoLd34zFPD53og8s2ap6rlhjJCAES+8g7JOMRzvCQJOzifDpeR2a8P8+HtaJUr4FUjv1nyEslexkUNnLMfajUEkUyXZjtILkVU3fmatKO+pgW+mjV0DgiJy6CXzRrm8cL9eySDOqMa9iBUxRbkszHrvNVde/w6x90ZKR9Ay+PHwMLVBkTz1rQ3qaknNaM5MRBC9tbAjQWa/vp9MS+FcaiXd2cWMxhEh9NgpDGmJWOZRaMMfykOp5mDfhE5E7Uhsig1F7z+d23EcNm+sSRqOHXEuPaCkztvED0mdzOtC7/N6ZiUg3lOQw9Y43A86w40qUpAuXTJHw/Hj/muWY70wmJYAr0Ti&u=U2FsdGVkX1/UkuFsFbVBVps/CKoDoFXnbPBSP6rWL+w=&y=U2FsdGVkX1+F9he4eCmfJAccdYlE//MVYBP8XLQTXOJiWPGE38ybxwVNvf0OKloM HTTP/1.1" 200 24
186.102.56.7 - - [15/May/2022:15:26:10 -0500] "GET /kwssiamovil/sm/acme/a?s=U2FsdGVkX1/2rs89y9lEHyUa6T7j/4e/mJKFEoKZTgC/4Ri2xV9d19z/C++LUU7MeqUMICKW0/mKirjNyAsU/HAbev1tLLDkecDm1XxSPDTyMmlSGskUTEXKtNXJeHj6SNNqEDjhOqkeNBwirUnZ71rvbl4IGbHo0U0ReynXcXxhc3U/vlQoTJpTffIZJXsLMfYx7M9TUSqOwBoWDryTHY8OHMHvZja+qU1RYArDJGLw+yWaTmzNkDOcORMx0dqKQcN8h9kHnQhs22vaM5945hNDGfPKK1klEVOYPj0pHVAT18NYYGuMQ7GHbN+YGarBJa0YS3roPyaTnXqQygofxA==&u=U2FsdGVkX1/UkuFsFbVBVps/CKoDoFXnbPBSP6rWL+w=&y=U2FsdGVkX1+F9he4eCmfJAccdYlE//MVYBP8XLQTXOJiWPGE38ybxwVNvf0OKloM HTTP/1.1" 200 24
216.245.221.92 - - [15/May/2022:15:27:36 -0500] "HEAD / HTTP/1.1" 200 -
172.22.2.4 - - [15/May/2022:15:28:27 -0500] "HEAD /BLA/boletinlegal/ HTTP/1.1" 200 -
172.22.2.4 - - [15/May/2022:15:29:17 -0500] "GET /BLA/boletinlegal/ HTTP/1.1" 200 56300
216.245.221.92 - - [15/May/2022:15:32:36 -0500] "HEAD / HTTP/1.1" 200 -
45.33.88.63 - - [15/May/2022:15:33:22 -0500] "GET /galeria/galeria/jquery.fancybox.css?v=2.1.5 HTTP/1.1" 200 4895
45.33.88.63 - - [15/May/2022:15:33:22 -0500] "GET /galeria/galeria/jquery.fancybox.js?v=2.1.5 HTTP/1.1" 200 48706
45.33.88.63 - - [15/May/2022:15:33:22 -0500] "GET /BLA/boletinlegal/js/jquery.scrollShow.js HTTP/1.1" 200 4586
172.22.2.4 - - [15/May/2022:15:32:15 -0500] "GET /BLA/boletinlegal/ HTTP/1.1" 200 36811
172.22.2.4 - - [15/May/2022:15:32:15 -0500] "GET /BLA/boletinlegal/ HTTP/1.1" 200 36811
172.22.2.4 - - [15/May/2022:15:32:16 -0500] "GET /BLA/boletinlegal/ HTTP/1.1" 200 36811
201.245.192.253 - - [15/May/2022:15:32:41 -0500] "POST /kwsrmcab/Wsrmcab HTTP/1.1" 200 45488
201.245.192.253 - - [15/May/2022:15:33:32 -0500] "POST /kwsrmcab/Wsrmcab HTTP/1.1" 200 43940
181.50.102.227 - - [15/May/2022:15:34:27 -0500] "GET /portaldeninos/wp-content/themes/betheme/style.css?ver=20.9.6 HTTP/1.1" 200 287
181.50.102.227 - - [15/May/2022:15:34:27 -0500] "GET /portaldeninos/wp-content/uploads/useanyfont/uaf.css?ver=1589905315 HTTP/1.1" 200 408
181.50.102.227 - - [15/May/2022:15:34:27 -0500] "GET /portaldeninos/wp-content/plugins/gallery-videos/CSS/Total-Soft-Gallery-Video-Widget.css?ver=4.9.8 HTTP/1.1" 200 51554
181.50.102.227 - - [15/May/2022:15:34:27 -0500] "GET /portaldeninos/wp-content/themes/betheme/assets/animations/animations.min.css?ver=20.9.6 HTTP/1.1" 200 58508
181.50.102.227 - - [15/May/2022:15:34:27 -0500] "GET /portaldeninos/wp-content/themes/betheme/css/base.css?ver=20.9.6 HTTP/1.1" 200 57283
181.50.102.227 - - [15/May/2022:15:34:27 -0500] "GET /portaldeninos/wp-content/plugins/gallery-videos/CSS/totalsoft.css?ver=4.9.8 HTTP/1.1" 200 40622
181.50.102.227 - - [15/May/2022:15:34:28 -0500] "GET /portaldeninos/wp-content/themes/betheme/assets/ui/jquery.ui.all.css?ver=20.9.6 HTTP/1.1" 200 18765
181.50.102.227 - - [15/May/2022:15:34:28 -0500] "GET /portaldeninos/wp-content/themes/betheme/assets/jplayer/css/jplayer.blue.monday.css?ver=20.9.6 HTTP/1.1" 200 9834
181.50.102.227 - - [15/May/2022:15:34:27 -0500] "GET /portaldeninos/wp-content/themes/betheme/css/layout.css?ver=20.9.6 HTTP/1.1" 200 116639
181.50.102.227 - - [15/May/2022:15:34:28 -0500] "GET /portaldeninos/wp-includes/js/jquery/jquery-migrate.min.js?ver=1.4.1 HTTP/1.1" 200 10056
181.50.102.227 - - [15/May/2022:15:34:28 -0500] "GET /portaldeninos/wp-includes/js/jquery/ui/core.min.js?ver=1.11.4 HTTP/1.1" 200 4000
181.50.102.227 - - [15/May/2022:15:34:27 -0500] "GET /portaldeninos/wp-content/themes/betheme/css/shortcodes.css?ver=20.9.6 HTTP/1.1" 200 138889
181.50.102.227 - - [15/May/2022:15:34:28 -0500] "GET /portaldeninos/wp-content/plugins/google-analytics-for-wordpress/assets/js/frontend-gtag.min.js?ver=8.5.0 HTTP/1.1" 200 11801
181.50.102.227 - - [15/May/2022:15:34:28 -0500] "GET /portaldeninos/wp-content/plugins/gallery-videos/JS/modernizr.custom.js?ver=4.9.8 HTTP/1.1" 200 9019
181.50.102.227 - - [15/May/2022:15:34:28 -0500] "GET /portaldeninos/wp-content/themes/betheme/css/responsive.css?ver=20.9.6 HTTP/1.1" 200 55740
181.50.102.227 - - [15/May/2022:15:34:28 -0500] "GET /portaldeninos/wp-includes/js/jquery/ui/mouse.min.js?ver=1.11.4 HTTP/1.1" 200 3148
181.50.102.227 - - [15/May/2022:15:34:28 -0500] "GET /portaldeninos/wp-includes/js/jquery/ui/widget.min.js?ver=1.11.4 HTTP/1.1" 200 6908
181.50.102.227 - - [15/May/2022:15:34:28 -0500] "GET /portaldeninos/wp-includes/js/jquery/ui/tabs.min.js?ver=1.11.4 HTTP/1.1" 200 12110
181.50.102.227 - - [15/May/2022:15:34:28 -0500] "GET /portaldeninos/wp-includes/js/jquery/ui/accordion.min.js?ver=1.11.4 HTTP/1.1" 200 8584
181.50.102.227 - - [15/May/2022:15:34:28 -0500] "GET /portaldeninos/wp-content/plugins/gallery-videos/JS/Total-Soft-Gallery-Video-Widget.js?ver=4.9.8 HTTP/1.1" 200 80264
181.50.102.227 - - [15/May/2022:15:34:28 -0500] "GET /portaldeninos/wp-includes/js/jquery/ui/sortable.min.js?ver=1.11.4 HTTP/1.1" 200 24899
181.50.102.227 - - [15/May/2022:15:34:28 -0500] "GET /portaldeninos/wp-content/themes/betheme/js/menu.js?ver=20.9.6 HTTP/1.1" 200 2449
181.50.102.227 - - [15/May/2022:15:34:28 -0500] "GET /portaldeninos/wp-content/themes/betheme/assets/animations/animations.min.js?ver=20.9.6 HTTP/1.1" 200 1896
181.50.102.227 - - [15/May/2022:15:34:28 -0500] "GET /portaldeninos/wp-includes/js/jquery/jquery.js?ver=1.12.4 HTTP/1.1" 200 97184
181.50.102.227 - - [15/May/2022:15:34:28 -0500] "GET /portaldeninos/wp-includes/js/wp-embed.min.js?ver=4.9.8 HTTP/1.1" 200 1398
181.50.102.227 - - [15/May/2022:15:34:28 -0500] "GET /portaldeninos/wp-content/themes/betheme/js/scripts.js?ver=20.9.6 HTTP/1.1" 200 77162
181.50.102.227 - - [15/May/2022:15:34:28 -0500] "GET /portaldeninos/wp-content/themes/betheme/images/box_shadow.png HTTP/1.1" 200 108
181.50.102.227 - - [15/May/2022:15:34:28 -0500] "GET /portaldeninos/wp-content/themes/betheme/assets/jplayer/jplayer.min.js?ver=20.9.6 HTTP/1.1" 200 52702
181.50.102.227 - - [15/May/2022:15:34:28 -0500] "GET /portaldeninos/wp-content/themes/betheme/js/plugins.js?ver=20.9.6 HTTP/1.1" 200 197151
181.50.102.227 - - [15/May/2022:15:34:28 -0500] "GET /portaldeninos/wp-includes/js/wp-emoji-release.min.js?ver=4.9.8 HTTP/1.1" 200 12026
181.50.102.227 - - [15/May/2022:15:34:28 -0500] "GET /portaldeninos/wp-content/themes/betheme/fonts/mfn-icons.woff?93978679 HTTP/1.1" 200 80932
181.50.102.227 - - [15/May/2022:15:34:28 -0500] "GET /portaldeninos/wp-content/themes/betheme/fonts/mfn-icons.ttf?93978679 HTTP/1.1" 200 98769
172.22.2.4 - - [15/May/2022:15:34:17 -0500] "HEAD /BLA/boletinlegal/ HTTP/1.1" 200 -
172.22.2.4 - - [15/May/2022:15:35:07 -0500] "GET /BLA/boletinlegal/ HTTP/1.1" 200 58006
216.245.221.92 - - [15/May/2022:15:37:36 -0500] "HEAD / HTTP/1.1" 200 -
173.252.107.11 - - [15/May/2022:15:38:12 -0500] "GET /zuma-propuesta-de-pot-una-herramienta-clave-para-seguir-mejorando-la-calidad-del-aire-de-bogota.html HTTP/1.1" 206 1029
172.22.2.4 - - [15/May/2022:15:36:40 -0500] "GET /BLA/boletinlegal/ HTTP/1.1" 200 60486
172.22.2.4 - - [15/May/2022:15:40:31 -0500] "GET /BLA/boletinlegal/Circulares/2022/CIRCULAR%20No.%2000003%20DEL%2007%20DE%20MARZO%20DEL%202022.pdf HTTP/1.1" 404 1038
172.22.2.4 - - [15/May/2022:15:40:36 -0500] "GET /BLA/boletinlegal/Circulares/2019/.pdf HTTP/1.1" 404 1218
172.22.2.4 - - [15/May/2022:15:40:47 -0500] "GET /BLA/boletinlegal/Circulares/2012/Circular%20No.%2010%20del%2026%20de%20Enero%20de%202012.pdf HTTP/1.1" 404 1218
172.22.2.4 - - [15/May/2022:15:40:07 -0500] "HEAD /BLA/boletinlegal/ HTTP/1.1" 200 -
207.46.13.11 - - [15/May/2022:15:42:08 -0500] "GET /forest/ HTTP/1.1" 200 12041
207.46.13.109 - - [15/May/2022:15:42:18 -0500] "GET /bla/resoluciones/notificaciones/autos%202016/03141.doc HTTP/1.1" 200 346590
216.245.221.92 - - [15/May/2022:15:42:36 -0500] "HEAD / HTTP/1.1" 200 -
172.22.2.4 - - [15/May/2022:15:40:57 -0500] "GET /BLA/boletinlegal/ HTTP/1.1" 200 60932
201.245.192.253 - - [15/May/2022:15:42:42 -0500] "POST /kwsrmcab/Wsrmcab HTTP/1.1" 200 45488
201.245.192.253 - - [15/May/2022:15:43:33 -0500] "POST /kwsrmcab/Wsrmcab HTTP/1.1" 200 43940
186.99.194.84 - - [15/May/2022:15:45:31 -0500] "GET /BLA/resoluciones/AUTOS%202018/0239.pdf HTTP/1.1" 200 427614
186.99.194.84 - - [15/May/2022:15:45:31 -0500] "GET /favicon.ico HTTP/1.1" 200 7782
216.245.221.92 - - [15/May/2022:15:47:36 -0500] "HEAD / HTTP/1.1" 200 -
172.22.2.4 - - [15/May/2022:15:45:57 -0500] "HEAD /BLA/boletinlegal/ HTTP/1.1" 200 -
172.22.2.4 - - [15/May/2022:15:46:47 -0500] "GET /BLA/boletinlegal/ HTTP/1.1" 200 59170
172.22.2.4 - - [15/May/2022:15:49:18 -0500] "GET /BLA/boletinlegal/actos.php HTTP/1.1" 200 9559
172.22.2.4 - - [15/May/2022:15:49:31 -0500] "GET /BLA/boletinlegal/consulta_actos.php?tipo=resoluciones&no=5225&usuario=&sector=&fecha=2021&resuelve= HTTP/1.1" 200 626
66.249.65.13 - - [15/May/2022:15:49:36 -0500] "-" 408 -
172.22.2.4 - - [15/May/2022:15:49:44 -0500] "GET /BLA/boletinlegal/consulta_actos.php?tipo=resoluciones&no=0204&usuario=&sector=&fecha=2022&resuelve= HTTP/1.1" 200 626
172.22.2.4 - - [15/May/2022:15:49:07 -0500] "GET /BLA/boletinlegal/ HTTP/1.1" 200 32715
172.22.2.4 - - [15/May/2022:15:50:14 -0500] "GET /BLA/boletinlegal/consulta_actos.php?tipo=resoluciones&no=237&usuario=&sector=&fecha=2022&resuelve= HTTP/1.1" 200 626
172.22.2.4 - - [15/May/2022:15:50:15 -0500] "GET /BLA/boletinlegal/consulta_actos.php?tipo=resoluciones&no=237&usuario=&sector=&fecha=2022&resuelve= HTTP/1.1" 200 626
172.22.2.4 - - [15/May/2022:15:50:29 -0500] "GET /BLA/boletinlegal/jurisprudencia/analisis/Analisis%20Jurisprudencia%20Sent%202000-00005-01.doc HTTP/1.1" 304 -
172.22.2.4 - - [15/May/2022:15:50:42 -0500] "GET /BLA/boletinlegal/consulta_actos.php?tipo=resoluciones&no=290&usuario=&sector=&fecha=2022&resuelve= HTTP/1.1" 200 626
172.22.2.4 - - [15/May/2022:15:50:45 -0500] "GET /BLA/boletinlegal/consulta_actos.php?tipo=resoluciones&no=390&usuario=&sector=&fecha=2022&resuelve= HTTP/1.1" 200 626
172.22.2.4 - - [15/May/2022:15:50:53 -0500] "GET /BLA/boletinlegal/consulta_actos.php?tipo=resoluciones&no=378&usuario=&sector=&fecha=2022&resuelve= HTTP/1.1" 200 626
207.46.13.11 - - [15/May/2022:15:51:31 -0500] "GET /BLA/resoluciones/index.php?dir=AUTOS+2008%2F HTTP/1.1" 200 569644
216.245.221.92 - - [15/May/2022:15:52:36 -0500] "HEAD / HTTP/1.1" 200 -
172.22.2.4 - - [15/May/2022:15:51:47 -0500] "HEAD /BLA/boletinlegal/ HTTP/1.1" 200 -
173.252.127.12 - - [15/May/2022:15:54:05 -0500] "GET /una-mujer-que-trabaja-por-la-equidad-de-genero-y-la-proteccion-del-ambiente-asi-es-amanda-rodriguez.html HTTP/1.1" 206 935
172.22.2.4 - - [15/May/2022:15:52:37 -0500] "GET /BLA/boletinlegal/ HTTP/1.1" 200 58588
216.245.221.92 - - [15/May/2022:15:57:36 -0500] "HEAD / HTTP/1.1" 200 -
178.197.197.26 - - [15/May/2022:15:57:45 -0500] "GET /bogota-tendra-la-primera-planta-de-termovalorizacion-de-colombia-la-cual-convertira-los-residuos-en-energia-para-la-ciudad.html HTTP/1.1" 200 883
179.13.160.121 - - [15/May/2022:15:58:37 -0500] "GET /catalogoisis/ HTTP/1.1" 200 8575
179.13.160.121 - - [15/May/2022:15:58:37 -0500] "GET /catalogoisis/Css/Busqueda.css HTTP/1.1" 200 1995
179.13.160.121 - - [15/May/2022:15:58:37 -0500] "GET /catalogoisis/Js/AceptarLimpiar.js HTTP/1.1" 200 331
179.13.160.121 - - [15/May/2022:15:58:37 -0500] "GET /catalogoisis/Js/LimpiarCombinada.js HTTP/1.1" 200 207
179.13.160.121 - - [15/May/2022:15:58:37 -0500] "GET /catalogoisis/Js/Remote.js HTTP/1.1" 200 436
179.13.160.121 - - [15/May/2022:15:58:37 -0500] "GET /catalogoisis/Js/CriterioCombinada.js HTTP/1.1" 200 1843
179.13.160.121 - - [15/May/2022:15:58:37 -0500] "GET /catalogoisis/Js/Go.js HTTP/1.1" 200 364
179.13.160.121 - - [15/May/2022:15:58:37 -0500] "GET /catalogoisis/Js/Numero.js HTTP/1.1" 200 398
179.13.160.121 - - [15/May/2022:15:58:37 -0500] "GET /catalogoisis/Js/Cookies.js HTTP/1.1" 200 1369
179.13.160.121 - - [15/May/2022:15:58:38 -0500] "GET /catalogoisis/Js/Enter.js HTTP/1.1" 200 1208
179.13.160.121 - - [15/May/2022:15:58:38 -0500] "GET /catalogoisis/imagenes/aceptar1.gif HTTP/1.1" 200 604
179.13.160.121 - - [15/May/2022:15:58:38 -0500] "GET /catalogoisis/imagenes/Turnbo1.gif HTTP/1.1" 200 227
179.13.160.121 - - [15/May/2022:15:58:38 -0500] "GET /catalogoisis/imagenes/br1c1.gif HTTP/1.1" 200 172
179.13.160.121 - - [15/May/2022:15:58:38 -0500] "GET /catalogoisis/imagenes/limpiar1.gif HTTP/1.1" 200 606
179.13.160.121 - - [15/May/2022:15:58:38 -0500] "GET /catalogoisis/imagenes/br1c3.gif HTTP/1.1" 200 302
179.13.160.121 - - [15/May/2022:15:58:38 -0500] "GET /catalogoisis/imagenes/br3c1.gif HTTP/1.1" 200 177
179.13.160.121 - - [15/May/2022:15:58:38 -0500] "GET /catalogoisis/imagenes/br3c2.gif HTTP/1.1" 200 285
179.13.160.121 - - [15/May/2022:15:58:38 -0500] "GET /catalogoisis/imagenes/br2c2.gif HTTP/1.1" 200 302
179.13.160.121 - - [15/May/2022:15:58:38 -0500] "GET /catalogoisis/imagenes/br1c2.gif HTTP/1.1" 200 297
179.13.160.121 - - [15/May/2022:15:58:38 -0500] "GET /catalogoisis/imagenes/br2c1.gif HTTP/1.1" 200 297
179.13.160.121 - - [15/May/2022:15:58:38 -0500] "GET /catalogoisis/imagenes/br3c3.gif HTTP/1.1" 200 186
179.13.160.121 - - [15/May/2022:15:58:38 -0500] "GET /catalogoisis/imagenes/br2c3.gif HTTP/1.1" 200 416
179.13.160.121 - - [15/May/2022:15:58:38 -0500] "GET /catalogoisis/imagenes/Header.gif HTTP/1.1" 200 30313
179.13.160.121 - - [15/May/2022:15:58:38 -0500] "GET /favicon.ico HTTP/1.1" 200 7782
172.22.2.4 - - [15/May/2022:15:57:37 -0500] "HEAD /BLA/boletinlegal/ HTTP/1.1" 200 -
207.46.13.37 - - [15/May/2022:15:59:53 -0500] "GET /bla/resoluciones/notificaciones/autos%202016/01152.pdf HTTP/1.1" 200 365327
173.252.95.17 - - [15/May/2022:16:00:05 -0500] "GET /avanzamos-en-la-conservacion-del-rio-bogota-con-megaobras-reverdecer-educacion-ambiental-control-y-monitoreo-secretaria-de-ambiente.html HTTP/1.1" 206 939
173.252.95.118 - - [15/May/2022:16:00:05 -0500] "GET /avanzamos-en-la-conservacion-del-rio-bogota-con-megaobras-reverdecer-educacion-ambiental-control-y-monitoreo-secretaria-de-ambiente.html HTTP/1.1" 206 939
173.252.95.5 - - [15/May/2022:16:00:05 -0500] "GET /avanzamos-en-la-conservacion-del-rio-bogota-con-megaobras-reverdecer-educacion-ambiental-control-y-monitoreo-secretaria-de-ambiente.html HTTP/1.1" 206 939
172.22.2.4 - - [15/May/2022:15:58:28 -0500] "GET /BLA/boletinlegal/ HTTP/1.1" 200 58588
172.22.2.4 - - [15/May/2022:16:01:00 -0500] "GET /BLA/boletinlegal/style.css HTTP/1.1" 200 9406
172.22.2.4 - - [15/May/2022:16:01:00 -0500] "GET /BLA/boletinlegal/styles2.css HTTP/1.1" 200 1838
172.22.2.4 - - [15/May/2022:16:01:00 -0500] "GET /BLA/boletinlegal/js/jquery.js HTTP/1.1" 200 57254
172.22.2.4 - - [15/May/2022:16:01:00 -0500] "GET /BLA/boletinlegal/js/jquery.scrollTo-min.js HTTP/1.1" 200 1150
172.22.2.4 - - [15/May/2022:16:01:00 -0500] "GET /BLA/boletinlegal/js/jquery.scrollShow.js HTTP/1.1" 200 4586
172.22.2.4 - - [15/May/2022:16:01:00 -0500] "GET /BLA/boletinlegal/images/subscribe-icon-big.png HTTP/1.1" 200 47702
172.22.2.4 - - [15/May/2022:16:01:00 -0500] "GET /BLA/boletinlegal/images/cabezote%20BLEGAL.jpg HTTP/1.1" 200 118164
172.22.2.4 - - [15/May/2022:16:01:00 -0500] "GET /BLA/boletinlegal/images/historia.png HTTP/1.1" 200 52775
172.22.2.4 - - [15/May/2022:16:01:00 -0500] "GET /BLA/boletinlegal/images/registro-usuarios.png HTTP/1.1" 200 8106
172.22.2.4 - - [15/May/2022:16:01:00 -0500] "GET /BLA/boletinlegal/images/arr_l.jpg HTTP/1.1" 200 1979
172.22.2.4 - - [15/May/2022:16:01:00 -0500] "GET /BLA/boletinlegal/images/screen_1.png HTTP/1.1" 200 202547
172.22.2.4 - - [15/May/2022:16:01:01 -0500] "GET /BLA/boletinlegal/images/launch.jpg HTTP/1.1" 200 14577
172.22.2.4 - - [15/May/2022:16:01:04 -0500] "GET /BLA/boletinlegal/actos.php HTTP/1.1" 200 9559
172.22.2.4 - - [15/May/2022:16:01:04 -0500] "GET /BLA/boletinlegal/js/ajax_actos.js HTTP/1.1" 200 1322
172.22.2.4 - - [15/May/2022:16:01:04 -0500] "GET /BLA/boletinlegal/js/lib.js HTTP/1.1" 200 6474
172.22.2.4 - - [15/May/2022:16:01:04 -0500] "GET /BLA/boletinlegal/niceforms.js HTTP/1.1" 200 22876
172.22.2.4 - - [15/May/2022:16:01:04 -0500] "GET /BLA/boletinlegal/js/popup.js HTTP/1.1" 200 1270
172.22.2.4 - - [15/May/2022:16:01:04 -0500] "GET /BLA/boletinlegal/niceforms-default.css HTTP/1.1" 200 6694
172.22.2.4 - - [15/May/2022:16:01:04 -0500] "GET /BLA/boletinlegal/js/jquery1.js HTTP/1.1" 200 29846
172.22.2.4 - - [15/May/2022:16:01:04 -0500] "GET /BLA/boletinlegal/images/green-yellow-blue-pink-th.png HTTP/1.1" 200 7394
172.22.2.4 - - [15/May/2022:16:01:04 -0500] "GET /BLA/boletinlegal/images/abajo.png HTTP/1.1" 200 96676
172.22.2.4 - - [15/May/2022:16:01:04 -0500] "GET /BLA/boletinlegal/images/icono-email.png HTTP/1.1" 200 5544
172.22.2.4 - - [15/May/2022:16:01:04 -0500] "GET /BLA/boletinlegal/images/body_bg.jpg HTTP/1.1" 200 1601
172.22.2.4 - - [15/May/2022:16:01:04 -0500] "GET /BLA/boletinlegal/images/menu_lft.gif HTTP/1.1" 200 1713
172.22.2.4 - - [15/May/2022:16:01:04 -0500] "GET /BLA/boletinlegal/images/tel.png HTTP/1.1" 200 14477
172.22.2.4 - - [15/May/2022:16:01:04 -0500] "GET /BLA/boletinlegal/images/footer_bg.jpg HTTP/1.1" 200 586
172.22.2.4 - - [15/May/2022:16:01:05 -0500] "GET /BLA/boletinlegal/images/menu_bg.jpg HTTP/1.1" 200 620
172.22.2.4 - - [15/May/2022:16:01:05 -0500] "GET /BLA/boletinlegal/images/text.jpg HTTP/1.1" 200 568
172.22.2.4 - - [15/May/2022:16:01:05 -0500] "GET /BLA/boletinlegal/images/menu_rght.gif HTTP/1.1" 200 1627
172.22.2.4 - - [15/May/2022:16:01:05 -0500] "GET /BLA/boletinlegal/images/hover.jpg HTTP/1.1" 200 640
172.22.2.4 - - [15/May/2022:16:01:05 -0500] "GET /BLA/boletinlegal/images/bg_top.jpg HTTP/1.1" 200 522
172.22.2.4 - - [15/May/2022:16:01:05 -0500] "GET /BLA/boletinlegal/images/footer_bg_l.jpg HTTP/1.1" 200 776
172.22.2.4 - - [15/May/2022:16:01:05 -0500] "GET /BLA/boletinlegal/img/select-left.png HTTP/1.1" 200 263
172.22.2.4 - - [15/May/2022:16:01:05 -0500] "GET /BLA/boletinlegal/img/0.png HTTP/1.1" 200 110
172.22.2.4 - - [15/May/2022:16:01:05 -0500] "GET /BLA/boletinlegal/img/select-right.png HTTP/1.1" 200 44019
172.22.2.4 - - [15/May/2022:16:01:05 -0500] "GET /BLA/boletinlegal/img/button-right.png HTTP/1.1" 200 57878
172.22.2.4 - - [15/May/2022:16:01:05 -0500] "GET /BLA/boletinlegal/img/button.png HTTP/1.1" 200 43241
172.22.2.4 - - [15/May/2022:16:01:05 -0500] "GET /BLA/boletinlegal/img/button-left.png HTTP/1.1" 200 57071
172.22.2.4 - - [15/May/2022:16:01:05 -0500] "GET /BLA/boletinlegal/favicon.ico HTTP/1.1" 404 1326
172.22.2.4 - - [15/May/2022:16:01:09 -0500] "GET /BLA/boletinlegal/images/screen_3.png HTTP/1.1" 200 210620
172.22.2.4 - - [15/May/2022:16:01:09 -0500] "GET /BLA/boletinlegal/images/screen_2.png HTTP/1.1" 200 362502
172.22.2.4 - - [15/May/2022:16:01:09 -0500] "GET /BLA/boletinlegal/images/arr_r.jpg HTTP/1.1" 200 1998
172.22.2.4 - - [15/May/2022:16:01:09 -0500] "GET /BLA/boletinlegal/images/screen_5.png HTTP/1.1" 200 368876
172.22.2.4 - - [15/May/2022:16:01:19 -0500] "GET /BLA/boletinlegal/images/pdf.gif HTTP/1.1" 200 567
172.22.2.4 - - [15/May/2022:16:01:29 -0500] "GET /BLA/boletinlegal/consulta_actos.php?tipo=autos&no=0209&usuario=&sector=&fecha=2022&resuelve= HTTP/1.1" 200 626
207.46.13.11 - - [15/May/2022:16:01:31 -0500] "GET /BLA/boletinlegal/norma_menu.php HTTP/1.1" 200 6318
172.22.2.4 - - [15/May/2022:16:01:37 -0500] "GET /BLA/boletinlegal/consulta_actos.php?tipo=autos&no=2096&usuario=&sector=&fecha=2022&resuelve= HTTP/1.1" 200 626
172.22.2.4 - - [15/May/2022:16:01:38 -0500] "GET /BLA/boletinlegal/consulta_actos.php?tipo=autos&no=2096&usuario=&sector=&fecha=2022&resuelve= HTTP/1.1" 200 626
172.22.2.4 - - [15/May/2022:16:01:39 -0500] "GET /BLA/boletinlegal/consulta_actos.php?tipo=autos&no=2096&usuario=&sector=&fecha=2022&resuelve= HTTP/1.1" 200 626
172.22.2.4 - - [15/May/2022:16:01:39 -0500] "GET /BLA/boletinlegal/consulta_actos.php?tipo=autos&no=2096&usuario=&sector=&fecha=2022&resuelve= HTTP/1.1" 200 626
172.22.2.4 - - [15/May/2022:16:01:46 -0500] "GET /BLA/boletinlegal/consulta_actos.php?tipo=autos&no=2096&usuario=&sector=VERTIMIENTOS&fecha=2022&resuelve= HTTP/1.1" 200 626
179.13.160.121 - - [15/May/2022:16:01:48 -0500] "GET /BLA/resoluciones/ HTTP/1.1" 200 13093
179.13.160.121 - - [15/May/2022:16:01:48 -0500] "GET /BLA/resoluciones/dlf/styles.css HTTP/1.1" 200 3049
179.13.160.121 - - [15/May/2022:16:01:48 -0500] "GET /BLA/resoluciones/dlf/folder.png HTTP/1.1" 200 410
179.13.160.121 - - [15/May/2022:16:01:48 -0500] "GET /BLA/resoluciones/dlf/bg.gif HTTP/1.1" 200 54
179.13.160.121 - - [15/May/2022:16:01:52 -0500] "GET /BLA/resoluciones/dlf/dirup.png HTTP/1.1" 200 644
179.13.160.121 - - [15/May/2022:16:01:52 -0500] "GET /BLA/resoluciones/index.php?dir=AUTOS+2022%2F HTTP/1.1" 200 36713
179.13.160.121 - - [15/May/2022:16:01:52 -0500] "GET /BLA/resoluciones/dlf/pdf.gif HTTP/1.1" 200 272
179.13.160.121 - - [15/May/2022:16:02:20 -0500] "GET /BLA/resoluciones/index.php?dir= HTTP/1.1" 200 13093
179.13.160.121 - - [15/May/2022:16:02:25 -0500] "GET /BLA/resoluciones/index.php?dir=Notificaciones%2F HTTP/1.1" 200 9905
179.13.160.121 - - [15/May/2022:16:02:28 -0500] "GET /BLA/resoluciones/index.php?dir=Notificaciones%2FAUTOS+2022%2F HTTP/1.1" 200 9149
216.245.221.92 - - [15/May/2022:16:02:36 -0500] "HEAD / HTTP/1.1" 200 -
179.13.160.121 - - [15/May/2022:16:02:36 -0500] "GET /BLA/resoluciones/index.php?dir=Notificaciones%2F HTTP/1.1" 200 9905
172.22.2.4 - - [15/May/2022:16:01:00 -0500] "GET /BLA/boletinlegal/ HTTP/1.1" 200 61796
179.13.160.121 - - [15/May/2022:16:02:41 -0500] "GET /BLA/resoluciones/index.php?dir=Notificaciones%2FRESOLUCIONES+2022%2F HTTP/1.1" 200 3180
179.13.160.121 - - [15/May/2022:16:03:03 -0500] "GET /BLA/resoluciones/Notificaciones/RESOLUCIONES%202022/0162.pdf HTTP/1.1" 200 367115
179.13.160.121 - - [15/May/2022:16:03:03 -0500] "GET /BLA/resoluciones/Notificaciones/RESOLUCIONES%202022/0162.pdf HTTP/1.1" 200 367115
179.13.160.121 - - [15/May/2022:16:03:03 -0500] "GET /BLA/resoluciones/Notificaciones/RESOLUCIONES%202022/0162.pdf HTTP/1.1" 206 1025
179.13.160.121 - - [15/May/2022:16:03:05 -0500] "GET /BLA/resoluciones/Notificaciones/RESOLUCIONES%202022/0162.pdf HTTP/1.1" 206 3072
179.13.160.121 - - [15/May/2022:16:03:05 -0500] "GET /BLA/resoluciones/Notificaciones/RESOLUCIONES%202022/0162.pdf HTTP/1.1" 206 363018
172.22.2.4 - - [15/May/2022:16:03:30 -0500] "GET /BLA/boletinlegal/consulta_actos.php?tipo=autos&no=&usuario=&sector=VERTIMIENTOS&fecha=2022&resuelve= HTTP/1.1" 200 35229
172.22.2.4 - - [15/May/2022:16:03:31 -0500] "GET /BLA/boletinlegal/images/background.gif HTTP/1.1" 200 -
172.22.2.4 - - [15/May/2022:16:04:16 -0500] "GET /BLA/boletinlegal/robots.txt HTTP/1.1" 404 1038
172.22.2.4 - - [15/May/2022:16:03:27 -0500] "HEAD /BLA/boletinlegal/ HTTP/1.1" 200 -
207.46.13.75 - - [15/May/2022:16:05:23 -0500] "GET /Publicaciones/2022EE26751.pdf HTTP/1.1" 404 227
172.22.2.4 - - [15/May/2022:16:04:17 -0500] "GET /BLA/boletinlegal/ HTTP/1.1" 200 44043
172.22.2.4 - - [15/May/2022:16:04:18 -0500] "GET /BLA/boletinlegal/index.php HTTP/1.1" 200 44453
216.245.221.92 - - [15/May/2022:16:07:36 -0500] "HEAD / HTTP/1.1" 200 -
186.102.16.94 - - [15/May/2022:16:08:51 -0500] "GET /kwssiamovil/sm/acme/a?s=U2FsdGVkX19Neg1IC28yaUl3nXvBLNyhJpGjRDmyRBsQNXXU2/hfXH3agFh6XClBFXEtZWUy7McuUIsK6Q8JTmiVONoo0LrE602DT5pMiHtMAPO7M9p4mMSy5vEmPUT+b2+JrTy0etGAy4tVE6Vl2dMckpTSrNGMsIFHud2UGU4vZ7dz5UkxInS0Q9pJmLY7TsAIyp1Ah7hRBkZmRgS6xNm8brjF3S0AUnQ+rR5mGlxc2p0MJDWDQRw9BMqBJ5jh0JY6uWCJ0OyI1ex4a5XtVA==&u=U2FsdGVkX1+fYc71scxNf5Y+sSrnsIkQEQj+25NE+8PexpUCC5sK895niUF4qmRc&y=U2FsdGVkX19otMwRn9+JZ53V7mvhyqGtu1HB2MAoDmgPtvCos00K0VUUt4Qosior HTTP/1.1" 200 25
186.102.16.94 - - [15/May/2022:16:08:51 -0500] "GET /kwssiamovil/sm/acme/a?s=U2FsdGVkX19k4RtfGENy6Fg9sySz3Ep2d3oOaZLOT57aEG2NJCAPowMlm3frzPNeUC4Fvv740GMpnRhWJNnurLBscW+nuNFrVPeZjqA1gAnYHa3kbcYS8bNZ06ZPyM8VYaeotBJ7uDzj4pkWqv0a/4ioE87jwbnG3m+V5Msn3jr2SNvVEdE3KBBGr6fYfg00lVneLpVZJWgxSoVKhkMY7LjNuZWMsMs+VNT3lNBJ9bMjuxl8k1p1gAFAGWv6N/lQXmDRYrVNVeBk33M5odVNmQURXjlXPRET73B9sdJiVxvMp5wpnKJ9xSPy/V5d0ObpgIhgtU6C7mk2UPZ9hrCzWz90u2EZ00WsK0io0VDI/ftmmXv+n21A7cAuKmBjqaVTvCbqUVGUYKQbKRFcRctYwmF5JRX81J9nJQHtCyL/BwR4pBff4hu+cYBgM/o+lORER88/vluhCaf3aN2FbNtfdWYi0gJCH60HMr7NFW4xaoj1Bh4fh1spycxQRwuqlK8RGXAXMkj5940MdTSfh+F1dY1/5cb7XkUHrS4pC5bag5YzmNyX46JkyaM0NI2eIPTc0vKJniTKCHAXbjL+ds0/ql6juKhjkLpFldyIFhBnWMfUpKNfL0d3mbRIT0l0ZtfVKn5nsZMp1MU54VHEaI0knqZQGqP4KZHtiBneecRAFvfec6AGkUkfwhJLGfoZsYD9Ni+4jcbwYBN6cC+mPyDNN5MUVFKXgwY9h7Aq8XUrEZxIVOXC21QPLvBoB+m5l/PLhYTS3fl/PNk2PZRFWxEnIvZnJbMGAhj8Fr1K4y8qDylrHrlqAmwyDHFeL1bQjaUJ5uKWMcE2SQKnXHWMGZIJ3AMk30moAR1dQZPjdWhQM9W2uB8SKzwLbGZlT4FIqSPvshRo+orwTLQPmjzMz90UQunO2eUSGVi6e+KxVDAiwpghhIFrBoiKe/vt43qZwcoC892b0x7q2TaKHa/VH0zEzAWaldnwF6WQlEtFWJEpslQGmNTnVRZaWVWZOLo4HfZXLZUEmXVfN1UzC6kN3zKnJHO2my6f5e66A1pCi+ewLhdN7dr8RuIXcQPUimP08PuZBgmww36oHbYmRj1D//oDJm3YKdPXmLD22Ll0v/zg/z/6+e/7ukr2mIWjISTAwR2GJy4sH7y3XOWPIoap+gUlc+w5o13ee8/5B+tjTconYdcRnnOpjWNr4QuDg1vfQzaer87bF7EdXWp7+eWNNLyEnPAqBpWB5idx7X225S7Iiyor9Lxw0ESFLJ4NNHAYbFYVmNJpBcXDgdSigkc+/ZNLhbkA9YWveH9VFGTQED9p+ubpZ8brdMvI+Bjdb+pocHeH9Qn8zhxVFG+h+7arSxp3x8ZLoo377g5K9Bxmxxx5HdjpxJxYkV1UCNj22Rd6vO86u2gkJaepDOl44cpyIa5KQzd6K/TMZQpQN6LY3ERnbx9ghuNaL2brnJNjgc9psQOBTZlWVz4yBfyX8HSORWYUtghQBsIgQOtbVRX7RmYYm/9P1NoBwVdvTwwlIGvJ1tVcz1jbGdZKXUI7Dx3ifMfCeEzUBt0R+eH/3iW3WryonuvNBSrxK0iqz2zi6kUlJM6wtYKLsYhWa8HEuVQjnbeY7cKD8bvqsRNDiS2PVL6PFqNTaxPIS7NR07XYRwXQBGL/KyYWNJ4XigR9AlbMOX/XOfOx/OeO4RO8JgW1uo84CBAU2NYTbloXUsHWSspKrfMXkGjbAXdaKKB2gaq7ZlJ6rIMnEOkmYTy1lvBYBjUp3ieKi0brzb2PGnWwBcmcS1tvDNgIkrVg9kk+jUH4ENeW7rIdKq3cFq97WgeAYC5m0SnfBXyUHsfzQL12YzL0trrsrHdFDLfB0jrqi8lNKjG7OWHGPL9cNAsDEtQa4tgK5WdL4IP0BU9KGS67+OMFFE0Sye9/45gCVHaG+PyTON17j+G7G828EwJM1U9EU640mushfqNQIzm+zropm6sWsB8u3tGJshag66BqaAJSWvg3g3NZ6GDAzzo04OLPI5uR4E0XMkCC2LxBnj8sgFlKWb7FOhSVNfHLx1zHFvgZFrOLmKZNHJwXQKpgGkEkHbRpL0vPawU2xbIOHQdqbV6b4WSwwCWpa8V3JfKTo7MejwBL46GLLX/oioooFYfbMnDbB9fzNqwIpMAeQ9Bld/KMM6vvpe9So27xh3TkAaAil1GdD8GRjnXmm0TqDWWuVPpYE04rYtJMx/BCJD/vQ3Ij4bjoefzOLJdMFM5AFo/BwtlpY2Fryqw+eOH1gqwz4jOIJ+ocmUU7cerYKnrO969y5bWa5L19WGXqesPae4zDNTz5Bix+ZGhpf1U/bVV4BtJzXAwCp3QUHJ+mnNri2MLtYI2W0meKIrQZHX0eouBQRPwKcd6a+56ERiTX89qN7jxMLfbsBpRGx6fpNMphvqXMpn9Ej0fY5JivJDGlffbycvHP+sotMcXd+Az+2LgSR2JpzTot4r+awqsBQxs3wWNUe1LRM6Wxn2/4yxn8dheQDnP+0g==&u=U2FsdGVkX1+fYc71scxNf5Y+sSrnsIkQEQj+25NE+8PexpUCC5sK895niUF4qmRc&y=U2FsdGVkX19otMwRn9+JZ53V7mvhyqGtu1HB2MAoDmgPtvCos00K0VUUt4Qosior HTTP/1.1" 200 25
186.102.16.94 - - [15/May/2022:16:08:51 -0500] "GET /kwssiamovil/sm/acme/a?s=U2FsdGVkX1/SohWhkR8u1K1Gcje49pdukTkLLB0rUAzDoCBLM+WjBKgDLIEPQyyBKr10Ms1DdfuS/KufNq8iqEKiJVycBApWHEmZQBMiFsZnalvgT8cNhRKb1HMd5RC5Cxh/l2z5R5V33pxDsZCCsmGQX34ZmPMnSWRlEZguGjY=&u=U2FsdGVkX1+fYc71scxNf5Y+sSrnsIkQEQj+25NE+8PexpUCC5sK895niUF4qmRc&y=U2FsdGVkX19otMwRn9+JZ53V7mvhyqGtu1HB2MAoDmgPtvCos00K0VUUt4Qosior HTTP/1.1" 200 25
186.102.16.94 - - [15/May/2022:16:08:52 -0500] "GET /kwssiamovil/sm/acme/a?s=U2FsdGVkX19S3htzhFk+C9P6LuQg7O0EAj3s5AGIO7/WpnyYIzudq+DtFxNxCH3lV6jMDHBC91AE3ny5bxc7n+6Bt0P8WbK5oUjjDWs2kX5ZZ3xIpqecJPMzseYqFN0nzGQsISANH5yGIF1X/ZGOszXyU6Iw7xnMfyjQXlmWIvg=&u=U2FsdGVkX1+fYc71scxNf5Y+sSrnsIkQEQj+25NE+8PexpUCC5sK895niUF4qmRc&y=U2FsdGVkX19otMwRn9+JZ53V7mvhyqGtu1HB2MAoDmgPtvCos00K0VUUt4Qosior HTTP/1.1" 200 25
186.102.16.94 - - [15/May/2022:16:08:52 -0500] "GET /kwssiamovil/sm/acme/a?s=U2FsdGVkX1/3/eOru2rG0bXYiipP7wJYr80mt/AzoM1paWOJDOPBAkO0oKL8LxsxDr1/wPPYpEeB9TzI4Yex5ftN0YBXPcoVuZLD9U5CXpAHqXGyN9OdbzfI/e9CQ5lE7Veta7gLk57PanyUZOmoAtYZVAO7sjwBktaEx1l/Xdo=&u=U2FsdGVkX1+fYc71scxNf5Y+sSrnsIkQEQj+25NE+8PexpUCC5sK895niUF4qmRc&y=U2FsdGVkX19otMwRn9+JZ53V7mvhyqGtu1HB2MAoDmgPtvCos00K0VUUt4Qosior HTTP/1.1" 200 25
186.102.16.94 - - [15/May/2022:16:08:52 -0500] "GET /kwssiamovil/sm/acme/a?s=U2FsdGVkX19EB6oJx7VYPW+n8Qc6W9cGquZsQYDcRaC7elyMXxxi+YSZZe1bDXUhDnIuyvjX5mbJ/FsU8W9eehpQqV144tQZduhDzlKSwJW/oxoYfN60JrDeNVBHmcFJTRKE2MYqJJS9fCyHKbO7EDx4GRkULJLwszgMFOWXZvYhgg7DtBa/H3SwkYVehsoG&u=U2FsdGVkX1+fYc71scxNf5Y+sSrnsIkQEQj+25NE+8PexpUCC5sK895niUF4qmRc&y=U2FsdGVkX19otMwRn9+JZ53V7mvhyqGtu1HB2MAoDmgPtvCos00K0VUUt4Qosior HTTP/1.1" 200 25
172.22.2.4 - - [15/May/2022:16:09:17 -0500] "HEAD /BLA/boletinlegal/ HTTP/1.1" 200 -
172.22.2.4 - - [15/May/2022:16:10:07 -0500] "GET /BLA/boletinlegal/ HTTP/1.1" 200 58588
216.245.221.92 - - [15/May/2022:16:12:36 -0500] "HEAD / HTTP/1.1" 200 -
66.249.65.13 - - [15/May/2022:16:16:05 -0500] "-" 408 -
45.173.69.75 - - [15/May/2022:16:16:05 -0500] "GET /alcaldesa-claudia-lopez-presento-la-hoja-de-terminos-para-el-proceso-de-licitacion-de-la-planta-con-la-que-se-descontaminara-el-rio-bogota.html HTTP/1.1" 200 959
172.22.2.4 - - [15/May/2022:16:15:07 -0500] "HEAD /BLA/boletinlegal/ HTTP/1.1" 200 -
216.245.221.92 - - [15/May/2022:16:17:36 -0500] "HEAD / HTTP/1.1" 200 -
172.22.2.4 - - [15/May/2022:16:15:57 -0500] "GET /BLA/boletinlegal/ HTTP/1.1" 200 54457
179.52.23.207 - - [15/May/2022:16:21:19 -0500] "GET /portaldeninos/wp-content/uploads/useanyfont/uaf.css?ver=1589905315 HTTP/1.1" 200 408
179.52.23.207 - - [15/May/2022:16:21:19 -0500] "GET /portaldeninos/wp-content/themes/betheme/style.css?ver=20.9.6 HTTP/1.1" 200 287
179.52.23.207 - - [15/May/2022:16:21:19 -0500] "GET /portaldeninos/wp-content/plugins/gallery-videos/CSS/totalsoft.css?ver=4.9.8 HTTP/1.1" 200 40622
179.52.23.207 - - [15/May/2022:16:21:19 -0500] "GET /portaldeninos/wp-content/plugins/gallery-videos/CSS/Total-Soft-Gallery-Video-Widget.css?ver=4.9.8 HTTP/1.1" 200 51554
179.52.23.207 - - [15/May/2022:16:21:19 -0500] "GET /portaldeninos/wp-content/themes/betheme/css/base.css?ver=20.9.6 HTTP/1.1" 200 57283
179.52.23.207 - - [15/May/2022:16:21:19 -0500] "GET /portaldeninos/wp-content/themes/betheme/assets/animations/animations.min.css?ver=20.9.6 HTTP/1.1" 200 58508
179.52.23.207 - - [15/May/2022:16:21:20 -0500] "GET /portaldeninos/wp-content/themes/betheme/assets/ui/jquery.ui.all.css?ver=20.9.6 HTTP/1.1" 200 18765
179.52.23.207 - - [15/May/2022:16:21:20 -0500] "GET /portaldeninos/wp-content/themes/betheme/assets/jplayer/css/jplayer.blue.monday.css?ver=20.9.6 HTTP/1.1" 200 9834
179.52.23.207 - - [15/May/2022:16:21:19 -0500] "GET /portaldeninos/wp-content/themes/betheme/css/layout.css?ver=20.9.6 HTTP/1.1" 200 116639
179.52.23.207 - - [15/May/2022:16:21:19 -0500] "GET /portaldeninos/wp-content/themes/betheme/css/shortcodes.css?ver=20.9.6 HTTP/1.1" 200 138889
179.52.23.207 - - [15/May/2022:16:21:20 -0500] "GET /portaldeninos/wp-content/plugins/google-analytics-for-wordpress/assets/js/frontend-gtag.min.js?ver=8.5.0 HTTP/1.1" 200 11801
179.52.23.207 - - [15/May/2022:16:21:20 -0500] "GET /portaldeninos/wp-includes/js/jquery/jquery-migrate.min.js?ver=1.4.1 HTTP/1.1" 200 10056
179.52.23.207 - - [15/May/2022:16:21:20 -0500] "GET /portaldeninos/wp-content/themes/betheme/css/responsive.css?ver=20.9.6 HTTP/1.1" 200 55740
179.52.23.207 - - [15/May/2022:16:21:20 -0500] "GET /portaldeninos/wp-includes/js/jquery/ui/core.min.js?ver=1.11.4 HTTP/1.1" 200 4000
179.52.23.207 - - [15/May/2022:16:21:20 -0500] "GET /portaldeninos/wp-content/plugins/gallery-videos/JS/modernizr.custom.js?ver=4.9.8 HTTP/1.1" 200 9019
179.52.23.207 - - [15/May/2022:16:21:20 -0500] "GET /portaldeninos/wp-includes/js/jquery/jquery.js?ver=1.12.4 HTTP/1.1" 200 97184
179.52.23.207 - - [15/May/2022:16:21:20 -0500] "GET /portaldeninos/wp-includes/js/jquery/ui/widget.min.js?ver=1.11.4 HTTP/1.1" 200 6908
179.52.23.207 - - [15/May/2022:16:21:21 -0500] "GET /portaldeninos/wp-includes/js/jquery/ui/mouse.min.js?ver=1.11.4 HTTP/1.1" 200 3148
179.52.23.207 - - [15/May/2022:16:21:21 -0500] "GET /portaldeninos/wp-includes/js/jquery/ui/accordion.min.js?ver=1.11.4 HTTP/1.1" 200 8584
179.52.23.207 - - [15/May/2022:16:21:21 -0500] "GET /portaldeninos/wp-includes/js/jquery/ui/tabs.min.js?ver=1.11.4 HTTP/1.1" 200 12110
179.52.23.207 - - [15/May/2022:16:21:21 -0500] "GET /portaldeninos/wp-content/themes/betheme/js/menu.js?ver=20.9.6 HTTP/1.1" 200 2449
179.52.23.207 - - [15/May/2022:16:21:20 -0500] "GET /portaldeninos/wp-content/plugins/gallery-videos/JS/Total-Soft-Gallery-Video-Widget.js?ver=4.9.8 HTTP/1.1" 200 80264
179.52.23.207 - - [15/May/2022:16:21:21 -0500] "GET /portaldeninos/wp-content/themes/betheme/assets/animations/animations.min.js?ver=20.9.6 HTTP/1.1" 200 1896
179.52.23.207 - - [15/May/2022:16:21:21 -0500] "GET /portaldeninos/wp-includes/js/jquery/ui/sortable.min.js?ver=1.11.4 HTTP/1.1" 200 24899
179.52.23.207 - - [15/May/2022:16:21:21 -0500] "GET /portaldeninos/wp-includes/js/wp-embed.min.js?ver=4.9.8 HTTP/1.1" 200 1398
179.52.23.207 - - [15/May/2022:16:21:21 -0500] "GET /portaldeninos/wp-includes/js/wp-emoji-release.min.js?ver=4.9.8 HTTP/1.1" 200 12026
179.52.23.207 - - [15/May/2022:16:21:21 -0500] "GET /portaldeninos/wp-content/themes/betheme/assets/jplayer/jplayer.min.js?ver=20.9.6 HTTP/1.1" 200 52702
179.52.23.207 - - [15/May/2022:16:21:21 -0500] "GET /portaldeninos/wp-content/themes/betheme/js/scripts.js?ver=20.9.6 HTTP/1.1" 200 77162
179.52.23.207 - - [15/May/2022:16:21:21 -0500] "GET /portaldeninos/wp-content/themes/betheme/js/plugins.js?ver=20.9.6 HTTP/1.1" 200 197151
179.52.23.207 - - [15/May/2022:16:21:22 -0500] "GET /portaldeninos/wp-content/themes/betheme/images/box_shadow.png HTTP/1.1" 200 108
179.52.23.207 - - [15/May/2022:16:21:22 -0500] "GET /portaldeninos/wp-content/themes/betheme/fonts/mfn-icons.woff?93978679 HTTP/1.1" 200 80932
179.52.23.207 - - [15/May/2022:16:21:23 -0500] "GET /portaldeninos/wp-content/themes/betheme/fonts/mfn-icons.ttf?93978679 HTTP/1.1" 200 94049
191.156.185.120 - - [15/May/2022:16:21:56 -0500] "GET /dia-mundial-de-las-aves-migratorias-cuidado-y-proteccion-para-la-biodiversidad.html HTTP/1.1" 200 1027
216.245.221.92 - - [15/May/2022:16:22:36 -0500] "HEAD / HTTP/1.1" 200 -
172.22.2.4 - - [15/May/2022:16:20:57 -0500] "HEAD /BLA/boletinlegal/ HTTP/1.1" 200 -
66.249.65.13 - - [15/May/2022:16:23:11 -0500] "-" 408 -
172.22.2.4 - - [15/May/2022:16:21:47 -0500] "GET /BLA/boletinlegal/ HTTP/1.1" 200 59688
201.245.192.253 - - [15/May/2022:16:22:41 -0500] "POST /kwsrmcab/Wsrmcab HTTP/1.1" 200 47085
201.245.192.253 - - [15/May/2022:16:23:31 -0500] "POST /kwsrmcab/Wsrmcab HTTP/1.1" 200 44233
216.245.221.92 - - [15/May/2022:16:27:36 -0500] "HEAD / HTTP/1.1" 200 -
207.46.13.109 - - [15/May/2022:16:27:42 -0500] "GET /bla/resoluciones/notificaciones/autos%202016/3174.pdf HTTP/1.1" 200 345488
207.46.13.159 - - [15/May/2022:16:27:45 -0500] "GET /bla/resoluciones/index.php?dir=notificaciones/autos+2016 HTTP/1.1" 200 75776
172.22.2.4 - - [15/May/2022:16:26:47 -0500] "HEAD /BLA/boletinlegal/ HTTP/1.1" 200 -
172.22.2.4 - - [15/May/2022:16:29:12 -0500] "GET /BLA/boletinlegal/actuator/health HTTP/1.1" 404 1018
172.22.2.4 - - [15/May/2022:16:27:37 -0500] "GET /BLA/boletinlegal/ HTTP/1.1" 200 59170
216.245.221.92 - - [15/May/2022:16:32:36 -0500] "HEAD / HTTP/1.1" 200 -
207.46.13.134 - - [15/May/2022:16:33:00 -0500] "GET /bla/resoluciones/notificaciones/autos%202016/3151.pdf HTTP/1.1" 200 393590
201.245.192.253 - - [15/May/2022:16:32:42 -0500] "POST /kwsrmcab/Wsrmcab HTTP/1.1" 200 47085
172.22.2.4 - - [15/May/2022:16:32:37 -0500] "HEAD /BLA/boletinlegal/ HTTP/1.1" 200 -
201.245.192.253 - - [15/May/2022:16:33:31 -0500] "POST /kwsrmcab/Wsrmcab HTTP/1.1" 200 44233
172.22.2.4 - - [15/May/2022:16:33:27 -0500] "GET /BLA/boletinlegal/ HTTP/1.1" 200 48120
172.22.2.4 - - [15/May/2022:16:35:29 -0500] "GET /BLA/boletinlegal/Directivas/2009/Directiva%20No.%20del%2023%20de%20Diciembre%20de%202009.pdf HTTP/1.1" 304 -
207.46.13.11 - - [15/May/2022:16:35:33 -0500] "GET /bla/resoluciones/notificaciones/autos%202016/02338.pdf HTTP/1.1" 200 354469
207.46.13.109 - - [15/May/2022:16:36:42 -0500] "GET /bla/resoluciones/notificaciones/autos%202016/02639.pdf HTTP/1.1" 200 439888
216.245.221.92 - - [15/May/2022:16:37:36 -0500] "HEAD / HTTP/1.1" 200 -
172.22.2.4 - - [15/May/2022:16:36:58 -0500] "GET /BLA/boletinlegal/ HTTP/1.1" 200 62551
181.62.149.79 - - [15/May/2022:16:39:04 -0500] "GET /BLA/resoluciones/ HTTP/1.1" 200 13093
181.62.149.79 - - [15/May/2022:16:39:08 -0500] "GET /BLA/resoluciones/index.php?dir=RESOLUCIONES+2008%2F HTTP/1.1" 200 976272
181.62.149.79 - - [15/May/2022:16:39:15 -0500] "GET /BLA/resoluciones/RESOLUCIONES%202008/5118.pdf HTTP/1.1" 200 489031
172.22.2.4 - - [15/May/2022:16:38:27 -0500] "HEAD /BLA/boletinlegal/ HTTP/1.1" 200 -
207.46.13.134 - - [15/May/2022:16:40:31 -0500] "GET /bla/resoluciones/notificaciones/autos%202016/00664.doc HTTP/1.1" 200 198814
172.22.2.4 - - [15/May/2022:16:40:51 -0500] "GET /BLA/boletinlegal/Circulares/2022/CIRCULAR%20No.%2000003%20DEL%2007%20DE%20MARZO%20DEL%202022.pdf HTTP/1.1" 404 1038
172.22.2.4 - - [15/May/2022:16:40:55 -0500] "GET /BLA/boletinlegal/Circulares/2019/.pdf HTTP/1.1" 404 1218
172.22.2.4 - - [15/May/2022:16:39:17 -0500] "GET /BLA/boletinlegal/ HTTP/1.1" 200 56669
172.22.2.4 - - [15/May/2022:16:41:06 -0500] "GET /BLA/boletinlegal/Circulares/2012/Circular%20No.%2010%20del%2026%20de%20Enero%20de%202012.pdf HTTP/1.1" 404 1218
216.245.221.92 - - [15/May/2022:16:42:36 -0500] "HEAD / HTTP/1.1" 200 -
201.245.192.253 - - [15/May/2022:16:42:41 -0500] "POST /kwsrmcab/Wsrmcab HTTP/1.1" 200 47085
172.22.2.4 - - [15/May/2022:16:42:38 -0500] "GET /BLA/boletinlegal/ HTTP/1.1" 200 63342
201.245.192.253 - - [15/May/2022:16:43:32 -0500] "POST /kwsrmcab/Wsrmcab HTTP/1.1" 200 44233
207.46.13.11 - - [15/May/2022:16:44:45 -0500] "GET /bla/resoluciones/resoluciones%201998/0062.pdf HTTP/1.1" 200 71124
186.28.40.162 - - [15/May/2022:16:45:33 -0500] "GET /si-te-gusta-la-pintura-el-dibujo-o-la-fotografia-el-concurso-a-vuelo-de-pajaro-es-para-ti.html?fbclid=IwAR17xyHhmV02sF6G3VDoq4KbNPcUbMcOOX1M1KkisGU51pc1XQTECK77ags HTTP/1.1" 200 861
172.22.2.4 - - [15/May/2022:16:44:17 -0500] "HEAD /BLA/boletinlegal/ HTTP/1.1" 200 -
111.225.148.190 - - [15/May/2022:16:46:08 -0500] "-" 408 -
172.22.2.4 - - [15/May/2022:16:45:07 -0500] "GET /BLA/boletinlegal/ HTTP/1.1" 200 55877
66.249.88.202 - - [15/May/2022:16:47:28 -0500] "GET /se-abre-convocatoria-a-organizaciones-ambientales-para-generar-1-070-empleos-verdes-dirigidos-a-mujeres.html HTTP/1.1" 200 1128
216.245.221.92 - - [15/May/2022:16:47:36 -0500] "HEAD / HTTP/1.1" 200 -
66.102.8.56 - - [15/May/2022:16:47:36 -0500] "GET /se-abre-convocatoria-a-organizaciones-ambientales-para-generar-1-070-empleos-verdes-dirigidos-a-mujeres.html HTTP/1.1" 200 1128
66.102.8.56 - - [15/May/2022:16:47:36 -0500] "GET /se-abre-convocatoria-a-organizaciones-ambientales-para-generar-1-070-empleos-verdes-dirigidos-a-mujeres.html HTTP/1.1" 200 1128
66.102.8.54 - - [15/May/2022:16:47:37 -0500] "GET /se-abre-convocatoria-a-organizaciones-ambientales-para-generar-1-070-empleos-verdes-dirigidos-a-mujeres.html HTTP/1.1" 200 1128
34.90.189.164 - - [15/May/2022:16:47:48 -0500] "GET / HTTP/1.1" 200 319
181.138.54.219 - - [15/May/2022:16:48:15 -0500] "GET /galeria/galeria/jquery.fancybox.css?v=2.1.5 HTTP/1.1" 200 4895
181.138.54.219 - - [15/May/2022:16:48:15 -0500] "GET /BLA/boletinlegal/js/jquery.scrollShow.js HTTP/1.1" 200 4586
