!C99Shell v. 1.0 pre-release build #13!

Software: Apache. PHP/5.5.15 

uname -a: Windows NT SVR-DMZ 6.1 build 7600 (Windows Server 2008 R2 Enterprise Edition) i586 

SYSTEM 

Safe-mode: OFF (not secure)

E:\nuevo\apache\logs\   drwxrwxrwx
Free 7.33 GB of 239.26 GB (3.07%)
Detected drives: [ a ] [ c ] [ d ] [ e ] [ f ]
Home    Back    Forward    UPDIR    Refresh    Search    Buffer    Encoder    Tools    Proc.    FTP brute    Sec.    SQL    PHP-code    Update    Feedback    Self remove    Logout    


Viewing file:     access.2022.05.24.log (2.31 MB)      -rw-rw-rw-
Select action/file-type:
(+) | (+) | (+) | Code (+) | Session (+) | (+) | SDB (+) | (+) | (+) | (+) | (+) | (+) |
13.66.158.22 - - [24/May/2022:00:00:16 -0500] "GET /BLA/resoluciones/RESOLUCIONES%202019/1070.pdf HTTP/1.1" 200 2897964
172.22.2.4 - - [23/May/2022:23:58:55 -0500] "GET /BLA/boletinlegal/ HTTP/1.1" 200 60973
216.245.221.92 - - [24/May/2022:00:02:01 -0500] "HEAD / HTTP/1.1" 200 -
66.249.65.15 - - [24/May/2022:00:02:37 -0500] "-" 408 -
186.28.83.161 - - [24/May/2022:00:04:27 -0500] "GET /BLA/resoluciones/index.php?dir=AUTOS+2011%2F HTTP/1.1" 200 629573
186.28.83.161 - - [24/May/2022:00:04:35 -0500] "GET /favicon.ico HTTP/1.1" 200 7782
186.28.83.161 - - [24/May/2022:00:05:10 -0500] "GET /BLA/resoluciones/index.php?dir=AUTOS+2017%2F HTTP/1.1" 200 456575
172.22.2.4 - - [24/May/2022:00:03:55 -0500] "HEAD /BLA/boletinlegal/ HTTP/1.1" 200 -
186.28.83.161 - - [24/May/2022:00:05:42 -0500] "GET /BLA/resoluciones/index.php?dir=AUTOS+2013%2F HTTP/1.1" 200 405635
157.55.39.43 - - [24/May/2022:00:06:17 -0500] "GET /bla/resoluciones/resoluciones%202022/0281.pdf HTTP/1.1" 200 2825785
172.22.2.4 - - [24/May/2022:00:04:45 -0500] "GET /BLA/boletinlegal/ HTTP/1.1" 200 56776
186.28.83.161 - - [24/May/2022:00:06:38 -0500] "GET /BLA/resoluciones/index.php?dir=AUTOS+2017%2F HTTP/1.1" 200 12235
186.28.83.161 - - [24/May/2022:00:06:38 -0500] "GET /BLA/resoluciones/index.php?dir=AUTOS+2017%2F HTTP/1.1" 200 456575
157.55.39.127 - - [24/May/2022:00:06:42 -0500] "GET /BLA/resoluciones/AUTOS%202018/4447.pdf HTTP/1.1" 304 -
186.28.83.161 - - [24/May/2022:00:06:55 -0500] "GET /BLA/resoluciones/index.php?dir=AUTOS+2011%2F HTTP/1.1" 200 629573
216.245.221.92 - - [24/May/2022:00:07:01 -0500] "HEAD / HTTP/1.1" 200 -
186.28.83.161 - - [24/May/2022:00:08:16 -0500] "GET /BLA/resoluciones/index.php?dir=AUTOS+2014%2F HTTP/1.1" 200 874715
172.22.2.4 - - [24/May/2022:00:09:45 -0500] "HEAD /BLA/boletinlegal/ HTTP/1.1" 200 -
216.245.221.92 - - [24/May/2022:00:12:01 -0500] "HEAD / HTTP/1.1" 200 -
172.22.2.4 - - [24/May/2022:00:10:35 -0500] "GET /BLA/boletinlegal/ HTTP/1.1" 200 58482
152.61.192.232 - - [24/May/2022:00:12:17 -0500] "GET / HTTP/1.1" 200 319
207.46.13.179 - - [24/May/2022:00:12:48 -0500] "GET /BLA/resoluciones/AUTOS%202021/0499.pdf HTTP/1.1" 200 715582
139.162.215.70 - - [24/May/2022:00:14:43 -0500] "GET /portaldeninos/ HTTP/1.1" 200 109662
66.249.65.13 - - [24/May/2022:00:15:26 -0500] "-" 408 -
152.61.128.50 - - [24/May/2022:00:15:37 -0500] "GET / HTTP/1.1" 200 319
193.106.191.48 - - [24/May/2022:00:16:06 -0500] "GET /_ignition/execute-solution HTTP/1.1" 404 1018
216.245.221.92 - - [24/May/2022:00:17:01 -0500] "HEAD / HTTP/1.1" 200 -
172.22.2.4 - - [24/May/2022:00:15:35 -0500] "HEAD /BLA/boletinlegal/ HTTP/1.1" 200 -
172.22.2.4 - - [24/May/2022:00:16:25 -0500] "GET /BLA/boletinlegal/ HTTP/1.1" 200 58482
207.46.13.16 - - [24/May/2022:00:20:41 -0500] "GET /bla/resoluciones/resoluciones%202022/0162.pdf HTTP/1.1" 200 367115
216.245.221.92 - - [24/May/2022:00:22:01 -0500] "HEAD / HTTP/1.1" 200 -
201.245.192.253 - - [24/May/2022:00:22:01 -0500] "POST /kwsrmcab/Wsrmcab HTTP/1.1" 200 46765
172.22.2.4 - - [24/May/2022:00:21:25 -0500] "HEAD /BLA/boletinlegal/ HTTP/1.1" 200 -
201.245.192.253 - - [24/May/2022:00:22:47 -0500] "POST /kwsrmcab/Wsrmcab HTTP/1.1" 200 47092
172.22.2.4 - - [24/May/2022:00:22:15 -0500] "GET /BLA/boletinlegal/ HTTP/1.1" 200 53024
186.29.170.244 - - [24/May/2022:00:26:33 -0500] "OPTIONS /kwssiamovil/sm/setfile/f? HTTP/1.1" 200 13
186.29.170.244 - - [24/May/2022:00:26:33 -0500] "POST /kwssiamovil/sm/setfile/f? HTTP/1.1" 200 381
186.29.170.244 - - [24/May/2022:00:26:35 -0500] "OPTIONS /kwssiamovil/sm/setfile/f? HTTP/1.1" 200 13
186.29.170.244 - - [24/May/2022:00:26:35 -0500] "POST /kwssiamovil/sm/setfile/f? HTTP/1.1" 200 381
186.29.170.244 - - [24/May/2022:00:27:00 -0500] "GET /kwssiamovil/sm/acme/a?s=U2FsdGVkX1+n+Wxp42iy23UBvhS9qs8MK2SqHHi/pcB1CX/w+wdmHaGQbXTCXxrb13Q8cogfY1bEvM8gEFox6jTHoxQBRvPuiCExUN+XtSLHy5R9nYWdakhnxuqxWTZVNOOgFv+CQA0wN9kGxuSsHBiyZVaIv2+7EMF4XQcSBDLdMSHw059tPYoRBAlJ1DkT95kzyE2Jk978sHCDIMkK1ylvQpdSs0GbEyQWf0vwUgFY8f/Fx1tkz5cwW9RdzDczc8MNG6BTp5o3EkHNuYs0Ww==&u=U2FsdGVkX1/Ent59wu9NMNK5aw2ICSUyk23PbSSMd8L6KSr41xVoB11n+woVdjRY&y=U2FsdGVkX1+wEoMb5PPcdmBi0Ct3c7zC+YFMhNLyT4ELWVZHaWotjPMSnvWjS+6W HTTP/1.1" 200 25
186.29.170.244 - - [24/May/2022:00:27:00 -0500] "GET /kwssiamovil/sm/acme/a?s=U2FsdGVkX19NlQzl115oHn8TxJDGqj50nl40uafUZSQEdZK3euaA4M2kuec4rWtbsZuCEUMEUXkVFqMV3RE/dgLEDXtx7fcGqZAj66e333N/3nSFb9BuLrxjxyf1iGhdoZ+Vpc//rCEeuaW5h+bxC/0JHjDD7uwlCKLa0pghp7GBgQLbsTZOz7itspUT/ytN/tKKR9SHCvvNahjIEO3SG7jUXHbQZA/lnr1/io/F6SqfCFu5eWL3IqZuaLd9U4qCUdSOchl3s00Yr2ge/DkQFjYI1n8AGVxuBm8juBaL6+cazsPOqT/frVNRsoLdr2OoNTc/5E/xyjCMPwf6rHoSMygWR2nkSc4UXe8d1du4SmzSC/DHNU9Utpz0p1D1DZGM3yUNJ+wE+lwZ43wHm8YwfRo/stluyBon9mANkBH2Kqn4NTlN1xMJZ3FdDHp5A/5C/VcejhmZ2PZVLgP4tq2ta+qvSmSME6k1b1llDJPASEafaRASEU2lnNvmZmL1ifwmTkzJ+pd/2KDq/D9zo+wLKugRQyxINQ2XUNCbpAwEoaxmkEwa+ZJmmkRpNTKjeQM+mdQEyaxFYhqJKL1ISrH+ccroHs98RAdFqLA+yrOQXm1/XFwy5M4G/O5HV3BdYCzDyDQY9rxHC6zD0EZ0IajBEaMpcvo74eKmO7yf0J9R1564gEc5vNKh9pM08jvQuvmEES3IJ+we4eVd98s94nLfq1a5LDD2xTBVGc7wWq3HTkgaWG+TVHJbO9p/BecI8QVrtVZQ2wJ2X15hPNeELWSfgBAAy6+qeYCEPnQoAaX1NiCP2k7iHKWHmags2EUjWZopFUrSCezlg/9DYa50NVsw16MTVRKZeFt5Ekyex0DGR3D/RVKaRpIIVWASr7HEW9gheeIoRYdClEOvbLqlIrI6oMiiUH1aZC+kuygvK/01VsqHchPSUGBbGMIOmditXROyQQfLrChcMreTexw4IDM9fNaSnlb0oPEDp2619TdN8s2IQAZupRmW0DlCY65M/MaRytuIDavYgoUQLG9mJDvQpPsH2kd0o0BPwvcMoHanKbCVhFevJNLVDhUMgSlXhb8VX3f5Rlhp9qD+t6n8n53ktsLPGtNLBvra3rq+GH9d/vfAPMfCz89OyqaCeWEGvuKmlcd1tm7pQvMtAFbKi2SG/kIJK6ZDHPdo/e+yxbTvEQxaaZq4da5gwI8AZGMbtTxp+bfvpOCdbKgq4CmY1nyhjPCyZGGG8wVWcozJcaYRyL6rpWzUnLEB9GC+pQMQVi6XDO+uGZ30+wz2rpcx+jcROjLc98ObRi6BhBOyHJRZz+l/JNMOe+i52ZnxOdPiApt57VznXPipjkXFkH4KQYaFzNalF2GVAVg/Atb842HxBmaiC+hS9jvXsTZ8eFFDRKTopPeWrLhDImB0mRmD0v0cVVgTp/72J960t86GD7bB+wUGBf/zHkK4sEyeKvl25CpLtIMVKEkwbabgLgXIA3p4PVmP8pO3eNOdtV08WXUxEyE/JOpdAeyxZwXEpa79oOuk+lhDgaV+9zxyUGJaWRqlNrC5qQHOaW4Xgh93RBE4KMrwkxNMI23aMYk6KJyXSUt9bNdb1gXMWdKMuj/cIbAJNOJkWPVcvl4vj4G3FcN+It+95dki81X7f4XdCoiv59iZrk61KvCqYQwPVEiqiPgHPIPT6n98gIM4kFTVoRz1tLq0MBlmzd/tMEtAlZCANU7IuLoq41wf19iUt9G6fuzMx4h6qMtFM1Vkfc5Tr+B/9DTS6fKeLCqeWu+RkQ7QF+cwJzJgMWFKuwgs9MlA6nUHuU4ECW+xoj0pENvA+bVRH3KCFob88our36Rx+I7NJzA+W27LiC4BuA1sbrP9hKJcOaA7DaLRUymEtE8sIkr5VOIB9H0sbx/qzKDiyg2s4DI/UV2IWQpxhPniDEQGjM8by7eh9uXE39C4doj7VbGoz/A0HZurfJl+IgoxPMyPwDmOjS47thKIrfrHNgONerTjOfErJ/ucDi7RiJAk/DrOF+P7lGSUbHvn5esNT1X6ljdzEj6DOHsON8G/s9RsGA7fPcwc6ssh2WkpipbfR1nM/HPs86GSc6QOTiMnYrgir68rSapG7FKIFeoUGuODGcnW8PVRZrDqU6AwKw02M4HUEUHARj7znuZaBWLWwTEwR91wLjpNMfYmiwN71eZvXholBFGYQ8B+91AmozwIu0t47MJrkiKIPoUy3Coz1RJWFTnWyBTVBJl3pMVf4GkpQFo4h/zj1LPNVP3y7Y1y73mXUQQth1nKBRsvcrDXjP+d+ZT19rESvEM4KkAb2ew4JK+zzpbXBwGa/IefeJIvq+Mo2nKEYtX6O+Kd/RjyHQYMcvkX6LE10YgML+TXtaAT7GGqC+ycYyzAI4zqDCIYx7ti7U83HwMCGpKfVK8m5gu7V2jqzGAhjTDh6BizofNjXR878afzruDJhJ5jQyIgSp/FhAmJIB+fvGjLVl9r61dgKY8hPlYdtqmVvIQ3pL9iu/0oNzxho2o144I48CaEUparcBDw0zr2LWi4Ji+7bCN9Qyn1lciRvLTbJ/68SqD5g6G8yia34v4UvFc+ymFzx4pmJlqc9EPEJzgIqq6anlUl8agoVBRMrow5lgoL5OfxE7KwSuMX4QeRCTa31/z+i8WVqRWqcBfMFwr12P3bIvideJ4aV8uBEfU+WOFlnQOYk/MbZqhtf35Z8R4jFB1MuptLoJIvRCpMFK907wIUnFDe/Qd7xCLzAhDuPtquLw9inbpE4FRjVYISrvAabBVY50ltszSBoX92LIT43WKkGpFOkP5ZOin/gh8gRqF808gbXONaFK477UsIP9jMZ93JTLmQnvFBRxB52QMIoEDUrTezDZmi49ToMPUkzlMug4B/2zlN4f/5/2qAlU9BxcVl4qe1Q/zHAp/xYpX3N0SEJxNBsM7wl66dCF5cjRK57unbF4mrApGUvq1CWOJA0vb3IrCwvGRaMgzrOgoIDnh1WB1eMJ6KOQCQ7zc2C/OxzNfPKpe6RpASMoZiEU0BGqmAFLWivalgBMm5kE9FISQIh9QeL3PsZMRc4C3QLCCOX8kJg1KodsBHpofPFoFddn3L5yHegit+YQRSrM8eiGXuTAGbdMmXi2Maj2oHWToo0CvzHMLb56HN54GAM1+f+xKkhOIJYrcPdEX93GUxmuzzhRN6L1kQ7+EyRZPDS1pUpTXnCKnnlOwQTlhjX9IrYgmtebTPwsezgu/dMzWhN+Ktv4wupzDxlccZguHZPeRHz2F3kHZzm6UOZcvEFTB3nzsZQSHt78af9n4MTcAGg2AE+oZfzKb3CACc+L6Rcs7wXGxqTd3e4ROoZrvx6ExfLCuQYPP//0e9Bl0rZ+oYGmvsROHyB7ICANEmOo3tIbLDyL4iHM4aEiuztxz0374EJGTJGR9VW1DPL+04eNssEdfr9tdBy86XQkZUl/bDxRckYCgA6iUXvJ0F8AEnEyWAr2ba+Nw5kKa8XqJjY1P9cCZi6xWJLRg2UQ48C0Kn0frVqmCA6+nOlz8CMYDORusf0Xwm6C1oEC2jEXMWWB8byJ8WR1fvM0afTSEMIww22nxViB2CGv+mGtr98u+fOswjNS1r9z+TM5rhdgoEp6MO2fli7ASGyeEGUK7lB5oqZQ37uw3hNwNkbKZQgII0DNqiKktkE8ljiR7ze0vf+b7YSg/qYtTKlYhrhRxvC2WgpwS5k56fXJ+86erJV/uCOXYlRk3C0PgeZ1S9t2hhYuPc36H9/jH0rCRP1M6kRotWEjfxEq0qqqN7NUcF+Lw10jNav8LTb58T23HYxskgF0jZVbHHPs95smXJLeM9CrDFewAYekC0cM/TdALgqFHrVKyhj5OXZF2RbODmS6wSPDew5K3aI0xXsiyxUgW6+JH1Uh68kcc/rPj6gbqHN/azjn6iOk5SI0MhzYHnKOS4serUydN3xvb0VGS+dHga6pBRCVAHFg+RRn+/v8k5tF+oFKvSHM0F5OXgghOjaoQAIZikP75uJp+PwhnzVYj6UNUMyn6i5jaay6LfNyaG89N3mQevMejmspFv19ULULYioMKbmhUfL25I8+++JvQePdxIfo8IOrf+OJofEWH46Hx3wcss8i+wzCyYHQToPUPcpjW/H1FfSRU3mEmpArlq/ubdGa8ysABinE49OZW4dkUFDZQlGadSYc0qNPclSodKKKgikYxCubJwR+izxIHM+Ngmau0B35KpJ7oXlpa1ARH9JX2KdvU+g67yv7zmBqD9gdYXViVrIF993sdHY7YjGhIIYQjo4IuiJq5Pcr2c7/AGjrk0sbLrAbKCS4W+yAmppBouNISEgE3AC28jA08TZSn6cUEepTrZZQf/26kdwjyobgb5xGGsbsxx0onjvYVCRL9rTWaCWzht15HgRUxFQfkYPFR/Is2Q7ERONXmjam9sLlz5iCKVmzi8hzLk3YLrrENMzr4A+n3oAVB+YjTCC2ZZ4l54Tf+EM7z7jSEcDNvYoVyaLcir7kEqXeJ3YJPXjQr2qPqIDPerK6RYXE1W02u6+k1MsFl93PDvWbnnDeApPPvQuq8g8RN79WiuTdeDFMoV/xXgCqSyex9R0+iFQMhzP5rqloIcBstEg3r/xyvyYHQ7m5+hLeBaZsfELkpzVtIA936Kh4gfpStO2XSA11UDtCi/7eAXUDFyjsYOmSnFYeUON16Ln2j6J9t1afcUFX708ZjiuExCmjle/hMws3O8yrcUoWU2RmMPr/+J35fbC3heLJKHKxmZvhA0XlcBUI8XYGNMoU9VZI+PLq/Hji0pwfjvcbApLbD52kCCnLHzh2Riunkv1y8r+By5M/r0rwN99Q7iFZc1Z2TvfqW9zkX0tl2k3d/A/nYjTbpXhH487YbwttWQ//oIne+sLg1KY50k3tBnDo7wrrwhjzUtTWuXpfR+2EUZa1zWCIm8t/+fkXY72M343XYPOUlEmUck0xwlER6O7gWoOuASxmw9J9JAQyaWCeAUv0OsBqKIF0F1wJlzfJXCeh9eYbwfYILn9Etpkf/4LsL5Fg+cxZ8LnbAwPYiliUVOWBpa3ZlxGeAwy95fk0ffWUM4kxRDyHLV+NK2FsoGRkm8TARabSZ5pDxSRCn9m61ncA0oXrpMwG80e4bun+vcVfeAX1+U5hzlT/vbW8yaxnioas/mKZ8ybijmTlDu7CLCEg0z2beugP2V8L/0EBpF4ElsXHpQYR3EDlUmol3Hltriu/L5LVOx+GRyTALv82V0RpETHhypuq06kNqo43xTyVL2wOb+Dq0rULCpimnyF4DtShpqxnaRTIBLLOU7KDSUMS6DJ/v2ZZau+xXKAsJ+IB2Eg4sibGoDgHerZxtK79w7a9h0bw2Msch2Ta0MPJYXYgPd/AgDYRWCBIBT5rUM2SWukiEpz8RYzYvUYeOJoOQmsOnjJvvIknUXOG2eWOEs9t/3wKOg66wnYhWsTIIalrm4G6EBewzgyLDh8xj8Qf2J5Q4DPaLhWiqAgkf9WxOAj9/N7qh4FgGsSfYNfW+4JX32ZEXTG3aqToZTELmijx9ZUcAHoF0upoX7Y0rVGHddVnR8vCZM/JO7TJjvxXQ2klzHiYpTxeVWRDUj/7Q4kj116dKxcz9u2qezgJZoSGobMJ6YyppJUtr3PPssU/Hvqh9pbx8bZliUTXg6TM1MtM67NOiMBEhh83U45HDKmIFrrkCU3sjPLcCsoOp4p3a6+PJ4PZEyIdsy4f5TfPCehg6zJsH4Tpfoqlij1J3HwukXo0GNHAl90nbNcPuQ+tdAvsRDEXcgerpUH+9jYY28hnLjpdk16YCScVHAIjtqyglo+D7zAlaNZYl6PWDvUhi6r8hMmkSFsZoISva1WElcjYydD73W8ZrrprRwuhOqcvguiyil87hSxxiHqLYYbS32AW63akwU9TkW4CcMn5Uwb9Rd/UeDM8wmH3GYDfi6rr6VbJhw/gzyDx5Lyw3+uTZ3J/bq4sIOiual/Y9A+H3ctNP2gQmBB/CFEJPcJmyjXAAFaS2bgmoC9L9XEB3OOMg/FHGyCuW2USAzObHtP3lfNcfD9c9IW0gnq5ztE7JxEt4dtg91E8z8vGUKY0Nbyzjw4fn1q0wCarSXrDc5CACenE2YuBFFGLs47yNOI1xuUV2WLSL0lI/p9hBfF8Tib9IccwoPPXAs6bGOx5qDACaCKU/VZMEEl9LyP/FHXJCqnqnEIThd6b8aNQBAK4NWKGKtDIBZudFj3cu+iHfKpZsbn5QNOw0KB4Paq8N8pO4+ZwlDWki1orYlWorR0xxHtIYeuq7zpzcNG4EbJwsuCPjrDP2k8ZwCYX8JwG0id+tnAhdB2dG7Cxyt/hsPoYiolipO9aVQK6xn9E51YSpN6ri5dGQIZ5CYrDoSjrj340xlSOZY53LJPVW9r+o6wTu/FLUgc9+EZhZz9Qtrnm2F0iW5FiWhLsPRxga106HgGK5JgC8P61/D9ddFepb/teE9XlOvYfVw3nzSDFvF1e1csisYgUKTSvG2oca41Wkidyi7pwPqVJOno55pu3EDB0Cg+WSv2yJEIo0XiWb0nMUfJXo4uSxz4te4Jn0vFAdBZ0TwX2AED13VANmzobJ0KB1H20KmNMnG9Zhc0vS7qDfs2+nlOOIdCj0hGvBp4zqqBF//+zSwNVwssxNILI62gPFmxjB+GiYmpB3vkeM2XbIpmqnJsQtMRPow8DmRtxDYTZk56UpUX4xByuzNBiln3mZn15pMOAzdlYWrQhS/jr0shZaQHKwB+o98TUbdYG1gV91VQB4GAQ2m4SXFBDix11avjlfSQ8raCid2pQl67q6eSQpNYoTvLSVxPfiNh1LyD4WGB1xue2EqCKcz8uMpnUAKMyw/LNibNFpNuV6upUeZgZz5bAi/p+lMmJ8yNi2yvDXNSMSvvtoDZV/JuUH+RlQYoh3Hfr9iTpu/E0ydRbF+IsBztEUd5gaLmiuNcMRl14AaUI4nFOq1GfMbWocFmd71racBNQIGS9wnUzr0+2DavwoLl2oAoARxdCTYkhTw6CQrFVatXudKI1fLMXwvCffqYx70gGzhWkJk3abkC+0d2wm4H2QWhC4uU+lnsDHzRXPIvuCFdtCNC3Zcdq+Md8YT+eY5nAJGUwd8xpjyGJ6xaqPD6l+wjItuO6mVcPW7gzE+GPSYFNFVl9WEB8avUVSRvKvUe6poGKo5J5LHgWHznkkkh+mvSUdX5RdvGkZ6b7LXeqWNm7EL8lxGticCJkr6YtJG9Cuwgp+mAkmERQv3MsW0J5le4IUy3dPdhO5NIETiEEG/8XiQsqEMMqVolZJymter73xKuUEkdTe2NVpikHw1CafghdgxsE4lKljvRsCKYcjLCtCFuTujjNbI5AnQQSnXYx/yknpn4aJdOyMTqVjmwiYjEf7x4giJbA6DAo++8Wg8k18cxXGoSFf5KpSsgc8ZHM8jYlMVSRIun0tMEKgJzmpoeKNvFbitekVlWS6k2Gmnvx/xJnjYbEZ6Er+5fwKfM8pbjxvAmI4khLqCNEI3Vp4uMv0oA7UmPT4xch23KY4XQdy8/C/2SpIirFMxNfBS23sFFZjbv+cYyreXYvcGVotswT9Lu5bpqXI5poF/NAvh7mH0IjcJXgeYkiYuBuu3s3P5+ebfNJJuV3EJV4a863bdIUdQxsB0Ik7Qy9395VLxXikg51awTKDIaCNxuwakVA2H7b/j9zymqBy046OtvomYL2SdViB5bZEjzGXlfqd6WW5mLng0y4yGGzy5lSzM592r66TNqi2J4N1DPaePue5QkdCLLzC6HMl2rQDstuvPLox1vSzFA+Nc1D94awUBIy9QhqESDUlRyga0ssSl5UrbNPTZfGvGQBsZyurymb/B3nLlyU5j6SSpFIM5BfFdrwNfMgUQraFWaXskB+MbKT1fcG4+LLUZ4Ix617XmB8EAWt4WzNozoKkXox919j" 414 248
186.29.170.244 - - [24/May/2022:00:27:01 -0500] "GET /kwssiamovil/sm/acme/a?s=U2FsdGVkX1/9r+MfAI/TPT27O6VBe6pCfLV5Z4F2qDfAvYb90XdHdSjmugzPX2LycZagL5CQ2J99owG+jDQ0hnym8FgcJxCgUd+c58a26W/1Q066v3zd3eor58dRHgMkVuzjzVtKrUrSsKbL3sk3rFA0kHEj6jSvHa4NzyYq+ag=&u=U2FsdGVkX1/Ent59wu9NMNK5aw2ICSUyk23PbSSMd8L6KSr41xVoB11n+woVdjRY&y=U2FsdGVkX1+wEoMb5PPcdmBi0Ct3c7zC+YFMhNLyT4ELWVZHaWotjPMSnvWjS+6W HTTP/1.1" 200 25
186.29.170.244 - - [24/May/2022:00:27:01 -0500] "GET /kwssiamovil/sm/acme/a?s=U2FsdGVkX189owwU3UtggtHihFGdoplIckIa85D0m1K9mu3ERMwOZ4qK0JOSuScn9F4ou0DrAFvqTk6B+/6GYvZTP26EHgh1gJaCTZXc8/qsjPfuAWNjDxwHDTy9AWvHEkkq5ksvTuLWLCIXaHb8RKgcR+W+PMtTlr5L/y6TWlE=&u=U2FsdGVkX1/Ent59wu9NMNK5aw2ICSUyk23PbSSMd8L6KSr41xVoB11n+woVdjRY&y=U2FsdGVkX1+wEoMb5PPcdmBi0Ct3c7zC+YFMhNLyT4ELWVZHaWotjPMSnvWjS+6W HTTP/1.1" 200 362
216.245.221.92 - - [24/May/2022:00:27:01 -0500] "HEAD / HTTP/1.1" 200 -
186.29.170.244 - - [24/May/2022:00:27:01 -0500] "GET /kwssiamovil/sm/acme/a?s=U2FsdGVkX1+KXp2Azb59ohe5+MAbNboH4Y1CPYmPRdEpnJyI+cEFfkwTamUAnIY1liYe/ZeyvWACPeHAaKAnO+GhzFsSjUZYTFKZ9oFEPvxdxBdb557c2T+uN84qaHkiwkZbZygziEQyGDRQ+c9QTZ4Tayhht8rzv2f3pNHOYtM=&u=U2FsdGVkX1/Ent59wu9NMNK5aw2ICSUyk23PbSSMd8L6KSr41xVoB11n+woVdjRY&y=U2FsdGVkX1+wEoMb5PPcdmBi0Ct3c7zC+YFMhNLyT4ELWVZHaWotjPMSnvWjS+6W HTTP/1.1" 200 362
186.29.170.244 - - [24/May/2022:00:27:01 -0500] "GET /kwssiamovil/sm/acme/a?s=U2FsdGVkX1/w5gqQCBTdX7F3yyovJA3cmzui0xafHOug3mTTzwAyX+KugjVezgvTj8Kjezr9l+gR/vjsjMtODSwiYc2htQVJKxg1x1/qwc7+nLtmfga9L3V5AVu06tL97jBYkqgMv2etIsQFRzrvouwpWgl6H76YpibWbM/LSzoFvCpCmrJgBQR9eXhwlB7NQ7CgH4HdnGc5nSHR2uyS3A==&u=U2FsdGVkX1/Ent59wu9NMNK5aw2ICSUyk23PbSSMd8L6KSr41xVoB11n+woVdjRY&y=U2FsdGVkX1+wEoMb5PPcdmBi0Ct3c7zC+YFMhNLyT4ELWVZHaWotjPMSnvWjS+6W HTTP/1.1" 200 439
186.29.170.244 - - [24/May/2022:00:27:01 -0500] "GET /kwssiamovil/sm/acme/a?s=U2FsdGVkX1+1QTi2WXrtAeM5VqbDO8rOs3zYY6VVu9Ax/3PcqNa2mPpZKaRsoYYl/0nkIxRh7UY9DFx4ZOujz6wS5tvK5LBw+9djywZ0QfWDQwKjjRmUvyJaV51Y3XDVSKFZtcrOgKRl5F46dQw4Z+ecT7W32j9Kb9Zd9C7xHiLbgCvJu4z6tyN4jFoV14cAXqldYi5TtJie/lscgbRpwg==&u=U2FsdGVkX1/Ent59wu9NMNK5aw2ICSUyk23PbSSMd8L6KSr41xVoB11n+woVdjRY&y=U2FsdGVkX1+wEoMb5PPcdmBi0Ct3c7zC+YFMhNLyT4ELWVZHaWotjPMSnvWjS+6W HTTP/1.1" 200 452
186.29.170.244 - - [24/May/2022:00:27:01 -0500] "GET /kwssiamovil/sm/acme/a?s=U2FsdGVkX1+PeX7JeNVk2EqJ06ncJ3hS5pUaiR8+EAiKnKvZc851vYPBm7MwgdiKZs+rOfYi8frRkBRA4viz+fhVWQdkIZSjHm03UJtw9FaMqZQZ+b+hvwQo8ukIK1DE6jFke6dEcb7UAjA+v0pfvm4U5Jsly8icuaicnvptdsszDkjqc/a2WD7xatPkz2G76F3f3Tw2wGuqWi8XQZeuHXrWuypugcGQFkuabHXpsFX9rObo4EDk2L3ix252jA7TgMd/GabIoF/uN9pDmVTznBwcD0grc1PsZELLLwRoLlRFU5Q5N/HKbH6IGzdrzrInXq0HlKgwhpTI8Kx3SydhgEa2d7j2SDsS8z5pgllTofGbMSI60hMNSVSL7PF+LCKIPPOWI1HOYKs77ybySmv2wREBjjToJfbnvPDOKs3+/OV+01FaNZhOr5iqrj+8/SJ9ujxTP9bumBX5ZE9s5WYhdJFJZpZcbDhoZ46ZPYUmdTY=&u=U2FsdGVkX1/Ent59wu9NMNK5aw2ICSUyk23PbSSMd8L6KSr41xVoB11n+woVdjRY&y=U2FsdGVkX1+wEoMb5PPcdmBi0Ct3c7zC+YFMhNLyT4ELWVZHaWotjPMSnvWjS+6W HTTP/1.1" 200 993
186.29.170.244 - - [24/May/2022:00:27:01 -0500] "GET /kwssiamovil/sm/acme/a?s=U2FsdGVkX1/2jGObGtjMGwt8fikn6g6HbaQb63RBBAjQPkebbwvCsJPXNkVrHPACSZM6mrpIWocfK9kOy79OmTcS4tf3A4eN9Sp/w8vgAfr+hd/DTiTyFfHMxMYFwiJtJnhncZ9g4NsOnenUkcuEr/+3aU7YrEm0lPWsxTKy7cRl05ATgAa2il+ZdmiGS0hW&u=U2FsdGVkX1/Ent59wu9NMNK5aw2ICSUyk23PbSSMd8L6KSr41xVoB11n+woVdjRY&y=U2FsdGVkX1+wEoMb5PPcdmBi0Ct3c7zC+YFMhNLyT4ELWVZHaWotjPMSnvWjS+6W HTTP/1.1" 200 25
186.29.170.244 - - [24/May/2022:00:27:02 -0500] "GET /kwssiamovil/sm/acme/a?s=U2FsdGVkX1/DfzMpOcbea97ECvz2WD/IIXtc5ANTpMAYY/BMWx4sEEItHo6kQqeh3+3nK+MXyPO2weU7H4BKU464oDtiWyWQlQcETZSev39siXq51xfRjIkgkifUS3wOoTQW5AlwBtjZsqS3ZprOSVvtHdvIU7oTVdsjSL/0PM74nUvYeIamKB5TVPRO6dygtrOMgJ94bqCswTYIqWtKmAjQlp15bQbnPAVa9ewkd1N0Yq9grIFawwxI0iKSqkis24hoJFxG7CeaNXmhKk49U+KSpf9olnlQbUaESApDDrPzSXuC28x84DXfG/RI/rBQBai7iFxeEgqo8i5aIvtknbz0FE1qtIBwRcItJeQ7lX0K/BcQzqIauSYOpXn0CNIE8WBvFTzPbhjUtN92ogSfyUacvll4m6/1K7ppSncKzhtBjacOw+l3NCidsajnGITj&u=U2FsdGVkX1/Ent59wu9NMNK5aw2ICSUyk23PbSSMd8L6KSr41xVoB11n+woVdjRY&y=U2FsdGVkX1+wEoMb5PPcdmBi0Ct3c7zC+YFMhNLyT4ELWVZHaWotjPMSnvWjS+6W HTTP/1.1" 200 25
157.55.39.43 - - [24/May/2022:00:28:09 -0500] "GET /BLA/boletinlegal/actas/463597.pdf HTTP/1.1" 200 250044
66.249.65.13 - - [24/May/2022:00:28:55 -0500] "-" 408 -
172.22.2.4 - - [24/May/2022:00:27:15 -0500] "HEAD /BLA/boletinlegal/ HTTP/1.1" 200 -
172.22.2.4 - - [24/May/2022:00:28:05 -0500] "GET /BLA/boletinlegal/ HTTP/1.1" 200 58482
216.245.221.92 - - [24/May/2022:00:32:01 -0500] "HEAD / HTTP/1.1" 200 -
201.245.192.253 - - [24/May/2022:00:32:02 -0500] "POST /kwsrmcab/Wsrmcab HTTP/1.1" 200 46765
201.245.192.253 - - [24/May/2022:00:32:46 -0500] "POST /kwsrmcab/Wsrmcab HTTP/1.1" 200 47092
172.22.2.4 - - [24/May/2022:00:33:05 -0500] "HEAD /BLA/boletinlegal/ HTTP/1.1" 200 -
172.22.2.4 - - [24/May/2022:00:33:55 -0500] "GET /BLA/boletinlegal/ HTTP/1.1" 200 58482
157.55.39.127 - - [24/May/2022:00:36:25 -0500] "GET /BLA/resoluciones/AUTOS%202019/4872.pdf HTTP/1.1" 304 -
216.245.221.92 - - [24/May/2022:00:37:01 -0500] "HEAD / HTTP/1.1" 200 -
157.55.39.127 - - [24/May/2022:00:40:06 -0500] "GET /BLA/resoluciones/index.php?dir=RESOLUCIONES+2006%2FRES+2006+1401-1450%2F HTTP/1.1" 200 12367
157.55.39.43 - - [24/May/2022:00:40:21 -0500] "GET /Publicaciones/2022EE28113.pdf HTTP/1.1" 404 227
172.22.2.4 - - [24/May/2022:00:38:55 -0500] "HEAD /BLA/boletinlegal/ HTTP/1.1" 200 -
172.22.2.4 - - [24/May/2022:00:39:45 -0500] "GET /BLA/boletinlegal/ HTTP/1.1" 200 60973
66.249.65.13 - - [24/May/2022:00:41:39 -0500] "-" 408 -
216.245.221.92 - - [24/May/2022:00:42:01 -0500] "HEAD / HTTP/1.1" 200 -
201.245.192.253 - - [24/May/2022:00:42:02 -0500] "POST /kwsrmcab/Wsrmcab HTTP/1.1" 200 46765
201.245.192.253 - - [24/May/2022:00:42:51 -0500] "POST /kwsrmcab/Wsrmcab HTTP/1.1" 200 47092
45.227.5.254 - - [24/May/2022:00:45:03 -0500] "GET /galeria/galeria/jquery.fancybox.js?v=2.1.5 HTTP/1.1" 200 48706
45.227.5.254 - - [24/May/2022:00:45:03 -0500] "GET /BLA/boletinlegal/js/jquery.scrollShow.js HTTP/1.1" 200 4586
45.227.5.254 - - [24/May/2022:00:45:03 -0500] "GET /galeria/galeria/jquery.fancybox.css?v=2.1.5 HTTP/1.1" 200 4895
157.55.39.8 - - [24/May/2022:00:45:25 -0500] "GET /BLA/resoluciones/AUTOS%202018/2611.pdf HTTP/1.1" 304 -
172.22.2.4 - - [24/May/2022:00:44:45 -0500] "HEAD /BLA/boletinlegal/ HTTP/1.1" 200 -
216.245.221.92 - - [24/May/2022:00:47:01 -0500] "HEAD / HTTP/1.1" 200 -
172.22.2.4 - - [24/May/2022:00:45:35 -0500] "GET /BLA/boletinlegal/ HTTP/1.1" 200 60973
157.55.39.127 - - [24/May/2022:00:49:57 -0500] "GET /BLA/ HTTP/1.1" 200 538
66.249.65.13 - - [24/May/2022:00:51:24 -0500] "-" 408 -
216.245.221.92 - - [24/May/2022:00:52:01 -0500] "HEAD / HTTP/1.1" 200 -
172.22.2.4 - - [24/May/2022:00:50:35 -0500] "HEAD /BLA/boletinlegal/ HTTP/1.1" 200 -
157.55.39.8 - - [24/May/2022:00:52:43 -0500] "GET /BLA/resoluciones/AUTOS%202022/0419.pdf HTTP/1.1" 200 458891
172.22.2.4 - - [24/May/2022:00:51:25 -0500] "GET /BLA/boletinlegal/ HTTP/1.1" 200 60973
128.14.136.18 - - [24/May/2022:00:56:47 -0500] "GET /portaldeninos/ HTTP/1.1" 200 109662
216.245.221.92 - - [24/May/2022:00:57:01 -0500] "HEAD / HTTP/1.1" 200 -
152.61.192.232 - - [24/May/2022:00:57:40 -0500] "GET /arcgis/services/Calidad_del_Agua_WQI/MapServer/WMSServer?request=GetCapabilities&service=WMS HTTP/1.1" 503 1020
152.61.192.232 - - [24/May/2022:00:57:41 -0500] "GET /arcgis/services/Calidad_del_Agua_WQI/MapServer/WMSServer?SERVICE=WMS&REQUEST=GetCapabilities HTTP/1.1" 503 1020
152.61.192.232 - - [24/May/2022:00:57:41 -0500] "GET /arcgis/services/Calidad_del_Agua_WQI/MapServer/WMSServer?WMTVER=1.0.0&REQUEST=capabilities HTTP/1.1" 503 1020
172.22.2.4 - - [24/May/2022:00:56:25 -0500] "HEAD /BLA/boletinlegal/ HTTP/1.1" 200 -
172.22.2.4 - - [24/May/2022:00:57:15 -0500] "GET /BLA/boletinlegal/ HTTP/1.1" 200 58482
34.91.0.0 - - [24/May/2022:00:59:56 -0500] "GET / HTTP/1.1" 200 319
193.106.191.48 - - [24/May/2022:01:01:24 -0500] "GET / HTTP/1.1" 200 319
216.245.221.92 - - [24/May/2022:01:02:01 -0500] "HEAD / HTTP/1.1" 200 -
207.46.13.179 - - [24/May/2022:01:02:23 -0500] "GET /Publicaciones/2022EE76695.pdf HTTP/1.1" 404 227
207.46.13.146 - - [24/May/2022:01:03:10 -0500] "GET /BLA/resoluciones/RESOLUCIONES%202021/2903.pdf HTTP/1.1" 304 -
172.22.2.4 - - [24/May/2022:01:02:15 -0500] "HEAD /BLA/boletinlegal/ HTTP/1.1" 200 -
172.22.2.4 - - [24/May/2022:01:03:05 -0500] "GET /BLA/boletinlegal/ HTTP/1.1" 200 60973
172.22.2.4 - - [24/May/2022:01:06:09 -0500] "GET /BLA/boletinlegal/normativa.php HTTP/1.1" 200 8292
172.22.2.4 - - [24/May/2022:01:06:23 -0500] "GET /BLA/boletinlegal/js/ajax_normativa.js HTTP/1.1" 200 1154
216.245.221.92 - - [24/May/2022:01:07:01 -0500] "HEAD / HTTP/1.1" 200 -
66.249.65.15 - - [24/May/2022:01:09:27 -0500] "-" 408 -
172.22.2.4 - - [24/May/2022:01:08:05 -0500] "HEAD /BLA/boletinlegal/ HTTP/1.1" 200 -
207.46.13.134 - - [24/May/2022:01:09:52 -0500] "GET /portaldeninos/search/feed/rss2/ HTTP/1.1" 200 974
172.22.2.4 - - [24/May/2022:01:08:55 -0500] "GET /BLA/boletinlegal/ HTTP/1.1" 200 58029
216.245.221.92 - - [24/May/2022:01:12:01 -0500] "HEAD / HTTP/1.1" 200 -
152.61.128.50 - - [24/May/2022:01:14:07 -0500] "GET /arcgis/services/Calidad_del_Agua_WQI/MapServer/WMSServer?request=GetCapabilities&service=WMS HTTP/1.1" 503 1020
152.61.128.50 - - [24/May/2022:01:14:08 -0500] "GET /arcgis/services/Calidad_del_Agua_WQI/MapServer/WMSServer?SERVICE=WMS&REQUEST=GetCapabilities HTTP/1.1" 503 1020
152.61.128.50 - - [24/May/2022:01:14:08 -0500] "GET /arcgis/services/Calidad_del_Agua_WQI/MapServer/WMSServer?WMTVER=1.0.0&REQUEST=capabilities HTTP/1.1" 503 1020
172.22.2.4 - - [24/May/2022:01:13:32 -0500] "GET /BLA/boletinlegal/ HTTP/1.1" 200 53421
172.22.2.4 - - [24/May/2022:01:13:55 -0500] "HEAD /BLA/boletinlegal/ HTTP/1.1" 200 -
172.22.2.4 - - [24/May/2022:01:14:45 -0500] "GET /BLA/boletinlegal/ HTTP/1.1" 200 56364
216.245.221.92 - - [24/May/2022:01:17:01 -0500] "HEAD / HTTP/1.1" 200 -
181.49.182.135 - - [24/May/2022:01:17:07 -0500] "GET /distrito-monitorea-posibles-afectaciones-en-la-calidad-del-aire-por-llegada-del-polvo-del-sahara.html HTTP/1.1" 200 805
66.249.65.15 - - [24/May/2022:01:17:22 -0500] "-" 408 -
172.22.2.4 - - [24/May/2022:01:19:45 -0500] "HEAD /BLA/boletinlegal/ HTTP/1.1" 200 -
216.245.221.92 - - [24/May/2022:01:22:01 -0500] "HEAD / HTTP/1.1" 200 -
172.22.2.4 - - [24/May/2022:01:20:35 -0500] "GET /BLA/boletinlegal/ HTTP/1.1" 200 59646
201.245.192.253 - - [24/May/2022:01:22:01 -0500] "POST /kwsrmcab/Wsrmcab HTTP/1.1" 200 46924
201.245.192.253 - - [24/May/2022:01:22:51 -0500] "POST /kwsrmcab/Wsrmcab HTTP/1.1" 200 47099
66.249.65.13 - - [24/May/2022:01:24:11 -0500] "-" 408 -
178.73.215.171 - - [24/May/2022:01:24:24 -0500] "GET / HTTP/1.0" 200 319
216.245.221.92 - - [24/May/2022:01:27:01 -0500] "HEAD / HTTP/1.1" 200 -
172.22.2.4 - - [24/May/2022:01:25:35 -0500] "HEAD /BLA/boletinlegal/ HTTP/1.1" 200 -
172.22.2.4 - - [24/May/2022:01:26:25 -0500] "GET /BLA/boletinlegal/ HTTP/1.1" 200 58482
66.249.65.13 - - [24/May/2022:01:30:47 -0500] "-" 408 -
172.22.2.4 - - [24/May/2022:01:29:52 -0500] "GET /BLA/boletinlegal/ HTTP/1.1" 200 62688
193.106.191.48 - - [24/May/2022:01:31:38 -0500] "POST /cgi-bin/.%2e/.%2e/.%2e/.%2e/bin/sh HTTP/1.1" 400 945
172.22.2.4 - - [24/May/2022:01:31:43 -0500] "GET /BLA/boletinlegal/robots.txt HTTP/1.1" 404 1038
216.245.221.92 - - [24/May/2022:01:32:01 -0500] "HEAD / HTTP/1.1" 200 -
172.22.2.4 - - [24/May/2022:01:32:09 -0500] "GET /BLA/boletinlegal/styles2.css HTTP/1.1" 200 1838
201.245.192.253 - - [24/May/2022:01:32:01 -0500] "POST /kwsrmcab/Wsrmcab HTTP/1.1" 200 46924
172.22.2.4 - - [24/May/2022:01:31:25 -0500] "HEAD /BLA/boletinlegal/ HTTP/1.1" 200 -
172.22.2.4 - - [24/May/2022:01:31:44 -0500] "GET /BLA/boletinlegal/ HTTP/1.1" 200 52204
201.245.192.253 - - [24/May/2022:01:32:49 -0500] "POST /kwsrmcab/Wsrmcab HTTP/1.1" 200 47099
172.22.2.4 - - [24/May/2022:01:32:15 -0500] "GET /BLA/boletinlegal/ HTTP/1.1" 200 54933
216.245.221.92 - - [24/May/2022:01:37:01 -0500] "HEAD / HTTP/1.1" 200 -
66.249.65.13 - - [24/May/2022:01:38:49 -0500] "-" 408 -
172.22.2.4 - - [24/May/2022:01:37:15 -0500] "HEAD /BLA/boletinlegal/ HTTP/1.1" 200 -
172.22.2.4 - - [24/May/2022:01:38:05 -0500] "GET /BLA/boletinlegal/ HTTP/1.1" 200 60973
216.245.221.92 - - [24/May/2022:01:42:01 -0500] "HEAD / HTTP/1.1" 200 -
201.245.192.253 - - [24/May/2022:01:42:01 -0500] "POST /kwsrmcab/Wsrmcab HTTP/1.1" 200 46924
201.245.192.253 - - [24/May/2022:01:42:52 -0500] "POST /kwsrmcab/Wsrmcab HTTP/1.1" 200 47099
172.22.2.4 - - [24/May/2022:01:43:05 -0500] "HEAD /BLA/boletinlegal/ HTTP/1.1" 200 -
172.22.2.4 - - [24/May/2022:01:43:55 -0500] "GET /BLA/boletinlegal/ HTTP/1.1" 200 58482
216.245.221.92 - - [24/May/2022:01:47:01 -0500] "HEAD / HTTP/1.1" 200 -
66.249.73.151 - - [24/May/2022:01:47:52 -0500] "-" 408 -
66.249.65.13 - - [24/May/2022:01:49:14 -0500] "-" 408 -
172.22.2.4 - - [24/May/2022:01:48:55 -0500] "HEAD /BLA/boletinlegal/ HTTP/1.1" 200 -
172.22.2.4 - - [24/May/2022:01:49:45 -0500] "GET /BLA/boletinlegal/ HTTP/1.1" 200 60973
216.245.221.92 - - [24/May/2022:01:52:01 -0500] "HEAD / HTTP/1.1" 200 -
172.22.2.4 - - [24/May/2022:01:54:45 -0500] "HEAD /BLA/boletinlegal/ HTTP/1.1" 200 -
66.249.65.13 - - [24/May/2022:01:56:48 -0500] "-" 408 -
216.245.221.92 - - [24/May/2022:01:57:01 -0500] "HEAD / HTTP/1.1" 200 -
172.22.2.4 - - [24/May/2022:01:55:35 -0500] "GET /BLA/boletinlegal/ HTTP/1.1" 200 58482
216.244.66.246 - - [24/May/2022:01:58:18 -0500] "-" 408 -
173.252.127.8 - - [24/May/2022:01:59:01 -0500] "GET /images/feria-servicios-12-mayo-principal.jpg HTTP/1.1" 200 44744
173.252.107.21 - - [24/May/2022:01:59:01 -0500] "GET /images/ptar-alcaldesa-rio-bogota-12-mato.jpg HTTP/1.1" 200 40205
173.252.107.13 - - [24/May/2022:01:59:01 -0500] "GET /images/secretaria-carolina-economia-circular-6-mayo.jpg HTTP/1.1" 200 33699
173.252.107.22 - - [24/May/2022:01:59:09 -0500] "GET /images/feria-servicios-5-MAYO.jpg HTTP/1.1" 200 39759
69.171.251.3 - - [24/May/2022:01:59:10 -0500] "GET /images/Animales1.jpeg HTTP/1.1" 200 76841
216.245.221.92 - - [24/May/2022:02:02:01 -0500] "HEAD / HTTP/1.1" 200 -
172.22.2.4 - - [24/May/2022:02:00:35 -0500] "HEAD /BLA/boletinlegal/ HTTP/1.1" 200 -
157.55.39.8 - - [24/May/2022:02:02:21 -0500] "GET /BLA/boletinlegal/norma_menu.php HTTP/1.1" 200 6318
172.22.2.4 - - [24/May/2022:02:01:25 -0500] "GET /BLA/boletinlegal/ HTTP/1.1" 200 60973
114.119.136.109 - - [24/May/2022:02:05:33 -0500] "-" 408 -
114.119.147.58 - - [24/May/2022:02:06:04 -0500] "-" 408 -
66.249.65.13 - - [24/May/2022:02:06:28 -0500] "-" 408 -
114.119.147.166 - - [24/May/2022:02:06:37 -0500] "-" 408 -
216.245.221.92 - - [24/May/2022:02:07:01 -0500] "HEAD / HTTP/1.1" 200 -
172.22.2.4 - - [24/May/2022:02:08:01 -0500] "GET /BLA/boletinlegal/Circulares/2019/Circular%20No.%2012%20del%2014%20de%20Marzo%20de%202019.pdf HTTP/1.1" 304 -
172.22.2.4 - - [24/May/2022:02:06:25 -0500] "HEAD /BLA/boletinlegal/ HTTP/1.1" 200 -
172.22.2.4 - - [24/May/2022:02:07:15 -0500] "GET /BLA/boletinlegal/ HTTP/1.1" 200 58482
94.102.61.10 - - [24/May/2022:02:11:54 -0500] "GET / HTTP/1.1" 200 319
172.22.2.4 - - [24/May/2022:02:11:17 -0500] "GET /BLA/boletinlegal/ HTTP/1.1" 200 32715
216.245.221.92 - - [24/May/2022:02:12:01 -0500] "HEAD / HTTP/1.1" 200 -
172.22.2.4 - - [24/May/2022:02:12:15 -0500] "HEAD /BLA/boletinlegal/ HTTP/1.1" 200 -
172.22.2.4 - - [24/May/2022:02:13:05 -0500] "GET /BLA/boletinlegal/ HTTP/1.1" 200 60973
193.106.191.48 - - [24/May/2022:02:16:46 -0500] "GET / HTTP/1.1" 200 319
216.245.221.92 - - [24/May/2022:02:17:01 -0500] "HEAD / HTTP/1.1" 200 -
172.22.2.4 - - [24/May/2022:02:18:05 -0500] "HEAD /BLA/boletinlegal/ HTTP/1.1" 200 -
66.249.65.13 - - [24/May/2022:02:20:32 -0500] "-" 408 -
172.22.2.4 - - [24/May/2022:02:18:55 -0500] "GET /BLA/boletinlegal/ HTTP/1.1" 200 60973
216.245.221.92 - - [24/May/2022:02:22:01 -0500] "HEAD / HTTP/1.1" 200 -
207.46.13.16 - - [24/May/2022:02:22:34 -0500] "GET /autoliquidacion/grupo%20forestal%20-%20industria%20de%20la%20madera/aplicativo.html HTTP/1.1" 200 359
201.245.192.253 - - [24/May/2022:02:22:01 -0500] "POST /kwsrmcab/Wsrmcab HTTP/1.1" 200 46762
201.245.192.253 - - [24/May/2022:02:22:52 -0500] "POST /kwsrmcab/Wsrmcab HTTP/1.1" 200 47071
172.22.2.4 - - [24/May/2022:02:23:55 -0500] "HEAD /BLA/boletinlegal/ HTTP/1.1" 200 -
172.22.2.4 - - [24/May/2022:02:24:45 -0500] "GET /BLA/boletinlegal/ HTTP/1.1" 200 59646
216.245.221.92 - - [24/May/2022:02:27:01 -0500] "HEAD / HTTP/1.1" 200 -
207.46.13.179 - - [24/May/2022:02:27:42 -0500] "GET /BLA/resoluciones/index.php?dir=AUTOS+2011%2F HTTP/1.1" 200 629573
207.46.13.179 - - [24/May/2022:02:27:44 -0500] "GET /BLA/resoluciones/index.php?dir=AUTOS+2016%2F HTTP/1.1" 200 324613
207.46.13.179 - - [24/May/2022:02:27:47 -0500] "GET /BLA/resoluciones/ HTTP/1.1" 200 13093
207.46.13.146 - - [24/May/2022:02:27:49 -0500] "GET /BLA/resoluciones/index.php?dir=AUTOS+2015%2F HTTP/1.1" 200 576181
157.55.39.8 - - [24/May/2022:02:27:43 -0500] "GET /BLA/resoluciones/index.php?dir=RESOLUCIONES+2009%2F HTTP/1.1" 200 790475
66.249.65.13 - - [24/May/2022:02:31:06 -0500] "-" 408 -
172.22.2.4 - - [24/May/2022:02:31:18 -0500] "GET /BLA/boletinlegal/actuator/health HTTP/1.1" 404 1018
172.22.2.4 - - [24/May/2022:02:29:45 -0500] "HEAD /BLA/boletinlegal/ HTTP/1.1" 200 -
216.245.221.92 - - [24/May/2022:02:32:01 -0500] "HEAD / HTTP/1.1" 200 -
172.22.2.4 - - [24/May/2022:02:30:35 -0500] "GET /BLA/boletinlegal/ HTTP/1.1" 200 60973
201.245.192.253 - - [24/May/2022:02:32:01 -0500] "POST /kwsrmcab/Wsrmcab HTTP/1.1" 200 46762
157.55.39.8 - - [24/May/2022:02:33:33 -0500] "GET /bla/resoluciones/autos%202008/2055.pdf HTTP/1.1" 200 180602
201.245.192.253 - - [24/May/2022:02:32:47 -0500] "POST /kwsrmcab/Wsrmcab HTTP/1.1" 200 47071
20.96.170.139 - - [24/May/2022:02:33:44 -0500] "GET /noticias/rssambiente.php HTTP/1.1" 406 -
20.96.170.139 - - [24/May/2022:02:34:33 -0500] "GET /noticias/rssambiente.php HTTP/1.1" 406 -
66.249.65.13 - - [24/May/2022:02:36:46 -0500] "-" 408 -
216.245.221.92 - - [24/May/2022:02:37:01 -0500] "HEAD / HTTP/1.1" 200 -
172.22.2.4 - - [24/May/2022:02:35:35 -0500] "HEAD /BLA/boletinlegal/ HTTP/1.1" 200 -
172.22.2.4 - - [24/May/2022:02:36:25 -0500] "GET /BLA/boletinlegal/ HTTP/1.1" 200 60973
31.148.130.215 - - [24/May/2022:02:39:21 -0500] "GET /BLA/resoluciones/AUTOS%202021/5987.pdf HTTP/1.1" 200 359027
193.106.191.48 - - [24/May/2022:02:41:10 -0500] "GET /actuator/gateway/routes HTTP/1.1" 404 1018
216.245.221.92 - - [24/May/2022:02:42:01 -0500] "HEAD / HTTP/1.1" 200 -
201.245.192.253 - - [24/May/2022:02:42:01 -0500] "POST /kwsrmcab/Wsrmcab HTTP/1.1" 200 46762
66.249.65.15 - - [24/May/2022:02:42:51 -0500] "-" 408 -
172.22.2.4 - - [24/May/2022:02:41:25 -0500] "HEAD /BLA/boletinlegal/ HTTP/1.1" 200 -
207.46.13.146 - - [24/May/2022:02:43:21 -0500] "GET /BLA/resoluciones/RESOLUCIONES%202018/2566.pdf HTTP/1.1" 304 -
201.245.192.253 - - [24/May/2022:02:42:47 -0500] "POST /kwsrmcab/Wsrmcab HTTP/1.1" 200 47071
172.22.2.4 - - [24/May/2022:02:42:15 -0500] "GET /BLA/boletinlegal/ HTTP/1.1" 200 60973
157.55.39.127 - - [24/May/2022:02:44:28 -0500] "GET /Autoliquidacion/ HTTP/1.1" 200 6629
35.207.85.200 - - [24/May/2022:02:46:14 -0500] "HEAD / HTTP/1.1" 200 -
35.207.85.200 - - [24/May/2022:02:46:15 -0500] "GET /wp-login.php HTTP/1.1" 404 1241
35.207.85.200 - - [24/May/2022:02:46:16 -0500] "GET /wordpress/wp-login.php HTTP/1.1" 404 1241
35.207.85.200 - - [24/May/2022:02:46:17 -0500] "GET /blog/wp-login.php HTTP/1.1" 404 1241
35.207.85.200 - - [24/May/2022:02:46:17 -0500] "GET /wp/wp-login.php HTTP/1.1" 404 1241
216.245.221.92 - - [24/May/2022:02:47:01 -0500] "HEAD / HTTP/1.1" 200 -
66.249.65.13 - - [24/May/2022:02:48:43 -0500] "-" 408 -
172.22.2.4 - - [24/May/2022:02:47:15 -0500] "HEAD /BLA/boletinlegal/ HTTP/1.1" 200 -
172.22.2.4 - - [24/May/2022:02:48:05 -0500] "GET /BLA/boletinlegal/ HTTP/1.1" 200 58482
157.55.39.8 - - [24/May/2022:02:50:26 -0500] "GET /autoliquidacion/grupo%20forestal%20-%20industria%20de%20la%20madera/5-%20solicitud%20verificaci%C3%83%E2%80%9Cn%20importaci%C3%83%E2%80%9Cn%20exportacion%20flora.xlsx HTTP/1.1" 404 1018
216.245.221.92 - - [24/May/2022:02:52:01 -0500] "HEAD / HTTP/1.1" 200 -
172.22.2.4 - - [24/May/2022:02:51:57 -0500] "GET /BLA/boletinlegal/ HTTP/1.1" 200 20427
207.46.13.179 - - [24/May/2022:02:52:45 -0500] "GET /autoliquidacion/grupo%20forestal%20-%20silvicultura/ficha%20t%C3%83%C2%A9cnica%20de%20registro%20de%20poda.xlsm HTTP/1.1" 404 1018
172.22.2.4 - - [24/May/2022:02:53:05 -0500] "HEAD /BLA/boletinlegal/ HTTP/1.1" 200 -
66.249.65.13 - - [24/May/2022:02:54:51 -0500] "-" 408 -
172.22.2.4 - - [24/May/2022:02:53:55 -0500] "GET /BLA/boletinlegal/ HTTP/1.1" 200 58482
216.245.221.92 - - [24/May/2022:02:57:01 -0500] "HEAD / HTTP/1.1" 200 -
172.22.2.4 - - [24/May/2022:02:58:55 -0500] "HEAD /BLA/boletinlegal/ HTTP/1.1" 200 -
66.249.65.13 - - [24/May/2022:03:01:05 -0500] "-" 408 -
172.22.2.4 - - [24/May/2022:02:59:45 -0500] "GET /BLA/boletinlegal/ HTTP/1.1" 200 60973
216.245.221.92 - - [24/May/2022:03:02:01 -0500] "HEAD / HTTP/1.1" 200 -
172.22.2.4 - - [24/May/2022:03:04:45 -0500] "HEAD /BLA/boletinlegal/ HTTP/1.1" 200 -
216.245.221.92 - - [24/May/2022:03:07:01 -0500] "HEAD / HTTP/1.1" 200 -
66.249.65.13 - - [24/May/2022:03:07:01 -0500] "-" 408 -
172.22.2.4 - - [24/May/2022:03:05:35 -0500] "GET /BLA/boletinlegal/ HTTP/1.1" 200 60973
157.55.39.43 - - [24/May/2022:03:08:35 -0500] "GET /BLA/resoluciones/AUTOS%202021/4589.pdf HTTP/1.1" 200 344924
216.245.221.92 - - [24/May/2022:03:12:01 -0500] "HEAD / HTTP/1.1" 200 -
207.46.13.81 - - [24/May/2022:03:12:10 -0500] "GET /portaldeninos/aula-ambiental-artistica-itinerante-auambari/ HTTP/1.1" 200 89507
172.22.2.4 - - [24/May/2022:03:10:35 -0500] "HEAD /BLA/boletinlegal/ HTTP/1.1" 200 -
157.55.39.77 - - [24/May/2022:03:12:26 -0500] "GET /portaldeninos/wp-includes/js/jquery/ui/tabs.min.js?ver=1.11.4 HTTP/1.1" 200 12110
207.46.13.67 - - [24/May/2022:03:12:26 -0500] "GET /portaldeninos/wp-content/plugins/gallery-videos/CSS/Total-Soft-Gallery-Video-Widget.css?ver=4.9.8 HTTP/1.1" 200 51554
207.46.13.67 - - [24/May/2022:03:12:29 -0500] "GET /portaldeninos/wp-content/plugins/gallery-videos/JS/modernizr.custom.js?ver=4.9.8 HTTP/1.1" 200 9019
207.46.13.81 - - [24/May/2022:03:12:29 -0500] "GET /portaldeninos/wp-content/themes/betheme/style.css?ver=20.9.6 HTTP/1.1" 200 287
157.55.39.215 - - [24/May/2022:03:12:31 -0500] "GET /portaldeninos/wp-content/plugins/gallery-videos/CSS/totalsoft.css?ver=4.9.8 HTTP/1.1" 200 40622
207.46.13.67 - - [24/May/2022:03:12:32 -0500] "GET /portaldeninos/wp-content/themes/betheme/assets/jplayer/css/jplayer.blue.monday.css?ver=20.9.6 HTTP/1.1" 200 9834
207.46.13.81 - - [24/May/2022:03:12:32 -0500] "GET /portaldeninos/wp-includes/js/jquery/ui/core.min.js?ver=1.11.4 HTTP/1.1" 200 4000
157.55.39.215 - - [24/May/2022:03:12:33 -0500] "GET /portaldeninos/wp-content/themes/betheme/css/layout.css?ver=20.9.6 HTTP/1.1" 200 116639
207.46.13.134 - - [24/May/2022:03:12:34 -0500] "GET /portaldeninos/wp-content/themes/betheme/assets/animations/animations.min.css?ver=20.9.6 HTTP/1.1" 200 58508
207.46.13.67 - - [24/May/2022:03:12:35 -0500] "GET /portaldeninos/wp-content/themes/betheme/css/responsive.css?ver=20.9.6 HTTP/1.1" 200 55740
157.55.39.198 - - [24/May/2022:03:12:35 -0500] "GET /portaldeninos/wp-content/themes/betheme/assets/jplayer/jplayer.min.js?ver=20.9.6 HTTP/1.1" 200 52702
157.55.39.215 - - [24/May/2022:03:12:36 -0500] "GET /portaldeninos/wp-content/themes/betheme/js/scripts.js?ver=20.9.6 HTTP/1.1" 200 77162
157.55.39.198 - - [24/May/2022:03:12:38 -0500] "GET /portaldeninos/wp-content/themes/betheme/fonts/mfn-icons.ttf?93978679 HTTP/1.1" 200 124684
66.249.65.13 - - [24/May/2022:03:12:39 -0500] "-" 408 -
157.55.39.215 - - [24/May/2022:03:12:39 -0500] "GET /portaldeninos/wp-content/uploads/useanyfont/uaf.css?ver=1589905315 HTTP/1.1" 200 408
157.55.39.198 - - [24/May/2022:03:12:41 -0500] "GET /portaldeninos/wp-content/themes/betheme/js/plugins.js?ver=20.9.6 HTTP/1.1" 200 197151
157.55.39.198 - - [24/May/2022:03:12:44 -0500] "GET /portaldeninos/wp-includes/js/wp-emoji-release.min.js?ver=4.9.8 HTTP/1.1" 200 12026
172.22.2.4 - - [24/May/2022:03:11:25 -0500] "GET /BLA/boletinlegal/ HTTP/1.1" 200 60973
207.46.13.134 - - [24/May/2022:03:12:37 -0500] "GET /portaldeninos/wp-content/uploads/2021/07/Video-Auambari.mp4 HTTP/1.1" 200 10754021
207.46.13.134 - - [24/May/2022:03:13:24 -0500] "GET /portaldeninos/wp-includes/js/jquery/ui/accordion.min.js?ver=1.11.4 HTTP/1.1" 200 8584
207.46.13.134 - - [24/May/2022:03:13:27 -0500] "GET /portaldeninos/wp-includes/js/wp-embed.min.js?ver=4.9.8 HTTP/1.1" 200 1398
216.245.221.92 - - [24/May/2022:03:17:01 -0500] "HEAD / HTTP/1.1" 200 -
172.22.2.4 - - [24/May/2022:03:16:25 -0500] "HEAD /BLA/boletinlegal/ HTTP/1.1" 200 -
66.249.65.13 - - [24/May/2022:03:18:26 -0500] "-" 408 -
172.22.2.4 - - [24/May/2022:03:17:15 -0500] "GET /BLA/boletinlegal/ HTTP/1.1" 200 58482
157.55.39.127 - - [24/May/2022:03:19:59 -0500] "GET /bla/resoluciones/resoluciones%201998/RESOLUCION%201127%20DE%201998.pdf HTTP/1.1" 200 118947
216.245.221.92 - - [24/May/2022:03:22:01 -0500] "HEAD / HTTP/1.1" 200 -
201.245.192.253 - - [24/May/2022:03:22:01 -0500] "POST /kwsrmcab/Wsrmcab HTTP/1.1" 200 46785
173.252.107.23 - - [24/May/2022:03:23:28 -0500] "GET /si-te-gusta-la-pintura-el-dibujo-o-la-fotografia-el-concurso-a-vuelo-de-pajaro-es-para-ti.html HTTP/1.1" 206 861
201.245.192.253 - - [24/May/2022:03:22:52 -0500] "POST /kwsrmcab/Wsrmcab HTTP/1.1" 200 47076
172.22.2.4 - - [24/May/2022:03:22:15 -0500] "HEAD /BLA/boletinlegal/ HTTP/1.1" 200 -
172.22.2.4 - - [24/May/2022:03:23:05 -0500] "GET /BLA/boletinlegal/ HTTP/1.1" 200 58482
207.46.13.179 - - [24/May/2022:03:25:46 -0500] "GET /bla/resoluciones/resoluciones%201998/1565.pdf HTTP/1.1" 304 -
172.22.2.4 - - [24/May/2022:03:26:01 -0500] "GET /BLA/boletinlegal/ HTTP/1.1" 200 36811
216.245.221.92 - - [24/May/2022:03:27:00 -0500] "HEAD / HTTP/1.1" 200 -
207.46.13.146 - - [24/May/2022:03:28:34 -0500] "GET /BLA/resoluciones/AUTOS%202018/3291.pdf HTTP/1.1" 304 -
157.55.39.8 - - [24/May/2022:03:28:39 -0500] "GET /autoliquidacion/grupo%20forestal%20-%20silvicultura/formato%20de%20ejecuci%C3%83%C2%B3n%20de%20actividades%20silviculturales.xlsx HTTP/1.1" 404 1018
172.22.2.4 - - [24/May/2022:03:27:55 -0500] "GET /BLA/boletinlegal/ HTTP/1.1" 200 32715
182.56.223.15 - - [24/May/2022:03:28:45 -0500] "POST /editBlackAndWhiteList HTTP/1.1" 404 1018
95.108.213.61 - - [24/May/2022:03:29:17 -0500] "-" 408 -
5.45.207.96 - - [24/May/2022:03:29:22 -0500] "-" 408 -
87.250.224.198 - - [24/May/2022:03:29:27 -0500] "-" 408 -
87.250.224.78 - - [24/May/2022:03:29:33 -0500] "-" 408 -
172.22.2.4 - - [24/May/2022:03:28:05 -0500] "HEAD /BLA/boletinlegal/ HTTP/1.1" 200 -
141.8.142.65 - - [24/May/2022:03:29:48 -0500] "-" 408 -
87.250.224.48 - - [24/May/2022:03:30:03 -0500] "-" 408 -
87.250.224.117 - - [24/May/2022:03:30:33 -0500] "-" 408 -
172.22.2.4 - - [24/May/2022:03:28:55 -0500] "GET /BLA/boletinlegal/ HTTP/1.1" 200 60973
5.255.253.149 - - [24/May/2022:03:31:33 -0500] "-" 408 -
13.48.194.168 - - [24/May/2022:03:31:44 -0500] "GET / HTTP/1.1" 200 319
216.245.221.92 - - [24/May/2022:03:32:00 -0500] "HEAD / HTTP/1.1" 200 -
5.45.207.72 - - [24/May/2022:03:32:33 -0500] "-" 408 -
35.204.98.243 - - [24/May/2022:03:32:48 -0500] "GET / HTTP/1.1" 200 319
201.245.192.253 - - [24/May/2022:03:32:01 -0500] "POST /kwsrmcab/Wsrmcab HTTP/1.1" 200 46785
42.236.17.201 - - [24/May/2022:03:33:26 -0500] "GET /portaldeninos/ HTTP/1.1" 200 109666
42.236.17.201 - - [24/May/2022:03:33:28 -0500] "GET /portaldeninos/wp-content/themes/betheme/style.css?ver=20.9.6 HTTP/1.1" 200 287
42.236.17.201 - - [24/May/2022:03:33:28 -0500] "GET /portaldeninos/wp-content/uploads/useanyfont/uaf.css?ver=1589905315 HTTP/1.1" 200 408
42.236.17.201 - - [24/May/2022:03:33:28 -0500] "GET /portaldeninos/wp-content/plugins/gallery-videos/CSS/Total-Soft-Gallery-Video-Widget.css?ver=4.9.8 HTTP/1.1" 200 51554
42.236.17.201 - - [24/May/2022:03:33:28 -0500] "GET /portaldeninos/wp-content/themes/betheme/css/base.css?ver=20.9.6 HTTP/1.1" 200 57283
42.236.17.201 - - [24/May/2022:03:33:28 -0500] "GET /portaldeninos/wp-content/plugins/gallery-videos/CSS/totalsoft.css?ver=4.9.8 HTTP/1.1" 200 40622
42.236.17.201 - - [24/May/2022:03:33:29 -0500] "GET /portaldeninos/wp-content/themes/betheme/css/layout.css?ver=20.9.6 HTTP/1.1" 200 116639
42.236.17.201 - - [24/May/2022:03:33:30 -0500] "GET /portaldeninos/wp-content/themes/betheme/assets/jplayer/css/jplayer.blue.monday.css?ver=20.9.6 HTTP/1.1" 200 9834
42.236.17.201 - - [24/May/2022:03:33:29 -0500] "GET /portaldeninos/wp-content/themes/betheme/assets/animations/animations.min.css?ver=20.9.6 HTTP/1.1" 200 58508
42.236.17.201 - - [24/May/2022:03:33:30 -0500] "GET /portaldeninos/wp-content/plugins/popup-maker/assets/css/site.min.css?ver=1.8.14 HTTP/1.1" 200 8260
42.236.17.201 - - [24/May/2022:03:33:30 -0500] "GET /portaldeninos/wp-content/themes/betheme/assets/ui/jquery.ui.all.css?ver=20.9.6 HTTP/1.1" 200 18765
42.236.17.201 - - [24/May/2022:03:33:30 -0500] "GET /portaldeninos/wp-content/plugins/google-analytics-for-wordpress/assets/js/frontend-gtag.min.js?ver=8.5.0 HTTP/1.1" 200 11801
42.236.17.201 - - [24/May/2022:03:33:31 -0500] "GET /portaldeninos/wp-includes/js/jquery/ui/core.min.js?ver=1.11.4 HTTP/1.1" 200 4000
42.236.17.201 - - [24/May/2022:03:33:31 -0500] "GET /portaldeninos/wp-includes/js/jquery/jquery-migrate.min.js?ver=1.4.1 HTTP/1.1" 200 10056
42.236.17.201 - - [24/May/2022:03:33:29 -0500] "GET /portaldeninos/wp-content/themes/betheme/css/shortcodes.css?ver=20.9.6 HTTP/1.1" 200 138889
42.236.17.201 - - [24/May/2022:03:33:30 -0500] "GET /portaldeninos/wp-content/themes/betheme/css/responsive.css?ver=20.9.6 HTTP/1.1" 200 55740
42.236.17.201 - - [24/May/2022:03:33:31 -0500] "GET /portaldeninos/wp-content/plugins/gallery-videos/JS/modernizr.custom.js?ver=4.9.8 HTTP/1.1" 200 9019
42.236.17.201 - - [24/May/2022:03:33:31 -0500] "GET /portaldeninos/wp-includes/js/jquery/jquery.js?ver=1.12.4 HTTP/1.1" 200 97184
42.236.17.201 - - [24/May/2022:03:33:31 -0500] "GET /portaldeninos/wp-content/plugins/gallery-videos/JS/Total-Soft-Gallery-Video-Widget.js?ver=4.9.8 HTTP/1.1" 200 80264
42.236.17.201 - - [24/May/2022:03:33:32 -0500] "GET /portaldeninos/wp-includes/js/jquery/ui/widget.min.js?ver=1.11.4 HTTP/1.1" 200 6908
42.236.17.201 - - [24/May/2022:03:33:32 -0500] "GET /portaldeninos/wp-includes/js/jquery/ui/mouse.min.js?ver=1.11.4 HTTP/1.1" 200 3148
42.236.17.201 - - [24/May/2022:03:33:32 -0500] "GET /portaldeninos/wp-includes/js/jquery/ui/accordion.min.js?ver=1.11.4 HTTP/1.1" 200 8584
42.236.17.201 - - [24/May/2022:03:33:32 -0500] "GET /portaldeninos/wp-includes/js/jquery/ui/tabs.min.js?ver=1.11.4 HTTP/1.1" 200 12110
42.236.17.201 - - [24/May/2022:03:33:33 -0500] "GET /portaldeninos/wp-content/themes/betheme/assets/animations/animations.min.js?ver=20.9.6 HTTP/1.1" 200 1896
42.236.17.201 - - [24/May/2022:03:33:33 -0500] "GET /portaldeninos/wp-content/themes/betheme/js/menu.js?ver=20.9.6 HTTP/1.1" 200 2449
42.236.17.201 - - [24/May/2022:03:33:32 -0500] "GET /portaldeninos/wp-includes/js/jquery/ui/sortable.min.js?ver=1.11.4 HTTP/1.1" 200 24899
42.236.17.201 - - [24/May/2022:03:33:33 -0500] "GET /portaldeninos/wp-content/themes/betheme/fonts/mfn-icons.woff?93978679 HTTP/1.1" 200 80932
42.236.17.201 - - [24/May/2022:03:33:33 -0500] "GET /portaldeninos/wp-includes/js/jquery/ui/position.min.js?ver=1.11.4 HTTP/1.1" 200 6527
42.236.17.201 - - [24/May/2022:03:33:32 -0500] "GET /portaldeninos/wp-content/themes/betheme/js/plugins.js?ver=20.9.6 HTTP/1.1" 200 197151
42.236.17.201 - - [24/May/2022:03:33:34 -0500] "GET /portaldeninos/wp-includes/js/wp-embed.min.js?ver=4.9.8 HTTP/1.1" 200 1398
42.236.17.201 - - [24/May/2022:03:33:33 -0500] "GET /portaldeninos/wp-content/themes/betheme/assets/jplayer/jplayer.min.js?ver=20.9.6 HTTP/1.1" 200 52702
42.236.17.201 - - [24/May/2022:03:33:33 -0500] "GET /portaldeninos/wp-content/plugins/popup-maker/assets/js/site.min.js?defer&ver=1.8.14 HTTP/1.1" 200 48457
42.236.17.201 - - [24/May/2022:03:33:33 -0500] "GET /portaldeninos/wp-content/themes/betheme/js/scripts.js?ver=20.9.6 HTTP/1.1" 200 77162
42.236.17.201 - - [24/May/2022:03:33:34 -0500] "GET /portaldeninos/wp-includes/js/wp-emoji-release.min.js?ver=4.9.8 HTTP/1.1" 200 12026
201.245.192.253 - - [24/May/2022:03:32:52 -0500] "POST /kwsrmcab/Wsrmcab HTTP/1.1" 200 47076
87.250.224.60 - - [24/May/2022:03:34:33 -0500] "-" 408 -
172.22.2.4 - - [24/May/2022:03:33:55 -0500] "HEAD /BLA/boletinlegal/ HTTP/1.1" 200 -
172.22.2.4 - - [24/May/2022:03:34:45 -0500] "GET /BLA/boletinlegal/ HTTP/1.1" 200 60973
216.245.221.92 - - [24/May/2022:03:37:00 -0500] "HEAD / HTTP/1.1" 200 -
5.255.253.166 - - [24/May/2022:03:37:33 -0500] "-" 408 -
172.22.2.4 - - [24/May/2022:03:40:03 -0500] "GET /BLA/boletinlegal/jurisprudencia/analisis/Analisis%20jurisprudencial%20Sentencia%20C-366-11.doc HTTP/1.1" 304 -
157.55.39.127 - - [24/May/2022:03:41:21 -0500] "GET /BLA/resoluciones/RESOLUCIONES%202017/0122.pdf HTTP/1.1" 304 -
172.22.2.4 - - [24/May/2022:03:39:45 -0500] "HEAD /BLA/boletinlegal/ HTTP/1.1" 200 -
216.245.221.92 - - [24/May/2022:03:42:01 -0500] "HEAD / HTTP/1.1" 200 -
172.22.2.4 - - [24/May/2022:03:40:35 -0500] "GET /BLA/boletinlegal/ HTTP/1.1" 200 58482
201.245.192.253 - - [24/May/2022:03:43:01 -0500] "POST /kwsrmcab/Wsrmcab HTTP/1.1" 503 1020
216.245.221.92 - - [24/May/2022:03:47:00 -0500] "HEAD / HTTP/1.1" 200 -
172.22.2.4 - - [24/May/2022:03:45:35 -0500] "HEAD /BLA/boletinlegal/ HTTP/1.1" 200 -
172.22.2.4 - - [24/May/2022:03:46:25 -0500] "GET /BLA/boletinlegal/ HTTP/1.1" 200 58482
172.22.2.4 - - [24/May/2022:03:50:10 -0500] "GET /BLA/boletinlegal/jurisprudencia/analisis/CUADRO%20ANALISIS%20SENTENCIA%20T-411%20DE%201992.doc HTTP/1.1" 200 41984
216.245.221.92 - - [24/May/2022:03:52:00 -0500] "HEAD / HTTP/1.1" 200 -
207.46.13.179 - - [24/May/2022:03:52:10 -0500] "GET /bla/resoluciones/autos%202008/2983.pdf HTTP/1.1" 200 108515
172.22.2.4 - - [24/May/2022:03:51:25 -0500] "HEAD /BLA/boletinlegal/ HTTP/1.1" 200 -
172.22.2.4 - - [24/May/2022:03:52:15 -0500] "GET /BLA/boletinlegal/ HTTP/1.1" 200 53024
172.22.2.4 - - [24/May/2022:03:53:31 -0500] "GET /BLA/boletinlegal/ HTTP/1.1" 200 20427
216.245.221.92 - - [24/May/2022:03:57:00 -0500] "HEAD / HTTP/1.1" 200 -
172.22.2.4 - - [24/May/2022:03:57:15 -0500] "HEAD /BLA/boletinlegal/ HTTP/1.1" 200 -
172.22.2.4 - - [24/May/2022:03:58:05 -0500] "GET /BLA/boletinlegal/ HTTP/1.1" 200 58482
216.245.221.92 - - [24/May/2022:04:02:00 -0500] "HEAD / HTTP/1.1" 200 -
172.22.2.4 - - [24/May/2022:04:03:04 -0500] "HEAD /BLA/boletinlegal/ HTTP/1.1" 200 -
172.22.2.4 - - [24/May/2022:04:03:55 -0500] "GET /BLA/boletinlegal/ HTTP/1.1" 200 60973
216.245.221.92 - - [24/May/2022:04:07:00 -0500] "HEAD / HTTP/1.1" 200 -
172.22.2.4 - - [24/May/2022:04:08:54 -0500] "HEAD /BLA/boletinlegal/ HTTP/1.1" 200 -
192.241.207.244 - - [24/May/2022:04:11:17 -0500] "GET / HTTP/1.1" 200 319
172.22.2.4 - - [24/May/2022:04:09:45 -0500] "GET /BLA/boletinlegal/ HTTP/1.1" 200 60973
216.245.221.92 - - [24/May/2022:04:12:00 -0500] "HEAD / HTTP/1.1" 200 -
216.244.66.246 - - [24/May/2022:04:15:20 -0500] "-" 408 -
172.22.2.4 - - [24/May/2022:04:14:44 -0500] "HEAD /BLA/boletinlegal/ HTTP/1.1" 200 -
216.245.221.92 - - [24/May/2022:04:17:00 -0500] "HEAD / HTTP/1.1" 200 -
162.142.125.213 - - [24/May/2022:04:17:11 -0500] "GET / HTTP/1.1" 200 319
162.142.125.213 - - [24/May/2022:04:17:11 -0500] "GET / HTTP/1.1" 200 319
162.142.125.213 - - [24/May/2022:04:17:11 -0500] "PRI * HTTP/2.0" 400 946
172.22.2.4 - - [24/May/2022:04:15:35 -0500] "GET /BLA/boletinlegal/ HTTP/1.1" 200 60973
172.22.2.4 - - [24/May/2022:04:20:31 -0500] "GET /BLA/boletinlegal/jurisprudencia/analisis/analisis%20C-595-2010.doc HTTP/1.1" 304 -
216.245.221.92 - - [24/May/2022:04:22:00 -0500] "HEAD / HTTP/1.1" 200 -
172.22.2.4 - - [24/May/2022:04:20:34 -0500] "HEAD /BLA/boletinlegal/ HTTP/1.1" 200 -
201.245.192.253 - - [24/May/2022:04:22:00 -0500] "POST /kwsrmcab/Wsrmcab HTTP/1.1" 503 1020
201.245.192.253 - - [24/May/2022:04:22:21 -0500] "POST /kwsrmcab/Wsrmcab HTTP/1.1" 503 1020
172.22.2.4 - - [24/May/2022:04:21:25 -0500] "GET /BLA/boletinlegal/ HTTP/1.1" 200 60973
66.249.73.155 - - [24/May/2022:04:24:00 -0500] "-" 408 -
172.22.2.4 - - [24/May/2022:04:25:05 -0500] "GET /BLA/boletinlegal/ HTTP/1.1" 200 24523
216.245.221.92 - - [24/May/2022:04:27:00 -0500] "HEAD / HTTP/1.1" 200 -
172.22.2.4 - - [24/May/2022:04:26:24 -0500] "HEAD /BLA/boletinlegal/ HTTP/1.1" 200 -
172.22.2.4 - - [24/May/2022:04:27:15 -0500] "GET /BLA/boletinlegal/ HTTP/1.1" 200 60973
172.22.2.4 - - [24/May/2022:04:30:38 -0500] "GET /BLA/boletinlegal/Directivas/2011/Directiva%20No.%2011%20del%2027%20de%20Diciembre%20de%202011.pdf HTTP/1.1" 200 303527
173.252.107.3 - - [24/May/2022:04:31:55 -0500] "GET /distrito-inicio-recuperacion-integral-del-parque-nacional.html HTTP/1.1" 206 785
216.245.221.92 - - [24/May/2022:04:32:00 -0500] "HEAD / HTTP/1.1" 200 -
201.245.192.253 - - [24/May/2022:04:32:01 -0500] "POST /kwsrmcab/Wsrmcab HTTP/1.1" 503 1020
201.245.192.253 - - [24/May/2022:04:32:22 -0500] "POST /kwsrmcab/Wsrmcab HTTP/1.1" 503 1020
66.249.65.15 - - [24/May/2022:04:32:33 -0500] "-" 408 -
