201.245.192.253 - - [24/May/2022:16:26:17 -0500] "GET /sipse/faces/javax.faces.resource/jquery/jquery.js?ln=primefaces&v=4.0 HTTP/1.1" 304 -
201.245.192.253 - - [24/May/2022:16:26:17 -0500] "GET /sipse/faces/javax.faces.resource/jquery/jquery-plugins.js?ln=primefaces&v=4.0 HTTP/1.1" 304 -
201.245.192.253 - - [24/May/2022:16:26:17 -0500] "GET /sipse/faces/javax.faces.resource/primefaces.js?ln=primefaces&v=4.0 HTTP/1.1" 304 -
201.245.192.253 - - [24/May/2022:16:26:17 -0500] "GET /sipse/faces/javax.faces.resource/layout/layout.js?ln=primefaces&v=4.0 HTTP/1.1" 304 -
201.245.192.253 - - [24/May/2022:16:26:17 -0500] "POST /sipse/faces/presentacion/financiero/solicitudProceso/listarSolicitudProceso.xhtml HTTP/1.1" 200 1328
186.102.48.11 - - [24/May/2022:16:26:18 -0500] "GET /kwssiamovil/sm/acme/a?s=U2FsdGVkX19Bp9NYdi9DA3bJrWUIQJuYlGb8Dh72dO2ajV0uHIdxIFnDq4lAT2zgDFyewignsz1vVywVex4eT5WvK/Ac2QtTDriyZVc0IG+vkpDD/WSOn2ySCzzt1jQd1y+RUOjXl7gyw/I/VNwUdfqQtNRGzY57sb5tsNRTKyMJatImIZBoSisdgP+JKifgBZ9pPR+5QUCHMMr40IE9zFXZrLHTPj/fwHjrlVmb6+53pRDSfUh7K489+C+co0K5/Rfx5Dxvn47rjhIpG+oi9Q==&u=U2FsdGVkX1+02WWiANu5syEMzkIXQC4E5n1i4NaEUEE=&y=U2FsdGVkX1/9gnk3sgBHrjrxogh01urAsslsZIjmIl20XZv5WTi7lFCznp/yUIjb HTTP/1.1" 200 25
186.102.48.11 - - [24/May/2022:16:26:18 -0500] "GET /kwssiamovil/sm/acme/a?s=U2FsdGVkX1//Bs/FoWY6sCnixHBfsIcTpAiYicyTja27tEsNnpNUD88NyE3dE85mbSSvDoi+hyNQD0trAUxQCwKQCu0MT65kOq2U2206i+DomO+lTmIJlLk94pnJDvU2V5PJ1TqfDTT0SH8rm8aOu4vu0qxQYOjhEuujbr2UcB50B09RNHovBUaz+/uQ5mAD//a0fAbYPrK0hFa5SjjB+4l+VfZ+mwA65bG6S4JNvdcq1AT4vdVhxT1TsOncw19qYRiDHUVl/GgHsZMBhzUTO/d0h4C34w1vz58GzvzQbVfK78j++mGFsC92TZxESdAwBJCUANle5O/jUU7QgN3nP3DP2Yj5v+bY6RBFmBubp0tLQdaUT/u7kson+EWzOPlsGakpNyJ1oiO2jxiLB8PIi8eYewNiz8s9vB8IgdilQjxHYOT5Q5ZgvhXGjXHC4tKJBOmh0RxpDlDmahUgx3MpGHK60Zb85W+cXAfjSa5+rZANMPOmPHgREthrIt9QH4RlLU1aK1E3+fXWn98Qw+xR0SX08sAp3gDHIKrcTuhJJvpaU6DJkCXy5+EI3RB74XsDsiAeohVqZsUKRUGKvOVreeN44UaHEm8udHRAZdOGZnsaMht4qjmKzjPgZRv2588St0ZtabkvWS9iNpNiXODerj90vNSqvUB8xjAEWefjvHbUGar+cyU32ej4PIqW0yusGq9E5y5y6+uY4zwlbKsSaWr4/QKBzUQ9VpXYAcWqwNGgaY5azvlFLxQhfOLAvTBDnWjqRp6hLRyHh51MZ2q8hn59agvjZ3LCUgVi7bQVPSGPWVZCNdB+WyynRL3x/8cRm72pU5nancGPW69Fy6XwvUXRbHQFkC2aXYyTSNPVA9Z200zZrUL7rwoV3zqEovIDUUIvqr9aPf6E4W6Yo2z0fq+mgqSOtz+dKmPY42rQeOGYuJzo8BZT3wn3sN4DPu2eFJE8l8ItObyZLl8En8K0+5op280+tTJ6ZzPwilCi58Nw2V0USVY4/uOJEbwP8/bemXTe1p6rwkcj3D0cD65N9V/GlRvZ21y8vDonQp9r8w+J/4W1rtR6jEhoU9OKb2AEtwBYraG0vUYMgt2fi8l0DL4LMzJJhtkQDdMvPyf8J6rE4vP9omVfWaQr9a3K2c3GffG5C8X7KuyBGj0nA9Kgcseft2WsncnEWBwhjW/wp7B0ln8LAABOT0J9Rg/1lgg9sf1sU40bzRd5oXNbYAxmBezNyOprYsHPl3GWY6aCG0GMPBZlo9VHIm9+Pfp4EhyQwZkwv0nPtCPYH+PZ+HxtXfajGPFAcbATgkQfEzOvXYWNTgniSq+DRhiHPN3NyrpfCfNAEPUI4nPam9NwX46hjSnhcePZYujGqdo0sJGXmj9No/EvNlVytQYQfmwmu1XR8YGIdf/n+/IJczxB0LOfjlTYM4W3ESy3XRMFScZL2G2fdXEJHn4HZ4w2t+mTSztXnDzrz5UxsJQ7nRrqZqcM7s/VV5OBDIiSpAplkfkK01pA3qZEu7K6BCnJR9CDaoEvNTJ4DVScqMgpALgvbE1pGU3z3/WnZpCL/aTDz6YQxx4zB/g6XZq/Ue1sC2cZbBnHFWK5lwRftlArUzKR1y/foegj2EszyHX7xbIW2O8etoLPLlkLpHuH8XhH/90dvCwCWOrGrzYfkh38u2VX5b7wy3DNIpy/KwrD0N1GAOHESMImZSySCLm6itQC/trnm8eXjL6Evg6oiWUMDlb07p92vo+rDyxJ+PK2YCtYjmodBOCZFMjlpg4MN1qF6uhMbwrXCus5y1ZtI/ocgSYb3Z49KUOV9Ku3IaPf3cl5jA8jqZPhKVobTjFlvEtxidAlQQyDfMtItLqd/HcSU1KEVlJID234cEgviV3vC2eq8rkeOsYwSqOTfQwfS4zzCs8/CC2xUvnZlRdZ/uPVAx3Ijc0oE+B4xJfxBTDVWK4Pi07YZSE=&u=U2FsdGVkX1+02WWiANu5syEMzkIXQC4E5n1i4NaEUEE=&y=U2FsdGVkX1/9gnk3sgBHrjrxogh01urAsslsZIjmIl20XZv5WTi7lFCznp/yUIjb HTTP/1.1" 200 25
186.102.48.11 - - [24/May/2022:16:26:18 -0500] "GET /kwssiamovil/sm/acme/a?s=U2FsdGVkX18DNodpBa2k7wOpTUjMIIFik6pj4tJhboQVVDHVa66iFwCvghD5eN8qrZa7bZIDyRhhh5vELLs/pFZaKosyIkSp9Ag/x0bwXPS4YnWibMKgPHUgkdLokgIFvH4vtqmf3hvms8ieJ/Nsmx651krlsWyrKPBzQn3bZsQ=&u=U2FsdGVkX1+02WWiANu5syEMzkIXQC4E5n1i4NaEUEE=&y=U2FsdGVkX1/9gnk3sgBHrjrxogh01urAsslsZIjmIl20XZv5WTi7lFCznp/yUIjb HTTP/1.1" 200 25
201.245.192.253 - - [24/May/2022:16:26:18 -0500] "POST /sipse/faces/presentacion/financiero/solicitudProceso/listarSolicitudProceso.xhtml HTTP/1.1" 200 24285
201.245.192.253 - - [24/May/2022:16:26:18 -0500] "POST /sipse/faces/presentacion/financiero/solicitudProceso/listarSolicitudProceso.xhtml HTTP/1.1" 200 24285
186.102.48.11 - - [24/May/2022:16:26:18 -0500] "GET /kwssiamovil/sm/acme/a?s=U2FsdGVkX19rC5ZPddkpMGLbxUDxBj84hoqjLasxGhoeOA/hkGn2p4CmMQ53cv2uYnT1kqoowPqSFKATPcg3S+1G8pmh4iJNFS6mPEX1Bfy7MnlC47NbK6SMAIXOGqEeoyp8ZpJZkXsgIM1Pba0DLGIvkaGh/54V1iLmF7otQdQ=&u=U2FsdGVkX1+02WWiANu5syEMzkIXQC4E5n1i4NaEUEE=&y=U2FsdGVkX1/9gnk3sgBHrjrxogh01urAsslsZIjmIl20XZv5WTi7lFCznp/yUIjb HTTP/1.1" 200 25
201.245.192.253 - - [24/May/2022:16:26:18 -0500] "POST /sipse/faces/presentacion/financiero/solicitudProceso/listarSolicitudProceso.xhtml HTTP/1.1" 200 1328
201.245.192.253 - - [24/May/2022:16:26:19 -0500] "POST /sipse/faces/presentacion/financiero/solicitudProceso/listarSolicitudProceso.xhtml HTTP/1.1" 200 1328
186.102.48.11 - - [24/May/2022:16:26:19 -0500] "GET /kwssiamovil/sm/acme/a?s=U2FsdGVkX1/hCRm1F0S/ONW3jU572E4lSnH+ZDz4rsJPpXWr4RJw6DPSLbGG+dKfCQiH44vgHke7O9OxSov129JdOOi6Fy6/54RdikUmhljFDcEVnuTb6IUUSpwmkD5/iTKYBuBfJR8GJBrRgh/+jfnFkxZeOGx+8zeyNVLcStI=&u=U2FsdGVkX1+02WWiANu5syEMzkIXQC4E5n1i4NaEUEE=&y=U2FsdGVkX1/9gnk3sgBHrjrxogh01urAsslsZIjmIl20XZv5WTi7lFCznp/yUIjb HTTP/1.1" 200 25
186.102.48.11 - - [24/May/2022:16:26:19 -0500] "GET /kwssiamovil/sm/acme/a?s=U2FsdGVkX18WGlENYsulc426LEp0Yu9s/6zXs/UCd8Oqz6HobFrfTf0pzELpLe9w3hoZyvc1/o93ISTVOAje/nhVybe7fNGIf/RXCCiEHIyBPIfltxMHYNe9JM7clCDdl+JkAeLzwC7HhT+A5smAnRaPhITvFzk9q5qUnYEYWJLSQpXuHHJjueyuFaO7yYfk&u=U2FsdGVkX1+02WWiANu5syEMzkIXQC4E5n1i4NaEUEE=&y=U2FsdGVkX1/9gnk3sgBHrjrxogh01urAsslsZIjmIl20XZv5WTi7lFCznp/yUIjb HTTP/1.1" 200 25
186.102.48.11 - - [24/May/2022:16:26:19 -0500] "GET /kwssiamovil/sm/acme/a?s=U2FsdGVkX18UHJEbSQVRtlBTHnDzoT9ISJwdx6EUxr4/xb7WBLV+dfDZnW4WJeyOnYJOSa9b4qY0ChcNcWJrjP/ctmKRsykrhTzeXIyzdQPb1XJ5rWdASU/EgaWhqfCYCn0rkGoTLiLiu9fdq4tVV7DFqijFmWsVtTvrst5+f1oiapTWF9y6kU6FQNV74hoHBZaXC42in2LHBfeYIs9ylgFT7aYWr30rRod0BDAypcUfTPw/pIMxNWtAJrEFXQdu0C2IUW6QyTP5ibB/IEC7mfwiDeGcHGyctznoip0wPoc9r+63PzP7QMTP5+zZ9J0fnMmnjb5Obfl4WOBFeEagQyKpDWPDD4FY0lRuB92ZDFPyd6Tc/ivcpRtYXMRfUMwUub/22pGXvYrtOsyL4uvnuxTwvvoy8zEzwviCFn4HqPxbJ78pOPaN8h4upcsLI9XB&u=U2FsdGVkX1+02WWiANu5syEMzkIXQC4E5n1i4NaEUEE=&y=U2FsdGVkX1/9gnk3sgBHrjrxogh01urAsslsZIjmIl20XZv5WTi7lFCznp/yUIjb HTTP/1.1" 200 24
186.102.48.11 - - [24/May/2022:16:26:19 -0500] "GET /kwssiamovil/sm/acme/a?s=U2FsdGVkX197Vtm4yPTXjwefs4/tUUxJ9QhDhKbf8kGqx9jppQzIH3R2MS9tuJYmsp74x+2Nei6V5JyuxgBEtdXxy9dtLHR7rrTTBRryTRZZq6E+XgORbzOf1mykcqcjhyOtDb457YzgjL1D3KEiA/BhC7qO8uZWFOSaValkSlDTjaetYYQAFnMW65/MRdVBYzvZoKY7/r8Fq1TYrygAXuOSy4y7KG7l7Ybz7OKsiDXjbIGHx59Hh/Dp47MNsMa+j+o1Y3o8A6pwz9uE/7/iFexwr+XTQGl3/YbQRLKrfaHz0j0E5QnBMlOACi5/Wg7JU5pfe6iyRR7NmROmcVtJ5Q2K7hPLKRv2MrECZ88Y9raxzWgF5KD3gZJeeXDh5HQKpDp/5DG6SPJD1uXMCd7Wlw==&u=U2FsdGVkX1+02WWiANu5syEMzkIXQC4E5n1i4NaEUEE=&y=U2FsdGVkX1/9gnk3sgBHrjrxogh01urAsslsZIjmIl20XZv5WTi7lFCznp/yUIjb HTTP/1.1" 200 25
201.245.192.253 - - [24/May/2022:16:26:20 -0500] "POST /sipse/faces/presentacion/financiero/solicitudProceso/listarSolicitudProceso.xhtml HTTP/1.1" 200 184
201.245.192.253 - - [24/May/2022:16:26:20 -0500] "POST /sipse/faces/presentacion/financiero/solicitudProceso/listarSolicitudProceso.xhtml HTTP/1.1" 200 184
201.245.192.253 - - [24/May/2022:16:26:20 -0500] "GET /sipse/faces/presentacion/financiero/solicitudAnulacion/solicitudAnulacion.xhtml HTTP/1.1" 200 31634
201.245.192.253 - - [24/May/2022:16:26:20 -0500] "GET /sipse/faces/javax.faces.resource/layout/layout.css?ln=primefaces&v=4.0 HTTP/1.1" 304 -
201.245.192.253 - - [24/May/2022:16:26:20 -0500] "GET /sipse/faces/javax.faces.resource/theme.css?ln=primefaces-sipse HTTP/1.1" 304 -
201.245.192.253 - - [24/May/2022:16:26:20 -0500] "GET /sipse/faces/javax.faces.resource/primefaces.css?ln=primefaces&v=4.0 HTTP/1.1" 304 -
201.245.192.253 - - [24/May/2022:16:26:20 -0500] "GET /sipse/faces/javax.faces.resource/jquery/jquery.js?ln=primefaces&v=4.0 HTTP/1.1" 304 -
201.245.192.253 - - [24/May/2022:16:26:20 -0500] "GET /sipse/faces/javax.faces.resource/jquery/jquery-plugins.js?ln=primefaces&v=4.0 HTTP/1.1" 304 -
201.245.192.253 - - [24/May/2022:16:26:20 -0500] "GET /sipse/faces/javax.faces.resource/primefaces.js?ln=primefaces&v=4.0 HTTP/1.1" 304 -
201.245.192.253 - - [24/May/2022:16:26:20 -0500] "GET /sipse/faces/javax.faces.resource/layout/layout.js?ln=primefaces&v=4.0 HTTP/1.1" 304 -
201.245.192.253 - - [24/May/2022:16:26:20 -0500] "GET /sipse/faces/presentacion/financiero/solicitudAnulacion/solicitudAnulacion.xhtml HTTP/1.1" 200 31634
201.245.192.253 - - [24/May/2022:16:26:20 -0500] "POST /sipse/faces/presentacion/financiero/solicitudAnulacion/solicitudAnulacion.xhtml HTTP/1.1" 200 10464
201.245.192.253 - - [24/May/2022:16:26:21 -0500] "POST /sipse/faces/presentacion/financiero/solicitudAnulacion/solicitudAnulacion.xhtml HTTP/1.1" 200 27807
201.245.192.253 - - [24/May/2022:16:26:21 -0500] "GET /sipse/faces/javax.faces.resource/theme.css?ln=primefaces-sipse HTTP/1.1" 304 -
201.245.192.253 - - [24/May/2022:16:26:21 -0500] "GET /sipse/faces/javax.faces.resource/primefaces.css?ln=primefaces&v=4.0 HTTP/1.1" 304 -
201.245.192.253 - - [24/May/2022:16:26:21 -0500] "GET /sipse/faces/javax.faces.resource/layout/layout.css?ln=primefaces&v=4.0 HTTP/1.1" 304 -
201.245.192.253 - - [24/May/2022:16:26:21 -0500] "GET /sipse/faces/javax.faces.resource/jquery/jquery.js?ln=primefaces&v=4.0 HTTP/1.1" 304 -
201.245.192.253 - - [24/May/2022:16:26:21 -0500] "GET /sipse/faces/javax.faces.resource/jquery/jquery-plugins.js?ln=primefaces&v=4.0 HTTP/1.1" 304 -
201.245.192.253 - - [24/May/2022:16:26:21 -0500] "GET /sipse/faces/javax.faces.resource/primefaces.js?ln=primefaces&v=4.0 HTTP/1.1" 304 -
201.245.192.253 - - [24/May/2022:16:26:21 -0500] "GET /sipse/faces/javax.faces.resource/layout/layout.js?ln=primefaces&v=4.0 HTTP/1.1" 304 -
157.55.39.127 - - [24/May/2022:16:26:22 -0500] "GET /bla/resoluciones/notificaciones/autos%202016/02712.doc HTTP/1.1" 200 372605
172.22.2.4 - - [24/May/2022:16:24:43 -0500] "GET /BLA/boletinlegal/ HTTP/1.1" 200 53421
200.118.64.109 - - [24/May/2022:16:26:28 -0500] "POST /forms/lservlet;jsessionid=ac16012b30d67b9440c1de3d44dea49c86ee7a04acb5.e3iSbxaKaheRe34MbxmQaheMbNz0n6jAmljGr5XDqQLvpAe HTTP/1.1" 200 2
186.102.48.11 - - [24/May/2022:16:26:33 -0500] "GET /kwssiamovil/sm/acme/u?s=U2FsdGVkX18pSQW0tD9df0PpuMOOiA0vMRIo9jwh2Ckv2IhBjDT+AmoURaONVC43Ub/BUcBDjv57bIw4tPSu5shJlNrLS9vAC5zUe62eiEWOme1j7jkv+RpHbUbCuLQAXw4kL55fAorsaQSLk9QQdw==&u=U2FsdGVkX1+02WWiANu5syEMzkIXQC4E5n1i4NaEUEE=&y=U2FsdGVkX1/9gnk3sgBHrjrxogh01urAsslsZIjmIl20XZv5WTi7lFCznp/yUIjb HTTP/1.1" 200 60
216.245.221.92 - - [24/May/2022:16:26:59 -0500] "HEAD / HTTP/1.1" 200 -
181.61.209.50 - - [24/May/2022:16:27:23 -0500] "GET /mesa/video.mp4 HTTP/1.1" 200 99530968
181.61.209.50 - - [24/May/2022:16:27:24 -0500] "GET /mesa/video.mp4 HTTP/1.1" 206 99530968
181.61.209.50 - - [24/May/2022:16:27:28 -0500] "GET /mesa/video.mp4 HTTP/1.1" 206 98875608
181.61.209.50 - - [24/May/2022:16:27:28 -0500] "GET /mesa/video.mp4 HTTP/1.1" 206 98875608
181.61.209.50 - - [24/May/2022:16:27:29 -0500] "GET /mesa/video.mp4 HTTP/1.1" 304 -
181.61.209.50 - - [24/May/2022:16:27:30 -0500] "GET /mesa/video.mp4 HTTP/1.1" 206 513024
200.118.64.109 - - [24/May/2022:16:28:29 -0500] "POST /forms/lservlet;jsessionid=ac16012b30d67b9440c1de3d44dea49c86ee7a04acb5.e3iSbxaKaheRe34MbxmQaheMbNz0n6jAmljGr5XDqQLvpAe HTTP/1.1" 200 2
168.176.239.41 - - [24/May/2022:16:30:24 -0500] "GET /BLA/boletinlegal/js/jquery.scrollShow.js HTTP/1.1" 200 4586
168.176.238.54 - - [24/May/2022:16:30:25 -0500] "GET /galeria/galeria/jquery.fancybox.js?v=2.1.5 HTTP/1.1" 200 48706
168.176.239.40 - - [24/May/2022:16:30:25 -0500] "GET /galeria/galeria/jquery.fancybox.css?v=2.1.5 HTTP/1.1" 200 4895
66.220.149.13 - - [24/May/2022:16:30:25 -0500] "GET /images/feria-servicios-3-marzo.jpg HTTP/1.1" 200 39802
200.118.64.109 - - [24/May/2022:16:30:29 -0500] "POST /forms/lservlet;jsessionid=ac16012b30d67b9440c1de3d44dea49c86ee7a04acb5.e3iSbxaKaheRe34MbxmQaheMbNz0n6jAmljGr5XDqQLvpAe HTTP/1.1" 200 2
172.22.2.4 - - [24/May/2022:16:30:32 -0500] "GET /BLA/boletinlegal/style.css HTTP/1.1" 200 9406
172.22.2.4 - - [24/May/2022:16:30:32 -0500] "GET /BLA/boletinlegal/styles2.css HTTP/1.1" 200 1838
172.22.2.4 - - [24/May/2022:16:30:32 -0500] "GET /BLA/boletinlegal/js/jquery.scrollTo-min.js HTTP/1.1" 200 1150
172.22.2.4 - - [24/May/2022:16:30:32 -0500] "GET /BLA/boletinlegal/js/jquery.js HTTP/1.1" 200 57254
172.22.2.4 - - [24/May/2022:16:30:32 -0500] "GET /BLA/boletinlegal/js/jquery.scrollShow.js HTTP/1.1" 200 4586
172.22.2.4 - - [24/May/2022:16:30:32 -0500] "GET /BLA/boletinlegal/images/cabezote%20BLEGAL.jpg HTTP/1.1" 200 118164
172.22.2.4 - - [24/May/2022:16:30:32 -0500] "GET /BLA/boletinlegal/images/subscribe-icon-big.png HTTP/1.1" 200 47702
172.22.2.4 - - [24/May/2022:16:30:32 -0500] "GET /BLA/boletinlegal/images/historia.png HTTP/1.1" 200 52775
172.22.2.4 - - [24/May/2022:16:30:33 -0500] "GET /BLA/boletinlegal/images/registro-usuarios.png HTTP/1.1" 200 8106
172.22.2.4 - - [24/May/2022:16:30:33 -0500] "GET /BLA/boletinlegal/images/arr_l.jpg HTTP/1.1" 200 1979
172.22.2.4 - - [24/May/2022:16:30:33 -0500] "GET /BLA/boletinlegal/images/screen_1.png HTTP/1.1" 200 202547
172.22.2.4 - - [24/May/2022:16:30:33 -0500] "GET /BLA/boletinlegal/images/launch.jpg HTTP/1.1" 200 14577
172.22.2.4 - - [24/May/2022:16:30:33 -0500] "GET /BLA/boletinlegal/images/body_bg.jpg HTTP/1.1" 200 1601
172.22.2.4 - - [24/May/2022:16:30:33 -0500] "GET /BLA/boletinlegal/images/menu_lft.gif HTTP/1.1" 200 1713
172.22.2.4 - - [24/May/2022:16:30:33 -0500] "GET /BLA/boletinlegal/images/bg_top.jpg HTTP/1.1" 200 522
172.22.2.4 - - [24/May/2022:16:30:33 -0500] "GET /BLA/boletinlegal/images/menu_bg.jpg HTTP/1.1" 200 620
172.22.2.4 - - [24/May/2022:16:30:33 -0500] "GET /BLA/boletinlegal/images/menu_rght.gif HTTP/1.1" 200 1627
172.22.2.4 - - [24/May/2022:16:30:33 -0500] "GET /BLA/boletinlegal/images/text.jpg HTTP/1.1" 200 568
172.22.2.4 - - [24/May/2022:16:30:34 -0500] "GET /BLA/boletinlegal/images/hover.jpg HTTP/1.1" 200 640
172.22.2.4 - - [24/May/2022:16:30:38 -0500] "GET /BLA/boletinlegal/actos.php HTTP/1.1" 200 9559
172.22.2.4 - - [24/May/2022:16:30:38 -0500] "GET /BLA/boletinlegal/styles2.css HTTP/1.1" 200 1838
172.22.2.4 - - [24/May/2022:16:30:38 -0500] "GET /BLA/boletinlegal/style.css HTTP/1.1" 200 9406
172.22.2.4 - - [24/May/2022:16:30:38 -0500] "GET /BLA/boletinlegal/js/ajax_actos.js HTTP/1.1" 200 1322
172.22.2.4 - - [24/May/2022:16:30:38 -0500] "GET /BLA/boletinlegal/niceforms.js HTTP/1.1" 200 22876
172.22.2.4 - - [24/May/2022:16:30:38 -0500] "GET /BLA/boletinlegal/js/lib.js HTTP/1.1" 200 6474
172.22.2.4 - - [24/May/2022:16:30:38 -0500] "GET /BLA/boletinlegal/js/popup.js HTTP/1.1" 200 1270
172.22.2.4 - - [24/May/2022:16:30:38 -0500] "GET /BLA/boletinlegal/js/jquery1.js HTTP/1.1" 200 29846
172.22.2.4 - - [24/May/2022:16:30:39 -0500] "GET /BLA/boletinlegal/niceforms-default.css HTTP/1.1" 200 6694
172.22.2.4 - - [24/May/2022:16:30:39 -0500] "GET /BLA/boletinlegal/images/historia.png HTTP/1.1" 200 52775
172.22.2.4 - - [24/May/2022:16:30:39 -0500] "GET /BLA/boletinlegal/images/green-yellow-blue-pink-th.png HTTP/1.1" 200 7394
172.22.2.4 - - [24/May/2022:16:30:39 -0500] "GET /BLA/boletinlegal/images/abajo.png HTTP/1.1" 200 96676
172.22.2.4 - - [24/May/2022:16:30:39 -0500] "GET /BLA/boletinlegal/images/subscribe-icon-big.png HTTP/1.1" 200 47702
172.22.2.4 - - [24/May/2022:16:30:39 -0500] "GET /BLA/boletinlegal/images/registro-usuarios.png HTTP/1.1" 200 8106
172.22.2.4 - - [24/May/2022:16:30:39 -0500] "GET /BLA/boletinlegal/images/tel.png HTTP/1.1" 200 14477
172.22.2.4 - - [24/May/2022:16:30:39 -0500] "GET /BLA/boletinlegal/images/icono-email.png HTTP/1.1" 200 5544
172.22.2.4 - - [24/May/2022:16:30:39 -0500] "GET /BLA/boletinlegal/images/cabezote%20BLEGAL.jpg HTTP/1.1" 200 118164
172.22.2.4 - - [24/May/2022:16:30:39 -0500] "GET /BLA/boletinlegal/images/body_bg.jpg HTTP/1.1" 200 1601
172.22.2.4 - - [24/May/2022:16:30:39 -0500] "GET /BLA/boletinlegal/images/menu_lft.gif HTTP/1.1" 200 1713
172.22.2.4 - - [24/May/2022:16:30:39 -0500] "GET /BLA/boletinlegal/images/menu_rght.gif HTTP/1.1" 200 1627
172.22.2.4 - - [24/May/2022:16:30:39 -0500] "GET /BLA/boletinlegal/images/footer_bg.jpg HTTP/1.1" 200 586
172.22.2.4 - - [24/May/2022:16:30:39 -0500] "GET /BLA/boletinlegal/images/hover.jpg HTTP/1.1" 200 640
172.22.2.4 - - [24/May/2022:16:30:39 -0500] "GET /BLA/boletinlegal/images/menu_bg.jpg HTTP/1.1" 200 620
172.22.2.4 - - [24/May/2022:16:30:39 -0500] "GET /BLA/boletinlegal/images/bg_top.jpg HTTP/1.1" 200 522
172.22.2.4 - - [24/May/2022:16:30:39 -0500] "GET /BLA/boletinlegal/images/text.jpg HTTP/1.1" 200 568
172.22.2.4 - - [24/May/2022:16:30:39 -0500] "GET /BLA/boletinlegal/images/footer_bg_l.jpg HTTP/1.1" 200 776
172.22.2.4 - - [24/May/2022:16:30:40 -0500] "GET /BLA/boletinlegal/img/button.png HTTP/1.1" 200 43241
172.22.2.4 - - [24/May/2022:16:30:40 -0500] "GET /BLA/boletinlegal/img/select-left.png HTTP/1.1" 200 263
172.22.2.4 - - [24/May/2022:16:30:40 -0500] "GET /BLA/boletinlegal/img/button-right.png HTTP/1.1" 200 57878
172.22.2.4 - - [24/May/2022:16:30:40 -0500] "GET /BLA/boletinlegal/img/select-right.png HTTP/1.1" 200 44019
172.22.2.4 - - [24/May/2022:16:30:40 -0500] "GET /BLA/boletinlegal/img/button-left.png HTTP/1.1" 200 57071
172.22.2.4 - - [24/May/2022:16:30:40 -0500] "GET /BLA/boletinlegal/favicon.ico HTTP/1.1" 404 1326
172.22.2.4 - - [24/May/2022:16:30:40 -0500] "GET /BLA/boletinlegal/img/0.png HTTP/1.1" 200 110
172.22.2.4 - - [24/May/2022:16:30:42 -0500] "GET /BLA/boletinlegal/images/screen_3.png HTTP/1.1" 200 210620
172.22.2.4 - - [24/May/2022:16:30:42 -0500] "GET /BLA/boletinlegal/images/screen_2.png HTTP/1.1" 200 362502
172.22.2.4 - - [24/May/2022:16:30:42 -0500] "GET /BLA/boletinlegal/images/screen_5.png HTTP/1.1" 200 368876
172.22.2.4 - - [24/May/2022:16:30:42 -0500] "GET /BLA/boletinlegal/images/arr_r.jpg HTTP/1.1" 200 1998
172.22.2.4 - - [24/May/2022:16:30:42 -0500] "GET /BLA/boletinlegal/images/footer_bg.jpg HTTP/1.1" 200 586
173.252.111.20 - - [24/May/2022:16:30:52 -0500] "GET /cerrados-los-caminos-de-los-cerros-orientales-por-jornada-electoral.html HTTP/1.1" 206 809
172.22.2.4 - - [24/May/2022:16:30:55 -0500] "GET /BLA/boletinlegal/images/pdf.gif HTTP/1.1" 200 567
172.22.2.4 - - [24/May/2022:16:29:44 -0500] "HEAD /BLA/boletinlegal/ HTTP/1.1" 200 -
207.46.13.179 - - [24/May/2022:16:31:48 -0500] "GET /BLA/resoluciones/AUTOS%202013/1048.pdf HTTP/1.1" 304 -
216.245.221.92 - - [24/May/2022:16:31:59 -0500] "HEAD / HTTP/1.1" 200 -
172.22.2.4 - - [24/May/2022:16:30:31 -0500] "GET /BLA/boletinlegal/ HTTP/1.1" 200 49099
172.22.2.4 - - [24/May/2022:16:30:34 -0500] "GET /BLA/boletinlegal/ HTTP/1.1" 200 49831
201.245.192.253 - - [24/May/2022:16:32:20 -0500] "POST /sipse/faces/presentacion/financiero/solicitudAnulacion/registrarSolicitudAnulacion.xhtml HTTP/1.1" 200 184
201.245.192.253 - - [24/May/2022:16:32:21 -0500] "POST /sipse/faces/presentacion/financiero/solicitudAnulacion/registrarSolicitudAnulacion.xhtml HTTP/1.1" 200 184
201.245.192.253 - - [24/May/2022:16:32:21 -0500] "GET /sipse/faces/presentacion/financiero/solicitudAnulacion/solicitudAnulacion.xhtml HTTP/1.1" 200 43321
201.245.192.253 - - [24/May/2022:16:32:21 -0500] "GET /sipse/faces/javax.faces.resource/theme.css?ln=primefaces-sipse HTTP/1.1" 304 -
201.245.192.253 - - [24/May/2022:16:32:21 -0500] "GET /sipse/faces/javax.faces.resource/primefaces.css?ln=primefaces&v=4.0 HTTP/1.1" 304 -
201.245.192.253 - - [24/May/2022:16:32:21 -0500] "GET /sipse/faces/javax.faces.resource/layout/layout.css?ln=primefaces&v=4.0 HTTP/1.1" 304 -
201.245.192.253 - - [24/May/2022:16:32:21 -0500] "GET /sipse/faces/javax.faces.resource/primefaces.js?ln=primefaces&v=4.0 HTTP/1.1" 304 -
201.245.192.253 - - [24/May/2022:16:32:21 -0500] "GET /sipse/faces/javax.faces.resource/layout/layout.js?ln=primefaces&v=4.0 HTTP/1.1" 304 -
201.245.192.253 - - [24/May/2022:16:32:21 -0500] "GET /sipse/faces/javax.faces.resource/jquery/jquery.js?ln=primefaces&v=4.0 HTTP/1.1" 304 -
201.245.192.253 - - [24/May/2022:16:32:21 -0500] "GET /sipse/faces/javax.faces.resource/jquery/jquery-plugins.js?ln=primefaces&v=4.0 HTTP/1.1" 304 -
201.245.192.253 - - [24/May/2022:16:32:23 -0500] "GET /sipse/faces/javax.faces.resource/images/ui-icons_898989_256x240.png?ln=primefaces-aristo HTTP/1.1" 304 -
201.245.192.253 - - [24/May/2022:16:32:23 -0500] "GET /sipse/faces/javax.faces.resource/images/ui-bg_flat_0_2d5972_40x100.png?ln=primefaces-aristo HTTP/1.1" 304 -
201.245.192.253 - - [24/May/2022:16:32:23 -0500] "POST /sipse/faces/presentacion/financiero/solicitudAnulacion/solicitudAnulacion.xhtml HTTP/1.1" 200 21647
200.118.64.109 - - [24/May/2022:16:32:32 -0500] "POST /forms/lservlet;jsessionid=ac16012b30d67b9440c1de3d44dea49c86ee7a04acb5.e3iSbxaKaheRe34MbxmQaheMbNz0n6jAmljGr5XDqQLvpAe HTTP/1.1" 200 2
201.245.192.253 - - [24/May/2022:16:31:58 -0500] "POST /kwsrmcab/Wsrmcab HTTP/1.1" 200 47231
207.46.13.146 - - [24/May/2022:16:33:29 -0500] "GET /BLA/resoluciones/AUTOS%202013/1795.pdf HTTP/1.1" 304 -
201.245.192.253 - - [24/May/2022:16:32:49 -0500] "POST /kwsrmcab/Wsrmcab HTTP/1.1" 200 47559
200.118.64.109 - - [24/May/2022:16:34:33 -0500] "POST /forms/lservlet;jsessionid=ac16012b30d67b9440c1de3d44dea49c86ee7a04acb5.e3iSbxaKaheRe34MbxmQaheMbNz0n6jAmljGr5XDqQLvpAe HTTP/1.1" 200 2
186.84.40.109 - - [24/May/2022:16:35:05 -0500] "GET /catalogoisis/ HTTP/1.1" 200 8575
186.84.40.109 - - [24/May/2022:16:35:05 -0500] "GET /catalogoisis/Js/AceptarLimpiar.js HTTP/1.1" 200 331
186.84.40.109 - - [24/May/2022:16:35:05 -0500] "GET /catalogoisis/Css/Busqueda.css HTTP/1.1" 200 1995
186.84.40.109 - - [24/May/2022:16:35:05 -0500] "GET /catalogoisis/Js/CriterioCombinada.js HTTP/1.1" 200 1843
186.84.40.109 - - [24/May/2022:16:35:05 -0500] "GET /catalogoisis/Js/Cookies.js HTTP/1.1" 200 1369
186.84.40.109 - - [24/May/2022:16:35:05 -0500] "GET /catalogoisis/Js/Go.js HTTP/1.1" 200 364
186.84.40.109 - - [24/May/2022:16:35:05 -0500] "GET /catalogoisis/Js/LimpiarCombinada.js HTTP/1.1" 200 207
186.84.40.109 - - [24/May/2022:16:35:05 -0500] "GET /catalogoisis/Js/Remote.js HTTP/1.1" 200 436
186.84.40.109 - - [24/May/2022:16:35:05 -0500] "GET /catalogoisis/Js/Numero.js HTTP/1.1" 200 398
186.84.40.109 - - [24/May/2022:16:35:06 -0500] "GET /catalogoisis/Js/Enter.js HTTP/1.1" 200 1208
186.84.40.109 - - [24/May/2022:16:35:06 -0500] "GET /catalogoisis/imagenes/br1c1.gif HTTP/1.1" 200 172
186.84.40.109 - - [24/May/2022:16:35:06 -0500] "GET /catalogoisis/imagenes/br1c3.gif HTTP/1.1" 200 302
186.84.40.109 - - [24/May/2022:16:35:06 -0500] "GET /catalogoisis/imagenes/aceptar1.gif HTTP/1.1" 200 604
186.84.40.109 - - [24/May/2022:16:35:06 -0500] "GET /catalogoisis/imagenes/br2c1.gif HTTP/1.1" 200 297
186.84.40.109 - - [24/May/2022:16:35:06 -0500] "GET /catalogoisis/imagenes/Turnbo1.gif HTTP/1.1" 200 227
186.84.40.109 - - [24/May/2022:16:35:06 -0500] "GET /catalogoisis/imagenes/br2c2.gif HTTP/1.1" 200 302
186.84.40.109 - - [24/May/2022:16:35:06 -0500] "GET /catalogoisis/imagenes/br1c2.gif HTTP/1.1" 200 297
186.84.40.109 - - [24/May/2022:16:35:06 -0500] "GET /catalogoisis/imagenes/br2c3.gif HTTP/1.1" 200 416
186.84.40.109 - - [24/May/2022:16:35:06 -0500] "GET /catalogoisis/imagenes/br3c3.gif HTTP/1.1" 200 186
186.84.40.109 - - [24/May/2022:16:35:06 -0500] "GET /catalogoisis/imagenes/Header.gif HTTP/1.1" 200 30313
186.84.40.109 - - [24/May/2022:16:35:06 -0500] "GET /catalogoisis/imagenes/limpiar1.gif HTTP/1.1" 200 606
186.84.40.109 - - [24/May/2022:16:35:06 -0500] "GET /catalogoisis/imagenes/br3c1.gif HTTP/1.1" 200 177
186.84.40.109 - - [24/May/2022:16:35:06 -0500] "GET /catalogoisis/imagenes/br3c2.gif HTTP/1.1" 200 285
186.84.40.109 - - [24/May/2022:16:35:06 -0500] "GET /favicon.ico HTTP/1.1" 200 7782
200.118.64.109 - - [24/May/2022:16:36:33 -0500] "POST /forms/lservlet;jsessionid=ac16012b30d67b9440c1de3d44dea49c86ee7a04acb5.e3iSbxaKaheRe34MbxmQaheMbNz0n6jAmljGr5XDqQLvpAe HTTP/1.1" 200 2
216.245.221.92 - - [24/May/2022:16:36:59 -0500] "HEAD / HTTP/1.1" 200 -
172.22.2.4 - - [24/May/2022:16:35:34 -0500] "HEAD /BLA/boletinlegal/ HTTP/1.1" 200 -
207.46.13.16 - - [24/May/2022:16:37:15 -0500] "GET / HTTP/1.1" 200 319
172.22.2.4 - - [24/May/2022:16:36:24 -0500] "GET /BLA/boletinlegal/ HTTP/1.1" 200 45411
172.22.2.4 - - [24/May/2022:16:38:24 -0500] "GET /BLA/boletinlegal/actos.php HTTP/1.1" 200 9559
172.22.2.4 - - [24/May/2022:16:38:24 -0500] "GET /BLA/boletinlegal/favicon.ico HTTP/1.1" 404 1230
172.22.2.4 - - [24/May/2022:16:36:44 -0500] "GET /BLA/boletinlegal/ HTTP/1.1" 200 46934
200.118.64.109 - - [24/May/2022:16:38:36 -0500] "POST /forms/lservlet;jsessionid=ac16012b30d67b9440c1de3d44dea49c86ee7a04acb5.e3iSbxaKaheRe34MbxmQaheMbNz0n6jAmljGr5XDqQLvpAe HTTP/1.1" 200 2
201.245.192.253 - - [24/May/2022:16:38:46 -0500] "POST /sipse/faces/presentacion/financiero/solicitudProceso/listarSolicitudProceso.xhtml HTTP/1.1" 200 123018
201.245.192.253 - - [24/May/2022:16:38:46 -0500] "GET /sipse/js/disable_browser_buttons.js HTTP/1.1" 304 -
201.245.192.253 - - [24/May/2022:16:38:46 -0500] "GET /sipse/js/jquery.min.js HTTP/1.1" 304 -
201.245.192.253 - - [24/May/2022:16:38:46 -0500] "GET /sipse/js/funciones.js HTTP/1.1" 304 -
201.245.192.253 - - [24/May/2022:16:38:46 -0500] "GET /sipse/faces/javax.faces.resource/jquery/jquery.js?ln=primefaces&v=4.0 HTTP/1.1" 304 -
201.245.192.253 - - [24/May/2022:16:38:46 -0500] "GET /sipse/faces/javax.faces.resource/jquery/jquery-plugins.js?ln=primefaces&v=4.0 HTTP/1.1" 304 -
201.245.192.253 - - [24/May/2022:16:38:46 -0500] "GET /sipse/faces/javax.faces.resource/primefaces.js?ln=primefaces&v=4.0 HTTP/1.1" 304 -
201.245.192.253 - - [24/May/2022:16:38:46 -0500] "GET /sipse/faces/javax.faces.resource/layout/layout.js?ln=primefaces&v=4.0 HTTP/1.1" 304 -
186.155.209.11 - - [24/May/2022:16:38:51 -0500] "GET /BLA/resoluciones/ HTTP/1.1" 200 13093
186.155.209.11 - - [24/May/2022:16:38:51 -0500] "GET /favicon.ico HTTP/1.1" 200 7782
186.155.209.11 - - [24/May/2022:16:38:58 -0500] "GET /BLA/resoluciones/index.php?dir=RESOLUCIONES+2006%2F HTTP/1.1" 200 38542
186.155.209.11 - - [24/May/2022:16:39:05 -0500] "GET /BLA/resoluciones/index.php?dir=RESOLUCIONES+2006%2FRES+2006+2451-2500%2F HTTP/1.1" 200 12154
186.155.209.11 - - [24/May/2022:16:39:08 -0500] "GET /BLA/resoluciones/RESOLUCIONES%202006/RES%202006%202451-2500/00002494.tif HTTP/1.1" 200 227870
172.22.2.4 - - [24/May/2022:16:38:22 -0500] "GET /BLA/boletinlegal/ HTTP/1.1" 200 63027
200.118.64.109 - - [24/May/2022:16:40:37 -0500] "POST /forms/lservlet;jsessionid=ac16012b30d67b9440c1de3d44dea49c86ee7a04acb5.e3iSbxaKaheRe34MbxmQaheMbNz0n6jAmljGr5XDqQLvpAe HTTP/1.1" 200 2
172.22.2.4 - - [24/May/2022:16:40:40 -0500] "GET /BLA/boletinlegal/Circulares/2019/.pdf HTTP/1.1" 404 1218
209.141.36.231 - - [24/May/2022:16:40:42 -0500] "GET /portaldeninos/ HTTP/1.1" 200 109662
211.95.50.7 - - [24/May/2022:16:40:46 -0500] "GET /portaldeninos/ HTTP/1.1" 200 109662
211.95.50.8 - - [24/May/2022:16:40:50 -0500] "GET /portaldeninos/wp-includes/js/jquery/jquery-migrate.min.js?ver=1.4.1 HTTP/1.1" 200 10056
211.95.50.7 - - [24/May/2022:16:40:51 -0500] "GET /portaldeninos/wp-content/plugins/gallery-videos/JS/modernizr.custom.js?ver=4.9.8 HTTP/1.1" 200 9019
211.95.50.7 - - [24/May/2022:16:40:51 -0500] "GET /portaldeninos/wp-includes/js/jquery/ui/core.min.js?ver=1.11.4 HTTP/1.1" 200 4000
211.95.50.7 - - [24/May/2022:16:40:51 -0500] "GET /portaldeninos/wp-content/plugins/google-analytics-for-wordpress/assets/js/frontend-gtag.min.js?ver=8.5.0 HTTP/1.1" 200 11801
211.95.50.7 - - [24/May/2022:16:40:51 -0500] "GET /portaldeninos/wp-content/plugins/gallery-videos/JS/Total-Soft-Gallery-Video-Widget.js?ver=4.9.8 HTTP/1.1" 200 80264
211.95.50.7 - - [24/May/2022:16:40:53 -0500] "GET /BLA/boletinlegal/js/jquery.scrollShow.js HTTP/1.1" 200 4586
211.95.50.7 - - [24/May/2022:16:40:53 -0500] "GET /galeria/galeria/jquery.fancybox.js?v=2.1.5 HTTP/1.1" 200 48706
211.95.50.8 - - [24/May/2022:16:40:50 -0500] "GET /portaldeninos/wp-includes/js/jquery/jquery.js?ver=1.12.4 HTTP/1.1" 200 97184
211.95.50.7 - - [24/May/2022:16:40:55 -0500] "GET /portaldeninos/wp-includes/js/jquery/ui/widget.min.js?ver=1.11.4 HTTP/1.1" 200 6908
211.95.50.7 - - [24/May/2022:16:40:55 -0500] "GET /galeria/carrusel/Carrusel/jquery-ui-1.8.13.custom.min.js HTTP/1.1" 200 10800
211.95.50.8 - - [24/May/2022:16:40:55 -0500] "GET /portaldeninos/wp-content/themes/betheme/js/menu.js?ver=20.9.6 HTTP/1.1" 200 2449
211.95.50.7 - - [24/May/2022:16:40:56 -0500] "GET /portaldeninos/wp-content/plugins/popup-maker/assets/js/site.min.js?defer&ver=1.8.14 HTTP/1.1" 502 1271
211.95.50.7 - - [24/May/2022:16:40:56 -0500] "GET /portaldeninos/wp-content/themes/betheme/assets/jplayer/jplayer.min.js?ver=20.9.6 HTTP/1.1" 502 1277
211.95.50.7 - - [24/May/2022:16:40:56 -0500] "GET /portaldeninos/wp-content/themes/betheme/js/plugins.js?ver=20.9.6 HTTP/1.1" 502 1245
211.95.50.7 - - [24/May/2022:16:40:56 -0500] "GET /portaldeninos/wp-includes/js/jquery/ui/mouse.min.js?ver=1.11.4 HTTP/1.1" 200 3148
211.95.50.7 - - [24/May/2022:16:40:56 -0500] "GET /portaldeninos/wp-content/themes/betheme/assets/animations/animations.min.js?ver=20.9.6 HTTP/1.1" 200 1896
211.95.50.7 - - [24/May/2022:16:40:56 -0500] "GET /portaldeninos/wp-includes/js/jquery/ui/accordion.min.js?ver=1.11.4 HTTP/1.1" 200 8584
211.95.50.8 - - [24/May/2022:16:40:55 -0500] "GET /portaldeninos/wp-includes/js/jquery/ui/tabs.min.js?ver=1.11.4 HTTP/1.1" 200 12110
211.95.50.7 - - [24/May/2022:16:40:57 -0500] "GET /galeria/carrusel/Carrusel/jquery.thumbnailScroller.js HTTP/1.1" 200 8157
211.95.50.7 - - [24/May/2022:16:40:56 -0500] "GET /portaldeninos/wp-includes/js/jquery/ui/sortable.min.js?ver=1.11.4 HTTP/1.1" 200 24899
211.95.50.7 - - [24/May/2022:16:40:56 -0500] "GET /portaldeninos/wp-content/themes/betheme/js/scripts.js?ver=20.9.6 HTTP/1.1" 200 77162
209.141.42.155 - - [24/May/2022:16:41:00 -0500] "GET /portaldeninos/wp-includes/js/wp-emoji-release.min.js?ver=4.9.8 HTTP/1.1" 200 12026
209.141.35.128 - - [24/May/2022:16:41:00 -0500] "GET /portaldeninos/wp-includes/js/jquery/ui/position.min.js?ver=1.11.4 HTTP/1.1" 200 6527
211.95.50.8 - - [24/May/2022:16:41:01 -0500] "GET /galeria/nivo-slider/demo/banner.html HTTP/1.1" 200 5446
8.31.2.62 - - [24/May/2022:16:41:01 -0500] "GET /portaldeninos/wp-includes/js/wp-embed.min.js?ver=4.9.8 HTTP/1.1" 200 1398
205.185.117.203 - - [24/May/2022:16:40:58 -0500] "GET /portaldeninos/ HTTP/1.1" 200 109662
211.95.50.8 - - [24/May/2022:16:41:01 -0500] "GET /portaldeninos/wp-content/themes/betheme/js/plugins.js?ver=20.9.6 HTTP/1.1" 200 162041
211.95.50.8 - - [24/May/2022:16:41:03 -0500] "GET /galeria/nivo-slider/jquery.nivo.slider.pack.js HTTP/1.1" 200 11561
211.95.50.7 - - [24/May/2022:16:41:03 -0500] "GET /galeria/nivo-slider/demo/scripts/jquery-1.7.1.min.js HTTP/1.1" 200 93868
209.141.51.222 - - [24/May/2022:16:41:08 -0500] "GET /portaldeninos/wp-content/themes/betheme/assets/jplayer/jplayer.min.js?ver=20.9.6 HTTP/1.1" 200 52702
101.227.1.196 - - [24/May/2022:16:41:10 -0500] "GET /BLA/boletinlegal/js/jquery.scrollShow.js HTTP/1.1" 200 4586
101.227.1.196 - - [24/May/2022:16:41:10 -0500] "GET /galeria/galeria/jquery.fancybox.js?v=2.1.5 HTTP/1.1" 200 48706
111.7.96.159 - - [24/May/2022:16:41:06 -0500] "GET /portaldeninos/ HTTP/1.1" 200 109662
111.7.96.159 - - [24/May/2022:16:41:11 -0500] "GET /portaldeninos/wp-includes/js/jquery/ui/core.min.js?ver=1.11.4 HTTP/1.1" 200 4000
111.7.96.159 - - [24/May/2022:16:41:11 -0500] "GET /portaldeninos/wp-content/plugins/gallery-videos/JS/modernizr.custom.js?ver=4.9.8 HTTP/1.1" 200 9019
211.95.50.7 - - [24/May/2022:16:41:10 -0500] "GET /portaldeninos/wp-content/plugins/popup-maker/assets/js/site.min.js?defer&ver=1.8.14 HTTP/1.1" 200 48457
101.227.1.196 - - [24/May/2022:16:41:14 -0500] "GET /galeria/carrusel/Carrusel/jquery-ui-1.8.13.custom.min.js HTTP/1.1" 200 10800
111.7.96.159 - - [24/May/2022:16:41:14 -0500] "GET /portaldeninos/wp-includes/js/jquery/jquery-migrate.min.js?ver=1.4.1 HTTP/1.1" 200 10056
101.227.1.197 - - [24/May/2022:16:41:16 -0500] "GET /galeria/carrusel/Carrusel/jquery.thumbnailScroller.js HTTP/1.1" 200 8157
111.7.96.159 - - [24/May/2022:16:41:11 -0500] "GET /portaldeninos/wp-content/plugins/google-analytics-for-wordpress/assets/js/frontend-gtag.min.js?ver=8.5.0 HTTP/1.1" 200 11801
101.227.1.197 - - [24/May/2022:16:41:18 -0500] "GET /galeria/nivo-slider/demo/banner.html HTTP/1.1" 200 5446
111.7.96.159 - - [24/May/2022:16:41:33 -0500] "GET /portaldeninos/wp-includes/js/wp-emoji-release.min.js?ver=4.9.8 HTTP/1.1" 200 12026
111.7.96.159 - - [24/May/2022:16:41:11 -0500] "GET /portaldeninos/wp-content/plugins/gallery-videos/JS/Total-Soft-Gallery-Video-Widget.js?ver=4.9.8 HTTP/1.1" 200 80264
111.7.96.159 - - [24/May/2022:16:41:11 -0500] "GET /portaldeninos/wp-includes/js/jquery/jquery.js?ver=1.12.4 HTTP/1.1" 200 88313
216.245.221.92 - - [24/May/2022:16:41:59 -0500] "HEAD / HTTP/1.1" 200 -
173.252.127.120 - - [24/May/2022:16:42:14 -0500] "GET /cerrados-los-caminos-de-los-cerros-orientales-por-jornada-electoral.html?fbclid=IwAR3BOl5gIAo_diuQlTkb9WSFQ1-tqTG6b122niIlHr2xjZeYletM5Spfk3c HTTP/1.1" 200 809
66.249.75.113 - - [24/May/2022:16:42:18 -0500] "-" 408 -
200.118.64.109 - - [24/May/2022:16:42:37 -0500] "POST /forms/lservlet;jsessionid=ac16012b30d67b9440c1de3d44dea49c86ee7a04acb5.e3iSbxaKaheRe34MbxmQaheMbNz0n6jAmljGr5XDqQLvpAe HTTP/1.1" 200 2
172.22.2.4 - - [24/May/2022:16:42:40 -0500] "GET /BLA/boletinlegal/consulta_conceptos.php?no=&solicitante=&radicado_entrada=&fecha_concepto=2019&objeto=Bert HTTP/1.1" 200 570
201.245.192.253 - - [24/May/2022:16:42:40 -0500] "GET /sipse/faces/javax.faces.resource/images/ui-bg_flat_0_2d5972_40x100.png?ln=primefaces-aristo HTTP/1.1" 304 -
201.245.192.253 - - [24/May/2022:16:42:40 -0500] "POST /sipse/faces/presentacion/financiero/solicitudProceso/consultarSolicitudProceso.xhtml HTTP/1.1" 200 5479
172.22.2.4 - - [24/May/2022:16:42:45 -0500] "GET /BLA/boletinlegal/consulta_conceptos.php?no=&solicitante=&radicado_entrada=&fecha_concepto=2019&objeto=Vertimientos HTTP/1.1" 200 1689
201.245.192.253 - - [24/May/2022:16:41:58 -0500] "POST /kwsrmcab/Wsrmcab HTTP/1.1" 200 47231
181.50.143.30 - - [24/May/2022:16:42:51 -0500] "GET /appsia/controlador HTTP/1.1" 200 4799
181.50.143.30 - - [24/May/2022:16:42:56 -0500] "POST /appsia/controlador HTTP/1.1" 200 5437
181.50.143.30 - - [24/May/2022:16:42:59 -0500] "POST /appsia/controlador HTTP/1.1" 200 7771
181.50.143.30 - - [24/May/2022:16:43:00 -0500] "POST /appsia/controlador HTTP/1.1" 200 6636
172.22.2.4 - - [24/May/2022:16:43:01 -0500] "GET /BLA/boletinlegal/conceptos/2019/21.pdf HTTP/1.1" 200 498163
181.50.143.30 - - [24/May/2022:16:43:01 -0500] "POST /appsia/controlador HTTP/1.1" 200 10567
172.22.2.4 - - [24/May/2022:16:41:24 -0500] "HEAD /BLA/boletinlegal/ HTTP/1.1" 200 -
181.50.143.30 - - [24/May/2022:16:43:04 -0500] "POST /appsia/controlador HTTP/1.1" 200 75880
172.22.2.4 - - [24/May/2022:16:43:26 -0500] "GET /BLA/boletinlegal/apple-touch-icon-precomposed.png HTTP/1.1" 404 1140
201.245.192.253 - - [24/May/2022:16:42:50 -0500] "POST /kwsrmcab/Wsrmcab HTTP/1.1" 200 47559
172.22.2.4 - - [24/May/2022:16:43:53 -0500] "GET /BLA/boletinlegal/consulta_conceptos.php?no=&solicitante=&radicado_entrada=&fecha_concepto=2011&objeto=Vertimientos HTTP/1.1" 200 952
172.22.2.4 - - [24/May/2022:16:42:14 -0500] "GET /BLA/boletinlegal/ HTTP/1.1" 200 60973
172.22.2.4 - - [24/May/2022:16:43:58 -0500] "GET /BLA/boletinlegal/conceptos/2011/174.pdf HTTP/1.1" 200 430735
200.118.64.109 - - [24/May/2022:16:44:37 -0500] "POST /forms/lservlet;jsessionid=ac16012b30d67b9440c1de3d44dea49c86ee7a04acb5.e3iSbxaKaheRe34MbxmQaheMbNz0n6jAmljGr5XDqQLvpAe HTTP/1.1" 200 2
51.75.241.40 - - [24/May/2022:16:44:43 -0500] "GET /BLA/boletinlegal/Directivas/2013/Directiva%20No.%203%20del%2016%20de%20julio%20de%202013.pdf HTTP/1.1" 200 127414
186.102.34.27 - - [24/May/2022:16:45:27 -0500] "GET /kwssiamovil/sm/acme/a?s=U2FsdGVkX180BI205Ar4PFjP5VVsM9pDqHYrnNp105ZA3WyqevUoDuoy1yD73Zk3Y93Lb+wBmXUYvFtRrIAt5loC2b1E0K4MYtn91EjG13r7/anjWldcQjwER3Ctbs0GHhokkrUUX5jN8A/9nNzQCTGoks+NFTHKndVRWSQVgTUpeSVyUmJ/pw7/JPSl9MVFAuSOEkuRLBynECO3HasEAWKcfcCy6MJxF7WGiQp8rjQlkn0BybnlcYFxCMEoAkYOZpzIY6ovfZOIaqKpdWJWStMoOqUsgES150zbiNXrBlA=&u=U2FsdGVkX1+WDPcF1spynsxX5K9J8f99/AxQpAPRBSnVTR9gjWbMzKIuGB5PXVMR&y=U2FsdGVkX19YGx05xeQo3IeSHjM9qQKgrV3FVGPW/Ktl3OMkkW8Kv6HeQlKToBCq HTTP/1.1" 200 25
186.102.34.27 - - [24/May/2022:16:45:27 -0500] "GET /kwssiamovil/sm/acme/a?s=U2FsdGVkX1/5+/lJK0u4uFBPcQSdfGVfPsV59m2PgMhDQJdpZEhIuarTfrRE28YyFRQ92Kmx2qjuyiYZ9bQC8kx33fYDHSCEMMgYUizS0r6Oqq6vCpUqKItbbdlrD8HiWMFBl5SSFYLlkUTigtip4d65D1hpcg+CtkGQCH3+fsn9h9Z4u+gMPGaLkk0M5r/L+o8980j354s3FRR82UkLslUprjtKJjHaJarwg4yv06CaOSiT5Pxqpg2A1rotAoh2M+H/mvSk4iDo1PRSBNmZyux14Yy8aZLVHL9wMd5aAzB8OmmWQAsk1XapG6MofPZIE1gHUh78pyJ4wBsIzsQ3ispbhDUuqif+7VYBBi23intINX5BhQruFxEQ6w39tK9p2qvyXRfq/zcH9An25vuGUYhX8wGM6w0jb6kAa0mdPbFWihwiNbe5qGeqq5/P+HJZDkISLturyAUs4iwwyHhK4u4gOrqSahZYJc5HBMEL/RFAYvGncwmDX9gifrlkM4Tiz6/mViU8Uj646rTTOZTc/G/hKK36p3fuEId0Idx5cBH4ZL9LowqNmbR+erXOjbffVRxMM8X124xgM2g+YTczRHyhKS2ZsyScVscFOgoyUc0Sv7mA9Xods3SbT7+Rop4oBqtTU49hBsGeN3YgA1LxSgUBCJ7TS/3+DLmQ7ko8K6Wm6gb8TsIlpT/5l2hu0t35fRZ5+0ymVETJ7kjC1B95xevxgpGCvdfYBhchhoi2HM1eYu69xFX9sC4aTbGncU6iZjfysE06KmdWANDNswDidnnEPUffrvEOrcjR8KAYdC5TLBDHolVH+UbOJevKyYExNuUR8o/8BSTKppIjiDkvLJtjvapeehTBqko0G3TRO91gtQatghDCr1Xw+CoQF6qV9o9aQJ1f4Pc/61RcS+FYA1t9/6BGV31524A/N6VW32s5U2zAStSlb19bdYWBUuoxqwV+d5JlsH/Qxxuq+XTU3x0kbxk7awI5a1cINiUfAHXopG76OXDV2ivgYx0XEhWBm1bYR3j3/PDyQrFjbfgorLyeaDPMlBPQSucsAQ70czvydP6vY8sslX/Kc2JScxh+jwg5+bKWRQurKvTs91Htl3+K2dnEqryqfS4oweitNJckN48imQO7f3S9BnOnpaY68eGW6MivZ6sGvSnNvtegdUSsCF+8SchnkrstH+3fH30XOCsy9h2IP0hnaL/zXd4OOpkWAl/J3d3eY/1Fb3RgVJKdPoPwXmuwn6/EGsiPpLI5nYdUBVKvdraFfz4Jo33nbaAgxcEP+1a1jvUsCCPkbwrdZ4kOtSoYQkjXrsGCYTzGXBIMHuuTrMWyw0S0AP3TqBtHQ770WXJDc03CdMR0w0GZTm9OUTZmTOTrH5jfE85Ywbw/YMv0oFulXbhnZEZbRoeNR8XlNmPfTgNc3iF6uG21kzrBWN/oiABQwXGWdZVVha4rUQ46dOPER8l9EPCibKIRVa387p1b+Je9JfzllwvZE4o1jHCFQZ59qudzHdRvROXuzKXErSsbUA3UIyI1JPHAZ8fOCBCQsuKd7nqauwH+Y6dZsSv+tdktfnVQ5PoRwsXrX7DDiTQrOJYS2nBrbGRCReezbpPlFLZ1RAp4muTZWFwMDnkZhmvtSRGblxXgi/pSV/LeSXMvQWUg/erbiJTVI+xnp7hM/Vye3Xf1nTSbc0v9hRSUgqW408SktwPQ3707ek+nQSTYg+oKuf4LAygZmWYF3gF4r/5CSznwnvjm+hNTln5kHviuOvr3QriLXQRA4DECnaYAtsH99GPfqTFq+Dvzg/cLtCx4Y0dhaVB8TlKwIsxtqV/o3Uqjnx0SJFeF6txeEZ0gJumrUgK19Y1DUakU3vHJ/Nr/MZn0u2l6hFuMn0k3CWRfAf0K/RDrmOFhUdtQBulaWAvcytq5GlSAEtWCmLa4+/A5L4YRpVl23UKNJs6akBF0e2P0ZcAoK4iLREthhmzE5zCc88gLYPtbx7iBSwHVeoBgTevA8Kixf/yIlD7z57LPop3EERv1s7EJJfh1RG89ScGJ/uiIcPwS2vppchqv3B8omq3e4IMzBIiV6ENL3+0kHrZI10lcxzMllT+EV0KmOZUjiBx+aJjTHw3hJtXGrIMsdf1lH9H64Pk7BGWut02kx3Kmo3r1tlLvibMTce208Hv99NaqowOFTgL1bsjBD5uJtIHcGKoWfl/TsnxwHfY9lBgaXLOnDuftOlzvDrjeqAdU6EF9dMswH62pC5kXnGcrdxMfAaEKW7qzJ7mG+WBGLNHxXfXcPb/GL6m6BQ1801C6XWujqL89IzCizTcY8cOOIrn5NPvhRrWMUH7wdYrkRtGl5MMQudDh9fiuz5FzWCO74GHLijjbHqrny5U9ioDpemvd4sQKBpRG8SnE0umjeqc2LRy/HAHXHgYV5uFAVoKrsVxOygpKLS33k6Ka0xUflartgDugilXvcTBxKQN19ck85m18HVZ+U6Yzat1S/driwYBqDHwnyW8t72qxeJ0OA27XCwclLJLzSAvoOiAqW8dq2x6dmakI/yi+/CyTxUFHbvr6To6nnLGEj/od3O/Kq6f8lbI+5Yrcz/820TmtOyP7bd41Fu/18EAFXpMufZ0u4+v4v9TGWnBR8eWZfygBNIQB0bLQQoVpiUwb85bGK0iXayGJ4rKjpDLAG8Ed2saSZUK12rpS3XQ6XhjX2qWXj2O0IjME/DKnyxbFPWPAzHT10pnL1msaF+I9u/eStMZ+MWCxCrnoa2WySmMsoxTb4iQ3330ptTJzGOtobmFp/fzOooG3x3R2qRC829QmbgrvKWcmHWr8p9NSOoGqoL42aypc0476erD8P2lgUE769JbI9/QIk9OSllzWsKVAvDBlu2m/JhfDIgei0hZ61kFypPiKZKqPOLAu8XXQXdBMjtOAAZmYzE5UiDkZdl+/Ofss8CIxALmt77iuBLS79owxlH+sqbtyijboaWIJhEKLUCORBZg0E7871AbMCGHChSheqnKChqybjU62iA6YJVmPteVR/kucXR3ByfCxVWHJ4fYCSUAnSro79IOr0ZYQ21v/CmMUHZbufdlgUTVFbPj1ERF2SOGPVvovZHhJiHGg+qA5/8eS8f7po43nO2HkAmltRlXU5FM+7AAmSvqe01hZ1S1o9WM7JKb3gNssNaIjDYBrO/fmQdA7KpInuD6bPmwBBnf/PTg3krPhfVqjxOLonDpnIexTs4QZmrcd8f6gJqj+IoL+JHbRbnpvH1gEY7/C7p7LQ4YkLuvoMF4OgoGctu7zYyn1kTBMQkS37bLkYzwAcCgthqJcHxIVzpP7CD4RG9vDYBCbGDBp9ePLAC3/QWZXtpTgZGWfvI6eYFQ+1O6cbnpOU8iHx4ZmdXKprH+N2jSWYE1MtAagag7xBcGsdjsgqdkKW/cYI1BJofpkx3XFeFKwTztF5IHCMHTvTEiKqS7thKucKL8V3yZpsEhg0Wga8Ka17hwq2c9MiWMnQ88UQ2H1aYI0uTZUaKxeMKjKwrfZj2rWU3HcXROvhHDTOS0R0QdA2WVlUu3MuRZRADVciDzP0dWrjiQ2BY46/Qi+RvP6ekJkKxodY+ejL2wm366CcEaiiSfFkFayX8B8Zu5eciLSBlJQHclEj6qmjR5bYDLDCrhFHr0yuLS/Qf46Dcr0xQoxhskTG3B8A4WSlX0p5sVelHAdG/FCZBFB7aNepq1hfSTGK65QYUoYo/kPsKgedq4YIRgRclegITRbp7qeL5eh1aPpfgCIQWuEC8Lpu14a5hVlV2uc8yca1FqAtqqoVqZIZJGpuC+3ik90zTNBqloYzZN1ROjfYzncmJ73Qi7piA2kNlKul/vs5HA3zAyWq0QTxYy5qzExR9KWDOMA1ERtkZUTCu530BIzguBWfHPx0RbI5EOHFEzREricwaLB/rBk20FILhPq1ymT5EPuYTsR7Pg67wTXc6EHT/T3KUu84+PagHl9JLbPQR11RCz7PRtdC9iXhBcDp553CYY9/becRrBnI3JlO3o4lyKpQJD3PCOulrt7SqzbBRVse/X35YYtIqPklPvOoBSi9hRvqKcwTOeGMNzUKg6dLUTHq0Ck&u=U2FsdGVkX1+WDPcF1spynsxX5K9J8f99/AxQpAPRBSnVTR9gjWbMzKIuGB5PXVMR&y=U2FsdGVkX19YGx05xeQo3IeSHjM9qQKgrV3FVGPW/Ktl3OMkkW8Kv6HeQlKToBCq HTTP/1.1" 200 25
186.102.34.27 - - [24/May/2022:16:45:28 -0500] "GET /kwssiamovil/sm/acme/a?s=U2FsdGVkX1/wouoSdZUMdTJH6z8IvAP497rUqESnF0cs+g841tJtFMmx3trTKDuZvdpDlFIR7LJoZn088hN9BWkhKSlj6uHjEDy5fd13s2Uw1PBFan+jnzolOnUbNVEgRQa4VS7sitUflPvx6W/9U2dCz3Lji17hFxjQBSBqS6E=&u=U2FsdGVkX1+WDPcF1spynsxX5K9J8f99/AxQpAPRBSnVTR9gjWbMzKIuGB5PXVMR&y=U2FsdGVkX19YGx05xeQo3IeSHjM9qQKgrV3FVGPW/Ktl3OMkkW8Kv6HeQlKToBCq HTTP/1.1" 200 25
186.102.34.27 - - [24/May/2022:16:45:28 -0500] "GET /kwssiamovil/sm/acme/a?s=U2FsdGVkX191JDErftNLnWp0Pf8Ca8s2jallXdcvy83eGvG1ffLDpZ46ySsSzvU+mYpaDdAshF4kviwxHjs07gP6BMmYsr06Jjzo4KsMxmHyfvsQXruxsuEKKo1CP2Ffl8NjJYIiGFwuRwwuqSBugGE2xAAkM3nvLF4Vq2sEHeo=&u=U2FsdGVkX1+WDPcF1spynsxX5K9J8f99/AxQpAPRBSnVTR9gjWbMzKIuGB5PXVMR&y=U2FsdGVkX19YGx05xeQo3IeSHjM9qQKgrV3FVGPW/Ktl3OMkkW8Kv6HeQlKToBCq HTTP/1.1" 200 25
181.50.143.30 - - [24/May/2022:16:45:28 -0500] "POST /appsia/controlador HTTP/1.1" 200 7771
186.102.34.27 - - [24/May/2022:16:45:28 -0500] "GET /kwssiamovil/sm/acme/a?s=U2FsdGVkX18xq0zvx78UhXp0+Wl0l4u1rq4PZwx8hWuAJjYuWDCV9ajnfLB0aSXzcZ9jShFoIbHL9wHl6Y/GuMus4lrMsoeAzR3gh/8a8hie1Av1kE/J9BOkXrtCYgDlDIOcu0uYGGsjQ/LpqzcTR+cECc3bs8dujOfnurCRGEk=&u=U2FsdGVkX1+WDPcF1spynsxX5K9J8f99/AxQpAPRBSnVTR9gjWbMzKIuGB5PXVMR&y=U2FsdGVkX19YGx05xeQo3IeSHjM9qQKgrV3FVGPW/Ktl3OMkkW8Kv6HeQlKToBCq HTTP/1.1" 200 25
186.102.34.27 - - [24/May/2022:16:45:28 -0500] "GET /kwssiamovil/sm/acme/a?s=U2FsdGVkX1/5tme7kLpNVnMfa57KX7XHNGSisJ60Nr7UjfKYmi4xkYpeoorFmIclheC8FUFIKycPZw1S/lbJOCBN4Puqjl/jc51VxLS4mQtjJch5tN3uObTJpLoI+4zNucKZanNgX2v9YAILd84nYCv9uL0vC7dNXSxUopV1JqH/NgIwixVPnqSUvJ2ehER4jSNw84EV3dIvJkB9+dTEkQ==&u=U2FsdGVkX1+WDPcF1spynsxX5K9J8f99/AxQpAPRBSnVTR9gjWbMzKIuGB5PXVMR&y=U2FsdGVkX19YGx05xeQo3IeSHjM9qQKgrV3FVGPW/Ktl3OMkkW8Kv6HeQlKToBCq HTTP/1.1" 200 25
181.50.143.30 - - [24/May/2022:16:45:29 -0500] "POST /appsia/controlador HTTP/1.1" 200 5437
181.50.143.30 - - [24/May/2022:16:45:30 -0500] "POST /appsia/controlador HTTP/1.1" 200 4799
172.22.2.4 - - [24/May/2022:16:45:45 -0500] "GET /BLA/boletinlegal/consulta_conceptos.php?no=&solicitante=&radicado_entrada=&fecha_concepto=2010&objeto=Vertimientos HTTP/1.1" 200 971
172.22.2.4 - - [24/May/2022:16:45:48 -0500] "GET /BLA/boletinlegal/actos.php HTTP/1.1" 200 9559
172.22.2.4 - - [24/May/2022:16:45:49 -0500] "GET /BLA/boletinlegal/favicon.ico HTTP/1.1" 404 1326
186.80.52.68 - - [24/May/2022:16:45:54 -0500] "GET /cerrados-los-caminos-de-los-cerros-orientales-por-jornada-electoral.html HTTP/1.1" 200 809
172.22.2.4 - - [24/May/2022:16:45:55 -0500] "GET /BLA/boletinlegal/conceptos/2010/136.pdf HTTP/1.1" 200 78697
186.102.34.27 - - [24/May/2022:16:45:57 -0500] "GET /kwssiamovil/sm/acme/a?s=U2FsdGVkX1+PgCQcayNP30PepzOWEsK/ApIkUcDDHUhytMcOM6Qh9gEu94X95KMV7igW0XVDNpfcqx96nrbZuC8QaMrJcB/5pqT4Mje8/syPtWxJ7aP+aYvB5fcbRl4+xnulMx6LBKo17WzpPDCEXL7EnGXhtDLpFO+gU0H9uLDFFa9rzXUo3Vy2hiEvDrCuMEA2NRDpaBTbKICQL6EgFMGZTp5ZQv70q5pbao3mjpFoDPXWK+6RRGwYgbqIPg581REuExAVEUAufxqAPVRYQuPSMiG7drrDJzx60k4seNg=&u=U2FsdGVkX1+WDPcF1spynsxX5K9J8f99/AxQpAPRBSnVTR9gjWbMzKIuGB5PXVMR&y=U2FsdGVkX19YGx05xeQo3IeSHjM9qQKgrV3FVGPW/Ktl3OMkkW8Kv6HeQlKToBCq HTTP/1.1" 200 25
190.26.20.176 - - [24/May/2022:16:46:07 -0500] "GET /BLA/resoluciones/RESOLUCIONES%202021/5262.pdf HTTP/1.1" 200 370932
172.22.2.4 - - [24/May/2022:16:46:08 -0500] "GET /BLA/boletinlegal/consulta_conceptos.php?no=&solicitante=&radicado_entrada=&fecha_concepto=2012&objeto=Vertimientos HTTP/1.1" 200 570
172.22.2.4 - - [24/May/2022:16:46:08 -0500] "GET /BLA/boletinlegal/consulta_actos.php?tipo=autos&no=3263&usuario=&sector=SILVICULTURA&fecha=2021&resuelve= HTTP/1.1" 200 1140
201.245.192.253 - - [24/May/2022:16:46:09 -0500] "POST /sipse/faces/presentacion/financiero/solicitudProceso/consultarSolicitudProceso.xhtml HTTP/1.1" 200 5497
201.245.192.253 - - [24/May/2022:16:46:09 -0500] "GET /sipse/faces/javax.faces.resource/dynamiccontent.properties?ln=primefaces&pfdrid=XjOR5%2F%2FfPAZAuY9TpWQeCiM0BhlXxYRBGKi%2FQcXXfeA%3D&pfdrid_c=false HTTP/1.1" 200 107656
172.22.2.4 - - [24/May/2022:16:46:13 -0500] "GET /BLA/boletinlegal/consulta_conceptos.php?no=&solicitante=&radicado_entrada=&fecha_concepto=2013&objeto=Vertimientos HTTP/1.1" 200 2117
172.22.2.4 - - [24/May/2022:16:46:30 -0500] "GET /BLA/boletinlegal/conceptos/2013/30.pdf HTTP/1.1" 200 736744
172.22.2.4 - - [24/May/2022:16:46:41 -0500] "GET /BLA/boletinlegal/conceptos/2013/52.pdf HTTP/1.1" 200 678512
200.118.64.109 - - [24/May/2022:16:46:40 -0500] "POST /forms/lservlet;jsessionid=ac16012b30d67b9440c1de3d44dea49c86ee7a04acb5.e3iSbxaKaheRe34MbxmQaheMbNz0n6jAmljGr5XDqQLvpAe HTTP/1.1" 200 2
216.245.221.92 - - [24/May/2022:16:46:59 -0500] "HEAD / HTTP/1.1" 200 -
172.22.2.4 - - [24/May/2022:16:47:03 -0500] "GET /BLA/boletinlegal/conceptos/2013/105.pdf HTTP/1.1" 200 768982
186.102.34.27 - - [24/May/2022:16:47:10 -0500] "GET /kwssiamovil/sm/acme/a?s=U2FsdGVkX1/LP8JTNjH8Vw0Qvw1BPRWvNav/jb0mk1aGUwGdn+ro99hVpCmW8FAcGVHlMsKCaQbBdjYLEtUTmEAr1qjOFQCdSxK4nl1xIGGOm4WnJVLua6XpO9Lf+2dm+c1kssLVihgm1ugEJce1eksEgYF7iCxNdN9lVi9+ci4nZngO9avWWIM5HOhR8Km5lZ3+CfQ2Zdd2BfQil7g3WochBgphmGWQyfWswUJcxP58dz2tqaLudeMi5lJJv6Vyq2r0OG5eXZ2s0cYgoCfXxVrdT8i/nYcbAo665120uVM=&u=U2FsdGVkX1+WDPcF1spynsxX5K9J8f99/AxQpAPRBSnVTR9gjWbMzKIuGB5PXVMR&y=U2FsdGVkX19YGx05xeQo3IeSHjM9qQKgrV3FVGPW/Ktl3OMkkW8Kv6HeQlKToBCq HTTP/1.1" 200 25
172.22.2.4 - - [24/May/2022:16:47:33 -0500] "GET /BLA/boletinlegal/consulta_conceptos.php?no=&solicitante=&radicado_entrada=&fecha_concepto=2014&objeto=Vertimientos HTTP/1.1" 200 2177
31.13.127.3 - - [24/May/2022:16:47:33 -0500] "GET /images/la-vieja-mayo-24.jpg HTTP/1.1" 200 58217
161.18.175.108 - - [24/May/2022:16:47:50 -0500] "GET /BLA/resoluciones/index.php?dir=RESOLUCIONES+2014%2F HTTP/1.1" 200 12235
161.18.175.108 - - [24/May/2022:16:47:51 -0500] "GET /BLA/resoluciones/index.php?dir=RESOLUCIONES+2014%2F HTTP/1.1" 200 333168
172.22.2.4 - - [24/May/2022:16:47:59 -0500] "GET /BLA/boletinlegal/consulta_conceptos.php?no=&solicitante=&radicado_entrada=&fecha_concepto=2015&objeto=Vertimientos HTTP/1.1" 200 1405
172.22.2.4 - - [24/May/2022:16:48:18 -0500] "GET /BLA/boletinlegal/consulta_conceptos.php?no=&solicitante=&radicado_entrada=&fecha_concepto=2016&objeto=Vertimientos HTTP/1.1" 200 3461
201.245.192.253 - - [24/May/2022:16:48:19 -0500] "POST /sipse/faces/presentacion/financiero/solicitudProceso/consultarSolicitudProceso.xhtml HTTP/1.1" 200 5479
200.118.64.109 - - [24/May/2022:16:48:42 -0500] "POST /forms/lservlet;jsessionid=ac16012b30d67b9440c1de3d44dea49c86ee7a04acb5.e3iSbxaKaheRe34MbxmQaheMbNz0n6jAmljGr5XDqQLvpAe HTTP/1.1" 200 2
172.22.2.4 - - [24/May/2022:16:48:48 -0500] "GET /BLA/boletinlegal/consulta_conceptos.php?no=&solicitante=&radicado_entrada=&fecha_concepto=2017&objeto=Vertimientos HTTP/1.1" 200 2959
172.22.2.4 - - [24/May/2022:16:47:14 -0500] "HEAD /BLA/boletinlegal/ HTTP/1.1" 200 -
69.171.251.6 - - [24/May/2022:16:48:55 -0500] "GET /images/eficiencia-energetica-11-marzo.jpg HTTP/1.1" 200 46478
172.22.2.4 - - [24/May/2022:16:48:57 -0500] "GET /BLA/boletinlegal/consulta_conceptos.php?no=&solicitante=&radicado_entrada=&fecha_concepto=2017&objeto=Vertimientos HTTP/1.1" 200 2959
13.66.5.224 - - [24/May/2022:16:49:04 -0500] "GET /cerrados-los-caminos-de-los-cerros-orientales-por-jornada-electoral.html HTTP/1.1" 200 809
45.140.189.120 - - [24/May/2022:16:49:05 -0500] "GET / HTTP/1.1" 200 319
172.22.2.4 - - [24/May/2022:16:48:04 -0500] "GET /BLA/boletinlegal/ HTTP/1.1" 200 58482
157.55.39.127 - - [24/May/2022:16:49:55 -0500] "GET /galeria/galeria/fotos/GuaymaralTorca1G.jpg HTTP/1.1" 200 539636
207.46.13.67 - - [24/May/2022:16:49:58 -0500] "GET / HTTP/1.1" 200 319
200.118.64.109 - - [24/May/2022:16:50:42 -0500] "POST /forms/lservlet;jsessionid=ac16012b30d67b9440c1de3d44dea49c86ee7a04acb5.e3iSbxaKaheRe34MbxmQaheMbNz0n6jAmljGr5XDqQLvpAe HTTP/1.1" 200 2
181.61.157.101 - - [24/May/2022:16:51:19 -0500] "GET /forest/ HTTP/1.1" 200 12041
181.61.157.101 - - [24/May/2022:16:51:31 -0500] "POST /forest/index.php HTTP/1.1" 200 12268
216.245.221.92 - - [24/May/2022:16:51:59 -0500] "HEAD / HTTP/1.1" 200 -
200.118.64.109 - - [24/May/2022:16:52:42 -0500] "POST /forms/lservlet;jsessionid=ac16012b30d67b9440c1de3d44dea49c86ee7a04acb5.e3iSbxaKaheRe34MbxmQaheMbNz0n6jAmljGr5XDqQLvpAe HTTP/1.1" 200 2
172.22.2.4 - - [24/May/2022:16:53:10 -0500] "GET /BLA/boletinlegal/style.css HTTP/1.1" 200 9406
172.22.2.4 - - [24/May/2022:16:53:10 -0500] "GET /BLA/boletinlegal/styles2.css HTTP/1.1" 200 1838
172.22.2.4 - - [24/May/2022:16:53:10 -0500] "GET /BLA/boletinlegal/js/jquery.js HTTP/1.1" 200 57254
172.22.2.4 - - [24/May/2022:16:53:10 -0500] "GET /BLA/boletinlegal/js/jquery.scrollTo-min.js HTTP/1.1" 200 1150
172.22.2.4 - - [24/May/2022:16:53:10 -0500] "GET /BLA/boletinlegal/images/cabezote%20BLEGAL.jpg HTTP/1.1" 200 118164
172.22.2.4 - - [24/May/2022:16:53:10 -0500] "GET /BLA/boletinlegal/images/subscribe-icon-big.png HTTP/1.1" 200 47702
172.22.2.4 - - [24/May/2022:16:53:10 -0500] "GET /BLA/boletinlegal/js/jquery.scrollShow.js HTTP/1.1" 200 4586
172.22.2.4 - - [24/May/2022:16:53:10 -0500] "GET /BLA/boletinlegal/images/historia.png HTTP/1.1" 200 52775
172.22.2.4 - - [24/May/2022:16:53:10 -0500] "GET /BLA/boletinlegal/images/registro-usuarios.png HTTP/1.1" 200 8106
172.22.2.4 - - [24/May/2022:16:53:10 -0500] "GET /BLA/boletinlegal/images/launch.jpg HTTP/1.1" 200 14577
172.22.2.4 - - [24/May/2022:16:53:10 -0500] "GET /BLA/boletinlegal/images/arr_l.jpg HTTP/1.1" 200 1979
