186.102.41.82 - - [06/Jun/2022:05:28:34 -0500] "GET /kwssiamovil/sm/ldap/au?x=U2FsdGVkX1/lB5yAWz3isAWER86pS9nA+6OmZRkOLPp73J80QXcVlwLMT/cb6s6H&y=U2FsdGVkX19rhohWK16VBENt1GVTpmW1UWYTrewcK09KbnzIzEv009tN22TZFyKL HTTP/1.1" 200 30
186.102.41.82 - - [06/Jun/2022:05:28:34 -0500] "GET /kwssiamovil/sm/acme/s?s=U2FsdGVkX1+x0RvotgAF+aYPO/oaImpXJecgVshXwQEjxvNoq9B9DOYNukBLHGLVujHUTsI2ya6EDqdnPp8ben7easqlY54sb9smiB6FhxE=&u=U2FsdGVkX185gu3jhMPC2Egl5Sggt948eatG5ohlQrg=&y=U2FsdGVkX19rhohWK16VBENt1GVTpmW1UWYTrewcK09KbnzIzEv009tN22TZFyKL HTTP/1.1" 200 97
172.22.2.4 - - [06/Jun/2022:05:26:57 -0500] "GET /BLA/boletinlegal/ HTTP/1.1" 200 60973
27.115.124.70 - - [06/Jun/2022:05:30:14 -0500] "GET / HTTP/1.1" 200 319
157.55.39.127 - - [06/Jun/2022:05:30:50 -0500] "GET /BLA/resoluciones/RESOLUCIONES%202006/RES%202006%201401-1450/00001430.tif HTTP/1.1" 200 330262
216.245.221.92 - - [06/Jun/2022:05:30:53 -0500] "HEAD / HTTP/1.1" 200 -
201.245.192.253 - - [06/Jun/2022:05:31:58 -0500] "POST /kwsrmcab/Wsrmcab HTTP/1.1" 200 46773
172.22.2.4 - - [06/Jun/2022:05:31:57 -0500] "HEAD /BLA/boletinlegal/ HTTP/1.1" 200 -
201.245.192.253 - - [06/Jun/2022:05:32:50 -0500] "POST /kwsrmcab/Wsrmcab HTTP/1.1" 200 47385
172.22.2.4 - - [06/Jun/2022:05:32:47 -0500] "GET /BLA/boletinlegal/ HTTP/1.1" 200 60973
207.46.13.67 - - [06/Jun/2022:05:34:35 -0500] "GET / HTTP/1.1" 200 319
173.252.111.23 - - [06/Jun/2022:05:35:27 -0500] "GET /images/plantacion-humedal-burro-4-junio.jpg HTTP/1.1" 200 63607
173.252.107.117 - - [06/Jun/2022:05:35:27 -0500] "GET /semana-ambiental-500-arboles-plantados-en-el-humedal-el-burro.html HTTP/1.1" 206 768
173.252.107.117 - - [06/Jun/2022:05:35:27 -0500] "GET /semana-ambiental-500-arboles-plantados-en-el-humedal-el-burro.html HTTP/1.1" 206 768
173.252.83.24 - - [06/Jun/2022:05:35:27 -0500] "GET /images/plantacion-humedal-burro-4-junio.jpg HTTP/1.1" 200 63607
31.13.115.15 - - [06/Jun/2022:05:35:27 -0500] "GET /images/plantacion-humedal-burro-4-junio.jpg HTTP/1.1" 200 63607
31.13.127.28 - - [06/Jun/2022:05:35:27 -0500] "GET /images/plantacion-humedal-burro-4-junio.jpg HTTP/1.1" 200 63607
216.245.221.92 - - [06/Jun/2022:05:35:53 -0500] "HEAD / HTTP/1.1" 200 -
172.22.2.4 - - [06/Jun/2022:05:36:08 -0500] "GET /BLA/boletinlegal/Directivas/2012/Directiva%20No.%201%20del%2030%20de%20octubre%20de%202012.pdf HTTP/1.1" 304 -
157.55.39.127 - - [06/Jun/2022:05:36:10 -0500] "GET /BLA/resoluciones/RESOLUCIONES%202000/2000%201600-1649.tif HTTP/1.1" 200 4758753
172.22.2.4 - - [06/Jun/2022:05:37:47 -0500] "HEAD /BLA/boletinlegal/ HTTP/1.1" 200 -
172.22.2.4 - - [06/Jun/2022:05:38:37 -0500] "GET /BLA/boletinlegal/ HTTP/1.1" 200 60973
216.245.221.92 - - [06/Jun/2022:05:40:53 -0500] "HEAD / HTTP/1.1" 200 -
172.22.2.4 - - [06/Jun/2022:05:41:07 -0500] "GET /BLA/boletinlegal/ HTTP/1.1" 200 63427
201.245.192.253 - - [06/Jun/2022:05:41:58 -0500] "POST /kwsrmcab/Wsrmcab HTTP/1.1" 200 46773
201.245.192.253 - - [06/Jun/2022:05:42:48 -0500] "POST /kwsrmcab/Wsrmcab HTTP/1.1" 200 47385
40.77.167.79 - - [06/Jun/2022:05:43:51 -0500] "GET /BLA/resoluciones/00000381.tif HTTP/1.1" 404 1018
157.55.39.8 - - [06/Jun/2022:05:44:32 -0500] "GET /BLA/resoluciones/00001440.tif HTTP/1.1" 404 1018
173.252.127.18 - - [06/Jun/2022:05:45:05 -0500] "GET /images/Junio%2002-experiencias-jardines-verticales-sda.jpeg HTTP/1.1" 200 31171
172.22.2.4 - - [06/Jun/2022:05:43:37 -0500] "HEAD /BLA/boletinlegal/ HTTP/1.1" 200 -
207.46.13.42 - - [06/Jun/2022:05:45:22 -0500] "GET /BLA/resoluciones/index.php?dir=AUTOS+2016%2F HTTP/1.1" 200 324776
216.245.221.92 - - [06/Jun/2022:05:45:53 -0500] "HEAD / HTTP/1.1" 200 -
172.22.2.4 - - [06/Jun/2022:05:44:27 -0500] "GET /BLA/boletinlegal/ HTTP/1.1" 200 60973
172.22.2.4 - - [06/Jun/2022:05:47:05 -0500] "GET /BLA/boletinlegal/Circulares/2011/Circular%20No.%204%20del%2012%20de%20Agosto%20de%202011.pdf HTTP/1.1" 304 -
157.55.39.127 - - [06/Jun/2022:05:47:31 -0500] "GET /BLA/resoluciones/RESOLUCIONES%202011/6971.pdf HTTP/1.1" 304 -
216.245.221.92 - - [06/Jun/2022:05:50:53 -0500] "HEAD / HTTP/1.1" 200 -
172.22.2.4 - - [06/Jun/2022:05:49:27 -0500] "HEAD /BLA/boletinlegal/ HTTP/1.1" 200 -
173.252.107.13 - - [06/Jun/2022:05:51:55 -0500] "GET /images/reunion-planta-termovalorizacion-11-mayo.jpg HTTP/1.1" 200 34782
172.22.2.4 - - [06/Jun/2022:05:50:17 -0500] "GET /BLA/boletinlegal/ HTTP/1.1" 200 58482
172.22.2.4 - - [06/Jun/2022:05:53:30 -0500] "GET /BLA/boletinlegal/ HTTP/1.1" 200 20427
157.55.39.127 - - [06/Jun/2022:05:55:44 -0500] "GET /Residuos/vehiculos/files/guia_lavado-vehic.pdf HTTP/1.1" 304 -
66.249.65.15 - - [06/Jun/2022:05:55:48 -0500] "-" 408 -
216.245.221.92 - - [06/Jun/2022:05:55:53 -0500] "HEAD / HTTP/1.1" 200 -
172.22.2.4 - - [06/Jun/2022:05:55:17 -0500] "HEAD /BLA/boletinlegal/ HTTP/1.1" 200 -
172.22.2.4 - - [06/Jun/2022:05:56:07 -0500] "GET /BLA/boletinlegal/ HTTP/1.1" 200 60973
216.245.221.92 - - [06/Jun/2022:06:00:53 -0500] "HEAD / HTTP/1.1" 200 -
172.22.2.4 - - [06/Jun/2022:06:01:07 -0500] "HEAD /BLA/boletinlegal/ HTTP/1.1" 200 -
172.22.2.4 - - [06/Jun/2022:06:01:57 -0500] "GET /BLA/boletinlegal/ HTTP/1.1" 200 58482
216.245.221.92 - - [06/Jun/2022:06:05:53 -0500] "HEAD / HTTP/1.1" 200 -
186.102.41.82 - - [06/Jun/2022:06:08:07 -0500] "GET /kwssiamovil/sm/ldap/au?x=U2FsdGVkX1+29yZJbY1wuGAHKC4yQXzvt8QGnxWc4cUkxWXrKJwud7/MkmdWbSly&y=U2FsdGVkX199/L+pY9iIhnCoi2A97HdqOiol4a6imVU/8gHWhegfE9Zb9bth4Bwn HTTP/1.1" 200 30
186.102.41.82 - - [06/Jun/2022:06:08:07 -0500] "GET /kwssiamovil/sm/acme/s?s=U2FsdGVkX19iM/bkz9uBjw+r0jDcw/8WFV+3qX23cZvTimRxf3JryTdRFMskz8UeNYvIquTI4JvcMImYswJRtPwx8MKxd1n4wAn3QYpTA+g=&u=U2FsdGVkX18wt2zlM4euNqA9ssEfTKIQgv4gdieRF7c=&y=U2FsdGVkX199/L+pY9iIhnCoi2A97HdqOiol4a6imVU/8gHWhegfE9Zb9bth4Bwn HTTP/1.1" 200 97
186.102.41.82 - - [06/Jun/2022:06:08:07 -0500] "GET /kwssiamovil/sm/acme/s?s=U2FsdGVkX18hlMWI5Zg2KeMLm7uhZjOqzu7CRtERASN+Hfi1iUFgciuz547Chg3r+EvcQ3S3G1NtEontU2SjzbbxhcWkqs85uc4qsCpTEoPz2+VkOB+fDwDkO7i88IcvK4ztD3GnWBfeRqL1LYIt/hXjEFETUjoU1jKg9NOHhP1OLstKsHcOYaKk2wd/8raKmmek42fPYs2SGsTQuqWk8GQ2VgXseT/PB8rdnHja1jwvnX5cFJvwIbBl77FW1gMM4BiHaO0MDNwtYAFbNQLamXf2+I/DDQ2+N1dPoyAK9EwvgGFy0k1rUDNQ33TUqqG11iA57CcfHpCrMqSlaRk1Pej2K/EJkCC68MvKUZDupG56VxJQwiLpSg79V8CLXyV8kskoPUjg2UD/YI8cBQ2CjJvy0nsb7OL4WTZAe7WgDJbY8L7WSOeuO6Xn7s0NLMDxat/1YQzGavDPfw8JNpLLevKadSeYj6laIsn2/vZXVDZ4tvmCBPZDgjH1klkzmmvSIncpqOQ87/osOOtP9VcUfgkgMvu7JDeWryXWDwsghRtmXjuqpwc5Mt9koJnxReyaLV0GQPrUVVApa1rowzWGzunNB6ArI8KOo3jnifrc7yO1q+l83uUcTb7buBq6oopHW6iUEFJH+aKwxGrfJCqnrfU1BiJipKGDa4QylgcOrR0lEYRYQdeOHSL+7L5AF1frovLW265Qv2pw0JDLBUkO8n5P6bhxbrzBDzjUDMcjttB71SicwBab3AbiZ/xRR5ydQjfHRVh7owRws8KqPV6KosEYdScJt0NKFEujXmMq03O2WuEE6Cye7ZcJY0V8YHy6F8VPkcMud+73St05i0M7p38LaAvu81o1lbDTg0ReYufAXQUxPekAwFCbc/rQxX7TommV7weq0ugOg1q30tKoWViMoOaJ1gvVfyWlHNoKVoMZ4UrA3U+kxRJJtpXAHlpLkrpg9FpPEA1yixSmit/uE+SPcrtyhdcsBfjCXIM1fVxNb8X3A1C5pqrdbql39skE0s/z/l5i8IfWvPFa7TRjsbsdLCsOD+GBJUz2/93OfEi2AbJ9pASPuG2T2GdH7nE7X88rpMKbdTObepxZG+TDbgNXOpqWnTNEjhs73j4Avf6GrnHP8Pa8BN6gypPDr64r/rgSNI8jnlZvo1zvBj1G8Uu4VazTDOTWQGVkl57V4HGJWsXPT5xPjOsTKRbdfFgFP8cUgKQHpT59YJ1QH8izbzdsucCFA7eZPP3jJuNN8+7JayEfEGmlA2qUw26ySSo7tGxwl7/yj0K2RqPED2ZbFV/eHMUs5uJdpBS2wxevDjdxenFNJrSDtBzvpaItCh3u5hpb06OBwP6ihUZb8foBWaeE06NdWLROhEv8LBg38J0=&u=U2FsdGVkX18wt2zlM4euNqA9ssEfTKIQgv4gdieRF7c=&y=U2FsdGVkX199/L+pY9iIhnCoi2A97HdqOiol4a6imVU/8gHWhegfE9Zb9bth4Bwn HTTP/1.1" 200 2400
186.102.41.82 - - [06/Jun/2022:06:08:07 -0500] "GET /kwssiamovil/sm/acme/s?s=U2FsdGVkX1+t75eVaojGy+HJ1dEeB7KesrwxkOnXsCKctT8lA1elI5HEStDqrvFupQVx/IuHzl4kCseI9Abc1AVgBbKPBVh057uBcLdt3YBiabpMMV5FrXq8AnY7UFPlGc4OpLAIirhylICSuIA+M2M0Gmv+Kv38ry7JMhhg0louo097MzSY3RauvMyFcwtCw9M3inWOA90wj5e2qW7QWjWpyXXr1905HVCAm/wTWu6otS6XetHuw/wzcaIfFBpmmW5jZ66wLnwbWL2eHEjXfr5pfNEzG+7Q+VsXIChoEBw=&u=U2FsdGVkX18wt2zlM4euNqA9ssEfTKIQgv4gdieRF7c=&y=U2FsdGVkX199/L+pY9iIhnCoi2A97HdqOiol4a6imVU/8gHWhegfE9Zb9bth4Bwn HTTP/1.1" 200 176
186.102.41.82 - - [06/Jun/2022:06:08:08 -0500] "GET /kwssiamovil/sm/cjson/pre?f=1&x=U2FsdGVkX1+29yZJbY1wuGAHKC4yQXzvt8QGnxWc4cUkxWXrKJwud7/MkmdWbSly HTTP/1.1" 200 30992
172.22.2.4 - - [06/Jun/2022:06:06:57 -0500] "HEAD /BLA/boletinlegal/ HTTP/1.1" 200 -
201.221.172.71 - - [06/Jun/2022:06:09:15 -0500] "GET /dia-mundial-del-medio-ambiente-con-3-500-beneficiarias-comienza-la-segunda-fase-de-mujeres-que-reverdecen.html HTTP/1.1" 200 845
172.22.2.4 - - [06/Jun/2022:06:07:47 -0500] "GET /BLA/boletinlegal/ HTTP/1.1" 200 58482
200.118.16.135 - - [06/Jun/2022:06:10:51 -0500] "GET /dia-mundial-del-medio-ambiente-con-3-500-beneficiarias-comienza-la-segunda-fase-de-mujeres-que-reverdecen.html HTTP/1.1" 304 -
216.245.221.92 - - [06/Jun/2022:06:10:53 -0500] "HEAD / HTTP/1.1" 200 -
95.217.111.153 - - [06/Jun/2022:06:13:04 -0500] "GET / HTTP/1.1" 200 319
172.22.2.4 - - [06/Jun/2022:06:12:47 -0500] "HEAD /BLA/boletinlegal/ HTTP/1.1" 200 -
172.22.2.4 - - [06/Jun/2022:06:13:37 -0500] "GET /BLA/boletinlegal/ HTTP/1.1" 200 58482
216.245.221.92 - - [06/Jun/2022:06:15:53 -0500] "HEAD / HTTP/1.1" 200 -
192.241.219.95 - - [06/Jun/2022:06:17:16 -0500] "GET /actuator/health HTTP/1.1" 404 1018
157.55.39.127 - - [06/Jun/2022:06:17:25 -0500] "GET /BLA/ HTTP/1.1" 200 538
207.46.13.42 - - [06/Jun/2022:06:17:43 -0500] "GET /BLA/boletinlegal/index.php HTTP/1.1" 200 58482
172.22.2.4 - - [06/Jun/2022:06:18:37 -0500] "HEAD /BLA/boletinlegal/ HTTP/1.1" 200 -
216.245.221.92 - - [06/Jun/2022:06:20:53 -0500] "HEAD / HTTP/1.1" 200 -
172.22.2.4 - - [06/Jun/2022:06:19:27 -0500] "GET /BLA/boletinlegal/ HTTP/1.1" 200 59646
201.245.192.253 - - [06/Jun/2022:06:21:58 -0500] "POST /kwsrmcab/Wsrmcab HTTP/1.1" 200 46797
201.245.192.253 - - [06/Jun/2022:06:22:46 -0500] "POST /kwsrmcab/Wsrmcab HTTP/1.1" 200 47243
66.249.73.153 - - [06/Jun/2022:06:25:00 -0500] "-" 408 -
31.13.127.6 - - [06/Jun/2022:06:25:24 -0500] "GET /en-el-diamundialdelmedioambiente-distrito-ejercito-nacional-y-comunidad-plantaron-120-arboles-en-parque-nacional.html?fbclid=IwAR3l03OX6ncCetRNIaP_0RKfoHU9forMhdbu57JjPgdmsTJKrxF3mDsdg4w HTTP/1.1" 200 838
216.245.221.92 - - [06/Jun/2022:06:25:53 -0500] "HEAD / HTTP/1.1" 200 -
172.22.2.4 - - [06/Jun/2022:06:24:27 -0500] "HEAD /BLA/boletinlegal/ HTTP/1.1" 200 -
172.22.2.4 - - [06/Jun/2022:06:25:17 -0500] "GET /BLA/boletinlegal/ HTTP/1.1" 200 60973
192.30.83.176 - - [06/Jun/2022:06:28:14 -0500] "GET /dia-mundial-del-medio-ambiente-con-3-500-beneficiarias-comienza-la-segunda-fase-de-mujeres-que-reverdecen.html HTTP/1.1" 200 845
217.138.222.93 - - [06/Jun/2022:06:29:34 -0500] "GET /portaldeninos/ HTTP/1.1" 200 109662
217.138.222.93 - - [06/Jun/2022:06:29:37 -0500] "GET /portaldeninos/wp-content/plugins/gallery-videos/CSS/Total-Soft-Gallery-Video-Widget.css?ver=4.9.8 HTTP/1.1" 200 51554
217.138.222.93 - - [06/Jun/2022:06:29:37 -0500] "GET /portaldeninos/wp-content/plugins/gallery-videos/CSS/totalsoft.css?ver=4.9.8 HTTP/1.1" 200 40622
217.138.222.93 - - [06/Jun/2022:06:29:38 -0500] "GET /portaldeninos/wp-content/uploads/useanyfont/uaf.css?ver=1589905315 HTTP/1.1" 200 408
217.138.222.93 - - [06/Jun/2022:06:29:39 -0500] "GET /portaldeninos/wp-content/themes/betheme/style.css?ver=20.9.6 HTTP/1.1" 200 287
217.138.222.93 - - [06/Jun/2022:06:29:40 -0500] "GET /portaldeninos/wp-content/themes/betheme/assets/jplayer/css/jplayer.blue.monday.css?ver=20.9.6 HTTP/1.1" 200 9834
217.138.222.93 - - [06/Jun/2022:06:29:39 -0500] "GET /portaldeninos/wp-content/themes/betheme/css/base.css?ver=20.9.6 HTTP/1.1" 200 57283
217.138.222.93 - - [06/Jun/2022:06:29:39 -0500] "GET /portaldeninos/wp-content/themes/betheme/assets/ui/jquery.ui.all.css?ver=20.9.6 HTTP/1.1" 200 18765
217.138.222.93 - - [06/Jun/2022:06:29:39 -0500] "GET /portaldeninos/wp-content/themes/betheme/assets/animations/animations.min.css?ver=20.9.6 HTTP/1.1" 200 58508
217.138.222.93 - - [06/Jun/2022:06:29:39 -0500] "GET /portaldeninos/wp-content/themes/betheme/css/layout.css?ver=20.9.6 HTTP/1.1" 200 116639
217.138.222.93 - - [06/Jun/2022:06:29:39 -0500] "GET /portaldeninos/wp-content/themes/betheme/css/shortcodes.css?ver=20.9.6 HTTP/1.1" 200 138889
217.138.222.93 - - [06/Jun/2022:06:29:41 -0500] "GET /portaldeninos/wp-content/plugins/popup-maker/assets/css/site.min.css?ver=1.8.14 HTTP/1.1" 200 8260
217.138.222.93 - - [06/Jun/2022:06:29:41 -0500] "GET /portaldeninos/wp-content/themes/betheme/css/responsive.css?ver=20.9.6 HTTP/1.1" 200 55740
217.138.222.93 - - [06/Jun/2022:06:29:41 -0500] "GET /portaldeninos/wp-content/plugins/google-analytics-for-wordpress/assets/js/frontend-gtag.min.js?ver=8.5.0 HTTP/1.1" 200 11801
217.138.222.93 - - [06/Jun/2022:06:29:41 -0500] "GET /portaldeninos/wp-includes/js/jquery/jquery.js?ver=1.12.4 HTTP/1.1" 200 97184
216.245.221.92 - - [06/Jun/2022:06:30:53 -0500] "HEAD / HTTP/1.1" 200 -
172.22.2.4 - - [06/Jun/2022:06:30:17 -0500] "HEAD /BLA/boletinlegal/ HTTP/1.1" 200 -
157.55.39.8 - - [06/Jun/2022:06:31:58 -0500] "GET /BLA/resoluciones/index.php?dir=AUTOS+2008%2F HTTP/1.1" 200 569644
201.245.192.253 - - [06/Jun/2022:06:31:58 -0500] "POST /kwsrmcab/Wsrmcab HTTP/1.1" 200 46797
172.22.2.4 - - [06/Jun/2022:06:31:07 -0500] "GET /BLA/boletinlegal/ HTTP/1.1" 200 60973
201.245.192.253 - - [06/Jun/2022:06:32:46 -0500] "POST /kwsrmcab/Wsrmcab HTTP/1.1" 200 47243
40.77.188.56 - - [06/Jun/2022:06:33:33 -0500] "GET /BLA/boletinlegal/styles2.css HTTP/1.1" 200 1838
40.77.190.146 - - [06/Jun/2022:06:33:33 -0500] "GET /BLA/boletinlegal/js/jquery.scrollTo-min.js HTTP/1.1" 200 1150
40.77.190.216 - - [06/Jun/2022:06:33:33 -0500] "GET /BLA/boletinlegal/style.css HTTP/1.1" 200 9406
40.77.189.253 - - [06/Jun/2022:06:33:33 -0500] "GET /BLA/boletinlegal/js/jquery.js HTTP/1.1" 200 57254
207.46.13.149 - - [06/Jun/2022:06:35:17 -0500] "GET /Publicaciones/2022EE89855.pdf HTTP/1.1" 404 227
216.245.221.92 - - [06/Jun/2022:06:35:53 -0500] "HEAD / HTTP/1.1" 200 -
162.221.192.26 - - [06/Jun/2022:06:36:06 -0500] "GET / HTTP/1.1" 200 319
157.55.39.43 - - [06/Jun/2022:06:36:49 -0500] "GET /BLA/resoluciones/1900-1949.tif HTTP/1.1" 404 1018
172.22.2.4 - - [06/Jun/2022:06:36:07 -0500] "HEAD /BLA/boletinlegal/ HTTP/1.1" 200 -
172.22.2.4 - - [06/Jun/2022:06:36:57 -0500] "GET /BLA/boletinlegal/ HTTP/1.1" 200 58482
207.46.13.67 - - [06/Jun/2022:06:39:01 -0500] "GET /garza-azul-nueva-ave-registrada-en-el-humedal-el-burro.html HTTP/1.1" 200 890
216.245.221.92 - - [06/Jun/2022:06:40:53 -0500] "HEAD / HTTP/1.1" 200 -
201.245.192.253 - - [06/Jun/2022:06:41:58 -0500] "POST /kwsrmcab/Wsrmcab HTTP/1.1" 200 46797
172.22.2.4 - - [06/Jun/2022:06:41:57 -0500] "HEAD /BLA/boletinlegal/ HTTP/1.1" 200 -
201.245.192.253 - - [06/Jun/2022:06:42:48 -0500] "POST /kwsrmcab/Wsrmcab HTTP/1.1" 200 47243
172.22.2.4 - - [06/Jun/2022:06:42:47 -0500] "GET /BLA/boletinlegal/ HTTP/1.1" 200 56776
216.245.221.92 - - [06/Jun/2022:06:45:53 -0500] "HEAD / HTTP/1.1" 200 -
66.249.65.15 - - [06/Jun/2022:06:47:48 -0500] "-" 408 -
168.90.13.178 - - [06/Jun/2022:06:48:58 -0500] "GET / HTTP/1.1" 200 4720
168.90.13.178 - - [06/Jun/2022:06:48:58 -0500] "GET /js/url.js HTTP/1.1" 404 1294
168.90.13.178 - - [06/Jun/2022:06:48:58 -0500] "GET /css/bootstrap.min.css HTTP/1.1" 200 178212
172.22.2.4 - - [06/Jun/2022:06:47:47 -0500] "HEAD /BLA/boletinlegal/ HTTP/1.1" 200 -
172.22.2.4 - - [06/Jun/2022:06:48:37 -0500] "GET /BLA/boletinlegal/ HTTP/1.1" 200 60973
216.245.221.92 - - [06/Jun/2022:06:50:53 -0500] "HEAD / HTTP/1.1" 200 -
172.22.2.4 - - [06/Jun/2022:06:53:10 -0500] "GET /BLA/boletinlegal/Circulares/2017/Circular%20No.%201%20del%2030%20de%20Marzo%20de%202017.pdf HTTP/1.1" 200 668532
106.55.27.76 - - [06/Jun/2022:06:51:43 -0500] "GET /BLA/boletinlegal/ HTTP/1.1" 200 63427
186.31.129.91 - - [06/Jun/2022:06:54:17 -0500] "GET /appsia/controlador?comando=ingresarMenuPrincipal&id=51741757&funcionario=LUZ+MARINA+ZULUAGA+TAPASCO&desde=51741757&hasta=51741757&version=51741757&accion=Regresar HTTP/1.1" 404 68
172.22.2.4 - - [06/Jun/2022:06:53:37 -0500] "HEAD /BLA/boletinlegal/ HTTP/1.1" 200 -
172.22.2.4 - - [06/Jun/2022:06:55:39 -0500] "GET /BLA/boletinlegal/Directivas/2011/Directiva%20No.%201%20del%205%20de%20Abril%20de%202011.pdf HTTP/1.1" 304 -
216.245.221.92 - - [06/Jun/2022:06:55:53 -0500] "HEAD / HTTP/1.1" 200 -
172.22.2.4 - - [06/Jun/2022:06:54:27 -0500] "GET /BLA/boletinlegal/ HTTP/1.1" 200 60973
69.63.184.2 - - [06/Jun/2022:06:57:40 -0500] "GET /images/reunion-planta-termovalorizacion-11-mayo.jpg HTTP/1.1" 200 34782
66.249.65.13 - - [06/Jun/2022:06:58:31 -0500] "-" 408 -
172.22.2.4 - - [06/Jun/2022:06:58:34 -0500] "GET /BLA/boletinlegal/actuator/health HTTP/1.1" 404 1018
40.77.167.79 - - [06/Jun/2022:06:58:39 -0500] "GET / HTTP/1.1" 200 319
216.245.221.92 - - [06/Jun/2022:07:00:53 -0500] "HEAD / HTTP/1.1" 200 -
172.22.2.4 - - [06/Jun/2022:06:59:27 -0500] "HEAD /BLA/boletinlegal/ HTTP/1.1" 200 -
172.22.2.4 - - [06/Jun/2022:07:00:17 -0500] "GET /BLA/boletinlegal/ HTTP/1.1" 200 54933
191.156.150.158 - - [06/Jun/2022:07:03:48 -0500] "GET /dia-mundial-del-medio-ambiente-con-3-500-beneficiarias-comienza-la-segunda-fase-de-mujeres-que-reverdecen.html HTTP/1.1" 200 845
192.53.170.163 - - [06/Jun/2022:07:04:05 -0500] "GET / HTTP/1.1" 200 319
190.157.218.79 - - [06/Jun/2022:07:05:36 -0500] "GET /sipse/faces/faces/autenticacion.xhtml HTTP/1.1" 200 12490
190.157.218.79 - - [06/Jun/2022:07:05:37 -0500] "GET /sipse/css/custom_css_sg.css HTTP/1.1" 200 9694
190.157.218.79 - - [06/Jun/2022:07:05:37 -0500] "GET /sipse/css/custom_css_sg_prime_login.css HTTP/1.1" 200 443
190.157.218.79 - - [06/Jun/2022:07:05:37 -0500] "GET /sipse/faces/javax.faces.resource/layout/layout.css;jsessionid=WiSFKAkL4CgYUzEX5UWyUVCo.undefined?ln=primefaces&v=4.0 HTTP/1.1" 200 542
190.157.218.79 - - [06/Jun/2022:07:05:37 -0500] "GET /sipse/faces/javax.faces.resource/primefaces.css;jsessionid=WiSFKAkL4CgYUzEX5UWyUVCo.undefined?ln=primefaces&v=4.0 HTTP/1.1" 200 53295
190.157.218.79 - - [06/Jun/2022:07:05:37 -0500] "GET /sipse/faces/javax.faces.resource/theme.css?ln=primefaces-sipse HTTP/1.1" 200 50058
190.157.218.79 - - [06/Jun/2022:07:05:37 -0500] "GET /sipse/js/disable_browser_buttons.js HTTP/1.1" 200 3230
190.157.218.79 - - [06/Jun/2022:07:05:37 -0500] "GET /sipse/faces/javax.faces.resource/jquery/jquery.js;jsessionid=WiSFKAkL4CgYUzEX5UWyUVCo.undefined?ln=primefaces&v=4.0 HTTP/1.1" 200 105384
190.157.218.79 - - [06/Jun/2022:07:05:37 -0500] "GET /sipse/faces/javax.faces.resource/layout/layout.js;jsessionid=WiSFKAkL4CgYUzEX5UWyUVCo.undefined?ln=primefaces&v=4.0 HTTP/1.1" 200 87560
190.157.218.79 - - [06/Jun/2022:07:05:37 -0500] "GET /sipse/faces/javax.faces.resource/jquery/jquery-plugins.js;jsessionid=WiSFKAkL4CgYUzEX5UWyUVCo.undefined?ln=primefaces&v=4.0 HTTP/1.1" 200 220526
190.157.218.79 - - [06/Jun/2022:07:05:37 -0500] "GET /sipse/js/funciones.js HTTP/1.1" 200 12592
190.157.218.79 - - [06/Jun/2022:07:05:37 -0500] "GET /sipse/faces/javax.faces.resource/primefaces.js;jsessionid=WiSFKAkL4CgYUzEX5UWyUVCo.undefined?ln=primefaces&v=4.0 HTTP/1.1" 200 276924
190.157.218.79 - - [06/Jun/2022:07:05:37 -0500] "GET /sipse/faces/javax.faces.resource/images/ui-icons_898989_256x240.png?ln=primefaces-aristo HTTP/1.1" 200 5355
190.157.218.79 - - [06/Jun/2022:07:05:37 -0500] "GET /sipse/css/imagen/logoSDG.png HTTP/1.1" 200 53064
190.157.218.79 - - [06/Jun/2022:07:05:37 -0500] "GET /sipse/css/imagen/loginimg.png HTTP/1.1" 200 71635
190.157.218.79 - - [06/Jun/2022:07:05:37 -0500] "GET /sipse/faces/faces/index.xhtml HTTP/1.1" 200 677
190.157.218.79 - - [06/Jun/2022:07:05:37 -0500] "GET /sipse/faces/javax.faces.resource/theme.css?ln=primefaces-sipse HTTP/1.1" 304 -
190.157.218.79 - - [06/Jun/2022:07:05:37 -0500] "GET /favicon.ico HTTP/1.1" 200 7782
190.157.218.79 - - [06/Jun/2022:07:05:37 -0500] "GET /sipse/faces/faces/faces/autenticacion.xhtml HTTP/1.1" 200 12168
190.157.218.79 - - [06/Jun/2022:07:05:37 -0500] "GET /sipse/faces/javax.faces.resource/theme.css?ln=primefaces-sipse HTTP/1.1" 304 -
190.157.218.79 - - [06/Jun/2022:07:05:37 -0500] "GET /sipse/faces/javax.faces.resource/layout/layout.css?ln=primefaces&v=4.0 HTTP/1.1" 200 542
190.157.218.79 - - [06/Jun/2022:07:05:37 -0500] "GET /sipse/faces/javax.faces.resource/primefaces.css?ln=primefaces&v=4.0 HTTP/1.1" 200 53295
190.157.218.79 - - [06/Jun/2022:07:05:37 -0500] "GET /sipse/faces/javax.faces.resource/jquery/jquery.js?ln=primefaces&v=4.0 HTTP/1.1" 304 -
190.157.218.79 - - [06/Jun/2022:07:05:37 -0500] "GET /sipse/faces/javax.faces.resource/jquery/jquery-plugins.js?ln=primefaces&v=4.0 HTTP/1.1" 304 -
190.157.218.79 - - [06/Jun/2022:07:05:37 -0500] "GET /sipse/faces/javax.faces.resource/primefaces.js?ln=primefaces&v=4.0 HTTP/1.1" 304 -
190.157.218.79 - - [06/Jun/2022:07:05:37 -0500] "GET /sipse/faces/javax.faces.resource/layout/layout.js?ln=primefaces&v=4.0 HTTP/1.1" 304 -
190.157.218.79 - - [06/Jun/2022:07:05:37 -0500] "GET /sipse/faces/javax.faces.resource/images/ui-icons_898989_256x240.png?ln=primefaces-aristo HTTP/1.1" 304 -
190.157.218.79 - - [06/Jun/2022:07:05:41 -0500] "POST /sipse/faces/autenticacion.xhtml HTTP/1.1" 200 2221
190.157.218.79 - - [06/Jun/2022:07:05:41 -0500] "GET /sipse/faces/javax.faces.resource/messages/messages.png?ln=primefaces&v=4.0 HTTP/1.1" 200 27209
190.157.218.79 - - [06/Jun/2022:07:05:45 -0500] "POST /sipse/faces/autenticacion.xhtml HTTP/1.1" 200 16242
190.157.218.79 - - [06/Jun/2022:07:05:45 -0500] "GET /sipse/css/custom_css_sg_prime.css HTTP/1.1" 200 5201
190.157.218.79 - - [06/Jun/2022:07:05:45 -0500] "GET /sipse/js/jquery.min.js HTTP/1.1" 200 85582
190.157.218.79 - - [06/Jun/2022:07:05:45 -0500] "GET /sipse/faces/javax.faces.resource/jquery/jquery.js?ln=primefaces&v=4.0 HTTP/1.1" 304 -
190.157.218.79 - - [06/Jun/2022:07:05:45 -0500] "GET /sipse/faces/javax.faces.resource/jquery/jquery-plugins.js?ln=primefaces&v=4.0 HTTP/1.1" 304 -
190.157.218.79 - - [06/Jun/2022:07:05:45 -0500] "GET /sipse/faces/javax.faces.resource/primefaces.js?ln=primefaces&v=4.0 HTTP/1.1" 304 -
190.157.218.79 - - [06/Jun/2022:07:05:45 -0500] "GET /sipse/faces/javax.faces.resource/layout/layout.js?ln=primefaces&v=4.0 HTTP/1.1" 304 -
190.157.218.79 - - [06/Jun/2022:07:05:45 -0500] "GET /sipse/css/imagen/contrasena.png HTTP/1.1" 404 383
190.157.218.79 - - [06/Jun/2022:07:05:45 -0500] "GET /sipse/imagenes/cargando.gif HTTP/1.1" 200 36959
190.157.218.79 - - [06/Jun/2022:07:05:45 -0500] "GET /sipse/imagenes/logoAplicacion.jpg HTTP/1.1" 200 155084
216.245.221.92 - - [06/Jun/2022:07:05:53 -0500] "HEAD / HTTP/1.1" 200 -
172.22.2.4 - - [06/Jun/2022:07:05:17 -0500] "HEAD /BLA/boletinlegal/ HTTP/1.1" 200 -
207.46.13.149 - - [06/Jun/2022:07:07:10 -0500] "GET /transparencia/directorioservidores HTTP/1.1" 301 265
172.22.2.4 - - [06/Jun/2022:07:07:12 -0500] "GET /BLA/boletinlegal/Circulares/2015/Circular%20No.%201%20del%2010%20de%20Febrero%20de%202015.pdf HTTP/1.1" 304 -
172.22.2.4 - - [06/Jun/2022:07:06:07 -0500] "GET /BLA/boletinlegal/ HTTP/1.1" 200 58029
181.55.209.71 - - [06/Jun/2022:07:08:11 -0500] "GET /dia-mundial-del-medio-ambiente-con-3-500-beneficiarias-comienza-la-segunda-fase-de-mujeres-que-reverdecen.html HTTP/1.1" 200 845
157.55.39.215 - - [06/Jun/2022:07:08:28 -0500] "GET /si-tienes-entre-14-y-25-anos-y-quieres-participar-inscribete-a-la-convocatoria-de-lideres-juveniles-para-la-cumbre-de-alcaldes-c40-2022.html HTTP/1.1" 200 1141
40.77.167.79 - - [06/Jun/2022:07:09:49 -0500] "GET /BLA/resoluciones/RESOLUCIONES%202000/2000%202450-2499.tif HTTP/1.1" 200 4743204
216.245.221.92 - - [06/Jun/2022:07:10:53 -0500] "HEAD / HTTP/1.1" 200 -
172.22.2.4 - - [06/Jun/2022:07:11:07 -0500] "HEAD /BLA/boletinlegal/ HTTP/1.1" 200 -
172.22.2.4 - - [06/Jun/2022:07:11:57 -0500] "GET /BLA/boletinlegal/ HTTP/1.1" 200 57156
172.22.2.4 - - [06/Jun/2022:07:14:11 -0500] "GET /BLA/boletinlegal/Directivas/2014/Directiva%20No.%203%20del%2020%20de%20Mayo%20de%202014.pdf HTTP/1.1" 304 -
216.245.221.92 - - [06/Jun/2022:07:15:53 -0500] "HEAD / HTTP/1.1" 200 -
172.22.2.4 - - [06/Jun/2022:07:16:57 -0500] "HEAD /BLA/boletinlegal/ HTTP/1.1" 200 -
172.22.2.4 - - [06/Jun/2022:07:17:47 -0500] "GET /BLA/boletinlegal/ HTTP/1.1" 200 58482
216.245.221.92 - - [06/Jun/2022:07:20:53 -0500] "HEAD / HTTP/1.1" 200 -
207.46.13.149 - - [06/Jun/2022:07:21:11 -0500] "GET /BLA/resoluciones/dlf/styles.css HTTP/1.1" 200 3049
172.22.2.4 - - [06/Jun/2022:07:21:13 -0500] "GET /BLA/boletinlegal/jurisprudencia/analisis/AnalisisC-035-16.docx HTTP/1.1" 304 -
201.245.192.253 - - [06/Jun/2022:07:21:58 -0500] "POST /kwsrmcab/Wsrmcab HTTP/1.1" 200 46643
201.245.192.253 - - [06/Jun/2022:07:22:46 -0500] "POST /kwsrmcab/Wsrmcab HTTP/1.1" 200 47237
172.22.2.4 - - [06/Jun/2022:07:22:47 -0500] "HEAD /BLA/boletinlegal/ HTTP/1.1" 200 -
172.22.2.4 - - [06/Jun/2022:07:23:37 -0500] "GET /BLA/boletinlegal/ HTTP/1.1" 200 60973
173.252.107.7 - - [06/Jun/2022:07:25:41 -0500] "GET /images/eficiencia-energetica-11-marzo.jpg HTTP/1.1" 200 46478
216.245.221.92 - - [06/Jun/2022:07:25:53 -0500] "HEAD / HTTP/1.1" 200 -
45.95.55.50 - - [06/Jun/2022:07:28:23 -0500] "GET / HTTP/1.1" 200 319
45.95.55.50 - - [06/Jun/2022:07:28:40 -0500] "POST /HNAP1/ HTTP/1.1" 404 1018
172.22.2.4 - - [06/Jun/2022:07:28:37 -0500] "HEAD /BLA/boletinlegal/ HTTP/1.1" 200 -
40.77.167.79 - - [06/Jun/2022:07:30:21 -0500] "GET /BLA/resoluciones/00001423.tif HTTP/1.1" 404 1018
172.22.2.4 - - [06/Jun/2022:07:30:43 -0500] "GET /BLA/boletinlegal/jurisprudencia/analisis/AnalisisC-273-11.docx HTTP/1.1" 304 -
216.245.221.92 - - [06/Jun/2022:07:30:53 -0500] "HEAD / HTTP/1.1" 200 -
172.22.2.4 - - [06/Jun/2022:07:29:27 -0500] "GET /BLA/boletinlegal/ HTTP/1.1" 200 60973
34.141.219.176 - - [06/Jun/2022:07:31:42 -0500] "GET / HTTP/1.1" 200 319
66.249.65.17 - - [06/Jun/2022:07:32:19 -0500] "-" 408 -
157.55.39.127 - - [06/Jun/2022:07:32:23 -0500] "GET /bla/resoluciones/resoluciones%202007/res%202007%204101%20al%204200/RESOLUCION%204199%20DE%202007.pdf HTTP/1.1" 200 227169
201.245.192.253 - - [06/Jun/2022:07:31:57 -0500] "POST /kwsrmcab/Wsrmcab HTTP/1.1" 200 46643
34.219.53.4 - - [06/Jun/2022:07:33:13 -0500] "GET /dia-mundial-del-medio-ambiente-con-3-500-beneficiarias-comienza-la-segunda-fase-de-mujeres-que-reverdecen.html HTTP/1.1" 200 845
201.245.192.253 - - [06/Jun/2022:07:32:47 -0500] "POST /kwsrmcab/Wsrmcab HTTP/1.1" 200 47237
95.217.111.153 - - [06/Jun/2022:07:34:01 -0500] "GET / HTTP/1.1" 200 319
201.245.192.253 - - [06/Jun/2022:07:34:37 -0500] "GET /BLA/boletinlegal/admin/ HTTP/1.1" 200 2324
201.245.192.253 - - [06/Jun/2022:07:34:37 -0500] "GET /favicon.ico HTTP/1.1" 200 7782
201.245.192.253 - - [06/Jun/2022:07:34:45 -0500] "POST /BLA/boletinlegal/admin/usuarios/process.php HTTP/1.1" 302 -
201.245.192.253 - - [06/Jun/2022:07:34:45 -0500] "GET /BLA/boletinlegal/admin/index.php HTTP/1.1" 200 7007
201.245.192.253 - - [06/Jun/2022:07:35:02 -0500] "GET /BLA/boletinlegal/admin/index_files/index_files/tback.gif HTTP/1.1" 404 1334
201.245.192.253 - - [06/Jun/2022:07:34:47 -0500] "GET /BLA/boletinlegal/admin/notificaciones/ingresar.php HTTP/1.1" 200 30026
201.245.192.253 - - [06/Jun/2022:07:35:02 -0500] "GET /css/global/buttons.css HTTP/1.1" 404 1324
201.245.192.253 - - [06/Jun/2022:07:35:02 -0500] "GET /BLA/boletinlegal/images/favicon.ico HTTP/1.1" 404 1346
201.245.192.253 - - [06/Jun/2022:07:35:27 -0500] "GET /BLA/boletinlegal/admin/actos/ingresar.php HTTP/1.1" 200 7143
216.245.221.92 - - [06/Jun/2022:07:35:53 -0500] "HEAD / HTTP/1.1" 200 -
172.22.2.4 - - [06/Jun/2022:07:34:27 -0500] "HEAD /BLA/boletinlegal/ HTTP/1.1" 200 -
42.235.157.8 - - [06/Jun/2022:07:36:13 -0500] "POST /editBlackAndWhiteList HTTP/1.1" 404 1018
172.22.2.4 - - [06/Jun/2022:07:35:17 -0500] "GET /BLA/boletinlegal/ HTTP/1.1" 200 60973
172.22.2.4 - - [06/Jun/2022:07:37:44 -0500] "GET /BLA/boletinlegal/actas/acta%20de%20acuerdo%2001%20adop%20regla%20inter%20CISPAER.pdf HTTP/1.1" 200 837068
172.105.189.111 - - [06/Jun/2022:07:38:11 -0500] "GET /portaldeninos/ HTTP/1.1" 200 109662
173.252.127.15 - - [06/Jun/2022:07:39:39 -0500] "GET /en-el-diamundialdelmedioambiente-distrito-ejercito-nacional-y-comunidad-plantaron-120-arboles-en-parque-nacional.html?fbclid=IwAR0zemRVo_3Lq-66HReCFjD_r2OJlHk7XBdVG379MtaQGAy2lhBuvw319JY HTTP/1.1" 200 838
173.252.87.16 - - [06/Jun/2022:07:39:39 -0500] "GET /en-el-diamundialdelmedioambiente-distrito-ejercito-nacional-y-comunidad-plantaron-120-arboles-en-parque-nacional.html?fbclid=IwAR3-9Ht9qc6bBuJM8HJGmzUGLZWx_U0ZAoMRkCGJ51KW4jAp96_sOBxKB3w HTTP/1.1" 200 838
66.220.149.22 - - [06/Jun/2022:07:39:39 -0500] "GET /en-el-diamundialdelmedioambiente-distrito-ejercito-nacional-y-comunidad-plantaron-120-arboles-en-parque-nacional.html?fbclid=IwAR1CG3AgeI8wbmqxCiDIqJxENjoEHxR49qMJL0ONsCBv8WxAqQ63v7vqJVU HTTP/1.1" 200 838
216.245.221.92 - - [06/Jun/2022:07:40:53 -0500] "HEAD / HTTP/1.1" 200 -
172.22.2.4 - - [06/Jun/2022:07:40:17 -0500] "HEAD /BLA/boletinlegal/ HTTP/1.1" 200 -
201.245.192.253 - - [06/Jun/2022:07:42:12 -0500] "POST /BLA/boletinlegal/admin/notificaciones/ingresar.php HTTP/1.1" 200 30119
201.245.192.253 - - [06/Jun/2022:07:42:12 -0500] "GET /css/global/buttons.css HTTP/1.1" 404 1324
201.245.192.253 - - [06/Jun/2022:07:42:31 -0500] "GET /sipse/faces/index.xhtml HTTP/1.1" 200 677
201.245.192.253 - - [06/Jun/2022:07:42:31 -0500] "GET /sipse/faces/javax.faces.resource/theme.css?ln=primefaces-sipse HTTP/1.1" 304 -
201.245.192.253 - - [06/Jun/2022:07:42:31 -0500] "GET /sipse/faces/faces/autenticacion.xhtml HTTP/1.1" 200 12168
201.245.192.253 - - [06/Jun/2022:07:42:31 -0500] "GET /sipse/js/disable_browser_buttons.js HTTP/1.1" 200 3230
201.245.192.253 - - [06/Jun/2022:07:42:31 -0500] "GET /sipse/css/custom_css_sg.css HTTP/1.1" 200 9694
201.245.192.253 - - [06/Jun/2022:07:42:31 -0500] "GET /sipse/js/funciones.js HTTP/1.1" 200 12592
201.245.192.253 - - [06/Jun/2022:07:42:31 -0500] "GET /sipse/css/custom_css_sg_prime_login.css HTTP/1.1" 200 443
201.245.192.253 - - [06/Jun/2022:07:42:31 -0500] "GET /sipse/faces/javax.faces.resource/layout/layout.css?ln=primefaces&v=4.0 HTTP/1.1" 304 -
201.245.192.253 - - [06/Jun/2022:07:42:31 -0500] "GET /sipse/faces/javax.faces.resource/primefaces.css?ln=primefaces&v=4.0 HTTP/1.1" 304 -
201.245.192.253 - - [06/Jun/2022:07:42:31 -0500] "GET /sipse/faces/javax.faces.resource/theme.css?ln=primefaces-sipse HTTP/1.1" 304 -
201.245.192.253 - - [06/Jun/2022:07:42:31 -0500] "GET /sipse/faces/javax.faces.resource/jquery/jquery-plugins.js?ln=primefaces&v=4.0 HTTP/1.1" 304 -
201.245.192.253 - - [06/Jun/2022:07:42:31 -0500] "GET /sipse/faces/javax.faces.resource/jquery/jquery.js?ln=primefaces&v=4.0 HTTP/1.1" 304 -
201.245.192.253 - - [06/Jun/2022:07:42:31 -0500] "GET /sipse/faces/javax.faces.resource/primefaces.js?ln=primefaces&v=4.0 HTTP/1.1" 304 -
201.245.192.253 - - [06/Jun/2022:07:42:31 -0500] "GET /sipse/faces/javax.faces.resource/layout/layout.js?ln=primefaces&v=4.0 HTTP/1.1" 304 -
201.245.192.253 - - [06/Jun/2022:07:42:31 -0500] "GET /sipse/css/imagen/loginimg.png HTTP/1.1" 200 71635
201.245.192.253 - - [06/Jun/2022:07:42:31 -0500] "GET /sipse/css/imagen/logoSDG.png HTTP/1.1" 200 53064
201.245.192.253 - - [06/Jun/2022:07:42:31 -0500] "GET /sipse/faces/javax.faces.resource/images/ui-icons_898989_256x240.png?ln=primefaces-aristo HTTP/1.1" 304 -
201.245.192.253 - - [06/Jun/2022:07:42:38 -0500] "POST /sipse/faces/autenticacion.xhtml HTTP/1.1" 200 11162
201.245.192.253 - - [06/Jun/2022:07:42:38 -0500] "GET /sipse/faces/javax.faces.resource/primefaces.css?ln=primefaces&v=4.0 HTTP/1.1" 304 -
201.245.192.253 - - [06/Jun/2022:07:42:38 -0500] "GET /sipse/faces/javax.faces.resource/theme.css?ln=primefaces-sipse HTTP/1.1" 304 -
201.245.192.253 - - [06/Jun/2022:07:42:38 -0500] "GET /sipse/faces/javax.faces.resource/layout/layout.css?ln=primefaces&v=4.0 HTTP/1.1" 304 -
201.245.192.253 - - [06/Jun/2022:07:42:38 -0500] "GET /sipse/faces/javax.faces.resource/jquery/jquery.js?ln=primefaces&v=4.0 HTTP/1.1" 304 -
201.245.192.253 - - [06/Jun/2022:07:42:38 -0500] "GET /sipse/css/custom_css_sg_prime.css HTTP/1.1" 200 5201
201.245.192.253 - - [06/Jun/2022:07:42:38 -0500] "GET /sipse/faces/javax.faces.resource/jquery/jquery-plugins.js?ln=primefaces&v=4.0 HTTP/1.1" 304 -
201.245.192.253 - - [06/Jun/2022:07:42:38 -0500] "GET /sipse/faces/javax.faces.resource/primefaces.js?ln=primefaces&v=4.0 HTTP/1.1" 304 -
201.245.192.253 - - [06/Jun/2022:07:42:38 -0500] "GET /sipse/faces/javax.faces.resource/layout/layout.js?ln=primefaces&v=4.0 HTTP/1.1" 304 -
201.245.192.253 - - [06/Jun/2022:07:42:38 -0500] "GET /sipse/faces/javax.faces.resource/messages/messages.png?ln=primefaces&v=4.0 HTTP/1.1" 304 -
201.245.192.253 - - [06/Jun/2022:07:42:41 -0500] "POST /sipse/faces/presentacion/sistema/seguridad/seleccionRol.xhtml HTTP/1.1" 200 5600
201.245.192.253 - - [06/Jun/2022:07:42:42 -0500] "POST /sipse/faces/presentacion/sistema/seguridad/seleccionRol.xhtml HTTP/1.1" 200 17456
201.245.192.253 - - [06/Jun/2022:07:42:42 -0500] "GET /sipse/faces/javax.faces.resource/theme.css?ln=primefaces-sipse HTTP/1.1" 304 -
201.245.192.253 - - [06/Jun/2022:07:42:42 -0500] "GET /sipse/faces/javax.faces.resource/layout/layout.css?ln=primefaces&v=4.0 HTTP/1.1" 304 -
201.245.192.253 - - [06/Jun/2022:07:42:42 -0500] "GET /sipse/faces/javax.faces.resource/primefaces.css?ln=primefaces&v=4.0 HTTP/1.1" 304 -
201.245.192.253 - - [06/Jun/2022:07:42:42 -0500] "GET /sipse/js/jquery.min.js HTTP/1.1" 200 85582
201.245.192.253 - - [06/Jun/2022:07:42:42 -0500] "GET /sipse/faces/javax.faces.resource/jquery/jquery.js?ln=primefaces&v=4.0 HTTP/1.1" 304 -
201.245.192.253 - - [06/Jun/2022:07:42:42 -0500] "GET /sipse/faces/javax.faces.resource/jquery/jquery-plugins.js?ln=primefaces&v=4.0 HTTP/1.1" 304 -
201.245.192.253 - - [06/Jun/2022:07:42:42 -0500] "GET /sipse/faces/javax.faces.resource/primefaces.js?ln=primefaces&v=4.0 HTTP/1.1" 304 -
201.245.192.253 - - [06/Jun/2022:07:42:42 -0500] "GET /sipse/faces/javax.faces.resource/layout/layout.js?ln=primefaces&v=4.0 HTTP/1.1" 304 -
201.245.192.253 - - [06/Jun/2022:07:42:42 -0500] "GET /sipse/imagenes/cargando.gif HTTP/1.1" 200 36959
201.245.192.253 - - [06/Jun/2022:07:42:42 -0500] "GET /sipse/css/imagen/contrasena.png HTTP/1.1" 404 383
201.245.192.253 - - [06/Jun/2022:07:42:42 -0500] "GET /sipse/imagenes/logoAplicacion.jpg HTTP/1.1" 200 155084
201.245.192.253 - - [06/Jun/2022:07:42:44 -0500] "GET /sipse/faces/javax.faces.resource/images/ui-bg_flat_0_2d5972_40x100.png?ln=primefaces-aristo HTTP/1.1" 304 -
201.245.192.253 - - [06/Jun/2022:07:42:44 -0500] "POST /sipse/faces/bienvenido.xhtml HTTP/1.1" 200 3843
201.245.192.253 - - [06/Jun/2022:07:41:58 -0500] "POST /kwsrmcab/Wsrmcab HTTP/1.1" 200 46643
201.245.192.253 - - [06/Jun/2022:07:42:45 -0500] "POST /sipse/faces/bienvenido.xhtml HTTP/1.1" 200 184
201.245.192.253 - - [06/Jun/2022:07:42:45 -0500] "GET /sipse/faces/presentacion/financiero/solicitudAnulacion/solicitudAnulacion.xhtml HTTP/1.1" 200 34048
201.245.192.253 - - [06/Jun/2022:07:42:45 -0500] "GET /sipse/faces/javax.faces.resource/theme.css?ln=primefaces-sipse HTTP/1.1" 304 -
201.245.192.253 - - [06/Jun/2022:07:42:45 -0500] "GET /sipse/faces/javax.faces.resource/primefaces.css?ln=primefaces&v=4.0 HTTP/1.1" 304 -
201.245.192.253 - - [06/Jun/2022:07:42:45 -0500] "GET /sipse/faces/javax.faces.resource/jquery/jquery.js?ln=primefaces&v=4.0 HTTP/1.1" 304 -
201.245.192.253 - - [06/Jun/2022:07:42:45 -0500] "GET /sipse/faces/javax.faces.resource/primefaces.js?ln=primefaces&v=4.0 HTTP/1.1" 304 -
201.245.192.253 - - [06/Jun/2022:07:42:45 -0500] "GET /sipse/faces/javax.faces.resource/layout/layout.css?ln=primefaces&v=4.0 HTTP/1.1" 304 -
201.245.192.253 - - [06/Jun/2022:07:42:45 -0500] "GET /sipse/faces/javax.faces.resource/jquery/jquery-plugins.js?ln=primefaces&v=4.0 HTTP/1.1" 304 -
201.245.192.253 - - [06/Jun/2022:07:42:45 -0500] "GET /sipse/faces/javax.faces.resource/layout/layout.js?ln=primefaces&v=4.0 HTTP/1.1" 304 -
201.245.192.253 - - [06/Jun/2022:07:42:46 -0500] "POST /sipse/faces/presentacion/financiero/solicitudAnulacion/solicitudAnulacion.xhtml HTTP/1.1" 200 10464
172.22.2.4 - - [06/Jun/2022:07:41:07 -0500] "GET /BLA/boletinlegal/ HTTP/1.1" 200 56776
201.245.192.253 - - [06/Jun/2022:07:42:48 -0500] "POST /sipse/faces/presentacion/financiero/solicitudAnulacion/solicitudAnulacion.xhtml HTTP/1.1" 200 35877
201.245.192.253 - - [06/Jun/2022:07:42:48 -0500] "GET /sipse/faces/javax.faces.resource/layout/layout.css?ln=primefaces&v=4.0 HTTP/1.1" 304 -
201.245.192.253 - - [06/Jun/2022:07:42:48 -0500] "GET /sipse/faces/javax.faces.resource/theme.css?ln=primefaces-sipse HTTP/1.1" 304 -
201.245.192.253 - - [06/Jun/2022:07:42:48 -0500] "GET /sipse/faces/javax.faces.resource/primefaces.css?ln=primefaces&v=4.0 HTTP/1.1" 304 -
201.245.192.253 - - [06/Jun/2022:07:42:48 -0500] "GET /sipse/faces/javax.faces.resource/jquery/jquery.js?ln=primefaces&v=4.0 HTTP/1.1" 304 -
201.245.192.253 - - [06/Jun/2022:07:42:48 -0500] "GET /sipse/faces/javax.faces.resource/jquery/jquery-plugins.js?ln=primefaces&v=4.0 HTTP/1.1" 304 -
201.245.192.253 - - [06/Jun/2022:07:42:48 -0500] "GET /sipse/faces/javax.faces.resource/primefaces.js?ln=primefaces&v=4.0 HTTP/1.1" 304 -
201.245.192.253 - - [06/Jun/2022:07:42:48 -0500] "GET /sipse/faces/javax.faces.resource/layout/layout.js?ln=primefaces&v=4.0 HTTP/1.1" 304 -
201.245.192.253 - - [06/Jun/2022:07:42:51 -0500] "POST /sipse/faces/presentacion/financiero/solicitudProceso/solicitudProcesoOtrosPagos.xhtml HTTP/1.1" 200 35426
201.245.192.253 - - [06/Jun/2022:07:42:51 -0500] "GET /sipse/faces/javax.faces.resource/theme.css?ln=primefaces-sipse HTTP/1.1" 304 -
201.245.192.253 - - [06/Jun/2022:07:42:51 -0500] "GET /sipse/faces/javax.faces.resource/primefaces.css?ln=primefaces&v=4.0 HTTP/1.1" 304 -
201.245.192.253 - - [06/Jun/2022:07:42:51 -0500] "GET /sipse/faces/javax.faces.resource/layout/layout.css?ln=primefaces&v=4.0 HTTP/1.1" 304 -
201.245.192.253 - - [06/Jun/2022:07:42:51 -0500] "GET /sipse/faces/javax.faces.resource/jquery/jquery.js?ln=primefaces&v=4.0 HTTP/1.1" 304 -
201.245.192.253 - - [06/Jun/2022:07:42:51 -0500] "GET /sipse/faces/javax.faces.resource/jquery/jquery-plugins.js?ln=primefaces&v=4.0 HTTP/1.1" 304 -
201.245.192.253 - - [06/Jun/2022:07:42:51 -0500] "GET /sipse/faces/javax.faces.resource/primefaces.js?ln=primefaces&v=4.0 HTTP/1.1" 304 -
201.245.192.253 - - [06/Jun/2022:07:42:51 -0500] "GET /sipse/faces/javax.faces.resource/layout/layout.js?ln=primefaces&v=4.0 HTTP/1.1" 304 -
201.245.192.253 - - [06/Jun/2022:07:42:51 -0500] "POST /sipse/faces/presentacion/financiero/solicitudProceso/listarSolicitudProceso.xhtml HTTP/1.1" 200 28829
201.245.192.253 - - [06/Jun/2022:07:42:52 -0500] "POST /sipse/faces/presentacion/financiero/solicitudProceso/listarSolicitudProceso.xhtml HTTP/1.1" 200 1376
201.245.192.253 - - [06/Jun/2022:07:42:52 -0500] "POST /sipse/faces/presentacion/financiero/solicitudProceso/listarSolicitudProceso.xhtml HTTP/1.1" 200 1372
201.245.192.253 - - [06/Jun/2022:07:42:53 -0500] "POST /sipse/faces/presentacion/financiero/solicitudProceso/listarSolicitudProceso.xhtml HTTP/1.1" 200 35877
201.245.192.253 - - [06/Jun/2022:07:42:53 -0500] "GET /sipse/faces/javax.faces.resource/theme.css?ln=primefaces-sipse HTTP/1.1" 304 -
201.245.192.253 - - [06/Jun/2022:07:42:53 -0500] "GET /sipse/faces/javax.faces.resource/layout/layout.css?ln=primefaces&v=4.0 HTTP/1.1" 304 -
201.245.192.253 - - [06/Jun/2022:07:42:53 -0500] "GET /sipse/faces/javax.faces.resource/primefaces.css?ln=primefaces&v=4.0 HTTP/1.1" 304 -
201.245.192.253 - - [06/Jun/2022:07:42:53 -0500] "GET /sipse/faces/javax.faces.resource/jquery/jquery.js?ln=primefaces&v=4.0 HTTP/1.1" 304 -
201.245.192.253 - - [06/Jun/2022:07:42:53 -0500] "GET /sipse/faces/javax.faces.resource/jquery/jquery-plugins.js?ln=primefaces&v=4.0 HTTP/1.1" 304 -
201.245.192.253 - - [06/Jun/2022:07:42:53 -0500] "GET /sipse/faces/javax.faces.resource/primefaces.js?ln=primefaces&v=4.0 HTTP/1.1" 304 -
201.245.192.253 - - [06/Jun/2022:07:42:53 -0500] "GET /sipse/faces/javax.faces.resource/layout/layout.js?ln=primefaces&v=4.0 HTTP/1.1" 304 -
201.245.192.253 - - [06/Jun/2022:07:42:53 -0500] "POST /sipse/faces/presentacion/financiero/solicitudProceso/solicitudProcesoOtrosPagos.xhtml HTTP/1.1" 200 29272
201.245.192.253 - - [06/Jun/2022:07:42:53 -0500] "POST /sipse/faces/presentacion/financiero/solicitudProceso/solicitudProcesoOtrosPagos.xhtml HTTP/1.1" 200 29272
201.245.192.253 - - [06/Jun/2022:07:43:14 -0500] "POST /BLA/boletinlegal/admin/notificaciones/ingresar.php HTTP/1.1" 200 30119
201.245.192.253 - - [06/Jun/2022:07:43:14 -0500] "GET /css/global/buttons.css HTTP/1.1" 404 1324
201.245.192.253 - - [06/Jun/2022:07:43:25 -0500] "GET /sipse/faces/javax.faces.resource/images/ui-icons_898989_256x240.png?ln=primefaces-aristo HTTP/1.1" 304 -
201.245.192.253 - - [06/Jun/2022:07:43:25 -0500] "POST /sipse/faces/presentacion/financiero/solicitudProceso/solicitudProcesoOtrosPagos.xhtml HTTP/1.1" 200 56587
201.245.192.253 - - [06/Jun/2022:07:43:25 -0500] "GET /sipse/faces/javax.faces.resource/theme.css?ln=primefaces-sipse HTTP/1.1" 304 -
201.245.192.253 - - [06/Jun/2022:07:43:25 -0500] "GET /sipse/faces/javax.faces.resource/primefaces.css?ln=primefaces&v=4.0 HTTP/1.1" 304 -
201.245.192.253 - - [06/Jun/2022:07:43:25 -0500] "GET /sipse/faces/javax.faces.resource/fileupload/fileupload.css?ln=primefaces&v=4.0 HTTP/1.1" 304 -
201.245.192.253 - - [06/Jun/2022:07:43:25 -0500] "GET /sipse/faces/javax.faces.resource/layout/layout.css?ln=primefaces&v=4.0 HTTP/1.1" 304 -
201.245.192.253 - - [06/Jun/2022:07:43:25 -0500] "GET /sipse/faces/javax.faces.resource/jquery/jquery.js?ln=primefaces&v=4.0 HTTP/1.1" 304 -
201.245.192.253 - - [06/Jun/2022:07:43:25 -0500] "GET /sipse/faces/javax.faces.resource/jquery/jquery-plugins.js?ln=primefaces&v=4.0 HTTP/1.1" 304 -
201.245.192.253 - - [06/Jun/2022:07:43:25 -0500] "GET /sipse/faces/javax.faces.resource/primefaces.js?ln=primefaces&v=4.0 HTTP/1.1" 304 -
201.245.192.253 - - [06/Jun/2022:07:43:25 -0500] "GET /sipse/faces/javax.faces.resource/layout/layout.js?ln=primefaces&v=4.0 HTTP/1.1" 304 -
201.245.192.253 - - [06/Jun/2022:07:43:25 -0500] "GET /sipse/faces/javax.faces.resource/fileupload/fileupload.js?ln=primefaces&v=4.0 HTTP/1.1" 304 -
201.245.192.253 - - [06/Jun/2022:07:42:46 -0500] "POST /kwsrmcab/Wsrmcab HTTP/1.1" 200 47237
200.118.61.77 - - [06/Jun/2022:07:44:04 -0500] "GET /dia-mundial-del-medio-ambiente-con-3-500-beneficiarias-comienza-la-segunda-fase-de-mujeres-que-reverdecen.html HTTP/1.1" 200 845
201.245.192.253 - - [06/Jun/2022:07:44:06 -0500] "POST /BLA/boletinlegal/admin/notificaciones/ingresar.php HTTP/1.1" 200 30119
201.245.192.253 - - [06/Jun/2022:07:44:06 -0500] "GET /css/global/buttons.css HTTP/1.1" 404 1324
172.22.2.4 - - [06/Jun/2022:07:44:45 -0500] "GET /BLA/boletinlegal/Circulares/2019/Circular%2000020%20del%2020%20de%20diciembre%20de%202019.pdf HTTP/1.1" 200 145170
216.245.221.92 - - [06/Jun/2022:07:45:53 -0500] "HEAD / HTTP/1.1" 200 -
186.31.159.232 - - [06/Jun/2022:07:46:34 -0500] "GET /BLA/resoluciones/RESOLUCIONES%202018/1466.pdf HTTP/1.1" 200 339441
186.31.159.232 - - [06/Jun/2022:07:46:34 -0500] "GET /favicon.ico HTTP/1.1" 200 7782
186.28.86.223 - - [06/Jun/2022:07:46:40 -0500] "GET /galeria/galeria/jquery.fancybox.css?v=2.1.5 HTTP/1.1" 200 4895
186.28.86.223 - - [06/Jun/2022:07:46:40 -0500] "GET /BLA/boletinlegal/js/jquery.scrollShow.js HTTP/1.1" 200 4586
186.28.86.223 - - [06/Jun/2022:07:46:40 -0500] "GET /galeria/galeria/jquery.fancybox.js?v=2.1.5 HTTP/1.1" 200 48706
186.28.86.223 - - [06/Jun/2022:07:46:42 -0500] "GET /galeria/carrusel/Carrusel/jquery.thumbnailScroller.css HTTP/1.1" 200 2066
186.28.86.223 - - [06/Jun/2022:07:46:42 -0500] "GET /galeria/carrusel/Carrusel/jquery-ui-1.8.13.custom.min.js HTTP/1.1" 200 10800
186.28.86.223 - - [06/Jun/2022:07:46:42 -0500] "GET /galeria/carrusel/Carrusel/jquery.thumbnailScroller.js HTTP/1.1" 200 8157
186.28.86.223 - - [06/Jun/2022:07:46:44 -0500] "GET /galeria/nivo-slider/demo/banner.html HTTP/1.1" 200 5446
186.28.86.223 - - [06/Jun/2022:07:46:45 -0500] "GET /galeria/nivo-slider/themes/default/default.css HTTP/1.1" 200 1569
186.28.86.223 - - [06/Jun/2022:07:46:45 -0500] "GET /galeria/nivo-slider/themes/pascal/pascal.css HTTP/1.1" 200 2258
186.28.86.223 - - [06/Jun/2022:07:46:45 -0500] "GET /galeria/nivo-slider/themes/orman/orman.css HTTP/1.1" 200 2152
186.28.86.223 - - [06/Jun/2022:07:46:45 -0500] "GET /galeria/nivo-slider/nivo-slider.css HTTP/1.1" 200 1507
186.28.86.223 - - [06/Jun/2022:07:46:45 -0500] "GET /galeria/nivo-slider/demo/style.css HTTP/1.1" 200 2222
186.28.86.223 - - [06/Jun/2022:07:46:45 -0500] "GET /galeria/nivo-slider/demo/scripts/jquery-1.7.1.min.js HTTP/1.1" 200 93868
186.28.86.223 - - [06/Jun/2022:07:46:45 -0500] "GET /galeria/nivo-slider/jquery.nivo.slider.pack.js HTTP/1.1" 200 11561
186.28.86.223 - - [06/Jun/2022:07:46:45 -0500] "GET /galeria/nivo-slider/demo/images/bannertortuga_optimized.jpg HTTP/1.1" 200 39066
186.28.86.223 - - [06/Jun/2022:07:46:45 -0500] "GET /galeria/nivo-slider/demo/images/Bannermujeresquereverdecen.jpg HTTP/1.1" 200 46558
186.28.86.223 - - [06/Jun/2022:07:46:45 -0500] "GET /galeria/nivo-slider/demo/images/bannertrafico_optimized.jpg HTTP/1.1" 200 42578
186.28.86.223 - - [06/Jun/2022:07:46:45 -0500] "GET /galeria/nivo-slider/demo/images/Bannersedeelectronica.jpg HTTP/1.1" 200 40383
186.28.86.223 - - [06/Jun/2022:07:46:45 -0500] "GET /galeria/nivo-slider/demo/images/bannerrutaesperanza.jpg HTTP/1.1" 200 55560
186.28.86.223 - - [06/Jun/2022:07:46:45 -0500] "GET /galeria/nivo-slider/demo/images/banneraire2021.jpg HTTP/1.1" 200 265101
186.28.86.223 - - [06/Jun/2022:07:46:45 -0500] "GET /galeria/nivo-slider/demo/images/bannerresiduoshospitalariosagosto.jpg HTTP/1.1" 200 36499
186.28.86.223 - - [06/Jun/2022:07:46:45 -0500] "GET /galeria/nivo-slider/demo/images/Bannerplasticosseptiembre.jpg HTTP/1.1" 200 45633
186.28.86.223 - - [06/Jun/2022:07:46:45 -0500] "GET /galeria/nivo-slider/demo/images/banneraccionpopularcrr68.jpg HTTP/1.1" 200 51887
186.28.86.223 - - [06/Jun/2022:07:46:45 -0500] "GET /galeria/nivo-slider/demo/images/banneraccionpopular.jpeg HTTP/1.1" 200 41707
186.28.86.223 - - [06/Jun/2022:07:46:45 -0500] "GET /galeria/nivo-slider/demo/images/bannerclases2021.jpg HTTP/1.1" 200 68230
186.28.86.223 - - [06/Jun/2022:07:46:46 -0500] "GET /galeria/nivo-slider/demo/images/bannercapacitacionesbogota.jpg HTTP/1.1" 200 42416
186.28.86.223 - - [06/Jun/2022:07:46:46 -0500] "GET /galeria/nivo-slider/demo/images/4Simple_Slider.png HTTP/1.1" 200 11722
186.28.86.223 - - [06/Jun/2022:07:46:46 -0500] "GET /galeria/nivo-slider/themes/default/loading.gif HTTP/1.1" 200 1737
186.28.86.223 - - [06/Jun/2022:07:46:46 -0500] "GET /galeria/nivo-slider/demo/images/Bannerenvases.jpg HTTP/1.1" 200 37316
186.28.86.223 - - [06/Jun/2022:07:46:46 -0500] "GET /galeria/nivo-slider/demo/images/Bannervirtualescanales.jpg HTTP/1.1" 200 174544
157.55.39.43 - - [06/Jun/2022:07:47:14 -0500] "GET /galeria/nivo-slider/demo/banner.html HTTP/1.1" 200 5446
172.22.2.4 - - [06/Jun/2022:07:46:07 -0500] "HEAD /BLA/boletinlegal/ HTTP/1.1" 200 -
186.31.159.232 - - [06/Jun/2022:07:47:51 -0500] "GET /BLA/resoluciones/RESOLUCIONES%202018/2566.pdf HTTP/1.1" 200 291217
185.180.143.72 - - [06/Jun/2022:07:48:17 -0500] "GET / HTTP/1.1" 200 319
185.180.143.72 - - [06/Jun/2022:07:48:17 -0500] "GET /showLogin.cc HTTP/1.1" 404 1018
172.22.2.4 - - [06/Jun/2022:07:46:57 -0500] "GET /BLA/boletinlegal/ HTTP/1.1" 200 60973
157.55.39.127 - - [06/Jun/2022:07:48:45 -0500] "GET /BLA/resoluciones/AUTOS%202019/1389.pdf HTTP/1.1" 304 -
201.245.192.253 - - [06/Jun/2022:07:48:46 -0500] "POST /sipse/faces/presentacion/financiero/solicitudProceso/detalleSolicitudProcesoOtrosPagos.xhtml HTTP/1.1" 200 3511
172.22.2.4 - - [06/Jun/2022:07:48:50 -0500] "GET /BLA/boletinlegal/Directivas/2018/Directiva%20No.%2026%20del%2028%20de%20diciembre%20de%202018.pdf HTTP/1.1" 200 332220
207.46.13.42 - - [06/Jun/2022:07:50:03 -0500] "GET /BLA/resoluciones/1250-1299.tif HTTP/1.1" 404 1018
173.252.107.117 - - [06/Jun/2022:07:50:10 -0500] "GET /indicadores-de-fauna-silvestre-en-el-observatorio-ambiental-de-bogota.html HTTP/1.1" 206 949
216.245.221.92 - - [06/Jun/2022:07:50:53 -0500] "HEAD / HTTP/1.1" 200 -
157.55.39.43 - - [06/Jun/2022:07:50:54 -0500] "GET /BLA/resoluciones/AUTOS%202018/4635.pdf HTTP/1.1" 304 -
173.252.107.120 - - [06/Jun/2022:07:50:59 -0500] "GET /images/control-madera-ilegal-24-mayo.jpg HTTP/1.1" 200 48269
173.252.107.120 - - [06/Jun/2022:07:50:59 -0500] "GET /images/la-vieja-mayo-24.jpg HTTP/1.1" 200 58217
69.63.184.1 - - [06/Jun/2022:07:51:01 -0500] "GET /images/feria-servicios-tramites-19-mayo.jpg HTTP/1.1" 200 40581
173.252.107.18 - - [06/Jun/2022:07:51:03 -0500] "GET /images/cronica-amanda-rodriguez-30-abril.jpg HTTP/1.1" 200 26304
69.63.189.1 - - [06/Jun/2022:07:51:03 -0500] "GET /images/actividades-dia-aves-16-mayo.jpg HTTP/1.1" 200 147089
173.252.107.117 - - [06/Jun/2022:07:51:07 -0500] "GET /images/Animales1.jpeg HTTP/1.1" 200 76841
173.252.107.4 - - [06/Jun/2022:07:51:07 -0500] "GET /images/cerros-bogota-2-mayo.jpg HTTP/1.1" 200 98367
201.245.192.253 - - [06/Jun/2022:07:51:07 -0500] "POST /sipse/faces/presentacion/financiero/solicitudProceso/detalleSolicitudProcesoOtrosPagos.xhtml HTTP/1.1" 200 26677
201.245.192.253 - - [06/Jun/2022:07:51:07 -0500] "GET /sipse/faces/javax.faces.resource/theme.css?ln=primefaces-sipse HTTP/1.1" 304 -
201.245.192.253 - - [06/Jun/2022:07:51:07 -0500] "GET /sipse/faces/javax.faces.resource/primefaces.css?ln=primefaces&v=4.0 HTTP/1.1" 304 -
201.245.192.253 - - [06/Jun/2022:07:51:07 -0500] "GET /sipse/faces/javax.faces.resource/layout/layout.css?ln=primefaces&v=4.0 HTTP/1.1" 304 -
201.245.192.253 - - [06/Jun/2022:07:51:07 -0500] "GET /sipse/faces/javax.faces.resource/jquery/jquery.js?ln=primefaces&v=4.0 HTTP/1.1" 304 -
201.245.192.253 - - [06/Jun/2022:07:51:07 -0500] "GET /sipse/faces/javax.faces.resource/jquery/jquery-plugins.js?ln=primefaces&v=4.0 HTTP/1.1" 304 -
201.245.192.253 - - [06/Jun/2022:07:51:07 -0500] "GET /sipse/faces/javax.faces.resource/primefaces.js?ln=primefaces&v=4.0 HTTP/1.1" 304 -
201.245.192.253 - - [06/Jun/2022:07:51:07 -0500] "GET /sipse/faces/javax.faces.resource/layout/layout.js?ln=primefaces&v=4.0 HTTP/1.1" 304 -
173.252.107.13 - - [06/Jun/2022:07:51:08 -0500] "GET /images/fachada-secretaria-ambiente-abril.jpg HTTP/1.1" 200 148853
