186.148.168.245 - - [06/Jun/2022:12:02:04 -0500] "POST /sipsepre/faces/presentacion/proyectos/proyecto/proyecto.xhtml HTTP/1.1" 200 28512
186.148.168.245 - - [06/Jun/2022:12:02:07 -0500] "GET /sipsepre/faces/javax.faces.resource/spacer/dot_clear.gif?ln=primefaces&v=4.0 HTTP/1.1" 304 -
201.245.192.253 - - [06/Jun/2022:12:02:08 -0500] "POST /appsia/controlador HTTP/1.1" 200 7775
201.245.192.253 - - [06/Jun/2022:12:02:13 -0500] "POST /appsia/controlador HTTP/1.1" 200 6640
201.245.192.253 - - [06/Jun/2022:12:02:14 -0500] "POST /appsia/controlador HTTP/1.1" 200 8728
201.245.192.253 - - [06/Jun/2022:12:02:19 -0500] "POST /appsia/controlador HTTP/1.1" 200 7775
201.245.192.253 - - [06/Jun/2022:12:02:26 -0500] "POST /appsia/controlador HTTP/1.1" 200 6640
201.245.192.253 - - [06/Jun/2022:12:02:27 -0500] "POST /appsia/controlador HTTP/1.1" 200 11291
186.148.168.245 - - [06/Jun/2022:12:02:32 -0500] "POST /sipsepre/faces/presentacion/proyectos/proyecto/objetivos/objetivo.xhtml HTTP/1.1" 200 6913
186.148.168.245 - - [06/Jun/2022:12:02:36 -0500] "POST /sipsepre/faces/presentacion/proyectos/proyecto/objetivos/objetivo.xhtml HTTP/1.1" 200 56136
186.148.168.245 - - [06/Jun/2022:12:02:36 -0500] "GET /sipsepre/faces/javax.faces.resource/theme.css?ln=primefaces-sipse HTTP/1.1" 304 -
186.148.168.245 - - [06/Jun/2022:12:02:36 -0500] "GET /sipsepre/faces/javax.faces.resource/primefaces.css?ln=primefaces&v=4.0 HTTP/1.1" 304 -
186.148.168.245 - - [06/Jun/2022:12:02:36 -0500] "GET /sipsepre/faces/javax.faces.resource/layout/layout.css?ln=primefaces&v=4.0 HTTP/1.1" 304 -
186.148.168.245 - - [06/Jun/2022:12:02:36 -0500] "GET /sipsepre/faces/javax.faces.resource/jquery/jquery.js?ln=primefaces&v=4.0 HTTP/1.1" 304 -
186.148.168.245 - - [06/Jun/2022:12:02:36 -0500] "GET /sipsepre/faces/javax.faces.resource/jquery/jquery-plugins.js?ln=primefaces&v=4.0 HTTP/1.1" 304 -
186.148.168.245 - - [06/Jun/2022:12:02:37 -0500] "GET /sipsepre/faces/javax.faces.resource/primefaces.js?ln=primefaces&v=4.0 HTTP/1.1" 304 -
186.148.168.245 - - [06/Jun/2022:12:02:37 -0500] "GET /sipsepre/faces/javax.faces.resource/layout/layout.js?ln=primefaces&v=4.0 HTTP/1.1" 304 -
186.148.168.245 - - [06/Jun/2022:12:02:37 -0500] "POST /sipsepre/faces/presentacion/proyectos/proyecto/proyecto.xhtml HTTP/1.1" 200 3254
186.148.168.245 - - [06/Jun/2022:12:02:39 -0500] "POST /sipsepre/faces/presentacion/proyectos/proyecto/proyecto.xhtml HTTP/1.1" 200 8619
186.148.168.245 - - [06/Jun/2022:12:02:39 -0500] "POST /sipsepre/faces/presentacion/proyectos/proyecto/proyecto.xhtml HTTP/1.1" 200 3782
186.148.168.245 - - [06/Jun/2022:12:02:42 -0500] "POST /sipsepre/faces/presentacion/proyectos/proyecto/proyecto.xhtml HTTP/1.1" 200 34353
186.148.168.245 - - [06/Jun/2022:12:02:42 -0500] "GET /sipsepre/faces/javax.faces.resource/theme.css?ln=primefaces-sipse HTTP/1.1" 304 -
186.148.168.245 - - [06/Jun/2022:12:02:42 -0500] "GET /sipsepre/faces/javax.faces.resource/layout/layout.css?ln=primefaces&v=4.0 HTTP/1.1" 304 -
186.148.168.245 - - [06/Jun/2022:12:02:42 -0500] "GET /sipsepre/faces/javax.faces.resource/primefaces.css?ln=primefaces&v=4.0 HTTP/1.1" 304 -
186.148.168.245 - - [06/Jun/2022:12:02:42 -0500] "GET /sipsepre/faces/javax.faces.resource/jquery/jquery.js?ln=primefaces&v=4.0 HTTP/1.1" 304 -
186.148.168.245 - - [06/Jun/2022:12:02:42 -0500] "GET /sipsepre/faces/javax.faces.resource/jquery/jquery-plugins.js?ln=primefaces&v=4.0 HTTP/1.1" 304 -
186.148.168.245 - - [06/Jun/2022:12:02:42 -0500] "GET /sipsepre/faces/javax.faces.resource/primefaces.js?ln=primefaces&v=4.0 HTTP/1.1" 304 -
186.148.168.245 - - [06/Jun/2022:12:02:42 -0500] "GET /sipsepre/faces/javax.faces.resource/layout/layout.js?ln=primefaces&v=4.0 HTTP/1.1" 304 -
186.148.168.245 - - [06/Jun/2022:12:02:45 -0500] "POST /sipsepre/faces/presentacion/proyectos/proyecto/objetivos/objetivo.xhtml HTTP/1.1" 200 52337
186.148.168.245 - - [06/Jun/2022:12:02:45 -0500] "GET /sipsepre/faces/javax.faces.resource/theme.css?ln=primefaces-sipse HTTP/1.1" 304 -
186.148.168.245 - - [06/Jun/2022:12:02:45 -0500] "GET /sipsepre/faces/javax.faces.resource/layout/layout.css?ln=primefaces&v=4.0 HTTP/1.1" 304 -
186.148.168.245 - - [06/Jun/2022:12:02:45 -0500] "GET /sipsepre/faces/javax.faces.resource/primefaces.css?ln=primefaces&v=4.0 HTTP/1.1" 304 -
186.148.168.245 - - [06/Jun/2022:12:02:45 -0500] "GET /sipsepre/faces/javax.faces.resource/jquery/jquery.js?ln=primefaces&v=4.0 HTTP/1.1" 304 -
186.148.168.245 - - [06/Jun/2022:12:02:45 -0500] "GET /sipsepre/faces/javax.faces.resource/jquery/jquery-plugins.js?ln=primefaces&v=4.0 HTTP/1.1" 304 -
186.148.168.245 - - [06/Jun/2022:12:02:45 -0500] "GET /sipsepre/faces/javax.faces.resource/primefaces.js?ln=primefaces&v=4.0 HTTP/1.1" 304 -
186.148.168.245 - - [06/Jun/2022:12:02:45 -0500] "GET /sipsepre/faces/javax.faces.resource/layout/layout.js?ln=primefaces&v=4.0 HTTP/1.1" 304 -
186.148.168.245 - - [06/Jun/2022:12:02:50 -0500] "POST /sipsepre/faces/presentacion/proyectos/proyecto/actividad/crearActividad.xhtml HTTP/1.1" 200 2100
172.22.2.4 - - [06/Jun/2022:12:01:12 -0500] "GET /BLA/boletinlegal/ HTTP/1.1" 200 60581
201.245.192.253 - - [06/Jun/2022:12:02:57 -0500] "POST /appsia/controlador HTTP/1.1" 200 7775
13.66.162.184 - - [06/Jun/2022:12:03:01 -0500] "GET /BLA/resoluciones/RESOLUCIONES%202021/2903.pdf HTTP/1.1" 200 474460
201.245.192.253 - - [06/Jun/2022:12:03:04 -0500] "POST /appsia/controlador HTTP/1.1" 200 6640
201.245.192.253 - - [06/Jun/2022:12:03:06 -0500] "POST /appsia/controlador HTTP/1.1" 200 10940
186.148.168.245 - - [06/Jun/2022:12:03:20 -0500] "POST /sipsepre/faces/presentacion/proyectos/proyecto/actividad/crearActividad.xhtml HTTP/1.1" 200 2128
186.148.168.245 - - [06/Jun/2022:12:03:22 -0500] "POST /sipsepre/faces/presentacion/proyectos/proyecto/actividad/crearActividad.xhtml HTTP/1.1" 200 37696
186.148.168.245 - - [06/Jun/2022:12:03:22 -0500] "GET /sipsepre/faces/javax.faces.resource/theme.css?ln=primefaces-sipse HTTP/1.1" 304 -
186.148.168.245 - - [06/Jun/2022:12:03:22 -0500] "GET /sipsepre/faces/javax.faces.resource/primefaces.css?ln=primefaces&v=4.0 HTTP/1.1" 304 -
186.148.168.245 - - [06/Jun/2022:12:03:22 -0500] "GET /sipsepre/faces/javax.faces.resource/jquery/jquery.js?ln=primefaces&v=4.0 HTTP/1.1" 304 -
186.148.168.245 - - [06/Jun/2022:12:03:22 -0500] "GET /sipsepre/faces/javax.faces.resource/layout/layout.css?ln=primefaces&v=4.0 HTTP/1.1" 304 -
186.148.168.245 - - [06/Jun/2022:12:03:22 -0500] "GET /sipsepre/faces/javax.faces.resource/jquery/jquery-plugins.js?ln=primefaces&v=4.0 HTTP/1.1" 304 -
186.148.168.245 - - [06/Jun/2022:12:03:22 -0500] "GET /sipsepre/faces/javax.faces.resource/primefaces.js?ln=primefaces&v=4.0 HTTP/1.1" 304 -
186.148.168.245 - - [06/Jun/2022:12:03:22 -0500] "GET /sipsepre/faces/javax.faces.resource/layout/layout.js?ln=primefaces&v=4.0 HTTP/1.1" 304 -
186.148.168.245 - - [06/Jun/2022:12:03:26 -0500] "POST /sipsepre/faces/presentacion/proyectos/proyecto/objetivos/objetivo.xhtml HTTP/1.1" 200 57709
186.148.168.245 - - [06/Jun/2022:12:03:26 -0500] "GET /sipsepre/faces/javax.faces.resource/theme.css?ln=primefaces-sipse HTTP/1.1" 304 -
186.148.168.245 - - [06/Jun/2022:12:03:26 -0500] "GET /sipsepre/faces/javax.faces.resource/layout/layout.css?ln=primefaces&v=4.0 HTTP/1.1" 304 -
186.148.168.245 - - [06/Jun/2022:12:03:26 -0500] "GET /sipsepre/faces/javax.faces.resource/primefaces.css?ln=primefaces&v=4.0 HTTP/1.1" 304 -
186.148.168.245 - - [06/Jun/2022:12:03:27 -0500] "GET /sipsepre/faces/javax.faces.resource/jquery/jquery.js?ln=primefaces&v=4.0 HTTP/1.1" 304 -
186.148.168.245 - - [06/Jun/2022:12:03:27 -0500] "GET /sipsepre/faces/javax.faces.resource/jquery/jquery-plugins.js?ln=primefaces&v=4.0 HTTP/1.1" 304 -
186.148.168.245 - - [06/Jun/2022:12:03:27 -0500] "GET /sipsepre/faces/javax.faces.resource/primefaces.js?ln=primefaces&v=4.0 HTTP/1.1" 304 -
186.148.168.245 - - [06/Jun/2022:12:03:27 -0500] "GET /sipsepre/faces/javax.faces.resource/layout/layout.js?ln=primefaces&v=4.0 HTTP/1.1" 304 -
181.237.56.233 - - [06/Jun/2022:12:03:27 -0500] "GET /sipsepre/faces/index.xhtml HTTP/1.1" 200 680
181.237.56.233 - - [06/Jun/2022:12:03:27 -0500] "GET /sipsepre/faces/javax.faces.resource/theme.css?ln=primefaces-sipse HTTP/1.1" 304 -
181.237.56.233 - - [06/Jun/2022:12:03:28 -0500] "GET /sipsepre/faces/faces/autenticacion.xhtml HTTP/1.1" 200 12204
181.237.56.233 - - [06/Jun/2022:12:03:28 -0500] "GET /sipsepre/faces/javax.faces.resource/theme.css?ln=primefaces-sipse HTTP/1.1" 304 -
181.237.56.233 - - [06/Jun/2022:12:03:28 -0500] "GET /sipsepre/js/disable_browser_buttons.js HTTP/1.1" 200 3230
181.237.56.233 - - [06/Jun/2022:12:03:28 -0500] "GET /sipsepre/faces/javax.faces.resource/primefaces.css?ln=primefaces&v=4.0 HTTP/1.1" 304 -
181.237.56.233 - - [06/Jun/2022:12:03:28 -0500] "GET /sipsepre/faces/javax.faces.resource/layout/layout.css?ln=primefaces&v=4.0 HTTP/1.1" 304 -
181.237.56.233 - - [06/Jun/2022:12:03:28 -0500] "GET /sipsepre/js/funciones.js HTTP/1.1" 200 12592
181.237.56.233 - - [06/Jun/2022:12:03:28 -0500] "GET /sipsepre/css/custom_css_sg.css HTTP/1.1" 200 9694
181.237.56.233 - - [06/Jun/2022:12:03:28 -0500] "GET /sipsepre/css/custom_css_sg_prime_login.css HTTP/1.1" 200 443
181.237.56.233 - - [06/Jun/2022:12:03:28 -0500] "GET /sipsepre/faces/javax.faces.resource/jquery/jquery.js?ln=primefaces&v=4.0 HTTP/1.1" 304 -
181.237.56.233 - - [06/Jun/2022:12:03:28 -0500] "GET /sipsepre/faces/javax.faces.resource/jquery/jquery-plugins.js?ln=primefaces&v=4.0 HTTP/1.1" 304 -
181.237.56.233 - - [06/Jun/2022:12:03:28 -0500] "GET /sipsepre/faces/javax.faces.resource/primefaces.js?ln=primefaces&v=4.0 HTTP/1.1" 304 -
181.237.56.233 - - [06/Jun/2022:12:03:28 -0500] "GET /sipsepre/faces/javax.faces.resource/layout/layout.js?ln=primefaces&v=4.0 HTTP/1.1" 304 -
181.237.56.233 - - [06/Jun/2022:12:03:28 -0500] "GET /sipsepre/faces/javax.faces.resource/images/ui-icons_898989_256x240.png?ln=primefaces-aristo HTTP/1.1" 200 5355
181.237.56.233 - - [06/Jun/2022:12:03:28 -0500] "GET /sipsepre/css/imagen/logoSDG.png HTTP/1.1" 200 53064
181.237.56.233 - - [06/Jun/2022:12:03:28 -0500] "GET /sipsepre/css/imagen/loginimg.png HTTP/1.1" 200 71635
181.237.56.233 - - [06/Jun/2022:12:03:29 -0500] "POST /sipsepre/faces/autenticacion.xhtml HTTP/1.1" 200 2183
181.237.56.233 - - [06/Jun/2022:12:03:29 -0500] "GET /sipsepre/faces/javax.faces.resource/messages/messages.png?ln=primefaces&v=4.0 HTTP/1.1" 200 27209
186.148.168.245 - - [06/Jun/2022:12:03:30 -0500] "POST /sipsepre/faces/presentacion/proyectos/proyecto/actividad/crearActividad.xhtml HTTP/1.1" 200 41007
186.148.168.245 - - [06/Jun/2022:12:03:31 -0500] "GET /sipsepre/faces/javax.faces.resource/theme.css?ln=primefaces-sipse HTTP/1.1" 304 -
186.148.168.245 - - [06/Jun/2022:12:03:31 -0500] "GET /sipsepre/faces/javax.faces.resource/layout/layout.css?ln=primefaces&v=4.0 HTTP/1.1" 304 -
186.148.168.245 - - [06/Jun/2022:12:03:31 -0500] "GET /sipsepre/faces/javax.faces.resource/primefaces.css?ln=primefaces&v=4.0 HTTP/1.1" 304 -
186.148.168.245 - - [06/Jun/2022:12:03:31 -0500] "GET /sipsepre/faces/javax.faces.resource/jquery/jquery.js?ln=primefaces&v=4.0 HTTP/1.1" 304 -
186.148.168.245 - - [06/Jun/2022:12:03:31 -0500] "GET /sipsepre/faces/javax.faces.resource/jquery/jquery-plugins.js?ln=primefaces&v=4.0 HTTP/1.1" 304 -
186.148.168.245 - - [06/Jun/2022:12:03:31 -0500] "GET /sipsepre/faces/javax.faces.resource/primefaces.js?ln=primefaces&v=4.0 HTTP/1.1" 304 -
186.148.168.245 - - [06/Jun/2022:12:03:31 -0500] "GET /sipsepre/faces/javax.faces.resource/layout/layout.js?ln=primefaces&v=4.0 HTTP/1.1" 304 -
181.237.56.233 - - [06/Jun/2022:12:03:31 -0500] "POST /sipsepre/faces/autenticacion.xhtml HTTP/1.1" 200 11344
181.237.56.233 - - [06/Jun/2022:12:03:32 -0500] "GET /sipsepre/css/custom_css_sg_prime.css HTTP/1.1" 200 5201
181.237.56.233 - - [06/Jun/2022:12:03:32 -0500] "GET /sipsepre/faces/javax.faces.resource/jquery/jquery.js?ln=primefaces&v=4.0 HTTP/1.1" 304 -
181.237.56.233 - - [06/Jun/2022:12:03:32 -0500] "GET /sipsepre/faces/javax.faces.resource/jquery/jquery-plugins.js?ln=primefaces&v=4.0 HTTP/1.1" 304 -
181.237.56.233 - - [06/Jun/2022:12:03:32 -0500] "GET /sipsepre/faces/javax.faces.resource/primefaces.js?ln=primefaces&v=4.0 HTTP/1.1" 304 -
181.237.56.233 - - [06/Jun/2022:12:03:32 -0500] "GET /sipsepre/faces/javax.faces.resource/layout/layout.js?ln=primefaces&v=4.0 HTTP/1.1" 304 -
181.237.56.233 - - [06/Jun/2022:12:03:33 -0500] "POST /sipsepre/faces/presentacion/sistema/seguridad/seleccionRol.xhtml HTTP/1.1" 200 5751
181.237.56.233 - - [06/Jun/2022:12:03:34 -0500] "POST /sipsepre/faces/presentacion/sistema/seguridad/seleccionRol.xhtml HTTP/1.1" 200 19940
181.237.56.233 - - [06/Jun/2022:12:03:34 -0500] "GET /sipsepre/js/jquery.min.js HTTP/1.1" 200 85582
181.237.56.233 - - [06/Jun/2022:12:03:34 -0500] "GET /sipsepre/faces/javax.faces.resource/jquery/jquery.js?ln=primefaces&v=4.0 HTTP/1.1" 304 -
181.237.56.233 - - [06/Jun/2022:12:03:34 -0500] "GET /sipsepre/faces/javax.faces.resource/jquery/jquery-plugins.js?ln=primefaces&v=4.0 HTTP/1.1" 304 -
181.237.56.233 - - [06/Jun/2022:12:03:34 -0500] "GET /sipsepre/faces/javax.faces.resource/primefaces.js?ln=primefaces&v=4.0 HTTP/1.1" 304 -
181.237.56.233 - - [06/Jun/2022:12:03:34 -0500] "GET /sipsepre/faces/javax.faces.resource/layout/layout.js?ln=primefaces&v=4.0 HTTP/1.1" 304 -
181.237.56.233 - - [06/Jun/2022:12:03:34 -0500] "GET /sipsepre/css/imagen/contrasena.png HTTP/1.1" 404 383
181.237.56.233 - - [06/Jun/2022:12:03:34 -0500] "GET /sipsepre/imagenes/cargando.gif HTTP/1.1" 200 36959
181.237.56.233 - - [06/Jun/2022:12:03:34 -0500] "GET /sipsepre/imagenes/logoAplicacion.jpg HTTP/1.1" 200 155084
186.148.168.245 - - [06/Jun/2022:12:03:36 -0500] "POST /sipsepre/faces/presentacion/proyectos/proyecto/actividad/editarPresupuesto.xhtml HTTP/1.1" 200 1859
201.245.192.253 - - [06/Jun/2022:12:03:36 -0500] "POST /appsia/controlador HTTP/1.1" 200 7775
186.148.168.245 - - [06/Jun/2022:12:03:39 -0500] "POST /sipsepre/faces/presentacion/proyectos/proyecto/actividad/editarPresupuesto.xhtml HTTP/1.1" 200 1712
181.237.56.233 - - [06/Jun/2022:12:03:40 -0500] "GET /sipsepre/faces/javax.faces.resource/images/ui-bg_flat_0_2d5972_40x100.png?ln=primefaces-aristo HTTP/1.1" 200 183
181.237.56.233 - - [06/Jun/2022:12:03:40 -0500] "POST /sipsepre/faces/bienvenido.xhtml HTTP/1.1" 200 13912
201.245.192.253 - - [06/Jun/2022:12:03:41 -0500] "POST /appsia/controlador HTTP/1.1" 200 6640
186.148.168.245 - - [06/Jun/2022:12:03:42 -0500] "POST /sipsepre/faces/presentacion/proyectos/proyecto/actividad/editarPresupuesto.xhtml HTTP/1.1" 200 2250
201.245.192.253 - - [06/Jun/2022:12:03:42 -0500] "POST /appsia/controlador HTTP/1.1" 200 10937
186.148.168.245 - - [06/Jun/2022:12:03:44 -0500] "POST /sipsepre/faces/presentacion/proyectos/proyecto/actividad/editarPresupuesto.xhtml HTTP/1.1" 200 59069
186.148.168.245 - - [06/Jun/2022:12:03:45 -0500] "GET /sipsepre/faces/javax.faces.resource/theme.css?ln=primefaces-sipse HTTP/1.1" 304 -
186.148.168.245 - - [06/Jun/2022:12:03:45 -0500] "GET /sipsepre/faces/javax.faces.resource/layout/layout.css?ln=primefaces&v=4.0 HTTP/1.1" 304 -
186.148.168.245 - - [06/Jun/2022:12:03:45 -0500] "GET /sipsepre/faces/javax.faces.resource/primefaces.css?ln=primefaces&v=4.0 HTTP/1.1" 304 -
186.148.168.245 - - [06/Jun/2022:12:03:45 -0500] "GET /sipsepre/faces/javax.faces.resource/jquery/jquery.js?ln=primefaces&v=4.0 HTTP/1.1" 304 -
186.148.168.245 - - [06/Jun/2022:12:03:45 -0500] "GET /sipsepre/faces/javax.faces.resource/jquery/jquery-plugins.js?ln=primefaces&v=4.0 HTTP/1.1" 304 -
186.148.168.245 - - [06/Jun/2022:12:03:45 -0500] "GET /sipsepre/faces/javax.faces.resource/primefaces.js?ln=primefaces&v=4.0 HTTP/1.1" 304 -
186.148.168.245 - - [06/Jun/2022:12:03:45 -0500] "GET /sipsepre/faces/javax.faces.resource/layout/layout.js?ln=primefaces&v=4.0 HTTP/1.1" 304 -
181.237.56.233 - - [06/Jun/2022:12:03:46 -0500] "POST /sipsepre/faces/bienvenido.xhtml HTTP/1.1" 200 13912
186.148.168.245 - - [06/Jun/2022:12:03:48 -0500] "POST /sipsepre/faces/presentacion/proyectos/proyecto/actividad/crearActividad.xhtml HTTP/1.1" 200 37266
186.148.168.245 - - [06/Jun/2022:12:03:49 -0500] "GET /sipsepre/faces/javax.faces.resource/theme.css?ln=primefaces-sipse HTTP/1.1" 304 -
186.148.168.245 - - [06/Jun/2022:12:03:49 -0500] "GET /sipsepre/faces/javax.faces.resource/layout/layout.css?ln=primefaces&v=4.0 HTTP/1.1" 304 -
186.148.168.245 - - [06/Jun/2022:12:03:49 -0500] "GET /sipsepre/faces/javax.faces.resource/primefaces.css?ln=primefaces&v=4.0 HTTP/1.1" 304 -
186.148.168.245 - - [06/Jun/2022:12:03:49 -0500] "GET /sipsepre/faces/javax.faces.resource/jquery/jquery.js?ln=primefaces&v=4.0 HTTP/1.1" 304 -
186.148.168.245 - - [06/Jun/2022:12:03:49 -0500] "GET /sipsepre/faces/javax.faces.resource/jquery/jquery-plugins.js?ln=primefaces&v=4.0 HTTP/1.1" 304 -
186.148.168.245 - - [06/Jun/2022:12:03:49 -0500] "GET /sipsepre/faces/javax.faces.resource/primefaces.js?ln=primefaces&v=4.0 HTTP/1.1" 304 -
186.148.168.245 - - [06/Jun/2022:12:03:49 -0500] "GET /sipsepre/faces/javax.faces.resource/layout/layout.js?ln=primefaces&v=4.0 HTTP/1.1" 304 -
181.237.56.233 - - [06/Jun/2022:12:03:50 -0500] "POST /sipsepre/faces/bienvenido.xhtml HTTP/1.1" 200 13912
186.148.168.245 - - [06/Jun/2022:12:03:55 -0500] "POST /sipsepre/faces/presentacion/proyectos/proyecto/objetivos/objetivo.xhtml HTTP/1.1" 200 4907
186.148.168.245 - - [06/Jun/2022:12:03:58 -0500] "POST /sipsepre/faces/presentacion/proyectos/proyecto/objetivos/objetivo.xhtml HTTP/1.1" 200 65562
186.148.168.245 - - [06/Jun/2022:12:03:59 -0500] "GET /sipsepre/faces/javax.faces.resource/theme.css?ln=primefaces-sipse HTTP/1.1" 304 -
186.148.168.245 - - [06/Jun/2022:12:03:59 -0500] "GET /sipsepre/faces/javax.faces.resource/layout/layout.css?ln=primefaces&v=4.0 HTTP/1.1" 304 -
186.148.168.245 - - [06/Jun/2022:12:03:59 -0500] "GET /sipsepre/faces/javax.faces.resource/primefaces.css?ln=primefaces&v=4.0 HTTP/1.1" 304 -
186.148.168.245 - - [06/Jun/2022:12:03:59 -0500] "GET /sipsepre/faces/javax.faces.resource/jquery/jquery.js?ln=primefaces&v=4.0 HTTP/1.1" 304 -
186.148.168.245 - - [06/Jun/2022:12:03:59 -0500] "GET /sipsepre/faces/javax.faces.resource/jquery/jquery-plugins.js?ln=primefaces&v=4.0 HTTP/1.1" 304 -
186.148.168.245 - - [06/Jun/2022:12:03:59 -0500] "GET /sipsepre/faces/javax.faces.resource/primefaces.js?ln=primefaces&v=4.0 HTTP/1.1" 304 -
186.148.168.245 - - [06/Jun/2022:12:03:59 -0500] "GET /sipsepre/faces/javax.faces.resource/layout/layout.js?ln=primefaces&v=4.0 HTTP/1.1" 304 -
186.148.168.245 - - [06/Jun/2022:12:03:59 -0500] "POST /sipsepre/faces/presentacion/financiero/solicitudProceso/listarSolicitudProceso.xhtml HTTP/1.1" 200 58921
186.148.168.245 - - [06/Jun/2022:12:04:00 -0500] "POST /sipsepre/faces/presentacion/financiero/solicitudProceso/listarSolicitudProceso.xhtml HTTP/1.1" 200 58921
186.148.168.245 - - [06/Jun/2022:12:04:00 -0500] "POST /sipsepre/faces/presentacion/financiero/solicitudProceso/listarSolicitudProceso.xhtml HTTP/1.1" 200 58921
186.148.168.245 - - [06/Jun/2022:12:04:01 -0500] "POST /sipsepre/faces/presentacion/financiero/solicitudProceso/listarSolicitudProceso.xhtml HTTP/1.1" 200 58921
186.148.168.245 - - [06/Jun/2022:12:04:01 -0500] "POST /sipsepre/faces/presentacion/financiero/solicitudProceso/listarSolicitudProceso.xhtml HTTP/1.1" 200 58921
186.148.168.245 - - [06/Jun/2022:12:04:01 -0500] "POST /sipsepre/faces/presentacion/financiero/solicitudProceso/listarSolicitudProceso.xhtml HTTP/1.1" 200 58921
186.148.168.245 - - [06/Jun/2022:12:04:02 -0500] "POST /sipsepre/faces/presentacion/financiero/solicitudProceso/listarSolicitudProceso.xhtml HTTP/1.1" 200 58921
186.148.168.245 - - [06/Jun/2022:12:04:02 -0500] "POST /sipsepre/faces/presentacion/financiero/solicitudProceso/listarSolicitudProceso.xhtml HTTP/1.1" 200 58921
186.148.168.245 - - [06/Jun/2022:12:04:02 -0500] "POST /sipsepre/faces/presentacion/financiero/solicitudProceso/listarSolicitudProceso.xhtml HTTP/1.1" 200 1556
186.148.168.245 - - [06/Jun/2022:12:04:03 -0500] "POST /sipsepre/faces/presentacion/financiero/solicitudProceso/listarSolicitudProceso.xhtml HTTP/1.1" 200 1556
186.148.168.245 - - [06/Jun/2022:12:04:03 -0500] "POST /sipsepre/faces/presentacion/financiero/solicitudProceso/listarSolicitudProceso.xhtml HTTP/1.1" 200 1560
186.148.168.245 - - [06/Jun/2022:12:04:03 -0500] "POST /sipsepre/faces/presentacion/financiero/solicitudProceso/listarSolicitudProceso.xhtml HTTP/1.1" 200 1556
186.148.168.245 - - [06/Jun/2022:12:04:03 -0500] "POST /sipsepre/faces/presentacion/financiero/solicitudProceso/listarSolicitudProceso.xhtml HTTP/1.1" 200 1560
186.148.168.245 - - [06/Jun/2022:12:04:03 -0500] "POST /sipsepre/faces/presentacion/financiero/solicitudProceso/listarSolicitudProceso.xhtml HTTP/1.1" 200 1556
186.148.168.245 - - [06/Jun/2022:12:04:03 -0500] "POST /sipsepre/faces/presentacion/financiero/solicitudProceso/listarSolicitudProceso.xhtml HTTP/1.1" 200 1560
186.148.168.245 - - [06/Jun/2022:12:04:03 -0500] "POST /sipsepre/faces/presentacion/financiero/solicitudProceso/listarSolicitudProceso.xhtml HTTP/1.1" 200 1556
186.148.168.245 - - [06/Jun/2022:12:04:04 -0500] "POST /sipsepre/faces/presentacion/financiero/solicitudProceso/listarSolicitudProceso.xhtml HTTP/1.1" 200 1560
186.148.168.245 - - [06/Jun/2022:12:04:06 -0500] "POST /sipsepre/faces/presentacion/financiero/solicitudProceso/listarSolicitudProceso.xhtml HTTP/1.1" 200 62642
186.148.168.245 - - [06/Jun/2022:12:04:07 -0500] "GET /sipsepre/faces/javax.faces.resource/theme.css?ln=primefaces-sipse HTTP/1.1" 304 -
186.148.168.245 - - [06/Jun/2022:12:04:07 -0500] "GET /sipsepre/faces/javax.faces.resource/layout/layout.css?ln=primefaces&v=4.0 HTTP/1.1" 304 -
186.148.168.245 - - [06/Jun/2022:12:04:07 -0500] "GET /sipsepre/faces/javax.faces.resource/primefaces.css?ln=primefaces&v=4.0 HTTP/1.1" 304 -
186.148.168.245 - - [06/Jun/2022:12:04:07 -0500] "GET /sipsepre/faces/javax.faces.resource/jquery/jquery.js?ln=primefaces&v=4.0 HTTP/1.1" 304 -
186.148.168.245 - - [06/Jun/2022:12:04:08 -0500] "GET /sipsepre/faces/javax.faces.resource/jquery/jquery-plugins.js?ln=primefaces&v=4.0 HTTP/1.1" 304 -
186.148.168.245 - - [06/Jun/2022:12:04:08 -0500] "GET /sipsepre/faces/javax.faces.resource/primefaces.js?ln=primefaces&v=4.0 HTTP/1.1" 304 -
186.148.168.245 - - [06/Jun/2022:12:04:08 -0500] "GET /sipsepre/faces/javax.faces.resource/layout/layout.js?ln=primefaces&v=4.0 HTTP/1.1" 304 -
201.245.192.253 - - [06/Jun/2022:12:04:16 -0500] "POST /appsia/controlador HTTP/1.1" 200 7775
201.245.192.253 - - [06/Jun/2022:12:04:27 -0500] "POST /appsia/controlador HTTP/1.1" 200 6640
201.245.192.253 - - [06/Jun/2022:12:04:28 -0500] "POST /appsia/controlador HTTP/1.1" 200 12085
186.148.168.245 - - [06/Jun/2022:12:04:29 -0500] "POST /sipsepre/faces/presentacion/financiero/solicitudProceso/crearModificarSolicitudProceso.xhtml HTTP/1.1" 200 51780
216.245.221.92 - - [06/Jun/2022:12:04:30 -0500] "HEAD / HTTP/1.1" 200 -
201.245.192.253 - - [06/Jun/2022:12:04:30 -0500] "POST /appsia/controlador HTTP/1.1" 200 7775
186.102.53.106 - - [06/Jun/2022:12:04:35 -0500] "OPTIONS /kwssiamovil/sm/setfile/f? HTTP/1.1" 200 13
201.245.192.253 - - [06/Jun/2022:12:04:36 -0500] "POST /appsia/controlador HTTP/1.1" 200 6640
201.245.192.253 - - [06/Jun/2022:12:04:37 -0500] "POST /appsia/controlador HTTP/1.1" 200 11288
186.148.168.245 - - [06/Jun/2022:12:04:37 -0500] "POST /sipsepre/faces/presentacion/financiero/solicitudProceso/crearModificarSolicitudProceso.xhtml HTTP/1.1" 200 32762
186.102.53.106 - - [06/Jun/2022:12:04:35 -0500] "POST /kwssiamovil/sm/setfile/f? HTTP/1.1" 200 381
186.102.53.106 - - [06/Jun/2022:12:04:38 -0500] "OPTIONS /kwssiamovil/sm/setfile/f? HTTP/1.1" 200 13
186.102.53.106 - - [06/Jun/2022:12:04:38 -0500] "POST /kwssiamovil/sm/setfile/f? HTTP/1.1" 200 381
181.237.56.233 - - [06/Jun/2022:12:04:43 -0500] "GET /sipsepre/faces/index.xhtml HTTP/1.1" 200 680
181.237.56.233 - - [06/Jun/2022:12:04:43 -0500] "GET /sipsepre/faces/javax.faces.resource/theme.css?ln=primefaces-sipse HTTP/1.1" 304 -
181.237.56.233 - - [06/Jun/2022:12:04:43 -0500] "GET /sipsepre/faces/faces/autenticacion.xhtml HTTP/1.1" 200 12211
181.237.56.233 - - [06/Jun/2022:12:04:43 -0500] "GET /sipsepre/faces/javax.faces.resource/theme.css?ln=primefaces-sipse HTTP/1.1" 304 -
181.237.56.233 - - [06/Jun/2022:12:04:43 -0500] "GET /sipsepre/faces/javax.faces.resource/jquery/jquery.js?ln=primefaces&v=4.0 HTTP/1.1" 304 -
181.237.56.233 - - [06/Jun/2022:12:04:43 -0500] "GET /sipsepre/faces/javax.faces.resource/primefaces.css?ln=primefaces&v=4.0 HTTP/1.1" 304 -
181.237.56.233 - - [06/Jun/2022:12:04:43 -0500] "GET /sipsepre/faces/javax.faces.resource/layout/layout.js?ln=primefaces&v=4.0 HTTP/1.1" 304 -
181.237.56.233 - - [06/Jun/2022:12:04:43 -0500] "GET /sipsepre/faces/javax.faces.resource/jquery/jquery-plugins.js?ln=primefaces&v=4.0 HTTP/1.1" 304 -
181.237.56.233 - - [06/Jun/2022:12:04:43 -0500] "GET /sipsepre/faces/javax.faces.resource/primefaces.js?ln=primefaces&v=4.0 HTTP/1.1" 304 -
181.237.56.233 - - [06/Jun/2022:12:04:43 -0500] "GET /sipsepre/faces/javax.faces.resource/layout/layout.css?ln=primefaces&v=4.0 HTTP/1.1" 304 -
181.237.56.233 - - [06/Jun/2022:12:04:43 -0500] "GET /sipsepre/faces/javax.faces.resource/images/ui-icons_898989_256x240.png?ln=primefaces-aristo HTTP/1.1" 200 5355
181.237.56.233 - - [06/Jun/2022:12:04:43 -0500] "GET /sipsepre/css/imagen/logoSDG.png HTTP/1.1" 200 16070
181.237.56.233 - - [06/Jun/2022:12:04:43 -0500] "GET /sipsepre/css/imagen/loginimg.png HTTP/1.1" 200 16070
181.237.56.233 - - [06/Jun/2022:12:04:46 -0500] "POST /sipsepre/faces/autenticacion.xhtml HTTP/1.1" 200 11344
181.237.56.233 - - [06/Jun/2022:12:04:46 -0500] "GET /sipsepre/css/custom_css_sg_prime.css HTTP/1.1" 200 5201
181.237.56.233 - - [06/Jun/2022:12:04:46 -0500] "GET /sipsepre/faces/javax.faces.resource/jquery/jquery.js?ln=primefaces&v=4.0 HTTP/1.1" 304 -
181.237.56.233 - - [06/Jun/2022:12:04:46 -0500] "GET /sipsepre/faces/javax.faces.resource/jquery/jquery-plugins.js?ln=primefaces&v=4.0 HTTP/1.1" 304 -
186.102.53.106 - - [06/Jun/2022:12:04:46 -0500] "GET /kwssiamovil/sm/acme/a?s=U2FsdGVkX1+wrP4K/UHf+tNAfqNQLtRFpsFD9x7CTyPbrvLHWl8/3Q/zOp5ryeUtoRpg0vo+oZJ2u9a2aJwrh89rRzrcZA38Lm6hnsaIG7S1Yw7pgdCgVmNgJKW+laKMUz/RZ9Nf1g/2JQlVZKjLlNu8VD6F3btG4lKqrfR915AbBruhlYKuFVD60qqmAKNiqIjXhyRLaCfJGnUNfrXR4KLsDOJuWg9OIAf4zUgrmPYVuPK8D/4ACWWcEdhz9wAxan9ufgYC8rrezer46lZuSQ==&u=U2FsdGVkX18wt2zlM4euNqA9ssEfTKIQgv4gdieRF7c=&y=U2FsdGVkX199/L+pY9iIhnCoi2A97HdqOiol4a6imVU/8gHWhegfE9Zb9bth4Bwn HTTP/1.1" 200 25
181.237.56.233 - - [06/Jun/2022:12:04:46 -0500] "GET /sipsepre/faces/javax.faces.resource/primefaces.js?ln=primefaces&v=4.0 HTTP/1.1" 304 -
181.237.56.233 - - [06/Jun/2022:12:04:46 -0500] "GET /sipsepre/faces/javax.faces.resource/layout/layout.js?ln=primefaces&v=4.0 HTTP/1.1" 304 -
181.237.56.233 - - [06/Jun/2022:12:04:46 -0500] "GET /sipsepre/faces/javax.faces.resource/messages/messages.png?ln=primefaces&v=4.0 HTTP/1.1" 304 -
186.102.53.106 - - [06/Jun/2022:12:04:47 -0500] "GET /kwssiamovil/sm/acme/a?s=U2FsdGVkX1/v+Y/pbRTNx+/gQElr2IXYPvVm8B4SRuNhvPCdYYbQEANO2XaoT8cWLn3+29avuuLiGGXaQLV2SZqm2n8gIXwWoFwj1p9o/mNEMTPC7yrMYkTG6ta3nMpKlgu3fbmOwk7h0RNukz8hEvlALKd3eYzPAnPrdblxlWQw67eJPUrogRlpohxQPPzFyUMsDYZ5hL4Vh50ca8XAR+JN5AlDF5tC0weE+NhLkZdg27G4rQnMCw5Md6tldvbifM9I8Jn6R3Vkx4ttfPA6qC7X5BzrE3tutY3l9v1m9VI5CPWBVQ2kBfnAE1idxrFFHgh1/VCfCkDxn3ky2ae4XLf6RNAWHiQXarIL5kXDVwadBWc48Zt5k+7mD3lmA0pskFsCYAQrGSCTUgtYLKbEfi9MQa8HCz1eYIMD+OrBAM2/Ilcs+6yw+OIjqCdX3TcaqeyoLsH9SOYf6odZPEmuNrAjM/PHL/F7KLE1uuNatAp3KmOFuBLjSkP7LpID55EVNFr+kY+qdE3J4Sj2i2CmFOMjRwmAVfHoHVjBBGtsiU8iwn5bNkoP8iEy27D1rpjemyytYTXHqbumQpGYg5F9/fzA+MDmRJmXBJf8cUQmHzcwwcO8hiyQCtNfxjzaiTet9R91dcDwvNM6O0Hkd3sCkomr1K9uOLXFlgW63sJdBSOoBivlNaXsWwh3anhKtRETMp8qUb3SUrbg/wsb5PdziQlzAVAkspzaXALvPsdVqCGljWGKHGGcmhwvd67NXkOMYpM2RH7s6sbD3F2bxYHKXzwVozWS85ipl/feiYvm3fQx8mV5LmqQYDHByRFT9KjceLHE6evisfUtkltFzFHVh1Z5MfvqP8YbH1gTaXrkEVUtZTzU2n98zMNtWS54BSSAkANW8aJywcQBr/A5X28Fk7N9ImtL09dmJA7Kraji7Vlj3OPZpXI19FA944ADJnvYggwgHwHduxpL7L4n32GNXfD5GTTyZGYb2M4Nlk/PXEBt8728AmgGHGTnHFIkRi+zaaK7rwHATe+BEGp4RX/iE5jILPF+EA/FxMnDtGDQG3PnAfWQi/IKTpvQDq2/u2PgnbJnoWljTgS6n/HBoDSXPRYsfecoqHVp3oJXZfa4smh4nDXCpG0QP1Eq6m6ak5/npy2DYODIJ1jRGm4FnIdv16PHVDLlbf4fQZUbokZThQm3Pt8NSuEF4F09KY17WX2ZJ/GiaqYc4kl1spdyZ86BSjvWh/fi6lOlyTDEK7iwoWlahPVpFJ5G8Wnafsixxu+KG4OXnXdmng8y/UQfa5l6Dnv9XEBqraV+ZcHv6HCxAKLF1/tHy4Qy7zq1GiQfrNeZ9fEXvhxFoJzwElV+Gbpvon1QLVdwY+GgkPre4lZaQYHn8WcN9CdmDw5jNMFxbbyMmrY2pwBieTYOd7C0sdkgHwsvPy7ky4e/JNCraOFmHcJRLXqBHRVOCRwVE8fGKmQjuBGUQjmI/969KWA8CkBN7jQYItIHUfF940ZhVuU1FRN66WZ5DrrmH61knCQkZpZ7UP1hp3dzE3UAE36oNCwdcSR+a3Jw8jiv6A63w32tGaIZQmv99utnvFclWx42MKEVIFQ9HwJ8unEtPdqWNEN12fkBi3ZmK1pbNZm/JyjDwh1biGpj+W7Mnhpu0l7aMMXCXSCNdL14MRZr26UaiatWTtoEkeJ+MUYTQPvkFVG08ypNH8e6K4c0poIf6Ah7vEmxmaYBamo88Ad8wVu50OpgPeyDLhpImD/jYlG84y4VwltGuzpTECp2Z/CJO5iOHyFHMqJefQa0fN5QqIpALXT3iV2RUPuJOeLng4CJJql1cn14Smogj/RrntQZ67n6bq1mbeoLSGzCcW+Hmel8MajoloYDw4kGk7Bj/xa7eEHFulD3zsbJACsTl7flCMGXm5L24tBDm50TVzHv+xMTRnIjhyVuE2q+8sgaOBbooDgAVGAZqEw5NfywB8smuO23dMRjPJyGydVfMrtj9Gdp2IAAhclzgPOHSacRiipUUwKJbuT+78ZamtyueLbH/TwnhdRtXlVxieoLlx3Yoodk3M/jG4rWVgwYLMvM6XFXtSPhA/RDzSvL7hLwfrIkXKuFHYpkaUcdVdnWoZuYqPYIVR+c1A==&u=U2FsdGVkX18wt2zlM4euNqA9ssEfTKIQgv4gdieRF7c=&y=U2FsdGVkX199/L+pY9iIhnCoi2A97HdqOiol4a6imVU/8gHWhegfE9Zb9bth4Bwn HTTP/1.1" 200 25
186.102.53.106 - - [06/Jun/2022:12:04:47 -0500] "GET /kwssiamovil/sm/acme/a?s=U2FsdGVkX1+fBPXfy6cRS/+imih3b4VHLWGlLxjjV5SLrnovLXbPiRojrsvMpQwH4bHytcK1trXy+IDLKlH5fwkxxLRzBGRlRcJSAUm4WMByvOSYfKhFEaZooDtXxmpXYD2ydYJse8mxYFY6yx3WU6rTr4j8vd5zxR/kBg1M06k=&u=U2FsdGVkX18wt2zlM4euNqA9ssEfTKIQgv4gdieRF7c=&y=U2FsdGVkX199/L+pY9iIhnCoi2A97HdqOiol4a6imVU/8gHWhegfE9Zb9bth4Bwn HTTP/1.1" 200 25
186.102.53.106 - - [06/Jun/2022:12:04:47 -0500] "GET /kwssiamovil/sm/acme/a?s=U2FsdGVkX1/CDdNPrqP+ZV70TN12SBtDb24dJQUEMlQIMDVJ2UJ4jrwvITu4k64ozKhEYyDUqAbcajd/iUxLqN0JUCoCyimiRJ8cB10mdPqNyvU7grE5AYcDNzGTdMmvLWIeap6VsidFmio7ys6acT21BL84vg6niuYWPy6XQhY=&u=U2FsdGVkX18wt2zlM4euNqA9ssEfTKIQgv4gdieRF7c=&y=U2FsdGVkX199/L+pY9iIhnCoi2A97HdqOiol4a6imVU/8gHWhegfE9Zb9bth4Bwn HTTP/1.1" 200 25
186.102.53.106 - - [06/Jun/2022:12:04:47 -0500] "GET /kwssiamovil/sm/acme/a?s=U2FsdGVkX19kkNBzmXMXCGacgC79Xjlfxu1+Miqo/Z1CsHA6kCJwm6rz1WL0tW7fcwy+m0bS7FAlG0QmyrTkI7kSTSaUOkHi0gqyzOJEdfCutNRhPE5ivxWB2PdG03h1H59v4MKCfE1Ah0u9CkdM8diU7ZsvORbUmYxjqDq2Lhc=&u=U2FsdGVkX18wt2zlM4euNqA9ssEfTKIQgv4gdieRF7c=&y=U2FsdGVkX199/L+pY9iIhnCoi2A97HdqOiol4a6imVU/8gHWhegfE9Zb9bth4Bwn HTTP/1.1" 200 25
186.102.53.106 - - [06/Jun/2022:12:04:47 -0500] "GET /kwssiamovil/sm/acme/a?s=U2FsdGVkX1+p/2yn3/Cd2zjaGxdV+HzVbndEhEVeL2+uLG6NOuTYIvsRxWY1yYPOAoBNENYQN0DED5CTDcfulhtnmXTX8ZoNOxeFtXRnfhGYJfWf/DJnJ8Jr5PBoKSc4VOxpwKYPnP4wofv1RdxjSxKLtvVo8icNdYrd2dxvE+ebM59Sf0mNfNGbxxFV/bgg&u=U2FsdGVkX18wt2zlM4euNqA9ssEfTKIQgv4gdieRF7c=&y=U2FsdGVkX199/L+pY9iIhnCoi2A97HdqOiol4a6imVU/8gHWhegfE9Zb9bth4Bwn HTTP/1.1" 200 25
186.102.53.106 - - [06/Jun/2022:12:04:48 -0500] "GET /kwssiamovil/sm/acme/a?s=U2FsdGVkX18x/Zo7xscbmkhs9hlxsrHL/jMuI/chgp74HS+8dtHXGlIC9g8cyFwYNeRgT/C2/01oLrL39hzXHGlHkC2YO/r/nSDm/FEC/sP2yYeQUlS8ZKSVxk66Aw5Ca3ss8pdWhCzTUpp8w2A6A8aOjVtJFpSh0xiIaC4g7ss6pWedSFHFax/nFSZPBzdkAiQl9nfEq2FqOFXUOfPUUQ==&u=U2FsdGVkX18wt2zlM4euNqA9ssEfTKIQgv4gdieRF7c=&y=U2FsdGVkX199/L+pY9iIhnCoi2A97HdqOiol4a6imVU/8gHWhegfE9Zb9bth4Bwn HTTP/1.1" 200 25
181.237.56.233 - - [06/Jun/2022:12:04:48 -0500] "POST /sipsepre/faces/presentacion/sistema/seguridad/seleccionRol.xhtml HTTP/1.1" 200 19972
186.102.53.106 - - [06/Jun/2022:12:04:48 -0500] "GET /kwssiamovil/sm/acme/a?s=U2FsdGVkX18biSLm58pCeI06x6g/9ZU1PJIuV+Ix/HCnwwvdfZTSyou2CKloBhs3odwQYNQJQPW4dupSqj/P/vrTK2hmx9dZNqPCDpEzGxAeWddBteWWlvbD9HIKkTYXfM8UOChhoXxdKTbWHglvXgrRbDA8KiOQHoSwTGSE6D8oEVGQLzdZiiSGGpljgPnp5aKXOq07DxHdI5VtgMXZ40Hs14uoA31+8jfI/16YHVe+dgw7vkLv1GUyeP9NyYrY55KsyrD4LtjsI7L749oTVvLDnVWIk4mzHu1dWRiv1vjEsP2JXTHFpi4kpbpcr+KG559qxOt3ZfCbdYe0Pce0jCSc8kriMlNjYHJ4oAsl2km1ZE67O6kTBE/D9d5f3Gfqjy/I8ks9trU8aZl622IVXfwp1SjvZtmzDxEcTFW2UduhwhnT1908GqIQu8bQWWuQj/BWGUWR1okXlz2wJE2Df7jHsT91i2nBT3lN/GLUIcyGl4ZRHn+Xx/Ke7lOyl+rm&u=U2FsdGVkX18wt2zlM4euNqA9ssEfTKIQgv4gdieRF7c=&y=U2FsdGVkX199/L+pY9iIhnCoi2A97HdqOiol4a6imVU/8gHWhegfE9Zb9bth4Bwn HTTP/1.1" 200 25
181.237.56.233 - - [06/Jun/2022:12:04:48 -0500] "GET /sipsepre/faces/javax.faces.resource/jquery/jquery.js?ln=primefaces&v=4.0 HTTP/1.1" 304 -
181.237.56.233 - - [06/Jun/2022:12:04:48 -0500] "GET /sipsepre/faces/javax.faces.resource/jquery/jquery-plugins.js?ln=primefaces&v=4.0 HTTP/1.1" 304 -
181.237.56.233 - - [06/Jun/2022:12:04:48 -0500] "GET /sipsepre/faces/javax.faces.resource/primefaces.js?ln=primefaces&v=4.0 HTTP/1.1" 304 -
181.237.56.233 - - [06/Jun/2022:12:04:48 -0500] "GET /sipsepre/faces/javax.faces.resource/layout/layout.js?ln=primefaces&v=4.0 HTTP/1.1" 304 -
181.237.56.233 - - [06/Jun/2022:12:04:48 -0500] "GET /sipsepre/css/imagen/contrasena.png HTTP/1.1" 404 383
186.102.53.106 - - [06/Jun/2022:12:04:48 -0500] "GET /kwssiamovil/sm/acme/a?s=U2FsdGVkX1/1v7JBIKGniH1uHzuV0wbCnn+RlrFyzi+Vn/t5YoQlbhgmg5taiG9xywaJr2DFxR95CjhoNWvnwL4gUthHojTGL7assQ5L437FeZg2VO3ucnZ76ohK+6zWdTGtfsudXm/yYiIh4bXM6jfOSV7RXzrWe3vGD8SmYe6hZ1RCu+6Yh97JZ5ml17Ug&u=U2FsdGVkX18wt2zlM4euNqA9ssEfTKIQgv4gdieRF7c=&y=U2FsdGVkX199/L+pY9iIhnCoi2A97HdqOiol4a6imVU/8gHWhegfE9Zb9bth4Bwn HTTP/1.1" 200 25
186.102.53.106 - - [06/Jun/2022:12:04:48 -0500] "GET /kwssiamovil/sm/acme/a?s=U2FsdGVkX1+b4ev8G+SaB8lgx/MrD5CdgyIsd87YYKMk8AT4AkdLEVJH7sxSg7cmVapKWktFzyuNbZaKQQxVMGISASuRptUyYEKivTLlU8DPbeFf0seNz4czK4utEzSqb29VRWEAoEPvqW8xI+Yl7aYOdQ4VnAHZjZCeBI71uBy0mo16D9oANswMA9He+5vDgN4vhY2RbM6tQKLpva2El4G5Gb62f8K/67f47xCHvzvjwob5OjJWn9ANIIu2d9P2Xu2/NHuQ50Q44s/pOYw4PPEjwBoPTbf9XVX6NxLABDNGhXKFzpa1iXthvthkOnNW+GhC7prVv6y/uPnIccQbTf59wq3bmUiLxUEJFaPw9Rht3stWB94dvXfHXaU8I3WE1qFUcrc3gbyBPL2UfM1fZa9UB6EM6TUEbPfr1XslNTYWzMsohkDgmLTRhY+3CWG5cLCgEID/Pw1459RlKKBefA==&u=U2FsdGVkX18wt2zlM4euNqA9ssEfTKIQgv4gdieRF7c=&y=U2FsdGVkX199/L+pY9iIhnCoi2A97HdqOiol4a6imVU/8gHWhegfE9Zb9bth4Bwn HTTP/1.1" 200 25
201.245.192.253 - - [06/Jun/2022:12:04:51 -0500] "POST /appsia/controlador HTTP/1.1" 200 7775
181.237.56.233 - - [06/Jun/2022:12:04:52 -0500] "GET /sipsepre/faces/javax.faces.resource/images/ui-bg_flat_0_2d5972_40x100.png?ln=primefaces-aristo HTTP/1.1" 200 183
181.237.56.233 - - [06/Jun/2022:12:04:52 -0500] "POST /sipsepre/faces/bienvenido.xhtml HTTP/1.1" 200 2652
172.22.2.4 - - [06/Jun/2022:12:04:53 -0500] "GET /BLA/boletinlegal/style.css HTTP/1.1" 200 9406
172.22.2.4 - - [06/Jun/2022:12:04:53 -0500] "GET /BLA/boletinlegal/js/jquery.scrollTo-min.js HTTP/1.1" 200 1150
172.22.2.4 - - [06/Jun/2022:12:04:53 -0500] "GET /BLA/boletinlegal/js/jquery.scrollShow.js HTTP/1.1" 200 4586
172.22.2.4 - - [06/Jun/2022:12:04:53 -0500] "GET /BLA/boletinlegal/styles2.css HTTP/1.1" 200 1838
172.22.2.4 - - [06/Jun/2022:12:04:53 -0500] "GET /BLA/boletinlegal/js/jquery.js HTTP/1.1" 200 57254
172.22.2.4 - - [06/Jun/2022:12:04:53 -0500] "GET /BLA/boletinlegal/images/cabezote%20BLEGAL.jpg HTTP/1.1" 200 118164
172.22.2.4 - - [06/Jun/2022:12:04:53 -0500] "GET /BLA/boletinlegal/images/subscribe-icon-big.png HTTP/1.1" 200 47702
172.22.2.4 - - [06/Jun/2022:12:04:53 -0500] "GET /BLA/boletinlegal/images/historia.png HTTP/1.1" 200 52775
172.22.2.4 - - [06/Jun/2022:12:04:53 -0500] "GET /BLA/boletinlegal/images/registro-usuarios.png HTTP/1.1" 200 8106
172.22.2.4 - - [06/Jun/2022:12:04:53 -0500] "GET /BLA/boletinlegal/images/arr_l.jpg HTTP/1.1" 200 1979
172.22.2.4 - - [06/Jun/2022:12:04:53 -0500] "GET /BLA/boletinlegal/images/screen_1.png HTTP/1.1" 200 202547
172.22.2.4 - - [06/Jun/2022:12:04:53 -0500] "GET /BLA/boletinlegal/images/launch.jpg HTTP/1.1" 200 14577
172.22.2.4 - - [06/Jun/2022:12:04:53 -0500] "GET /BLA/boletinlegal/images/menu_lft.gif HTTP/1.1" 200 1713
172.22.2.4 - - [06/Jun/2022:12:04:53 -0500] "GET /BLA/boletinlegal/images/body_bg.jpg HTTP/1.1" 200 1601
172.22.2.4 - - [06/Jun/2022:12:04:53 -0500] "GET /BLA/boletinlegal/images/menu_rght.gif HTTP/1.1" 200 1627
172.22.2.4 - - [06/Jun/2022:12:04:53 -0500] "GET /BLA/boletinlegal/images/bg_top.jpg HTTP/1.1" 200 522
172.22.2.4 - - [06/Jun/2022:12:04:53 -0500] "GET /BLA/boletinlegal/images/text.jpg HTTP/1.1" 200 568
172.22.2.4 - - [06/Jun/2022:12:04:53 -0500] "GET /BLA/boletinlegal/images/hover.jpg HTTP/1.1" 200 640
172.22.2.4 - - [06/Jun/2022:12:04:53 -0500] "GET /BLA/boletinlegal/images/menu_bg.jpg HTTP/1.1" 200 620
181.237.56.233 - - [06/Jun/2022:12:04:55 -0500] "POST /sipsepre/faces/bienvenido.xhtml HTTP/1.1" 200 4442
172.22.2.4 - - [06/Jun/2022:12:04:56 -0500] "GET /BLA/boletinlegal/images/screen_2.png HTTP/1.1" 200 362502
172.22.2.4 - - [06/Jun/2022:12:04:56 -0500] "GET /BLA/boletinlegal/images/screen_3.png HTTP/1.1" 200 210620
172.22.2.4 - - [06/Jun/2022:12:04:56 -0500] "GET /BLA/boletinlegal/images/arr_r.jpg HTTP/1.1" 200 1998
172.22.2.4 - - [06/Jun/2022:12:04:56 -0500] "GET /BLA/boletinlegal/images/screen_5.png HTTP/1.1" 200 368876
172.22.2.4 - - [06/Jun/2022:12:04:56 -0500] "GET /BLA/boletinlegal/images/footer_bg.jpg HTTP/1.1" 200 586
172.22.2.4 - - [06/Jun/2022:12:04:57 -0500] "GET /BLA/boletinlegal/actos.php HTTP/1.1" 200 9559
172.22.2.4 - - [06/Jun/2022:12:04:58 -0500] "GET /BLA/boletinlegal/js/ajax_actos.js HTTP/1.1" 200 1322
172.22.2.4 - - [06/Jun/2022:12:04:58 -0500] "GET /BLA/boletinlegal/niceforms.js HTTP/1.1" 200 22876
172.22.2.4 - - [06/Jun/2022:12:04:58 -0500] "GET /BLA/boletinlegal/js/popup.js HTTP/1.1" 200 1270
172.22.2.4 - - [06/Jun/2022:12:04:58 -0500] "GET /BLA/boletinlegal/js/lib.js HTTP/1.1" 200 6474
172.22.2.4 - - [06/Jun/2022:12:04:58 -0500] "GET /BLA/boletinlegal/niceforms-default.css HTTP/1.1" 200 6694
172.22.2.4 - - [06/Jun/2022:12:04:58 -0500] "GET /BLA/boletinlegal/js/jquery1.js HTTP/1.1" 200 29846
186.148.168.245 - - [06/Jun/2022:12:04:58 -0500] "POST /sipsepre/faces/presentacion/financiero/solicitudProceso/crearModificarSolicitudProceso.xhtml HTTP/1.1" 200 6327
172.22.2.4 - - [06/Jun/2022:12:04:58 -0500] "GET /BLA/boletinlegal/images/green-yellow-blue-pink-th.png HTTP/1.1" 200 7394
172.22.2.4 - - [06/Jun/2022:12:04:58 -0500] "GET /BLA/boletinlegal/images/abajo.png HTTP/1.1" 200 96676
172.22.2.4 - - [06/Jun/2022:12:04:58 -0500] "GET /BLA/boletinlegal/images/tel.png HTTP/1.1" 200 14477
172.22.2.4 - - [06/Jun/2022:12:04:58 -0500] "GET /BLA/boletinlegal/images/icono-email.png HTTP/1.1" 200 5544
172.22.2.4 - - [06/Jun/2022:12:04:58 -0500] "GET /BLA/boletinlegal/images/footer_bg_l.jpg HTTP/1.1" 200 776
172.22.2.4 - - [06/Jun/2022:12:04:58 -0500] "GET /BLA/boletinlegal/img/button.png HTTP/1.1" 200 43241
172.22.2.4 - - [06/Jun/2022:12:04:58 -0500] "GET /BLA/boletinlegal/img/button-right.png HTTP/1.1" 200 57878
172.22.2.4 - - [06/Jun/2022:12:04:58 -0500] "GET /BLA/boletinlegal/img/button-left.png HTTP/1.1" 200 57071
172.22.2.4 - - [06/Jun/2022:12:04:58 -0500] "GET /BLA/boletinlegal/img/select-left.png HTTP/1.1" 200 263
172.22.2.4 - - [06/Jun/2022:12:04:58 -0500] "GET /BLA/boletinlegal/img/0.png HTTP/1.1" 200 110
172.22.2.4 - - [06/Jun/2022:12:04:58 -0500] "GET /BLA/boletinlegal/img/select-right.png HTTP/1.1" 200 44019
172.22.2.4 - - [06/Jun/2022:12:04:58 -0500] "GET /BLA/boletinlegal/favicon.ico HTTP/1.1" 404 1326
181.237.56.233 - - [06/Jun/2022:12:04:59 -0500] "POST /sipsepre/faces/bienvenido.xhtml HTTP/1.1" 200 2051
201.245.192.253 - - [06/Jun/2022:12:05:01 -0500] "POST /appsia/controlador HTTP/1.1" 200 6640
186.148.168.245 - - [06/Jun/2022:12:05:02 -0500] "POST /sipsepre/faces/presentacion/financiero/solicitudProceso/crearModificarSolicitudProceso.xhtml HTTP/1.1" 200 9530
181.237.56.233 - - [06/Jun/2022:12:05:02 -0500] "POST /sipsepre/faces/bienvenido.xhtml HTTP/1.1" 200 2055
201.245.192.253 - - [06/Jun/2022:12:05:03 -0500] "POST /appsia/controlador HTTP/1.1" 200 10937
181.237.56.233 - - [06/Jun/2022:12:05:03 -0500] "POST /sipsepre/faces/bienvenido.xhtml HTTP/1.1" 200 1478
181.237.56.233 - - [06/Jun/2022:12:05:05 -0500] "POST /sipsepre/faces/bienvenido.xhtml HTTP/1.1" 200 7973
181.237.56.233 - - [06/Jun/2022:12:05:07 -0500] "POST /sipsepre/faces/bienvenido.xhtml HTTP/1.1" 200 3827
201.245.192.253 - - [06/Jun/2022:12:05:09 -0500] "POST /sipse/faces/presentacion/financiero/solicitudProceso/detalleSolicitudProcesoOtrosPagos.xhtml HTTP/1.1" 200 30601
201.245.192.253 - - [06/Jun/2022:12:05:09 -0500] "GET /sipse/faces/javax.faces.resource/theme.css?ln=primefaces-sipse HTTP/1.1" 304 -
201.245.192.253 - - [06/Jun/2022:12:05:09 -0500] "GET /sipse/faces/javax.faces.resource/primefaces.css?ln=primefaces&v=4.0 HTTP/1.1" 304 -
201.245.192.253 - - [06/Jun/2022:12:05:09 -0500] "GET /sipse/faces/javax.faces.resource/layout/layout.css?ln=primefaces&v=4.0 HTTP/1.1" 304 -
201.245.192.253 - - [06/Jun/2022:12:05:09 -0500] "GET /sipse/faces/javax.faces.resource/jquery/jquery.js?ln=primefaces&v=4.0 HTTP/1.1" 304 -
201.245.192.253 - - [06/Jun/2022:12:05:09 -0500] "GET /sipse/faces/javax.faces.resource/jquery/jquery-plugins.js?ln=primefaces&v=4.0 HTTP/1.1" 304 -
201.245.192.253 - - [06/Jun/2022:12:05:09 -0500] "GET /sipse/faces/javax.faces.resource/primefaces.js?ln=primefaces&v=4.0 HTTP/1.1" 304 -
201.245.192.253 - - [06/Jun/2022:12:05:09 -0500] "GET /sipse/faces/javax.faces.resource/layout/layout.js?ln=primefaces&v=4.0 HTTP/1.1" 304 -
201.245.192.253 - - [06/Jun/2022:12:05:09 -0500] "GET /sipse/css/imagen/contrasena.png HTTP/1.1" 404 383
201.245.192.253 - - [06/Jun/2022:12:05:09 -0500] "POST /sipse/faces/presentacion/financiero/solicitudProceso/solicitudProcesoOtrosPagos.xhtml HTTP/1.1" 200 23986
201.245.192.253 - - [06/Jun/2022:12:05:10 -0500] "POST /appsia/controlador HTTP/1.1" 200 7775
201.245.192.253 - - [06/Jun/2022:12:05:10 -0500] "POST /sipse/faces/presentacion/financiero/solicitudProceso/solicitudProcesoOtrosPagos.xhtml HTTP/1.1" 200 23986
201.245.192.253 - - [06/Jun/2022:12:05:10 -0500] "POST /sipse/faces/presentacion/financiero/solicitudProceso/solicitudProcesoOtrosPagos.xhtml HTTP/1.1" 200 23986
201.245.192.253 - - [06/Jun/2022:12:05:12 -0500] "POST /sipse/faces/presentacion/financiero/solicitudProceso/solicitudProcesoOtrosPagos.xhtml HTTP/1.1" 200 54143
201.245.192.253 - - [06/Jun/2022:12:05:13 -0500] "GET /sipse/faces/javax.faces.resource/theme.css?ln=primefaces-sipse HTTP/1.1" 304 -
201.245.192.253 - - [06/Jun/2022:12:05:13 -0500] "GET /sipse/faces/javax.faces.resource/primefaces.css?ln=primefaces&v=4.0 HTTP/1.1" 304 -
201.245.192.253 - - [06/Jun/2022:12:05:13 -0500] "GET /sipse/faces/javax.faces.resource/layout/layout.css?ln=primefaces&v=4.0 HTTP/1.1" 304 -
201.245.192.253 - - [06/Jun/2022:12:05:13 -0500] "GET /sipse/faces/javax.faces.resource/fileupload/fileupload.css?ln=primefaces&v=4.0 HTTP/1.1" 304 -
201.245.192.253 - - [06/Jun/2022:12:05:13 -0500] "GET /sipse/faces/javax.faces.resource/jquery/jquery.js?ln=primefaces&v=4.0 HTTP/1.1" 304 -
201.245.192.253 - - [06/Jun/2022:12:05:13 -0500] "GET /sipse/faces/javax.faces.resource/jquery/jquery-plugins.js?ln=primefaces&v=4.0 HTTP/1.1" 304 -
201.245.192.253 - - [06/Jun/2022:12:05:13 -0500] "GET /sipse/faces/javax.faces.resource/primefaces.js?ln=primefaces&v=4.0 HTTP/1.1" 304 -
201.245.192.253 - - [06/Jun/2022:12:05:13 -0500] "GET /sipse/faces/javax.faces.resource/layout/layout.js?ln=primefaces&v=4.0 HTTP/1.1" 304 -
201.245.192.253 - - [06/Jun/2022:12:05:13 -0500] "GET /sipse/faces/javax.faces.resource/fileupload/fileupload.js?ln=primefaces&v=4.0 HTTP/1.1" 304 -
201.245.192.253 - - [06/Jun/2022:12:05:13 -0500] "GET /sipse/css/imagen/contrasena.png HTTP/1.1" 404 383
201.245.192.253 - - [06/Jun/2022:12:05:15 -0500] "POST /appsia/controlador HTTP/1.1" 200 6640
201.245.192.253 - - [06/Jun/2022:12:05:16 -0500] "POST /appsia/controlador HTTP/1.1" 200 11288
201.245.192.253 - - [06/Jun/2022:12:05:18 -0500] "POST /sipse/faces/presentacion/financiero/solicitudProceso/detalleSolicitudProcesoOtrosPagos.xhtml HTTP/1.1" 200 3511
201.245.192.253 - - [06/Jun/2022:12:05:24 -0500] "POST /appsia/controlador HTTP/1.1" 200 7775
172.22.2.4 - - [06/Jun/2022:12:05:34 -0500] "GET /BLA/boletinlegal/consulta_actos.php?tipo=autos&no=5645&usuario=&sector=&fecha=2021&resuelve= HTTP/1.1" 200 626
201.245.192.253 - - [06/Jun/2022:12:05:35 -0500] "POST /appsia/controlador HTTP/1.1" 200 6640
201.245.192.253 - - [06/Jun/2022:12:05:36 -0500] "POST /appsia/controlador HTTP/1.1" 200 12085
172.22.2.4 - - [06/Jun/2022:12:04:48 -0500] "GET /BLA/boletinlegal/ HTTP/1.1" 200 32715
172.22.2.4 - - [06/Jun/2022:12:05:41 -0500] "GET /BLA/boletinlegal/consulta_actos.php?tipo=autos&no=5645&usuario=&sector=&fecha=2021&resuelve= HTTP/1.1" 200 626
201.245.192.253 - - [06/Jun/2022:12:05:41 -0500] "POST /appsia/controlador HTTP/1.1" 200 7775
172.22.2.4 - - [06/Jun/2022:12:05:43 -0500] "GET /BLA/boletinlegal/consulta_actos.php?tipo=autos&no=5645&usuario=&sector=&fecha=2021&resuelve= HTTP/1.1" 200 626
201.245.192.253 - - [06/Jun/2022:12:05:46 -0500] "POST /appsia/controlador HTTP/1.1" 200 6640
201.245.192.253 - - [06/Jun/2022:12:05:48 -0500] "POST /appsia/controlador HTTP/1.1" 200 10940
201.245.192.253 - - [06/Jun/2022:12:05:55 -0500] "POST /appsia/controlador HTTP/1.1" 200 7775
186.148.168.245 - - [06/Jun/2022:12:05:56 -0500] "GET /sipsepre/faces/javax.faces.resource/theme.css?ln=primefaces-sipse HTTP/1.1" 304 -
186.148.168.245 - - [06/Jun/2022:12:05:56 -0500] "GET /sipsepre/faces/javax.faces.resource/primefaces.css?ln=primefaces&v=4.0 HTTP/1.1" 304 -
186.148.168.245 - - [06/Jun/2022:12:05:56 -0500] "GET /sipsepre/faces/javax.faces.resource/jquery/jquery.js?ln=primefaces&v=4.0 HTTP/1.1" 304 -
186.148.168.245 - - [06/Jun/2022:12:05:56 -0500] "GET /sipsepre/faces/javax.faces.resource/layout/layout.css?ln=primefaces&v=4.0 HTTP/1.1" 304 -
186.148.168.245 - - [06/Jun/2022:12:05:56 -0500] "GET /sipsepre/faces/javax.faces.resource/jquery/jquery-plugins.js?ln=primefaces&v=4.0 HTTP/1.1" 304 -
186.148.168.245 - - [06/Jun/2022:12:05:56 -0500] "GET /sipsepre/faces/javax.faces.resource/primefaces.js?ln=primefaces&v=4.0 HTTP/1.1" 304 -
186.148.168.245 - - [06/Jun/2022:12:05:56 -0500] "GET /sipsepre/faces/javax.faces.resource/layout/layout.js?ln=primefaces&v=4.0 HTTP/1.1" 304 -
186.148.168.245 - - [06/Jun/2022:12:05:56 -0500] "GET /sipsepre/css/imagen/contrasena.png HTTP/1.1" 404 383
186.148.168.245 - - [06/Jun/2022:12:05:56 -0500] "GET /sipsepre/faces/javax.faces.resource/images/ui-icons_898989_256x240.png?ln=primefaces-aristo HTTP/1.1" 304 -
186.148.168.245 - - [06/Jun/2022:12:05:56 -0500] "GET /sipsepre/faces/javax.faces.resource/messages/messages.png?ln=primefaces&v=4.0 HTTP/1.1" 304 -
186.148.168.245 - - [06/Jun/2022:12:05:55 -0500] "POST /sipsepre/faces/presentacion/financiero/solicitudProceso/crearModificarSolicitudProceso.xhtml HTTP/1.1" 200 93130
207.46.13.42 - - [06/Jun/2022:12:04:17 -0500] "GET /BLA/boletinlegal/index.php HTTP/1.1" 200 58029
186.148.168.245 - - [06/Jun/2022:12:06:00 -0500] "GET /sipsepre/faces/javax.faces.resource/images/ui-bg_flat_0_2d5972_40x100.png?ln=primefaces-aristo HTTP/1.1" 304 -
186.148.168.245 - - [06/Jun/2022:12:06:00 -0500] "POST /sipsepre/faces/presentacion/financiero/solicitudProceso/crearModificarSolicitudProceso.xhtml HTTP/1.1" 200 7656
186.148.168.245 - - [06/Jun/2022:12:06:04 -0500] "POST /sipsepre/faces/presentacion/financiero/solicitudProceso/crearModificarSolicitudProceso.xhtml HTTP/1.1" 200 6944
201.245.192.253 - - [06/Jun/2022:12:06:07 -0500] "POST /appsia/controlador HTTP/1.1" 200 6640
201.245.192.253 - - [06/Jun/2022:12:06:08 -0500] "POST /appsia/controlador HTTP/1.1" 200 10937
186.148.168.245 - - [06/Jun/2022:12:06:08 -0500] "POST /sipsepre/faces/presentacion/financiero/solicitudProceso/crearModificarSolicitudProceso.xhtml HTTP/1.1" 200 7769
186.148.168.245 - - [06/Jun/2022:12:06:11 -0500] "POST /sipsepre/faces/presentacion/financiero/solicitudProceso/crearModificarSolicitudProceso.xhtml HTTP/1.1" 200 7162
201.245.192.253 - - [06/Jun/2022:12:06:17 -0500] "POST /appsia/controlador HTTP/1.1" 200 7775
186.148.168.245 - - [06/Jun/2022:12:06:18 -0500] "GET /sipsepre/faces/javax.faces.resource/theme.css?ln=primefaces-sipse HTTP/1.1" 304 -
186.148.168.245 - - [06/Jun/2022:12:06:18 -0500] "GET /sipsepre/faces/javax.faces.resource/primefaces.css?ln=primefaces&v=4.0 HTTP/1.1" 304 -
186.148.168.245 - - [06/Jun/2022:12:06:18 -0500] "GET /sipsepre/faces/javax.faces.resource/layout/layout.css?ln=primefaces&v=4.0 HTTP/1.1" 304 -
186.148.168.245 - - [06/Jun/2022:12:06:18 -0500] "GET /sipsepre/faces/javax.faces.resource/jquery/jquery-plugins.js?ln=primefaces&v=4.0 HTTP/1.1" 304 -
186.148.168.245 - - [06/Jun/2022:12:06:18 -0500] "GET /sipsepre/faces/javax.faces.resource/jquery/jquery.js?ln=primefaces&v=4.0 HTTP/1.1" 304 -
186.148.168.245 - - [06/Jun/2022:12:06:18 -0500] "GET /sipsepre/faces/javax.faces.resource/primefaces.js?ln=primefaces&v=4.0 HTTP/1.1" 304 -
186.148.168.245 - - [06/Jun/2022:12:06:18 -0500] "GET /sipsepre/faces/javax.faces.resource/layout/layout.js?ln=primefaces&v=4.0 HTTP/1.1" 304 -
186.148.168.245 - - [06/Jun/2022:12:06:18 -0500] "POST /sipsepre/faces/presentacion/financiero/solicitudProceso/crearModificarSolicitudProceso.xhtml HTTP/1.1" 200 24620
186.148.168.245 - - [06/Jun/2022:12:06:18 -0500] "GET /sipsepre/faces/javax.faces.resource/images/ui-icons_898989_256x240.png?ln=primefaces-aristo HTTP/1.1" 304 -
201.245.192.253 - - [06/Jun/2022:12:06:21 -0500] "POST /appsia/controlador HTTP/1.1" 200 6640
186.148.168.245 - - [06/Jun/2022:12:06:25 -0500] "GET /sipsepre/faces/javax.faces.resource/images/ui-bg_flat_0_2d5972_40x100.png?ln=primefaces-aristo HTTP/1.1" 304 -
186.148.168.245 - - [06/Jun/2022:12:06:25 -0500] "POST /sipsepre/faces/presentacion/financiero/solicitudProyectoActividad/asociarProyectoSolicitud.xhtml HTTP/1.1" 200 6415
201.245.192.253 - - [06/Jun/2022:12:06:26 -0500] "POST /sipse/faces/presentacion/financiero/solicitudProceso/detalleSolicitudProcesoOtrosPagos.xhtml HTTP/1.1" 200 190
201.245.192.253 - - [06/Jun/2022:12:06:26 -0500] "GET /sipse/faces/presentacion/financiero/solicitudProceso/solicitudProcesoOtrosPagos.xhtml HTTP/1.1" 200 30467
186.148.168.245 - - [06/Jun/2022:12:06:26 -0500] "POST /sipsepre/faces/presentacion/financiero/solicitudProyectoActividad/asociarProyectoSolicitud.xhtml HTTP/1.1" 200 1696
