!C99Shell v. 1.0 pre-release build #13!

Software: Apache. PHP/5.5.15 

uname -a: Windows NT SVR-DMZ 6.1 build 7600 (Windows Server 2008 R2 Enterprise Edition) i586 

SYSTEM 

Safe-mode: OFF (not secure)

E:\nuevo\apache\logs\   drwxrwxrwx
Free 7.33 GB of 239.26 GB (3.07%)
Detected drives: [ a ] [ c ] [ d ] [ e ] [ f ]
Home    Back    Forward    UPDIR    Refresh    Search    Buffer    Encoder    Tools    Proc.    FTP brute    Sec.    SQL    PHP-code    Update    Feedback    Self remove    Logout    


Viewing file:     access.2022.06.23.log (2.78 MB)      -rw-rw-rw-
Select action/file-type:
(+) | (+) | (+) | Code (+) | Session (+) | (+) | SDB (+) | (+) | (+) | (+) | (+) | (+) |
172.22.2.4 - - [22/Jun/2022:23:59:13 -0500] "HEAD /BLA/boletinlegal/ HTTP/1.1" 200 -
172.22.2.4 - - [23/Jun/2022:00:00:04 -0500] "GET /BLA/boletinlegal/ HTTP/1.1" 200 58928
216.245.221.92 - - [23/Jun/2022:00:02:12 -0500] "HEAD / HTTP/1.1" 200 -
49.7.21.72 - - [23/Jun/2022:00:03:02 -0500] "-" 408 -
172.22.2.4 - - [23/Jun/2022:00:01:25 -0500] "GET /BLA/boletinlegal/ HTTP/1.1" 200 61854
172.22.2.4 - - [23/Jun/2022:00:05:03 -0500] "HEAD /BLA/boletinlegal/ HTTP/1.1" 200 -
216.245.221.92 - - [23/Jun/2022:00:07:12 -0500] "HEAD / HTTP/1.1" 200 -
172.22.2.4 - - [23/Jun/2022:00:05:53 -0500] "GET /BLA/boletinlegal/ HTTP/1.1" 200 61027
216.245.221.92 - - [23/Jun/2022:00:12:12 -0500] "HEAD / HTTP/1.1" 200 -
172.22.2.4 - - [23/Jun/2022:00:10:53 -0500] "HEAD /BLA/boletinlegal/ HTTP/1.1" 200 -
152.61.192.232 - - [23/Jun/2022:00:13:05 -0500] "GET / HTTP/1.1" 200 319
207.46.13.214 - - [23/Jun/2022:00:13:13 -0500] "GET /BLA/resoluciones/AUTOS%202019/4719.pdf HTTP/1.1" 304 -
172.22.2.4 - - [23/Jun/2022:00:11:44 -0500] "GET /BLA/boletinlegal/ HTTP/1.1" 200 58464
208.100.26.237 - - [23/Jun/2022:00:14:16 -0500] "GET / HTTP/1.1" 200 319
190.67.158.152 - - [23/Jun/2022:00:14:26 -0500] "GET /kwssiamovil/sm/acme/a?s=U2FsdGVkX1+O2k4oIy6ZmsFiZVgqwT32r9DKVmv6ZjRP2sKJFxmr+6SyxgQISJ13ymu+W32i0ftS4t487xCRD5n/EtkqjADmrjcqgLOTIgMCBqZ3UwPD6LlC9V80yFbM/uLSkw6otQWz164CvhmEQAtLdS31Mt0IdM7xa3c3jIKa9aW6xj3SOh/opMD8rdRNlxgfnYFYXvjdkrnQo33+zveEgvQYOJE1iPMQxSTavcTHjo1IPewcY/48btatHAbmXxo/DgqYAB9FG+UOJw6YzQ==&u=U2FsdGVkX190jW7FPFtIXiTpx4XF/btFTWZ/ua9weZwAEVnsPtroHdNsibCZRzNW&y=U2FsdGVkX19Ym6XJpNdLHg8QOqI8BVk11rWP7BUyQepjcLl4cFJ5IQ7AP1pfaJAk HTTP/1.1" 200 25
190.67.158.152 - - [23/Jun/2022:00:14:27 -0500] "GET /kwssiamovil/sm/acme/a?s=U2FsdGVkX1+nShvVDfXHgZ7DO+OLtvsBFuT1PbIMf5F+jEdp5ugDK8A0zdfL5mgjf+KU9chk1oRxWnyi4bYMEBcN0JzO65aGO/u1dQW2t7Bpzyo455mxq6NtBYvmhIoh6S9dK0ys8eC7VivZYbMIB6iHam7GN/hjrb0jBuKTQfDUrtJqu3SX3Bdb5+GAzFA0BPSFIVShq7taLe35D5BXb94tgCkIIApLA1r096DM/84HantVvNDmTDLAtvXWsRtn85py2gFYbWdI2+oU+6IXXGZv1Ep+FYuR0OpjMuRnD611eXpxUSD1YLLr+Ajn4wd0by7KqpceXOyP1sLPKKk9NO9pR9lQN2h+8UjzF8uG2X0Ozib4/c2M3yPL8CtOzUSnmYEbJLUNSS8cSUVIKXsqVUJqa83+ehQqdmeUu0pibl3Pz7Tdn7BifUtH5++UIO0B+JTPDLX+4OEk+hPO3spP4U4vBMaGvkjcdfA9WOWkoNg3H8ilKoDM6V8nYYpGOuiLs/A0rmpfbkixjxBbVAoQOpTSP8ByjdYCTB9VGdKwLDWCBf9yvMDE6vlP8VJBxN9uw2j/vGsZH+hJTsYwZuBqaavdWg4rYjgJ17BtfTLYJrnoGxzSJxD0hR9cqzWrOekF407Y6eYTrB6oanWwqTjfM6RSUHvPyaZ0oQ4cu8Zha2mADA42paXm3kqm8NIe4ZbPY5ebVoG/1zvj3gc8PlV0wVvjpJ3/kxPa5+i6qnd92v8Gi0UR0mPJcQsJ8DR2olRrA2cT/ZGShoVnZ1DTnNqoTYBpZLPeTSBiQfctQ2EPkL5leXUUmwY4cp7akQkeebZ/bfGf68HrzPSJ7QEAlATxdPbZGCb4lKa7y6e4haKvDqu55jiE7LM6nAXq4QmXJcTNhzqfZPD7AbM2MSlF3bMr9Jjxc0RVUKNWGOHzvb3nzToGZuumcDtx8WfBXeX8bikZrp3y9LlVC2nO3NqjJbs3G9c+vQuXstGsWK09gjwrBn/om7lKDo1isqoCgouctSv013XdCeCjM5TDm7vvX9lOSqPaZ9aysbck33L1FQy/wqOkDoARMGl8qSu0JilyH1hO3Jm1lJioGhI/XvJl3NcbgnKxLDj9h9Bv1AUo0YvVXP+X8odbjgP1zAoOe9l35zNpL/8JhLmsBeF0roe4ogOT/7NXKMkGl8Ivhpovt9eKVM1FWsQ+k2977joYgZph8T5S+vOr85vlRcSWo/MZlbLnnWr9zYQDpqGtgf1SYMOIVLA280+XdxKa85uCZsNu7ljNwSYzcgxbU0Qw56LHTJ6cF6EgT8Mjs1Io4PW1xUZKADmkH3xvJcDN2KvN7e24TrUnnJftqQEYkV+MT9psyn13FjeB5vIxgIRyarZGDS4s9BfY+e26cHZjiVJoxhEhJ7zQsc95vjWkYUbhNArq7VymwGjUvARAtpO8AazVcT26FrYoaYXVT07Q7EaPb3vKerB08H0J/vUohvd1HoKWeWfzsCE5ji+dEIUPI/4ooLDWGfo0j2FlQ6I+p3w/CdCjty4YEay+DxHctFqp5l/yMJJU5g==&u=U2FsdGVkX190jW7FPFtIXiTpx4XF/btFTWZ/ua9weZwAEVnsPtroHdNsibCZRzNW&y=U2FsdGVkX19Ym6XJpNdLHg8QOqI8BVk11rWP7BUyQepjcLl4cFJ5IQ7AP1pfaJAk HTTP/1.1" 200 25
190.67.158.152 - - [23/Jun/2022:00:14:27 -0500] "GET /kwssiamovil/sm/acme/a?s=U2FsdGVkX18rUqzNUZIt24sI0abDbza+jUMB0z8yGlo7C3jUkqjOxHLPbdx6Yd7BlGwPLhGFR9LVwRee/Zj5EcfF185rAq87giEdW9t86BLyFyzmpYgRx8vNfNy7xlSA+Y9cR53tCSe9t73BvcAjHH6XtMGUF84iNNhUmRQxJrk=&u=U2FsdGVkX190jW7FPFtIXiTpx4XF/btFTWZ/ua9weZwAEVnsPtroHdNsibCZRzNW&y=U2FsdGVkX19Ym6XJpNdLHg8QOqI8BVk11rWP7BUyQepjcLl4cFJ5IQ7AP1pfaJAk HTTP/1.1" 200 25
190.67.158.152 - - [23/Jun/2022:00:14:27 -0500] "GET /kwssiamovil/sm/acme/a?s=U2FsdGVkX1/nWN5cfr6gq+KxqrbMg8z/IU2zkoFl3hZrR81qOe6ALM+BieasBIn8NGqgDTvlOyHDVUHA+1Z/L1Yg2qHCBG3KoHGSrVf8fYdNraaRrkanCWJrFVtkliJlby8J231s7TOqrimVhgIQujYEdV6jjJWM3XKeX/cKRbE=&u=U2FsdGVkX190jW7FPFtIXiTpx4XF/btFTWZ/ua9weZwAEVnsPtroHdNsibCZRzNW&y=U2FsdGVkX19Ym6XJpNdLHg8QOqI8BVk11rWP7BUyQepjcLl4cFJ5IQ7AP1pfaJAk HTTP/1.1" 200 25
190.67.158.152 - - [23/Jun/2022:00:14:28 -0500] "GET /kwssiamovil/sm/acme/a?s=U2FsdGVkX18IveOQb3v9JwnMLZNU3mJn81/59Jz+4X1QG4r74k6c7RiO9wZdP2OIK0/6mEjobEMLH1Wyex9OCQgQCxDDi+5BxGgcGeXBOAutv97d6g7XY+Rm70/3ArBNGQ603akH8cecca2C6Ukbi85LJNNUDI2TyVfI2ny+ecI=&u=U2FsdGVkX190jW7FPFtIXiTpx4XF/btFTWZ/ua9weZwAEVnsPtroHdNsibCZRzNW&y=U2FsdGVkX19Ym6XJpNdLHg8QOqI8BVk11rWP7BUyQepjcLl4cFJ5IQ7AP1pfaJAk HTTP/1.1" 200 25
190.67.158.152 - - [23/Jun/2022:00:14:28 -0500] "GET /kwssiamovil/sm/acme/a?s=U2FsdGVkX18vC9kZCEtvWwHT+GlMNImY4iM4h8dw5T5qLBKz3eF6pCeRck+Cm6vEjwa0Blj0+oQxX66AQoF+W9x1FHJ1YNBehHh2vzgP9PHxbt3Bjt78XCbvVizv+0I5nzYyzltulsCSUDZ0ON483oVlunbWCOtxliaJrRHbS+4Iv7FpbVX9IpAFTyRD1wPC&u=U2FsdGVkX190jW7FPFtIXiTpx4XF/btFTWZ/ua9weZwAEVnsPtroHdNsibCZRzNW&y=U2FsdGVkX19Ym6XJpNdLHg8QOqI8BVk11rWP7BUyQepjcLl4cFJ5IQ7AP1pfaJAk HTTP/1.1" 200 25
2.57.122.35 - - [23/Jun/2022:00:15:29 -0500] "GET / HTTP/1.1" 200 319
216.245.221.92 - - [23/Jun/2022:00:17:12 -0500] "HEAD / HTTP/1.1" 200 -
66.249.65.15 - - [23/Jun/2022:00:17:58 -0500] "-" 408 -
172.22.2.4 - - [23/Jun/2022:00:16:43 -0500] "HEAD /BLA/boletinlegal/ HTTP/1.1" 200 -
152.61.128.50 - - [23/Jun/2022:00:18:48 -0500] "GET / HTTP/1.1" 200 319
172.22.2.4 - - [23/Jun/2022:00:17:34 -0500] "GET /BLA/boletinlegal/ HTTP/1.1" 200 61027
186.169.236.53 - - [23/Jun/2022:00:21:10 -0500] "GET /BLA/resoluciones/RESOLUCIONES%202016/2298.pdf HTTP/1.1" 200 663967
51.255.62.15 - - [23/Jun/2022:00:21:32 -0500] "GET /portaldeninos/xmlrpc.php HTTP/1.1" 405 42
51.255.62.9 - - [23/Jun/2022:00:21:32 -0500] "GET /portaldeninos/ HTTP/1.1" 200 109662
186.169.236.53 - - [23/Jun/2022:00:22:02 -0500] "GET /BLA/resoluciones/index.php?dir=RESOLUCIONES+2016%2F HTTP/1.1" 200 170116
216.245.221.92 - - [23/Jun/2022:00:22:12 -0500] "HEAD / HTTP/1.1" 200 -
173.252.127.118 - - [23/Jun/2022:00:22:16 -0500] "GET /images/la-vieja-mayo-24.jpg HTTP/1.1" 200 58217
201.245.192.253 - - [23/Jun/2022:00:21:37 -0500] "POST /kwsrmcab/Wsrmcab HTTP/1.1" 200 14506
186.169.236.53 - - [23/Jun/2022:00:23:26 -0500] "GET /BLA/resoluciones/RESOLUCIONES%202016/2299.pdf HTTP/1.1" 200 1728089
186.169.236.53 - - [23/Jun/2022:00:23:41 -0500] "GET /BLA/resoluciones/RESOLUCIONES%202016/2297.pdf HTTP/1.1" 200 1696586
201.245.192.253 - - [23/Jun/2022:00:22:37 -0500] "POST /kwsrmcab/Wsrmcab HTTP/1.1" 200 14506
172.22.2.4 - - [23/Jun/2022:00:22:33 -0500] "HEAD /BLA/boletinlegal/ HTTP/1.1" 200 -
172.22.2.4 - - [23/Jun/2022:00:23:23 -0500] "GET /BLA/boletinlegal/ HTTP/1.1" 200 58464
216.245.221.92 - - [23/Jun/2022:00:27:12 -0500] "HEAD / HTTP/1.1" 200 -
173.252.107.5 - - [23/Jun/2022:00:28:44 -0500] "GET /en-el-ultimo-ano-fueron-recuperados-mas-de-12-mil-especimenes-silvestres-en-bogota.html HTTP/1.1" 206 1150
172.22.2.4 - - [23/Jun/2022:00:28:23 -0500] "HEAD /BLA/boletinlegal/ HTTP/1.1" 200 -
172.22.2.4 - - [23/Jun/2022:00:29:13 -0500] "GET /BLA/boletinlegal/ HTTP/1.1" 200 50640
207.46.13.27 - - [23/Jun/2022:00:29:31 -0500] "GET /BLA/boletinlegal/index.php HTTP/1.1" 200 48682
172.22.2.4 - - [23/Jun/2022:00:30:50 -0500] "GET /BLA/boletinlegal/ HTTP/1.1" 200 20427
172.22.2.4 - - [23/Jun/2022:00:30:50 -0500] "GET /BLA/boletinlegal/ HTTP/1.1" 200 32715
216.245.221.92 - - [23/Jun/2022:00:32:12 -0500] "HEAD / HTTP/1.1" 200 -
201.245.192.253 - - [23/Jun/2022:00:31:37 -0500] "POST /kwsrmcab/Wsrmcab HTTP/1.1" 200 45506
201.245.192.253 - - [23/Jun/2022:00:32:37 -0500] "POST /kwsrmcab/Wsrmcab HTTP/1.1" 200 14506
49.7.21.72 - - [23/Jun/2022:00:35:46 -0500] "-" 408 -
172.22.2.4 - - [23/Jun/2022:00:34:13 -0500] "HEAD /BLA/boletinlegal/ HTTP/1.1" 200 -
66.249.65.15 - - [23/Jun/2022:00:36:07 -0500] "-" 408 -
40.77.167.67 - - [23/Jun/2022:00:36:16 -0500] "GET /transparencia/financiera/Ejecucion%20Presupuestal/Vigencia%20actual/4.%20EJECUCION%20DE%20RESERVAS%20ABRIL%202022.pdf HTTP/1.1" 200 281352
172.22.2.4 - - [23/Jun/2022:00:35:03 -0500] "GET /BLA/boletinlegal/ HTTP/1.1" 200 61027
216.245.221.92 - - [23/Jun/2022:00:37:12 -0500] "HEAD / HTTP/1.1" 200 -
185.7.214.104 - - [23/Jun/2022:00:37:42 -0500] "GET / HTTP/1.1" 200 319
172.22.2.4 - - [23/Jun/2022:00:40:03 -0500] "HEAD /BLA/boletinlegal/ HTTP/1.1" 200 -
186.31.180.175 - - [23/Jun/2022:00:41:56 -0500] "GET /kwssiamovil/sm/ldap/au?x=U2FsdGVkX19pmPm/l0Z7kuTvL0kaVECpx+3qgLAB+9LH+/I8zz7OXM3T6xMEMZSh&y=U2FsdGVkX1+QtEqD8QL0tYWdrgZRRmgDd7Y48BdjE2V5UdLni+/ldK8cHr+2my0d HTTP/1.1" 200 30
186.31.180.175 - - [23/Jun/2022:00:41:56 -0500] "GET /kwssiamovil/sm/acme/s?s=U2FsdGVkX19zL1pAVOUfIJdq0IyThcJB+MQ0BA5teKQqoX9JViQRkdKPJ0+Po3+zoS/2WOVfE9TP5LUDGXtMUda8MRmzhbfkvX15Qv11l5I=&u=U2FsdGVkX1/VhIG22pfbk0LFQq00FhS4xppaNICHlQo=&y=U2FsdGVkX1+QtEqD8QL0tYWdrgZRRmgDd7Y48BdjE2V5UdLni+/ldK8cHr+2my0d HTTP/1.1" 200 97
186.31.180.175 - - [23/Jun/2022:00:41:56 -0500] "GET /kwssiamovil/sm/acme/s?s=U2FsdGVkX18E2qUfti6NB59vOZkqskDSfPJ/zSpsaqkNSYfICxAh0ZBBNnYBT3Zezt6UwIlsAgEgEkixL0sctOkaa558Vptqy+FpAKwl3aFbUeZNET5h2/qRD4zODEUaD0gltxmNVeeKsVgSyDL4gSp0FObEaf8ae0SSL+697utXY/J7rRbMlUuojugBgX9M/8Mn1JEoare0WkSkPf30bEhesIlUvHCA/vYE2YQvFCNQ0sAgjTyQHRekTOGtVC1P4mZ5nEL0apIbmGU6PYdkaPLaEawup69L5k/JmpR02ynjHfO3oaG71uLtER1OQwbgNoFusEDALmV7atk4C2CImPSYB1p1/dL26AxgS6XLtO7wfMkevzGY0WAdb0jIW4KbgIRsV9yBmOJe16WD3qoDcn+Lt/AtyGubECR/xzrD62e0LpPw4mnmBLRjEP0PNvRtZbRaEuHXuadd7XbZDd5T9LTs2UcC/TsOr/K2do0AnQ5TF7QlqdG2c7lcXyh9YOkg/d6x4r2AJFdCEwzpK2p9uvNlWRq/B9vqzSlQAhZSo0O6EEUwQ0uiFkwf0VpTQLr8qyS9z81v3gWatK+sbVtu44Lx2XM45uMZi+o8E+4WrYeIQoMyKMHesgkDpDVdeWB46jS8BUjg44RkVb0r366b4Ala39Yg8wgQOB4z+AvOqIHo3WH/8I+qaxPRGA6oGNKgXiNYgmKz+PEkeCITLBo4IYc0xFhNgmNSzWqOpE4BSaCB4aPDmqVoyoeh2VzqXI/bOMs8w9Uf5A3bVoQLtSMBV//lqtLUce184Ayp6mLP9MG1dyk2v/598z5Kpxqq5aXkiq157wxPLJPfwx6x2TwmPTAtyU+Tu5z5g+qG1qGtypwITdDdODEO3fcC26Q4iagxzgHBoRNnJiTtQps9aqaZWwyH0Z2kRsHIPir+xdYHCE2DSbOk7uUcOyhYRx5rQuU7cvmJsnj0A0ubBiPAuAasVO0DveRSGsXEe7hkauTD24pZwxiMX56TKHcr5HEFa6TDsxHMZhUuUgZwf3BUaB1i/e0OP7WXiQ6kw012xHKWmn6U8uWpXBnFGHnZJ2Xql9brWIHZr6IV52/ctikPGqKUkB9wwJ7H197oA+EYCoVmNc7n8zzk2R3uI5Ysk2LLsMB8fdzzEK1ykZLlGu+c0KdVLlxjnosaddhKIy0HR5DIKoQU7vjrHC1xIb8xB5zqsT6bwORaZOYgear9BzXfwul0umTOe6wJ30ybDQguQMWqH+OAEegvD/sax5RlKbPnCrkiA6NDSEZSjSBXHQBD+q1Olf25ODPFB4A8taL+Bfz6mvp/eNb+dZH1kT5k66Gz12YY3ObW1fb0sU4TE5B0iTECH3dAcWOOAoiJGZspjLOvA4o=&u=U2FsdGVkX1/VhIG22pfbk0LFQq00FhS4xppaNICHlQo=&y=U2FsdGVkX1+QtEqD8QL0tYWdrgZRRmgDd7Y48BdjE2V5UdLni+/ldK8cHr+2my0d HTTP/1.1" 200 3913
186.31.180.175 - - [23/Jun/2022:00:41:56 -0500] "GET /kwssiamovil/sm/acme/s?s=U2FsdGVkX1+40bMl4wbdQlwIHiEcc0sRlLkflE2HwXk2w2fXV5d9cpmb/x984GWrmEtgFHkkDS3YOcttQMcGF3pfeAolT6uB5gCGBIaIsv87QAowGIgg/ruFMLTyqkvc0P0h1xCB1VhWOBTI/XB5KcpV5bY321McwpHJOZ+VJ4TcVkNP4uqBl/JGOP1tCBykuHDIYM/4ejzrjRe/3BMZWdVHFB5U7l3G31W6k57jKI8VXOLL6Dp+JDUlUCJSleyJY+VoQ3HAqZRJ0zZJJ1kKo74CAUJjwG1jwriSoYpx99I=&u=U2FsdGVkX1/VhIG22pfbk0LFQq00FhS4xppaNICHlQo=&y=U2FsdGVkX1+QtEqD8QL0tYWdrgZRRmgDd7Y48BdjE2V5UdLni+/ldK8cHr+2my0d HTTP/1.1" 200 176
186.31.180.175 - - [23/Jun/2022:00:41:56 -0500] "GET /kwssiamovil/sm/cjson/pre?f=1&x=U2FsdGVkX19pmPm/l0Z7kuTvL0kaVECpx+3qgLAB+9LH+/I8zz7OXM3T6xMEMZSh HTTP/1.1" 200 30992
216.245.221.92 - - [23/Jun/2022:00:42:12 -0500] "HEAD / HTTP/1.1" 200 -
172.22.2.4 - - [23/Jun/2022:00:40:53 -0500] "GET /BLA/boletinlegal/ HTTP/1.1" 200 60610
201.245.192.253 - - [23/Jun/2022:00:42:37 -0500] "GET /kwsrmcab/Wsrmcab?wsdl HTTP/1.1" 200 6948
201.245.192.253 - - [23/Jun/2022:00:41:37 -0500] "POST /kwsrmcab/Wsrmcab HTTP/1.1" 200 14506
66.249.65.13 - - [23/Jun/2022:00:43:25 -0500] "-" 408 -
186.169.236.53 - - [23/Jun/2022:00:43:30 -0500] "GET /BLA/resoluciones/index.php?dir=RESOLUCIONES+2017%2F HTTP/1.1" 200 280535
186.169.236.53 - - [23/Jun/2022:00:43:52 -0500] "GET /BLA/resoluciones/RESOLUCIONES%202017/2593.pdf HTTP/1.1" 200 316297
201.245.192.253 - - [23/Jun/2022:00:42:37 -0500] "POST /kwsrmcab/Wsrmcab HTTP/1.1" 200 14506
216.245.221.92 - - [23/Jun/2022:00:47:12 -0500] "HEAD / HTTP/1.1" 200 -
40.77.188.165 - - [23/Jun/2022:00:47:21 -0500] "GET /BLA/boletinlegal/js/jquery.js HTTP/1.1" 200 57254
40.77.189.130 - - [23/Jun/2022:00:47:21 -0500] "GET /BLA/boletinlegal/styles2.css HTTP/1.1" 200 1838
40.77.190.1 - - [23/Jun/2022:00:47:21 -0500] "GET /BLA/boletinlegal/js/jquery.scrollTo-min.js HTTP/1.1" 200 1150
172.22.2.4 - - [23/Jun/2022:00:45:53 -0500] "HEAD /BLA/boletinlegal/ HTTP/1.1" 200 -
172.22.2.4 - - [23/Jun/2022:00:46:44 -0500] "GET /BLA/boletinlegal/ HTTP/1.1" 200 61027
207.46.13.27 - - [23/Jun/2022:00:51:44 -0500] "GET /BLA/resoluciones/index.php?dir=AUTOS+2011%2F HTTP/1.1" 200 632831
216.245.221.92 - - [23/Jun/2022:00:52:12 -0500] "HEAD / HTTP/1.1" 200 -
172.22.2.4 - - [23/Jun/2022:00:52:21 -0500] "GET /BLA/boletinlegal/system_api.php HTTP/1.1" 404 1018
172.22.2.4 - - [23/Jun/2022:00:52:22 -0500] "GET /BLA/boletinlegal/c/version.js HTTP/1.1" 404 1018
172.22.2.4 - - [23/Jun/2022:00:52:23 -0500] "GET /BLA/boletinlegal/streaming/clients_live.php HTTP/1.1" 404 1018
172.22.2.4 - - [23/Jun/2022:00:52:24 -0500] "GET /BLA/boletinlegal/stalker_portal/c/version.js HTTP/1.1" 404 1018
172.22.2.4 - - [23/Jun/2022:00:52:25 -0500] "GET /BLA/boletinlegal/stream/live.php HTTP/1.1" 404 1018
172.22.2.4 - - [23/Jun/2022:00:52:26 -0500] "GET /BLA/boletinlegal/flu/403.html HTTP/1.1" 404 1018
172.22.2.4 - - [23/Jun/2022:00:52:28 -0500] "GET /BLA/boletinlegal/ HTTP/1.1" 200 24523
109.237.103.38 - - [23/Jun/2022:00:53:20 -0500] "GET /.env HTTP/1.1" 404 1018
109.237.103.38 - - [23/Jun/2022:00:53:20 -0500] "\x16\x03\x01\x01C\x01" 400 226
172.22.2.4 - - [23/Jun/2022:00:51:43 -0500] "HEAD /BLA/boletinlegal/ HTTP/1.1" 200 -
172.22.2.4 - - [23/Jun/2022:00:52:33 -0500] "GET /BLA/boletinlegal/ HTTP/1.1" 200 53867
186.169.236.53 - - [23/Jun/2022:00:54:14 -0500] "GET /BLA/resoluciones/RESOLUCIONES%202017/2590.pdf HTTP/1.1" 200 316895
152.61.192.232 - - [23/Jun/2022:00:56:28 -0500] "GET /arcgis/services/Calidad_del_Agua_WQI/MapServer/WMSServer?request=GetCapabilities&service=WMS HTTP/1.1" 503 1020
152.61.192.232 - - [23/Jun/2022:00:56:29 -0500] "GET /arcgis/services/Calidad_del_Agua_WQI/MapServer/WMSServer?SERVICE=WMS&REQUEST=GetCapabilities HTTP/1.1" 503 1020
152.61.192.232 - - [23/Jun/2022:00:56:29 -0500] "GET /arcgis/services/Calidad_del_Agua_WQI/MapServer/WMSServer?WMTVER=1.0.0&REQUEST=capabilities HTTP/1.1" 503 1020
172.22.2.4 - - [23/Jun/2022:00:57:11 -0500] "GET /BLA/boletinlegal/style.css HTTP/1.1" 200 9406
172.22.2.4 - - [23/Jun/2022:00:57:11 -0500] "GET /BLA/boletinlegal/styles2.css HTTP/1.1" 200 1838
172.22.2.4 - - [23/Jun/2022:00:57:11 -0500] "GET /BLA/boletinlegal/js/jquery.js HTTP/1.1" 200 57254
172.22.2.4 - - [23/Jun/2022:00:57:11 -0500] "GET /BLA/boletinlegal/js/jquery.scrollTo-min.js HTTP/1.1" 200 1150
172.22.2.4 - - [23/Jun/2022:00:57:11 -0500] "GET /BLA/boletinlegal/js/jquery.scrollShow.js HTTP/1.1" 200 4586
172.22.2.4 - - [23/Jun/2022:00:57:11 -0500] "GET /BLA/boletinlegal/images/cabezote%20BLEGAL.jpg HTTP/1.1" 200 118164
172.22.2.4 - - [23/Jun/2022:00:57:11 -0500] "GET /BLA/boletinlegal/images/subscribe-icon-big.png HTTP/1.1" 200 47702
172.22.2.4 - - [23/Jun/2022:00:57:11 -0500] "GET /BLA/boletinlegal/images/historia.png HTTP/1.1" 200 52775
172.22.2.4 - - [23/Jun/2022:00:57:11 -0500] "GET /BLA/boletinlegal/images/screen_1.png HTTP/1.1" 200 202547
172.22.2.4 - - [23/Jun/2022:00:57:11 -0500] "GET /BLA/boletinlegal/images/launch.jpg HTTP/1.1" 200 14577
172.22.2.4 - - [23/Jun/2022:00:57:11 -0500] "GET /BLA/boletinlegal/images/arr_l.jpg HTTP/1.1" 200 1979
172.22.2.4 - - [23/Jun/2022:00:57:11 -0500] "GET /BLA/boletinlegal/images/registro-usuarios.png HTTP/1.1" 200 8106
172.22.2.4 - - [23/Jun/2022:00:57:11 -0500] "GET /BLA/boletinlegal/images/body_bg.jpg HTTP/1.1" 200 1601
172.22.2.4 - - [23/Jun/2022:00:57:11 -0500] "GET /BLA/boletinlegal/images/menu_lft.gif HTTP/1.1" 200 1713
172.22.2.4 - - [23/Jun/2022:00:57:11 -0500] "GET /BLA/boletinlegal/images/menu_rght.gif HTTP/1.1" 200 1627
172.22.2.4 - - [23/Jun/2022:00:57:11 -0500] "GET /BLA/boletinlegal/images/menu_bg.jpg HTTP/1.1" 200 620
172.22.2.4 - - [23/Jun/2022:00:57:11 -0500] "GET /BLA/boletinlegal/images/bg_top.jpg HTTP/1.1" 200 522
172.22.2.4 - - [23/Jun/2022:00:57:11 -0500] "GET /BLA/boletinlegal/images/hover.jpg HTTP/1.1" 200 640
172.22.2.4 - - [23/Jun/2022:00:57:11 -0500] "GET /BLA/boletinlegal/images/text.jpg HTTP/1.1" 200 568
216.245.221.92 - - [23/Jun/2022:00:57:12 -0500] "HEAD / HTTP/1.1" 200 -
172.22.2.4 - - [23/Jun/2022:00:57:12 -0500] "GET /BLA/boletinlegal/actos.php HTTP/1.1" 200 9559
172.22.2.4 - - [23/Jun/2022:00:57:12 -0500] "GET /BLA/boletinlegal/js/ajax_actos.js HTTP/1.1" 200 1322
172.22.2.4 - - [23/Jun/2022:00:57:13 -0500] "GET /BLA/boletinlegal/js/lib.js HTTP/1.1" 200 6474
172.22.2.4 - - [23/Jun/2022:00:57:13 -0500] "GET /BLA/boletinlegal/js/popup.js HTTP/1.1" 200 1270
172.22.2.4 - - [23/Jun/2022:00:57:13 -0500] "GET /BLA/boletinlegal/niceforms-default.css HTTP/1.1" 200 6694
172.22.2.4 - - [23/Jun/2022:00:57:13 -0500] "GET /BLA/boletinlegal/niceforms.js HTTP/1.1" 200 22876
172.22.2.4 - - [23/Jun/2022:00:57:13 -0500] "GET /BLA/boletinlegal/js/jquery1.js HTTP/1.1" 200 29846
172.22.2.4 - - [23/Jun/2022:00:57:13 -0500] "GET /BLA/boletinlegal/images/green-yellow-blue-pink-th.png HTTP/1.1" 200 7394
172.22.2.4 - - [23/Jun/2022:00:57:13 -0500] "GET /BLA/boletinlegal/images/abajo.png HTTP/1.1" 200 96676
172.22.2.4 - - [23/Jun/2022:00:57:13 -0500] "GET /BLA/boletinlegal/images/tel.png HTTP/1.1" 200 14477
172.22.2.4 - - [23/Jun/2022:00:57:13 -0500] "GET /BLA/boletinlegal/images/icono-email.png HTTP/1.1" 200 5544
172.22.2.4 - - [23/Jun/2022:00:57:13 -0500] "GET /BLA/boletinlegal/images/footer_bg.jpg HTTP/1.1" 200 586
172.22.2.4 - - [23/Jun/2022:00:57:13 -0500] "GET /BLA/boletinlegal/images/footer_bg_l.jpg HTTP/1.1" 200 776
172.22.2.4 - - [23/Jun/2022:00:57:13 -0500] "GET /BLA/boletinlegal/img/button-left.png HTTP/1.1" 200 57071
172.22.2.4 - - [23/Jun/2022:00:57:13 -0500] "GET /BLA/boletinlegal/img/0.png HTTP/1.1" 200 110
172.22.2.4 - - [23/Jun/2022:00:57:13 -0500] "GET /BLA/boletinlegal/img/select-right.png HTTP/1.1" 200 44019
172.22.2.4 - - [23/Jun/2022:00:57:13 -0500] "GET /BLA/boletinlegal/img/select-left.png HTTP/1.1" 200 263
172.22.2.4 - - [23/Jun/2022:00:57:13 -0500] "GET /BLA/boletinlegal/img/button.png HTTP/1.1" 200 43241
172.22.2.4 - - [23/Jun/2022:00:57:13 -0500] "GET /BLA/boletinlegal/img/button-right.png HTTP/1.1" 200 57878
172.22.2.4 - - [23/Jun/2022:00:57:13 -0500] "GET /BLA/boletinlegal/favicon.ico HTTP/1.1" 404 1326
172.22.2.4 - - [23/Jun/2022:00:57:20 -0500] "GET /BLA/boletinlegal/consulta_actos.php?tipo=autos&no=3231&usuario=&sector=&fecha=2022&resuelve= HTTP/1.1" 200 626
172.22.2.4 - - [23/Jun/2022:00:57:22 -0500] "GET /BLA/boletinlegal/consulta_actos.php?tipo=autos&no=3231&usuario=&sector=&fecha=2022&resuelve= HTTP/1.1" 200 626
172.22.2.4 - - [23/Jun/2022:00:57:28 -0500] "GET /BLA/boletinlegal/consulta_actos.php?tipo=autos&no=3231&usuario=&sector=&fecha=2022&resuelve= HTTP/1.1" 200 626
172.22.2.4 - - [23/Jun/2022:00:57:29 -0500] "GET /BLA/boletinlegal/actos.php HTTP/1.1" 200 9559
186.31.180.175 - - [23/Jun/2022:00:57:31 -0500] "GET /kwssiamovil/sm/acme/a?s=U2FsdGVkX19vKaqNtmYbtkRNqTt/QI8m6ClqvrCsJ43tI2a+zeyikyFPHKR9RQXRaJd8R6Vf3EtM6DX6WDAu3TOE1W4N81+2+AoGRPIPl6U0D15hFQbba1Dvq8q0FmANCXB3yuBt2pdMHlmg+PNoURObb7QPZ0i1Jji2TqPhfdyY8olb4QRSVXv5/dgGTxRn9O+afFWnHXOE81+xsmPdw3O2FEKTEXRqe0OUwml5B9YvTR0xfRhmJwxuoRkhjQotl9VqoxV81JBpQ9YNyNoK/w==&u=U2FsdGVkX1/VhIG22pfbk0LFQq00FhS4xppaNICHlQo=&y=U2FsdGVkX1+QtEqD8QL0tYWdrgZRRmgDd7Y48BdjE2V5UdLni+/ldK8cHr+2my0d HTTP/1.1" 200 25
172.22.2.4 - - [23/Jun/2022:00:57:31 -0500] "GET /BLA/boletinlegal/consulta_actos.php?tipo=autos&no=&usuario=&sector=&fecha=2022&resuelve= HTTP/1.1" 200 350226
172.22.2.4 - - [23/Jun/2022:00:57:31 -0500] "GET /BLA/boletinlegal/images/pdf.gif HTTP/1.1" 200 567
172.22.2.4 - - [23/Jun/2022:00:57:31 -0500] "GET /BLA/boletinlegal/images/background.gif HTTP/1.1" 200 -
186.31.180.175 - - [23/Jun/2022:00:57:31 -0500] "GET /kwssiamovil/sm/acme/a?s=U2FsdGVkX18nxDZlBDPVFLxtlYP+KwyR0dyyKNmLeVLlLrkUiyIUGDh9E1nqUPizwC+2ZcIXuvVvWDljLJrIHUa+Ca4HLH/7rrDYCvrRhEIoygR8G1J5mp3YGqAIzStMDL/fkYmCmoTRZSqDtQ8DPTKYJXwFo4HCFGBzeIspOSNGDXgIC4gKuH4yE/Rdo7sQx1TJkq4zLJjKMazXBgddMYvVFGk2HmEQ/k/dY+Kv1MW6Z2JIHfLz4sIq4HD2yaWcq39wtIJlafM7aSLENyUCc/s2i8CgTNhMfBScfWRzqny8CZ82Kyz4TzPB4RKb8bfbXi64hPdwndqCpM6fiPJd9vkblfLwzmgDhxDD0q9GZ/tNrZRooyDE1yxFWPjYOQSdNJqsUXKb929+hI56fkNIYt0igDneuqjtb/feE2bBU6l5wiTSObwjIc/ZdtnOZt+UZIcAacVjVZFBAnnb6YY4AhjoNUMhu9AkSXvPpcvQcEHxNjU4aLJyEKKHtjp8dHxIRv4ncoZ2hoB9XdXUUc0UKzFhZham1PeVMpHSz2GP9WTyENxWF5o65aFQEITtq/XR7ymugSDXujqJn3h8SYVbm0ojClvYFkfyEyKOPBp3CGEKGcv/UB/T8SWmZgmvzUloqUuwVDakRPsxXpCrKCDo1201diEe2RvZxsYMSthX20bJBNcWPtpOWcIN80VsezSa3qjwLuOXvJHQKDFTe8y9crZKU5osepbUvlI/dyG4NLyH6Zv9O/3GK3g/a7Eu9lgeMwMnq1IlASohxD42FjrBmX3a7an3hxRX0VrZLZol3iDpxEk3J0LRQsvjhQ91QjV54knsppPuVzXqsR0KzjLWMky5TWfSWNMjvqnxsUsat+JVXjmkDfYo2I8c0y9qg6yFkDObToLCgBbx4EYokj3YduYIITxnnBXVHNVI2cqAF+QC1Mc8lDlnQhKWCtT2xP8f2ov84UAp1QMzSxOsfK1qq4dTIrYhv8Em7MNIpPFKok7Unf1hAsHLHrtaGnH+uxTbMAw7eE5KmHXMfDUF04ZaOpDIPn6AYO1umr3ZKNn94oGZUbuVUAOObSVmt6XYvRjj2nOxfazcY4nsVOryDI0LKoLzNxnRUqj/mHIlrEoW8Gfq0mMK8+Qo15ZY04aiUbF6/5FtIAg9x6H/SBDdXnhjQgiugac3opVU5jPqBvR+gkELa/fnThooze4b3O/wQTGbqBa//IpjNLFlZK9UmqxdoZyI4xfySwGkNUoLEswhGh6BjWXkcFyDVr+OwR9BL60Cs4APnAP8BpbGisJhCNW7GEBO2f3m60uwLCLGx1PCVTVzpyPlc2gDZn1mACmh9eEpHGIfb8yTFxdUrlINOcaDrw==&u=U2FsdGVkX1/VhIG22pfbk0LFQq00FhS4xppaNICHlQo=&y=U2FsdGVkX1+QtEqD8QL0tYWdrgZRRmgDd7Y48BdjE2V5UdLni+/ldK8cHr+2my0d HTTP/1.1" 200 25
186.31.180.175 - - [23/Jun/2022:00:57:32 -0500] "GET /kwssiamovil/sm/acme/a?s=U2FsdGVkX19js/Q4XYcDmzjuFxSYGvBw7AubIrPgBipguftEAAj9n9d3mbI7NPuDJkoq8MmZGJkeTXNd6QHl0qc5A0c9Sgvgn5hEDyKiROwIzGhNYj/4mlYIspMCV59fXTMO4MRn2acpSRvIv224zKCgdKN16IqaBm9vLtDPF3I=&u=U2FsdGVkX1/VhIG22pfbk0LFQq00FhS4xppaNICHlQo=&y=U2FsdGVkX1+QtEqD8QL0tYWdrgZRRmgDd7Y48BdjE2V5UdLni+/ldK8cHr+2my0d HTTP/1.1" 200 25
186.31.180.175 - - [23/Jun/2022:00:57:32 -0500] "GET /kwssiamovil/sm/acme/a?s=U2FsdGVkX19R4cV069dJylTRgDawTzqtghYEAMXIp6mouOKZId5alV16k1NtRs+8QJzDT2i3kHePZZ2LIw5TxWEShUTx3yyAZ65/esLuLxWPsVcHvFWRJTLPVYey8kSPQD5iqR3jID2EN5Q0l5PSgoFAetlQ6piblPeg9rxXQYY=&u=U2FsdGVkX1/VhIG22pfbk0LFQq00FhS4xppaNICHlQo=&y=U2FsdGVkX1+QtEqD8QL0tYWdrgZRRmgDd7Y48BdjE2V5UdLni+/ldK8cHr+2my0d HTTP/1.1" 200 25
186.31.180.175 - - [23/Jun/2022:00:57:32 -0500] "GET /kwssiamovil/sm/acme/a?s=U2FsdGVkX19vQVb627ySuxOGBtUdxKVP6rvkpb0YVwDLFBhOtXCCaES7vYd+SA1hRTRS40esEIv4EdgUQq7tvzFDvmwD2Og+dsPQ5UQENIIV5D51sxEzlVSZUXVZmc4mv0gMET9iErHB0eqNHI+IkZrAOWfuE9GnsRvPRWNm7qI=&u=U2FsdGVkX1/VhIG22pfbk0LFQq00FhS4xppaNICHlQo=&y=U2FsdGVkX1+QtEqD8QL0tYWdrgZRRmgDd7Y48BdjE2V5UdLni+/ldK8cHr+2my0d HTTP/1.1" 200 25
186.31.180.175 - - [23/Jun/2022:00:57:32 -0500] "GET /kwssiamovil/sm/acme/a?s=U2FsdGVkX1/c7WH8t+34zPCMDqvU3/+HLRNdzqbasfu1vJSMTbzy/TzNik49gUYE3KOLEAKz3Zung0N6PCEF8/K979LN//52M3M/6mxof1OPqIOg4f5nSGGXlLjxO69IkXXB6jidHm5JO1QEGMt0pwIFRkwPQQ8UbcuKfWZUuMMR9xYVp3l0f3+YcRU7qb3h&u=U2FsdGVkX1/VhIG22pfbk0LFQq00FhS4xppaNICHlQo=&y=U2FsdGVkX1+QtEqD8QL0tYWdrgZRRmgDd7Y48BdjE2V5UdLni+/ldK8cHr+2my0d HTTP/1.1" 200 25
45.61.188.95 - - [23/Jun/2022:00:57:43 -0500] "GET / HTTP/1.1" 200 319
172.22.2.4 - - [23/Jun/2022:00:57:11 -0500] "GET /BLA/boletinlegal/ HTTP/1.1" 200 24523
172.22.2.4 - - [23/Jun/2022:00:57:33 -0500] "HEAD /BLA/boletinlegal/ HTTP/1.1" 200 -
172.22.2.4 - - [23/Jun/2022:00:58:23 -0500] "GET /BLA/boletinlegal/ HTTP/1.1" 200 61027
172.22.2.4 - - [23/Jun/2022:01:00:39 -0500] "GET /BLA/boletinlegal/actos.php HTTP/1.1" 200 9559
172.22.2.4 - - [23/Jun/2022:01:00:44 -0500] "GET /BLA/boletinlegal/consulta_actos.php?tipo=autos&no=3665&usuario=&sector=&fecha=2022&resuelve= HTTP/1.1" 200 626
172.22.2.4 - - [23/Jun/2022:01:00:46 -0500] "GET /BLA/boletinlegal/consulta_actos.php?tipo=autos&no=3665&usuario=&sector=&fecha=2022&resuelve= HTTP/1.1" 200 626
172.22.2.4 - - [23/Jun/2022:01:00:47 -0500] "GET /BLA/boletinlegal/images/screen_1.png HTTP/1.1" 304 -
172.22.2.4 - - [23/Jun/2022:01:00:38 -0500] "GET /BLA/boletinlegal/ HTTP/1.1" 200 24523
152.61.128.50 - - [23/Jun/2022:01:01:36 -0500] "GET /arcgis/services/Calidad_del_Agua_WQI/MapServer/WMSServer?request=GetCapabilities&service=WMS HTTP/1.1" 503 1020
152.61.128.50 - - [23/Jun/2022:01:01:37 -0500] "GET /arcgis/services/Calidad_del_Agua_WQI/MapServer/WMSServer?SERVICE=WMS&REQUEST=GetCapabilities HTTP/1.1" 503 1020
152.61.128.50 - - [23/Jun/2022:01:01:37 -0500] "GET /arcgis/services/Calidad_del_Agua_WQI/MapServer/WMSServer?WMTVER=1.0.0&REQUEST=capabilities HTTP/1.1" 503 1020
216.245.221.92 - - [23/Jun/2022:01:02:12 -0500] "HEAD / HTTP/1.1" 200 -
172.22.2.4 - - [23/Jun/2022:01:03:47 -0500] "GET /BLA/boletinlegal/actos.php HTTP/1.1" 200 9559
207.46.13.184 - - [23/Jun/2022:01:04:00 -0500] "GET /guadalupe-aguanoso-y-otros-tres-caminos-de-los-cerros-estarin-cerrados-este-fin-de-semana.html HTTP/1.1" 200 797
185.7.214.104 - - [23/Jun/2022:01:04:09 -0500] "GET /actuator/gateway/routes HTTP/1.1" 404 1018
172.22.2.4 - - [23/Jun/2022:01:03:23 -0500] "HEAD /BLA/boletinlegal/ HTTP/1.1" 200 -
172.22.2.4 - - [23/Jun/2022:01:04:14 -0500] "GET /BLA/boletinlegal/ HTTP/1.1" 200 57966
222.186.19.205 - - [23/Jun/2022:01:07:06 -0500] "CONNECT qzone-music.qq.com:443 HTTP/1.1" 405 946
222.186.19.205 - - [23/Jun/2022:01:07:09 -0500] "CONNECT dianying.taobao.com:443 HTTP/1.1" 405 947
222.186.19.205 - - [23/Jun/2022:01:07:09 -0500] "GET http://zz.bdstatic.com/linksubmit/push.js HTTP/1.1" 404 1019
216.245.221.92 - - [23/Jun/2022:01:07:12 -0500] "HEAD / HTTP/1.1" 200 -
49.7.21.72 - - [23/Jun/2022:01:07:42 -0500] "-" 408 -
172.22.2.4 - - [23/Jun/2022:01:09:13 -0500] "HEAD /BLA/boletinlegal/ HTTP/1.1" 200 -
172.22.2.4 - - [23/Jun/2022:01:10:03 -0500] "GET /BLA/boletinlegal/ HTTP/1.1" 200 58464
216.245.221.92 - - [23/Jun/2022:01:12:12 -0500] "HEAD / HTTP/1.1" 200 -
207.46.13.8 - - [23/Jun/2022:01:12:35 -0500] "GET /bla/resoluciones/resoluciones%202012/1383.pdf HTTP/1.1" 304 -
108.174.8.21 - - [23/Jun/2022:01:14:34 -0500] "GET /que-orgullo-bogota-obtiene-reconocimiento-por-sus-planes-y-acciones-para-enfrentar-el-cambio-climatico.html HTTP/1.1" 206 773
172.22.2.4 - - [23/Jun/2022:01:15:03 -0500] "HEAD /BLA/boletinlegal/ HTTP/1.1" 200 -
216.245.221.92 - - [23/Jun/2022:01:17:12 -0500] "HEAD / HTTP/1.1" 200 -
172.22.2.4 - - [23/Jun/2022:01:15:53 -0500] "GET /BLA/boletinlegal/ HTTP/1.1" 200 58464
172.22.2.4 - - [23/Jun/2022:01:18:44 -0500] "GET /BLA/boletinlegal/jurisprudencia/analisis/CUADRO%20ANALISIS%20SENTENCIA%20T-411%20DE%201992.doc HTTP/1.1" 304 -
172.22.2.4 - - [23/Jun/2022:01:19:02 -0500] "GET /BLA/boletinlegal/.env HTTP/1.1" 404 1018
202.63.156.93 - - [23/Jun/2022:01:20:15 -0500] "GET / HTTP/1.0" 200 319
216.245.221.92 - - [23/Jun/2022:01:22:12 -0500] "HEAD / HTTP/1.1" 200 -
172.22.2.4 - - [23/Jun/2022:01:20:53 -0500] "HEAD /BLA/boletinlegal/ HTTP/1.1" 200 -
201.245.192.253 - - [23/Jun/2022:01:21:37 -0500] "POST /kwsrmcab/Wsrmcab HTTP/1.1" 200 17970
172.22.2.4 - - [23/Jun/2022:01:21:43 -0500] "GET /BLA/boletinlegal/ HTTP/1.1" 200 57966
201.245.192.253 - - [23/Jun/2022:01:22:37 -0500] "POST /kwsrmcab/Wsrmcab HTTP/1.1" 200 14506
216.245.221.92 - - [23/Jun/2022:01:27:12 -0500] "HEAD / HTTP/1.1" 200 -
172.22.2.4 - - [23/Jun/2022:01:26:43 -0500] "HEAD /BLA/boletinlegal/ HTTP/1.1" 200 -
172.22.2.4 - - [23/Jun/2022:01:27:33 -0500] "GET /BLA/boletinlegal/ HTTP/1.1" 200 45375
66.249.65.17 - - [23/Jun/2022:01:31:04 -0500] "-" 408 -
216.245.221.92 - - [23/Jun/2022:01:32:12 -0500] "HEAD / HTTP/1.1" 200 -
201.245.192.253 - - [23/Jun/2022:01:31:37 -0500] "POST /kwsrmcab/Wsrmcab HTTP/1.1" 200 14506
201.245.192.253 - - [23/Jun/2022:01:32:37 -0500] "POST /kwsrmcab/Wsrmcab HTTP/1.1" 200 14506
172.22.2.4 - - [23/Jun/2022:01:32:33 -0500] "HEAD /BLA/boletinlegal/ HTTP/1.1" 200 -
172.22.2.4 - - [23/Jun/2022:01:33:23 -0500] "GET /BLA/boletinlegal/ HTTP/1.1" 200 58464
216.245.221.92 - - [23/Jun/2022:01:37:12 -0500] "HEAD / HTTP/1.1" 200 -
172.22.2.4 - - [23/Jun/2022:01:37:03 -0500] "GET /BLA/boletinlegal/ HTTP/1.1" 200 20427
66.249.65.13 - - [23/Jun/2022:01:38:57 -0500] "-" 408 -
172.22.2.4 - - [23/Jun/2022:01:37:33 -0500] "GET /BLA/boletinlegal/ HTTP/1.1" 200 52287
172.22.2.4 - - [23/Jun/2022:01:39:24 -0500] "GET /BLA/boletinlegal/js/jquery.js HTTP/1.1" 200 57254
172.22.2.4 - - [23/Jun/2022:01:39:26 -0500] "GET /BLA/boletinlegal/styles2.css HTTP/1.1" 200 1838
172.22.2.4 - - [23/Jun/2022:01:39:30 -0500] "GET /BLA/boletinlegal/js/jquery.scrollShow.js HTTP/1.1" 200 4586
172.22.2.4 - - [23/Jun/2022:01:39:33 -0500] "GET /BLA/boletinlegal/js/jquery.scrollTo-min.js HTTP/1.1" 200 1150
172.22.2.4 - - [23/Jun/2022:01:38:23 -0500] "HEAD /BLA/boletinlegal/ HTTP/1.1" 200 -
49.7.21.72 - - [23/Jun/2022:01:40:34 -0500] "-" 408 -
172.22.2.4 - - [23/Jun/2022:01:39:13 -0500] "GET /BLA/boletinlegal/ HTTP/1.1" 200 61027
216.245.221.92 - - [23/Jun/2022:01:42:12 -0500] "HEAD / HTTP/1.1" 200 -
201.245.192.253 - - [23/Jun/2022:01:41:37 -0500] "POST /kwsrmcab/Wsrmcab HTTP/1.1" 200 14506
201.245.192.253 - - [23/Jun/2022:01:42:37 -0500] "POST /kwsrmcab/Wsrmcab HTTP/1.1" 200 46606
172.22.2.4 - - [23/Jun/2022:01:44:13 -0500] "HEAD /BLA/boletinlegal/ HTTP/1.1" 200 -
172.22.2.4 - - [23/Jun/2022:01:45:03 -0500] "GET /BLA/boletinlegal/ HTTP/1.1" 200 60610
216.245.221.92 - - [23/Jun/2022:01:47:12 -0500] "HEAD / HTTP/1.1" 200 -
172.22.2.4 - - [23/Jun/2022:01:50:03 -0500] "HEAD /BLA/boletinlegal/ HTTP/1.1" 200 -
216.245.221.92 - - [23/Jun/2022:01:52:12 -0500] "HEAD / HTTP/1.1" 200 -
172.22.2.4 - - [23/Jun/2022:01:50:53 -0500] "GET /BLA/boletinlegal/ HTTP/1.1" 200 58464
66.249.65.13 - - [23/Jun/2022:01:52:44 -0500] "-" 408 -
207.46.13.8 - - [23/Jun/2022:01:56:28 -0500] "GET /BLA/resoluciones/RESOLUCIONES%202021/2581.pdf HTTP/1.1" 304 -
216.245.221.92 - - [23/Jun/2022:01:57:12 -0500] "HEAD / HTTP/1.1" 200 -
172.22.2.4 - - [23/Jun/2022:01:55:53 -0500] "HEAD /BLA/boletinlegal/ HTTP/1.1" 200 -
172.22.2.4 - - [23/Jun/2022:01:56:43 -0500] "GET /BLA/boletinlegal/ HTTP/1.1" 200 58464
66.249.65.13 - - [23/Jun/2022:01:59:34 -0500] "-" 408 -
157.55.39.114 - - [23/Jun/2022:02:01:43 -0500] "GET /sipse/faces/faces/autenticacion.xhtml HTTP/1.1" 200 12492
216.245.221.92 - - [23/Jun/2022:02:02:12 -0500] "HEAD / HTTP/1.1" 200 -
172.22.2.4 - - [23/Jun/2022:02:01:43 -0500] "HEAD /BLA/boletinlegal/ HTTP/1.1" 200 -
172.22.2.4 - - [23/Jun/2022:02:02:33 -0500] "GET /BLA/boletinlegal/ HTTP/1.1" 200 58464
216.245.221.92 - - [23/Jun/2022:02:07:12 -0500] "HEAD / HTTP/1.1" 200 -
172.22.2.4 - - [23/Jun/2022:02:07:33 -0500] "HEAD /BLA/boletinlegal/ HTTP/1.1" 200 -
66.249.65.13 - - [23/Jun/2022:02:09:45 -0500] "-" 408 -
172.22.2.4 - - [23/Jun/2022:02:08:23 -0500] "GET /BLA/boletinlegal/ HTTP/1.1" 200 61027
186.84.89.193 - - [23/Jun/2022:02:10:54 -0500] "GET /mesa/contrasena.pdf HTTP/1.1" 200 443199
157.55.39.133 - - [23/Jun/2022:02:10:54 -0500] "GET / HTTP/1.1" 200 4720
186.84.89.193 - - [23/Jun/2022:02:10:55 -0500] "GET /mesa/contrasena.pdf HTTP/1.1" 206 1
186.84.89.193 - - [23/Jun/2022:02:10:55 -0500] "GET /mesa/contrasena.pdf HTTP/1.1" 206 1091
216.245.221.92 - - [23/Jun/2022:02:12:12 -0500] "HEAD / HTTP/1.1" 200 -
201.110.128.143 - - [23/Jun/2022:02:12:56 -0500] "GET / HTTP/1.1" 200 319
172.22.2.4 - - [23/Jun/2022:02:13:23 -0500] "HEAD /BLA/boletinlegal/ HTTP/1.1" 200 -
66.249.65.13 - - [23/Jun/2022:02:15:52 -0500] "-" 408 -
172.22.2.4 - - [23/Jun/2022:02:14:13 -0500] "GET /BLA/boletinlegal/ HTTP/1.1" 200 61027
49.7.21.72 - - [23/Jun/2022:02:16:04 -0500] "-" 408 -
216.245.221.92 - - [23/Jun/2022:02:17:12 -0500] "HEAD / HTTP/1.1" 200 -
207.46.13.184 - - [23/Jun/2022:02:19:38 -0500] "GET /portaldeninos/2021/06/29/jasbleady-castaneda-una-mujer-que-le-pone-el-alma-a-la-proteccion-de-las-tinguas-azules/ HTTP/1.1" 200 108589
40.77.167.24 - - [23/Jun/2022:02:19:46 -0500] "GET /portaldeninos/humedal-el-tunjo/ HTTP/1.1" 200 87862
172.22.2.4 - - [23/Jun/2022:02:20:45 -0500] "GET /BLA/boletinlegal/jurisprudencia/analisis/AnalisisT-095-16.docx HTTP/1.1" 304 -
172.22.2.4 - - [23/Jun/2022:02:20:45 -0500] "GET /BLA/boletinlegal/robots.txt HTTP/1.1" 404 1038
172.22.2.4 - - [23/Jun/2022:02:19:13 -0500] "HEAD /BLA/boletinlegal/ HTTP/1.1" 200 -
172.22.2.4 - - [23/Jun/2022:02:20:03 -0500] "GET /BLA/boletinlegal/ HTTP/1.1" 200 61027
216.245.221.92 - - [23/Jun/2022:02:22:12 -0500] "HEAD / HTTP/1.1" 200 -
66.249.65.13 - - [23/Jun/2022:02:22:27 -0500] "-" 408 -
201.245.192.253 - - [23/Jun/2022:02:21:37 -0500] "POST /kwsrmcab/Wsrmcab HTTP/1.1" 200 14506
172.22.2.4 - - [23/Jun/2022:02:23:04 -0500] "GET /BLA/boletinlegal/dqgqoeCXckuwPtxov HTTP/1.1" 404 1018
172.22.2.4 - - [23/Jun/2022:02:23:05 -0500] "GET /BLA/boletinlegal/dqgqoeCXckuwPtxov HTTP/1.1" 404 1018
201.245.192.253 - - [23/Jun/2022:02:22:37 -0500] "POST /kwsrmcab/Wsrmcab HTTP/1.1" 200 24914
172.22.2.4 - - [23/Jun/2022:02:25:03 -0500] "HEAD /BLA/boletinlegal/ HTTP/1.1" 200 -
216.245.221.92 - - [23/Jun/2022:02:27:12 -0500] "HEAD / HTTP/1.1" 200 -
207.46.13.45 - - [23/Jun/2022:02:27:20 -0500] "GET /portaldeninos/ HTTP/1.1" 200 109662
172.22.2.4 - - [23/Jun/2022:02:25:53 -0500] "GET /BLA/boletinlegal/ HTTP/1.1" 200 58464
66.249.65.13 - - [23/Jun/2022:02:29:00 -0500] "-" 408 -
172.22.2.4 - - [23/Jun/2022:02:29:39 -0500] "GET /BLA/boletinlegal/ HTTP/1.1" 200 59510
216.245.221.92 - - [23/Jun/2022:02:32:12 -0500] "HEAD / HTTP/1.1" 200 -
34.91.217.150 - - [23/Jun/2022:02:32:29 -0500] "GET / HTTP/1.1" 200 319
172.22.2.4 - - [23/Jun/2022:02:30:53 -0500] "HEAD /BLA/boletinlegal/ HTTP/1.1" 200 -
201.245.192.253 - - [23/Jun/2022:02:31:37 -0500] "POST /kwsrmcab/Wsrmcab HTTP/1.1" 200 14506
172.22.2.4 - - [23/Jun/2022:02:31:43 -0500] "GET /BLA/boletinlegal/ HTTP/1.1" 200 60610
201.245.192.253 - - [23/Jun/2022:02:32:37 -0500] "POST /kwsrmcab/Wsrmcab HTTP/1.1" 200 14506
216.245.221.92 - - [23/Jun/2022:02:37:12 -0500] "HEAD / HTTP/1.1" 200 -
172.22.2.4 - - [23/Jun/2022:02:36:43 -0500] "HEAD /BLA/boletinlegal/ HTTP/1.1" 200 -
40.77.167.39 - - [23/Jun/2022:02:39:12 -0500] "GET /secretaria-de-ambiente-exalta-a-organizaciones-y-colectivos-en-conmemoracion-del-dia-del-voluntariado-ambiental.html HTTP/1.1" 200 1093
172.22.2.4 - - [23/Jun/2022:02:37:33 -0500] "GET /BLA/boletinlegal/ HTTP/1.1" 200 56799
66.249.65.13 - - [23/Jun/2022:02:40:04 -0500] "-" 408 -
216.245.221.92 - - [23/Jun/2022:02:42:12 -0500] "HEAD / HTTP/1.1" 200 -
201.245.192.253 - - [23/Jun/2022:02:41:36 -0500] "POST /kwsrmcab/Wsrmcab HTTP/1.1" 200 14506
201.245.192.253 - - [23/Jun/2022:02:42:36 -0500] "POST /kwsrmcab/Wsrmcab HTTP/1.1" 200 14506
172.22.2.4 - - [23/Jun/2022:02:42:33 -0500] "HEAD /BLA/boletinlegal/ HTTP/1.1" 200 -
172.22.2.4 - - [23/Jun/2022:02:43:23 -0500] "GET /BLA/boletinlegal/ HTTP/1.1" 200 56011
66.249.65.13 - - [23/Jun/2022:02:46:02 -0500] "-" 408 -
216.245.221.92 - - [23/Jun/2022:02:47:12 -0500] "HEAD / HTTP/1.1" 200 -
49.7.21.72 - - [23/Jun/2022:02:48:16 -0500] "-" 408 -
207.46.13.138 - - [23/Jun/2022:02:48:26 -0500] "GET /bla/resoluciones/autos%202011/4309.pdf HTTP/1.1" 200 250315
172.22.2.4 - - [23/Jun/2022:02:48:23 -0500] "HEAD /BLA/boletinlegal/ HTTP/1.1" 200 -
172.22.2.4 - - [23/Jun/2022:02:49:13 -0500] "GET /BLA/boletinlegal/ HTTP/1.1" 200 57966
66.249.65.13 - - [23/Jun/2022:02:51:42 -0500] "-" 408 -
216.245.221.92 - - [23/Jun/2022:02:52:12 -0500] "HEAD / HTTP/1.1" 200 -
172.22.2.4 - - [23/Jun/2022:02:54:13 -0500] "HEAD /BLA/boletinlegal/ HTTP/1.1" 200 -
172.22.2.4 - - [23/Jun/2022:02:55:03 -0500] "GET /BLA/boletinlegal/ HTTP/1.1" 200 57222
216.245.221.92 - - [23/Jun/2022:02:57:12 -0500] "HEAD / HTTP/1.1" 200 -
66.249.65.13 - - [23/Jun/2022:02:57:20 -0500] "-" 408 -
104.217.249.182 - - [23/Jun/2022:02:58:38 -0500] "GET / HTTP/1.1" 200 319
172.22.2.4 - - [23/Jun/2022:03:00:03 -0500] "HEAD /BLA/boletinlegal/ HTTP/1.1" 200 -
216.245.221.92 - - [23/Jun/2022:03:02:12 -0500] "HEAD / HTTP/1.1" 200 -
172.22.2.4 - - [23/Jun/2022:03:00:53 -0500] "GET /BLA/boletinlegal/ HTTP/1.1" 200 58464
66.249.65.13 - - [23/Jun/2022:03:04:07 -0500] "-" 408 -
172.22.2.4 - - [23/Jun/2022:03:05:49 -0500] "GET /BLA/boletinlegal/normativa.php HTTP/1.1" 200 8326
207.46.13.184 - - [23/Jun/2022:03:06:02 -0500] "GET / HTTP/1.1" 200 319
172.22.2.4 - - [23/Jun/2022:03:06:13 -0500] "GET /BLA/boletinlegal/js/ajax_normativa.js HTTP/1.1" 200 1154
172.22.2.4 - - [23/Jun/2022:03:06:16 -0500] "GET /BLA/boletinlegal/niceforms-default.css HTTP/1.1" 200 6694
172.22.2.4 - - [23/Jun/2022:03:06:19 -0500] "GET /BLA/boletinlegal/niceforms.js HTTP/1.1" 200 22876
216.245.221.92 - - [23/Jun/2022:03:07:12 -0500] "HEAD / HTTP/1.1" 200 -
172.22.2.4 - - [23/Jun/2022:03:05:53 -0500] "HEAD /BLA/boletinlegal/ HTTP/1.1" 200 -
172.22.2.4 - - [23/Jun/2022:03:06:43 -0500] "GET /BLA/boletinlegal/ HTTP/1.1" 200 58464
207.46.13.138 - - [23/Jun/2022:03:10:27 -0500] "GET /BLA/resoluciones/RESOLUCIONES%202021/4272.pdf HTTP/1.1" 304 -
66.249.65.13 - - [23/Jun/2022:03:10:42 -0500] "-" 408 -
216.245.221.92 - - [23/Jun/2022:03:12:12 -0500] "HEAD / HTTP/1.1" 200 -
172.22.2.4 - - [23/Jun/2022:03:11:43 -0500] "HEAD /BLA/boletinlegal/ HTTP/1.1" 200 -
172.22.2.4 - - [23/Jun/2022:03:12:33 -0500] "GET /BLA/boletinlegal/ HTTP/1.1" 200 56011
172.22.2.4 - - [23/Jun/2022:03:13:23 -0500] "GET /BLA/boletinlegal/ HTTP/1.1" 200 61027
66.249.65.13 - - [23/Jun/2022:03:16:38 -0500] "-" 408 -
216.245.221.92 - - [23/Jun/2022:03:17:12 -0500] "HEAD / HTTP/1.1" 200 -
49.7.21.72 - - [23/Jun/2022:03:19:05 -0500] "-" 408 -
172.22.2.4 - - [23/Jun/2022:03:17:33 -0500] "HEAD /BLA/boletinlegal/ HTTP/1.1" 200 -
172.22.2.4 - - [23/Jun/2022:03:18:23 -0500] "GET /BLA/boletinlegal/ HTTP/1.1" 200 58464
216.245.221.92 - - [23/Jun/2022:03:22:12 -0500] "HEAD / HTTP/1.1" 200 -
66.249.65.13 - - [23/Jun/2022:03:22:47 -0500] "-" 408 -
201.245.192.253 - - [23/Jun/2022:03:21:36 -0500] "POST /kwsrmcab/Wsrmcab HTTP/1.1" 200 14506
201.245.192.253 - - [23/Jun/2022:03:22:36 -0500] "POST /kwsrmcab/Wsrmcab HTTP/1.1" 200 46766
172.22.2.4 - - [23/Jun/2022:03:25:27 -0500] "GET /BLA/boletinlegal/ HTTP/1.1" 200 45846
172.22.2.4 - - [23/Jun/2022:03:25:27 -0500] "GET /BLA/boletinlegal/ HTTP/1.1" 200 45846
216.245.221.92 - - [23/Jun/2022:03:27:12 -0500] "HEAD / HTTP/1.1" 200 -
172.22.2.4 - - [23/Jun/2022:03:28:26 -0500] "GET /BLA/boletinlegal/Directivas/2017/Directiva%20No.%2003%20del%2024%20de%20Febrero%20de%202017.pdf HTTP/1.1" 304 -
172.22.2.4 - - [23/Jun/2022:03:29:13 -0500] "HEAD /BLA/boletinlegal/ HTTP/1.1" 200 -
172.22.2.4 - - [23/Jun/2022:03:30:03 -0500] "GET /BLA/boletinlegal/ HTTP/1.1" 200 58464
216.245.221.92 - - [23/Jun/2022:03:32:12 -0500] "HEAD / HTTP/1.1" 200 -
201.245.192.253 - - [23/Jun/2022:03:31:36 -0500] "POST /kwsrmcab/Wsrmcab HTTP/1.1" 200 14506
201.245.192.253 - - [23/Jun/2022:03:32:36 -0500] "POST /kwsrmcab/Wsrmcab HTTP/1.1" 200 14506
66.249.65.13 - - [23/Jun/2022:03:35:13 -0500] "-" 408 -
172.22.2.4 - - [23/Jun/2022:03:35:03 -0500] "HEAD /BLA/boletinlegal/ HTTP/1.1" 200 -
216.245.221.92 - - [23/Jun/2022:03:37:12 -0500] "HEAD / HTTP/1.1" 200 -
172.22.2.4 - - [23/Jun/2022:03:35:53 -0500] "GET /BLA/boletinlegal/ HTTP/1.1" 200 58464
94.102.61.10 - - [23/Jun/2022:03:38:44 -0500] "GET / HTTP/1.1" 200 319
66.249.65.13 - - [23/Jun/2022:03:40:57 -0500] "-" 408 -
172.22.2.4 - - [23/Jun/2022:03:41:02 -0500] "GET /BLA/boletinlegal/.aws/credentials HTTP/1.1" 404 1018
216.245.221.92 - - [23/Jun/2022:03:42:12 -0500] "HEAD / HTTP/1.1" 200 -
172.22.2.4 - - [23/Jun/2022:03:40:53 -0500] "HEAD /BLA/boletinlegal/ HTTP/1.1" 200 -
201.245.192.253 - - [23/Jun/2022:03:41:37 -0500] "POST /kwsrmcab/Wsrmcab HTTP/1.1" 200 14506
172.22.2.4 - - [23/Jun/2022:03:41:43 -0500] "GET /BLA/boletinlegal/ HTTP/1.1" 200 61027
201.245.192.253 - - [23/Jun/2022:03:42:37 -0500] "POST /kwsrmcab/Wsrmcab HTTP/1.1" 200 14506
49.7.21.72 - - [23/Jun/2022:03:45:09 -0500] "-" 408 -
216.245.221.92 - - [23/Jun/2022:03:47:12 -0500] "HEAD / HTTP/1.1" 200 -
172.22.2.4 - - [23/Jun/2022:03:46:43 -0500] "HEAD /BLA/boletinlegal/ HTTP/1.1" 200 -
172.22.2.4 - - [23/Jun/2022:03:47:33 -0500] "GET /BLA/boletinlegal/ HTTP/1.1" 200 54266
216.245.221.92 - - [23/Jun/2022:03:52:12 -0500] "HEAD / HTTP/1.1" 200 -
172.22.2.4 - - [23/Jun/2022:03:52:33 -0500] "HEAD /BLA/boletinlegal/ HTTP/1.1" 200 -
172.22.2.4 - - [23/Jun/2022:03:54:54 -0500] "GET /BLA/boletinlegal/Directivas/2019/Directiva%20No.%200001%20del%2011%20de%20junio%20de%202019.pdf HTTP/1.1" 304 -
172.22.2.4 - - [23/Jun/2022:03:53:23 -0500] "GET /BLA/boletinlegal/ HTTP/1.1" 200 61027
216.245.221.92 - - [23/Jun/2022:03:57:12 -0500] "HEAD / HTTP/1.1" 200 -
172.22.2.4 - - [23/Jun/2022:03:58:23 -0500] "HEAD /BLA/boletinlegal/ HTTP/1.1" 200 -
172.22.2.4 - - [23/Jun/2022:03:59:13 -0500] "GET /BLA/boletinlegal/ HTTP/1.1" 200 61027
172.22.2.4 - - [23/Jun/2022:04:02:00 -0500] "GET /BLA/boletinlegal/Circulares/2018/Circular%20No.%2010%20del%2021%20de%20Septiembre%20de%202018.pdf HTTP/1.1" 304 -
216.245.221.92 - - [23/Jun/2022:04:02:12 -0500] "HEAD / HTTP/1.1" 200 -
172.22.2.4 - - [23/Jun/2022:04:04:13 -0500] "HEAD /BLA/boletinlegal/ HTTP/1.1" 200 -
162.142.125.212 - - [23/Jun/2022:04:06:32 -0500] "GET / HTTP/1.1" 200 319
162.142.125.212 - - [23/Jun/2022:04:06:33 -0500] "GET / HTTP/1.1" 200 319
162.142.125.212 - - [23/Jun/2022:04:06:33 -0500] "PRI * HTTP/2.0" 400 946
172.22.2.4 - - [23/Jun/2022:04:05:03 -0500] "GET /BLA/boletinlegal/ HTTP/1.1" 200 61027
216.245.221.92 - - [23/Jun/2022:04:07:12 -0500] "HEAD / HTTP/1.1" 200 -
49.7.21.72 - - [23/Jun/2022:04:10:06 -0500] "-" 408 -
172.22.2.4 - - [23/Jun/2022:04:10:03 -0500] "HEAD /BLA/boletinlegal/ HTTP/1.1" 200 -
216.245.221.92 - - [23/Jun/2022:04:12:12 -0500] "HEAD / HTTP/1.1" 200 -
172.22.2.4 - - [23/Jun/2022:04:10:53 -0500] "GET /BLA/boletinlegal/ HTTP/1.1" 200 58928
172.22.2.4 - - [23/Jun/2022:04:13:15 -0500] "GET /BLA/boletinlegal/index.php HTTP/1.1" 200 63473
216.245.221.92 - - [23/Jun/2022:04:17:12 -0500] "HEAD / HTTP/1.1" 200 -
172.22.2.4 - - [23/Jun/2022:04:15:53 -0500] "HEAD /BLA/boletinlegal/ HTTP/1.1" 200 -
172.22.2.4 - - [23/Jun/2022:04:16:43 -0500] "GET /BLA/boletinlegal/ HTTP/1.1" 200 58464
135.181.79.106 - - [23/Jun/2022:04:19:38 -0500] "GET /robots.txt HTTP/1.1" 404 1034
135.181.79.106 - - [23/Jun/2022:04:20:15 -0500] "GET /robots.txt HTTP/1.0" 404 1034
216.245.221.92 - - [23/Jun/2022:04:22:12 -0500] "HEAD / HTTP/1.1" 200 -
201.245.192.253 - - [23/Jun/2022:04:21:36 -0500] "POST /kwsrmcab/Wsrmcab HTTP/1.1" 200 14506
172.22.2.4 - - [23/Jun/2022:04:21:43 -0500] "HEAD /BLA/boletinlegal/ HTTP/1.1" 200 -
201.245.192.253 - - [23/Jun/2022:04:22:36 -0500] "POST /kwsrmcab/Wsrmcab HTTP/1.1" 200 21442
172.22.2.4 - - [23/Jun/2022:04:22:33 -0500] "GET /BLA/boletinlegal/ HTTP/1.1" 200 58464
216.245.221.92 - - [23/Jun/2022:04:27:12 -0500] "HEAD / HTTP/1.1" 200 -
52.188.161.95 - - [23/Jun/2022:04:27:37 -0500] "GET /portaldeninos/aire/ HTTP/1.1" 200 88416
172.22.2.4 - - [23/Jun/2022:04:27:33 -0500] "HEAD /BLA/boletinlegal/ HTTP/1.1" 200 -
172.22.2.4 - - [23/Jun/2022:04:28:23 -0500] "GET /BLA/boletinlegal/ HTTP/1.1" 200 57591
217.29.217.223 - - [23/Jun/2022:04:30:19 -0500] "GET / HTTP/1.1" 200 319
172.22.2.4 - - [23/Jun/2022:04:29:57 -0500] "GET /BLA/boletinlegal/ HTTP/1.1" 200 53195
172.22.2.4 - - [23/Jun/2022:04:31:03 -0500] "GET /BLA/boletinlegal/ HTTP/1.1" 200 24523
40.77.167.39 - - [23/Jun/2022:04:31:42 -0500] "GET /portaldeninos/aula-ambiental-artistica-itinerante-auambari/ HTTP/1.1" 200 89507
207.46.13.138 - - [23/Jun/2022:04:32:06 -0500] "GET / HTTP/1.1" 200 319
216.245.221.92 - - [23/Jun/2022:04:32:12 -0500] "HEAD / HTTP/1.1" 200 -
186.155.169.207 - - [23/Jun/2022:04:32:41 -0500] "GET /portaldeninos/ HTTP/1.1" 200 109662
20.232.154.183 - - [23/Jun/2022:04:32:43 -0500] "GET /portaldeninos/los-animales/ HTTP/1.1" 200 110314
172.22.2.4 - - [23/Jun/2022:04:32:44 -0500] "GET /BLA/boletinlegal/actos.php HTTP/1.1" 200 9559
201.245.192.253 - - [23/Jun/2022:04:31:36 -0500] "POST /kwsrmcab/Wsrmcab HTTP/1.1" 200 14506
186.155.169.207 - - [23/Jun/2022:04:33:21 -0500] "GET /secretaria-de-ambiente-se-unio-al-operativo-nacional-de-control-al-trafico-ilegal-de-maderas.html HTTP/1.1" 200 855
201.245.192.253 - - [23/Jun/2022:04:32:36 -0500] "POST /kwsrmcab/Wsrmcab HTTP/1.1" 200 14506
186.155.169.207 - - [23/Jun/2022:04:33:56 -0500] "GET /galeria/nivo-slider/demo/banner.html HTTP/1.1" 200 5446
186.155.169.207 - - [23/Jun/2022:04:33:58 -0500] "GET /galeria/nivo-slider/demo/banner.html HTTP/1.1" 200 5446
186.155.169.207 - - [23/Jun/2022:04:34:11 -0500] "GET /portaldeninos/aulas-ambientales/ HTTP/1.1" 200 88617
186.155.169.207 - - [23/Jun/2022:04:34:12 -0500] "GET /portaldeninos/parque-ecologico-distrital-humedal-santa-maria-del-lago/ HTTP/1.1" 200 90400
186.155.169.207 - - [23/Jun/2022:04:34:12 -0500] "GET /portaldeninos/aulas-ambientales-2/parque-ecologico-distrital-de-montana-entrenubes/ HTTP/1.1" 200 90607
186.155.169.207 - - [23/Jun/2022:04:34:13 -0500] "GET /portaldeninos/aulas-ambientales/aula-ambiental-sorotama/ HTTP/1.1" 200 89797
186.155.169.207 - - [23/Jun/2022:04:34:13 -0500] "GET /portaldeninos/parque-mirador-de-los-nevados/ HTTP/1.1" 200 90056
186.155.169.207 - - [23/Jun/2022:04:34:14 -0500] "GET /portaldeninos/aula-ambiental-artistica-itinerante-auambari/ HTTP/1.1" 200 89507
186.155.169.207 - - [23/Jun/2022:04:34:14 -0500] "GET /portaldeninos/relatos-urbanos-de-los-ecosistemas-bogotanos-2/ HTTP/1.1" 200 88575
186.155.169.207 - - [23/Jun/2022:04:34:15 -0500] "GET /portaldeninos/los-animales/ HTTP/1.1" 200 110314
172.22.2.4 - - [23/Jun/2022:04:34:16 -0500] "GET /BLA/boletinlegal/jurisprudencia/analisis/AnalisisT-606-15.docx HTTP/1.1" 304 -
186.155.169.207 - - [23/Jun/2022:04:34:15 -0500] "GET /portaldeninos/los-arboles/ HTTP/1.1" 200 87747
186.155.169.207 - - [23/Jun/2022:04:34:16 -0500] "GET /portaldeninos/los-arboles/tips/ HTTP/1.1" 200 87878
186.155.169.207 - - [23/Jun/2022:04:34:17 -0500] "GET /portaldeninos/tipos-de-arboles-en-bogota/ HTTP/1.1" 200 110003
186.155.169.207 - - [23/Jun/2022:04:34:17 -0500] "GET /portaldeninos/fauna/ HTTP/1.1" 200 88630
186.155.169.207 - - [23/Jun/2022:04:34:17 -0500] "GET /portaldeninos/aire/ HTTP/1.1" 200 88416
186.155.169.207 - - [23/Jun/2022:04:34:18 -0500] "GET /portaldeninos/ruido/ HTTP/1.1" 200 88695
186.155.169.207 - - [23/Jun/2022:04:34:18 -0500] "GET /portaldeninos/publicidad/ HTTP/1.1" 200 87770
186.155.169.207 - - [23/Jun/2022:04:34:19 -0500] "GET /portaldeninos/glosario/ HTTP/1.1" 200 97399
186.155.169.207 - - [23/Jun/2022:04:34:20 -0500] "GET /portaldeninos/corresponsal-ambiental/ HTTP/1.1" 200 93969
186.155.169.207 - - [23/Jun/2022:04:34:20 -0500] "GET /portaldeninos/humedales-ramsar/ HTTP/1.1" 200 89456
186.155.169.207 - - [23/Jun/2022:04:34:20 -0500] "GET /portaldeninos/humedal-tibanica-2/ HTTP/1.1" 200 87972
186.155.169.207 - - [23/Jun/2022:04:34:21 -0500] "GET /portaldeninos/humedal-torca-y-guaymaral-2/ HTTP/1.1" 200 88287
186.155.169.207 - - [23/Jun/2022:04:34:21 -0500] "GET /portaldeninos/humedal-santa-maria-del-lago/ HTTP/1.1" 200 89189
186.155.169.207 - - [23/Jun/2022:04:34:22 -0500] "GET /portaldeninos/humedal-la-vaca-2/ HTTP/1.1" 200 88038
186.155.169.207 - - [23/Jun/2022:04:34:31 -0500] "GET /portaldeninos/humedal-la-conejera-2/ HTTP/1.1" 200 88221
186.155.169.207 - - [23/Jun/2022:04:34:31 -0500] "GET /portaldeninos/humedal-juan-amarillo-2/ HTTP/1.1" 200 88356
186.155.169.207 - - [23/Jun/2022:04:34:32 -0500] "GET /portaldeninos/humedal-jaboque-2/ HTTP/1.1" 200 88047
186.155.169.207 - - [23/Jun/2022:04:34:32 -0500] "GET /portaldeninos/humedal-el-tunjo/ HTTP/1.1" 200 87862
186.155.169.207 - - [23/Jun/2022:04:34:33 -0500] "GET /portaldeninos/humedal-el-burro-2/ HTTP/1.1" 200 88127
186.155.169.207 - - [23/Jun/2022:04:34:33 -0500] "GET /portaldeninos/humedal-capellania-2/ HTTP/1.1" 200 88150
186.155.169.207 - - [23/Jun/2022:04:34:33 -0500] "GET /portaldeninos/humedal-cordoba-2/ HTTP/1.1" 200 88242
186.155.169.207 - - [23/Jun/2022:04:34:34 -0500] "GET /portaldeninos/contactanos/ HTTP/1.1" 200 88336
186.155.169.207 - - [23/Jun/2022:04:34:35 -0500] "GET /portaldeninos/gestion-del-riesgo-incendios-forestales HTTP/1.1" 301 -
186.155.169.207 - - [23/Jun/2022:04:34:35 -0500] "GET /portaldeninos/gestion-del-riesgo-incendios-forestales/ HTTP/1.1" 200 87026
186.155.169.207 - - [23/Jun/2022:04:34:36 -0500] "GET /portaldeninos/agua-y-estructura-ecologica-principal HTTP/1.1" 301 -
186.155.169.207 - - [23/Jun/2022:04:34:36 -0500] "GET /portaldeninos/agua-y-estructura-ecologica-principal/ HTTP/1.1" 200 87689
186.155.169.207 - - [23/Jun/2022:04:34:36 -0500] "GET /portaldeninos/biodiversidad HTTP/1.1" 301 -
186.155.169.207 - - [23/Jun/2022:04:34:37 -0500] "GET /portaldeninos/biodiversidad/ HTTP/1.1" 200 86834
186.155.169.207 - - [23/Jun/2022:04:34:37 -0500] "GET /portaldeninos/que-es-cambio-climatico HTTP/1.1" 301 -
186.155.169.207 - - [23/Jun/2022:04:34:38 -0500] "GET /portaldeninos/que-es-cambio-climatico/ HTTP/1.1" 200 86928
186.155.169.207 - - [23/Jun/2022:04:34:38 -0500] "GET /portaldeninos/residuos HTTP/1.1" 301 -
186.155.169.207 - - [23/Jun/2022:04:34:38 -0500] "GET /portaldeninos/residuos/ HTTP/1.1" 200 87644
172.22.2.4 - - [23/Jun/2022:04:33:23 -0500] "HEAD /BLA/boletinlegal/ HTTP/1.1" 200 -
172.22.2.4 - - [23/Jun/2022:04:34:13 -0500] "GET /BLA/boletinlegal/ HTTP/1.1" 200 57966
172.22.2.4 - - [23/Jun/2022:04:37:04 -0500] "GET /BLA/boletinlegal/Circulares/2020/Circular%2000010%20del%2027%20de%20julio%20de%202020.pdf HTTP/1.1" 304 -
216.245.221.92 - - [23/Jun/2022:04:37:12 -0500] "HEAD / HTTP/1.1" 200 -
