172.22.2.4 - - [23/Jun/2022:04:35:51 -0500] "GET /BLA/boletinlegal/index.php HTTP/1.1" 200 57291
172.22.2.4 - - [23/Jun/2022:04:37:29 -0500] "GET /BLA/boletinlegal/normativa.php HTTP/1.1" 200 8326
172.22.2.4 - - [23/Jun/2022:04:37:29 -0500] "GET /BLA/boletinlegal/norma_menu.php HTTP/1.1" 200 6318
172.22.2.4 - - [23/Jun/2022:04:37:29 -0500] "GET /BLA/boletinlegal/doctrina.php HTTP/1.1" 200 5604
172.22.2.4 - - [23/Jun/2022:04:37:29 -0500] "GET /BLA/boletinlegal/jurisprudencia.php HTTP/1.1" 200 17573
172.22.2.4 - - [23/Jun/2022:04:37:29 -0500] "GET /BLA/boletinlegal/jurisprudencia/analisis/null HTTP/1.1" 404 1038
172.22.2.4 - - [23/Jun/2022:04:37:30 -0500] "GET /BLA/boletinlegal/jurisprudencia/analisis/AnalisisT-146-16.docx HTTP/1.1" 200 23021
172.22.2.4 - - [23/Jun/2022:04:37:30 -0500] "GET /BLA/boletinlegal/jurisprudencia/analisis/AnalisisT-095-16.docx HTTP/1.1" 200 20284
172.22.2.4 - - [23/Jun/2022:04:37:30 -0500] "GET /BLA/boletinlegal/jurisprudencia/analisis/AnalisisC-035-16.docx HTTP/1.1" 200 25011
172.22.2.4 - - [23/Jun/2022:04:37:30 -0500] "GET /BLA/boletinlegal/jurisprudencia/analisis/AnalisisT-606-15.docx HTTP/1.1" 200 26698
172.22.2.4 - - [23/Jun/2022:04:37:30 -0500] "GET /BLA/boletinlegal/jurisprudencia/analisis/ANALISIST-672-14.docx HTTP/1.1" 200 22530
172.22.2.4 - - [23/Jun/2022:04:37:30 -0500] "GET /BLA/boletinlegal/jurisprudencia/analisis/AnalisisT-693-12.docx HTTP/1.1" 200 25737
172.22.2.4 - - [23/Jun/2022:04:37:30 -0500] "GET /BLA/boletinlegal/jurisprudencia/analisis/AnalisisC-746-12.docx HTTP/1.1" 200 22637
172.22.2.4 - - [23/Jun/2022:04:37:30 -0500] "GET /BLA/boletinlegal/jurisprudencia/analisis/AnalisisC-273-11.docx HTTP/1.1" 200 22036
172.22.2.4 - - [23/Jun/2022:04:37:30 -0500] "GET /BLA/boletinlegal/jurisprudencia/analisis/SENTENCIA%20C-703%20DE%202010.xls HTTP/1.1" 200 38912
172.22.2.4 - - [23/Jun/2022:04:37:30 -0500] "GET /BLA/boletinlegal/jurisprudencia/analisis/ANALISIST-046-99.docx HTTP/1.1" 200 20918
172.22.2.4 - - [23/Jun/2022:04:37:30 -0500] "GET /BLA/boletinlegal/jurisprudencia/analisis/ANALISIST-257-96.docx HTTP/1.1" 200 19486
172.22.2.4 - - [23/Jun/2022:04:37:30 -0500] "GET /BLA/boletinlegal/conceptos.php HTTP/1.1" 200 7443
172.22.2.4 - - [23/Jun/2022:04:37:30 -0500] "GET /BLA/boletinlegal/sugerencias.php HTTP/1.1" 200 8615
172.22.2.4 - - [23/Jun/2022:04:39:13 -0500] "HEAD /BLA/boletinlegal/ HTTP/1.1" 200 -
172.22.2.4 - - [23/Jun/2022:04:40:03 -0500] "GET /BLA/boletinlegal/ HTTP/1.1" 200 58464
216.245.221.92 - - [23/Jun/2022:04:42:12 -0500] "HEAD / HTTP/1.1" 200 -
173.252.107.17 - - [23/Jun/2022:04:42:35 -0500] "GET /bogota-ya-cuenta-mas-de-70-negocios-verdes-verificados.html HTTP/1.1" 206 992
201.245.192.253 - - [23/Jun/2022:04:41:36 -0500] "POST /kwsrmcab/Wsrmcab HTTP/1.1" 200 14506
186.155.169.207 - - [23/Jun/2022:04:43:44 -0500] "GET /galeria/nivo-slider/demo/banner.html HTTP/1.1" 200 5446
186.155.169.207 - - [23/Jun/2022:04:43:58 -0500] "GET /videos/galeria-cronicas/1V3wnplaylist.htm? HTTP/1.1" 200 4013
201.245.192.253 - - [23/Jun/2022:04:42:36 -0500] "POST /kwsrmcab/Wsrmcab HTTP/1.1" 200 14506
186.155.169.207 - - [23/Jun/2022:04:44:51 -0500] "GET /galeria/nivo-slider/demo/banner.html HTTP/1.1" 200 5446
186.155.169.207 - - [23/Jun/2022:04:46:04 -0500] "GET /portaldeninos/wp-content/uploads/2019/08/Incendios-forestales-ajustada.gif HTTP/1.1" 200 764832
186.155.169.207 - - [23/Jun/2022:04:46:04 -0500] "GET /portaldeninos/wp-content/uploads/2020/01/Fauna-gif.gif HTTP/1.1" 200 3779027
186.155.169.207 - - [23/Jun/2022:04:46:08 -0500] "GET /portaldeninos/wp-content/uploads/2020/01/Infograf%C3%ADa.gif HTTP/1.1" 200 965626
172.22.2.4 - - [23/Jun/2022:04:46:25 -0500] "GET /BLA/boletinlegal/jurisprudencia.php HTTP/1.1" 200 17573
49.7.21.72 - - [23/Jun/2022:04:46:28 -0500] "-" 408 -
172.22.2.4 - - [23/Jun/2022:04:45:03 -0500] "HEAD /BLA/boletinlegal/ HTTP/1.1" 200 -
216.245.221.92 - - [23/Jun/2022:04:47:11 -0500] "HEAD / HTTP/1.1" 200 -
172.22.2.4 - - [23/Jun/2022:04:45:53 -0500] "GET /BLA/boletinlegal/ HTTP/1.1" 200 61027
52.255.193.42 - - [23/Jun/2022:04:48:07 -0500] "GET /portaldeninos/parque-ecologico-distrital-humedal-santa-maria-del-lago/ HTTP/1.1" 200 90400
216.245.221.92 - - [23/Jun/2022:04:52:12 -0500] "HEAD / HTTP/1.1" 200 -
172.22.2.4 - - [23/Jun/2022:04:50:53 -0500] "HEAD /BLA/boletinlegal/ HTTP/1.1" 200 -
172.22.2.4 - - [23/Jun/2022:04:51:43 -0500] "GET /BLA/boletinlegal/ HTTP/1.1" 200 58464
172.22.2.4 - - [23/Jun/2022:04:53:35 -0500] "GET /BLA/boletinlegal/Directivas/2009/Directiva%20No.%20del%2023%20de%20Diciembre%20de%202009.pdf HTTP/1.1" 304 -
52.188.120.87 - - [23/Jun/2022:04:53:39 -0500] "GET /portaldeninos/los-arboles/tips/ HTTP/1.1" 200 87878
172.22.2.4 - - [23/Jun/2022:04:57:00 -0500] "GET /BLA/boletinlegal/Directivas/2011/Directiva%20No.%208%20del%2020%20de%20Septiembre%20de%202011.pdf HTTP/1.1" 304 -
216.245.221.92 - - [23/Jun/2022:04:57:11 -0500] "HEAD / HTTP/1.1" 200 -
172.22.2.4 - - [23/Jun/2022:04:56:43 -0500] "HEAD /BLA/boletinlegal/ HTTP/1.1" 200 -
40.77.167.39 - - [23/Jun/2022:04:59:05 -0500] "GET /portaldeninos/2021/06/01/secretaria-de-ambiente-invita-a-ciudadania-a-participar-en-concurso-de-relatos-sobre-ecosistemas-bogotanos/ HTTP/1.1" 200 105910
172.22.2.4 - - [23/Jun/2022:04:57:33 -0500] "GET /BLA/boletinlegal/ HTTP/1.1" 200 61027
207.46.13.134 - - [23/Jun/2022:04:59:18 -0500] "GET /portaldeninos/wp-content/plugins/gallery-videos/JS/Total-Soft-Gallery-Video-Widget.js?ver=4.9.8 HTTP/1.1" 200 80264
157.55.39.133 - - [23/Jun/2022:04:59:19 -0500] "GET /portaldeninos/wp-content/themes/betheme/js/menu.js?ver=20.9.6 HTTP/1.1" 200 2449
40.77.167.24 - - [23/Jun/2022:04:59:20 -0500] "GET /portaldeninos/wp-content/plugins/gallery-videos/CSS/totalsoft.css?ver=4.9.8 HTTP/1.1" 200 40622
207.46.13.134 - - [23/Jun/2022:04:59:20 -0500] "GET /portaldeninos/wp-content/themes/betheme/assets/animations/animations.min.css?ver=20.9.6 HTTP/1.1" 200 58508
157.55.39.133 - - [23/Jun/2022:04:59:21 -0500] "GET /portaldeninos/wp-includes/js/jquery/ui/mouse.min.js?ver=1.11.4 HTTP/1.1" 200 3148
40.77.167.24 - - [23/Jun/2022:04:59:22 -0500] "GET /portaldeninos/wp-content/themes/betheme/assets/ui/jquery.ui.all.css?ver=20.9.6 HTTP/1.1" 200 18765
207.46.13.134 - - [23/Jun/2022:04:59:23 -0500] "GET /portaldeninos/wp-includes/js/jquery/ui/accordion.min.js?ver=1.11.4 HTTP/1.1" 200 8584
207.46.13.184 - - [23/Jun/2022:04:59:23 -0500] "GET /portaldeninos/wp-content/plugins/gallery-videos/CSS/Total-Soft-Gallery-Video-Widget.css?ver=4.9.8 HTTP/1.1" 200 51554
157.55.39.133 - - [23/Jun/2022:04:59:24 -0500] "GET /portaldeninos/wp-includes/js/jquery/ui/tabs.min.js?ver=1.11.4 HTTP/1.1" 200 12110
207.46.13.184 - - [23/Jun/2022:04:59:25 -0500] "GET /portaldeninos/wp-content/plugins/gallery-videos/JS/modernizr.custom.js?ver=4.9.8 HTTP/1.1" 200 9019
40.77.167.24 - - [23/Jun/2022:04:59:25 -0500] "GET /portaldeninos/wp-content/themes/betheme/css/layout.css?ver=20.9.6 HTTP/1.1" 200 116639
207.46.13.134 - - [23/Jun/2022:04:59:26 -0500] "GET /portaldeninos/wp-includes/js/wp-embed.min.js?ver=4.9.8 HTTP/1.1" 200 1398
157.55.39.133 - - [23/Jun/2022:04:59:27 -0500] "GET /portaldeninos/wp-includes/js/jquery/ui/widget.min.js?ver=1.11.4 HTTP/1.1" 200 6908
207.46.13.184 - - [23/Jun/2022:04:59:28 -0500] "GET /portaldeninos/wp-content/themes/betheme/assets/jplayer/css/jplayer.blue.monday.css?ver=20.9.6 HTTP/1.1" 200 9834
40.77.167.24 - - [23/Jun/2022:04:59:28 -0500] "GET /portaldeninos/wp-content/themes/betheme/js/scripts.js?ver=20.9.6 HTTP/1.1" 200 77162
207.46.13.45 - - [23/Jun/2022:04:59:29 -0500] "GET /portaldeninos/wp-content/themes/betheme/assets/jplayer/jplayer.min.js?ver=20.9.6 HTTP/1.1" 200 52702
207.46.13.184 - - [23/Jun/2022:04:59:31 -0500] "GET /portaldeninos/wp-content/themes/betheme/css/base.css?ver=20.9.6 HTTP/1.1" 200 57283
40.77.167.24 - - [23/Jun/2022:04:59:31 -0500] "GET /portaldeninos/wp-content/uploads/useanyfont/uaf.css?ver=1589905315 HTTP/1.1" 200 408
207.46.13.45 - - [23/Jun/2022:04:59:32 -0500] "GET /portaldeninos/wp-content/themes/betheme/js/plugins.js?ver=20.9.6 HTTP/1.1" 200 197151
207.46.13.184 - - [23/Jun/2022:04:59:34 -0500] "GET /portaldeninos/wp-content/themes/betheme/css/responsive.css?ver=20.9.6 HTTP/1.1" 200 55740
40.77.167.24 - - [23/Jun/2022:04:59:34 -0500] "GET /portaldeninos/wp-includes/js/jquery/jquery.js?ver=1.12.4 HTTP/1.1" 200 97184
40.77.167.39 - - [23/Jun/2022:04:59:35 -0500] "GET /portaldeninos/wp-content/themes/betheme/assets/animations/animations.min.js?ver=20.9.6 HTTP/1.1" 200 1896
207.46.13.45 - - [23/Jun/2022:04:59:36 -0500] "GET /portaldeninos/wp-includes/js/jquery/ui/sortable.min.js?ver=1.11.4 HTTP/1.1" 200 24899
207.46.13.184 - - [23/Jun/2022:04:59:37 -0500] "GET /portaldeninos/wp-includes/js/comment-reply.min.js?ver=4.9.8 HTTP/1.1" 200 1078
40.77.167.39 - - [23/Jun/2022:04:59:38 -0500] "GET /portaldeninos/wp-content/themes/betheme/css/shortcodes.css?ver=20.9.6 HTTP/1.1" 200 138889
207.46.13.45 - - [23/Jun/2022:04:59:38 -0500] "GET /portaldeninos/wp-includes/js/wp-emoji-release.min.js?ver=4.9.8 HTTP/1.1" 200 12026
207.46.13.184 - - [23/Jun/2022:04:59:40 -0500] "GET /portaldeninos/wp-includes/js/jquery/jquery-migrate.min.js?ver=1.4.1 HTTP/1.1" 200 10056
40.77.167.39 - - [23/Jun/2022:04:59:41 -0500] "GET /portaldeninos/wp-content/themes/betheme/style.css?ver=20.9.6 HTTP/1.1" 200 287
172.22.2.4 - - [23/Jun/2022:05:02:05 -0500] "GET /BLA/boletinlegal/Directivas/2011/Directiva%20No.%203%20del%2027%20de%20Mayo%20de%202011.pdf HTTP/1.1" 304 -
216.245.221.92 - - [23/Jun/2022:05:02:11 -0500] "HEAD / HTTP/1.1" 200 -
172.22.2.4 - - [23/Jun/2022:05:02:33 -0500] "HEAD /BLA/boletinlegal/ HTTP/1.1" 200 -
172.22.2.4 - - [23/Jun/2022:05:03:23 -0500] "GET /BLA/boletinlegal/ HTTP/1.1" 200 61027
186.155.169.207 - - [23/Jun/2022:05:05:41 -0500] "GET /galeria/nivo-slider/demo/banner.html HTTP/1.1" 200 5446
186.155.169.207 - - [23/Jun/2022:05:05:51 -0500] "GET /transparencia/financiera/Ejecucion%20Presupuestal/? HTTP/1.1" 200 59344
186.155.169.207 - - [23/Jun/2022:05:06:20 -0500] "GET /autoliquidacion2020 HTTP/1.1" 301 250
186.155.169.207 - - [23/Jun/2022:05:06:20 -0500] "GET /autoliquidacion2020/ HTTP/1.1" 200 6146
186.155.169.207 - - [23/Jun/2022:05:06:21 -0500] "GET /autoliquidacion2020 HTTP/1.1" 301 250
186.155.169.207 - - [23/Jun/2022:05:06:21 -0500] "GET /autoliquidacion2020/ HTTP/1.1" 200 6146
186.155.169.207 - - [23/Jun/2022:05:06:22 -0500] "GET /autoliquidacion2020 HTTP/1.1" 301 250
186.155.169.207 - - [23/Jun/2022:05:06:22 -0500] "GET /autoliquidacion2020/ HTTP/1.1" 200 6146
172.22.2.4 - - [23/Jun/2022:05:07:00 -0500] "GET /BLA/boletinlegal/Circulares/2022/CIRCULAR%20No.%2000004%20DEL%2019%20DE%20MAYO%20DEL%202022.pdf HTTP/1.1" 304 -
216.245.221.92 - - [23/Jun/2022:05:07:11 -0500] "HEAD / HTTP/1.1" 200 -
186.155.169.207 - - [23/Jun/2022:05:07:48 -0500] "GET /galeria/mapa/humedal.html? HTTP/1.1" 200 13190
186.155.169.207 - - [23/Jun/2022:05:07:57 -0500] "GET /galeria/nivo-slider/demo/banner.html HTTP/1.1" 200 5446
186.155.169.207 - - [23/Jun/2022:05:08:00 -0500] "GET /svr-ciudadano/? HTTP/1.1" 200 138606
186.155.169.207 - - [23/Jun/2022:05:08:01 -0500] "GET /BLA/boletinlegal/disciplinarios.php? HTTP/1.1" 200 2069
186.155.169.207 - - [23/Jun/2022:05:08:01 -0500] "GET /pdc/? HTTP/1.1" 200 27786
186.155.169.207 - - [23/Jun/2022:05:08:03 -0500] "GET /svr-ciudadano/? HTTP/1.1" 200 138606
186.155.169.207 - - [23/Jun/2022:05:08:03 -0500] "GET /BLA/boletinlegal/disciplinarios.php? HTTP/1.1" 200 2069
35.204.37.54 - - [23/Jun/2022:05:09:19 -0500] "GET / HTTP/1.1" 200 319
186.155.169.207 - - [23/Jun/2022:05:09:23 -0500] "GET /calculadora/? HTTP/1.1" 200 5879
172.22.2.4 - - [23/Jun/2022:05:08:23 -0500] "HEAD /BLA/boletinlegal/ HTTP/1.1" 200 -
186.155.169.207 - - [23/Jun/2022:05:10:36 -0500] "GET /galeria/nivo-slider/demo/banner.html HTTP/1.1" 200 5446
172.22.2.4 - - [23/Jun/2022:05:09:13 -0500] "GET /BLA/boletinlegal/ HTTP/1.1" 200 56799
216.245.221.92 - - [23/Jun/2022:05:12:11 -0500] "HEAD / HTTP/1.1" 200 -
186.155.169.207 - - [23/Jun/2022:05:12:22 -0500] "GET /siipev/Diseno%20de%20Elementos%20de%20Mobiliario%20Urbano/Acciones%20Populares/AccionesPopulares.html? HTTP/1.1" 200 18301
186.155.169.207 - - [23/Jun/2022:05:12:36 -0500] "GET /transparencia/financiera/General%20Asignado/? HTTP/1.1" 404 1224
186.155.169.207 - - [23/Jun/2022:05:12:36 -0500] "GET /transparencia/financiera/Desagregado%20con%20modificaciones/? HTTP/1.1" 200 42437
186.155.169.207 - - [23/Jun/2022:05:12:38 -0500] "GET /autoliquidacion2020 HTTP/1.1" 301 250
186.155.169.207 - - [23/Jun/2022:05:12:38 -0500] "GET /autoliquidacion2020/ HTTP/1.1" 200 6146
186.155.169.207 - - [23/Jun/2022:05:12:56 -0500] "GET /galeria/nivo-slider/demo/banner.html HTTP/1.1" 200 5446
186.155.169.207 - - [23/Jun/2022:05:12:59 -0500] "GET /transparencia/financiera/Ejecucion%20Presupuestal/? HTTP/1.1" 200 59344
186.155.169.207 - - [23/Jun/2022:05:13:13 -0500] "GET /svr-ciudadano/? HTTP/1.1" 200 138606
186.155.169.207 - - [23/Jun/2022:05:13:13 -0500] "GET /BLA/boletinlegal/disciplinarios.php? HTTP/1.1" 200 2069
186.155.169.207 - - [23/Jun/2022:05:13:13 -0500] "GET /pdc/? HTTP/1.1" 200 27786
40.77.190.138 - - [23/Jun/2022:05:15:16 -0500] "GET /portaldeninos/wp-includes/js/jquery/ui/core.min.js?ver=1.11.4 HTTP/1.1" 200 4000
40.77.190.138 - - [23/Jun/2022:05:15:16 -0500] "GET /portaldeninos/wp-content/themes/betheme/fonts/mfn-icons.woff?93978679 HTTP/1.1" 200 80932
172.22.2.4 - - [23/Jun/2022:05:14:13 -0500] "HEAD /BLA/boletinlegal/ HTTP/1.1" 200 -
172.22.2.4 - - [23/Jun/2022:05:15:03 -0500] "GET /BLA/boletinlegal/ HTTP/1.1" 200 60610
216.245.221.92 - - [23/Jun/2022:05:17:11 -0500] "HEAD / HTTP/1.1" 200 -
172.22.2.4 - - [23/Jun/2022:05:17:49 -0500] "GET /BLA/boletinlegal/doctrina.php HTTP/1.1" 200 5604
172.22.2.4 - - [23/Jun/2022:05:19:16 -0500] "GET /BLA/boletinlegal/Circulares/2013/Circular%20No.%202%20del%2022%20de%20enero%20de%202013.pdf HTTP/1.1" 304 -
172.22.2.4 - - [23/Jun/2022:05:20:03 -0500] "HEAD /BLA/boletinlegal/ HTTP/1.1" 200 -
216.245.221.92 - - [23/Jun/2022:05:22:11 -0500] "HEAD / HTTP/1.1" 200 -
172.22.2.4 - - [23/Jun/2022:05:20:53 -0500] "GET /BLA/boletinlegal/ HTTP/1.1" 200 61027
173.252.127.10 - - [23/Jun/2022:05:22:44 -0500] "GET /images/la-vieja-mayo-24.jpg HTTP/1.1" 200 58217
201.245.192.253 - - [23/Jun/2022:05:21:36 -0500] "POST /kwsrmcab/Wsrmcab HTTP/1.1" 200 14506
201.245.192.253 - - [23/Jun/2022:05:22:36 -0500] "POST /kwsrmcab/Wsrmcab HTTP/1.1" 200 14506
186.155.169.207 - - [23/Jun/2022:05:26:43 -0500] "GET /galeria/nivo-slider/demo/banner.html HTTP/1.1" 200 5446
216.245.221.92 - - [23/Jun/2022:05:27:11 -0500] "HEAD / HTTP/1.1" 200 -
186.155.169.207 - - [23/Jun/2022:05:27:28 -0500] "GET /galeria/nivo-slider/demo/convocatorias.html? HTTP/1.1" 200 3464
186.155.169.207 - - [23/Jun/2022:05:27:28 -0500] "GET /BLA/boletinlegal/notificaciones.php HTTP/1.1" 200 27748
186.155.169.207 - - [23/Jun/2022:05:27:29 -0500] "GET /transparencia/General%20Asignado/? HTTP/1.1" 200 43125
186.155.169.207 - - [23/Jun/2022:05:27:29 -0500] "GET /transparencia/financiera/? HTTP/1.1" 200 68812
172.22.2.4 - - [23/Jun/2022:05:25:52 -0500] "HEAD /BLA/boletinlegal/ HTTP/1.1" 200 -
52.188.120.87 - - [23/Jun/2022:05:27:43 -0500] "GET /portaldeninos/parque-mirador-de-los-nevados/ HTTP/1.1" 200 90056
186.155.169.207 - - [23/Jun/2022:05:27:56 -0500] "GET /videos/galeria-cronicas/1V3wnplaylist.htm? HTTP/1.1" 200 4013
186.155.169.207 - - [23/Jun/2022:05:27:56 -0500] "GET /videos/galeria-cronicas/1V3wnplaylist.htm? HTTP/1.1" 200 4013
172.22.2.4 - - [23/Jun/2022:05:26:43 -0500] "GET /BLA/boletinlegal/ HTTP/1.1" 200 61027
186.155.169.207 - - [23/Jun/2022:05:28:31 -0500] "GET /requerimientos/consulta.php HTTP/1.1" 200 2031340
172.22.2.4 - - [23/Jun/2022:05:29:55 -0500] "GET /BLA/boletinlegal/docs/manual/posconsumo/ HTTP/1.1" 404 1037
157.55.39.49 - - [23/Jun/2022:05:30:11 -0500] "GET /gracias-al-compromiso-de-la-ciudadan%C3%83%C2%ADa-la-academia-las-industrias-y-el-distrito-el-2021-fue-el-a%C3%83%C2%B1o-de-la-calidad-del-aire.html HTTP/1.1" 200 1115
216.245.221.92 - - [23/Jun/2022:05:32:11 -0500] "HEAD / HTTP/1.1" 200 -
201.245.192.253 - - [23/Jun/2022:05:31:36 -0500] "POST /kwsrmcab/Wsrmcab HTTP/1.1" 200 14506
172.22.2.4 - - [23/Jun/2022:05:31:43 -0500] "HEAD /BLA/boletinlegal/ HTTP/1.1" 200 -
201.245.192.253 - - [23/Jun/2022:05:32:36 -0500] "POST /kwsrmcab/Wsrmcab HTTP/1.1" 200 14506
172.22.2.4 - - [23/Jun/2022:05:32:33 -0500] "GET /BLA/boletinlegal/ HTTP/1.1" 200 60610
172.22.2.4 - - [23/Jun/2022:05:37:00 -0500] "GET /BLA/boletinlegal/Circulares/2019/Circular%20No.%200015%20del%2003%20de%20Octubre%20de%202019.pdf HTTP/1.1" 304 -
216.245.221.92 - - [23/Jun/2022:05:37:11 -0500] "HEAD / HTTP/1.1" 200 -
172.22.2.4 - - [23/Jun/2022:05:37:32 -0500] "HEAD /BLA/boletinlegal/ HTTP/1.1" 200 -
172.22.2.4 - - [23/Jun/2022:05:38:23 -0500] "GET /BLA/boletinlegal/ HTTP/1.1" 200 61027
52.188.161.92 - - [23/Jun/2022:05:41:05 -0500] "GET /portaldeninos/contactanos/ HTTP/1.1" 200 88336
216.245.221.92 - - [23/Jun/2022:05:42:11 -0500] "HEAD / HTTP/1.1" 200 -
201.245.192.253 - - [23/Jun/2022:05:41:36 -0500] "POST /kwsrmcab/Wsrmcab HTTP/1.1" 200 14506
201.245.192.253 - - [23/Jun/2022:05:42:36 -0500] "POST /kwsrmcab/Wsrmcab HTTP/1.1" 200 14506
172.22.2.4 - - [23/Jun/2022:05:43:22 -0500] "HEAD /BLA/boletinlegal/ HTTP/1.1" 200 -
207.46.13.8 - - [23/Jun/2022:05:45:10 -0500] "GET /BLA/resoluciones/index.php?dir=RESOLUCIONES+CONJUNTAS%2F HTTP/1.1" 200 4762
45.61.188.95 - - [23/Jun/2022:05:45:12 -0500] "GET / HTTP/1.1" 200 319
172.22.2.4 - - [23/Jun/2022:05:44:13 -0500] "GET /BLA/boletinlegal/ HTTP/1.1" 200 58464
172.22.2.4 - - [23/Jun/2022:05:46:28 -0500] "GET /BLA/boletinlegal/robots.txt HTTP/1.1" 404 1140
186.102.19.57 - - [23/Jun/2022:05:47:11 -0500] "GET /kwssiamovil/sm/ldap/au?x=U2FsdGVkX19FT1daJWrWwNZE9pt+ZHUKFj4Kt/eKgeCJIDfDMCHuzZMPV1ld5y0j&y=U2FsdGVkX1+1+RaWm6pKHCc1rZGBsVRWESKN/o/vMIAQ27Jh5dXGOSrhElYYa3oc HTTP/1.1" 200 31
216.245.221.92 - - [23/Jun/2022:05:47:11 -0500] "HEAD / HTTP/1.1" 200 -
186.102.19.57 - - [23/Jun/2022:05:47:15 -0500] "GET /kwssiamovil/sm/ldap/au?x=U2FsdGVkX18V2PeVnIGS49tLDKsVfjeYPJCllVod/xdE6mIaGaixByjGuMuWBSFn&y=U2FsdGVkX1+703CDjCBK+DynJY+PPmS3WdNO1QbYZv51Y1fymLuYSmvdWq9bmzCX HTTP/1.1" 200 31
52.188.161.95 - - [23/Jun/2022:05:48:28 -0500] "GET /portaldeninos/ruido/ HTTP/1.1" 200 88695
52.188.163.76 - - [23/Jun/2022:05:48:31 -0500] "GET /portaldeninos/publicidad/ HTTP/1.1" 200 87770
186.102.19.57 - - [23/Jun/2022:05:48:32 -0500] "GET /kwssiamovil/sm/ldap/au?x=U2FsdGVkX1/eSOF50q3a0bUctwPkACScP8Flk46WLqcjcOBvLDPTGlwtLLve86fA&y=U2FsdGVkX19y05CH8el/PVX8GNKz9kj1XsIANouf68if2XjSRUyci2rLGSNIoASD HTTP/1.1" 200 30
186.102.19.57 - - [23/Jun/2022:05:48:33 -0500] "GET /kwssiamovil/sm/acme/s?s=U2FsdGVkX19mdSTiP9RD7uiGnWfVNUMzV8jpyIIh3dgngtjEwshvqwrdARHRCXWRpP4B71cAyMBGvNy5ypFa1lxnyqlIFj0YKkE8wsdsm44=&u=U2FsdGVkX1+QLA1vWxX4Y/qlzvex3o9+zkUoFj96kk4=&y=U2FsdGVkX19y05CH8el/PVX8GNKz9kj1XsIANouf68if2XjSRUyci2rLGSNIoASD HTTP/1.1" 200 97
186.102.19.57 - - [23/Jun/2022:05:48:33 -0500] "GET /kwssiamovil/sm/acme/s?s=U2FsdGVkX1/AInGci2R1Gm7nOFhafZHNeeHypw3SDyrNdh3ywfJ8xgspksIq1Qv3ex8Eze0jEA/DzBbbK1t5u/jQO/ScAuqiGMArxyJX/NHG0iY6aH1G1zUYp7ySwazc1qaOMEOZHhbaH8geEJutSjzUTXoAOvVIkQGt3BQSgl5l0ThViplZSp3Y1j59wunKaFie7Vf0Vx0z7AEtL4EfAGZhSjdkjRnAlCZsnVeKh97aPNc0JEynJIINOC7BmMcp7MWFEEmRXgs1wgbReC0AjhICb/GeviUVU0PVGc7EIaKHK5TgrfsP/d1JWotabpzaX6WrMxrx2m9EWWaLY1LlHN6SIYePVimu9Jpz8DYFTqjt4ppES1EKwqHv33xlwCCJsVLMa6Ir5nRiyC4z4nrxaHVMqjaLZ3sEODsJFnJHTvM/jtQCEESkYWuJKihdRbFF5iQjEmIE2wWMFr3EMCOVK4YCEKGMVfTtkCHE3np6I37UFNyqE3It/XW0hOacC7oDAgu50AfLzSHN3MuZh23hf7qZ9tpSlUmVFv5VUuOYnwyOQHCTOKRCpQ+fDHffDkNKxwyEziW6p2+c0OEqv61SoPzkScVy+EoU0tqmKlyhCqfTL9kqTFNYUU3bOfIe/HxjXsXYGjG3Am8+2J0a16IwHSA+u6muP5Zb2+3yAzzmZnvWbG2VJZ678xXVU73732lC3oHqZv1aJtmapfzINNRJjmVAzEo9FDNzcsIOZaYsXgAyoGxoRUG7oCHDrJtuTPmOt/ogGj4szvqFMSfAc41+x5PVbXX2hIAHYWqTrfgW8yUq/R5PQ6aS8QOVsNI3ZiCMOr2nCAOquKt96ftjq4i21OiXhWAwModld8dsbdXj1kqCFYgtEQpqFH0D+i41qj7qWt+APCHvqY1prs8DkjKSyt+NiYi3poXUHTyNP71iInY9djXFeBfNenQsr0+xcrLIv6EAthwY9hwPbFGiJfHmo0qjHxYI9GZYaBEUpWrbH2kLur3Iifce1e50QYB0Hrdl2lBc0M9jTIbvOZsoTWaSFUuXRpgHvs80rtVg/xX1ErOJvbI1W4nWUwgxcT7Oq4gdUQdwA9hozs+bYlGnMK7Z3fYrb06HsRpGeFJVUiT/kYg/fzgSP6wfCe4IPeOFNUxUcvYBMUbUK/sgzJ/Ux3W4npWVzcbTlqUiCcRruJKZnyZoTbJkEjbW/DE5AWaJL/1ZqgTJ2XC2hfXINbZV8EOP+cNxKqBr0KQxFC/8qRxgVL1VDT5/cTkNh1Um/dkIe841QdIJdE3/pSepMW3WWMURNJ0PkP1R/WUuDf6EV+UQetE1ZJO10Qw25rFBoN9d4eKWYynfK/QXxPq+GDIkNwaTIcykN73whf06jJZ7tAT/pXA=&u=U2FsdGVkX1+QLA1vWxX4Y/qlzvex3o9+zkUoFj96kk4=&y=U2FsdGVkX19y05CH8el/PVX8GNKz9kj1XsIANouf68if2XjSRUyci2rLGSNIoASD HTTP/1.1" 200 72
186.102.19.57 - - [23/Jun/2022:05:48:33 -0500] "GET /kwssiamovil/sm/acme/s?s=U2FsdGVkX1/zTFx1LA5O1XgmOXGq5NvP5rXa6bpRENNogToIeZum3IRZrybqKXtt1CGy/62/DB6xOoMaH0TolS0hsYnmgY8DVO1Nvk7fT7hHCcmxsM99JE13dgoFTn9vGU1jOjEq9oOck9EzjzBgmrYk1m0HvRcCC7NiFZIEZ17REE9b9LEoHinbcdfW3DYkUd6+UBf40FqXGFyy4hcaaQJ7vcF0WeLoiZ8qKimJvwZ2sTQj5HQ4Y/dLTB2wFFvqjPN83NgrsLJA8SPrSkv7tRQGX0I3lYhpGHJOx5HrfLo=&u=U2FsdGVkX1+QLA1vWxX4Y/qlzvex3o9+zkUoFj96kk4=&y=U2FsdGVkX19y05CH8el/PVX8GNKz9kj1XsIANouf68if2XjSRUyci2rLGSNIoASD HTTP/1.1" 200 176
186.102.19.57 - - [23/Jun/2022:05:48:33 -0500] "GET /kwssiamovil/sm/cjson/pre?f=1&x=U2FsdGVkX1/eSOF50q3a0bUctwPkACScP8Flk46WLqcjcOBvLDPTGlwtLLve86fA HTTP/1.1" 200 30992
221.2.163.231 - - [23/Jun/2022:05:48:35 -0500] "GET / HTTP/1.1" 200 319
40.77.167.67 - - [23/Jun/2022:05:48:24 -0500] "GET /BLA/boletinlegal/ HTTP/1.1" 200 57591
172.22.2.4 - - [23/Jun/2022:05:49:12 -0500] "HEAD /BLA/boletinlegal/ HTTP/1.1" 200 -
172.22.2.4 - - [23/Jun/2022:05:50:03 -0500] "GET /BLA/boletinlegal/ HTTP/1.1" 200 61027
216.245.221.92 - - [23/Jun/2022:05:52:11 -0500] "HEAD / HTTP/1.1" 200 -
172.22.2.4 - - [23/Jun/2022:05:55:02 -0500] "HEAD /BLA/boletinlegal/ HTTP/1.1" 200 -
172.22.2.4 - - [23/Jun/2022:05:57:00 -0500] "GET /BLA/boletinlegal/Circulares/2012/Circular%20No.%203%20del%2023%20de%20Marzo%20de%202012.pdf HTTP/1.1" 304 -
216.245.221.92 - - [23/Jun/2022:05:57:11 -0500] "HEAD / HTTP/1.1" 200 -
172.22.2.4 - - [23/Jun/2022:05:55:53 -0500] "GET /BLA/boletinlegal/ HTTP/1.1" 200 61027
130.61.208.44 - - [23/Jun/2022:05:58:09 -0500] "GET /galeria/galeria/fotos/Humedal-la-conejera2P.jpg HTTP/1.1" 200 31007
40.77.167.67 - - [23/Jun/2022:05:59:06 -0500] "GET /galeria/galeria/fotos/MeandrodelSay1G.jpg HTTP/1.1" 200 274377
40.77.139.112 - - [23/Jun/2022:06:01:18 -0500] "GET /BLA/resoluciones/dlf/styles.css HTTP/1.1" 200 3049
216.245.221.92 - - [23/Jun/2022:06:02:11 -0500] "HEAD / HTTP/1.1" 200 -
172.22.2.4 - - [23/Jun/2022:06:00:52 -0500] "HEAD /BLA/boletinlegal/ HTTP/1.1" 200 -
172.22.2.4 - - [23/Jun/2022:06:01:43 -0500] "GET /BLA/boletinlegal/ HTTP/1.1" 200 53459
186.102.27.57 - - [23/Jun/2022:06:05:14 -0500] "GET /kwssiamovil/sm/ldap/au?x=U2FsdGVkX18Wv3o5p2f2ErKalfPasjEBozPBTMvUWGvMHaV8k2Sk9xs2HwGoos5F&y=U2FsdGVkX1+LH6xZHWUQStJ3BBu9tTuxBS4jsd/Z4NCCr9GgG8MjAsCpKQNdtHEg HTTP/1.1" 200 30
186.102.27.57 - - [23/Jun/2022:06:05:14 -0500] "GET /kwssiamovil/sm/acme/s?s=U2FsdGVkX1/5xX9a146OBc+OXyMziOv6+rdBO6GSwU12VAOxsaNEuDS99h90k9ppYSSS4Z4/MNiI301T7MgSeP/AKHZCMQwUqnoKnszxvvc=&u=U2FsdGVkX18Rr7Ak+99UGGn0eeXP2nJnDw6/gAIamfI=&y=U2FsdGVkX1+LH6xZHWUQStJ3BBu9tTuxBS4jsd/Z4NCCr9GgG8MjAsCpKQNdtHEg HTTP/1.1" 200 97
186.102.27.57 - - [23/Jun/2022:06:05:14 -0500] "GET /kwssiamovil/sm/acme/s?s=U2FsdGVkX18fvFXtDsWZ+I3zYGES2zdN+YJOcrC/VR6sr3XqqKCvJZL3YLRXG8sRYZM2KzkK6DYbwG1LXzqd7dqjRMriXWepn9XNnYpHrnMvu8lP9HQVya5GNLgM4cLo2xJup+UuFrZuUaZ1DeTqzxcI9NKebDJmDAlAYGmhlwCX5Cs7UBODSUeqeTzrXQpze7VEEmLpY/JHKOMare7BlquNpVDi8+gGLEHyxqF1ayKdVLId6A2Zi0+cjPUYfSjH3qc4r4yBTZPe1CIpCAnOclGv+wM3AytSWAi5JIC+q3WJQlMjxoInhevwy9SmGWYvL1QGtvXIbJU3WsrVtNooOeCPG4Bnh0wIId4zqKIzvcZwERZq2nU+cwdFsLB2fkmO+aU1UCzH7TU8xF6biNXww2kee5tM8g43u3G852hQ6c3BoY9/GKDKqFyyQt8ov5RgECHdMf+FbzX4cWlYcgqb1qPBeBFJBXuNlyJ82m9xqQszqvn5IbRKy99jRA3WlujTTOYtk/W2rp8DDSO8jMKdJ81IYLyAvR4lnN3KEWC1O1D1sp0n1WyuXnOwgPVGVo+O1QDLUK4E3pZoZsgzpqMetQgSPg3orcKx+Unkxn2ZWcaKbImUZLoyshO9TBDIdqSawsP/WvjRf88V2wpfQfTwqubiev7j21XEA4yhje086zE+Sr16tQ+BtDf2INMtVmF6upvRV7DawRT/ZwVSi5RcTEKdsPX9OCwPCkGQBT2vnZRbdwnVyV+EN72Cz0PzMgSGTlv9k+HDEarwG4tK81LWUlDHu7JrTehzMfnH88y6lqEQmJofBskvn1+oQFS1OZRHOaSq+nv3W+Pk78BcvAUPoYUXm2D0VPrL+MCxGue0bBl6tIgj+6k/NMf5ZQkmwzVuUFfJCwj/1YEKhkOL2l7TPcEJrdvISLrnJLTL/psPGpNZf5wIFIWFAy/pGEvLEP++mn022NfqBsV7O3N5kDOxsBJv9Fjo4H6B15LPwjs+aK7SdYHzVMekHjlZqEC7dK2utxTR9vj/Qq873wgCD+96ChuF2ihObH72XrT13hdq4bo315q5N4KLeZVm654MFHtH0zGioaDYOODhGbOd6I+c23q8/+2bwtqHTvnPJ4jXDYTZVScF8FtwyOUInvnv7IRQL/vsc5gOY347W0nkHGi7KHr1xfKJOKYhdphAbBBH8hCiT8UDrE0qj54V62xJfCRbxJ2Pol9CHkv9l6GDIFfhoBRWD0mNSooc6sqPreZpYzwfiGT0eCzHg48L/JWVGybjUCmJxC9Rr9MvAan7byGeX0EVC7g/QUahaGl5AeYze1HX+Zp6DyhHzmlW3NeGDAQR/3GfYHpQLyt9LFt7r05LXG4ZnHaimxcH0aGd+KU69r4=&u=U2FsdGVkX18Rr7Ak+99UGGn0eeXP2nJnDw6/gAIamfI=&y=U2FsdGVkX1+LH6xZHWUQStJ3BBu9tTuxBS4jsd/Z4NCCr9GgG8MjAsCpKQNdtHEg HTTP/1.1" 200 643
186.102.27.57 - - [23/Jun/2022:06:05:14 -0500] "GET /kwssiamovil/sm/acme/s?s=U2FsdGVkX19bGBCTh6oMydknqlFEriq1vvVQzOjXeyJV/VPVzpwUMXmqRgY29rj2oh33QzCyLFxZWa/rP7hThjoBQV/R3/LXV3BPcrUUBXhd6Bw0ryLeEuNjoGjOP6tciU4kQR10DD782MM31imKFJ7cCm+/rZ4f7oUDR1nlVggOoCSReN+Pq6MbvQKXhkZ7AT2AqFQdJT+5OP/u6jNy5gRc11eG9pmu9/9El/U+IvVmlrxhMhul9Ua7RIp5QaisYQ1MmE4kAw72By/12iqVtPD1mGh2IddxT9B6d4ndy6E=&u=U2FsdGVkX18Rr7Ak+99UGGn0eeXP2nJnDw6/gAIamfI=&y=U2FsdGVkX1+LH6xZHWUQStJ3BBu9tTuxBS4jsd/Z4NCCr9GgG8MjAsCpKQNdtHEg HTTP/1.1" 200 176
186.102.27.57 - - [23/Jun/2022:06:05:15 -0500] "GET /kwssiamovil/sm/cjson/pre?f=1&x=U2FsdGVkX18Wv3o5p2f2ErKalfPasjEBozPBTMvUWGvMHaV8k2Sk9xs2HwGoos5F HTTP/1.1" 200 30992
216.245.221.92 - - [23/Jun/2022:06:07:11 -0500] "HEAD / HTTP/1.1" 200 -
45.143.200.118 - - [23/Jun/2022:06:07:40 -0500] "\x03" 400 226
172.22.2.4 - - [23/Jun/2022:06:06:42 -0500] "HEAD /BLA/boletinlegal/ HTTP/1.1" 200 -
172.22.2.4 - - [23/Jun/2022:06:07:33 -0500] "GET /BLA/boletinlegal/ HTTP/1.1" 200 57966
216.245.221.92 - - [23/Jun/2022:06:12:11 -0500] "HEAD / HTTP/1.1" 200 -
49.7.21.72 - - [23/Jun/2022:06:13:09 -0500] "-" 408 -
172.22.2.4 - - [23/Jun/2022:06:11:51 -0500] "GET /BLA/boletinlegal/ HTTP/1.1" 200 56799
172.22.2.4 - - [23/Jun/2022:06:12:32 -0500] "HEAD /BLA/boletinlegal/ HTTP/1.1" 200 -
172.22.2.4 - - [23/Jun/2022:06:13:23 -0500] "GET /BLA/boletinlegal/ HTTP/1.1" 200 60092
172.22.2.4 - - [23/Jun/2022:06:15:24 -0500] "GET /BLA/boletinlegal/ HTTP/1.1" 200 36811
216.245.221.92 - - [23/Jun/2022:06:17:11 -0500] "HEAD / HTTP/1.1" 200 -
172.22.2.4 - - [23/Jun/2022:06:17:27 -0500] "GET /BLA/boletinlegal/conceptos.php HTTP/1.1" 200 7443
172.22.2.4 - - [23/Jun/2022:06:18:22 -0500] "HEAD /BLA/boletinlegal/ HTTP/1.1" 200 -
172.22.2.4 - - [23/Jun/2022:06:19:13 -0500] "GET /BLA/boletinlegal/ HTTP/1.1" 200 60092
20.232.152.22 - - [23/Jun/2022:06:21:41 -0500] "GET /portaldeninos/glosario/ HTTP/1.1" 200 97399
40.77.167.24 - - [23/Jun/2022:06:22:08 -0500] "GET /portaldeninos/wp-content/uploads/2020/01/Frailejon-escenario.jpg HTTP/1.1" 200 357472
216.245.221.92 - - [23/Jun/2022:06:22:11 -0500] "HEAD / HTTP/1.1" 200 -
201.245.192.253 - - [23/Jun/2022:06:21:36 -0500] "POST /kwsrmcab/Wsrmcab HTTP/1.1" 200 14506
201.245.192.253 - - [23/Jun/2022:06:22:36 -0500] "POST /kwsrmcab/Wsrmcab HTTP/1.1" 200 14506
173.252.127.9 - - [23/Jun/2022:06:24:52 -0500] "GET /acercar-programa-del-distrito-para-ayudar-a-las-empresas-a-crecer-de-manera-sostenible.html HTTP/1.1" 206 979
172.22.2.4 - - [23/Jun/2022:06:24:12 -0500] "HEAD /BLA/boletinlegal/ HTTP/1.1" 200 -
191.156.49.186 - - [23/Jun/2022:06:26:39 -0500] "GET /portaldeninos/wp-json/pum/v1/analytics/?event=open&pid=1126&_cache=1655983438807 HTTP/1.1" 204 -
172.22.2.4 - - [23/Jun/2022:06:25:03 -0500] "GET /BLA/boletinlegal/ HTTP/1.1" 200 61027
216.245.221.92 - - [23/Jun/2022:06:27:11 -0500] "HEAD / HTTP/1.1" 200 -
191.156.61.196 - - [23/Jun/2022:06:26:38 -0500] "GET /portaldeninos/wp-content/uploads/2022/01/Conoce-lo-que-hace-la-Secretar%C3%ADa-de-Ambiente.mp4 HTTP/1.1" 206 5314793
191.156.49.186 - - [23/Jun/2022:06:26:38 -0500] "GET /portaldeninos/wp-content/uploads/2019/06/CabezoteAMBIENTIC.mp4 HTTP/1.1" 206 19025957
207.46.13.27 - - [23/Jun/2022:06:28:45 -0500] "GET /BLA/resoluciones/AUTOS%202018/4370.pdf HTTP/1.1" 200 262868
172.22.2.4 - - [23/Jun/2022:06:30:02 -0500] "HEAD /BLA/boletinlegal/ HTTP/1.1" 200 -
216.245.221.92 - - [23/Jun/2022:06:32:11 -0500] "HEAD / HTTP/1.1" 200 -
172.22.2.4 - - [23/Jun/2022:06:30:53 -0500] "GET /BLA/boletinlegal/ HTTP/1.1" 200 56011
201.245.192.253 - - [23/Jun/2022:06:31:36 -0500] "POST /kwsrmcab/Wsrmcab HTTP/1.1" 200 14506
201.245.192.253 - - [23/Jun/2022:06:32:36 -0500] "POST /kwsrmcab/Wsrmcab HTTP/1.1" 200 17970
172.22.2.4 - - [23/Jun/2022:06:32:22 -0500] "GET /BLA/boletinlegal/index.php HTTP/1.1" 200 63123
181.53.14.142 - - [23/Jun/2022:06:36:40 -0500] "GET /kwssiamovil/sm/ldap/au?x=U2FsdGVkX1800StCyFjMzBz2dhMsphZKOW0T2+pZm7nZ2fPP1aj3OJZByFdqTOge&y=U2FsdGVkX1/l0Jq4vnSsHMAuJ9JiodzezpjxGIGSoGGKJRDyPaKpfJDb8ch2EZ7i HTTP/1.1" 200 30
181.53.14.142 - - [23/Jun/2022:06:36:41 -0500] "GET /kwssiamovil/sm/acme/s?s=U2FsdGVkX19AZNszEp3Q2sUOj/icRnAfjGOXUKrUUbDZ2JaxQ6WV76T/uITBpHtTTDTwj/kEQQUx1CaXOmSEZ7soEHbaPhCgQ0dYqvyVqjU=&u=U2FsdGVkX1/Y0nCbtetVSIp+o0SVL6w5uRs/k7U6mnwm+qw7yeob5f9k83vGs62w&y=U2FsdGVkX1/l0Jq4vnSsHMAuJ9JiodzezpjxGIGSoGGKJRDyPaKpfJDb8ch2EZ7i HTTP/1.1" 200 97
181.53.14.142 - - [23/Jun/2022:06:36:41 -0500] "GET /kwssiamovil/sm/acme/s?s=U2FsdGVkX185tdIa0LxXK5meDfcjS4qKhnxT7I/JSMn5XT7HfP6PhJkD0Bl0Biup6WIlb8Nw1NfHA+GcI6Gl/2hjq899aSJqSttHw3q93f+zXVM78f/aNZwH9JJP7HASPMNkvXr7YzBJ++19dzeoObaJiVD9Mdu42ALHDGrDH2t9fkOOz9XUlIxhwi+yyBJALnPABsFFveuUCV9G3kuBKbUc6i8ymOBvwcfUbIvUDGeKnr2Vw+iskqWjbNUVDWQGdt6nW6qz1NJR9NRf+BtpvtWy3m7sfC8XdMlcnyGM5mynhvtCpu2aVgVbyQDJRwQe1VtkUcv3cVA/thWP6B9qcKRB9Wn5C+BF1HmE0bIGW7dT8h9IlcXRs1HHQr7xrSq4Q9jC2mKPw9m1Cg6j9LKbI02syHzske3ykHyYe1bGlIcI4sNLAQQAd2nRHD+ogn26/8YbVmB3V+evFUEYkP0tioDvFuPJlxhrLz5yh9bca5Wc+K/Zk9BspyI9tDALDiSMv54ONxQ2xWF9WMKRDbrYOhh7+Xbp45Unv3BO/J0TY+kbDaWiXSsih4sRRSWV5vDSP0VmFilQBHy1kMRJu3StCYI7R8eQFKSbq2WSJofFeZMExooF1JMCtdEjhGAMsX0GyvWGzK75qQMx0tRPQ8jeOzRRH3ILl8YxqmSBSKrZZFeh9m+cLZanT3pOFe6leRVwgbGnCdtS8h/yt7GlfsKQcbDAcxqprqOasnR1mYu72y4VQpKHB6C47llhUCGe/T8KTqgSNFnHxFBKFCJExj8uyspmHW2pyPvEiiMjO2zGSmp6X+6m06PdyTnA3k8gPPOh/chgZ7vEJShYRRpGCeKQ7iHNqUQGpCgFfAwmH57odUIKqoFNfWk+P1y+LGQM+D1BrZiDJujZ77f8TgYt0TwgO/m1tVf4PGvM10xE+QJgBtNYnAQaFH37aB24AhbKEsgh6gzHGiAQflRUyYNXehnsq5YiKaLJkNlbN0qcbaDbwRvxMPwtJMb8EuQHA0CorH//ffmZYakvK/09oNEXNU18APDX/bYhrohzfcArR7NH+vLZ/W4P7jJVGcQYn5YLziorpFFADmRDS2IOF70ih4t3xb8b4ESXjYSys2DdvipHCpHdLSbbeUwO99z89bYtjGQuM+77sq0d36TAFq0wheJ4ugTb38gznrjB6bCpZgKuMq8p9zD7ltZfBAEtS5MSykjcCdFoSETdubWNxHLPEwntmwGhKdnqXfs1ZYYjXqWbTOd7z5R6Fm5AYTTnjEXunZpyJcxeMk+afVNUzi9gOeb9GXdNkDZi5Z09I/EGQj9avHTNDUAP9hhXD/UOy4d42GQ6Ju3Tx0RxYMz4TVHdtkyXn1d6g2ag2e+ewi6eT+yZAvg=&u=U2FsdGVkX1/Y0nCbtetVSIp+o0SVL6w5uRs/k7U6mnwm+qw7yeob5f9k83vGs62w&y=U2FsdGVkX1/l0Jq4vnSsHMAuJ9JiodzezpjxGIGSoGGKJRDyPaKpfJDb8ch2EZ7i HTTP/1.1" 200 597
181.53.14.142 - - [23/Jun/2022:06:36:41 -0500] "GET /kwssiamovil/sm/acme/s?s=U2FsdGVkX1+OZkWl3kipyJqqsc1KO/lgYpiTxbxT1r8Gunm+o9Goh44k5I+hekLaeHVti7JVfVoAsctLpBENCDhDvyVcsQ9ZIWMwGCqgpvNCoar39vEkywUaKTrE2Sy4fIrMz5/5V4il8JG+XMKnOuja2RdmMtplUNIzjwgyWi8pkCXVPvrkvAdpWTBIYGKmwm81PBIY5Q6SoXBbKMqTaEkKBtDkrNWJNIEfTz1UzJFkevFlXQb9nmWanvv3kPzQmSlAb08D9kH87QUHacRXkRH9Rzitnh0GT6O+F3Q8Ims=&u=U2FsdGVkX1/Y0nCbtetVSIp+o0SVL6w5uRs/k7U6mnwm+qw7yeob5f9k83vGs62w&y=U2FsdGVkX1/l0Jq4vnSsHMAuJ9JiodzezpjxGIGSoGGKJRDyPaKpfJDb8ch2EZ7i HTTP/1.1" 200 176
181.53.14.142 - - [23/Jun/2022:06:36:41 -0500] "GET /kwssiamovil/sm/cjson/pre?f=1&x=U2FsdGVkX1800StCyFjMzBz2dhMsphZKOW0T2+pZm7nZ2fPP1aj3OJZByFdqTOge HTTP/1.1" 200 30992
216.245.221.92 - - [23/Jun/2022:06:37:11 -0500] "HEAD / HTTP/1.1" 200 -
172.22.2.4 - - [23/Jun/2022:06:35:52 -0500] "HEAD /BLA/boletinlegal/ HTTP/1.1" 200 -
172.22.2.4 - - [23/Jun/2022:06:36:43 -0500] "GET /BLA/boletinlegal/ HTTP/1.1" 200 61027
52.188.161.92 - - [23/Jun/2022:06:41:17 -0500] "GET /portaldeninos/aulas-ambientales/aula-ambiental-sorotama/ HTTP/1.1" 200 89797
216.245.221.92 - - [23/Jun/2022:06:42:11 -0500] "HEAD / HTTP/1.1" 200 -
201.245.192.253 - - [23/Jun/2022:06:41:35 -0500] "POST /kwsrmcab/Wsrmcab HTTP/1.1" 200 14506
172.22.2.4 - - [23/Jun/2022:06:41:42 -0500] "HEAD /BLA/boletinlegal/ HTTP/1.1" 200 -
201.245.192.253 - - [23/Jun/2022:06:42:35 -0500] "POST /kwsrmcab/Wsrmcab HTTP/1.1" 200 14506
172.22.2.4 - - [23/Jun/2022:06:42:33 -0500] "GET /BLA/boletinlegal/ HTTP/1.1" 200 58464
207.46.13.214 - - [23/Jun/2022:06:45:08 -0500] "GET /BLA/resoluciones/RESOLUCIONES%202006/RES%202006%20351-400/00000392.tif HTTP/1.1" 200 39548
216.245.221.92 - - [23/Jun/2022:06:47:11 -0500] "HEAD / HTTP/1.1" 200 -
172.22.2.4 - - [23/Jun/2022:06:48:25 -0500] "GET /BLA/boletinlegal/Directivas/2018/Directiva%20No.%2027%20del%2028%20de%20diciembre%20de%202018.pdf HTTP/1.1" 304 -
172.22.2.4 - - [23/Jun/2022:06:47:32 -0500] "HEAD /BLA/boletinlegal/ HTTP/1.1" 200 -
69.171.251.3 - - [23/Jun/2022:06:49:15 -0500] "GET /en-semana-santa-no-uses-palmas-ni-traigas-o-consumas-animales-silvestres.html HTTP/1.1" 206 959
172.22.2.4 - - [23/Jun/2022:06:48:22 -0500] "GET /BLA/boletinlegal/ HTTP/1.1" 200 58928
191.95.54.252 - - [23/Jun/2022:06:51:59 -0500] "GET /portaldeninos/wp-content/themes/betheme/style.css?ver=20.9.6 HTTP/1.1" 200 287
191.95.54.252 - - [23/Jun/2022:06:51:59 -0500] "GET /portaldeninos/wp-content/uploads/useanyfont/uaf.css?ver=1589905315 HTTP/1.1" 200 408
191.95.54.252 - - [23/Jun/2022:06:51:59 -0500] "GET /portaldeninos/wp-content/plugins/gallery-videos/CSS/Total-Soft-Gallery-Video-Widget.css?ver=4.9.8 HTTP/1.1" 200 51554
191.95.54.252 - - [23/Jun/2022:06:51:59 -0500] "GET /portaldeninos/wp-content/plugins/gallery-videos/CSS/totalsoft.css?ver=4.9.8 HTTP/1.1" 200 40622
191.95.54.252 - - [23/Jun/2022:06:51:59 -0500] "GET /portaldeninos/wp-content/themes/betheme/css/base.css?ver=20.9.6 HTTP/1.1" 200 57283
191.95.54.252 - - [23/Jun/2022:06:51:59 -0500] "GET /portaldeninos/wp-content/themes/betheme/assets/animations/animations.min.css?ver=20.9.6 HTTP/1.1" 200 58508
191.95.54.252 - - [23/Jun/2022:06:51:59 -0500] "GET /portaldeninos/wp-content/themes/betheme/css/layout.css?ver=20.9.6 HTTP/1.1" 200 116639
191.95.54.252 - - [23/Jun/2022:06:51:59 -0500] "GET /portaldeninos/wp-content/themes/betheme/assets/jplayer/css/jplayer.blue.monday.css?ver=20.9.6 HTTP/1.1" 200 9834
191.95.54.252 - - [23/Jun/2022:06:51:59 -0500] "GET /portaldeninos/wp-content/themes/betheme/assets/ui/jquery.ui.all.css?ver=20.9.6 HTTP/1.1" 200 18765
191.95.54.252 - - [23/Jun/2022:06:51:59 -0500] "GET /portaldeninos/wp-content/themes/betheme/css/shortcodes.css?ver=20.9.6 HTTP/1.1" 200 138889
191.95.54.252 - - [23/Jun/2022:06:51:59 -0500] "GET /portaldeninos/wp-includes/js/jquery/jquery-migrate.min.js?ver=1.4.1 HTTP/1.1" 200 10056
191.95.54.252 - - [23/Jun/2022:06:51:59 -0500] "GET /portaldeninos/wp-content/plugins/google-analytics-for-wordpress/assets/js/frontend-gtag.min.js?ver=8.5.0 HTTP/1.1" 200 11801
191.95.54.252 - - [23/Jun/2022:06:51:59 -0500] "GET /portaldeninos/wp-includes/js/jquery/ui/core.min.js?ver=1.11.4 HTTP/1.1" 200 4000
191.95.54.252 - - [23/Jun/2022:06:51:59 -0500] "GET /portaldeninos/wp-content/plugins/gallery-videos/JS/modernizr.custom.js?ver=4.9.8 HTTP/1.1" 200 9019
191.95.54.252 - - [23/Jun/2022:06:51:59 -0500] "GET /portaldeninos/wp-content/themes/betheme/css/responsive.css?ver=20.9.6 HTTP/1.1" 200 55740
191.95.54.252 - - [23/Jun/2022:06:51:59 -0500] "GET /portaldeninos/wp-includes/js/jquery/ui/widget.min.js?ver=1.11.4 HTTP/1.1" 200 6908
191.95.54.252 - - [23/Jun/2022:06:51:59 -0500] "GET /portaldeninos/wp-includes/js/jquery/ui/mouse.min.js?ver=1.11.4 HTTP/1.1" 200 3148
191.95.54.252 - - [23/Jun/2022:06:51:59 -0500] "GET /portaldeninos/wp-includes/js/jquery/jquery.js?ver=1.12.4 HTTP/1.1" 200 97184
191.95.54.252 - - [23/Jun/2022:06:51:59 -0500] "GET /portaldeninos/wp-content/plugins/gallery-videos/JS/Total-Soft-Gallery-Video-Widget.js?ver=4.9.8 HTTP/1.1" 200 80264
191.95.54.252 - - [23/Jun/2022:06:51:59 -0500] "GET /portaldeninos/wp-includes/js/jquery/ui/tabs.min.js?ver=1.11.4 HTTP/1.1" 200 12110
191.95.54.252 - - [23/Jun/2022:06:51:59 -0500] "GET /portaldeninos/wp-includes/js/jquery/ui/accordion.min.js?ver=1.11.4 HTTP/1.1" 200 8584
191.95.54.252 - - [23/Jun/2022:06:51:59 -0500] "GET /portaldeninos/wp-content/themes/betheme/js/menu.js?ver=20.9.6 HTTP/1.1" 200 2449
191.95.54.252 - - [23/Jun/2022:06:51:59 -0500] "GET /portaldeninos/wp-includes/js/jquery/ui/sortable.min.js?ver=1.11.4 HTTP/1.1" 200 24899
191.95.54.252 - - [23/Jun/2022:06:51:59 -0500] "GET /portaldeninos/wp-includes/js/wp-embed.min.js?ver=4.9.8 HTTP/1.1" 200 1398
191.95.54.252 - - [23/Jun/2022:06:51:59 -0500] "GET /portaldeninos/wp-content/themes/betheme/assets/animations/animations.min.js?ver=20.9.6 HTTP/1.1" 200 1896
191.95.54.252 - - [23/Jun/2022:06:51:59 -0500] "GET /portaldeninos/wp-content/themes/betheme/js/scripts.js?ver=20.9.6 HTTP/1.1" 200 77162
191.95.54.252 - - [23/Jun/2022:06:51:59 -0500] "GET /portaldeninos/wp-content/themes/betheme/images/box_shadow.png HTTP/1.1" 200 108
191.95.54.252 - - [23/Jun/2022:06:51:59 -0500] "GET /portaldeninos/wp-content/themes/betheme/assets/jplayer/jplayer.min.js?ver=20.9.6 HTTP/1.1" 200 52702
191.95.54.252 - - [23/Jun/2022:06:51:59 -0500] "GET /portaldeninos/wp-content/themes/betheme/js/plugins.js?ver=20.9.6 HTTP/1.1" 200 197151
191.95.54.252 - - [23/Jun/2022:06:51:59 -0500] "GET /portaldeninos/wp-includes/js/wp-emoji-release.min.js?ver=4.9.8 HTTP/1.1" 200 12026
191.95.54.252 - - [23/Jun/2022:06:51:59 -0500] "GET /portaldeninos/wp-content/themes/betheme/fonts/mfn-icons.woff?93978679 HTTP/1.1" 200 80932
191.95.54.252 - - [23/Jun/2022:06:52:00 -0500] "GET /portaldeninos/wp-content/themes/betheme/fonts/mfn-icons.ttf?93978679 HTTP/1.1" 200 102609
216.245.221.92 - - [23/Jun/2022:06:52:11 -0500] "HEAD / HTTP/1.1" 200 -
2.57.122.35 - - [23/Jun/2022:06:54:54 -0500] "GET / HTTP/1.1" 200 319
172.22.2.4 - - [23/Jun/2022:06:53:22 -0500] "HEAD /BLA/boletinlegal/ HTTP/1.1" 200 -
49.7.21.72 - - [23/Jun/2022:06:55:23 -0500] "-" 408 -
172.22.2.4 - - [23/Jun/2022:06:54:13 -0500] "GET /BLA/boletinlegal/ HTTP/1.1" 200 61027
82.66.17.170 - - [23/Jun/2022:06:56:13 -0500] "GET /catalogoisis/ HTTP/1.1" 200 8575
82.66.17.170 - - [23/Jun/2022:06:56:15 -0500] "GET /catalogoisis/ HTTP/1.1" 200 8575
216.245.221.92 - - [23/Jun/2022:06:57:11 -0500] "HEAD / HTTP/1.1" 200 -
172.22.2.4 - - [23/Jun/2022:06:59:12 -0500] "HEAD /BLA/boletinlegal/ HTTP/1.1" 200 -
172.22.2.4 - - [23/Jun/2022:07:00:02 -0500] "GET /BLA/boletinlegal/ HTTP/1.1" 200 61027
216.245.221.92 - - [23/Jun/2022:07:02:11 -0500] "HEAD / HTTP/1.1" 200 -
52.188.161.158 - - [23/Jun/2022:07:05:33 -0500] "GET /portaldeninos/aulas-ambientales-2/parque-ecologico-distrital-de-montana-entrenubes/ HTTP/1.1" 200 90607
172.22.2.4 - - [23/Jun/2022:07:05:02 -0500] "HEAD /BLA/boletinlegal/ HTTP/1.1" 200 -
216.245.221.92 - - [23/Jun/2022:07:07:11 -0500] "HEAD / HTTP/1.1" 200 -
172.22.2.4 - - [23/Jun/2022:07:05:52 -0500] "GET /BLA/boletinlegal/ HTTP/1.1" 200 58464
172.22.2.4 - - [23/Jun/2022:07:08:35 -0500] "GET /BLA/boletinlegal/jurisprudencia/analisis/Analisis%20Jurisprudencia%20Sent%202000-00005-01.doc HTTP/1.1" 200 52736
172.22.2.4 - - [23/Jun/2022:07:09:35 -0500] "GET /BLA/boletinlegal/documentos-importantes.php HTTP/1.1" 200 4822
216.245.221.92 - - [23/Jun/2022:07:12:11 -0500] "HEAD / HTTP/1.1" 200 -
172.22.2.4 - - [23/Jun/2022:07:10:52 -0500] "HEAD /BLA/boletinlegal/ HTTP/1.1" 200 -
172.22.2.4 - - [23/Jun/2022:07:11:43 -0500] "GET /BLA/boletinlegal/ HTTP/1.1" 200 58464
216.245.221.92 - - [23/Jun/2022:07:17:11 -0500] "HEAD / HTTP/1.1" 200 -
172.22.2.4 - - [23/Jun/2022:07:16:10 -0500] "GET /BLA/boletinlegal/ HTTP/1.1" 200 32715
172.22.2.4 - - [23/Jun/2022:07:16:11 -0500] "GET /BLA/boletinlegal/ HTTP/1.1" 200 32715
172.22.2.4 - - [23/Jun/2022:07:16:11 -0500] "GET /BLA/boletinlegal/ HTTP/1.1" 200 36811
172.22.2.4 - - [23/Jun/2022:07:16:42 -0500] "HEAD /BLA/boletinlegal/ HTTP/1.1" 200 -
172.22.2.4 - - [23/Jun/2022:07:17:32 -0500] "GET /BLA/boletinlegal/ HTTP/1.1" 200 61027
37.0.8.76 - - [23/Jun/2022:07:19:11 -0500] "GET / HTTP/1.1" 200 319
37.0.8.76 - - [23/Jun/2022:07:19:27 -0500] "GET / HTTP/1.1" 200 319
37.0.8.76 - - [23/Jun/2022:07:19:43 -0500] "GET /wp-includes/wlwmanifest.xml HTTP/1.1" 404 1018
37.0.8.76 - - [23/Jun/2022:07:19:58 -0500] "GET /xmlrpc.php?rsd HTTP/1.1" 404 1018
37.0.8.76 - - [23/Jun/2022:07:20:14 -0500] "GET / HTTP/1.1" 200 319
37.0.8.76 - - [23/Jun/2022:07:20:30 -0500] "GET /blog/wp-includes/wlwmanifest.xml HTTP/1.1" 404 1018
37.0.8.76 - - [23/Jun/2022:07:20:46 -0500] "GET /web/wp-includes/wlwmanifest.xml HTTP/1.1" 404 1018
37.0.8.76 - - [23/Jun/2022:07:21:02 -0500] "GET /wordpress/wp-includes/wlwmanifest.xml HTTP/1.1" 404 1018
37.0.8.76 - - [23/Jun/2022:07:21:18 -0500] "GET /website/wp-includes/wlwmanifest.xml HTTP/1.1" 404 1018
186.102.86.243 - - [23/Jun/2022:07:21:48 -0500] "GET /kwssiamovil/sm/ldap/au?x=U2FsdGVkX19u2mFeoP8uDy7QQsoCWrQqx4XQPGQHROI4WcPWnuSXyhZ6Hity3WC1&y=U2FsdGVkX18oYExOBwj1ptlyQOgf29NFSWiZVz4H4uqwqYZUevv8qySQbdHLUjhQ HTTP/1.1" 200 30
186.102.86.243 - - [23/Jun/2022:07:21:48 -0500] "GET /kwssiamovil/sm/acme/s?s=U2FsdGVkX1+XjC78FGT2jisxPTbr7ZmrNrcWItCpkM7Q6MNWye/s0W6HM+fTUhAm8N9eoYnFNC22bR692yYYBGIds0M8nSjEXkBHTDMktzM=&u=U2FsdGVkX1/1zooMcmCZu7OBLfjvkykWI0gkRwj7AYOgsptZgLt7h+9C5ctVNfQi&y=U2FsdGVkX18oYExOBwj1ptlyQOgf29NFSWiZVz4H4uqwqYZUevv8qySQbdHLUjhQ HTTP/1.1" 200 97
186.102.86.243 - - [23/Jun/2022:07:21:49 -0500] "GET /kwssiamovil/sm/acme/s?s=U2FsdGVkX1+6NI4H96q7EHTDxMof8ChYi1E51FPwPf/+pt/Cg8bE1k6aTf9bd6vdF1x8GYkbDfuMli1JIT4XHtd5YEY/82+ROvkdPnl3Ls2PYRVfWAHtnWxb2Uczg0XZWP/ybPhxgeQrAaBr0r51LAq1ev8mlLKiW74zkINraILoC9meAqlCANZ8wuNlsP5tPVdIFflnDdUxW5HAAAndbTwrm1k5EurrH5QXXN3IDEoJuuTwBPn/7IiPouQAUxd6ajMiMuKajUv6mlwbrrZ6Ix/+GX5wu0GlhE/FqudyGc1biXK82qkLSaApkr55AOlwSp8CJHCMe69T1cygv6jRkkGYIVUmtmRRkXTM0fujtYhnpXSWSiYAHIqGBIQjYl708OGGijl8rYubBRdvXHdhdOWybfFjCJGUvZBkWok4WLaNATDsLvO1jCmvwONx02+y8wcTIv/ezGc/j0pDqg33AFrMIaMhib8ZrZLbeHUc6E9DNCioCUxq5VIPPIRCCzV5T9p2SzKRm8sVCoqEI67iUjdCjW0lUMfFTx71f6wnQpZTWY6odJ39Fng0kd1G7r+gUVdUB7eK+L8daZ/acmzCrclO3RKy4C+5tORBKG3jidsy0T2Mdm6u9Ym1TePSFbFnXaEdeWz8O6hU7lsZMrsB7jbjdmPScZ78L89w+oLEa8ajwbDunelEJFR+SS4HJVClLYjnHxfPrywLulpF3lc+uVN4ByvF3dKodfz5Jf6TLIe1iVb4USMkMfMsgJWsXVOTOY45qOT/Emy4R3fo0nE8IzgqXDMrjlmBcm9M4OpqdjM5OgFnrFeQfsdQwyJKDWkWhz3z/CFXqFP+T5T0WgwHGkFpEe729RX4gejNiNEvCUaMOe6r5UsTAm8f5od2dWcOfUyzVRfTwAoP1mse9ZLURaCw3wGuYW/z0uiCaHnOR/h79v4FuI+SS7psl8W+HPFCJYNzQg8C21+/9rB5FT9oi+3u/lEWl/zP5ZLAjtlMd4FssTpvszEeZeONtRL1qg13+WcMKUWb8CHsw/F7XQHr5JGbvzs07COcTqa1ZoOg6MFOdr46RihSt3mwx+7D/lS8Fd5jmfDpBbmWtY/df7WYXEXS5jjXWlX1yzFt+yNTfwcBftNmksp2zb10rKHLx154Oo5Vr3TFVNkbS5csTGUCP8eTmbqncNYziJmhHnNZEc/H7m28X0+QJLLKSDdZRCJvLitQ5o+701inZMsVQw6v74NgJFRec5NlC2IjY3ce7cG3Vh8vzpTLTd6YFWkfCe5rS7clih7QFgCsY89LfQB2PmpPifPTBpDmvwEuz+D8U270oZilWBFzzpqSkhpcyoYqNneifk/BjkMBjHCJFZeWLEh0JmuBgvT/F62H+ZyAaD0=&u=U2FsdGVkX1/1zooMcmCZu7OBLfjvkykWI0gkRwj7AYOgsptZgLt7h+9C5ctVNfQi&y=U2FsdGVkX18oYExOBwj1ptlyQOgf29NFSWiZVz4H4uqwqYZUevv8qySQbdHLUjhQ HTTP/1.1" 200 734
186.102.86.243 - - [23/Jun/2022:07:21:49 -0500] "GET /kwssiamovil/sm/acme/s?s=U2FsdGVkX1+36gFE4NxSb68Dqgho5ygp9fENdlgkuGsV2ZKSKLszAV7yyKXm+qSza1sKhW5i0nqj+uieg8Z1eDpT8yWMPqO/YchmckMMUwo1E/09jm7svNQ3UuUuHRudzHAMwxtFuD0j2h79NRm7Am2UJmfT1sfTRAA3oDwm8GjN1LCOLNdu9ygnGolErmWM9B7fhm4FvJlAtZuyN5IXO4Jo88BHhtdfuHnbOeh/46PC4yFiCLIGrVKYbAV1dNgk+Nfjf9ZZJ5Orf1t2fd0GCNwyU0ocZd1T4Y0VHAlckZE=&u=U2FsdGVkX1/1zooMcmCZu7OBLfjvkykWI0gkRwj7AYOgsptZgLt7h+9C5ctVNfQi&y=U2FsdGVkX18oYExOBwj1ptlyQOgf29NFSWiZVz4H4uqwqYZUevv8qySQbdHLUjhQ HTTP/1.1" 200 176
37.0.8.76 - - [23/Jun/2022:07:21:34 -0500] "GET /wp/wp-includes/wlwmanifest.xml HTTP/1.1" 404 1018
186.102.86.243 - - [23/Jun/2022:07:21:49 -0500] "GET /kwssiamovil/sm/cjson/pre?f=1&x=U2FsdGVkX19u2mFeoP8uDy7QQsoCWrQqx4XQPGQHROI4WcPWnuSXyhZ6Hity3WC1 HTTP/1.1" 200 30992
37.0.8.76 - - [23/Jun/2022:07:21:50 -0500] "GET /news/wp-includes/wlwmanifest.xml HTTP/1.1" 404 1018
216.245.221.92 - - [23/Jun/2022:07:22:11 -0500] "HEAD / HTTP/1.1" 200 -
37.0.8.76 - - [23/Jun/2022:07:22:05 -0500] "GET /2018/wp-includes/wlwmanifest.xml HTTP/1.1" 404 1018
37.0.8.76 - - [23/Jun/2022:07:22:21 -0500] "GET /2019/wp-includes/wlwmanifest.xml HTTP/1.1" 404 1018
37.0.8.76 - - [23/Jun/2022:07:22:37 -0500] "GET /shop/wp-includes/wlwmanifest.xml HTTP/1.1" 404 1018
201.245.192.253 - - [23/Jun/2022:07:21:36 -0500] "POST /kwsrmcab/Wsrmcab HTTP/1.1" 200 14506
37.0.8.76 - - [23/Jun/2022:07:22:53 -0500] "GET /wp1/wp-includes/wlwmanifest.xml HTTP/1.1" 404 1018
37.0.8.76 - - [23/Jun/2022:07:23:09 -0500] "GET /test/wp-includes/wlwmanifest.xml HTTP/1.1" 404 1018
172.22.2.4 - - [23/Jun/2022:07:23:26 -0500] "GET /BLA/boletinlegal/actos.php HTTP/1.1" 200 9559
172.22.2.4 - - [23/Jun/2022:07:23:26 -0500] "GET /BLA/boletinlegal/favicon.ico HTTP/1.1" 404 1326
172.22.2.4 - - [23/Jun/2022:07:23:34 -0500] "GET /BLA/boletinlegal/consulta_actos.php?tipo=autos&no=2923&usuario=&sector=&fecha=2022&resuelve= HTTP/1.1" 200 1075
37.0.8.76 - - [23/Jun/2022:07:23:25 -0500] "GET /media/wp-includes/wlwmanifest.xml HTTP/1.1" 404 1018
172.22.2.4 - - [23/Jun/2022:07:23:45 -0500] "GET /BLA/boletinlegal/consulta_actos.php?tipo=autos&no=2930&usuario=&sector=&fecha=2022&resuelve= HTTP/1.1" 200 1072
172.22.2.4 - - [23/Jun/2022:07:23:55 -0500] "GET /BLA/boletinlegal/consulta_actos.php?tipo=autos&no=2948&usuario=&sector=&fecha=2022&resuelve= HTTP/1.1" 200 1070
201.245.192.253 - - [23/Jun/2022:07:22:36 -0500] "POST /kwsrmcab/Wsrmcab HTTP/1.1" 200 14506
37.0.8.76 - - [23/Jun/2022:07:23:41 -0500] "GET /wp2/wp-includes/wlwmanifest.xml HTTP/1.1" 404 1018
172.22.2.4 - - [23/Jun/2022:07:24:05 -0500] "GET /BLA/boletinlegal/consulta_actos.php?tipo=autos&no=2958&usuario=&sector=&fecha=2022&resuelve= HTTP/1.1" 200 1072
37.0.8.76 - - [23/Jun/2022:07:23:57 -0500] "GET /site/wp-includes/wlwmanifest.xml HTTP/1.1" 404 1018
172.22.2.4 - - [23/Jun/2022:07:22:32 -0500] "HEAD /BLA/boletinlegal/ HTTP/1.1" 200 -
172.22.2.4 - - [23/Jun/2022:07:24:12 -0500] "GET /BLA/boletinlegal/consulta_actos.php?tipo=autos&no=2976&usuario=&sector=&fecha=2022&resuelve= HTTP/1.1" 200 1088
172.22.2.4 - - [23/Jun/2022:07:24:21 -0500] "GET /BLA/boletinlegal/consulta_actos.php?tipo=autos&no=2983&usuario=&sector=&fecha=2022&resuelve= HTTP/1.1" 200 1071
172.22.2.4 - - [23/Jun/2022:07:24:28 -0500] "GET /BLA/boletinlegal/consulta_actos.php?tipo=autos&no=2986&usuario=&sector=&fecha=2022&resuelve= HTTP/1.1" 200 1073
37.0.8.76 - - [23/Jun/2022:07:24:12 -0500] "GET /cms/wp-includes/wlwmanifest.xml HTTP/1.1" 404 1018
172.22.2.4 - - [23/Jun/2022:07:24:35 -0500] "GET /BLA/boletinlegal/consulta_actos.php?tipo=autos&no=2990&usuario=&sector=&fecha=2022&resuelve= HTTP/1.1" 200 1075
37.0.8.76 - - [23/Jun/2022:07:24:28 -0500] "GET /sito/wp-includes/wlwmanifest.xml HTTP/1.1" 404 1018
172.22.2.4 - - [23/Jun/2022:07:24:44 -0500] "GET /BLA/boletinlegal/consulta_actos.php?tipo=autos&no=2999&usuario=&sector=&fecha=2022&resuelve= HTTP/1.1" 200 1103
201.245.192.253 - - [23/Jun/2022:07:24:49 -0500] "GET /sipse/faces/index.xhtml HTTP/1.1" 200 677
201.245.192.253 - - [23/Jun/2022:07:24:49 -0500] "GET /sipse/faces/javax.faces.resource/theme.css?ln=primefaces-sipse HTTP/1.1" 304 -
201.245.192.253 - - [23/Jun/2022:07:24:49 -0500] "GET /sipse/faces/faces/autenticacion.xhtml HTTP/1.1" 200 12170
201.245.192.253 - - [23/Jun/2022:07:24:49 -0500] "GET /sipse/js/funciones.js HTTP/1.1" 304 -
201.245.192.253 - - [23/Jun/2022:07:24:49 -0500] "GET /sipse/js/disable_browser_buttons.js HTTP/1.1" 304 -
201.245.192.253 - - [23/Jun/2022:07:24:49 -0500] "GET /sipse/css/custom_css_sg_prime_login.css HTTP/1.1" 304 -
201.245.192.253 - - [23/Jun/2022:07:24:49 -0500] "GET /sipse/css/custom_css_sg.css HTTP/1.1" 304 -
201.245.192.253 - - [23/Jun/2022:07:24:49 -0500] "GET /sipse/faces/javax.faces.resource/theme.css?ln=primefaces-sipse HTTP/1.1" 304 -
201.245.192.253 - - [23/Jun/2022:07:24:49 -0500] "GET /sipse/faces/javax.faces.resource/primefaces.css?ln=primefaces&v=4.0 HTTP/1.1" 304 -
201.245.192.253 - - [23/Jun/2022:07:24:49 -0500] "GET /sipse/faces/javax.faces.resource/layout/layout.css?ln=primefaces&v=4.0 HTTP/1.1" 304 -
201.245.192.253 - - [23/Jun/2022:07:24:49 -0500] "GET /sipse/faces/javax.faces.resource/jquery/jquery.js?ln=primefaces&v=4.0 HTTP/1.1" 304 -
201.245.192.253 - - [23/Jun/2022:07:24:49 -0500] "GET /sipse/faces/javax.faces.resource/jquery/jquery-plugins.js?ln=primefaces&v=4.0 HTTP/1.1" 304 -
201.245.192.253 - - [23/Jun/2022:07:24:49 -0500] "GET /sipse/faces/javax.faces.resource/primefaces.js?ln=primefaces&v=4.0 HTTP/1.1" 304 -
201.245.192.253 - - [23/Jun/2022:07:24:49 -0500] "GET /sipse/faces/javax.faces.resource/layout/layout.js?ln=primefaces&v=4.0 HTTP/1.1" 304 -
201.245.192.253 - - [23/Jun/2022:07:24:49 -0500] "GET /sipse/css/imagen/logoSDG.png HTTP/1.1" 304 -
201.245.192.253 - - [23/Jun/2022:07:24:49 -0500] "GET /sipse/css/imagen/loginimg.png HTTP/1.1" 304 -
201.245.192.253 - - [23/Jun/2022:07:24:49 -0500] "GET /sipse/faces/javax.faces.resource/images/ui-icons_898989_256x240.png?ln=primefaces-aristo HTTP/1.1" 304 -
172.22.2.4 - - [23/Jun/2022:07:24:54 -0500] "GET /BLA/boletinlegal/consulta_actos.php?tipo=autos&no=0095&usuario=&sector=&fecha=2022&resuelve= HTTP/1.1" 200 626
172.22.2.4 - - [23/Jun/2022:07:23:22 -0500] "GET /BLA/boletinlegal/ HTTP/1.1" 200 61027
172.22.2.4 - - [23/Jun/2022:07:25:03 -0500] "GET /BLA/boletinlegal/consulta_actos.php?tipo=autos&no=0958&usuario=&sector=&fecha=2022&resuelve= HTTP/1.1" 200 1080
172.22.2.4 - - [23/Jun/2022:07:25:12 -0500] "GET /BLA/boletinlegal/consulta_actos.php?tipo=autos&no=0992&usuario=&sector=&fecha=2022&resuelve= HTTP/1.1" 200 1073
201.245.192.253 - - [23/Jun/2022:07:25:17 -0500] "GET /sipse/faces/index.xhtml HTTP/1.1" 200 677
201.245.192.253 - - [23/Jun/2022:07:25:17 -0500] "GET /sipse/faces/javax.faces.resource/theme.css?ln=primefaces-sipse HTTP/1.1" 304 -
201.245.192.253 - - [23/Jun/2022:07:25:17 -0500] "GET /sipse/faces/faces/autenticacion.xhtml HTTP/1.1" 200 12170
201.245.192.253 - - [23/Jun/2022:07:25:17 -0500] "GET /sipse/js/disable_browser_buttons.js HTTP/1.1" 304 -
201.245.192.253 - - [23/Jun/2022:07:25:17 -0500] "GET /sipse/js/funciones.js HTTP/1.1" 304 -
