201.245.192.253 - - [07/Jul/2022:13:54:42 -0500] "POST /sipse/faces/presentacion/financiero/solicitudProceso/consultar.xhtml HTTP/1.1" 200 65595
201.245.192.253 - - [07/Jul/2022:13:54:42 -0500] "POST /sipse/faces/presentacion/financiero/solicitudProceso/consultar.xhtml HTTP/1.1" 200 65595
201.245.192.253 - - [07/Jul/2022:13:54:42 -0500] "POST /sipse/faces/presentacion/financiero/solicitudProceso/consultar.xhtml HTTP/1.1" 200 65595
201.245.192.253 - - [07/Jul/2022:13:54:42 -0500] "POST /sipse/faces/presentacion/financiero/solicitudProceso/consultar.xhtml HTTP/1.1" 200 65595
201.245.192.253 - - [07/Jul/2022:13:54:42 -0500] "POST /sipse/faces/presentacion/financiero/solicitudProceso/consultar.xhtml HTTP/1.1" 200 65595
201.245.192.253 - - [07/Jul/2022:13:54:42 -0500] "POST /sipse/faces/presentacion/financiero/solicitudProceso/consultar.xhtml HTTP/1.1" 200 65595
201.245.192.253 - - [07/Jul/2022:13:54:42 -0500] "POST /sipse/faces/presentacion/financiero/solicitudProceso/consultar.xhtml HTTP/1.1" 200 3930
201.245.192.253 - - [07/Jul/2022:13:54:43 -0500] "POST /sipse/faces/presentacion/financiero/solicitudProceso/consultar.xhtml HTTP/1.1" 200 35132
201.245.192.253 - - [07/Jul/2022:13:54:44 -0500] "GET /sipse/faces/javax.faces.resource/theme.css?ln=primefaces-sipse HTTP/1.1" 304 -
201.245.192.253 - - [07/Jul/2022:13:54:44 -0500] "GET /sipse/faces/javax.faces.resource/primefaces.css?ln=primefaces&v=4.0 HTTP/1.1" 304 -
201.245.192.253 - - [07/Jul/2022:13:54:44 -0500] "GET /sipse/faces/javax.faces.resource/layout/layout.css?ln=primefaces&v=4.0 HTTP/1.1" 304 -
201.245.192.253 - - [07/Jul/2022:13:54:44 -0500] "GET /sipse/faces/javax.faces.resource/jquery/jquery.js?ln=primefaces&v=4.0 HTTP/1.1" 304 -
201.245.192.253 - - [07/Jul/2022:13:54:44 -0500] "GET /sipse/faces/javax.faces.resource/jquery/jquery-plugins.js?ln=primefaces&v=4.0 HTTP/1.1" 304 -
201.245.192.253 - - [07/Jul/2022:13:54:44 -0500] "GET /sipse/faces/javax.faces.resource/primefaces.js?ln=primefaces&v=4.0 HTTP/1.1" 304 -
201.245.192.253 - - [07/Jul/2022:13:54:44 -0500] "GET /sipse/faces/javax.faces.resource/layout/layout.js?ln=primefaces&v=4.0 HTTP/1.1" 304 -
201.245.192.253 - - [07/Jul/2022:13:54:44 -0500] "POST /sipse/faces/presentacion/financiero/solicitudProceso/listarSolicitudProceso.xhtml HTTP/1.1" 200 28391
201.245.192.253 - - [07/Jul/2022:13:54:44 -0500] "POST /sipse/faces/presentacion/financiero/solicitudProceso/listarSolicitudProceso.xhtml HTTP/1.1" 200 28391
201.245.192.253 - - [07/Jul/2022:13:54:45 -0500] "POST /sipse/faces/presentacion/financiero/solicitudProceso/listarSolicitudProceso.xhtml HTTP/1.1" 200 28391
201.245.192.253 - - [07/Jul/2022:13:54:45 -0500] "POST /sipse/faces/presentacion/financiero/solicitudProceso/listarSolicitudProceso.xhtml HTTP/1.1" 200 28391
201.245.192.253 - - [07/Jul/2022:13:54:45 -0500] "POST /sipse/faces/presentacion/financiero/solicitudProceso/listarSolicitudProceso.xhtml HTTP/1.1" 200 28391
201.245.192.253 - - [07/Jul/2022:13:54:46 -0500] "POST /sipse/faces/presentacion/financiero/solicitudProceso/listarSolicitudProceso.xhtml HTTP/1.1" 200 28391
201.245.192.253 - - [07/Jul/2022:13:54:46 -0500] "POST /sipse/faces/presentacion/financiero/solicitudProceso/listarSolicitudProceso.xhtml HTTP/1.1" 200 28391
201.245.192.253 - - [07/Jul/2022:13:54:47 -0500] "POST /sipse/faces/presentacion/financiero/solicitudProceso/listarSolicitudProceso.xhtml HTTP/1.1" 200 28391
201.245.192.253 - - [07/Jul/2022:13:54:47 -0500] "POST /sipse/faces/presentacion/financiero/solicitudProceso/listarSolicitudProceso.xhtml HTTP/1.1" 200 28391
201.245.192.253 - - [07/Jul/2022:13:54:47 -0500] "POST /sipse/faces/presentacion/financiero/solicitudProceso/listarSolicitudProceso.xhtml HTTP/1.1" 200 28391
201.245.192.253 - - [07/Jul/2022:13:54:48 -0500] "POST /sipse/faces/presentacion/financiero/solicitudProceso/listarSolicitudProceso.xhtml HTTP/1.1" 200 28391
201.245.192.253 - - [07/Jul/2022:13:54:48 -0500] "POST /sipse/faces/presentacion/financiero/solicitudProceso/listarSolicitudProceso.xhtml HTTP/1.1" 200 28391
201.245.192.253 - - [07/Jul/2022:13:54:48 -0500] "POST /sipse/faces/presentacion/financiero/solicitudProceso/listarSolicitudProceso.xhtml HTTP/1.1" 200 28391
201.245.192.253 - - [07/Jul/2022:13:54:49 -0500] "POST /sipse/faces/presentacion/financiero/solicitudProceso/listarSolicitudProceso.xhtml HTTP/1.1" 200 28391
201.245.192.253 - - [07/Jul/2022:13:54:49 -0500] "POST /sipse/faces/presentacion/financiero/solicitudProceso/listarSolicitudProceso.xhtml HTTP/1.1" 200 28391
201.245.192.253 - - [07/Jul/2022:13:54:50 -0500] "POST /sipse/faces/presentacion/financiero/solicitudProceso/listarSolicitudProceso.xhtml HTTP/1.1" 200 28391
201.245.192.253 - - [07/Jul/2022:13:54:50 -0500] "POST /sipse/faces/presentacion/financiero/solicitudProceso/listarSolicitudProceso.xhtml HTTP/1.1" 200 28391
201.245.192.253 - - [07/Jul/2022:13:54:51 -0500] "POST /sipse/faces/presentacion/financiero/solicitudProceso/listarSolicitudProceso.xhtml HTTP/1.1" 200 1372
201.245.192.253 - - [07/Jul/2022:13:54:51 -0500] "POST /sipse/faces/presentacion/financiero/solicitudProceso/listarSolicitudProceso.xhtml HTTP/1.1" 200 1380
201.245.192.253 - - [07/Jul/2022:13:54:52 -0500] "POST /sipse/faces/presentacion/financiero/solicitudProceso/listarSolicitudProceso.xhtml HTTP/1.1" 200 1380
201.245.192.253 - - [07/Jul/2022:13:54:52 -0500] "POST /sipse/faces/presentacion/financiero/solicitudProceso/listarSolicitudProceso.xhtml HTTP/1.1" 200 1380
201.245.192.253 - - [07/Jul/2022:13:54:52 -0500] "POST /sipse/faces/presentacion/financiero/solicitudProceso/listarSolicitudProceso.xhtml HTTP/1.1" 200 1380
201.245.192.253 - - [07/Jul/2022:13:54:53 -0500] "POST /sipse/faces/presentacion/financiero/solicitudProceso/listarSolicitudProceso.xhtml HTTP/1.1" 200 1380
201.245.192.253 - - [07/Jul/2022:13:54:53 -0500] "POST /sipse/faces/presentacion/financiero/solicitudProceso/listarSolicitudProceso.xhtml HTTP/1.1" 200 1380
201.245.192.253 - - [07/Jul/2022:13:54:54 -0500] "POST /sipse/faces/presentacion/financiero/solicitudProceso/listarSolicitudProceso.xhtml HTTP/1.1" 200 1380
201.245.192.253 - - [07/Jul/2022:13:54:54 -0500] "POST /sipse/faces/presentacion/financiero/solicitudProceso/listarSolicitudProceso.xhtml HTTP/1.1" 200 1380
201.245.192.253 - - [07/Jul/2022:13:54:55 -0500] "POST /sipse/faces/presentacion/financiero/solicitudProceso/listarSolicitudProceso.xhtml HTTP/1.1" 200 1380
201.245.192.253 - - [07/Jul/2022:13:54:55 -0500] "POST /sipse/faces/presentacion/financiero/solicitudProceso/listarSolicitudProceso.xhtml HTTP/1.1" 200 1380
201.245.192.253 - - [07/Jul/2022:13:54:56 -0500] "POST /sipse/faces/presentacion/financiero/solicitudProceso/listarSolicitudProceso.xhtml HTTP/1.1" 200 1380
201.245.192.253 - - [07/Jul/2022:13:54:56 -0500] "POST /sipse/faces/presentacion/financiero/solicitudProceso/listarSolicitudProceso.xhtml HTTP/1.1" 200 1380
201.245.192.253 - - [07/Jul/2022:13:54:57 -0500] "POST /sipse/faces/presentacion/financiero/solicitudProceso/listarSolicitudProceso.xhtml HTTP/1.1" 200 1380
201.245.192.253 - - [07/Jul/2022:13:54:58 -0500] "POST /sipse/faces/presentacion/financiero/solicitudProceso/listarSolicitudProceso.xhtml HTTP/1.1" 200 1380
201.245.192.253 - - [07/Jul/2022:13:54:58 -0500] "POST /sipse/faces/presentacion/financiero/solicitudProceso/listarSolicitudProceso.xhtml HTTP/1.1" 200 1380
201.245.192.253 - - [07/Jul/2022:13:54:59 -0500] "POST /sipse/faces/presentacion/financiero/solicitudProceso/listarSolicitudProceso.xhtml HTTP/1.1" 200 1376
201.245.192.253 - - [07/Jul/2022:13:54:59 -0500] "POST /sipse/faces/presentacion/financiero/solicitudProceso/listarSolicitudProceso.xhtml HTTP/1.1" 200 1380
201.245.192.253 - - [07/Jul/2022:13:55:11 -0500] "POST /sipse/faces/presentacion/financiero/solicitudProceso/listarSolicitudProceso.xhtml HTTP/1.1" 200 15608
172.22.2.4 - - [07/Jul/2022:13:53:34 -0500] "HEAD /BLA/boletinlegal/ HTTP/1.1" 200 -
201.245.192.253 - - [07/Jul/2022:13:55:13 -0500] "POST /sipse/faces/presentacion/financiero/solicitudProceso/listarSolicitudProceso.xhtml HTTP/1.1" 200 169161
201.245.192.253 - - [07/Jul/2022:13:55:14 -0500] "GET /sipse/faces/javax.faces.resource/theme.css?ln=primefaces-sipse HTTP/1.1" 304 -
201.245.192.253 - - [07/Jul/2022:13:55:14 -0500] "GET /sipse/faces/javax.faces.resource/primefaces.css?ln=primefaces&v=4.0 HTTP/1.1" 304 -
201.245.192.253 - - [07/Jul/2022:13:55:14 -0500] "GET /sipse/faces/javax.faces.resource/layout/layout.css?ln=primefaces&v=4.0 HTTP/1.1" 304 -
201.245.192.253 - - [07/Jul/2022:13:55:14 -0500] "GET /sipse/faces/javax.faces.resource/jquery/jquery.js?ln=primefaces&v=4.0 HTTP/1.1" 304 -
201.245.192.253 - - [07/Jul/2022:13:55:14 -0500] "GET /sipse/faces/javax.faces.resource/jquery/jquery-plugins.js?ln=primefaces&v=4.0 HTTP/1.1" 304 -
201.245.192.253 - - [07/Jul/2022:13:55:14 -0500] "GET /sipse/faces/javax.faces.resource/primefaces.js?ln=primefaces&v=4.0 HTTP/1.1" 304 -
201.245.192.253 - - [07/Jul/2022:13:55:14 -0500] "GET /sipse/faces/javax.faces.resource/layout/layout.js?ln=primefaces&v=4.0 HTTP/1.1" 304 -
201.245.192.253 - - [07/Jul/2022:13:55:21 -0500] "POST /sipse/faces/presentacion/financiero/solicitudProceso/consultarSolicitudProceso.xhtml HTTP/1.1" 200 217987
201.245.192.253 - - [07/Jul/2022:13:55:25 -0500] "GET /APPSIA/CONTROLADOR HTTP/1.1" 404 1120
201.245.192.253 - - [07/Jul/2022:13:55:25 -0500] "GET /favicon.ico HTTP/1.1" 200 7782
201.245.192.253 - - [07/Jul/2022:13:55:41 -0500] "GET /appsia/controlador HTTP/1.1" 200 4799
201.245.192.253 - - [07/Jul/2022:13:55:41 -0500] "GET /appsia/css/estilos.css HTTP/1.1" 200 4804
201.245.192.253 - - [07/Jul/2022:13:55:41 -0500] "GET /appsia/scripts/validarIngreso.js HTTP/1.1" 200 851
201.245.192.253 - - [07/Jul/2022:13:55:41 -0500] "GET /appsia/images/logo_bogota_p.png HTTP/1.1" 200 14951
201.245.192.253 - - [07/Jul/2022:13:55:41 -0500] "GET /appsia/images/cabezoteHojaVida.png HTTP/1.1" 200 32493
201.245.192.253 - - [07/Jul/2022:13:55:54 -0500] "POST /appsia/controlador HTTP/1.1" 200 4621
201.245.192.253 - - [07/Jul/2022:13:55:51 -0500] "POST /kwsrmcab/Wsrmcab  HTTP/1.1" 200 45708
181.48.255.69 - - [07/Jul/2022:13:56:00 -0500] "GET /appsia/controlador HTTP/1.1" 200 4799
181.48.255.69 - - [07/Jul/2022:13:56:01 -0500] "GET /appsia/scripts/validarIngreso.js HTTP/1.1" 200 851
181.48.255.69 - - [07/Jul/2022:13:56:01 -0500] "GET /appsia/css/estilos.css HTTP/1.1" 200 4804
181.48.255.69 - - [07/Jul/2022:13:56:01 -0500] "GET /appsia/images/cabezoteHojaVida.png HTTP/1.1" 200 32493
181.48.255.69 - - [07/Jul/2022:13:56:01 -0500] "GET /appsia/images/logo_bogota_p.png HTTP/1.1" 200 14951
201.245.192.253 - - [07/Jul/2022:13:56:03 -0500] "POST /appsia/controlador HTTP/1.1" 200 7730
201.245.192.253 - - [07/Jul/2022:13:56:03 -0500] "GET /appsia/images/logo_escudo.png HTTP/1.1" 200 36965
172.22.2.4 - - [07/Jul/2022:13:54:24 -0500] "GET /BLA/boletinlegal/ HTTP/1.1" 200 58491
216.245.221.92 - - [07/Jul/2022:13:58:07 -0500] "HEAD / HTTP/1.1" 200 -
49.7.21.74 - - [07/Jul/2022:13:58:41 -0500] "-" 408 -
66.249.65.13 - - [07/Jul/2022:14:00:46 -0500] "-" 408 -
201.245.192.253 - - [07/Jul/2022:14:00:50 -0500] "POST /kwsrmcab/Wsrmcab  HTTP/1.1" 200 45708
172.22.2.4 - - [07/Jul/2022:13:59:24 -0500] "HEAD /BLA/boletinlegal/ HTTP/1.1" 200 -
192.168.171.64 - - [07/Jul/2022:14:01:08 -0500] "GET /BLA/resoluciones/ HTTP/1.1" 200 13093
192.168.171.64 - - [07/Jul/2022:14:01:12 -0500] "GET /BLA/resoluciones/index.php?dir=RESOLUCIONES+2009%2F HTTP/1.1" 200 1694101
192.168.171.64 - - [07/Jul/2022:14:01:24 -0500] "GET /BLA/resoluciones/RESOLUCIONES%202009/7609.pdf HTTP/1.1" 200 568004
172.22.2.4 - - [07/Jul/2022:14:01:48 -0500] "GET /BLA/boletinlegal/actos.php HTTP/1.1" 200 9559
172.22.2.4 - - [07/Jul/2022:14:01:53 -0500] "GET /BLA/boletinlegal/conceptos.php HTTP/1.1" 200 7443
172.22.2.4 - - [07/Jul/2022:14:01:53 -0500] "GET /BLA/boletinlegal/js/ajax_conceptos.js HTTP/1.1" 200 1326
172.22.2.4 - - [07/Jul/2022:14:00:14 -0500] "GET /BLA/boletinlegal/ HTTP/1.1" 200 58122
172.22.2.4 - - [07/Jul/2022:14:02:33 -0500] "GET /BLA/boletinlegal/conceptos.php HTTP/1.1" 200 7443
216.245.221.92 - - [07/Jul/2022:14:03:06 -0500] "HEAD / HTTP/1.1" 200 -
192.168.172.71 - - [07/Jul/2022:14:03:28 -0500] "GET /BLA/resoluciones/RESOLUCIONES%202019/2417.pdf HTTP/1.1" 200 425541
192.168.172.71 - - [07/Jul/2022:14:03:28 -0500] "GET /BLA/resoluciones/RESOLUCIONES%202019/2417.pdf HTTP/1.1" 206 32325
192.168.172.71 - - [07/Jul/2022:14:03:34 -0500] "GET /BLA/resoluciones/RESOLUCIONES%202019/2416.pdf HTTP/1.1" 200 444182
192.168.172.71 - - [07/Jul/2022:14:03:34 -0500] "GET /BLA/resoluciones/RESOLUCIONES%202019/2416.pdf HTTP/1.1" 206 50966
172.22.2.4 - - [07/Jul/2022:14:03:41 -0500] "GET /BLA/boletinlegal/consulta_conceptos.php?no=&solicitante=Simplicol%20SAS&radicado_entrada=2022ER120347&fecha_concepto=2022&objeto= HTTP/1.1" 200 570
172.22.2.4 - - [07/Jul/2022:14:04:22 -0500] "GET /BLA/boletinlegal/actos.php HTTP/1.1" 200 9559
172.22.2.4 - - [07/Jul/2022:14:04:22 -0500] "GET /BLA/boletinlegal/favicon.ico HTTP/1.1" 404 1326
172.22.2.4 - - [07/Jul/2022:14:04:28 -0500] "GET /BLA/boletinlegal/consulta_actos.php?tipo=autos&no=0428&usuario=&sector=&fecha=2022&resuelve= HTTP/1.1" 200 1146
172.22.2.4 - - [07/Jul/2022:14:04:13 -0500] "GET /BLA/boletinlegal/ HTTP/1.1" 200 32715
172.22.2.4 - - [07/Jul/2022:14:05:09 -0500] "GET /BLA/boletinlegal/consulta_actos.php?tipo=resoluciones&no=0428&usuario=&sector=&fecha=2022&resuelve= HTTP/1.1" 200 1091
192.168.172.71 - - [07/Jul/2022:14:05:44 -0500] "GET /BLA/resoluciones/RESOLUCIONES%202019/2478.pdf HTTP/1.1" 200 373946
192.168.172.71 - - [07/Jul/2022:14:05:45 -0500] "GET /BLA/resoluciones/RESOLUCIONES%202019/2478.pdf HTTP/1.1" 206 46266
201.245.192.253 - - [07/Jul/2022:14:05:49 -0500] "POST /kwsrmcab/Wsrmcab  HTTP/1.1" 200 45708
172.22.2.4 - - [07/Jul/2022:14:05:53 -0500] "GET /BLA/boletinlegal/jurisprudencia/analisis/CUADRO%20ANALISIS%20SENTENCIA%20C-554%20DE%202007.doc HTTP/1.1" 304 -
192.168.172.71 - - [07/Jul/2022:14:06:24 -0500] "GET /BLA/resoluciones/RESOLUCIONES%202019/2682.pdf HTTP/1.1" 200 359415
192.168.172.71 - - [07/Jul/2022:14:06:24 -0500] "GET /BLA/resoluciones/RESOLUCIONES%202019/2682.pdf HTTP/1.1" 206 31735
66.249.65.13 - - [07/Jul/2022:14:06:26 -0500] "-" 408 -
65.154.226.220 - - [07/Jul/2022:14:06:33 -0500] "GET /portaldeninos/wp-includes/js/wp-emoji-release.min.js?ver=4.9.8 HTTP/1.1" 200 12026
65.154.226.220 - - [07/Jul/2022:14:06:34 -0500] "GET /portaldeninos/wp-content/plugins/google-analytics-for-wordpress/assets/js/frontend-gtag.min.js?ver=8.5.0 HTTP/1.1" 200 11801
65.154.226.220 - - [07/Jul/2022:14:06:34 -0500] "GET /portaldeninos/wp-includes/js/jquery/jquery.js?ver=1.12.4 HTTP/1.1" 200 97184
65.154.226.220 - - [07/Jul/2022:14:06:35 -0500] "GET /portaldeninos/wp-includes/js/jquery/jquery-migrate.min.js?ver=1.4.1 HTTP/1.1" 200 10056
65.154.226.220 - - [07/Jul/2022:14:06:35 -0500] "GET /portaldeninos/wp-includes/js/jquery/ui/core.min.js?ver=1.11.4 HTTP/1.1" 200 4000
65.154.226.220 - - [07/Jul/2022:14:06:36 -0500] "GET /portaldeninos/wp-content/plugins/gallery-videos/JS/modernizr.custom.js?ver=4.9.8 HTTP/1.1" 200 9019
65.154.226.220 - - [07/Jul/2022:14:06:36 -0500] "GET /portaldeninos/wp-content/plugins/gallery-videos/JS/Total-Soft-Gallery-Video-Widget.js?ver=4.9.8 HTTP/1.1" 200 80264
65.154.226.220 - - [07/Jul/2022:14:06:36 -0500] "GET /portaldeninos/wp-includes/js/jquery/ui/widget.min.js?ver=1.11.4 HTTP/1.1" 200 6908
65.154.226.220 - - [07/Jul/2022:14:06:36 -0500] "GET /portaldeninos/wp-includes/js/jquery/ui/mouse.min.js?ver=1.11.4 HTTP/1.1" 200 3148
65.154.226.220 - - [07/Jul/2022:14:06:37 -0500] "GET /portaldeninos/wp-includes/js/jquery/ui/sortable.min.js?ver=1.11.4 HTTP/1.1" 200 24899
65.154.226.220 - - [07/Jul/2022:14:06:37 -0500] "GET /portaldeninos/wp-includes/js/jquery/ui/tabs.min.js?ver=1.11.4 HTTP/1.1" 200 12110
65.154.226.220 - - [07/Jul/2022:14:06:38 -0500] "GET /portaldeninos/wp-includes/js/jquery/ui/accordion.min.js?ver=1.11.4 HTTP/1.1" 200 8584
65.154.226.220 - - [07/Jul/2022:14:06:38 -0500] "GET /portaldeninos/wp-content/themes/betheme/js/plugins.js?ver=20.9.6 HTTP/1.1" 200 197151
65.154.226.220 - - [07/Jul/2022:14:06:39 -0500] "GET /portaldeninos/wp-content/themes/betheme/js/menu.js?ver=20.9.6 HTTP/1.1" 200 2449
65.154.226.220 - - [07/Jul/2022:14:06:39 -0500] "GET /portaldeninos/wp-content/themes/betheme/assets/animations/animations.min.js?ver=20.9.6 HTTP/1.1" 200 1896
65.154.226.220 - - [07/Jul/2022:14:06:39 -0500] "GET /portaldeninos/wp-content/themes/betheme/assets/jplayer/jplayer.min.js?ver=20.9.6 HTTP/1.1" 200 52702
65.154.226.220 - - [07/Jul/2022:14:06:40 -0500] "GET /portaldeninos/wp-content/themes/betheme/js/scripts.js?ver=20.9.6 HTTP/1.1" 200 77162
65.154.226.220 - - [07/Jul/2022:14:06:40 -0500] "GET /portaldeninos/wp-includes/js/wp-embed.min.js?ver=4.9.8 HTTP/1.1" 200 1398
192.168.172.71 - - [07/Jul/2022:14:06:43 -0500] "GET /BLA/resoluciones/RESOLUCIONES%202019/2686.pdf HTTP/1.1" 200 386159
192.168.172.71 - - [07/Jul/2022:14:06:44 -0500] "GET /BLA/resoluciones/RESOLUCIONES%202019/2686.pdf HTTP/1.1" 206 58479
172.22.2.4 - - [07/Jul/2022:14:05:14 -0500] "HEAD /BLA/boletinlegal/ HTTP/1.1" 200 -
186.154.205.243 - - [07/Jul/2022:14:07:16 -0500] "GET /BLA/boletinlegal/style.css HTTP/1.1" 200 9406
186.154.205.243 - - [07/Jul/2022:14:07:16 -0500] "GET /BLA/boletinlegal/styles2.css HTTP/1.1" 200 1838
186.154.205.243 - - [07/Jul/2022:14:07:16 -0500] "GET /BLA/boletinlegal/js/jquery.js HTTP/1.1" 200 57254
186.154.205.243 - - [07/Jul/2022:14:07:16 -0500] "GET /BLA/boletinlegal/js/jquery.scrollShow.js HTTP/1.1" 200 4586
186.154.205.243 - - [07/Jul/2022:14:07:16 -0500] "GET /BLA/boletinlegal/js/jquery.scrollTo-min.js HTTP/1.1" 200 1150
186.154.205.243 - - [07/Jul/2022:14:07:16 -0500] "GET /BLA/boletinlegal/images/cabezote%20BLEGAL.jpg HTTP/1.1" 200 118164
186.154.205.243 - - [07/Jul/2022:14:07:16 -0500] "GET /BLA/boletinlegal/images/subscribe-icon-big.png HTTP/1.1" 200 47702
186.154.205.243 - - [07/Jul/2022:14:07:17 -0500] "GET /BLA/boletinlegal/images/historia.png HTTP/1.1" 200 52775
186.154.205.243 - - [07/Jul/2022:14:07:17 -0500] "GET /BLA/boletinlegal/images/registro-usuarios.png HTTP/1.1" 200 8106
186.154.205.243 - - [07/Jul/2022:14:07:17 -0500] "GET /BLA/boletinlegal/images/arr_l.jpg HTTP/1.1" 200 1979
186.154.205.243 - - [07/Jul/2022:14:07:18 -0500] "GET /BLA/boletinlegal/images/screen_1.png HTTP/1.1" 200 202547
186.154.205.243 - - [07/Jul/2022:14:07:18 -0500] "GET /BLA/boletinlegal/images/launch.jpg HTTP/1.1" 200 14577
192.168.172.71 - - [07/Jul/2022:14:07:19 -0500] "GET /BLA/resoluciones/RESOLUCIONES%202019/2689.pdf HTTP/1.1" 200 435238
192.168.172.71 - - [07/Jul/2022:14:07:19 -0500] "GET /BLA/resoluciones/RESOLUCIONES%202019/2689.pdf HTTP/1.1" 206 42022
186.154.205.243 - - [07/Jul/2022:14:07:19 -0500] "GET /BLA/boletinlegal/images/body_bg.jpg HTTP/1.1" 200 1601
186.154.205.243 - - [07/Jul/2022:14:07:19 -0500] "GET /BLA/boletinlegal/images/menu_lft.gif HTTP/1.1" 200 1713
186.154.205.243 - - [07/Jul/2022:14:07:19 -0500] "GET /BLA/boletinlegal/images/menu_rght.gif HTTP/1.1" 200 1627
186.154.205.243 - - [07/Jul/2022:14:07:19 -0500] "GET /BLA/boletinlegal/images/bg_top.jpg HTTP/1.1" 200 522
186.154.205.243 - - [07/Jul/2022:14:07:19 -0500] "GET /BLA/boletinlegal/images/menu_bg.jpg HTTP/1.1" 200 620
186.154.205.243 - - [07/Jul/2022:14:07:19 -0500] "GET /BLA/boletinlegal/images/hover.jpg HTTP/1.1" 200 640
186.154.205.243 - - [07/Jul/2022:14:07:19 -0500] "GET /BLA/boletinlegal/images/text.jpg HTTP/1.1" 200 568
186.154.205.243 - - [07/Jul/2022:14:07:23 -0500] "GET /BLA/boletinlegal/images/screen_3.png HTTP/1.1" 200 210620
186.154.205.243 - - [07/Jul/2022:14:07:23 -0500] "GET /BLA/boletinlegal/images/screen_2.png HTTP/1.1" 200 362502
186.154.205.243 - - [07/Jul/2022:14:07:23 -0500] "GET /BLA/boletinlegal/images/screen_5.png HTTP/1.1" 200 368876
186.154.205.243 - - [07/Jul/2022:14:07:23 -0500] "GET /BLA/boletinlegal/images/arr_r.jpg HTTP/1.1" 200 1998
186.154.205.243 - - [07/Jul/2022:14:07:23 -0500] "GET /BLA/boletinlegal/images/footer_bg.jpg HTTP/1.1" 200 586
186.154.205.243 - - [07/Jul/2022:14:07:32 -0500] "GET /BLA/boletinlegal/images/pdf.gif HTTP/1.1" 200 567
172.22.2.4 - - [07/Jul/2022:14:06:04 -0500] "GET /BLA/boletinlegal/ HTTP/1.1" 200 56279
192.168.172.71 - - [07/Jul/2022:14:08:05 -0500] "GET /BLA/resoluciones/RESOLUCIONES%202019/2693.pdf HTTP/1.1" 200 386076
192.168.172.71 - - [07/Jul/2022:14:08:05 -0500] "GET /BLA/resoluciones/RESOLUCIONES%202019/2693.pdf HTTP/1.1" 206 58396
216.245.221.92 - - [07/Jul/2022:14:08:07 -0500] "HEAD / HTTP/1.1" 200 -
186.154.205.243 - - [07/Jul/2022:14:07:15 -0500] "GET /BLA/boletinlegal/index.php HTTP/1.1" 200 61510
186.154.205.243 - - [07/Jul/2022:14:08:56 -0500] "GET /favicon.ico HTTP/1.1" 200 7782
192.168.172.71 - - [07/Jul/2022:14:09:21 -0500] "GET /BLA/resoluciones/RESOLUCIONES%202019/2694.pdf HTTP/1.1" 200 384988
192.168.172.71 - - [07/Jul/2022:14:09:21 -0500] "GET /BLA/resoluciones/RESOLUCIONES%202019/2694.pdf HTTP/1.1" 206 57308
192.168.172.71 - - [07/Jul/2022:14:09:40 -0500] "GET /BLA/resoluciones/RESOLUCIONES%202019/2712.pdf HTTP/1.1" 200 368506
192.168.172.71 - - [07/Jul/2022:14:09:40 -0500] "GET /BLA/resoluciones/RESOLUCIONES%202019/2712.pdf HTTP/1.1" 206 40826
192.168.172.71 - - [07/Jul/2022:14:10:00 -0500] "GET /BLA/resoluciones/RESOLUCIONES%202019/2713.pdf HTTP/1.1" 200 369626
192.168.172.71 - - [07/Jul/2022:14:10:00 -0500] "GET /BLA/resoluciones/RESOLUCIONES%202019/2713.pdf HTTP/1.1" 206 41946
172.22.2.4 - - [07/Jul/2022:14:10:06 -0500] "GET /BLA/boletinlegal/conceptos.php HTTP/1.1" 200 7443
192.168.172.71 - - [07/Jul/2022:14:10:18 -0500] "GET /BLA/resoluciones/RESOLUCIONES%202019/2725.pdf HTTP/1.1" 200 412431
192.168.172.71 - - [07/Jul/2022:14:10:18 -0500] "GET /BLA/resoluciones/RESOLUCIONES%202019/2725.pdf HTTP/1.1" 206 19215
172.22.2.4 - - [07/Jul/2022:14:10:01 -0500] "GET /BLA/boletinlegal/ HTTP/1.1" 200 24523
201.245.192.253 - - [07/Jul/2022:14:10:49 -0500] "POST /kwsrmcab/Wsrmcab  HTTP/1.1" 200 45708
192.168.172.71 - - [07/Jul/2022:14:11:00 -0500] "GET /BLA/resoluciones/RESOLUCIONES%202019/2726.pdf HTTP/1.1" 200 424655
192.168.172.71 - - [07/Jul/2022:14:11:00 -0500] "GET /BLA/resoluciones/RESOLUCIONES%202019/2726.pdf HTTP/1.1" 206 31439
172.22.2.4 - - [07/Jul/2022:14:11:49 -0500] "GET /BLA/boletinlegal/actos.php HTTP/1.1" 200 9559
66.249.65.13 - - [07/Jul/2022:14:12:12 -0500] "-" 408 -
172.22.2.4 - - [07/Jul/2022:14:12:19 -0500] "GET /BLA/boletinlegal/consulta_actos.php?tipo=autos&no=&usuario=Simplicol%20SAS&sector=VERTIMIENTOS&fecha=2022&resuelve= HTTP/1.1" 200 626
172.22.2.4 - - [07/Jul/2022:14:11:04 -0500] "HEAD /BLA/boletinlegal/ HTTP/1.1" 200 -
172.22.2.4 - - [07/Jul/2022:14:12:56 -0500] "GET /BLA/boletinlegal/actos.php HTTP/1.1" 200 9559
201.245.192.253 - - [07/Jul/2022:14:12:57 -0500] "GET /BLA/resoluciones/ HTTP/1.1" 200 13093
201.245.192.253 - - [07/Jul/2022:14:12:59 -0500] "GET /BLA/resoluciones/index.php?dir=AUTOS+2014%2F HTTP/1.1" 200 875367
207.46.13.31 - - [07/Jul/2022:14:13:06 -0500] "GET /BLA/resoluciones/AUTOS%202014/0563.pdf HTTP/1.1" 200 1023692
216.245.221.92 - - [07/Jul/2022:14:13:06 -0500] "HEAD / HTTP/1.1" 200 -
172.22.2.4 - - [07/Jul/2022:14:13:32 -0500] "GET /BLA/boletinlegal/consulta_actos.php?tipo=autos&no=&usuario=Simplicol%20SAS&sector=VERTIMIENTOS&fecha=2022&resuelve= HTTP/1.1" 200 626
172.22.2.4 - - [07/Jul/2022:14:11:54 -0500] "GET /BLA/boletinlegal/ HTTP/1.1" 200 51540
186.154.205.243 - - [07/Jul/2022:14:13:34 -0500] "GET /BLA/resoluciones/ HTTP/1.1" 200 13093
186.154.205.243 - - [07/Jul/2022:14:13:35 -0500] "GET /BLA/resoluciones/dlf/folder.png HTTP/1.1" 200 410
186.154.205.243 - - [07/Jul/2022:14:13:35 -0500] "GET /BLA/resoluciones/dlf/styles.css HTTP/1.1" 200 3049
186.154.205.243 - - [07/Jul/2022:14:13:35 -0500] "GET /BLA/resoluciones/dlf/bg.gif HTTP/1.1" 200 54
199.16.157.182 - - [07/Jul/2022:14:13:47 -0500] "GET /images/eficiencia-energetica-11-marzo.jpg HTTP/1.1" 200 46478
199.16.157.180 - - [07/Jul/2022:14:13:47 -0500] "GET /quieres-saber-como-ahorrar-energia-en-tu-empresa-secretaria-de-ambiente-lanza-guia-que-te-ayudara.html HTTP/1.1" 200 998
172.22.2.4 - - [07/Jul/2022:14:12:52 -0500] "GET /BLA/boletinlegal/ HTTP/1.1" 200 55912
172.22.2.4 - - [07/Jul/2022:14:14:53 -0500] "GET /BLA/boletinlegal/Directivas/2017/Directiva%20No.%2004%20del%2028%20de%20Abril%20de%202017.pdf HTTP/1.1" 304 -
192.168.172.71 - - [07/Jul/2022:14:15:44 -0500] "GET /BLA/resoluciones/RESOLUCIONES%202019/2762.pdf HTTP/1.1" 200 348762
192.168.172.71 - - [07/Jul/2022:14:15:44 -0500] "GET /BLA/resoluciones/RESOLUCIONES%202019/2762.pdf HTTP/1.1" 206 21082
201.245.192.253 - - [07/Jul/2022:14:15:48 -0500] "POST /kwsrmcab/Wsrmcab  HTTP/1.1" 200 45708
192.168.172.71 - - [07/Jul/2022:14:16:07 -0500] "GET /BLA/resoluciones/RESOLUCIONES%202019/2906.pdf HTTP/1.1" 200 328206
192.168.172.71 - - [07/Jul/2022:14:16:07 -0500] "GET /BLA/resoluciones/RESOLUCIONES%202019/2906.pdf HTTP/1.1" 206 66062
173.252.127.5 - - [07/Jul/2022:14:16:23 -0500] "GET /images/mercados-campesinos-5-mayo.jpg HTTP/1.1" 200 95848
192.168.172.71 - - [07/Jul/2022:14:16:27 -0500] "GET /BLA/resoluciones/RESOLUCIONES%202019/2990.pdf HTTP/1.1" 200 449774
192.168.172.71 - - [07/Jul/2022:14:16:28 -0500] "GET /BLA/resoluciones/RESOLUCIONES%202019/2990.pdf HTTP/1.1" 206 56558
192.168.172.71 - - [07/Jul/2022:14:16:48 -0500] "GET /BLA/resoluciones/RESOLUCIONES%202019/3017.pdf HTTP/1.1" 200 330307
192.168.172.71 - - [07/Jul/2022:14:16:49 -0500] "GET /BLA/resoluciones/RESOLUCIONES%202019/3017.pdf HTTP/1.1" 206 2627
192.168.172.71 - - [07/Jul/2022:14:17:04 -0500] "GET /BLA/resoluciones/RESOLUCIONES%202019/3026.pdf HTTP/1.1" 200 394301
192.168.172.71 - - [07/Jul/2022:14:17:04 -0500] "GET /BLA/resoluciones/RESOLUCIONES%202019/3026.pdf HTTP/1.1" 206 1085
172.22.2.4 - - [07/Jul/2022:14:17:53 -0500] "GET /BLA/boletinlegal/consulta_actos.php?tipo=resoluciones&no=0416&usuario=&sector=&fecha=2022&resuelve= HTTP/1.1" 200 626
172.22.2.4 - - [07/Jul/2022:14:17:54 -0500] "GET /BLA/boletinlegal/consulta_actos.php?tipo=resoluciones&no=0416&usuario=&sector=&fecha=2022&resuelve= HTTP/1.1" 200 626
172.22.2.4 - - [07/Jul/2022:14:17:57 -0500] "GET /BLA/boletinlegal/consulta_actos.php?tipo=resoluciones&no=0416&usuario=&sector=&fecha=2022&resuelve= HTTP/1.1" 200 626
216.245.221.92 - - [07/Jul/2022:14:18:07 -0500] "HEAD / HTTP/1.1" 200 -
192.168.172.71 - - [07/Jul/2022:14:18:07 -0500] "GET /BLA/resoluciones/RESOLUCIONES%202019/3065.pdf HTTP/1.1" 200 433661
192.168.172.71 - - [07/Jul/2022:14:18:07 -0500] "GET /BLA/resoluciones/RESOLUCIONES%202019/3065.pdf HTTP/1.1" 206 40445
172.22.2.4 - - [07/Jul/2022:14:16:54 -0500] "HEAD /BLA/boletinlegal/ HTTP/1.1" 200 -
66.249.65.13 - - [07/Jul/2022:14:18:38 -0500] "-" 408 -
192.168.172.71 - - [07/Jul/2022:14:19:13 -0500] "GET /BLA/resoluciones/RESOLUCIONES%202019/3103.pdf HTTP/1.1" 200 804543
192.168.172.71 - - [07/Jul/2022:14:19:13 -0500] "GET /BLA/resoluciones/RESOLUCIONES%202019/3103.pdf HTTP/1.1" 206 18111
172.22.2.4 - - [07/Jul/2022:14:17:44 -0500] "GET /BLA/boletinlegal/ HTTP/1.1" 200 58122
186.102.47.229 - - [07/Jul/2022:14:19:24 -0500] "GET /kwssiamovil/sm/acme/a?s=U2FsdGVkX1+GWA34xE+xt3OJY4vGI2xryAeH8QhJ+U2OEQ0uH4fV6pvTS4SppbTzpD1gMNkP0fqmGwU4KuBZLFlTQkX7mxxcY6Fx+ne9vL8pWguC9H8N5wLGRZgmlpqPhMmkWlIvZ94cf51bIdePPSVahmxy2+kOVWTpNYY5WgH9uoRn6SDmhWp4YmDwfMsLmiRiN7Me1hHqUEgCA+l8s3EhvhaHiXFWjvNnSLVjL+3ejXXaiD7hvNYWg6qoa6b1AJpKCiSvDsaKH5FZZUuj4g==&u=U2FsdGVkX19Hfrd7RcZ+D/cmwr3Odm3v4ewoAWPKovA=&y=U2FsdGVkX1/Y8OguKyX8uflBse7aq0gLVd2rYuwYeeHsSlDgu+dAd5Pt46nJ2E/Z HTTP/1.1" 200 25
186.102.47.229 - - [07/Jul/2022:14:19:25 -0500] "GET /kwssiamovil/sm/acme/a?s=U2FsdGVkX192PljeTA2LpIJpa22ZMvpf7BO5D37BYCOU7cZJXQRKyhbFLU0EKjieEr5id9CN7hUmIdEeNsZlBhqJ1QMITGcFSyTjEa+Y+aSn4X2Tfs1zuiGcXX+tAKUnovZEi+dOPjsI/dTz30HmLIzcb+j24DJH4bimIbcCaBIQJrhQ6iCpHpH3KGOgBGg2ICdqHqMh0u7utpV1RHvRHaI6do8iLs6OYQJ9JCPJrXmRZ2KRs0/vX9cYIVIuHF5gtfPKmFF83+oFDZJ94Jdayu86kFzLThtxhp3HQB8tjb6V1CRkVWr2OyIqoY7m+XMF/U1hCgn/+wcXoTtnpeRNvhzUNbCqTkOyBSE4q9/go3tyYHCc0/+QYL9F6GClUCET+vyw7vOjjrQJgO767HDLSh67fNzerJOjf25YCXedE4JYd4E8wN0lflYEEsmBqtfDV/wbFA7aBWOQZmSqhELIkD+ZatvgozyComP65SNO2ltCu5ShYkzBYjpnHoNk0cbqkPlb+s0iKXbUUcHux7hYpkVXcFe2eUhd3Kv/nLO48ndmhTC0JABuKQIcgRu8xKGU1J/p5vdA7GPEsaFnsDE44XtrgnSL7/STpCGwtD/FqYL2KXbtpY9OWDe555XtPtNt6autX5X35PEB70IcYPiZ5wwBRv+tue3la4CQYh64+WklT1PTOmL+LXHDSwWRSeNlsmwRVFKLhrzEFjwkPhS/TjbTklBDjcVCULRTnbZIrrSsdqwHOnSbW6+pI9UnAVVH/2z1MR9SyZIlggWBOmsxlCzR/GdKuEMDomGBB/oOoufZ+h26ir5MFhptzGsc76MAYmFr05tN311QfSe5Yo/3d6ManI1JhsmbHFAiGI+Wb8ZbqaAhYoDn7SUNlVfwd/+Zd35rp50PBUAsLs+yOO3dKJnk7kJQno3DIXo3zq+81KRNuHkxJ9wvBcGq/Ea9zB9VsJZHmufBLhS+tMQhQtkxxzXOb8D6HU2nQgFzN7s/M5oK1hlUurZvfHlXTDyDn56isPQGHDVG2JrRnv+JqmY26IZOmxKL2CiMrnIK4BR/swhbFhLgMjaP/3h7OSb4PV4rwk4wXIYDjilVhSeYsUHK0ipsNQuqHrUmPU067YXxKKU+5w63G0AUgCqsj+Qc6ZwX2KqrGpimaWG4rSjupCAbM0c0lOb7y5sPJfUdfneZ+BZe4a8muU5GgjpdCZfBgOJq+VE7LbuyjTjtq/zwJr6olXAG94nsLkz12338UdBAwZ0BmCTbsKGri/WvfKY3V3JglU82EzciQN2s7i1Gii5dNd6l3FaZP5atbBhXmqy4nZMJ+leuXjjydlJDJ/8KLuYsy9pSoVKt2nwjfXBxFJrOJ5IjcWoB7gxSZ8jLe5W/h+zNUi8Wo+wZ44jezIT23Hlwfz4yQjSrmZRADl/0Ns7t225OSdTtNHMvtlswre5uMhPyYYa8NbTkusSP47NIuyuIOGIUgeiAOr+o86L6V+2YeDTrtVAF9GI476kADwN0ggsbjt7wmqNdyINS2Gg0VnG2TNpo5IiuRQMSnw6fyLZuFjI0yd/q+jRNIMo4h799MRkA2+9rr7G/NqkXNMMC7YSlAeG77euVbENeQWwUV7koGTngCvYqBruN+RkUJuT3D/a7zzDqsbJkvsuy88SL+kVAYRm3fg81XjIfCj9SDyCDz6rP6421EL4z0tf7ga/6fqs=&u=U2FsdGVkX19Hfrd7RcZ+D/cmwr3Odm3v4ewoAWPKovA=&y=U2FsdGVkX1/Y8OguKyX8uflBse7aq0gLVd2rYuwYeeHsSlDgu+dAd5Pt46nJ2E/Z HTTP/1.1" 200 25
186.102.47.229 - - [07/Jul/2022:14:19:25 -0500] "GET /kwssiamovil/sm/acme/a?s=U2FsdGVkX1/uOd8LL+KWej3ref8SAldlPLYpogVo3qiLhb7RJyFwJXfcM1F+go/k6yYWYB0nNECqAIiElkZ6LVdJtdEVNCxQnqiSLcOyLyQaFKawwZxZwRfifSNwHCFBSq3tI01Un3Q0iKo1GyQopMtZwqGp5Tfxd+ju/P1M7os=&u=U2FsdGVkX19Hfrd7RcZ+D/cmwr3Odm3v4ewoAWPKovA=&y=U2FsdGVkX1/Y8OguKyX8uflBse7aq0gLVd2rYuwYeeHsSlDgu+dAd5Pt46nJ2E/Z HTTP/1.1" 200 25
186.102.47.229 - - [07/Jul/2022:14:19:25 -0500] "GET /kwssiamovil/sm/acme/a?s=U2FsdGVkX19MQ1/hMor6PxcDCADRj49IU6ZSlvs+YKcUfTecxSVTfUWKvMXps0tBZ5jxpKAjfbzrZhaUJ0iy7YUq1FxZM5k7f0QSM1UKA9hZ8HIltSPXXLDlX9nFhVhFBy7Ek+W0FqKj2YeDXDx5iKD6sHfxsPAvDWYhLsphznM=&u=U2FsdGVkX19Hfrd7RcZ+D/cmwr3Odm3v4ewoAWPKovA=&y=U2FsdGVkX1/Y8OguKyX8uflBse7aq0gLVd2rYuwYeeHsSlDgu+dAd5Pt46nJ2E/Z HTTP/1.1" 200 25
186.102.47.229 - - [07/Jul/2022:14:19:25 -0500] "GET /kwssiamovil/sm/acme/a?s=U2FsdGVkX1/IyYp/FBKwXY4bd9Lo0MKundNTOtTQW140/IIoUK86aCsqx4NQ7zNfUpVw0pvhsKaMbiakU38D+biS4umIrFfFZV2UPZSLiyGKCGJWGwgY3WDATDbElF5xY/Mu6LOgfjr7OQ//eNt4ZCoDp2ayZEto0wP2+d2N47Y=&u=U2FsdGVkX19Hfrd7RcZ+D/cmwr3Odm3v4ewoAWPKovA=&y=U2FsdGVkX1/Y8OguKyX8uflBse7aq0gLVd2rYuwYeeHsSlDgu+dAd5Pt46nJ2E/Z HTTP/1.1" 200 25
186.102.47.229 - - [07/Jul/2022:14:19:25 -0500] "GET /kwssiamovil/sm/acme/a?s=U2FsdGVkX18BsydPgp0M7nHl2DiWHqzSI9XgbDtI1+gQy5YbA7FxHc4S0ERSKWB5RjCEkL8ObPkDsugCHjvjeu2ZqbNYOmHjwdK9oFnYhIGF0xc0tFeO1voOAVJMGogqMF5TrlPfcj1wVFVJxOn7HF3ZMTy4EN2LiQLsJlK9TaFCtt9tElgjtvT3fKLAd/5l&u=U2FsdGVkX19Hfrd7RcZ+D/cmwr3Odm3v4ewoAWPKovA=&y=U2FsdGVkX1/Y8OguKyX8uflBse7aq0gLVd2rYuwYeeHsSlDgu+dAd5Pt46nJ2E/Z HTTP/1.1" 200 25
49.7.21.74 - - [07/Jul/2022:14:19:40 -0500] "-" 408 -
192.168.172.71 - - [07/Jul/2022:14:19:50 -0500] "GET /BLA/resoluciones/RESOLUCIONES%202019/3004.pdf HTTP/1.1" 200 490203
192.168.172.71 - - [07/Jul/2022:14:19:50 -0500] "GET /BLA/resoluciones/RESOLUCIONES%202019/3004.pdf HTTP/1.1" 206 31451
192.168.172.71 - - [07/Jul/2022:14:19:59 -0500] "GET /BLA/resoluciones/RESOLUCIONES%202019/3104.pdf HTTP/1.1" 200 650800
192.168.172.71 - - [07/Jul/2022:14:19:59 -0500] "GET /BLA/resoluciones/RESOLUCIONES%202019/3104.pdf HTTP/1.1" 206 60976
172.22.2.4 - - [07/Jul/2022:14:20:00 -0500] "GET /BLA/boletinlegal/consulta_actos.php?tipo=resoluciones&no=0481&usuario=&sector=&fecha=2022&resuelve= HTTP/1.1" 200 1097
192.168.172.71 - - [07/Jul/2022:14:20:15 -0500] "GET /BLA/resoluciones/RESOLUCIONES%202019/3106.pdf HTTP/1.1" 200 668799
192.168.172.71 - - [07/Jul/2022:14:20:16 -0500] "GET /BLA/resoluciones/RESOLUCIONES%202019/3106.pdf HTTP/1.1" 206 13439
192.168.172.71 - - [07/Jul/2022:14:20:35 -0500] "GET /BLA/resoluciones/RESOLUCIONES%202019/3108.pdf HTTP/1.1" 200 845333
192.168.172.71 - - [07/Jul/2022:14:20:35 -0500] "GET /BLA/resoluciones/RESOLUCIONES%202019/3108.pdf HTTP/1.1" 206 58901
172.22.2.4 - - [07/Jul/2022:14:20:47 -0500] "GET /BLA/boletinlegal/sugerencias.php/js/jquery.js HTTP/1.1" 200 8615
201.245.192.253 - - [07/Jul/2022:14:20:47 -0500] "POST /kwsrmcab/Wsrmcab  HTTP/1.1" 200 45708
207.46.13.8 - - [07/Jul/2022:14:20:58 -0500] "GET /BLA/resoluciones/00001439.tif HTTP/1.1" 404 1018
192.168.172.71 - - [07/Jul/2022:14:21:01 -0500] "GET /BLA/resoluciones/RESOLUCIONES%202019/3110.pdf HTTP/1.1" 200 514354
192.168.172.71 - - [07/Jul/2022:14:21:01 -0500] "GET /BLA/resoluciones/RESOLUCIONES%202019/3110.pdf HTTP/1.1" 206 55602
192.168.172.71 - - [07/Jul/2022:14:21:22 -0500] "GET /BLA/resoluciones/RESOLUCIONES%202019/3111.pdf HTTP/1.1" 200 583489
192.168.172.71 - - [07/Jul/2022:14:21:22 -0500] "GET /BLA/resoluciones/RESOLUCIONES%202019/3111.pdf HTTP/1.1" 206 59201
201.245.192.253 - - [07/Jul/2022:14:21:28 -0500] "POST /kwsrmcab/Wsrmcab HTTP/1.1" 200 43803
201.245.192.253 - - [07/Jul/2022:14:21:31 -0500] "POST /kwsrmcab/Wsrmcab HTTP/1.1" 200 45515
192.168.172.71 - - [07/Jul/2022:14:21:44 -0500] "GET /BLA/resoluciones/RESOLUCIONES%202019/3112.pdf HTTP/1.1" 200 676599
192.168.172.71 - - [07/Jul/2022:14:21:44 -0500] "GET /BLA/resoluciones/RESOLUCIONES%202019/3112.pdf HTTP/1.1" 206 21239
192.168.172.71 - - [07/Jul/2022:14:22:27 -0500] "GET /BLA/resoluciones/RESOLUCIONES%202019/3113.pdf HTTP/1.1" 200 959332
192.168.172.71 - - [07/Jul/2022:14:22:27 -0500] "GET /BLA/resoluciones/RESOLUCIONES%202019/3113.pdf HTTP/1.1" 206 41828
216.245.221.92 - - [07/Jul/2022:14:23:06 -0500] "HEAD / HTTP/1.1" 200 -
192.168.172.71 - - [07/Jul/2022:14:24:21 -0500] "GET /BLA/resoluciones/RESOLUCIONES%202019/3115.pdf HTTP/1.1" 200 600763
192.168.172.71 - - [07/Jul/2022:14:24:21 -0500] "GET /BLA/resoluciones/RESOLUCIONES%202019/3115.pdf HTTP/1.1" 206 10939
172.22.2.4 - - [07/Jul/2022:14:22:44 -0500] "HEAD /BLA/boletinlegal/ HTTP/1.1" 200 -
66.249.65.13 - - [07/Jul/2022:14:24:24 -0500] "-" 408 -
192.168.172.71 - - [07/Jul/2022:14:24:49 -0500] "GET /BLA/resoluciones/RESOLUCIONES%202019/3445.pdf HTTP/1.1" 200 282814
192.168.172.71 - - [07/Jul/2022:14:24:49 -0500] "GET /BLA/resoluciones/RESOLUCIONES%202019/3445.pdf HTTP/1.1" 206 20670
172.22.2.4 - - [07/Jul/2022:14:23:34 -0500] "GET /BLA/boletinlegal/ HTTP/1.1" 200 60992
192.168.172.71 - - [07/Jul/2022:14:25:36 -0500] "GET /BLA/resoluciones/RESOLUCIONES%202019/3469.pdf HTTP/1.1" 200 360397
192.168.172.71 - - [07/Jul/2022:14:25:36 -0500] "GET /BLA/resoluciones/RESOLUCIONES%202019/3469.pdf HTTP/1.1" 206 32717
186.102.24.13 - - [07/Jul/2022:14:25:43 -0500] "GET /kwssiamovil/sm/acme/u?s=U2FsdGVkX1+jR9FL7xp85jGj9A+K46a2db+zk1RuEddwg9I42j4oGDQqd6UfHgrQCBjtVG7+VH7W1iV1wKPPQyGGISfxzkQjqOSxJkVFqOUt69xxL01g5e4Xl9Pbm3gk8UikYZYhqf0WVqfZ9iXb3Q==&u=U2FsdGVkX19YT7TmOcBcQEIjhifojUS+urNwXdqT7eLxDIu4YxjNUij1FhpW+ZiI&y=U2FsdGVkX19UfDS45T4DVL/yPa2D44VsKIUKAzU/7lJoRBVEBKV04Dn0TafMkzP/ HTTP/1.1" 200 60
201.245.192.253 - - [07/Jul/2022:14:25:46 -0500] "POST /kwsrmcab/Wsrmcab  HTTP/1.1" 200 45708
192.168.172.71 - - [07/Jul/2022:14:27:10 -0500] "GET /BLA/resoluciones/RESOLUCIONES%202019/3527.pdf HTTP/1.1" 200 353840
192.168.172.71 - - [07/Jul/2022:14:27:10 -0500] "GET /BLA/resoluciones/RESOLUCIONES%202019/3527.pdf HTTP/1.1" 206 26160
69.171.231.4 - - [07/Jul/2022:14:27:26 -0500] "GET /images/Brasil1.jpeg HTTP/1.1" 200 27965
69.171.231.119 - - [07/Jul/2022:14:27:26 -0500] "GET /images/feria-servicios-5-MAYO.jpg HTTP/1.1" 200 39759
69.171.231.112 - - [07/Jul/2022:14:27:27 -0500] "GET /images/Animales1.jpeg HTTP/1.1" 200 76841
66.220.149.9 - - [07/Jul/2022:14:27:28 -0500] "GET /images/accion-climatica.jpg HTTP/1.1" 200 417776
69.171.231.120 - - [07/Jul/2022:14:27:30 -0500] "GET /images/fachada-secretaria-ambiente-abril.jpg HTTP/1.1" 200 148853
69.171.231.120 - - [07/Jul/2022:14:27:34 -0500] "GET /images/actividades-dia-tierra-22-abril.jpg HTTP/1.1" 200 77276
69.171.231.4 - - [07/Jul/2022:14:27:34 -0500] "GET /images/ecosistema-dia-internacional-tierra-21-abril.jpg HTTP/1.1" 200 30098
69.171.231.3 - - [07/Jul/2022:14:27:34 -0500] "GET /images/feria-servicios-tramites-puente-aranda-21-abril.jpg HTTP/1.1" 200 28255
66.220.149.15 - - [07/Jul/2022:14:27:34 -0500] "GET /images/plantacion-jbb-22-abril.jpg HTTP/1.1" 200 52184
69.171.231.3 - - [07/Jul/2022:14:27:35 -0500] "GET /images/bogota-ciudad-pac28-enero.jpg HTTP/1.1" 200 42642
69.171.231.6 - - [07/Jul/2022:14:27:37 -0500] "GET /images/caminos-cerros-orientales-7-abril.jpg HTTP/1.1" 200 80138
201.245.192.253 - - [07/Jul/2022:14:27:56 -0500] "POST /sipse/faces/presentacion/proyectos/proyecto/proyecto.xhtml HTTP/1.1" 200 6398
201.245.192.253 - - [07/Jul/2022:14:27:59 -0500] "POST /sipse/faces/presentacion/proyectos/proyecto/proyecto.xhtml HTTP/1.1" 200 7596
201.245.192.253 - - [07/Jul/2022:14:28:02 -0500] "POST /sipse/faces/presentacion/proyectos/proyecto/proyecto.xhtml HTTP/1.1" 200 47366
201.245.192.253 - - [07/Jul/2022:14:28:02 -0500] "GET /sipse/css/custom_css_sg.css HTTP/1.1" 304 -
201.245.192.253 - - [07/Jul/2022:14:28:02 -0500] "GET /sipse/css/custom_css_sg_prime.css HTTP/1.1" 304 -
201.245.192.253 - - [07/Jul/2022:14:28:02 -0500] "GET /sipse/faces/javax.faces.resource/primefaces.css?ln=primefaces&v=4.0 HTTP/1.1" 304 -
201.245.192.253 - - [07/Jul/2022:14:28:02 -0500] "GET /sipse/faces/javax.faces.resource/theme.css?ln=primefaces-sipse HTTP/1.1" 304 -
201.245.192.253 - - [07/Jul/2022:14:28:02 -0500] "GET /sipse/faces/javax.faces.resource/layout/layout.css?ln=primefaces&v=4.0 HTTP/1.1" 304 -
201.245.192.253 - - [07/Jul/2022:14:28:02 -0500] "GET /sipse/js/disable_browser_buttons.js HTTP/1.1" 304 -
201.245.192.253 - - [07/Jul/2022:14:28:02 -0500] "GET /sipse/js/jquery.min.js HTTP/1.1" 304 -
201.245.192.253 - - [07/Jul/2022:14:28:02 -0500] "GET /sipse/js/funciones.js HTTP/1.1" 304 -
201.245.192.253 - - [07/Jul/2022:14:28:02 -0500] "GET /sipse/faces/javax.faces.resource/jquery/jquery.js?ln=primefaces&v=4.0 HTTP/1.1" 304 -
201.245.192.253 - - [07/Jul/2022:14:28:02 -0500] "GET /sipse/faces/javax.faces.resource/jquery/jquery-plugins.js?ln=primefaces&v=4.0 HTTP/1.1" 304 -
201.245.192.253 - - [07/Jul/2022:14:28:02 -0500] "GET /sipse/faces/javax.faces.resource/primefaces.js?ln=primefaces&v=4.0 HTTP/1.1" 304 -
201.245.192.253 - - [07/Jul/2022:14:28:02 -0500] "GET /sipse/faces/javax.faces.resource/layout/layout.js?ln=primefaces&v=4.0 HTTP/1.1" 304 -
201.245.192.253 - - [07/Jul/2022:14:28:02 -0500] "GET /sipse/css/imagen/logoSDG.png HTTP/1.1" 304 -
201.245.192.253 - - [07/Jul/2022:14:28:02 -0500] "GET /sipse/css/imagen/contrasena.png HTTP/1.1" 404 383
201.245.192.253 - - [07/Jul/2022:14:28:02 -0500] "GET /sipse/faces/javax.faces.resource/images/ui-icons_898989_256x240.png?ln=primefaces-aristo HTTP/1.1" 304 -
216.245.221.92 - - [07/Jul/2022:14:28:06 -0500] "HEAD / HTTP/1.1" 200 -
201.245.192.253 - - [07/Jul/2022:14:28:07 -0500] "GET /sipse/faces/javax.faces.resource/images/ui-bg_flat_0_2d5972_40x100.png?ln=primefaces-aristo HTTP/1.1" 304 -
201.245.192.253 - - [07/Jul/2022:14:28:07 -0500] "POST /sipse/faces/presentacion/financiero/solicitudProceso/consultar.xhtml HTTP/1.1" 200 12900
172.22.2.4 - - [07/Jul/2022:14:28:14 -0500] "GET /BLA/boletinlegal/actas/463597.pdf HTTP/1.1" 200 250044
201.245.192.253 - - [07/Jul/2022:14:28:18 -0500] "POST /sipse/faces/presentacion/financiero/solicitudProceso/consultar.xhtml HTTP/1.1" 200 119164
201.245.192.253 - - [07/Jul/2022:14:28:19 -0500] "GET /sipse/faces/javax.faces.resource/theme.css?ln=primefaces-sipse HTTP/1.1" 304 -
201.245.192.253 - - [07/Jul/2022:14:28:19 -0500] "GET /sipse/faces/javax.faces.resource/primefaces.css?ln=primefaces&v=4.0 HTTP/1.1" 304 -
201.245.192.253 - - [07/Jul/2022:14:28:19 -0500] "GET /sipse/faces/javax.faces.resource/layout/layout.css?ln=primefaces&v=4.0 HTTP/1.1" 304 -
201.245.192.253 - - [07/Jul/2022:14:28:19 -0500] "GET /sipse/faces/javax.faces.resource/jquery/jquery.js?ln=primefaces&v=4.0 HTTP/1.1" 304 -
201.245.192.253 - - [07/Jul/2022:14:28:19 -0500] "GET /sipse/faces/javax.faces.resource/jquery/jquery-plugins.js?ln=primefaces&v=4.0 HTTP/1.1" 304 -
201.245.192.253 - - [07/Jul/2022:14:28:19 -0500] "GET /sipse/faces/javax.faces.resource/primefaces.js?ln=primefaces&v=4.0 HTTP/1.1" 304 -
201.245.192.253 - - [07/Jul/2022:14:28:19 -0500] "GET /sipse/faces/javax.faces.resource/layout/layout.js?ln=primefaces&v=4.0 HTTP/1.1" 304 -
192.168.172.71 - - [07/Jul/2022:14:28:37 -0500] "GET /BLA/resoluciones/index.php?dir=RESOLUCIONES+2019%2F HTTP/1.1" 200 241327
172.22.2.4 - - [07/Jul/2022:14:28:42 -0500] "GET /BLA/boletinlegal/consulta_actos.php?tipo=autos&no=5242&usuario=Simplicol%20SAS&sector=VERTIMIENTOS&fecha=2022&resuelve= HTTP/1.1" 200 626
172.22.2.4 - - [07/Jul/2022:14:28:43 -0500] "GET /BLA/boletinlegal/consulta_actos.php?tipo=autos&no=5242&usuario=Simplicol%20SAS&sector=VERTIMIENTOS&fecha=2022&resuelve= HTTP/1.1" 200 626
201.245.192.253 - - [07/Jul/2022:14:28:44 -0500] "POST /sipse/faces/presentacion/financiero/solicitudProceso/consultarSolicitudProceso.xhtml HTTP/1.1" 200 314837
172.22.2.4 - - [07/Jul/2022:14:28:44 -0500] "GET /BLA/boletinlegal/consulta_actos.php?tipo=autos&no=5242&usuario=Simplicol%20SAS&sector=VERTIMIENTOS&fecha=2022&resuelve= HTTP/1.1" 200 626
172.22.2.4 - - [07/Jul/2022:14:28:44 -0500] "GET /BLA/boletinlegal/consulta_actos.php?tipo=autos&no=5242&usuario=Simplicol%20SAS&sector=VERTIMIENTOS&fecha=2022&resuelve= HTTP/1.1" 200 626
172.22.2.4 - - [07/Jul/2022:14:28:52 -0500] "GET /BLA/boletinlegal/consulta_actos.php?tipo=autos&no=5242&usuario=Simplicol%20SAS&sector=VERTIMIENTOS&fecha=2022&resuelve=Sancion%20 HTTP/1.1" 200 626
172.22.2.4 - - [07/Jul/2022:14:28:53 -0500] "GET /BLA/boletinlegal/consulta_actos.php?tipo=autos&no=5242&usuario=Simplicol%20SAS&sector=VERTIMIENTOS&fecha=2022&resuelve=Sancion%20 HTTP/1.1" 200 626
172.22.2.4 - - [07/Jul/2022:14:28:53 -0500] "GET /BLA/boletinlegal/consulta_actos.php?tipo=autos&no=5242&usuario=Simplicol%20SAS&sector=VERTIMIENTOS&fecha=2022&resuelve=Sancion%20 HTTP/1.1" 200 626
172.22.2.4 - - [07/Jul/2022:14:29:02 -0500] "GET /BLA/boletinlegal/conceptos.php HTTP/1.1" 200 7443
40.77.167.67 - - [07/Jul/2022:14:29:18 -0500] "GET /BLA/resoluciones/AUTOS%202014/2583.pdf HTTP/1.1" 200 757445
172.22.2.4 - - [07/Jul/2022:14:29:36 -0500] "GET /BLA/boletinlegal/consulta_conceptos.php?no=&solicitante=Simplicol%20SAS&radicado_entrada=2022ER120347&fecha_concepto=2022&objeto=Sancion HTTP/1.1" 200 570
172.22.2.4 - - [07/Jul/2022:14:29:23 -0500] "GET /BLA/boletinlegal/ HTTP/1.1" 200 24523
172.22.2.4 - - [07/Jul/2022:14:28:34 -0500] "HEAD /BLA/boletinlegal/ HTTP/1.1" 200 -
201.245.192.253 - - [07/Jul/2022:14:30:45 -0500] "POST /kwsrmcab/Wsrmcab  HTTP/1.1" 200 45708
172.22.2.4 - - [07/Jul/2022:14:29:24 -0500] "GET /BLA/boletinlegal/ HTTP/1.1" 200 56911
192.168.172.71 - - [07/Jul/2022:14:31:15 -0500] "GET /BLA/resoluciones/RESOLUCIONES%202019/3640.pdf HTTP/1.1" 200 450788
192.168.172.71 - - [07/Jul/2022:14:31:16 -0500] "GET /BLA/resoluciones/RESOLUCIONES%202019/3640.pdf HTTP/1.1" 206 57572
205.169.39.241 - - [07/Jul/2022:14:31:28 -0500] "GET /portaldeninos/wp-includes/js/wp-emoji-release.min.js?ver=4.9.8 HTTP/1.1" 200 12026
205.169.39.241 - - [07/Jul/2022:14:31:29 -0500] "GET /portaldeninos/wp-content/plugins/google-analytics-for-wordpress/assets/js/frontend-gtag.min.js?ver=8.5.0 HTTP/1.1" 200 11801
205.169.39.241 - - [07/Jul/2022:14:31:29 -0500] "GET /portaldeninos/wp-includes/js/jquery/jquery.js?ver=1.12.4 HTTP/1.1" 200 97184
205.169.39.241 - - [07/Jul/2022:14:31:30 -0500] "GET /portaldeninos/wp-includes/js/jquery/jquery-migrate.min.js?ver=1.4.1 HTTP/1.1" 200 10056
205.169.39.241 - - [07/Jul/2022:14:31:30 -0500] "GET /portaldeninos/wp-includes/js/jquery/ui/core.min.js?ver=1.11.4 HTTP/1.1" 200 4000
201.245.192.253 - - [07/Jul/2022:14:31:27 -0500] "POST /kwsrmcab/Wsrmcab HTTP/1.1" 200 43803
205.169.39.241 - - [07/Jul/2022:14:31:31 -0500] "GET /portaldeninos/wp-content/plugins/gallery-videos/JS/modernizr.custom.js?ver=4.9.8 HTTP/1.1" 200 9019
205.169.39.241 - - [07/Jul/2022:14:31:31 -0500] "GET /portaldeninos/wp-content/plugins/gallery-videos/JS/Total-Soft-Gallery-Video-Widget.js?ver=4.9.8 HTTP/1.1" 200 80264
205.169.39.241 - - [07/Jul/2022:14:31:32 -0500] "GET /portaldeninos/wp-includes/js/jquery/ui/widget.min.js?ver=1.11.4 HTTP/1.1" 200 6908
205.169.39.241 - - [07/Jul/2022:14:31:32 -0500] "GET /portaldeninos/wp-includes/js/jquery/ui/mouse.min.js?ver=1.11.4 HTTP/1.1" 200 3148
205.169.39.241 - - [07/Jul/2022:14:31:32 -0500] "GET /portaldeninos/wp-includes/js/jquery/ui/sortable.min.js?ver=1.11.4 HTTP/1.1" 200 24899
205.169.39.241 - - [07/Jul/2022:14:31:33 -0500] "GET /portaldeninos/wp-includes/js/jquery/ui/tabs.min.js?ver=1.11.4 HTTP/1.1" 200 12110
205.169.39.241 - - [07/Jul/2022:14:31:33 -0500] "GET /portaldeninos/wp-includes/js/jquery/ui/accordion.min.js?ver=1.11.4 HTTP/1.1" 200 8584
205.169.39.241 - - [07/Jul/2022:14:31:33 -0500] "GET /portaldeninos/wp-content/themes/betheme/js/plugins.js?ver=20.9.6 HTTP/1.1" 200 197151
201.245.192.253 - - [07/Jul/2022:14:31:31 -0500] "POST /kwsrmcab/Wsrmcab HTTP/1.1" 200 45515
205.169.39.241 - - [07/Jul/2022:14:31:36 -0500] "GET /portaldeninos/wp-content/themes/betheme/js/menu.js?ver=20.9.6 HTTP/1.1" 200 2449
205.169.39.241 - - [07/Jul/2022:14:31:36 -0500] "GET /portaldeninos/wp-content/themes/betheme/assets/animations/animations.min.js?ver=20.9.6 HTTP/1.1" 200 1896
205.169.39.241 - - [07/Jul/2022:14:31:36 -0500] "GET /portaldeninos/wp-content/themes/betheme/assets/jplayer/jplayer.min.js?ver=20.9.6 HTTP/1.1" 200 52702
205.169.39.241 - - [07/Jul/2022:14:31:37 -0500] "GET /portaldeninos/wp-content/themes/betheme/js/scripts.js?ver=20.9.6 HTTP/1.1" 200 77162
201.245.192.253 - - [07/Jul/2022:14:31:37 -0500] "GET /appsia/controlador HTTP/1.1" 200 4799
201.245.192.253 - - [07/Jul/2022:14:31:37 -0500] "GET /appsia/css/estilos.css HTTP/1.1" 200 4804
201.245.192.253 - - [07/Jul/2022:14:31:37 -0500] "GET /appsia/scripts/validarIngreso.js HTTP/1.1" 200 851
201.245.192.253 - - [07/Jul/2022:14:31:37 -0500] "GET /appsia/images/logo_bogota_p.png HTTP/1.1" 200 14951
205.169.39.241 - - [07/Jul/2022:14:31:38 -0500] "GET /portaldeninos/wp-includes/js/wp-embed.min.js?ver=4.9.8 HTTP/1.1" 200 1398
201.245.192.253 - - [07/Jul/2022:14:31:37 -0500] "GET /appsia/images/cabezoteHojaVida.png HTTP/1.1" 200 32493
201.245.192.253 - - [07/Jul/2022:14:31:38 -0500] "GET /favicon.ico HTTP/1.1" 200 7782
201.245.192.253 - - [07/Jul/2022:14:31:55 -0500] "POST /appsia/controlador HTTP/1.1" 200 5437
201.245.192.253 - - [07/Jul/2022:14:31:58 -0500] "POST /sipse/faces/presentacion/financiero/solicitudProceso/consultarSolicitudProceso.xhtml HTTP/1.1" 200 40834
201.245.192.253 - - [07/Jul/2022:14:31:58 -0500] "GET /sipse/faces/javax.faces.resource/theme.css?ln=primefaces-sipse HTTP/1.1" 304 -
201.245.192.253 - - [07/Jul/2022:14:31:58 -0500] "GET /sipse/faces/javax.faces.resource/primefaces.css?ln=primefaces&v=4.0 HTTP/1.1" 304 -
201.245.192.253 - - [07/Jul/2022:14:31:58 -0500] "GET /sipse/faces/javax.faces.resource/layout/layout.css?ln=primefaces&v=4.0 HTTP/1.1" 304 -
201.245.192.253 - - [07/Jul/2022:14:31:58 -0500] "GET /sipse/faces/javax.faces.resource/jquery/jquery.js?ln=primefaces&v=4.0 HTTP/1.1" 304 -
201.245.192.253 - - [07/Jul/2022:14:31:58 -0500] "GET /sipse/faces/javax.faces.resource/jquery/jquery-plugins.js?ln=primefaces&v=4.0 HTTP/1.1" 304 -
201.245.192.253 - - [07/Jul/2022:14:31:58 -0500] "GET /sipse/faces/javax.faces.resource/primefaces.js?ln=primefaces&v=4.0 HTTP/1.1" 304 -
201.245.192.253 - - [07/Jul/2022:14:31:58 -0500] "GET /sipse/faces/javax.faces.resource/layout/layout.js?ln=primefaces&v=4.0 HTTP/1.1" 304 -
201.245.192.253 - - [07/Jul/2022:14:31:58 -0500] "POST /sipse/faces/presentacion/financiero/solicitudProceso/listarSolicitudProceso.xhtml HTTP/1.1" 200 34118
201.245.192.253 - - [07/Jul/2022:14:31:58 -0500] "POST /sipse/faces/presentacion/financiero/solicitudProceso/listarSolicitudProceso.xhtml HTTP/1.1" 200 34118
201.245.192.253 - - [07/Jul/2022:14:31:58 -0500] "POST /sipse/faces/presentacion/financiero/solicitudProceso/listarSolicitudProceso.xhtml HTTP/1.1" 200 1372
201.245.192.253 - - [07/Jul/2022:14:31:58 -0500] "POST /sipse/faces/presentacion/financiero/solicitudProceso/listarSolicitudProceso.xhtml HTTP/1.1" 200 1380
201.245.192.253 - - [07/Jul/2022:14:31:58 -0500] "POST /appsia/controlador HTTP/1.1" 200 7779
201.245.192.253 - - [07/Jul/2022:14:31:58 -0500] "POST /sipse/faces/presentacion/financiero/solicitudProceso/listarSolicitudProceso.xhtml HTTP/1.1" 200 1380
201.245.192.253 - - [07/Jul/2022:14:32:01 -0500] "POST /sipse/faces/presentacion/financiero/solicitudProceso/listarSolicitudProceso.xhtml HTTP/1.1" 200 184
201.245.192.253 - - [07/Jul/2022:14:32:01 -0500] "POST /sipse/faces/presentacion/financiero/solicitudProceso/listarSolicitudProceso.xhtml HTTP/1.1" 200 184
201.245.192.253 - - [07/Jul/2022:14:32:01 -0500] "POST /sipse/faces/presentacion/financiero/solicitudProceso/listarSolicitudProceso.xhtml HTTP/1.1" 200 184
201.245.192.253 - - [07/Jul/2022:14:32:01 -0500] "POST /sipse/faces/presentacion/financiero/solicitudProceso/listarSolicitudProceso.xhtml HTTP/1.1" 200 184
201.245.192.253 - - [07/Jul/2022:14:32:01 -0500] "GET /sipse/faces/presentacion/financiero/solicitudAnulacion/solicitudAnulacion.xhtml HTTP/1.1" 200 17805
201.245.192.253 - - [07/Jul/2022:14:32:01 -0500] "GET /sipse/faces/presentacion/financiero/solicitudAnulacion/solicitudAnulacion.xhtml HTTP/1.1" 200 15757
201.245.192.253 - - [07/Jul/2022:14:32:01 -0500] "GET /sipse/faces/presentacion/financiero/solicitudAnulacion/solicitudAnulacion.xhtml HTTP/1.1" 200 46486
201.245.192.253 - - [07/Jul/2022:14:32:01 -0500] "GET /sipse/faces/presentacion/financiero/solicitudAnulacion/solicitudAnulacion.xhtml HTTP/1.1" 200 12285
