191.95.48.122 - - [07/Jul/2022:17:28:42 -0500] "GET /sipse/faces/javax.faces.resource/theme.css?ln=primefaces-sipse HTTP/1.1" 304 -
191.95.48.122 - - [07/Jul/2022:17:28:42 -0500] "GET /sipse/faces/javax.faces.resource/primefaces.css?ln=primefaces&v=4.0 HTTP/1.1" 304 -
191.95.48.122 - - [07/Jul/2022:17:28:42 -0500] "GET /sipse/faces/javax.faces.resource/layout/layout.css?ln=primefaces&v=4.0 HTTP/1.1" 304 -
191.95.48.122 - - [07/Jul/2022:17:28:42 -0500] "GET /sipse/faces/javax.faces.resource/primefaces.js?ln=primefaces&v=4.0 HTTP/1.1" 304 -
191.95.48.122 - - [07/Jul/2022:17:28:42 -0500] "GET /sipse/faces/javax.faces.resource/layout/layout.js?ln=primefaces&v=4.0 HTTP/1.1" 304 -
191.95.48.122 - - [07/Jul/2022:17:28:41 -0500] "POST /sipse/faces/presentacion/financiero/solicitudProceso/consultarHistorialSolProceso.xhtml HTTP/1.1" 200 157732
191.95.48.122 - - [07/Jul/2022:17:28:42 -0500] "GET /sipse/faces/javax.faces.resource/images/ui-icons_898989_256x240.png?ln=primefaces-aristo HTTP/1.1" 304 -
201.245.192.253 - - [07/Jul/2022:17:30:09 -0500] "POST /kwsrmcab/Wsrmcab  HTTP/1.1" 200 45708
172.22.2.4 - - [07/Jul/2022:17:29:23 -0500] "HEAD /BLA/boletinlegal/ HTTP/1.1" 200 -
179.19.149.221 - - [07/Jul/2022:17:31:21 -0500] "GET /distrito-entrego-certificado-de-reconocimiento-a-mas-de-600-mujeres-que-reverdecen-tras-seis-meses-de-formacion-teorica-y-practica.html HTTP/1.1" 304 -
201.245.192.253 - - [07/Jul/2022:17:31:26 -0500] "POST /kwsrmcab/Wsrmcab HTTP/1.1" 200 43818
201.245.192.253 - - [07/Jul/2022:17:31:30 -0500] "POST /kwsrmcab/Wsrmcab HTTP/1.1" 200 43679
172.22.2.4 - - [07/Jul/2022:17:30:13 -0500] "GET /BLA/boletinlegal/ HTTP/1.1" 200 57699
216.245.221.92 - - [07/Jul/2022:17:33:06 -0500] "HEAD / HTTP/1.1" 200 -
201.245.192.253 - - [07/Jul/2022:17:33:24 -0500] "POST /sipse/faces/presentacion/financiero/solicitudProceso/listarSolicitudProceso.xhtml HTTP/1.1" 200 29087
201.245.192.253 - - [07/Jul/2022:17:33:24 -0500] "GET /sipse/css/custom_css_sg.css HTTP/1.1" 304 -
201.245.192.253 - - [07/Jul/2022:17:33:24 -0500] "GET /sipse/css/custom_css_sg_prime.css HTTP/1.1" 304 -
201.245.192.253 - - [07/Jul/2022:17:33:24 -0500] "GET /sipse/js/disable_browser_buttons.js HTTP/1.1" 304 -
201.245.192.253 - - [07/Jul/2022:17:33:24 -0500] "GET /sipse/faces/javax.faces.resource/primefaces.css?ln=primefaces&v=4.0 HTTP/1.1" 304 -
201.245.192.253 - - [07/Jul/2022:17:33:24 -0500] "GET /sipse/faces/javax.faces.resource/layout/layout.css?ln=primefaces&v=4.0 HTTP/1.1" 304 -
201.245.192.253 - - [07/Jul/2022:17:33:24 -0500] "GET /sipse/faces/javax.faces.resource/theme.css?ln=primefaces-sipse HTTP/1.1" 304 -
201.245.192.253 - - [07/Jul/2022:17:33:24 -0500] "GET /sipse/js/jquery.min.js HTTP/1.1" 304 -
201.245.192.253 - - [07/Jul/2022:17:33:24 -0500] "GET /sipse/js/funciones.js HTTP/1.1" 304 -
201.245.192.253 - - [07/Jul/2022:17:33:24 -0500] "GET /sipse/faces/javax.faces.resource/jquery/jquery.js?ln=primefaces&v=4.0 HTTP/1.1" 304 -
201.245.192.253 - - [07/Jul/2022:17:33:24 -0500] "GET /sipse/faces/javax.faces.resource/jquery/jquery-plugins.js?ln=primefaces&v=4.0 HTTP/1.1" 304 -
201.245.192.253 - - [07/Jul/2022:17:33:24 -0500] "GET /sipse/faces/javax.faces.resource/primefaces.js?ln=primefaces&v=4.0 HTTP/1.1" 304 -
201.245.192.253 - - [07/Jul/2022:17:33:24 -0500] "GET /sipse/faces/javax.faces.resource/layout/layout.js?ln=primefaces&v=4.0 HTTP/1.1" 304 -
201.245.192.253 - - [07/Jul/2022:17:33:24 -0500] "POST /sipse/faces/presentacion/financiero/solicitudProceso/solicitudProcesoOtrosPagos.xhtml HTTP/1.1" 200 22353
201.245.192.253 - - [07/Jul/2022:17:33:24 -0500] "POST /sipse/faces/presentacion/financiero/solicitudProceso/solicitudProcesoOtrosPagos.xhtml HTTP/1.1" 200 22353
201.245.192.253 - - [07/Jul/2022:17:33:25 -0500] "POST /sipse/faces/presentacion/financiero/solicitudProceso/solicitudProcesoOtrosPagos.xhtml HTTP/1.1" 200 22353
201.245.192.253 - - [07/Jul/2022:17:33:25 -0500] "POST /sipse/faces/presentacion/financiero/solicitudProceso/solicitudProcesoOtrosPagos.xhtml HTTP/1.1" 200 22353
201.245.192.253 - - [07/Jul/2022:17:33:25 -0500] "POST /sipse/faces/presentacion/financiero/solicitudProceso/solicitudProcesoOtrosPagos.xhtml HTTP/1.1" 200 22353
172.22.2.4 - - [07/Jul/2022:17:31:47 -0500] "GET /BLA/boletinlegal/ HTTP/1.1" 200 63238
201.245.192.253 - - [07/Jul/2022:17:33:27 -0500] "POST /sipse/faces/presentacion/financiero/solicitudProceso/solicitudProcesoOtrosPagos.xhtml HTTP/1.1" 200 34280
201.245.192.253 - - [07/Jul/2022:17:33:27 -0500] "GET /sipse/faces/javax.faces.resource/theme.css?ln=primefaces-sipse HTTP/1.1" 304 -
201.245.192.253 - - [07/Jul/2022:17:33:27 -0500] "GET /sipse/faces/javax.faces.resource/primefaces.css?ln=primefaces&v=4.0 HTTP/1.1" 304 -
201.245.192.253 - - [07/Jul/2022:17:33:27 -0500] "GET /sipse/faces/javax.faces.resource/layout/layout.css?ln=primefaces&v=4.0 HTTP/1.1" 304 -
201.245.192.253 - - [07/Jul/2022:17:33:27 -0500] "GET /sipse/faces/javax.faces.resource/jquery/jquery.js?ln=primefaces&v=4.0 HTTP/1.1" 304 -
201.245.192.253 - - [07/Jul/2022:17:33:27 -0500] "GET /sipse/faces/javax.faces.resource/jquery/jquery-plugins.js?ln=primefaces&v=4.0 HTTP/1.1" 304 -
201.245.192.253 - - [07/Jul/2022:17:33:27 -0500] "GET /sipse/faces/javax.faces.resource/primefaces.js?ln=primefaces&v=4.0 HTTP/1.1" 304 -
201.245.192.253 - - [07/Jul/2022:17:33:27 -0500] "GET /sipse/faces/javax.faces.resource/layout/layout.js?ln=primefaces&v=4.0 HTTP/1.1" 304 -
201.245.192.253 - - [07/Jul/2022:17:33:27 -0500] "POST /sipse/faces/presentacion/financiero/solicitudProceso/listarSolicitudProceso.xhtml HTTP/1.1" 200 27554
201.245.192.253 - - [07/Jul/2022:17:33:27 -0500] "POST /sipse/faces/presentacion/financiero/solicitudProceso/listarSolicitudProceso.xhtml HTTP/1.1" 200 27554
201.245.192.253 - - [07/Jul/2022:17:33:28 -0500] "POST /sipse/faces/presentacion/financiero/solicitudProceso/listarSolicitudProceso.xhtml HTTP/1.1" 200 27554
201.245.192.253 - - [07/Jul/2022:17:33:28 -0500] "POST /sipse/faces/presentacion/financiero/solicitudProceso/listarSolicitudProceso.xhtml HTTP/1.1" 200 27554
201.245.192.253 - - [07/Jul/2022:17:33:28 -0500] "POST /sipse/faces/presentacion/financiero/solicitudProceso/listarSolicitudProceso.xhtml HTTP/1.1" 200 27554
201.245.192.253 - - [07/Jul/2022:17:33:28 -0500] "POST /sipse/faces/presentacion/financiero/solicitudProceso/listarSolicitudProceso.xhtml HTTP/1.1" 200 27554
201.245.192.253 - - [07/Jul/2022:17:33:28 -0500] "POST /sipse/faces/presentacion/financiero/solicitudProceso/listarSolicitudProceso.xhtml HTTP/1.1" 200 1372
201.245.192.253 - - [07/Jul/2022:17:33:28 -0500] "POST /sipse/faces/presentacion/financiero/solicitudProceso/listarSolicitudProceso.xhtml HTTP/1.1" 200 1380
201.245.192.253 - - [07/Jul/2022:17:33:28 -0500] "POST /sipse/faces/presentacion/financiero/solicitudProceso/listarSolicitudProceso.xhtml HTTP/1.1" 200 1380
201.245.192.253 - - [07/Jul/2022:17:33:28 -0500] "POST /sipse/faces/presentacion/financiero/solicitudProceso/listarSolicitudProceso.xhtml HTTP/1.1" 200 1380
201.245.192.253 - - [07/Jul/2022:17:33:28 -0500] "POST /sipse/faces/presentacion/financiero/solicitudProceso/listarSolicitudProceso.xhtml HTTP/1.1" 200 1380
201.245.192.253 - - [07/Jul/2022:17:33:28 -0500] "POST /sipse/faces/presentacion/financiero/solicitudProceso/listarSolicitudProceso.xhtml HTTP/1.1" 200 1380
201.245.192.253 - - [07/Jul/2022:17:33:29 -0500] "POST /sipse/faces/presentacion/financiero/solicitudProceso/listarSolicitudProceso.xhtml HTTP/1.1" 200 1380
201.245.192.253 - - [07/Jul/2022:17:33:30 -0500] "POST /sipse/faces/presentacion/financiero/solicitudProceso/listarSolicitudProceso.xhtml HTTP/1.1" 200 911
172.22.2.4 - - [07/Jul/2022:17:33:31 -0500] "GET /BLA/boletinlegal/js/jquery.js HTTP/1.1" 200 57254
157.55.39.133 - - [07/Jul/2022:17:34:12 -0500] "GET / HTTP/1.1" 200 4720
181.237.242.1 - - [07/Jul/2022:17:34:55 -0500] "GET /BLA/resoluciones/ HTTP/1.1" 200 13093
173.252.95.7 - - [07/Jul/2022:17:34:55 -0500] "GET /mirla-un-ave-que-recorre-y-habita-diferentes-ecosistemas-de-bogota.html HTTP/1.1" 206 728
181.237.242.1 - - [07/Jul/2022:17:34:57 -0500] "GET /BLA/resoluciones/index.php?dir=RESOLUCIONES+2014%2F HTTP/1.1" 200 333508
181.237.242.1 - - [07/Jul/2022:17:35:09 -0500] "GET /BLA/resoluciones/RESOLUCIONES%202014/1090.pdf HTTP/1.1" 200 2743899
201.245.192.253 - - [07/Jul/2022:17:35:08 -0500] "POST /kwsrmcab/Wsrmcab  HTTP/1.1" 200 45708
199.59.150.181 - - [07/Jul/2022:17:35:51 -0500] "GET /mirla-un-ave-que-recorre-y-habita-diferentes-ecosistemas-de-bogota.html HTTP/1.1" 200 728
199.59.150.181 - - [07/Jul/2022:17:35:51 -0500] "GET /images/Mirla%20Comu%CC%81n%20SDA%20(1)%20(1).jpeg HTTP/1.1" 404 1034
162.55.232.163 - - [07/Jul/2022:17:35:54 -0500] "GET /mirla-un-ave-que-recorre-y-habita-diferentes-ecosistemas-de-bogota.html HTTP/1.1" 206 728
88.99.144.145 - - [07/Jul/2022:17:35:57 -0500] "HEAD /mirla-un-ave-que-recorre-y-habita-diferentes-ecosistemas-de-bogota.html HTTP/1.1" 200 -
199.59.150.181 - - [07/Jul/2022:17:36:01 -0500] "GET /images/Mirla%20Comu%CC%81n%20SDA%20(1)%20(1).jpeg HTTP/1.1" 404 1034
199.16.157.181 - - [07/Jul/2022:17:36:04 -0500] "GET /images/Mirla%20Comu%CC%81n%20SDA%20(1)%20(1).jpeg HTTP/1.1" 404 1034
181.237.242.1 - - [07/Jul/2022:17:36:10 -0500] "GET /BLA/resoluciones/ HTTP/1.1" 200 13093
181.237.242.1 - - [07/Jul/2022:17:36:14 -0500] "GET /BLA/resoluciones/index.php?dir=RESOLUCIONES+2014%2F HTTP/1.1" 200 333508
114.111.32.51 - - [07/Jul/2022:17:36:32 -0500] "GET /mirla-un-ave-que-recorre-y-habita-diferentes-ecosistemas-de-bogota.html HTTP/1.1" 200 728
152.228.166.33 - - [07/Jul/2022:17:36:48 -0500] "GET /mirla-un-ave-que-recorre-y-habita-diferentes-ecosistemas-de-bogota.html HTTP/1.1" 200 728
190.157.70.36 - - [07/Jul/2022:17:36:50 -0500] "GET /kwssiamovil/sm/ldap/au?x=U2FsdGVkX18GqTxOu7uc9E1ovk//ZU7fO59a/G7qqXotCwkX/c6fT+nFXiYXx43J&y=U2FsdGVkX19YPhZqzSuU1qHDg3UWmRPS8vDCe/gcX0OG/p9dzVzd2G+SLfqTFNQc HTTP/1.1" 200 30
190.157.70.36 - - [07/Jul/2022:17:36:50 -0500] "GET /kwssiamovil/sm/acme/s?s=U2FsdGVkX1+czdZ4ZFtz5QP1IdwHZWjv+nYK20POsU3sMXiVVHTkNAtkWA/R+7q1gxYneZrQK7x65F46ZjBbK+NcaV/2FUtXrgjltKbMaCc=&u=U2FsdGVkX18Mjt6LIM+shjZ/GusS2LcWSx8cO9bM6Pw=&y=U2FsdGVkX19YPhZqzSuU1qHDg3UWmRPS8vDCe/gcX0OG/p9dzVzd2G+SLfqTFNQc HTTP/1.1" 200 97
190.157.70.36 - - [07/Jul/2022:17:36:50 -0500] "GET /kwssiamovil/sm/acme/s?s=U2FsdGVkX18VPisrZDBNEbDOfPSwVoiemTcgsRnBH6AtxIqc/9xG9pA66lfzJK32/rgYOIM6+68rZhWKiVPBP3PKOUtHs/ZMtwG57oUvT3Y5zpm4YILqBf3AbjPOq6/NDziD5rdlsmONLlRDzwiTqPlee3r+fbZa4H4HrUeOUs4aEkMkLPspwJWFsAVni4Dm2lcSNV5FzEuJTd9MFWxaKfvc2nopcAQa/Zj8eHw8il31y2V7BIts51mIEffphgQf4VKuLK8GOl/2+18tbsK1SUqxn3A8r0OXJZiVJh/geRwOxn+iNRfD0EVbOLIeJGERjbV3v0P+wGofC+PGXbAoD9fdMQYggSbx3EZXpgX2kMD0DzdwD11Ov5+J+KkvJllj3vTlYJ6id+i6HlhxjGkLssg8xCUWcPejU0S5kxbcYqPveR6MMDWD0CCI5fLNIQfG/m0O/oqQ196qe/v4BmM4XV5s7WApyrjcMUEeW3ycly68PRT9BmcMbywjfLZXWinomneaNfDB1Oy0A+vgSen5Rnu5+OSc7t498uxDtp+L7VUDEU2SiWJY2Zp9ZCKF3C4B6PLNkdQHM8lR3pFd9wuY+CmqZzfJNYD97fCICNYPK2CvM+nCDSEjghesh7CTTKE9P94RJwAPFaVXtDl1K9dnimMg5NbEISI3zKLl1eJQ93TUYCE3mhs3jxDZm/9rpkleTzKKNwxidB2TgQMBZ1AiQUZ99SNZnqXmkpWVbxlcrIRWlmBq4Bx7rUSxd18vA2WBpESZ2Qqv4YHN0AOn6GpkNww1huHtfiiLgMafiLYRDU95xweTgztnojp7g5jn+Bj4S/mC6ITCcvJoVhZRws17kuNtK7gOHNoaNlPWbs5wK3prVdsFphE1TuINAWwxHxzZ9HldhOlfeZqTTwq56WUhQN819qX5CtG294QPHhda8M0lwMWAfRr2NHRuCj66rGVHVrTUVm77CQTVlU4zMwqA+nW7+XxRG6YiPAw7eYT+Z3Sl85MvJlSFaIw8a87zVbgeWnINMX5sb6myTHvvH2d+KV2/C4EbXL/pnnMirPYzn+JamKJYWh1i07UiyEixbyik0wcbiUyqmzD8ppGzgV46TtKMi1RX4+W4Tt87I9iNgac9kZemzomMlnhj+wZi9D54u7isrOTYmxDpEjhvCFU8psTNJzMlTP9FcEAZuXtwTKfRlYc3HehDWn5i+0PxEEQl9Yi+aGREfQv9mBxEXsGuiGlF6up52yhoS8iu42k2FZsg227s5Z/pRUdVgwIO4g1vZQobFEHVhO2U3qAQJ349KbhfzWgKFRtReTxaDT/iXP6ftWoOGY78nQZdpHkronWTwoTcDo22fTt9B+ZkMtThrDPXXkfBNshaxkVC5/8cDoQ=&u=U2FsdGVkX18Mjt6LIM+shjZ/GusS2LcWSx8cO9bM6Pw=&y=U2FsdGVkX19YPhZqzSuU1qHDg3UWmRPS8vDCe/gcX0OG/p9dzVzd2G+SLfqTFNQc HTTP/1.1" 200 371
190.157.70.36 - - [07/Jul/2022:17:36:50 -0500] "GET /kwssiamovil/sm/acme/s?s=U2FsdGVkX1962DqwhG/X0i3A2Q+KGAucKE05Ez6T5HbvbbcBRJDEgRl8dUcQftnuXX2TgzsL+5dLw0gbV4gPcc7gy0SvV9KlW5QMRpC5oO/SmFMfFrvEv4quJjotcHuSPaEoHCM7AMI22xYPb4XTrIKN22k2YljEb/iMudxa7Gggm11TxNw/dgLXBkSyKi11pel7YRYWm2AIZWrhY/aEHwJeKsie6180n5p1fFHM9ZGkOaOTEiZiYlhX+jRzy9gnBbngrVvS4/n1qWwKCCPTh/A2m+p3Fnr5UtzYYPDIL88=&u=U2FsdGVkX18Mjt6LIM+shjZ/GusS2LcWSx8cO9bM6Pw=&y=U2FsdGVkX19YPhZqzSuU1qHDg3UWmRPS8vDCe/gcX0OG/p9dzVzd2G+SLfqTFNQc HTTP/1.1" 200 176
190.157.70.36 - - [07/Jul/2022:17:36:50 -0500] "GET /kwssiamovil/sm/cjson/pre?f=1&x=U2FsdGVkX18GqTxOu7uc9E1ovk//ZU7fO59a/G7qqXotCwkX/c6fT+nFXiYXx43J HTTP/1.1" 200 30992
172.22.2.4 - - [07/Jul/2022:17:35:13 -0500] "HEAD /BLA/boletinlegal/ HTTP/1.1" 200 -
116.202.35.110 - - [07/Jul/2022:17:36:57 -0500] "GET /mirla-un-ave-que-recorre-y-habita-diferentes-ecosistemas-de-bogota.html HTTP/1.1" 200 728
54.200.17.95 - - [07/Jul/2022:17:37:10 -0500] "GET /mirla-un-ave-que-recorre-y-habita-diferentes-ecosistemas-de-bogota.html HTTP/1.1" 200 728
191.95.48.122 - - [07/Jul/2022:17:37:24 -0500] "GET /sipse/faces/javax.faces.resource/images/ui-bg_flat_0_2d5972_40x100.png?ln=primefaces-aristo HTTP/1.1" 304 -
191.95.48.122 - - [07/Jul/2022:17:37:24 -0500] "POST /sipse/faces/presentacion/financiero/solicitudProceso/consultarSolicitudProceso.xhtml HTTP/1.1" 200 64219
191.95.48.122 - - [07/Jul/2022:17:37:25 -0500] "GET /sipse/faces/javax.faces.resource/jquery/jquery.js?ln=primefaces&v=4.0 HTTP/1.1" 304 -
191.95.48.122 - - [07/Jul/2022:17:37:25 -0500] "GET /sipse/faces/javax.faces.resource/jquery/jquery-plugins.js?ln=primefaces&v=4.0 HTTP/1.1" 304 -
191.95.48.122 - - [07/Jul/2022:17:37:25 -0500] "GET /sipse/faces/javax.faces.resource/primefaces.js?ln=primefaces&v=4.0 HTTP/1.1" 304 -
191.95.48.122 - - [07/Jul/2022:17:37:25 -0500] "GET /sipse/faces/javax.faces.resource/layout/layout.js?ln=primefaces&v=4.0 HTTP/1.1" 304 -
191.95.48.122 - - [07/Jul/2022:17:37:26 -0500] "POST /sipse/faces/presentacion/financiero/solicitudProceso/listarSolicitudProceso.xhtml HTTP/1.1" 200 1556
181.237.242.1 - - [07/Jul/2022:17:37:29 -0500] "GET /BLA/resoluciones/RESOLUCIONES%202014/1603.pdf HTTP/1.1" 200 4591837
172.22.2.4 - - [07/Jul/2022:17:36:03 -0500] "GET /BLA/boletinlegal/ HTTP/1.1" 200 52826
136.243.19.35 - - [07/Jul/2022:17:37:47 -0500] "GET /mirla-un-ave-que-recorre-y-habita-diferentes-ecosistemas-de-bogota.html HTTP/1.1" 200 728
181.237.242.1 - - [07/Jul/2022:17:37:48 -0500] "GET /BLA/resoluciones/RESOLUCIONES%202014/1628.pdf HTTP/1.1" 200 3653814
172.22.2.4 - - [07/Jul/2022:17:36:15 -0500] "GET /BLA/boletinlegal/ HTTP/1.1" 200 53187
199.16.157.180 - - [07/Jul/2022:17:38:04 -0500] "GET /images/Mirla%20Comu%CC%81n%20SDA%20(1)%20(1).jpeg HTTP/1.1" 404 1034
216.245.221.92 - - [07/Jul/2022:17:38:06 -0500] "HEAD / HTTP/1.1" 200 -
191.95.48.122 - - [07/Jul/2022:17:38:07 -0500] "POST /sipse/faces/presentacion/financiero/solicitudProceso/listarSolicitudProceso.xhtml HTTP/1.1" 200 109480
191.95.48.122 - - [07/Jul/2022:17:38:08 -0500] "GET /sipse/faces/javax.faces.resource/jquery/jquery.js?ln=primefaces&v=4.0 HTTP/1.1" 304 -
191.95.48.122 - - [07/Jul/2022:17:38:08 -0500] "GET /sipse/faces/javax.faces.resource/jquery/jquery-plugins.js?ln=primefaces&v=4.0 HTTP/1.1" 304 -
191.95.48.122 - - [07/Jul/2022:17:38:09 -0500] "GET /sipse/faces/javax.faces.resource/primefaces.js?ln=primefaces&v=4.0 HTTP/1.1" 304 -
191.95.48.122 - - [07/Jul/2022:17:38:09 -0500] "GET /sipse/faces/javax.faces.resource/layout/layout.js?ln=primefaces&v=4.0 HTTP/1.1" 304 -
199.59.150.182 - - [07/Jul/2022:17:38:09 -0500] "GET /images/Mirla%20Comu%CC%81n%20SDA%20(1)%20(1).jpeg HTTP/1.1" 404 1034
191.95.48.122 - - [07/Jul/2022:17:38:25 -0500] "GET /sipse/faces/javax.faces.resource/theme.css?ln=primefaces-sipse HTTP/1.1" 304 -
191.95.48.122 - - [07/Jul/2022:17:38:26 -0500] "GET /sipse/faces/javax.faces.resource/primefaces.css?ln=primefaces&v=4.0 HTTP/1.1" 304 -
191.95.48.122 - - [07/Jul/2022:17:38:26 -0500] "GET /sipse/faces/javax.faces.resource/layout/layout.css?ln=primefaces&v=4.0 HTTP/1.1" 304 -
191.95.48.122 - - [07/Jul/2022:17:38:26 -0500] "GET /sipse/faces/javax.faces.resource/jquery/jquery.js?ln=primefaces&v=4.0 HTTP/1.1" 304 -
191.95.48.122 - - [07/Jul/2022:17:38:26 -0500] "GET /sipse/faces/javax.faces.resource/jquery/jquery-plugins.js?ln=primefaces&v=4.0 HTTP/1.1" 304 -
191.95.48.122 - - [07/Jul/2022:17:38:26 -0500] "GET /sipse/faces/javax.faces.resource/primefaces.js?ln=primefaces&v=4.0 HTTP/1.1" 304 -
191.95.48.122 - - [07/Jul/2022:17:38:26 -0500] "GET /sipse/faces/javax.faces.resource/layout/layout.js?ln=primefaces&v=4.0 HTTP/1.1" 304 -
191.95.48.122 - - [07/Jul/2022:17:38:26 -0500] "GET /sipse/faces/javax.faces.resource/images/ui-icons_898989_256x240.png?ln=primefaces-aristo HTTP/1.1" 304 -
191.95.48.122 - - [07/Jul/2022:17:38:24 -0500] "POST /sipse/faces/presentacion/financiero/solicitudProceso/consultarSolicitudProceso.xhtml HTTP/1.1" 200 68202
191.95.48.122 - - [07/Jul/2022:17:38:27 -0500] "GET /sipse/faces/javax.faces.resource/images/ui-bg_flat_0_2d5972_40x100.png?ln=primefaces-aristo HTTP/1.1" 304 -
191.95.48.122 - - [07/Jul/2022:17:38:28 -0500] "POST /sipse/faces/presentacion/financiero/solicitudProceso/listarSolicitudProceso.xhtml HTTP/1.1" 200 1556
191.95.48.122 - - [07/Jul/2022:17:38:29 -0500] "POST /sipse/faces/presentacion/financiero/solicitudProceso/listarSolicitudProceso.xhtml HTTP/1.1" 200 1556
191.95.48.122 - - [07/Jul/2022:17:38:30 -0500] "POST /sipse/faces/presentacion/financiero/solicitudProceso/listarSolicitudProceso.xhtml HTTP/1.1" 200 109484
191.95.48.122 - - [07/Jul/2022:17:38:32 -0500] "GET /sipse/faces/javax.faces.resource/jquery/jquery.js?ln=primefaces&v=4.0 HTTP/1.1" 304 -
191.95.48.122 - - [07/Jul/2022:17:38:32 -0500] "GET /sipse/faces/javax.faces.resource/jquery/jquery-plugins.js?ln=primefaces&v=4.0 HTTP/1.1" 304 -
191.95.48.122 - - [07/Jul/2022:17:38:33 -0500] "GET /sipse/faces/javax.faces.resource/primefaces.js?ln=primefaces&v=4.0 HTTP/1.1" 304 -
191.95.48.122 - - [07/Jul/2022:17:38:33 -0500] "GET /sipse/faces/javax.faces.resource/layout/layout.js?ln=primefaces&v=4.0 HTTP/1.1" 304 -
207.204.65.38 - - [07/Jul/2022:17:38:33 -0500] "HEAD /mirla-un-ave-que-recorre-y-habita-diferentes-ecosistemas-de-bogota.html HTTP/1.1" 200 -
186.86.32.211 - - [07/Jul/2022:17:38:48 -0500] "GET /forest/ HTTP/1.1" 200 12041
186.86.32.211 - - [07/Jul/2022:17:38:54 -0500] "POST /forest/index.php HTTP/1.1" 200 12268
181.237.242.1 - - [07/Jul/2022:17:39:10 -0500] "GET /BLA/resoluciones/RESOLUCIONES%202014/2218.pdf HTTP/1.1" 200 3736845
172.22.2.4 - - [07/Jul/2022:17:39:59 -0500] "GET /BLA/boletinlegal/jurisprudencia/analisis/AnalisisT-606-15.docx HTTP/1.1" 200 26698
172.22.2.4 - - [07/Jul/2022:17:39:59 -0500] "GET /BLA/boletinlegal/apple-touch-icon-120x120-precomposed.png HTTP/1.1" 404 1140
172.22.2.4 - - [07/Jul/2022:17:39:59 -0500] "GET /BLA/boletinlegal/apple-touch-icon-120x120.png HTTP/1.1" 404 1140
172.22.2.4 - - [07/Jul/2022:17:40:00 -0500] "GET /BLA/boletinlegal/apple-touch-icon-precomposed.png HTTP/1.1" 404 1140
172.22.2.4 - - [07/Jul/2022:17:40:00 -0500] "GET /BLA/boletinlegal/apple-touch-icon.png HTTP/1.1" 404 1140
172.22.2.4 - - [07/Jul/2022:17:40:00 -0500] "GET /BLA/boletinlegal/favicon.ico HTTP/1.1" 404 1140
172.22.2.4 - - [07/Jul/2022:17:40:00 -0500] "GET /BLA/boletinlegal/apple-touch-icon-120x120-precomposed.png HTTP/1.1" 404 1140
172.22.2.4 - - [07/Jul/2022:17:40:00 -0500] "GET /BLA/boletinlegal/apple-touch-icon-120x120.png HTTP/1.1" 404 1140
172.22.2.4 - - [07/Jul/2022:17:40:00 -0500] "GET /BLA/boletinlegal/apple-touch-icon-precomposed.png HTTP/1.1" 404 1140
172.22.2.4 - - [07/Jul/2022:17:40:00 -0500] "GET /BLA/boletinlegal/apple-touch-icon.png HTTP/1.1" 404 1140
172.22.2.4 - - [07/Jul/2022:17:40:00 -0500] "GET /BLA/boletinlegal/favicon.ico HTTP/1.1" 404 1140
172.22.2.4 - - [07/Jul/2022:17:40:05 -0500] "GET /BLA/boletinlegal/Circulares/2019/.pdf HTTP/1.1" 404 1218
201.245.192.253 - - [07/Jul/2022:17:40:08 -0500] "POST /kwsrmcab/Wsrmcab  HTTP/1.1" 200 45708
199.59.150.181 - - [07/Jul/2022:17:40:11 -0500] "GET /images/Mirla%20Comu%CC%81n%20SDA%20(1)%20(1).jpeg HTTP/1.1" 404 1034
181.237.242.1 - - [07/Jul/2022:17:40:16 -0500] "GET /BLA/resoluciones/RESOLUCIONES%202014/2985.pdf HTTP/1.1" 200 5664145
199.16.157.181 - - [07/Jul/2022:17:40:17 -0500] "GET /images/Mirla%20Comu%CC%81n%20SDA%20(1)%20(1).jpeg HTTP/1.1" 404 1034
201.245.192.253 - - [07/Jul/2022:17:41:26 -0500] "POST /kwsrmcab/Wsrmcab HTTP/1.1" 200 43818
201.245.192.253 - - [07/Jul/2022:17:41:30 -0500] "POST /kwsrmcab/Wsrmcab HTTP/1.1" 200 43679
172.22.2.4 - - [07/Jul/2022:17:41:47 -0500] "GET /BLA/boletinlegal/style.css HTTP/1.1" 200 9406
172.22.2.4 - - [07/Jul/2022:17:41:47 -0500] "GET /BLA/boletinlegal/styles2.css HTTP/1.1" 200 1838
172.22.2.4 - - [07/Jul/2022:17:41:47 -0500] "GET /BLA/boletinlegal/js/jquery.js HTTP/1.1" 200 57254
172.22.2.4 - - [07/Jul/2022:17:41:47 -0500] "GET /BLA/boletinlegal/js/jquery.scrollTo-min.js HTTP/1.1" 200 1150
172.22.2.4 - - [07/Jul/2022:17:41:47 -0500] "GET /BLA/boletinlegal/js/jquery.scrollShow.js HTTP/1.1" 200 4586
172.22.2.4 - - [07/Jul/2022:17:41:47 -0500] "GET /BLA/boletinlegal/images/subscribe-icon-big.png HTTP/1.1" 200 47702
172.22.2.4 - - [07/Jul/2022:17:41:47 -0500] "GET /BLA/boletinlegal/images/cabezote%20BLEGAL.jpg HTTP/1.1" 200 118164
172.22.2.4 - - [07/Jul/2022:17:41:47 -0500] "GET /BLA/boletinlegal/images/historia.png HTTP/1.1" 200 52775
172.22.2.4 - - [07/Jul/2022:17:41:47 -0500] "GET /BLA/boletinlegal/images/arr_l.jpg HTTP/1.1" 200 1979
172.22.2.4 - - [07/Jul/2022:17:41:47 -0500] "GET /BLA/boletinlegal/images/registro-usuarios.png HTTP/1.1" 200 8106
172.22.2.4 - - [07/Jul/2022:17:41:47 -0500] "GET /BLA/boletinlegal/images/text.jpg HTTP/1.1" 200 568
172.22.2.4 - - [07/Jul/2022:17:41:47 -0500] "GET /BLA/boletinlegal/images/body_bg.jpg HTTP/1.1" 200 1601
172.22.2.4 - - [07/Jul/2022:17:41:47 -0500] "GET /BLA/boletinlegal/images/menu_rght.gif HTTP/1.1" 200 1627
172.22.2.4 - - [07/Jul/2022:17:41:47 -0500] "GET /BLA/boletinlegal/images/menu_lft.gif HTTP/1.1" 200 1713
172.22.2.4 - - [07/Jul/2022:17:41:47 -0500] "GET /BLA/boletinlegal/images/bg_top.jpg HTTP/1.1" 200 522
172.22.2.4 - - [07/Jul/2022:17:41:47 -0500] "GET /BLA/boletinlegal/images/menu_bg.jpg HTTP/1.1" 200 620
172.22.2.4 - - [07/Jul/2022:17:41:47 -0500] "GET /BLA/boletinlegal/images/launch.jpg HTTP/1.1" 200 14577
172.22.2.4 - - [07/Jul/2022:17:41:47 -0500] "GET /BLA/boletinlegal/images/hover.jpg HTTP/1.1" 200 640
172.22.2.4 - - [07/Jul/2022:17:41:47 -0500] "GET /BLA/boletinlegal/images/screen_1.png HTTP/1.1" 200 202547
172.22.2.4 - - [07/Jul/2022:17:41:51 -0500] "GET /BLA/boletinlegal/actos.php HTTP/1.1" 200 9559
172.22.2.4 - - [07/Jul/2022:17:41:51 -0500] "GET /BLA/boletinlegal/js/lib.js HTTP/1.1" 200 6474
172.22.2.4 - - [07/Jul/2022:17:41:51 -0500] "GET /BLA/boletinlegal/niceforms-default.css HTTP/1.1" 200 6694
172.22.2.4 - - [07/Jul/2022:17:41:51 -0500] "GET /BLA/boletinlegal/niceforms.js HTTP/1.1" 200 22876
172.22.2.4 - - [07/Jul/2022:17:41:51 -0500] "GET /BLA/boletinlegal/js/ajax_actos.js HTTP/1.1" 200 1322
172.22.2.4 - - [07/Jul/2022:17:41:51 -0500] "GET /BLA/boletinlegal/js/popup.js HTTP/1.1" 200 1270
172.22.2.4 - - [07/Jul/2022:17:41:51 -0500] "GET /BLA/boletinlegal/js/jquery1.js HTTP/1.1" 200 29846
172.22.2.4 - - [07/Jul/2022:17:41:51 -0500] "GET /BLA/boletinlegal/images/green-yellow-blue-pink-th.png HTTP/1.1" 200 7394
172.22.2.4 - - [07/Jul/2022:17:41:51 -0500] "GET /BLA/boletinlegal/images/abajo.png HTTP/1.1" 200 96676
172.22.2.4 - - [07/Jul/2022:17:41:51 -0500] "GET /BLA/boletinlegal/images/tel.png HTTP/1.1" 200 14477
172.22.2.4 - - [07/Jul/2022:17:41:51 -0500] "GET /BLA/boletinlegal/images/icono-email.png HTTP/1.1" 200 5544
172.22.2.4 - - [07/Jul/2022:17:41:51 -0500] "GET /BLA/boletinlegal/images/footer_bg.jpg HTTP/1.1" 200 586
172.22.2.4 - - [07/Jul/2022:17:41:51 -0500] "GET /BLA/boletinlegal/images/footer_bg_l.jpg HTTP/1.1" 200 776
172.22.2.4 - - [07/Jul/2022:17:41:51 -0500] "GET /BLA/boletinlegal/img/0.png HTTP/1.1" 200 110
172.22.2.4 - - [07/Jul/2022:17:41:51 -0500] "GET /BLA/boletinlegal/img/select-left.png HTTP/1.1" 200 263
172.22.2.4 - - [07/Jul/2022:17:41:51 -0500] "GET /BLA/boletinlegal/img/button-left.png HTTP/1.1" 200 57071
172.22.2.4 - - [07/Jul/2022:17:41:51 -0500] "GET /BLA/boletinlegal/img/select-right.png HTTP/1.1" 200 44019
172.22.2.4 - - [07/Jul/2022:17:41:51 -0500] "GET /BLA/boletinlegal/img/button.png HTTP/1.1" 200 43241
172.22.2.4 - - [07/Jul/2022:17:41:51 -0500] "GET /BLA/boletinlegal/img/button-right.png HTTP/1.1" 200 57878
172.22.2.4 - - [07/Jul/2022:17:41:51 -0500] "GET /BLA/boletinlegal/favicon.ico HTTP/1.1" 404 1326
172.22.2.4 - - [07/Jul/2022:17:42:08 -0500] "GET /BLA/boletinlegal/owa/auth/x.js HTTP/1.1" 404 1018
199.59.150.182 - - [07/Jul/2022:17:42:11 -0500] "GET /images/Mirla%20Comu%CC%81n%20SDA%20(1)%20(1).jpeg HTTP/1.1" 404 1034
172.22.2.4 - - [07/Jul/2022:17:42:17 -0500] "GET /BLA/boletinlegal/consulta_actos.php?tipo=resoluciones&no=2454&usuario=&sector=&fecha=2019&resuelve= HTTP/1.1" 200 1063
172.22.2.4 - - [07/Jul/2022:17:42:17 -0500] "GET /BLA/boletinlegal/images/pdf.gif HTTP/1.1" 200 567
199.16.157.182 - - [07/Jul/2022:17:42:18 -0500] "GET /images/Mirla%20Comu%CC%81n%20SDA%20(1)%20(1).jpeg HTTP/1.1" 404 1034
186.145.249.193 - - [07/Jul/2022:17:42:23 -0500] "GET /BLA/resoluciones/RESOLUCIONES%202019/2454.pdf HTTP/1.1" 200 406028
186.145.249.193 - - [07/Jul/2022:17:42:23 -0500] "GET /favicon.ico HTTP/1.1" 200 7782
172.22.2.4 - - [07/Jul/2022:17:41:47 -0500] "GET /BLA/boletinlegal/ HTTP/1.1" 200 24523
172.22.2.4 - - [07/Jul/2022:17:41:03 -0500] "HEAD /BLA/boletinlegal/ HTTP/1.1" 200 -
207.46.13.214 - - [07/Jul/2022:17:42:45 -0500] "GET /Publicaciones/2022EE84489.pdf HTTP/1.1" 404 227
34.90.77.85 - - [07/Jul/2022:17:42:47 -0500] "GET / HTTP/1.1" 200 319
216.245.221.92 - - [07/Jul/2022:17:43:06 -0500] "HEAD / HTTP/1.1" 200 -
172.22.2.4 - - [07/Jul/2022:17:41:53 -0500] "GET /BLA/boletinlegal/ HTTP/1.1" 200 53903
199.59.150.182 - - [07/Jul/2022:17:44:20 -0500] "GET /images/Mirla%20Comu%CC%81n%20SDA%20(1)%20(1).jpeg HTTP/1.1" 404 1034
199.16.157.183 - - [07/Jul/2022:17:44:26 -0500] "GET /images/Mirla%20Comu%CC%81n%20SDA%20(1)%20(1).jpeg HTTP/1.1" 404 1034
186.102.48.62 - - [07/Jul/2022:17:44:32 -0500] "OPTIONS /kwssiamovil/sm/setfile/f? HTTP/1.1" 200 13
186.102.48.62 - - [07/Jul/2022:17:44:33 -0500] "POST /kwssiamovil/sm/setfile/f? HTTP/1.1" 200 381
181.237.242.1 - - [07/Jul/2022:17:44:42 -0500] "GET /BLA/resoluciones/RESOLUCIONES%202014/3475.pdf HTTP/1.1" 200 2900360
172.22.2.4 - - [07/Jul/2022:17:44:43 -0500] "GET /BLA/boletinlegal/Directivas/2014/Directiva%20No.%202%20del%205%20de%20Mayo%20de%202014.pdf HTTP/1.1" 304 -
186.102.48.62 - - [07/Jul/2022:17:45:00 -0500] "GET /kwssiamovil/sm/acme/a?s=U2FsdGVkX1/2kct9JsCLdKaGjz9DghMxYjnZuDZ6kh9PtU/+joZ0T1Pw5pashjZEr6amueaFw65GdaRN5sPKLnVXpTYjFuIPUHpJbO8F3UhqK/j5fNSdkGyjWMMy7gn9MEs8OpDuldbrAfSjfuOr5apucM52OStpiJLHmm4eEKRy9BnFvHXcDkDtZIXMohG6Q9iYhAIR/njqjQpwbrxUHYTrQLqmMXn4O8Qm2QT7TXej649jiRH0KzcNa5cisFHU6azFKE/RCf/vs/PkR0ogCA==&u=U2FsdGVkX1/AkmH7LZElyhv44Mf5TA8tlc/kONCUR90=&y=U2FsdGVkX1992Bjr6jNe7xPNYTp84mwb/kH4ztnMHe0mtHMhdFqQ+ZzeoGuW9KLE HTTP/1.1" 200 25
186.102.48.62 - - [07/Jul/2022:17:45:00 -0500] "GET /kwssiamovil/sm/acme/a?s=U2FsdGVkX1/aaKtZJYUIkiE7wscOAx95rd7A+RIs6W0gdGM6sNoz8pcRPhJ602AiI3HmOApfgQo7NZHBrOZXPYDhdfGWdj15FA8QlKF8oXEJOZSrDJx4dGSejF74R+4Pf2bGljYbbNw8ci4w50lRHvUcUHmzAuPOsl/3ssFDT351BLVBk+2driQVFwUbHVR9O+5ZM48Wxvw9DAkDKT9fcCCm02PkT9WEO3FgaWXvY2ownWZYgUWM77fdeF8EwbfAnURLtlIytdMyupOSbVOmeq2JZUA8UCVN0T7AqzBYD+K0MIPFSfV+gYBrt0Mu0iSOK2w/hCtUH3/anAU4KAEpwl+X76ToEDo33DWOSkksyAWbnORRUUzcsERrpZBX3uOclvMwB0xJ0EJ8RtY0UE4tiq6WqOvTaN5nT4mONiTGrt2Qn87b3qzRvyBgSlQKlgkkfVRk6gqcLpWz9W6VMs+ZOhWPw5Vx/Uxx9d0ByRLM7cs5uO+MP7q1D2I28oI9xftIjHebJubsHHPUBSwwVxS2Noqsqws9VLUK4HpGS7valb7duAmYaVRDoa37yrK4mW+zTMLHiYhtFkN6zFKJQRZltHXJ0B0QfwnH5jgdiLJ/5oeEsFZ1cMHbK0Sj8Zk/Iopwwi+4YD2fudYZ6Mn9ysHMliSFj3iK0wWgKDD8KQymgWrxDwJLBQX/TzK6/2EB0utPdSdGnr7/kMaLEBDTON360MjVEjeTODb/BBeXp7TYycZzTMSCow3ruQt5XYbE0+VzqzPkomWW+lcY4HLl33NAtRPF4TLQjw7Ys+/xwnNmhgxQZ8UrZY1ZWLnISBwJgCt5fzZseGeiH7zIbQX5S9vwImybmYihRjxCVk2jpNrIYan5tpFUborTLo88nvKk2h4L+uML0ref+Cst0quFtczHuEIAUvGzWX1c6aa3adtqZJox93pEgk3pn+jWCSYR5DGiwNj1UY8z5gu+Wvsw3gIPcONqJWQNAgttC5Wd3IJ49eAx3MDNqb41XdXXyDOy//hSszOCegViXW00xTAWUHlwHkygLnLV9nnverxflB5oOb6SLSp62ZI381TZaOospfrXBQVlz2zx9pRqsIEg/93YlDyMR5wYfIrNNgRPTtzq9XBOXlhI7jN5pevJ1b1p7xGYh5V+V81mxm5/FH7YOAJTu4Mdj3Qg8syJWpaVePGGcseGoIpJmNLaDN24PZHcKXh7dmafG3a0MQa97lGFojQe8RjxWiKtqmM71g/2c0ttp/yFXOHSt7ZxWB6Kt/+VMs6STQoZmnGLQsvJrpM8URrB1AgHNOY5DZC+E8LPMID3JIQ9MNlqoTjOxggrpdddofo6VARYe7i/lPfKpZoXIU0/Q6LOKkZkGs+JoXbTEzBhgWJI3s2KsIyioMLR0ebTDfweWNPcyJ4juJj1558eaF91tHhzXxJxRnPtQXkpVex9FJDhJN7K69Op+eUn/r+GIqza2brOR/UJDW00ZLTWFnh2i6Tz4kBbTKZSi8tBL4gB3WaFqOtgxmHgh5+C7NZfxZuGO34uKT8EObjH7XEEjBd9aZEK0LgF9U3yFxKFncsfpbdatpemhT6UM8j1AYf6rN7hHNRvJiLNtA1y4sKjm6xGmpMYKb6fcyT3CPYsAD4In2sTJwEDY7ikAr6Zw/cdSqwTMLSHONNIrYxTnZOH7q6vK/gdhwq++kfKTcMQGCP300OE+Y8/zzhdcNbW93SadpLn4RXUi9b9CJpzkQS/30R4M6q7XDfnqjuJvF1qrG+v00eOUWNCaEoxNsLoegXk4+x7tjXcNPMR/0ArqEuG9ac+Rg==&u=U2FsdGVkX1/AkmH7LZElyhv44Mf5TA8tlc/kONCUR90=&y=U2FsdGVkX1992Bjr6jNe7xPNYTp84mwb/kH4ztnMHe0mtHMhdFqQ+ZzeoGuW9KLE HTTP/1.1" 200 25
186.102.48.62 - - [07/Jul/2022:17:45:01 -0500] "GET /kwssiamovil/sm/acme/a?s=U2FsdGVkX19YHNq/5rf95zPTJlgef149JlAYWzHXtpW35BLLNyOIF/EQEi6bs5VI5C04W0rpAH8WdsyI3t+EqktR8+R6F1SIXSdArZhTvThyx287ljkdPjMimdfMa+kqv6cdPJTM0y7dHAgNOjEZbUgDpD+a80q0EqPBpVnqb0g=&u=U2FsdGVkX1/AkmH7LZElyhv44Mf5TA8tlc/kONCUR90=&y=U2FsdGVkX1992Bjr6jNe7xPNYTp84mwb/kH4ztnMHe0mtHMhdFqQ+ZzeoGuW9KLE HTTP/1.1" 200 25
186.102.48.62 - - [07/Jul/2022:17:45:01 -0500] "GET /kwssiamovil/sm/acme/a?s=U2FsdGVkX19hOKB2t/vY/Beko6l3T60VaLmWaDkJ0MRSL+ZtAwt+7ckcA+h7zqY18zuxowf71USQ++q0OMUacj3/htiTDASZxssWWxw4xxgOdV0JtBklVb1Uc/OnOeU0Pgel5N3aGJplBTKD1EwAzDm5oA0RzhTxwJ0X6FpWidI=&u=U2FsdGVkX1/AkmH7LZElyhv44Mf5TA8tlc/kONCUR90=&y=U2FsdGVkX1992Bjr6jNe7xPNYTp84mwb/kH4ztnMHe0mtHMhdFqQ+ZzeoGuW9KLE HTTP/1.1" 200 25
186.102.48.62 - - [07/Jul/2022:17:45:01 -0500] "GET /kwssiamovil/sm/acme/a?s=U2FsdGVkX1/f8nNkwyfqjrTRqmrNUMAT1RGbeiMnp0xPztHPbQR712g2tEn0aCeteT4XwTzQrGLnvuVSP3KniUPu92BMsk3TlW93CA/eZRhzGHdndyp1+12jZ6MclWWgMnlu8/kybhEsv5xZKvU46snVHWgxGPWk2VUpXdUOl5c=&u=U2FsdGVkX1/AkmH7LZElyhv44Mf5TA8tlc/kONCUR90=&y=U2FsdGVkX1992Bjr6jNe7xPNYTp84mwb/kH4ztnMHe0mtHMhdFqQ+ZzeoGuW9KLE HTTP/1.1" 200 25
186.102.48.62 - - [07/Jul/2022:17:45:01 -0500] "GET /kwssiamovil/sm/acme/a?s=U2FsdGVkX1+6oA7U7WHGVzFaTqUUhSDBHXg0Fhi2JikE4xGj/NVWrZ7u6IA53uQ3brUMt+vAW857UXLF629FItUVgUpaoHKF9uC0d2oM5MIwSO2Yu3KzPG8qWCwAoMaBySLvhEAtF3QEK/8Pdr609tPeKY7JVitMD6ZJUKd6ZVcrLZ4OSYLa0SS7F2mw0Cu6&u=U2FsdGVkX1/AkmH7LZElyhv44Mf5TA8tlc/kONCUR90=&y=U2FsdGVkX1992Bjr6jNe7xPNYTp84mwb/kH4ztnMHe0mtHMhdFqQ+ZzeoGuW9KLE HTTP/1.1" 200 25
186.102.48.62 - - [07/Jul/2022:17:45:02 -0500] "GET /kwssiamovil/sm/acme/a?s=U2FsdGVkX1/ToXguzb65UbbeacDLp9pQp+8q4Qbq8DA7qDDAxYLaowCl/bdEbcfxU4vjzv9cHODOwAwcDdglz2+eXN/ENoXpSqSU4IDO//cGIXv86bxbPIcqJ60JLELlpnSLIZH7/gjon0V8wgsELzoDW2V7nILX/DirdXjFRxXbuAyloh+85VIq/kJNm5fulC/rZhu+keMjcEhWXr+67ZjAomHq8W74mQ3n/jQFzWFNw+m3ClC1WKk6IGcQVwpfI58ERCX+ai8XxnSNsQJqU7j4xWIAM63ck6nPljS/Fct5PiGer8vQWUKgQIHWTBewNg7SgpA7j+tWUyBAr3BjXFziW9Xe8aIGugvKBD5nRk/yke3mGKGHpwdDLFMvSUKsqMl1cs3XWTnFk8aQ42Ebpw==&u=U2FsdGVkX1/AkmH7LZElyhv44Mf5TA8tlc/kONCUR90=&y=U2FsdGVkX1992Bjr6jNe7xPNYTp84mwb/kH4ztnMHe0mtHMhdFqQ+ZzeoGuW9KLE HTTP/1.1" 200 25
186.102.48.62 - - [07/Jul/2022:17:45:02 -0500] "GET /kwssiamovil/sm/acme/a?s=U2FsdGVkX1/o05Arww+o1GM7b5ujKDhIPKWj/u65MtKAbMNYK40T6/RKv1Ggb70JJLuqVuugOhwNXqtxlQZTOXMJvjrKwTMRYDl1wtvCrSZHfrRtGbBfEmtQmMVwZ7KNajK1wlpTBrkMfLumDDghvg72Dbk0HGsQ2vLY2qGhLj+rn4k1zgd8FiKFJ/C6uCda95H7jcp7l/iGpo34lJAU2U2f0kOdVmkX7DJU+LQoPTzQkEYTjIsv7Xu85hjZxF2ueu10FAOmetcZ+3HUJI6z8qV9JefFgL6lw318CCt9S3kGmn4dnAI8rBecbiJKxedzQDixI7ZxXQe5iOmxXwNQb33kfPMoHbJXAMsWBjFWA/o=&u=U2FsdGVkX1/AkmH7LZElyhv44Mf5TA8tlc/kONCUR90=&y=U2FsdGVkX1992Bjr6jNe7xPNYTp84mwb/kH4ztnMHe0mtHMhdFqQ+ZzeoGuW9KLE HTTP/1.1" 200 25
201.245.192.253 - - [07/Jul/2022:17:45:06 -0500] "POST /kwsrmcab/Wsrmcab  HTTP/1.1" 200 45708
186.190.226.78 - - [07/Jul/2022:17:45:54 -0500] "GET /portaldeninos/wp-content/themes/betheme/style.css?ver=20.9.6 HTTP/1.1" 200 287
186.190.226.78 - - [07/Jul/2022:17:45:54 -0500] "GET /portaldeninos/wp-content/uploads/useanyfont/uaf.css?ver=1589905315 HTTP/1.1" 200 408
186.190.226.78 - - [07/Jul/2022:17:45:54 -0500] "GET /portaldeninos/wp-content/plugins/gallery-videos/CSS/Total-Soft-Gallery-Video-Widget.css?ver=4.9.8 HTTP/1.1" 200 51554
186.190.226.78 - - [07/Jul/2022:17:45:55 -0500] "GET /portaldeninos/wp-content/themes/betheme/css/base.css?ver=20.9.6 HTTP/1.1" 200 57283
186.190.226.78 - - [07/Jul/2022:17:45:55 -0500] "GET /portaldeninos/wp-content/plugins/gallery-videos/CSS/totalsoft.css?ver=4.9.8 HTTP/1.1" 200 40622
186.190.226.78 - - [07/Jul/2022:17:45:56 -0500] "GET /portaldeninos/wp-content/themes/betheme/assets/animations/animations.min.css?ver=20.9.6 HTTP/1.1" 200 58508
186.190.226.78 - - [07/Jul/2022:17:45:56 -0500] "GET /portaldeninos/wp-content/themes/betheme/assets/ui/jquery.ui.all.css?ver=20.9.6 HTTP/1.1" 200 18765
186.190.226.78 - - [07/Jul/2022:17:45:56 -0500] "GET /portaldeninos/wp-content/themes/betheme/css/shortcodes.css?ver=20.9.6 HTTP/1.1" 200 138889
186.190.226.78 - - [07/Jul/2022:17:45:57 -0500] "GET /portaldeninos/wp-content/themes/betheme/css/responsive.css?ver=20.9.6 HTTP/1.1" 200 55740
186.190.226.78 - - [07/Jul/2022:17:45:57 -0500] "GET /portaldeninos/wp-content/plugins/google-analytics-for-wordpress/assets/js/frontend-gtag.min.js?ver=8.5.0 HTTP/1.1" 200 11801
186.190.226.78 - - [07/Jul/2022:17:45:54 -0500] "GET /portaldeninos/wp-content/themes/betheme/css/layout.css?ver=20.9.6 HTTP/1.1" 200 116639
186.190.226.78 - - [07/Jul/2022:17:45:58 -0500] "GET /portaldeninos/wp-includes/js/jquery/jquery-migrate.min.js?ver=1.4.1 HTTP/1.1" 200 10056
186.190.226.78 - - [07/Jul/2022:17:45:58 -0500] "GET /portaldeninos/wp-content/themes/betheme/assets/jplayer/css/jplayer.blue.monday.css?ver=20.9.6 HTTP/1.1" 200 9834
186.190.226.78 - - [07/Jul/2022:17:45:58 -0500] "GET /portaldeninos/wp-includes/js/jquery/ui/core.min.js?ver=1.11.4 HTTP/1.1" 200 4000
186.190.226.78 - - [07/Jul/2022:17:45:58 -0500] "GET /portaldeninos/wp-content/plugins/gallery-videos/JS/modernizr.custom.js?ver=4.9.8 HTTP/1.1" 200 9019
186.190.226.78 - - [07/Jul/2022:17:45:58 -0500] "GET /portaldeninos/wp-content/plugins/gallery-videos/JS/Total-Soft-Gallery-Video-Widget.js?ver=4.9.8 HTTP/1.1" 200 80264
186.190.226.78 - - [07/Jul/2022:17:45:58 -0500] "GET /portaldeninos/wp-includes/js/jquery/jquery.js?ver=1.12.4 HTTP/1.1" 200 97184
186.190.226.78 - - [07/Jul/2022:17:45:59 -0500] "GET /portaldeninos/wp-includes/js/jquery/ui/tabs.min.js?ver=1.11.4 HTTP/1.1" 200 12110
186.190.226.78 - - [07/Jul/2022:17:45:59 -0500] "GET /portaldeninos/wp-includes/js/jquery/ui/mouse.min.js?ver=1.11.4 HTTP/1.1" 200 3148
186.190.226.78 - - [07/Jul/2022:17:46:00 -0500] "GET /portaldeninos/wp-content/themes/betheme/js/menu.js?ver=20.9.6 HTTP/1.1" 200 2449
186.190.226.78 - - [07/Jul/2022:17:46:00 -0500] "GET /portaldeninos/wp-includes/js/jquery/ui/sortable.min.js?ver=1.11.4 HTTP/1.1" 200 24899
186.190.226.78 - - [07/Jul/2022:17:46:00 -0500] "GET /portaldeninos/wp-includes/js/jquery/ui/widget.min.js?ver=1.11.4 HTTP/1.1" 200 6908
186.190.226.78 - - [07/Jul/2022:17:46:00 -0500] "GET /portaldeninos/wp-content/themes/betheme/assets/animations/animations.min.js?ver=20.9.6 HTTP/1.1" 200 1896
186.190.226.78 - - [07/Jul/2022:17:46:00 -0500] "GET /portaldeninos/wp-content/themes/betheme/assets/jplayer/jplayer.min.js?ver=20.9.6 HTTP/1.1" 200 52702
186.190.226.78 - - [07/Jul/2022:17:46:00 -0500] "GET /portaldeninos/wp-content/themes/betheme/js/scripts.js?ver=20.9.6 HTTP/1.1" 200 77162
186.190.226.78 - - [07/Jul/2022:17:46:00 -0500] "GET /portaldeninos/wp-content/themes/betheme/fonts/mfn-icons.woff?93978679 HTTP/1.1" 200 80932
186.190.226.78 - - [07/Jul/2022:17:46:01 -0500] "GET /portaldeninos/wp-includes/js/wp-embed.min.js?ver=4.9.8 HTTP/1.1" 200 1398
186.190.226.78 - - [07/Jul/2022:17:46:01 -0500] "GET /portaldeninos/wp-includes/js/wp-emoji-release.min.js?ver=4.9.8 HTTP/1.1" 200 12026
186.190.226.78 - - [07/Jul/2022:17:46:01 -0500] "GET /portaldeninos/wp-content/themes/betheme/images/box_shadow.png HTTP/1.1" 200 108
186.190.226.78 - - [07/Jul/2022:17:46:01 -0500] "GET /portaldeninos/wp-content/themes/betheme/fonts/mfn-icons.ttf?93978679 HTTP/1.1" 200 25041
173.252.95.20 - - [07/Jul/2022:17:46:02 -0500] "GET /con-el-pot-bogota-tendra-30-mas-de-areas-verdes-protegidas.html HTTP/1.1" 206 940
186.190.226.78 - - [07/Jul/2022:17:46:03 -0500] "GET /portaldeninos/wp-includes/js/jquery/ui/accordion.min.js?ver=1.11.4 HTTP/1.1" 200 8584
186.190.226.78 - - [07/Jul/2022:17:46:06 -0500] "GET /portaldeninos/wp-content/themes/betheme/js/plugins.js?ver=20.9.6 HTTP/1.1" 200 56581
172.22.2.4 - - [07/Jul/2022:17:46:25 -0500] "GET /BLA/boletinlegal/actos.php HTTP/1.1" 200 9559
172.22.2.4 - - [07/Jul/2022:17:46:26 -0500] "GET /BLA/boletinlegal/favicon.ico HTTP/1.1" 404 1326
199.59.150.183 - - [07/Jul/2022:17:46:28 -0500] "GET /images/Mirla%20Comu%CC%81n%20SDA%20(1)%20(1).jpeg HTTP/1.1" 404 1034
172.22.2.4 - - [07/Jul/2022:17:46:51 -0500] "GET /BLA/boletinlegal/consulta_actos.php?tipo=resoluciones&no=&usuario=&sector=&fecha=2018&resuelve=cauce HTTP/1.1" 200 28540
172.22.2.4 - - [07/Jul/2022:17:46:52 -0500] "GET /BLA/boletinlegal/images/background.gif HTTP/1.1" 200 -
199.16.157.181 - - [07/Jul/2022:17:46:58 -0500] "GET /images/Mirla%20Comu%CC%81n%20SDA%20(1)%20(1).jpeg HTTP/1.1" 404 1034
172.22.2.4 - - [07/Jul/2022:17:46:22 -0500] "GET /BLA/boletinlegal/ HTTP/1.1" 200 55912
216.245.221.92 - - [07/Jul/2022:17:48:06 -0500] "HEAD / HTTP/1.1" 200 -
172.22.2.4 - - [07/Jul/2022:17:46:53 -0500] "HEAD /BLA/boletinlegal/ HTTP/1.1" 200 -
172.22.2.4 - - [07/Jul/2022:17:49:06 -0500] "GET /BLA/boletinlegal/ecp/Current/exporttool/microsoft.exchange.ediscovery.exporttool.application HTTP/1.1" 404 1018
199.16.157.182 - - [07/Jul/2022:17:49:19 -0500] "GET /images/Mirla%20Comu%CC%81n%20SDA%20(1)%20(1).jpeg HTTP/1.1" 404 1034
172.22.2.4 - - [07/Jul/2022:17:47:43 -0500] "GET /BLA/boletinlegal/ HTTP/1.1" 200 57272
172.22.2.4 - - [07/Jul/2022:17:49:51 -0500] "GET /BLA/boletinlegal/js/popup.js HTTP/1.1" 200 1270
172.22.2.4 - - [07/Jul/2022:17:49:52 -0500] "GET /BLA/boletinlegal/js/lib.js HTTP/1.1" 200 6474
172.22.2.4 - - [07/Jul/2022:17:49:52 -0500] "GET /BLA/boletinlegal/js/jquery1.js HTTP/1.1" 200 29846
205.169.39.237 - - [07/Jul/2022:17:49:55 -0500] "GET /portaldeninos/wp-includes/js/wp-emoji-release.min.js?ver=4.9.8 HTTP/1.1" 200 12026
205.169.39.237 - - [07/Jul/2022:17:49:55 -0500] "GET /portaldeninos/wp-content/plugins/google-analytics-for-wordpress/assets/js/frontend-gtag.min.js?ver=8.5.0 HTTP/1.1" 200 11801
205.169.39.237 - - [07/Jul/2022:17:49:55 -0500] "GET /portaldeninos/wp-includes/js/jquery/jquery.js?ver=1.12.4 HTTP/1.1" 200 97184
205.169.39.237 - - [07/Jul/2022:17:49:56 -0500] "GET /portaldeninos/wp-includes/js/jquery/jquery-migrate.min.js?ver=1.4.1 HTTP/1.1" 200 10056
205.169.39.237 - - [07/Jul/2022:17:49:57 -0500] "GET /portaldeninos/wp-includes/js/jquery/ui/core.min.js?ver=1.11.4 HTTP/1.1" 200 4000
205.169.39.237 - - [07/Jul/2022:17:49:57 -0500] "GET /portaldeninos/wp-content/plugins/gallery-videos/JS/modernizr.custom.js?ver=4.9.8 HTTP/1.1" 200 9019
205.169.39.237 - - [07/Jul/2022:17:49:57 -0500] "GET /portaldeninos/wp-content/plugins/gallery-videos/JS/Total-Soft-Gallery-Video-Widget.js?ver=4.9.8 HTTP/1.1" 200 80264
205.169.39.237 - - [07/Jul/2022:17:49:58 -0500] "GET /portaldeninos/wp-includes/js/jquery/ui/widget.min.js?ver=1.11.4 HTTP/1.1" 200 6908
205.169.39.237 - - [07/Jul/2022:17:49:58 -0500] "GET /portaldeninos/wp-includes/js/jquery/ui/mouse.min.js?ver=1.11.4 HTTP/1.1" 200 3148
205.169.39.237 - - [07/Jul/2022:17:49:58 -0500] "GET /portaldeninos/wp-includes/js/jquery/ui/sortable.min.js?ver=1.11.4 HTTP/1.1" 200 24899
205.169.39.237 - - [07/Jul/2022:17:49:58 -0500] "GET /portaldeninos/wp-includes/js/jquery/ui/tabs.min.js?ver=1.11.4 HTTP/1.1" 200 12110
200.118.60.4 - - [07/Jul/2022:17:50:04 -0500] "GET /appsia/controlador HTTP/1.1" 200 4799
200.118.60.4 - - [07/Jul/2022:17:50:05 -0500] "GET /appsia/css/estilos.css HTTP/1.1" 200 4804
200.118.60.4 - - [07/Jul/2022:17:50:05 -0500] "GET /appsia/scripts/validarIngreso.js HTTP/1.1" 200 851
200.118.60.4 - - [07/Jul/2022:17:50:05 -0500] "GET /appsia/images/logo_bogota_p.png HTTP/1.1" 200 14951
200.118.60.4 - - [07/Jul/2022:17:50:05 -0500] "GET /appsia/images/cabezoteHojaVida.png HTTP/1.1" 200 32493
200.118.60.4 - - [07/Jul/2022:17:50:05 -0500] "GET /favicon.ico HTTP/1.1" 200 7782
201.245.192.253 - - [07/Jul/2022:17:50:04 -0500] "POST /kwsrmcab/Wsrmcab  HTTP/1.1" 200 45708
205.169.39.237 - - [07/Jul/2022:17:50:09 -0500] "GET /portaldeninos/wp-includes/js/jquery/ui/accordion.min.js?ver=1.11.4 HTTP/1.1" 200 8584
205.169.39.237 - - [07/Jul/2022:17:50:09 -0500] "GET /portaldeninos/wp-content/themes/betheme/js/plugins.js?ver=20.9.6 HTTP/1.1" 200 197151
205.169.39.237 - - [07/Jul/2022:17:50:10 -0500] "GET /portaldeninos/wp-content/themes/betheme/js/menu.js?ver=20.9.6 HTTP/1.1" 200 2449
205.169.39.237 - - [07/Jul/2022:17:50:10 -0500] "GET /portaldeninos/wp-content/themes/betheme/assets/animations/animations.min.js?ver=20.9.6 HTTP/1.1" 200 1896
205.169.39.237 - - [07/Jul/2022:17:50:10 -0500] "GET /portaldeninos/wp-content/themes/betheme/assets/jplayer/jplayer.min.js?ver=20.9.6 HTTP/1.1" 200 52702
205.169.39.237 - - [07/Jul/2022:17:50:11 -0500] "GET /portaldeninos/wp-content/themes/betheme/js/scripts.js?ver=20.9.6 HTTP/1.1" 200 77162
205.169.39.237 - - [07/Jul/2022:17:50:11 -0500] "GET /portaldeninos/wp-includes/js/wp-embed.min.js?ver=4.9.8 HTTP/1.1" 200 1398
181.237.242.1 - - [07/Jul/2022:17:50:18 -0500] "GET /BLA/resoluciones/RESOLUCIONES%202014/0089.pdf HTTP/1.1" 200 2341457
181.237.242.1 - - [07/Jul/2022:17:50:34 -0500] "GET /BLA/resoluciones/index.php?dir=RESOLUCIONES+2014%2F HTTP/1.1" 200 333508
199.59.150.183 - - [07/Jul/2022:17:50:38 -0500] "GET /images/Mirla%20Comu%CC%81n%20SDA%20(1)%20(1).jpeg HTTP/1.1" 404 1034
181.237.242.1 - - [07/Jul/2022:17:50:39 -0500] "GET /BLA/resoluciones/RESOLUCIONES%202014/0091.pdf HTTP/1.1" 200 646787
181.237.242.1 - - [07/Jul/2022:17:50:47 -0500] "GET /BLA/resoluciones/RESOLUCIONES%202014/0116.pdf HTTP/1.1" 200 2256349
172.22.2.4 - - [07/Jul/2022:17:50:49 -0500] "GET /BLA/boletinlegal/owa/auth/logon.aspx HTTP/1.1" 404 1018
181.237.242.1 - - [07/Jul/2022:17:51:00 -0500] "GET /BLA/resoluciones/RESOLUCIONES%202014/0164.pdf HTTP/1.1" 200 3104668
181.237.242.1 - - [07/Jul/2022:17:51:15 -0500] "GET /BLA/resoluciones/RESOLUCIONES%202014/0167.pdf HTTP/1.1" 200 9230709
181.237.242.1 - - [07/Jul/2022:17:51:26 -0500] "GET /BLA/resoluciones/RESOLUCIONES%202014/0170.pdf HTTP/1.1" 200 2351285
181.237.242.1 - - [07/Jul/2022:17:51:37 -0500] "GET /BLA/resoluciones/RESOLUCIONES%202014/0197.pdf HTTP/1.1" 200 4404042
181.237.242.1 - - [07/Jul/2022:17:51:50 -0500] "GET /BLA/resoluciones/RESOLUCIONES%202014/0201.pdf HTTP/1.1" 200 2146993
172.22.2.4 - - [07/Jul/2022:17:51:51 -0500] "GET /BLA/boletinlegal/.env HTTP/1.1" 404 1018
181.237.242.1 - - [07/Jul/2022:17:51:56 -0500] "GET /BLA/resoluciones/RESOLUCIONES%202014/0219.pdf HTTP/1.1" 200 3137367
181.237.242.1 - - [07/Jul/2022:17:52:08 -0500] "GET /BLA/resoluciones/RESOLUCIONES%202014/0253.pdf HTTP/1.1" 200 3353113
181.237.242.1 - - [07/Jul/2022:17:52:16 -0500] "GET /BLA/resoluciones/RESOLUCIONES%202014/0273.pdf HTTP/1.1" 200 3365367
181.237.242.1 - - [07/Jul/2022:17:52:29 -0500] "GET /BLA/resoluciones/RESOLUCIONES%202014/0351.pdf HTTP/1.1" 200 3361505
181.237.242.1 - - [07/Jul/2022:17:52:42 -0500] "GET /BLA/resoluciones/RESOLUCIONES%202014/0472.pdf HTTP/1.1" 200 3833465
200.118.60.4 - - [07/Jul/2022:17:52:56 -0500] "POST /appsia/controlador HTTP/1.1" 200 3601
200.118.60.4 - - [07/Jul/2022:17:52:56 -0500] "GET /appsia/jscripts/validarSolicitud.js HTTP/1.1" 404 68
181.237.242.1 - - [07/Jul/2022:17:52:58 -0500] "GET /BLA/resoluciones/RESOLUCIONES%202014/0767.pdf HTTP/1.1" 200 3971577
216.245.221.92 - - [07/Jul/2022:17:53:06 -0500] "HEAD / HTTP/1.1" 200 -
181.237.242.1 - - [07/Jul/2022:17:53:11 -0500] "GET /BLA/resoluciones/RESOLUCIONES%202014/0947.pdf HTTP/1.1" 200 4753363
200.118.60.4 - - [07/Jul/2022:17:53:14 -0500] "POST /appsia/controlador HTTP/1.1" 200 4799
181.237.242.1 - - [07/Jul/2022:17:53:24 -0500] "GET /BLA/resoluciones/RESOLUCIONES%202014/1089.pdf HTTP/1.1" 200 2544414
181.237.242.1 - - [07/Jul/2022:17:53:45 -0500] "GET /BLA/resoluciones/RESOLUCIONES%202014/1091.pdf HTTP/1.1" 200 2598119
181.237.242.1 - - [07/Jul/2022:17:53:54 -0500] "GET /BLA/resoluciones/RESOLUCIONES%202014/1092.pdf HTTP/1.1" 200 1413721
200.118.60.4 - - [07/Jul/2022:17:54:03 -0500] "POST /appsia/controlador HTTP/1.1" 200 5437
185.220.100.248 - - [07/Jul/2022:17:54:05 -0500] "GET /portaldeninos/ HTTP/1.1" 200 109662
45.238.183.13 - - [07/Jul/2022:17:54:07 -0500] "GET /galeria/galeria/jquery.fancybox.css?v=2.1.5 HTTP/1.1" 200 4895
45.238.183.13 - - [07/Jul/2022:17:54:07 -0500] "GET /galeria/galeria/jquery.fancybox.js?v=2.1.5 HTTP/1.1" 200 48706
45.238.183.13 - - [07/Jul/2022:17:54:07 -0500] "GET /BLA/boletinlegal/js/jquery.scrollShow.js HTTP/1.1" 200 4586
181.237.242.1 - - [07/Jul/2022:17:54:09 -0500] "GET /BLA/resoluciones/RESOLUCIONES%202014/1097.pdf HTTP/1.1" 200 561979
172.22.2.4 - - [07/Jul/2022:17:52:43 -0500] "HEAD /BLA/boletinlegal/ HTTP/1.1" 200 -
181.237.242.1 - - [07/Jul/2022:17:54:25 -0500] "GET /BLA/resoluciones/RESOLUCIONES%202014/1093.pdf HTTP/1.1" 200 3651116
200.118.60.4 - - [07/Jul/2022:17:54:30 -0500] "POST /appsia/controlador HTTP/1.1" 200 7738
200.118.60.4 - - [07/Jul/2022:17:54:30 -0500] "GET /appsia/images/logo_escudo.png HTTP/1.1" 200 36965
181.237.242.1 - - [07/Jul/2022:17:54:34 -0500] "GET /BLA/resoluciones/RESOLUCIONES%202014/1185.pdf HTTP/1.1" 200 3492777
181.237.242.1 - - [07/Jul/2022:17:54:47 -0500] "GET /BLA/resoluciones/RESOLUCIONES%202014/1294.pdf HTTP/1.1" 200 3919341
201.245.192.253 - - [07/Jul/2022:17:55:04 -0500] "POST /kwsrmcab/Wsrmcab  HTTP/1.1" 200 45708
172.22.2.4 - - [07/Jul/2022:17:53:33 -0500] "GET /BLA/boletinlegal/ HTTP/1.1" 200 60992
179.19.159.35 - - [07/Jul/2022:17:55:18 -0500] "GET /appsia/controlador HTTP/1.1" 200 4799
179.19.159.35 - - [07/Jul/2022:17:55:19 -0500] "GET /appsia/scripts/validarIngreso.js HTTP/1.1" 200 851
179.19.159.35 - - [07/Jul/2022:17:55:19 -0500] "GET /appsia/css/estilos.css HTTP/1.1" 200 4804
179.19.159.35 - - [07/Jul/2022:17:55:19 -0500] "GET /appsia/images/logo_bogota_p.png HTTP/1.1" 200 14951
179.19.159.35 - - [07/Jul/2022:17:55:19 -0500] "GET /appsia/images/cabezoteHojaVida.png HTTP/1.1" 200 32493
179.19.159.35 - - [07/Jul/2022:17:55:19 -0500] "GET /favicon.ico HTTP/1.1" 200 7782
179.19.159.35 - - [07/Jul/2022:17:55:28 -0500] "POST /appsia/controlador HTTP/1.1" 200 3601
179.19.159.35 - - [07/Jul/2022:17:55:28 -0500] "GET /appsia/jscripts/validarSolicitud.js HTTP/1.1" 404 68
179.19.159.35 - - [07/Jul/2022:17:55:30 -0500] "POST /appsia/controlador HTTP/1.1" 200 4799
201.245.192.253 - - [07/Jul/2022:17:55:44 -0500] "GET /sipse/faces/faces/autenticacion.xhtml HTTP/1.1" 200 12499
201.245.192.253 - - [07/Jul/2022:17:55:50 -0500] "GET /sipse/css/custom_css_sg.css HTTP/1.1" 200 9694
201.245.192.253 - - [07/Jul/2022:17:55:52 -0500] "GET /sipse/faces/javax.faces.resource/layout/layout.css;jsessionid=GeyWOGS-qD5-D7opvneXtS2U.undefined?ln=primefaces&v=4.0 HTTP/1.1" 200 542
201.245.192.253 - - [07/Jul/2022:17:55:52 -0500] "GET /sipse/js/disable_browser_buttons.js HTTP/1.1" 304 -
201.245.192.253 - - [07/Jul/2022:17:55:52 -0500] "GET /sipse/js/funciones.js HTTP/1.1" 304 -
201.245.192.253 - - [07/Jul/2022:17:55:52 -0500] "GET /sipse/faces/javax.faces.resource/primefaces.css;jsessionid=GeyWOGS-qD5-D7opvneXtS2U.undefined?ln=primefaces&v=4.0 HTTP/1.1" 200 53295
201.245.192.253 - - [07/Jul/2022:17:55:52 -0500] "GET /sipse/css/custom_css_sg_prime_login.css HTTP/1.1" 200 443
201.245.192.253 - - [07/Jul/2022:17:55:52 -0500] "GET /sipse/faces/javax.faces.resource/layout/layout.js;jsessionid=GeyWOGS-qD5-D7opvneXtS2U.undefined?ln=primefaces&v=4.0 HTTP/1.1" 200 87560
201.245.192.253 - - [07/Jul/2022:17:55:52 -0500] "GET /sipse/faces/javax.faces.resource/jquery/jquery.js;jsessionid=GeyWOGS-qD5-D7opvneXtS2U.undefined?ln=primefaces&v=4.0 HTTP/1.1" 200 105384
201.245.192.253 - - [07/Jul/2022:17:55:52 -0500] "GET /sipse/faces/javax.faces.resource/jquery/jquery-plugins.js;jsessionid=GeyWOGS-qD5-D7opvneXtS2U.undefined?ln=primefaces&v=4.0 HTTP/1.1" 200 220526
201.245.192.253 - - [07/Jul/2022:17:55:52 -0500] "GET /sipse/faces/javax.faces.resource/theme.css?ln=primefaces-sipse HTTP/1.1" 200 50058
201.245.192.253 - - [07/Jul/2022:17:55:52 -0500] "GET /sipse/faces/javax.faces.resource/primefaces.js;jsessionid=GeyWOGS-qD5-D7opvneXtS2U.undefined?ln=primefaces&v=4.0 HTTP/1.1" 200 276924
201.245.192.253 - - [07/Jul/2022:17:56:00 -0500] "GET /sipse/faces/javax.faces.resource/images/ui-icons_898989_256x240.png?ln=primefaces-aristo HTTP/1.1" 200 5355
201.245.192.253 - - [07/Jul/2022:17:56:00 -0500] "GET /sipse/css/imagen/loginimg.png HTTP/1.1" 200 71635
201.245.192.253 - - [07/Jul/2022:17:56:00 -0500] "GET /sipse/css/imagen/logoSDG.png HTTP/1.1" 200 53064
201.245.192.253 - - [07/Jul/2022:17:56:01 -0500] "GET /favicon.ico HTTP/1.1" 200 7782
201.245.192.253 - - [07/Jul/2022:17:56:03 -0500] "GET /sipse/faces/faces/index.xhtml HTTP/1.1" 200 677
201.245.192.253 - - [07/Jul/2022:17:56:04 -0500] "GET /sipse/faces/javax.faces.resource/theme.css?ln=primefaces-sipse HTTP/1.1" 304 -
201.245.192.253 - - [07/Jul/2022:17:56:05 -0500] "GET /sipse/faces/faces/faces/autenticacion.xhtml HTTP/1.1" 200 12177
201.245.192.253 - - [07/Jul/2022:17:56:05 -0500] "GET /sipse/faces/javax.faces.resource/theme.css?ln=primefaces-sipse HTTP/1.1" 304 -
201.245.192.253 - - [07/Jul/2022:17:56:05 -0500] "GET /sipse/faces/javax.faces.resource/layout/layout.css?ln=primefaces&v=4.0 HTTP/1.1" 200 542
201.245.192.253 - - [07/Jul/2022:17:56:05 -0500] "GET /sipse/faces/javax.faces.resource/primefaces.css?ln=primefaces&v=4.0 HTTP/1.1" 200 53295
