186.102.51.156 - - [17/Jul/2022:16:08:24 -0500] "GET /kwssiamovil/sm/acme/a?s=U2FsdGVkX1/Ofe1ozI6GybhSlWLHbVdUs/d738e1uNKk1MxnegBHS4eEQZW4WzZSSyeS9wiqQnQJghkNBlNgFM6U6ni4kpm8Jr9TQ6qYKixxm3Rn9bA3yuWERAxKHMggCoHLZN9nnb9ALs07iuJG7BCgJi9t5x1yu4D7urAQiHlB61rIoZNfLeB63O2le+1eRu35eWoPEqzZaoi/ADSj9tK7LnDZ8QKrsTRZQhEY71EXCcqGEv9dDBil4lpmdRqWwGJlZ8+hkzdJV3whlu1S5VjSAXMT0iwzfx7EDpxG3KfyOXAzvYPafRVhqwzp9mtZRg97P0bhWyrYF428BHG9vZtPmP4gFT1Jr24EjbpHq4yMY2VizmeBNc/8F5L1MYb0CWtpjlh9qRcBJALVXNuk/A6E5aO8KE2oKnvufDP4dSv0vSop/Pw+G5ukPjYk8AFtRrufYwu9TH3BJAJJ6m10wEOHMvfzG3bgV4L63jQrNd42t4l+qE8M03O2A6b393qGHC6QZKgrSRSEGAZgy280KN8g4Go/JeSb8V2FhnX+rG/KGtqdI5rNaPzscJhJilRc3K0eb0hiHbi/MXvzC6jJ3sA818GNhalL6pxWqQye6ly+5t0zUdvh4T/DF+UZWKhXUL3p6zyBrCkK0vasGD9BmQ6NRuwyhjgYUsnUKc1E6dxAdNpMexUGPMU/slU/nEAyAY9k5fYRLCjVzwXoBKskM2fEKjCVFWoqh0KQTBoVx0ZqC0Sy5jLi4kfwH7m6crBr4oZsQWFyofQ8sBYNNTSxhttSzX5zheH/9/apsLpETecWuG8ZbffOnE7JX9P2+OdyA3+czfubYD7ZPmNXzXRpisCl4cbXSiWbYCj7A7gqUSg91nUAvjryXzCCU7SLpVl5ia7KPou2pbaPB+xum3LkWNT396vG8QKzQFtCrqj5SsfA+tbTBYZxds25pnodDmlsDlwS+SRD+K/FTOCLnyFgJ0dJR77znZy44XiUrhx1udpG0BdIADSroqXHawcOwfRI4AyrX4cG15lrtYAmqQVnOAy3PX4qLE+x65JmoIkvKUDY5fTJ+atfcRMNMprV9jJzQYVJetqfhC77259xNG8NPniHARk2ztp7WZEtOE9kfngQENeFYZDqlKZw9ZJfzmoYRVBLM8eubvqKDs1qWi50jtUXlhB3PL36D+edL3z9KjLfWbn+MnPRm6Voqa6wgAXjDihR9zBawCbeo+jLqsm52ZRS4HTd8df4oCVBLth9H0ngEaB+L9TXNYW7hbL1Z7rD3oyzfFM0OZuNxo8fkZfvchaeYeIhofgyCwvCEEIVrOvy/Klc4FzmXfU8uDKqR+aDyAIoe6PmsHF8UJtclQeINVloiwX7FAnqu96ZNO/3GeIeN0bHLlNm2C2xvFN5Czm1MPLD/FyazgWWmPUU09gCtiE6MMoCpPyD0ftoxQ58LxB82IJZ5lEsOkKzf+sCwVerz9HkAKbrRL96o5gL/LqZkQ+lz2PFKnZDpP9q4334TrEoTtihcWYFkHo9wA13WUWOZTawhO7OyLYob5ea7wFAQk4h6xEAeZZOefjSFp6fSnSr5DyH6+qIkHaoXhMGEMt5ll3HZf3QjVPC4chmKMDLgy0um3wuRm8WEkDFOuwnfOngB4XqHVUS6VLWG4nw+5y8xAKC+OXWpdRZuQgxhm8gvsGHHFt1gzgPuPVD2WBOZSgTMEcBFtbHge61m2wC9C0MAuRMjBGKkPk1+G8oHYxn0HmuCvkyQMkyq/G7o5mcwLeNrtLAJpj80+V7iIYVXoFycOhxUJnjb8yQqGVolBlxscHs6JaFYzLjqlWY4h85Hw4m9iPuakSDZQoqRiSAO6PTW5xy7zN9glhpTQCv3RBlVpOMHontYmYIchBSl84GRzAYw8YaYNwzmu0uvan6rL6s1d9MNhCR96uK1P2ziCU5zfm2LeU99QVl4GWjL+FA6gUnms3reRAIaNRzmcRI/gaTs0h4M1m6M1ku6xEK4GjoMqlHSjz6ARaqIggznzNFc91i/y2uP92OcXVq0qIC5Uvvds+fvmLIxi1KokhGb0EPHNccXSdNW8xMmifdbLCtIhrZBa+0H4w2OgH9lw6C6IujgucMBne7YLRZjUOHhihIN89erICIaUDrl6B4+LZ60jJtBIYm9RMheamvdNhcPl+xVzMIKWJBywq46oW9e9/PY/bKLl1q0hb3pWJfugLHEpUlGYcckuIRaJE6pLbQ0d2NsFwbWvjUiwa+NYMhFA0cNNnyKmQN4OJAu/RuZIt4ENdht3facWYD0oOJzP7zg+1O8/S9fLSoy2BGRiATnFPuWeRUvspaCh7Ob3QkfVbFfndy5RdKjxniNQY05xxrARdgQDLfv/rxUcBKFo0aZqZvMLKWLqDGFQYh9ixHtGDx+WOTI70r9sFGAyuaJ3gCFNl7broiojO6cN9SOxw32xItV6HJ1txm0BZUkvcdd+NTDHD5BV0ClT++gSPhA9NVRNtQ1eRT23eHZ7NFz7e/cPaGY2rNVGZVb4JC3xJOFHX6N7yxLJN71B3HYe7pkfe6TGTZ+3s1SkBPhDcSNGB4GgBs8/o+ItxBHEvoUTkd2cB3CUwan/505HuV+UcuBIctJLsXCiPfwu1MRazeXqux+JfrSVARwYztMiwDvMhuglhUFFG7RD1Emyl16/QsqclkR01K&u=U2FsdGVkX182onXfi/TBuv3MyTh3OF6jj4A17zmNxF0=&y=U2FsdGVkX1/GzliDpkAm3nz4P/9GpeR9P1H/31xPbp3sbBL5F2BxHrOqIENwpvwQ HTTP/1.1" 200 25
186.102.51.156 - - [17/Jul/2022:16:08:24 -0500] "GET /kwssiamovil/sm/acme/a?s=U2FsdGVkX1+FBpNEeiQ9YB1QRYFelYrkcCxIVL3ZTOvfUBV0sXY0c7lp1okn8fx8NT83PLe7r1eOVqglRse0cZrCWJRhG5KCxV1oxEje+CWD1KwuoFXshN5xqa8lWGf/dMI0PzWrpR2uV/q2KbCvtERvU4wVT2azDIFZlN1pan0=&u=U2FsdGVkX182onXfi/TBuv3MyTh3OF6jj4A17zmNxF0=&y=U2FsdGVkX1/GzliDpkAm3nz4P/9GpeR9P1H/31xPbp3sbBL5F2BxHrOqIENwpvwQ HTTP/1.1" 200 25
186.102.51.156 - - [17/Jul/2022:16:08:25 -0500] "GET /kwssiamovil/sm/acme/a?s=U2FsdGVkX1+38qlgzA0tQWVT6z7YW/nwlyNLqOLFaFR+qOMoZNrYehalotcEuRDnG58XV+wwyijmGuhA36Z36Qq2GhJhbH5RPLaQarDfrRzgBXNXVyjVL6XQtZDxsKoYUHjov1M6D+PUozs64/FOFFuGj3IJFSTfmbpk142k9qc=&u=U2FsdGVkX182onXfi/TBuv3MyTh3OF6jj4A17zmNxF0=&y=U2FsdGVkX1/GzliDpkAm3nz4P/9GpeR9P1H/31xPbp3sbBL5F2BxHrOqIENwpvwQ HTTP/1.1" 200 25
186.102.51.156 - - [17/Jul/2022:16:08:25 -0500] "GET /kwssiamovil/sm/acme/a?s=U2FsdGVkX1/soi5KFnATt6T/Mv0GOzqnjPImyhMfS6mQIsYDUFcu3c4yThJ439ITpuNUlHCzJidG4HFeEnAF0pCCqiy6YHOx/FKKA9DCIZkf2TbbigDwSyMBgrC15ALNjlcj7w6c4EfSZJ1IIC0HoUxSmbmFKU3CihplL0m73SE=&u=U2FsdGVkX182onXfi/TBuv3MyTh3OF6jj4A17zmNxF0=&y=U2FsdGVkX1/GzliDpkAm3nz4P/9GpeR9P1H/31xPbp3sbBL5F2BxHrOqIENwpvwQ HTTP/1.1" 200 25
186.102.51.156 - - [17/Jul/2022:16:08:25 -0500] "GET /kwssiamovil/sm/acme/a?s=U2FsdGVkX19qVQpK1QIef+x8HZkTGA8lNs4w40pQ4g2WjOxEhqjmm3IsIkpdaZNf1fHaBTLOCd0IlueiAEVH3bD6SdKSxN6CfLEeutX76zc8OebSJKSlWyzuAXYMB/ODX0ZKyE8uOh91iQpfPYTI0Z27DD42VP/axhb9dai9ps+Jxpk88UnJIjoAwdJt3jYS&u=U2FsdGVkX182onXfi/TBuv3MyTh3OF6jj4A17zmNxF0=&y=U2FsdGVkX1/GzliDpkAm3nz4P/9GpeR9P1H/31xPbp3sbBL5F2BxHrOqIENwpvwQ HTTP/1.1" 200 25
186.102.51.156 - - [17/Jul/2022:16:08:25 -0500] "GET /kwssiamovil/sm/acme/a?s=U2FsdGVkX1+cqoYAuSf0aYf83xrOZA3WMBidCtlBTYo7AS880nRUCUHKb+2F78RhnijjBwEwvmQApyepOGLwx4qH/Vq0wwshqA2jUNtMTjCArMFGUPUvSnGF58daNdFJM2N8S9GzlA+zRi7OD/WMWrdR0N3XeBLXRNk6lGME8lDYVdWyo6NKVMTm20MGuJDm79Y1mu9vO0+dDSoe3nFoyHCrTwAywQ98tpNqLaoENeFTOhxHL7SdoDQNmtr+o6PkcHkmfaXyXThbsxlnh+HloxRc+azzmu6qLKjDyoTVOBjxvphIs2Etakvi2ONMP5Y8c30eHLY1uBh1k7sqq2mHdjS4G9MehDNNi0Gy7hzeeZpqzwgElNM9LdAid423lH595rN3nW8ODHCtRsDgoJSVYUM2Nv36ELWvFMD/jNf2aTjK0NuLHF5GKxPJtb8tdCN3qL3+jLeDlzPzb1s9hpSJIcWgOXcHn/yWI9EEQpLd9XCSCSzMGV/7TfaZbY1LYg80ugu4AqrsK9tv0FzxZgZCeGRzZz0Uqgk5uQOdqOaNUjebKcLusIq/NsA/1Uo5B3jM/NitquQ86cKwmoLeBgAnVnOauvS9o/YrnyQVGL67VUiByGH2HzBY86ynfHY82adKoBpz/3izn8YPvBnB7vwpiA==&u=U2FsdGVkX182onXfi/TBuv3MyTh3OF6jj4A17zmNxF0=&y=U2FsdGVkX1/GzliDpkAm3nz4P/9GpeR9P1H/31xPbp3sbBL5F2BxHrOqIENwpvwQ HTTP/1.1" 200 25
186.102.51.156 - - [17/Jul/2022:16:08:26 -0500] "GET /kwssiamovil/sm/acme/a?s=U2FsdGVkX1+0jR4Lvfl5KMmUzF+FvqXfgWzEZCp8WOhloi6OVpD6Dtd1FB8QVAM221xf1QcIvccVbGAdyaeKtEQV7SUrto5K7bOsvNRQG6SVnW2v9mXHbmceGprJ1i2ZeaT9/bTlfZ3DOcVNeQLhcVLwMuTRO4x3Hporm6J8pTwyTIeuua9zyQ54Fy2bz9fQMWXU2Fw2zg2ewtxD2DTkyFXxr5hsgiqAy3Gd9HcfwxCtc1UcaMWDxSpeE/IdxW69I5VzUX3yASda1j7gcN2Gi8HO247vpOsNCxb5nV6W6Oz1fipmALvzdrmUc99UyMNeQN7OKYKr8WqZ37f0iNUNmvKqtiY3zDSDgY/kLmq4ADg9n7bIm6Qv/l6uYLSVO/Kdeq4ArnTQ2ZglOPMOWuJQb6zOuVzrE+/dOZ8ONGfIM060Nr2RGxtn1TEL+jatXw3+Oo8z/jkh5Pyd4R+ChqL0gl7AH2FQq7870n8SB2K00FVnpENlr6VNotHPPuz/v5ajxEvhenOqCvU70FolxBKpTJBDsAOpC0rkcO5jJ7tmmOtsmW1x9sg8CKGTXkk8nOzIgYbRdpUYOWdoa8u9zCUXcgabDGMzgO6+jKWrPjS09t8=&u=U2FsdGVkX182onXfi/TBuv3MyTh3OF6jj4A17zmNxF0=&y=U2FsdGVkX1/GzliDpkAm3nz4P/9GpeR9P1H/31xPbp3sbBL5F2BxHrOqIENwpvwQ HTTP/1.1" 200 25
173.252.95.21 - - [17/Jul/2022:16:09:03 -0500] "GET /en-dia-internacional-de-la-tierra-secretaria-de-ambiente-presenta-libro-digital-de-relatos-escritos-por-ciudadanos.html HTTP/1.1" 206 1033
216.245.221.92 - - [17/Jul/2022:16:09:43 -0500] "HEAD / HTTP/1.1" 200 -
172.22.2.4 - - [17/Jul/2022:16:08:38 -0500] "HEAD /BLA/boletinlegal/ HTTP/1.1" 200 -
94.130.167.105 - - [17/Jul/2022:16:10:52 -0500] "-" 408 -
172.22.2.4 - - [17/Jul/2022:16:09:28 -0500] "GET /BLA/boletinlegal/ HTTP/1.1" 200 58491
201.245.192.253 - - [17/Jul/2022:16:11:10 -0500] "POST /kwsrmcab/Wsrmcab  HTTP/1.1" 200 45399
125.209.235.174 - - [17/Jul/2022:16:11:21 -0500] "-" 408 -
34.75.202.73 - - [17/Jul/2022:16:11:55 -0500] "GET /galeria/galeria/fotos/diaSC7Peq.jpg HTTP/1.1" 200 18357
216.245.221.92 - - [17/Jul/2022:16:14:43 -0500] "HEAD / HTTP/1.1" 200 -
172.22.2.4 - - [17/Jul/2022:16:14:28 -0500] "HEAD /BLA/boletinlegal/ HTTP/1.1" 200 -
201.245.192.253 - - [17/Jul/2022:16:16:11 -0500] "POST /kwsrmcab/Wsrmcab  HTTP/1.1" 200 45399
172.22.2.4 - - [17/Jul/2022:16:15:18 -0500] "GET /BLA/boletinlegal/ HTTP/1.1" 200 60992
172.22.2.4 - - [17/Jul/2022:16:17:06 -0500] "GET /BLA/boletinlegal/style.css HTTP/1.1" 200 9406
172.22.2.4 - - [17/Jul/2022:16:17:06 -0500] "GET /BLA/boletinlegal/styles2.css HTTP/1.1" 200 1838
172.22.2.4 - - [17/Jul/2022:16:17:06 -0500] "GET /BLA/boletinlegal/js/jquery.js HTTP/1.1" 200 57254
172.22.2.4 - - [17/Jul/2022:16:17:06 -0500] "GET /BLA/boletinlegal/js/jquery.scrollShow.js HTTP/1.1" 200 4586
172.22.2.4 - - [17/Jul/2022:16:17:06 -0500] "GET /BLA/boletinlegal/js/jquery.scrollTo-min.js HTTP/1.1" 200 1150
172.22.2.4 - - [17/Jul/2022:16:17:06 -0500] "GET /BLA/boletinlegal/images/cabezote%20BLEGAL.jpg HTTP/1.1" 200 118164
172.22.2.4 - - [17/Jul/2022:16:17:06 -0500] "GET /BLA/boletinlegal/images/subscribe-icon-big.png HTTP/1.1" 200 47702
172.22.2.4 - - [17/Jul/2022:16:17:06 -0500] "GET /BLA/boletinlegal/images/historia.png HTTP/1.1" 200 52775
172.22.2.4 - - [17/Jul/2022:16:17:06 -0500] "GET /BLA/boletinlegal/images/registro-usuarios.png HTTP/1.1" 200 8106
172.22.2.4 - - [17/Jul/2022:16:17:06 -0500] "GET /BLA/boletinlegal/images/arr_l.jpg HTTP/1.1" 200 1979
172.22.2.4 - - [17/Jul/2022:16:17:06 -0500] "GET /BLA/boletinlegal/images/screen_1.png HTTP/1.1" 200 202547
172.22.2.4 - - [17/Jul/2022:16:17:06 -0500] "GET /BLA/boletinlegal/images/launch.jpg HTTP/1.1" 200 14577
172.22.2.4 - - [17/Jul/2022:16:17:06 -0500] "GET /BLA/boletinlegal/images/hover.jpg HTTP/1.1" 200 640
172.22.2.4 - - [17/Jul/2022:16:17:06 -0500] "GET /BLA/boletinlegal/images/menu_rght.gif HTTP/1.1" 200 1627
172.22.2.4 - - [17/Jul/2022:16:17:06 -0500] "GET /BLA/boletinlegal/images/menu_lft.gif HTTP/1.1" 200 1713
172.22.2.4 - - [17/Jul/2022:16:17:06 -0500] "GET /BLA/boletinlegal/images/menu_bg.jpg HTTP/1.1" 200 620
172.22.2.4 - - [17/Jul/2022:16:17:06 -0500] "GET /BLA/boletinlegal/images/body_bg.jpg HTTP/1.1" 200 1601
172.22.2.4 - - [17/Jul/2022:16:17:06 -0500] "GET /BLA/boletinlegal/images/bg_top.jpg HTTP/1.1" 200 522
172.22.2.4 - - [17/Jul/2022:16:17:06 -0500] "GET /BLA/boletinlegal/images/text.jpg HTTP/1.1" 200 568
172.22.2.4 - - [17/Jul/2022:16:17:09 -0500] "GET /BLA/boletinlegal/actos.php HTTP/1.1" 200 9559
172.22.2.4 - - [17/Jul/2022:16:17:09 -0500] "GET /BLA/boletinlegal/niceforms.js HTTP/1.1" 200 22876
172.22.2.4 - - [17/Jul/2022:16:17:09 -0500] "GET /BLA/boletinlegal/js/ajax_actos.js HTTP/1.1" 200 1322
172.22.2.4 - - [17/Jul/2022:16:17:09 -0500] "GET /BLA/boletinlegal/js/lib.js HTTP/1.1" 200 6474
172.22.2.4 - - [17/Jul/2022:16:17:09 -0500] "GET /BLA/boletinlegal/niceforms-default.css HTTP/1.1" 200 6694
172.22.2.4 - - [17/Jul/2022:16:17:09 -0500] "GET /BLA/boletinlegal/js/popup.js HTTP/1.1" 200 1270
172.22.2.4 - - [17/Jul/2022:16:17:09 -0500] "GET /BLA/boletinlegal/js/jquery1.js HTTP/1.1" 200 29846
172.22.2.4 - - [17/Jul/2022:16:17:09 -0500] "GET /BLA/boletinlegal/images/green-yellow-blue-pink-th.png HTTP/1.1" 200 7394
172.22.2.4 - - [17/Jul/2022:16:17:09 -0500] "GET /BLA/boletinlegal/images/footer_bg.jpg HTTP/1.1" 200 586
172.22.2.4 - - [17/Jul/2022:16:17:09 -0500] "GET /BLA/boletinlegal/images/abajo.png HTTP/1.1" 200 96676
172.22.2.4 - - [17/Jul/2022:16:17:09 -0500] "GET /BLA/boletinlegal/images/icono-email.png HTTP/1.1" 200 5544
172.22.2.4 - - [17/Jul/2022:16:17:09 -0500] "GET /BLA/boletinlegal/images/tel.png HTTP/1.1" 200 14477
172.22.2.4 - - [17/Jul/2022:16:17:09 -0500] "GET /BLA/boletinlegal/images/footer_bg_l.jpg HTTP/1.1" 200 776
172.22.2.4 - - [17/Jul/2022:16:17:09 -0500] "GET /BLA/boletinlegal/img/select-left.png HTTP/1.1" 200 263
172.22.2.4 - - [17/Jul/2022:16:17:09 -0500] "GET /BLA/boletinlegal/img/button-left.png HTTP/1.1" 200 57071
172.22.2.4 - - [17/Jul/2022:16:17:09 -0500] "GET /BLA/boletinlegal/img/button.png HTTP/1.1" 200 43241
172.22.2.4 - - [17/Jul/2022:16:17:09 -0500] "GET /BLA/boletinlegal/img/button-right.png HTTP/1.1" 200 57878
172.22.2.4 - - [17/Jul/2022:16:17:09 -0500] "GET /BLA/boletinlegal/img/select-right.png HTTP/1.1" 200 44019
172.22.2.4 - - [17/Jul/2022:16:17:09 -0500] "GET /BLA/boletinlegal/img/0.png HTTP/1.1" 200 110
172.22.2.4 - - [17/Jul/2022:16:17:09 -0500] "GET /BLA/boletinlegal/favicon.ico HTTP/1.1" 404 1326
172.22.2.4 - - [17/Jul/2022:16:17:38 -0500] "GET /BLA/boletinlegal/consulta_actos.php?tipo=resoluciones&no=0106&usuario=&sector=&fecha=2016&resuelve= HTTP/1.1" 200 626
172.22.2.4 - - [17/Jul/2022:16:17:06 -0500] "GET /BLA/boletinlegal/ HTTP/1.1" 200 24523
172.22.2.4 - - [17/Jul/2022:16:17:51 -0500] "GET /BLA/boletinlegal/consulta_actos.php?tipo=resoluciones&no=1068&usuario=&sector=&fecha=2016&resuelve= HTTP/1.1" 200 1157
172.22.2.4 - - [17/Jul/2022:16:17:51 -0500] "GET /BLA/boletinlegal/images/pdf.gif HTTP/1.1" 200 567
181.53.12.166 - - [17/Jul/2022:16:17:55 -0500] "GET /BLA/resoluciones/RESOLUCIONES%202016/1068.pdf HTTP/1.1" 200 1531612
181.53.12.166 - - [17/Jul/2022:16:17:55 -0500] "GET /BLA/resoluciones/RESOLUCIONES%202016/1068.pdf HTTP/1.1" 200 1531612
181.53.12.166 - - [17/Jul/2022:16:17:55 -0500] "GET /BLA/resoluciones/RESOLUCIONES%202016/1068.pdf HTTP/1.1" 206 1025
35.240.26.48 - - [17/Jul/2022:16:18:22 -0500] "GET /chulo-o-gallinazo-un-carronero-que-cumple-un-papel-fundamental-en-los-ecosistemas.html HTTP/1.1" 200 784
216.245.221.92 - - [17/Jul/2022:16:19:43 -0500] "HEAD / HTTP/1.1" 200 -
207.46.13.20 - - [17/Jul/2022:16:20:17 -0500] "GET / HTTP/1.1" 200 319
201.245.192.253 - - [17/Jul/2022:16:20:39 -0500] "POST /kwsrmcab/Wsrmcab HTTP/1.1" 200 45711
201.245.192.253 - - [17/Jul/2022:16:20:43 -0500] "POST /kwsrmcab/Wsrmcab HTTP/1.1" 200 43634
201.245.192.253 - - [17/Jul/2022:16:21:10 -0500] "POST /kwsrmcab/Wsrmcab  HTTP/1.1" 200 45399
172.22.2.4 - - [17/Jul/2022:16:20:18 -0500] "HEAD /BLA/boletinlegal/ HTTP/1.1" 200 -
195.154.50.58 - - [17/Jul/2022:16:22:34 -0500] "GET /wp-content/uploads/wp-blockup.php?lt=503c138bd956ccbe9a63967ef1f22dac&a=ZWNobyA0MDk3MjMqMjA7 HTTP/1.1" 404 1049
195.154.50.58 - - [17/Jul/2022:16:22:34 -0500] "GET /wp-content/uploads/wp-blockdown.php?lt=503c138bd956ccbe9a63967ef1f22dac&a=ZWNobyA0MDk3MjMqMjA7 HTTP/1.1" 404 1049
195.154.50.58 - - [17/Jul/2022:16:22:35 -0500] "GET /wp-content/uploads/wp-stream.php?lt=503c138bd956ccbe9a63967ef1f22dac&a=ZWNobyA0MDk3MjMqMjA7 HTTP/1.1" 404 1049
195.154.50.58 - - [17/Jul/2022:16:22:35 -0500] "GET /wp-blockup.php?lt=503c138bd956ccbe9a63967ef1f22dac&a=ZWNobyA0MDk3MjMqMjA7 HTTP/1.1" 404 1049
195.154.50.58 - - [17/Jul/2022:16:22:35 -0500] "GET /wp-beckup.php?lt=503c138bd956ccbe9a63967ef1f22dac&a=ZWNobyA0MDk3MjMqMjA7 HTTP/1.1" 404 1049
195.154.50.58 - - [17/Jul/2022:16:22:35 -0500] "GET /wp-stream.php?lt=503c138bd956ccbe9a63967ef1f22dac&a=ZWNobyA0MDk3MjMqMjA7 HTTP/1.1" 404 1049
195.154.50.58 - - [17/Jul/2022:16:22:35 -0500] "GET /wp-blockdown.php?lt=503c138bd956ccbe9a63967ef1f22dac&a=ZWNobyA0MDk3MjMqMjA7 HTTP/1.1" 404 1049
195.154.50.58 - - [17/Jul/2022:16:22:35 -0500] "GET /wp-blog-post.php?lt=503c138bd956ccbe9a63967ef1f22dac&a=ZWNobyA0MDk3MjMqMjA7 HTTP/1.1" 404 1049
172.22.2.4 - - [17/Jul/2022:16:21:08 -0500] "GET /BLA/boletinlegal/ HTTP/1.1" 200 60992
216.245.221.92 - - [17/Jul/2022:16:24:43 -0500] "HEAD / HTTP/1.1" 200 -
186.80.52.30 - - [17/Jul/2022:16:24:44 -0500] "GET /chulo-o-gallinazo-un-carronero-que-cumple-un-papel-fundamental-en-los-ecosistemas.html HTTP/1.1" 200 784
186.116.212.82 - - [17/Jul/2022:16:26:09 -0500] "GET /forest/ HTTP/1.1" 200 12041
201.245.192.253 - - [17/Jul/2022:16:26:09 -0500] "POST /kwsrmcab/Wsrmcab  HTTP/1.1" 200 45399
186.116.212.82 - - [17/Jul/2022:16:27:01 -0500] "POST /forest/index.php HTTP/1.1" 200 12268
172.22.2.4 - - [17/Jul/2022:16:26:08 -0500] "HEAD /BLA/boletinlegal/ HTTP/1.1" 200 -
66.249.73.16 - - [17/Jul/2022:16:28:06 -0500] "-" 408 -
172.22.2.4 - - [17/Jul/2022:16:26:58 -0500] "GET /BLA/boletinlegal/ HTTP/1.1" 200 58491
216.245.221.92 - - [17/Jul/2022:16:29:42 -0500] "HEAD / HTTP/1.1" 200 -
207.46.13.188 - - [17/Jul/2022:16:30:22 -0500] "GET /galeria/galeria/fotos/Soratama4G.jpg HTTP/1.1" 200 167128
201.245.192.253 - - [17/Jul/2022:16:30:38 -0500] "POST /kwsrmcab/Wsrmcab HTTP/1.1" 200 45711
201.245.192.253 - - [17/Jul/2022:16:30:42 -0500] "POST /kwsrmcab/Wsrmcab HTTP/1.1" 200 43634
201.245.192.253 - - [17/Jul/2022:16:31:08 -0500] "POST /kwsrmcab/Wsrmcab  HTTP/1.1" 200 45399
181.71.17.159 - - [17/Jul/2022:16:31:34 -0500] "GET /chulo-o-gallinazo-un-carronero-que-cumple-un-papel-fundamental-en-los-ecosistemas.html HTTP/1.1" 200 784
207.46.13.31 - - [17/Jul/2022:16:31:46 -0500] "GET /BLA/resoluciones/RESOLUCIONES%202017/2438.pdf HTTP/1.1" 304 -
5.164.216.28 - - [17/Jul/2022:16:32:33 -0500] "GET / HTTP/1.1" 200 319
172.22.2.4 - - [17/Jul/2022:16:31:58 -0500] "HEAD /BLA/boletinlegal/ HTTP/1.1" 200 -
172.22.2.4 - - [17/Jul/2022:16:32:48 -0500] "GET /BLA/boletinlegal/ HTTP/1.1" 200 55912
216.245.221.92 - - [17/Jul/2022:16:34:42 -0500] "HEAD / HTTP/1.1" 200 -
201.245.192.253 - - [17/Jul/2022:16:36:07 -0500] "POST /kwsrmcab/Wsrmcab  HTTP/1.1" 200 45399
40.77.167.66 - - [17/Jul/2022:16:37:22 -0500] "GET /galeria/galeria/fotos/GuaymaralTorca4G.jpg HTTP/1.1" 200 373786
172.22.2.4 - - [17/Jul/2022:16:35:48 -0500] "GET /BLA/boletinlegal/ HTTP/1.1" 200 63618
172.22.2.4 - - [17/Jul/2022:16:37:48 -0500] "HEAD /BLA/boletinlegal/ HTTP/1.1" 200 -
216.245.221.92 - - [17/Jul/2022:16:39:42 -0500] "HEAD / HTTP/1.1" 200 -
172.22.2.4 - - [17/Jul/2022:16:39:43 -0500] "GET /BLA/boletinlegal/Circulares/2019/.pdf HTTP/1.1" 404 1218
172.22.2.4 - - [17/Jul/2022:16:39:52 -0500] "GET /BLA/boletinlegal/Circulares/2012/Circular%20No.%2010%20del%2026%20de%20Enero%20de%202012.pdf HTTP/1.1" 404 1218
207.46.13.214 - - [17/Jul/2022:16:39:54 -0500] "GET /BLA/resoluciones/index.php?dir=AUTOS+2009%2F HTTP/1.1" 200 399860
172.22.2.4 - - [17/Jul/2022:16:38:38 -0500] "GET /BLA/boletinlegal/ HTTP/1.1" 200 60992
201.245.192.253 - - [17/Jul/2022:16:40:38 -0500] "POST /kwsrmcab/Wsrmcab HTTP/1.1" 200 45711
201.245.192.253 - - [17/Jul/2022:16:40:42 -0500] "POST /kwsrmcab/Wsrmcab HTTP/1.1" 200 43634
201.245.192.253 - - [17/Jul/2022:16:41:06 -0500] "POST /kwsrmcab/Wsrmcab  HTTP/1.1" 200 45399
216.245.221.92 - - [17/Jul/2022:16:44:42 -0500] "HEAD / HTTP/1.1" 200 -
172.22.2.4 - - [17/Jul/2022:16:43:38 -0500] "HEAD /BLA/boletinlegal/ HTTP/1.1" 200 -
173.252.127.9 - - [17/Jul/2022:16:45:25 -0500] "GET /images/operativos-residuos-peligrosos-25-ABRIL.jpg HTTP/1.1" 200 35345
157.55.39.133 - - [17/Jul/2022:16:45:47 -0500] "GET / HTTP/1.1" 200 4720
172.22.2.4 - - [17/Jul/2022:16:44:28 -0500] "GET /BLA/boletinlegal/ HTTP/1.1" 200 60992
201.245.192.253 - - [17/Jul/2022:16:46:07 -0500] "POST /kwsrmcab/Wsrmcab  HTTP/1.1" 200 45399
172.22.2.4 - - [17/Jul/2022:16:46:14 -0500] "GET /BLA/boletinlegal/robots.txt HTTP/1.1" 404 1140
54.39.177.173 - - [17/Jul/2022:16:49:33 -0500] "GET /chulo-o-gallinazo-un-carronero-que-cumple-un-papel-fundamental-en-los-ecosistemas.html HTTP/1.1" 200 784
216.245.221.92 - - [17/Jul/2022:16:49:42 -0500] "HEAD / HTTP/1.1" 200 -
172.22.2.4 - - [17/Jul/2022:16:49:28 -0500] "HEAD /BLA/boletinlegal/ HTTP/1.1" 200 -
201.245.192.253 - - [17/Jul/2022:16:51:06 -0500] "POST /kwsrmcab/Wsrmcab  HTTP/1.1" 200 45399
172.22.2.4 - - [17/Jul/2022:16:50:18 -0500] "GET /BLA/boletinlegal/ HTTP/1.1" 200 58491
173.252.95.10 - - [17/Jul/2022:16:52:38 -0500] "GET /images/jardines-verticales-plantas-24-mayo.jpg HTTP/1.1" 200 148288
185.119.81.106 - - [17/Jul/2022:16:53:09 -0500] "GET /portaldeninos/wp-login.php HTTP/1.1" 200 2592
185.119.81.106 - - [17/Jul/2022:16:53:10 -0500] "POST /portaldeninos/wp-login.php HTTP/1.1" 200 3670
172.22.2.4 - - [17/Jul/2022:16:54:00 -0500] "GET /BLA/boletinlegal/index.php?s=/Index/\\think\\app/invokefunction&function=call_user_func_array&vars[0]=md5&vars[1][]=HelloThinkPHP21 HTTP/1.1" 200 24523
216.245.221.92 - - [17/Jul/2022:16:54:42 -0500] "HEAD / HTTP/1.1" 200 -
172.22.2.4 - - [17/Jul/2022:16:54:24 -0500] "GET /BLA/boletinlegal/ HTTP/1.1" 200 59828
201.245.192.253 - - [17/Jul/2022:16:56:05 -0500] "POST /kwsrmcab/Wsrmcab  HTTP/1.1" 200 45399
172.22.2.4 - - [17/Jul/2022:16:56:10 -0500] "GET /BLA/boletinlegal/style.css HTTP/1.1" 200 9406
172.22.2.4 - - [17/Jul/2022:16:55:18 -0500] "HEAD /BLA/boletinlegal/ HTTP/1.1" 200 -
172.22.2.4 - - [17/Jul/2022:16:56:08 -0500] "GET /BLA/boletinlegal/ HTTP/1.1" 200 50730
216.245.221.92 - - [17/Jul/2022:16:59:42 -0500] "HEAD / HTTP/1.1" 200 -
201.245.192.253 - - [17/Jul/2022:17:01:05 -0500] "POST /kwsrmcab/Wsrmcab  HTTP/1.1" 200 45399
213.186.1.249 - - [17/Jul/2022:17:02:22 -0500] "GET /chulo-o-gallinazo-un-carronero-que-cumple-un-papel-fundamental-en-los-ecosistemas.html HTTP/1.1" 200 784
172.22.2.4 - - [17/Jul/2022:17:01:08 -0500] "HEAD /BLA/boletinlegal/ HTTP/1.1" 200 -
172.22.2.4 - - [17/Jul/2022:17:01:58 -0500] "GET /BLA/boletinlegal/ HTTP/1.1" 200 58491
216.245.221.92 - - [17/Jul/2022:17:04:42 -0500] "HEAD / HTTP/1.1" 200 -
201.245.192.253 - - [17/Jul/2022:17:06:04 -0500] "POST /kwsrmcab/Wsrmcab  HTTP/1.1" 200 45399
172.22.2.4 - - [17/Jul/2022:17:06:58 -0500] "HEAD /BLA/boletinlegal/ HTTP/1.1" 200 -
172.22.2.4 - - [17/Jul/2022:17:07:48 -0500] "GET /BLA/boletinlegal/ HTTP/1.1" 200 58491
216.245.221.92 - - [17/Jul/2022:17:09:42 -0500] "HEAD / HTTP/1.1" 200 -
172.22.2.4 - - [17/Jul/2022:17:10:33 -0500] "GET /BLA/boletinlegal/actos.php HTTP/1.1" 200 9559
186.155.49.169 - - [17/Jul/2022:17:10:51 -0500] "GET /BLA/resoluciones/ HTTP/1.1" 200 13093
186.155.49.169 - - [17/Jul/2022:17:10:55 -0500] "GET /BLA/resoluciones/index.php?dir=RESOLUCIONES+2015%2F HTTP/1.1" 200 130215
201.245.192.253 - - [17/Jul/2022:17:11:02 -0500] "POST /kwsrmcab/Wsrmcab  HTTP/1.1" 200 45399
185.196.220.70 - - [17/Jul/2022:17:12:07 -0500] "GET / HTTP/1.1" 200 319
172.22.2.4 - - [17/Jul/2022:17:10:30 -0500] "GET /BLA/boletinlegal/ HTTP/1.1" 200 63618
172.22.2.4 - - [17/Jul/2022:17:12:47 -0500] "HEAD /BLA/boletinlegal/ HTTP/1.1" 200 -
216.245.221.92 - - [17/Jul/2022:17:14:42 -0500] "HEAD / HTTP/1.1" 200 -
207.46.13.20 - - [17/Jul/2022:17:14:57 -0500] "GET /transparencia/financiera/Desagregado%20con%20modificaciones/? HTTP/1.1" 200 42961
207.46.13.20 - - [17/Jul/2022:17:15:02 -0500] "GET /transparencia/financiera/Desagregado%20con%20modificaciones/? HTTP/1.1" 200 42961
172.22.2.4 - - [17/Jul/2022:17:13:38 -0500] "GET /BLA/boletinlegal/ HTTP/1.1" 200 57272
157.55.39.133 - - [17/Jul/2022:17:15:20 -0500] "GET / HTTP/1.1" 200 4720
69.63.189.120 - - [17/Jul/2022:17:16:02 -0500] "GET /la-segunda-llantaton-del-ano-sera-en-suba-y-barrios-unidos.html HTTP/1.1" 206 823
201.245.192.253 - - [17/Jul/2022:17:16:01 -0500] "POST /kwsrmcab/Wsrmcab  HTTP/1.1" 200 45399
172.22.2.4 - - [17/Jul/2022:17:16:33 -0500] "GET /BLA/boletinlegal/Circulares/2012/Circular%20No.%209%20del%2021%20de%20Agosto%20de%202012.pdf HTTP/1.1" 304 -
186.31.145.208 - - [17/Jul/2022:17:17:32 -0500] "GET /chulo-o-gallinazo-un-carronero-que-cumple-un-papel-fundamental-en-los-ecosistemas.html HTTP/1.1" 200 784
172.22.2.4 - - [17/Jul/2022:17:19:36 -0500] "GET /BLA/boletinlegal/jurisprudencia/analisis/analisis%20C-595-2010.doc HTTP/1.1" 200 39424
216.245.221.92 - - [17/Jul/2022:17:19:42 -0500] "HEAD / HTTP/1.1" 200 -
172.22.2.4 - - [17/Jul/2022:17:18:38 -0500] "HEAD /BLA/boletinlegal/ HTTP/1.1" 200 -
201.245.192.253 - - [17/Jul/2022:17:20:39 -0500] "POST /kwsrmcab/Wsrmcab HTTP/1.1" 200 46165
201.245.192.253 - - [17/Jul/2022:17:20:43 -0500] "POST /kwsrmcab/Wsrmcab HTTP/1.1" 200 46599
186.155.49.169 - - [17/Jul/2022:17:21:00 -0500] "GET /BLA/resoluciones/index.php?dir=RESOLUCIONES+2011%2F HTTP/1.1" 200 746823
201.245.192.253 - - [17/Jul/2022:17:21:01 -0500] "POST /kwsrmcab/Wsrmcab  HTTP/1.1" 200 45399
172.22.2.4 - - [17/Jul/2022:17:19:28 -0500] "GET /BLA/boletinlegal/ HTTP/1.1" 200 58491
186.155.49.169 - - [17/Jul/2022:17:21:30 -0500] "GET /BLA/resoluciones/index.php?dir=AUTOS+2011%2F HTTP/1.1" 200 635120
186.155.49.169 - - [17/Jul/2022:17:21:49 -0500] "GET /BLA/resoluciones/AUTOS%202011/6440.pdf HTTP/1.1" 200 132299
185.119.81.108 - - [17/Jul/2022:17:21:55 -0500] "GET /portaldeninos/wp-login.php HTTP/1.1" 200 2592
185.119.81.108 - - [17/Jul/2022:17:21:56 -0500] "POST /portaldeninos/wp-login.php HTTP/1.1" 200 3605
172.22.2.4 - - [17/Jul/2022:17:22:22 -0500] "GET /BLA/boletinlegal/actos.php HTTP/1.1" 200 9559
172.22.2.4 - - [17/Jul/2022:17:22:20 -0500] "GET /BLA/boletinlegal/ HTTP/1.1" 200 24523
216.245.221.92 - - [17/Jul/2022:17:24:43 -0500] "HEAD / HTTP/1.1" 200 -
201.245.192.253 - - [17/Jul/2022:17:26:01 -0500] "POST /kwsrmcab/Wsrmcab  HTTP/1.1" 200 45399
172.22.2.4 - - [17/Jul/2022:17:24:27 -0500] "HEAD /BLA/boletinlegal/ HTTP/1.1" 200 -
185.119.81.97 - - [17/Jul/2022:17:26:26 -0500] "GET /portaldeninos/wp-login.php HTTP/1.1" 200 2592
185.119.81.97 - - [17/Jul/2022:17:26:27 -0500] "POST /portaldeninos/wp-login.php HTTP/1.1" 200 3670
172.22.2.4 - - [17/Jul/2022:17:25:18 -0500] "GET /BLA/boletinlegal/ HTTP/1.1" 200 60992
216.245.221.92 - - [17/Jul/2022:17:29:42 -0500] "HEAD / HTTP/1.1" 200 -
201.245.192.253 - - [17/Jul/2022:17:30:38 -0500] "POST /kwsrmcab/Wsrmcab HTTP/1.1" 200 46165
201.245.192.253 - - [17/Jul/2022:17:30:42 -0500] "POST /kwsrmcab/Wsrmcab HTTP/1.1" 200 46599
191.156.235.53 - - [17/Jul/2022:17:30:45 -0500] "GET /chulo-o-gallinazo-un-carronero-que-cumple-un-papel-fundamental-en-los-ecosistemas.html HTTP/1.1" 200 784
172.22.2.4 - - [17/Jul/2022:17:30:54 -0500] "GET /BLA/boletinlegal/actos.php HTTP/1.1" 200 9559
172.22.2.4 - - [17/Jul/2022:17:30:54 -0500] "GET /BLA/boletinlegal/favicon.ico HTTP/1.1" 404 1326
201.245.192.253 - - [17/Jul/2022:17:30:59 -0500] "POST /kwsrmcab/Wsrmcab  HTTP/1.1" 200 45399
185.119.81.108 - - [17/Jul/2022:17:31:08 -0500] "GET /portaldeninos/wp-login.php HTTP/1.1" 200 2592
172.22.2.4 - - [17/Jul/2022:17:31:08 -0500] "GET /BLA/boletinlegal/consulta_actos.php?tipo=autos&no=0395&usuario=&sector=&fecha=2013&resuelve= HTTP/1.1" 200 1078
185.119.81.108 - - [17/Jul/2022:17:31:09 -0500] "POST /portaldeninos/wp-login.php HTTP/1.1" 200 3605
69.171.251.4 - - [17/Jul/2022:17:31:13 -0500] "GET /chulo-o-gallinazo-un-carronero-que-cumple-un-papel-fundamental-en-los-ecosistemas.html?fbclid=IwAR0gv_7LVFUON95mdLiZzZ7IwH9Ll1hjXap2xeADz6DkbZEgHoOBTXXznn4 HTTP/1.1" 200 784
34.147.17.205 - - [17/Jul/2022:17:31:38 -0500] "GET / HTTP/1.1" 200 319
172.22.2.4 - - [17/Jul/2022:17:30:17 -0500] "HEAD /BLA/boletinlegal/ HTTP/1.1" 200 -
172.22.2.4 - - [17/Jul/2022:17:30:52 -0500] "GET /BLA/boletinlegal/ HTTP/1.1" 200 44804
172.22.2.4 - - [17/Jul/2022:17:31:08 -0500] "GET /BLA/boletinlegal/ HTTP/1.1" 200 46746
185.119.81.106 - - [17/Jul/2022:17:32:52 -0500] "GET /portaldeninos/wp-login.php HTTP/1.1" 200 2592
185.119.81.106 - - [17/Jul/2022:17:32:53 -0500] "POST /portaldeninos/wp-login.php HTTP/1.1" 200 3605
216.245.221.92 - - [17/Jul/2022:17:34:42 -0500] "HEAD / HTTP/1.1" 200 -
201.245.192.253 - - [17/Jul/2022:17:35:59 -0500] "POST /kwsrmcab/Wsrmcab  HTTP/1.1" 200 45399
172.22.2.4 - - [17/Jul/2022:17:36:26 -0500] "GET /BLA/boletinlegal/actos.php HTTP/1.1" 200 9559
172.22.2.4 - - [17/Jul/2022:17:35:12 -0500] "GET /BLA/boletinlegal/ HTTP/1.1" 200 57699
172.22.2.4 - - [17/Jul/2022:17:36:11 -0500] "GET /BLA/boletinlegal/ HTTP/1.1" 200 32715
172.22.2.4 - - [17/Jul/2022:17:37:22 -0500] "GET /BLA/boletinlegal/consulta_actos.php?tipo=autos&no=0802&usuario=&sector=&fecha=2020&resuelve= HTTP/1.1" 200 1143
186.30.153.236 - - [17/Jul/2022:17:37:32 -0500] "GET /BLA/resoluciones/AUTOS%202020/0802.pdf HTTP/1.1" 200 361931
172.22.2.4 - - [17/Jul/2022:17:36:07 -0500] "HEAD /BLA/boletinlegal/ HTTP/1.1" 200 -
172.22.2.4 - - [17/Jul/2022:17:36:58 -0500] "GET /BLA/boletinlegal/ HTTP/1.1" 200 60410
172.22.2.4 - - [17/Jul/2022:17:39:05 -0500] "GET /BLA/boletinlegal/Circulares/2019/.pdf HTTP/1.1" 404 1218
172.22.2.4 - - [17/Jul/2022:17:39:14 -0500] "GET /BLA/boletinlegal/Circulares/2012/Circular%20No.%2010%20del%2026%20de%20Enero%20de%202012.pdf HTTP/1.1" 404 1218
172.22.2.4 - - [17/Jul/2022:17:39:30 -0500] "GET /BLA/boletinlegal/actos.php HTTP/1.1" 200 9559
172.22.2.4 - - [17/Jul/2022:17:39:30 -0500] "GET /BLA/boletinlegal/apple-touch-icon-precomposed.png HTTP/1.1" 404 1140
172.22.2.4 - - [17/Jul/2022:17:39:30 -0500] "GET /BLA/boletinlegal/apple-touch-icon.png HTTP/1.1" 404 1140
186.29.133.139 - - [17/Jul/2022:17:39:32 -0500] "GET /BLA/resoluciones/ HTTP/1.1" 200 13093
186.29.133.139 - - [17/Jul/2022:17:39:32 -0500] "GET /apple-touch-icon-precomposed.png HTTP/1.1" 404 1120
186.29.133.139 - - [17/Jul/2022:17:39:32 -0500] "GET /apple-touch-icon.png HTTP/1.1" 404 1120
186.29.133.139 - - [17/Jul/2022:17:39:36 -0500] "GET /BLA/resoluciones/index.php?dir=RESOLUCIONES+2015%2F HTTP/1.1" 200 130215
186.29.133.139 - - [17/Jul/2022:17:39:36 -0500] "GET /BLA/resoluciones/dlf/unknown.png HTTP/1.1" 200 266
216.245.221.92 - - [17/Jul/2022:17:39:42 -0500] "HEAD / HTTP/1.1" 200 -
186.29.133.139 - - [17/Jul/2022:17:39:48 -0500] "GET /BLA/resoluciones/RESOLUCIONES%202015/0152.docx HTTP/1.1" 200 654880
172.22.2.4 - - [17/Jul/2022:17:39:49 -0500] "GET /BLA/boletinlegal/apple-touch-icon-precomposed.png HTTP/1.1" 404 1140
172.22.2.4 - - [17/Jul/2022:17:39:49 -0500] "GET /BLA/boletinlegal/apple-touch-icon.png HTTP/1.1" 404 1140
172.22.2.4 - - [17/Jul/2022:17:39:49 -0500] "GET /BLA/boletinlegal/favicon.ico HTTP/1.1" 404 1140
186.29.133.139 - - [17/Jul/2022:17:39:52 -0500] "GET /BLA/resoluciones/RESOLUCIONES%202015/0152.docx HTTP/1.1" 200 654880
207.46.13.31 - - [17/Jul/2022:17:39:52 -0500] "GET /BLA/resoluciones/RESOLUCIONES%202018/0255.pdf HTTP/1.1" 200 405423
186.29.133.139 - - [17/Jul/2022:17:40:18 -0500] "GET /BLA/resoluciones/RESOLUCIONES%202015/0152.docx HTTP/1.1" 200 654880
172.22.2.4 - - [17/Jul/2022:17:39:27 -0500] "GET /BLA/boletinlegal/ HTTP/1.1" 200 36811
172.22.2.4 - - [17/Jul/2022:17:39:19 -0500] "GET /BLA/boletinlegal/ HTTP/1.1" 200 49099
201.245.192.253 - - [17/Jul/2022:17:40:38 -0500] "POST /kwsrmcab/Wsrmcab HTTP/1.1" 200 46165
201.245.192.253 - - [17/Jul/2022:17:40:42 -0500] "POST /kwsrmcab/Wsrmcab HTTP/1.1" 200 46599
201.245.192.253 - - [17/Jul/2022:17:40:59 -0500] "POST /kwsrmcab/Wsrmcab  HTTP/1.1" 200 45399
34.75.202.73 - - [17/Jul/2022:17:42:42 -0500] "GET /galeria/galeria/fotos/juan-amarillo2P.jpg HTTP/1.1" 200 32696
172.22.2.4 - - [17/Jul/2022:17:41:57 -0500] "HEAD /BLA/boletinlegal/ HTTP/1.1" 200 -
128.1.248.42 - - [17/Jul/2022:17:44:01 -0500] "GET / HTTP/1.1" 200 319
172.22.2.4 - - [17/Jul/2022:17:42:48 -0500] "GET /BLA/boletinlegal/ HTTP/1.1" 200 58491
216.245.221.92 - - [17/Jul/2022:17:44:42 -0500] "HEAD / HTTP/1.1" 200 -
64.62.243.165 - - [17/Jul/2022:17:45:03 -0500] "GET / HTTP/1.1" 200 319
201.242.120.24 - - [17/Jul/2022:17:45:05 -0500] "GET /descubren-nueva-orquidea-en-inmediaciones-del-nevado-del-ruiz.html HTTP/1.1" 200 768
201.242.120.24 - - [17/Jul/2022:17:45:05 -0500] "GET /favicon.ico HTTP/1.1" 404 1034
172.22.2.4 - - [17/Jul/2022:17:45:17 -0500] "GET /BLA/boletinlegal/owa/auth/x.js HTTP/1.1" 404 1018
201.245.192.253 - - [17/Jul/2022:17:45:58 -0500] "POST /kwsrmcab/Wsrmcab  HTTP/1.1" 200 45399
207.46.13.20 - - [17/Jul/2022:17:49:27 -0500] "GET /BLA/resoluciones/RESOLUCIONES%202022/0170.pdf HTTP/1.1" 200 588176
172.22.2.4 - - [17/Jul/2022:17:47:47 -0500] "HEAD /BLA/boletinlegal/ HTTP/1.1" 200 -
172.22.2.4 - - [17/Jul/2022:17:49:37 -0500] "GET /BLA/boletinlegal/ecp/Current/exporttool/microsoft.exchange.ediscovery.exporttool.application HTTP/1.1" 404 1018
216.245.221.92 - - [17/Jul/2022:17:49:42 -0500] "HEAD / HTTP/1.1" 200 -
172.22.2.4 - - [17/Jul/2022:17:48:38 -0500] "GET /BLA/boletinlegal/ HTTP/1.1" 200 57699
201.245.192.253 - - [17/Jul/2022:17:50:56 -0500] "POST /kwsrmcab/Wsrmcab  HTTP/1.1" 200 45399
172.22.2.4 - - [17/Jul/2022:17:52:08 -0500] "GET /BLA/boletinlegal/owa/auth/logon.aspx HTTP/1.1" 404 1018
172.22.2.4 - - [17/Jul/2022:17:53:11 -0500] "GET /BLA/boletinlegal/jurisprudencia/analisis/SENTENCIA%20C-703%20DE%202010.xls HTTP/1.1" 304 -
185.119.81.106 - - [17/Jul/2022:17:54:37 -0500] "GET /portaldeninos/wp-login.php HTTP/1.1" 200 2592
185.119.81.106 - - [17/Jul/2022:17:54:38 -0500] "POST /portaldeninos/wp-login.php HTTP/1.1" 200 3605
216.245.221.92 - - [17/Jul/2022:17:54:42 -0500] "HEAD / HTTP/1.1" 200 -
172.22.2.4 - - [17/Jul/2022:17:53:37 -0500] "HEAD /BLA/boletinlegal/ HTTP/1.1" 200 -
157.55.39.114 - - [17/Jul/2022:17:55:19 -0500] "GET /sipse/faces/faces/autenticacion.xhtml HTTP/1.1" 200 12501
201.245.192.253 - - [17/Jul/2022:17:55:55 -0500] "POST /kwsrmcab/Wsrmcab  HTTP/1.1" 200 45399
172.22.2.4 - - [17/Jul/2022:17:54:28 -0500] "GET /BLA/boletinlegal/ HTTP/1.1" 200 58866
216.245.221.92 - - [17/Jul/2022:17:59:42 -0500] "HEAD / HTTP/1.1" 200 -
201.245.192.253 - - [17/Jul/2022:18:00:54 -0500] "POST /kwsrmcab/Wsrmcab  HTTP/1.1" 200 45399
172.22.2.4 - - [17/Jul/2022:17:59:27 -0500] "HEAD /BLA/boletinlegal/ HTTP/1.1" 200 -
172.22.2.4 - - [17/Jul/2022:18:00:18 -0500] "GET /BLA/boletinlegal/ HTTP/1.1" 200 60992
172.22.2.4 - - [17/Jul/2022:18:01:59 -0500] "GET /BLA/boletinlegal/ HTTP/1.1" 200 20427
172.22.2.4 - - [17/Jul/2022:18:01:59 -0500] "GET /BLA/boletinlegal/ HTTP/1.1" 200 32715
172.22.2.4 - - [17/Jul/2022:18:02:23 -0500] "GET /BLA/boletinlegal/ HTTP/1.1" 200 32715
173.252.95.13 - - [17/Jul/2022:18:03:27 -0500] "GET /garza-azul-nueva-ave-registrada-en-el-humedal-el-burro.html HTTP/1.1" 206 890
216.245.221.92 - - [17/Jul/2022:18:04:42 -0500] "HEAD / HTTP/1.1" 200 -
185.119.81.97 - - [17/Jul/2022:18:04:47 -0500] "GET /portaldeninos/wp-login.php HTTP/1.1" 200 2592
185.119.81.97 - - [17/Jul/2022:18:04:48 -0500] "POST /portaldeninos/wp-login.php HTTP/1.1" 200 3605
201.245.192.253 - - [17/Jul/2022:18:05:54 -0500] "POST /kwsrmcab/Wsrmcab  HTTP/1.1" 200 45399
186.116.212.82 - - [17/Jul/2022:18:06:10 -0500] "-" 408 -
172.22.2.4 - - [17/Jul/2022:18:05:17 -0500] "HEAD /BLA/boletinlegal/ HTTP/1.1" 200 -
185.119.81.106 - - [17/Jul/2022:18:07:31 -0500] "GET /portaldeninos/wp-login.php HTTP/1.1" 200 2592
185.119.81.106 - - [17/Jul/2022:18:07:32 -0500] "POST /portaldeninos/wp-login.php HTTP/1.1" 200 3650
172.22.2.4 - - [17/Jul/2022:18:06:08 -0500] "GET /BLA/boletinlegal/ HTTP/1.1" 200 58866
216.245.221.92 - - [17/Jul/2022:18:09:42 -0500] "HEAD / HTTP/1.1" 200 -
201.245.192.253 - - [17/Jul/2022:18:10:52 -0500] "POST /kwsrmcab/Wsrmcab  HTTP/1.1" 200 45399
172.22.2.4 - - [17/Jul/2022:18:11:07 -0500] "HEAD /BLA/boletinlegal/ HTTP/1.1" 200 -
172.22.2.4 - - [17/Jul/2022:18:11:58 -0500] "GET /BLA/boletinlegal/ HTTP/1.1" 200 60992
216.245.221.92 - - [17/Jul/2022:18:14:42 -0500] "HEAD / HTTP/1.1" 200 -
172.22.2.4 - - [17/Jul/2022:18:15:41 -0500] "GET /BLA/boletinlegal/Circulares/2019/.pdf HTTP/1.1" 404 1038
201.245.192.253 - - [17/Jul/2022:18:15:51 -0500] "POST /kwsrmcab/Wsrmcab  HTTP/1.1" 200 45399
172.22.2.4 - - [17/Jul/2022:18:16:57 -0500] "HEAD /BLA/boletinlegal/ HTTP/1.1" 200 -
185.119.81.108 - - [17/Jul/2022:18:19:12 -0500] "GET /portaldeninos/wp-login.php HTTP/1.1" 200 2592
185.119.81.108 - - [17/Jul/2022:18:19:12 -0500] "POST /portaldeninos/wp-login.php HTTP/1.1" 200 3605
172.22.2.4 - - [17/Jul/2022:18:17:48 -0500] "GET /BLA/boletinlegal/ HTTP/1.1" 200 60992
216.245.221.92 - - [17/Jul/2022:18:19:42 -0500] "HEAD / HTTP/1.1" 200 -
201.245.192.253 - - [17/Jul/2022:18:20:39 -0500] "POST /kwsrmcab/Wsrmcab HTTP/1.1" 200 47130
201.245.192.253 - - [17/Jul/2022:18:20:43 -0500] "POST /kwsrmcab/Wsrmcab HTTP/1.1" 200 46908
201.245.192.253 - - [17/Jul/2022:18:20:49 -0500] "POST /kwsrmcab/Wsrmcab  HTTP/1.1" 200 45399
191.111.34.113 - - [17/Jul/2022:18:21:59 -0500] "GET /BLA/resoluciones/index.php?dir=AUTOS+2011%2F HTTP/1.1" 200 635120
191.111.34.113 - - [17/Jul/2022:18:22:13 -0500] "GET /BLA/resoluciones/AUTOS%202011/6051.pdf HTTP/1.1" 200 268320
172.22.2.4 - - [17/Jul/2022:18:22:47 -0500] "HEAD /BLA/boletinlegal/ HTTP/1.1" 200 -
216.245.221.92 - - [17/Jul/2022:18:24:42 -0500] "HEAD / HTTP/1.1" 200 -
172.22.2.4 - - [17/Jul/2022:18:23:38 -0500] "GET /BLA/boletinlegal/ HTTP/1.1" 200 53187
201.245.192.253 - - [17/Jul/2022:18:25:49 -0500] "POST /kwsrmcab/Wsrmcab  HTTP/1.1" 200 45399
54.39.177.173 - - [17/Jul/2022:18:29:17 -0500] "-" 408 -
216.245.221.92 - - [17/Jul/2022:18:29:42 -0500] "HEAD / HTTP/1.1" 200 -
172.22.2.4 - - [17/Jul/2022:18:28:37 -0500] "HEAD /BLA/boletinlegal/ HTTP/1.1" 200 -
201.245.192.253 - - [17/Jul/2022:18:30:39 -0500] "POST /kwsrmcab/Wsrmcab HTTP/1.1" 200 47130
201.245.192.253 - - [17/Jul/2022:18:30:43 -0500] "POST /kwsrmcab/Wsrmcab HTTP/1.1" 200 46908
201.245.192.253 - - [17/Jul/2022:18:30:48 -0500] "POST /kwsrmcab/Wsrmcab  HTTP/1.1" 200 45399
172.22.2.4 - - [17/Jul/2022:18:29:27 -0500] "GET /BLA/boletinlegal/ HTTP/1.1" 200 60410
52.26.134.199 - - [17/Jul/2022:18:33:24 -0500] "GET /galeria/galeria/fotos/Humedal-Tibanica1G.jpg HTTP/1.1" 200 541579
216.245.221.92 - - [17/Jul/2022:18:34:42 -0500] "HEAD / HTTP/1.1" 200 -
201.245.192.253 - - [17/Jul/2022:18:35:47 -0500] "POST /kwsrmcab/Wsrmcab  HTTP/1.1" 200 45399
172.22.2.4 - - [17/Jul/2022:18:34:27 -0500] "HEAD /BLA/boletinlegal/ HTTP/1.1" 200 -
172.22.2.4 - - [17/Jul/2022:18:35:18 -0500] "GET /BLA/boletinlegal/ HTTP/1.1" 200 58491
173.252.79.8 - - [17/Jul/2022:18:37:31 -0500] "GET /images/operativos-residuos-peligrosos-25-ABRIL.jpg HTTP/1.1" 200 35345
172.22.2.4 - - [17/Jul/2022:18:37:43 -0500] "GET /BLA/boletinlegal/Circulares/2019/Circular%20No.%200003%20del%2031%20de%20Enero%20de%202019.pdf HTTP/1.1" 304 -
172.22.2.4 - - [17/Jul/2022:18:37:58 -0500] "GET /BLA/boletinlegal/?XDEBUG_SESSION_START=phpstorm HTTP/1.1" 200 24523
207.46.13.45 - - [17/Jul/2022:18:39:39 -0500] "GET /portaldeninos/ HTTP/1.1" 200 109662
216.245.221.92 - - [17/Jul/2022:18:39:42 -0500] "HEAD / HTTP/1.1" 200 -
172.22.2.4 - - [17/Jul/2022:18:39:48 -0500] "GET /BLA/boletinlegal/normativa.php HTTP/1.1" 200 8326
172.22.2.4 - - [17/Jul/2022:18:39:48 -0500] "GET /BLA/boletinlegal/niceforms-default.css HTTP/1.1" 200 6694
172.22.2.4 - - [17/Jul/2022:18:39:48 -0500] "GET /BLA/boletinlegal/niceforms.js HTTP/1.1" 200 22876
172.22.2.4 - - [17/Jul/2022:18:39:48 -0500] "GET /BLA/boletinlegal/style.css HTTP/1.1" 200 9406
172.22.2.4 - - [17/Jul/2022:18:39:48 -0500] "GET /BLA/boletinlegal/js/ajax_normativa.js HTTP/1.1" 200 1154
172.22.2.4 - - [17/Jul/2022:18:39:49 -0500] "GET /BLA/boletinlegal/styles2.css HTTP/1.1" 200 1838
172.22.2.4 - - [17/Jul/2022:18:39:49 -0500] "GET /BLA/boletinlegal/images/registro-usuarios.png HTTP/1.1" 200 8106
172.22.2.4 - - [17/Jul/2022:18:39:49 -0500] "GET /BLA/boletinlegal/images/subscribe-icon-big.png HTTP/1.1" 200 47702
172.22.2.4 - - [17/Jul/2022:18:39:49 -0500] "GET /BLA/boletinlegal/images/historia.png HTTP/1.1" 200 52775
172.22.2.4 - - [17/Jul/2022:18:39:49 -0500] "GET /BLA/boletinlegal/images/cabezote%20BLEGAL.jpg HTTP/1.1" 200 118164
172.22.2.4 - - [17/Jul/2022:18:39:49 -0500] "GET /BLA/boletinlegal/images/abajo.png HTTP/1.1" 200 96676
172.22.2.4 - - [17/Jul/2022:18:39:49 -0500] "GET /BLA/boletinlegal/images/tel.png HTTP/1.1" 200 14477
172.22.2.4 - - [17/Jul/2022:18:39:49 -0500] "GET /BLA/boletinlegal/images/body_bg.jpg HTTP/1.1" 200 1601
172.22.2.4 - - [17/Jul/2022:18:39:49 -0500] "GET /BLA/boletinlegal/images/icono-email.png HTTP/1.1" 200 5544
172.22.2.4 - - [17/Jul/2022:18:39:49 -0500] "GET /BLA/boletinlegal/images/menu_lft.gif HTTP/1.1" 200 1713
172.22.2.4 - - [17/Jul/2022:18:39:49 -0500] "GET /BLA/boletinlegal/images/menu_rght.gif HTTP/1.1" 200 1627
172.22.2.4 - - [17/Jul/2022:18:39:49 -0500] "GET /BLA/boletinlegal/images/bg_top.jpg HTTP/1.1" 200 522
172.22.2.4 - - [17/Jul/2022:18:39:49 -0500] "GET /BLA/boletinlegal/images/text.jpg HTTP/1.1" 200 568
172.22.2.4 - - [17/Jul/2022:18:39:49 -0500] "GET /BLA/boletinlegal/images/hover.jpg HTTP/1.1" 200 640
172.22.2.4 - - [17/Jul/2022:18:39:49 -0500] "GET /BLA/boletinlegal/images/menu_bg.jpg HTTP/1.1" 200 620
172.22.2.4 - - [17/Jul/2022:18:39:49 -0500] "GET /BLA/boletinlegal/images/footer_bg.jpg HTTP/1.1" 200 586
172.22.2.4 - - [17/Jul/2022:18:39:49 -0500] "GET /BLA/boletinlegal/images/footer_bg_l.jpg HTTP/1.1" 200 776
172.22.2.4 - - [17/Jul/2022:18:39:49 -0500] "GET /BLA/boletinlegal/img/select-left.png HTTP/1.1" 200 263
172.22.2.4 - - [17/Jul/2022:18:39:49 -0500] "GET /BLA/boletinlegal/img/0.png HTTP/1.1" 200 110
172.22.2.4 - - [17/Jul/2022:18:39:49 -0500] "GET /BLA/boletinlegal/img/button-left.png HTTP/1.1" 200 57071
172.22.2.4 - - [17/Jul/2022:18:39:49 -0500] "GET /BLA/boletinlegal/img/select-right.png HTTP/1.1" 200 44019
172.22.2.4 - - [17/Jul/2022:18:39:49 -0500] "GET /BLA/boletinlegal/img/button-right.png HTTP/1.1" 200 57878
172.22.2.4 - - [17/Jul/2022:18:39:49 -0500] "GET /BLA/boletinlegal/img/button.png HTTP/1.1" 200 43241
172.22.2.4 - - [17/Jul/2022:18:39:49 -0500] "GET /BLA/boletinlegal/favicon.ico HTTP/1.1" 404 1334
172.22.2.4 - - [17/Jul/2022:18:40:07 -0500] "GET /BLA/boletinlegal/consulta_normativa.php?tipo=&sector=residuos&ano=2022&resuelve= HTTP/1.1" 200 454
213.186.1.246 - - [17/Jul/2022:18:40:09 -0500] "-" 408 -
172.22.2.4 - - [17/Jul/2022:18:40:20 -0500] "GET /BLA/boletinlegal/consulta_normativa.php?tipo=Ley&sector=residuos&ano=2022&resuelve= HTTP/1.1" 200 454
172.22.2.4 - - [17/Jul/2022:18:40:22 -0500] "GET /BLA/boletinlegal/consulta_normativa.php?tipo=Ley&sector=residuos&ano=2022&resuelve= HTTP/1.1" 200 454
190.27.1.18 - - [17/Jul/2022:18:40:26 -0500] "GET /BLA/resoluciones/index.php?dir=AUTOS+2014%2F HTTP/1.1" 200 875367
172.22.2.4 - - [17/Jul/2022:18:40:30 -0500] "GET /BLA/boletinlegal/consulta_normativa.php?tipo=Decreto&sector=residuos&ano=2022&resuelve= HTTP/1.1" 200 454
172.22.2.4 - - [17/Jul/2022:18:40:32 -0500] "GET /BLA/boletinlegal/consulta_normativa.php?tipo=Decreto&sector=residuos&ano=2022&resuelve= HTTP/1.1" 200 454
172.22.2.4 - - [17/Jul/2022:18:40:32 -0500] "GET /BLA/boletinlegal/consulta_normativa.php?tipo=Decreto&sector=residuos&ano=2022&resuelve= HTTP/1.1" 200 454
172.22.2.4 - - [17/Jul/2022:18:40:36 -0500] "GET /BLA/boletinlegal/consulta_normativa.php?tipo=Acuerdo&sector=residuos&ano=2022&resuelve= HTTP/1.1" 200 454
201.245.192.253 - - [17/Jul/2022:18:40:39 -0500] "POST /kwsrmcab/Wsrmcab HTTP/1.1" 200 47130
201.245.192.253 - - [17/Jul/2022:18:40:42 -0500] "POST /kwsrmcab/Wsrmcab HTTP/1.1" 200 46908
201.245.192.253 - - [17/Jul/2022:18:40:46 -0500] "POST /kwsrmcab/Wsrmcab  HTTP/1.1" 200 45399
172.22.2.4 - - [17/Jul/2022:18:40:01 -0500] "GET /BLA/boletinlegal/ HTTP/1.1" 200 52826
172.22.2.4 - - [17/Jul/2022:18:40:17 -0500] "HEAD /BLA/boletinlegal/ HTTP/1.1" 200 -
172.22.2.4 - - [17/Jul/2022:18:41:07 -0500] "GET /BLA/boletinlegal/ HTTP/1.1" 200 54359
172.22.2.4 - - [17/Jul/2022:18:43:55 -0500] "GET /BLA/boletinlegal/Circulares/2019/.pdf HTTP/1.1" 404 1218
216.245.221.92 - - [17/Jul/2022:18:44:42 -0500] "HEAD / HTTP/1.1" 200 -
109.237.103.123 - - [17/Jul/2022:18:45:27 -0500] "GET /.env HTTP/1.1" 404 1018
109.237.103.123 - - [17/Jul/2022:18:45:27 -0500] "\x16\x03\x01\x01D\x01" 400 226
201.245.192.253 - - [17/Jul/2022:18:45:45 -0500] "POST /kwsrmcab/Wsrmcab  HTTP/1.1" 200 45399
185.119.81.108 - - [17/Jul/2022:18:46:12 -0500] "GET /portaldeninos/wp-login.php HTTP/1.1" 200 2592
185.119.81.108 - - [17/Jul/2022:18:46:13 -0500] "POST /portaldeninos/wp-login.php HTTP/1.1" 200 3650
207.46.13.214 - - [17/Jul/2022:18:46:25 -0500] "GET /BLA/boletinlegal/notificaciones.php HTTP/1.1" 200 7697
172.22.2.4 - - [17/Jul/2022:18:46:07 -0500] "HEAD /BLA/boletinlegal/ HTTP/1.1" 200 -
172.22.2.4 - - [17/Jul/2022:18:46:58 -0500] "GET /BLA/boletinlegal/ HTTP/1.1" 200 58122
216.245.221.92 - - [17/Jul/2022:18:49:42 -0500] "HEAD / HTTP/1.1" 200 -
201.245.192.253 - - [17/Jul/2022:18:50:44 -0500] "POST /kwsrmcab/Wsrmcab  HTTP/1.1" 200 45399
172.22.2.4 - - [17/Jul/2022:18:51:57 -0500] "HEAD /BLA/boletinlegal/ HTTP/1.1" 200 -
172.22.2.4 - - [17/Jul/2022:18:52:48 -0500] "GET /BLA/boletinlegal/ HTTP/1.1" 200 60410
216.245.221.92 - - [17/Jul/2022:18:54:42 -0500] "HEAD / HTTP/1.1" 200 -
201.245.192.253 - - [17/Jul/2022:18:55:42 -0500] "POST /kwsrmcab/Wsrmcab  HTTP/1.1" 200 45399
77.88.5.243 - - [17/Jul/2022:18:56:17 -0500] "-" 408 -
77.88.5.230 - - [17/Jul/2022:18:56:24 -0500] "-" 408 -
2.57.122.98 - - [17/Jul/2022:18:57:00 -0500] "GET / HTTP/1.1" 200 319
77.88.5.33 - - [17/Jul/2022:18:57:02 -0500] "-" 408 -
77.88.5.225 - - [17/Jul/2022:18:57:17 -0500] "-" 408 -
93.158.161.74 - - [17/Jul/2022:18:57:32 -0500] "-" 408 -
185.119.81.98 - - [17/Jul/2022:18:57:41 -0500] "GET /portaldeninos/wp-login.php HTTP/1.1" 200 2592
185.119.81.98 - - [17/Jul/2022:18:57:42 -0500] "POST /portaldeninos/wp-login.php HTTP/1.1" 200 3605
77.88.5.245 - - [17/Jul/2022:18:58:02 -0500] "-" 408 -
128.14.134.170 - - [17/Jul/2022:18:58:04 -0500] "GET /portaldeninos/ HTTP/1.1" 200 109662
185.119.81.97 - - [17/Jul/2022:18:58:41 -0500] "GET /portaldeninos/wp-login.php HTTP/1.1" 200 2592
185.119.81.97 - - [17/Jul/2022:18:58:41 -0500] "POST /portaldeninos/wp-login.php HTTP/1.1" 200 3650
93.158.161.6 - - [17/Jul/2022:18:59:02 -0500] "-" 408 -
172.22.2.4 - - [17/Jul/2022:18:57:47 -0500] "HEAD /BLA/boletinlegal/ HTTP/1.1" 200 -
216.245.221.92 - - [17/Jul/2022:18:59:42 -0500] "HEAD / HTTP/1.1" 200 -
69.63.189.118 - - [17/Jul/2022:18:59:45 -0500] "GET /secretaria-de-ambiente-invita-a-comunidad-de-bosa-a-entregar-residuos-especiales-y-peligrosos.html HTTP/1.1" 206 992
172.22.2.4 - - [17/Jul/2022:18:59:55 -0500] "GET /BLA/boletinlegal/actos.php HTTP/1.1" 200 9559
172.22.2.4 - - [17/Jul/2022:18:59:55 -0500] "GET /BLA/boletinlegal/styles2.css HTTP/1.1" 200 1838
172.22.2.4 - - [17/Jul/2022:18:59:55 -0500] "GET /BLA/boletinlegal/js/ajax_actos.js HTTP/1.1" 200 1322
172.22.2.4 - - [17/Jul/2022:18:59:55 -0500] "GET /BLA/boletinlegal/style.css HTTP/1.1" 200 9406
172.22.2.4 - - [17/Jul/2022:18:59:55 -0500] "GET /BLA/boletinlegal/niceforms-default.css HTTP/1.1" 200 6694
172.22.2.4 - - [17/Jul/2022:18:59:55 -0500] "GET /BLA/boletinlegal/js/lib.js HTTP/1.1" 200 6474
172.22.2.4 - - [17/Jul/2022:18:59:55 -0500] "GET /BLA/boletinlegal/niceforms.js HTTP/1.1" 200 22876
172.22.2.4 - - [17/Jul/2022:18:59:55 -0500] "GET /BLA/boletinlegal/js/popup.js HTTP/1.1" 200 1270
172.22.2.4 - - [17/Jul/2022:18:59:55 -0500] "GET /BLA/boletinlegal/js/jquery1.js HTTP/1.1" 200 29846
172.22.2.4 - - [17/Jul/2022:18:59:55 -0500] "GET /BLA/boletinlegal/images/cabezote%20BLEGAL.jpg HTTP/1.1" 200 118164
172.22.2.4 - - [17/Jul/2022:18:59:55 -0500] "GET /BLA/boletinlegal/images/subscribe-icon-big.png HTTP/1.1" 200 47702
172.22.2.4 - - [17/Jul/2022:18:59:55 -0500] "GET /BLA/boletinlegal/images/registro-usuarios.png HTTP/1.1" 200 8106
172.22.2.4 - - [17/Jul/2022:18:59:55 -0500] "GET /BLA/boletinlegal/images/historia.png HTTP/1.1" 200 52775
172.22.2.4 - - [17/Jul/2022:18:59:55 -0500] "GET /BLA/boletinlegal/images/green-yellow-blue-pink-th.png HTTP/1.1" 200 7394
172.22.2.4 - - [17/Jul/2022:18:59:55 -0500] "GET /BLA/boletinlegal/images/abajo.png HTTP/1.1" 200 96676
172.22.2.4 - - [17/Jul/2022:18:59:55 -0500] "GET /BLA/boletinlegal/images/icono-email.png HTTP/1.1" 200 5544
172.22.2.4 - - [17/Jul/2022:18:59:55 -0500] "GET /BLA/boletinlegal/images/tel.png HTTP/1.1" 200 14477
172.22.2.4 - - [17/Jul/2022:18:59:55 -0500] "GET /BLA/boletinlegal/images/body_bg.jpg HTTP/1.1" 200 1601
172.22.2.4 - - [17/Jul/2022:18:59:55 -0500] "GET /BLA/boletinlegal/images/menu_lft.gif HTTP/1.1" 200 1713
172.22.2.4 - - [17/Jul/2022:18:59:55 -0500] "GET /BLA/boletinlegal/images/menu_rght.gif HTTP/1.1" 200 1627
172.22.2.4 - - [17/Jul/2022:18:59:55 -0500] "GET /BLA/boletinlegal/images/bg_top.jpg HTTP/1.1" 200 522
172.22.2.4 - - [17/Jul/2022:18:59:55 -0500] "GET /BLA/boletinlegal/images/footer_bg.jpg HTTP/1.1" 200 586
172.22.2.4 - - [17/Jul/2022:18:59:55 -0500] "GET /BLA/boletinlegal/images/menu_bg.jpg HTTP/1.1" 200 620
172.22.2.4 - - [17/Jul/2022:18:59:55 -0500] "GET /BLA/boletinlegal/images/hover.jpg HTTP/1.1" 200 640
172.22.2.4 - - [17/Jul/2022:18:59:55 -0500] "GET /BLA/boletinlegal/images/text.jpg HTTP/1.1" 200 568
172.22.2.4 - - [17/Jul/2022:18:59:55 -0500] "GET /BLA/boletinlegal/images/footer_bg_l.jpg HTTP/1.1" 200 776
172.22.2.4 - - [17/Jul/2022:18:59:56 -0500] "GET /BLA/boletinlegal/img/0.png HTTP/1.1" 200 110
172.22.2.4 - - [17/Jul/2022:18:59:56 -0500] "GET /BLA/boletinlegal/img/select-right.png HTTP/1.1" 200 44019
172.22.2.4 - - [17/Jul/2022:18:59:56 -0500] "GET /BLA/boletinlegal/img/select-left.png HTTP/1.1" 200 263
172.22.2.4 - - [17/Jul/2022:18:59:56 -0500] "GET /BLA/boletinlegal/img/button.png HTTP/1.1" 200 43241
172.22.2.4 - - [17/Jul/2022:18:59:56 -0500] "GET /BLA/boletinlegal/img/button-right.png HTTP/1.1" 200 57878
172.22.2.4 - - [17/Jul/2022:18:59:56 -0500] "GET /BLA/boletinlegal/img/button-left.png HTTP/1.1" 200 57071
172.22.2.4 - - [17/Jul/2022:18:59:56 -0500] "GET /BLA/boletinlegal/favicon.ico HTTP/1.1" 404 1326
172.22.2.4 - - [17/Jul/2022:19:00:10 -0500] "GET /BLA/boletinlegal/consulta_actos.php?tipo=autos&no=1831&usuario=&sector=&fecha=2020&resuelve= HTTP/1.1" 200 1104
172.22.2.4 - - [17/Jul/2022:19:00:10 -0500] "GET /BLA/boletinlegal/images/pdf.gif HTTP/1.1" 200 567
186.84.91.62 - - [17/Jul/2022:19:00:11 -0500] "GET /BLA/resoluciones/ HTTP/1.1" 200 13093
186.84.91.62 - - [17/Jul/2022:19:00:11 -0500] "GET /BLA/resoluciones/dlf/styles.css HTTP/1.1" 200 3049
186.84.91.62 - - [17/Jul/2022:19:00:11 -0500] "GET /BLA/resoluciones/dlf/folder.png HTTP/1.1" 200 410
186.84.91.62 - - [17/Jul/2022:19:00:11 -0500] "GET /BLA/resoluciones/dlf/bg.gif HTTP/1.1" 200 54
186.84.91.62 - - [17/Jul/2022:19:00:11 -0500] "GET /favicon.ico HTTP/1.1" 200 7782
186.84.91.62 - - [17/Jul/2022:19:00:15 -0500] "GET /BLA/resoluciones/dlf/pdf.gif HTTP/1.1" 200 272
186.84.91.62 - - [17/Jul/2022:19:00:15 -0500] "GET /BLA/resoluciones/dlf/dirup.png HTTP/1.1" 200 644
186.84.91.62 - - [17/Jul/2022:19:00:14 -0500] "GET /BLA/resoluciones/index.php?dir=AUTOS+2020%2F HTTP/1.1" 200 325514
172.22.2.4 - - [17/Jul/2022:18:58:37 -0500] "GET /BLA/boletinlegal/ HTTP/1.1" 200 58491
201.245.192.253 - - [17/Jul/2022:19:00:41 -0500] "POST /kwsrmcab/Wsrmcab  HTTP/1.1" 200 45399
77.88.5.23 - - [17/Jul/2022:19:01:34 -0500] "-" 408 -
40.77.190.159 - - [17/Jul/2022:19:02:18 -0500] "GET /BLA/boletinlegal/js/jquery.scrollTo-min.js HTTP/1.1" 200 1150
40.77.190.159 - - [17/Jul/2022:19:02:18 -0500] "GET /BLA/boletinlegal/js/jquery.js HTTP/1.1" 200 57254
77.88.5.81 - - [17/Jul/2022:19:02:34 -0500] "-" 408 -
173.252.95.21 - - [17/Jul/2022:19:03:47 -0500] "GET /secretaria-de-ambiente-abre-ciclo-de-capacitaciones-sobre-techos-verdes-y-jardines-verticales.html HTTP/1.1" 206 1078
93.158.161.59 - - [17/Jul/2022:19:04:34 -0500] "-" 408 -
216.245.221.92 - - [17/Jul/2022:19:04:42 -0500] "HEAD / HTTP/1.1" 200 -
172.22.2.4 - - [17/Jul/2022:19:03:37 -0500] "HEAD /BLA/boletinlegal/ HTTP/1.1" 200 -
201.245.192.253 - - [17/Jul/2022:19:05:41 -0500] "POST /kwsrmcab/Wsrmcab  HTTP/1.1" 200 45399
172.22.2.4 - - [17/Jul/2022:19:04:27 -0500] "GET /BLA/boletinlegal/ HTTP/1.1" 200 60410
185.119.81.107 - - [17/Jul/2022:19:06:32 -0500] "GET /portaldeninos/wp-login.php HTTP/1.1" 200 2592
185.119.81.107 - - [17/Jul/2022:19:06:33 -0500] "POST /portaldeninos/wp-login.php HTTP/1.1" 200 3605
77.88.5.208 - - [17/Jul/2022:19:07:34 -0500] "-" 408 -
