!C99Shell v. 1.0 pre-release build #13!

Software: Apache. PHP/5.5.15 

uname -a: Windows NT SVR-DMZ 6.1 build 7600 (Windows Server 2008 R2 Enterprise Edition) i586 

SYSTEM 

Safe-mode: OFF (not secure)

E:\nuevo\apache\logs\   drwxrwxrwx
Free 7.33 GB of 239.26 GB (3.07%)
Detected drives: [ a ] [ c ] [ d ] [ e ] [ f ]
Home    Back    Forward    UPDIR    Refresh    Search    Buffer    Encoder    Tools    Proc.    FTP brute    Sec.    SQL    PHP-code    Update    Feedback    Self remove    Logout    


Viewing file:     access.2022.07.17.log (516.83 KB)      -rw-rw-rw-
Select action/file-type:
(+) | (+) | (+) | Code (+) | Session (+) | (+) | SDB (+) | (+) | (+) | (+) | (+) | (+) |
201.245.192.253 - - [17/Jul/2022:00:00:38 -0500] "POST /kwsrmcab/Wsrmcab  HTTP/1.1" 200 45399
185.119.81.107 - - [17/Jul/2022:00:01:54 -0500] "GET /portaldeninos/wp-login.php HTTP/1.1" 200 2592
185.119.81.107 - - [17/Jul/2022:00:01:55 -0500] "POST /portaldeninos/wp-login.php HTTP/1.1" 200 3670
172.22.2.4 - - [17/Jul/2022:00:00:17 -0500] "HEAD /BLA/boletinlegal/ HTTP/1.1" 200 -
172.22.2.4 - - [17/Jul/2022:00:01:07 -0500] "GET /BLA/boletinlegal/ HTTP/1.1" 200 60992
216.245.221.92 - - [17/Jul/2022:00:03:55 -0500] "HEAD / HTTP/1.1" 200 -
157.55.39.186 - - [17/Jul/2022:00:04:20 -0500] "GET / HTTP/1.1" 200 319
185.119.81.107 - - [17/Jul/2022:00:04:43 -0500] "GET /portaldeninos/wp-login.php HTTP/1.1" 200 2592
185.119.81.107 - - [17/Jul/2022:00:04:45 -0500] "POST /portaldeninos/wp-login.php HTTP/1.1" 200 3650
201.245.192.253 - - [17/Jul/2022:00:05:37 -0500] "POST /kwsrmcab/Wsrmcab  HTTP/1.1" 200 45399
172.22.2.4 - - [17/Jul/2022:00:06:07 -0500] "HEAD /BLA/boletinlegal/ HTTP/1.1" 200 -
172.22.2.4 - - [17/Jul/2022:00:06:57 -0500] "GET /BLA/boletinlegal/ HTTP/1.1" 200 60992
216.245.221.92 - - [17/Jul/2022:00:08:55 -0500] "HEAD / HTTP/1.1" 200 -
207.46.13.20 - - [17/Jul/2022:00:10:02 -0500] "GET /BLA/resoluciones/AUTOS%202021/3396.pdf HTTP/1.1" 304 -
201.245.192.253 - - [17/Jul/2022:00:10:36 -0500] "POST /kwsrmcab/Wsrmcab  HTTP/1.1" 200 45399
157.55.39.114 - - [17/Jul/2022:00:11:38 -0500] "GET /BLA/resoluciones/RESOLUCIONES%202019/3307.pdf HTTP/1.1" 200 432125
185.119.81.108 - - [17/Jul/2022:00:12:07 -0500] "GET /portaldeninos/wp-login.php HTTP/1.1" 200 2592
185.119.81.108 - - [17/Jul/2022:00:12:08 -0500] "POST /portaldeninos/wp-login.php HTTP/1.1" 200 3605
172.22.2.4 - - [17/Jul/2022:00:11:57 -0500] "HEAD /BLA/boletinlegal/ HTTP/1.1" 200 -
216.245.221.92 - - [17/Jul/2022:00:13:55 -0500] "HEAD / HTTP/1.1" 200 -
172.22.2.4 - - [17/Jul/2022:00:12:47 -0500] "GET /BLA/boletinlegal/ HTTP/1.1" 200 58491
201.245.192.253 - - [17/Jul/2022:00:15:34 -0500] "POST /kwsrmcab/Wsrmcab  HTTP/1.1" 200 45399
207.46.13.208 - - [17/Jul/2022:00:18:15 -0500] "GET /BLA/boletinlegal/Directivas/2009/Directiva%20No.%20del%2023%20de%20Diciembre%20de%202009.pdf HTTP/1.1" 304 -
216.245.221.92 - - [17/Jul/2022:00:18:55 -0500] "HEAD / HTTP/1.1" 200 -
172.22.2.4 - - [17/Jul/2022:00:17:47 -0500] "HEAD /BLA/boletinlegal/ HTTP/1.1" 200 -
185.119.81.108 - - [17/Jul/2022:00:20:11 -0500] "GET /portaldeninos/wp-login.php HTTP/1.1" 200 2592
185.119.81.108 - - [17/Jul/2022:00:20:12 -0500] "POST /portaldeninos/wp-login.php HTTP/1.1" 200 3605
172.22.2.4 - - [17/Jul/2022:00:18:37 -0500] "GET /BLA/boletinlegal/ HTTP/1.1" 200 60992
201.245.192.253 - - [17/Jul/2022:00:20:33 -0500] "POST /kwsrmcab/Wsrmcab  HTTP/1.1" 200 45399
201.245.192.253 - - [17/Jul/2022:00:20:42 -0500] "POST /kwsrmcab/Wsrmcab HTTP/1.1" 200 45036
201.245.192.253 - - [17/Jul/2022:00:20:45 -0500] "POST /kwsrmcab/Wsrmcab HTTP/1.1" 200 46274
64.124.8.29 - - [17/Jul/2022:00:22:22 -0500] "-" 408 -
216.245.221.92 - - [17/Jul/2022:00:23:55 -0500] "HEAD / HTTP/1.1" 200 -
172.22.2.4 - - [17/Jul/2022:00:23:37 -0500] "HEAD /BLA/boletinlegal/ HTTP/1.1" 200 -
201.245.192.253 - - [17/Jul/2022:00:25:32 -0500] "POST /kwsrmcab/Wsrmcab  HTTP/1.1" 200 45399
172.22.2.4 - - [17/Jul/2022:00:24:27 -0500] "GET /BLA/boletinlegal/ HTTP/1.1" 200 60992
207.46.13.214 - - [17/Jul/2022:00:28:23 -0500] "GET /Publicaciones/2022EE136415.pdf HTTP/1.1" 404 228
216.245.221.92 - - [17/Jul/2022:00:28:55 -0500] "HEAD / HTTP/1.1" 200 -
66.249.73.14 - - [17/Jul/2022:00:29:13 -0500] "-" 408 -
201.245.192.253 - - [17/Jul/2022:00:30:31 -0500] "POST /kwsrmcab/Wsrmcab  HTTP/1.1" 200 45399
201.245.192.253 - - [17/Jul/2022:00:30:42 -0500] "POST /kwsrmcab/Wsrmcab HTTP/1.1" 200 45036
201.245.192.253 - - [17/Jul/2022:00:30:45 -0500] "POST /kwsrmcab/Wsrmcab HTTP/1.1" 200 46274
172.22.2.4 - - [17/Jul/2022:00:29:27 -0500] "HEAD /BLA/boletinlegal/ HTTP/1.1" 200 -
45.148.10.81 - - [17/Jul/2022:00:31:54 -0500] "GET http://example.com/ HTTP/1.1" 200 319
172.22.2.4 - - [17/Jul/2022:00:30:17 -0500] "GET /BLA/boletinlegal/ HTTP/1.1" 200 60992
173.252.107.4 - - [17/Jul/2022:00:32:06 -0500] "GET /secretaria-de-ambiente-rescata-perezoso-y-lo-traslada-al-departamento-de-antioquia-para-su-rehabilitacion.html HTTP/1.1" 206 1059
185.119.81.107 - - [17/Jul/2022:00:32:21 -0500] "GET /portaldeninos/wp-login.php HTTP/1.1" 200 2592
185.119.81.107 - - [17/Jul/2022:00:32:22 -0500] "POST /portaldeninos/wp-login.php HTTP/1.1" 200 3650
216.245.221.92 - - [17/Jul/2022:00:33:55 -0500] "HEAD / HTTP/1.1" 200 -
66.249.73.14 - - [17/Jul/2022:00:35:21 -0500] "-" 408 -
201.245.192.253 - - [17/Jul/2022:00:35:29 -0500] "POST /kwsrmcab/Wsrmcab  HTTP/1.1" 200 45399
185.119.81.107 - - [17/Jul/2022:00:35:32 -0500] "GET /portaldeninos/wp-login.php HTTP/1.1" 200 2592
185.119.81.107 - - [17/Jul/2022:00:35:33 -0500] "POST /portaldeninos/wp-login.php HTTP/1.1" 200 3605
172.22.2.4 - - [17/Jul/2022:00:35:17 -0500] "HEAD /BLA/boletinlegal/ HTTP/1.1" 200 -
172.22.2.4 - - [17/Jul/2022:00:36:07 -0500] "GET /BLA/boletinlegal/ HTTP/1.1" 200 60992
173.252.79.24 - - [17/Jul/2022:00:38:21 -0500] "GET /images/reciclaton-mayo-3-mayo.jpg HTTP/1.1" 200 278453
216.245.221.92 - - [17/Jul/2022:00:38:55 -0500] "HEAD / HTTP/1.1" 200 -
201.245.192.253 - - [17/Jul/2022:00:40:28 -0500] "POST /kwsrmcab/Wsrmcab  HTTP/1.1" 200 45399
201.245.192.253 - - [17/Jul/2022:00:40:41 -0500] "POST /kwsrmcab/Wsrmcab HTTP/1.1" 200 45036
201.245.192.253 - - [17/Jul/2022:00:40:45 -0500] "POST /kwsrmcab/Wsrmcab HTTP/1.1" 200 46274
66.249.73.12 - - [17/Jul/2022:00:41:17 -0500] "-" 408 -
172.22.2.4 - - [17/Jul/2022:00:41:07 -0500] "HEAD /BLA/boletinlegal/ HTTP/1.1" 200 -
172.22.2.4 - - [17/Jul/2022:00:41:57 -0500] "GET /BLA/boletinlegal/ HTTP/1.1" 200 52424
216.245.221.92 - - [17/Jul/2022:00:43:55 -0500] "HEAD / HTTP/1.1" 200 -
207.46.13.31 - - [17/Jul/2022:00:42:36 -0500] "GET /BLA/boletinlegal/index.php HTTP/1.1" 200 54359
207.46.13.31 - - [17/Jul/2022:00:44:26 -0500] "GET /BLA/boletinlegal/js/jquery.js HTTP/1.1" 200 57254
207.46.13.31 - - [17/Jul/2022:00:44:29 -0500] "GET /BLA/boletinlegal/js/jquery.scrollTo-min.js HTTP/1.1" 200 1150
2.57.122.98 - - [17/Jul/2022:00:44:36 -0500] "GET / HTTP/1.1" 200 319
201.245.192.253 - - [17/Jul/2022:00:45:26 -0500] "POST /kwsrmcab/Wsrmcab  HTTP/1.1" 200 45399
172.22.2.4 - - [17/Jul/2022:00:46:00 -0500] "GET /BLA/boletinlegal/ HTTP/1.1" 200 20427
172.22.2.4 - - [17/Jul/2022:00:46:57 -0500] "HEAD /BLA/boletinlegal/ HTTP/1.1" 200 -
216.245.221.92 - - [17/Jul/2022:00:48:55 -0500] "HEAD / HTTP/1.1" 200 -
172.22.2.4 - - [17/Jul/2022:00:47:47 -0500] "GET /BLA/boletinlegal/ HTTP/1.1" 200 60992
201.245.192.253 - - [17/Jul/2022:00:50:25 -0500] "POST /kwsrmcab/Wsrmcab  HTTP/1.1" 200 45399
216.245.221.92 - - [17/Jul/2022:00:53:55 -0500] "HEAD / HTTP/1.1" 200 -
172.22.2.4 - - [17/Jul/2022:00:52:47 -0500] "HEAD /BLA/boletinlegal/ HTTP/1.1" 200 -
172.22.2.4 - - [17/Jul/2022:00:53:37 -0500] "GET /BLA/boletinlegal/ HTTP/1.1" 200 58491
201.245.192.253 - - [17/Jul/2022:00:55:24 -0500] "POST /kwsrmcab/Wsrmcab  HTTP/1.1" 200 45399
185.119.81.98 - - [17/Jul/2022:00:56:54 -0500] "GET /portaldeninos/wp-login.php HTTP/1.1" 200 2592
185.119.81.98 - - [17/Jul/2022:00:56:55 -0500] "POST /portaldeninos/wp-login.php HTTP/1.1" 200 3605
66.249.73.12 - - [17/Jul/2022:00:57:44 -0500] "-" 408 -
172.22.2.4 - - [17/Jul/2022:00:58:18 -0500] "GET /BLA/boletinlegal/robots.txt HTTP/1.1" 404 1038
172.22.2.4 - - [17/Jul/2022:00:58:18 -0500] "GET /BLA/boletinlegal/Directivas/2011/Directiva%20No.%201%20del%205%20de%20Abril%20de%202011.pdf HTTP/1.1" 304 -
216.245.221.92 - - [17/Jul/2022:00:58:55 -0500] "HEAD / HTTP/1.1" 200 -
172.22.2.4 - - [17/Jul/2022:00:58:37 -0500] "HEAD /BLA/boletinlegal/ HTTP/1.1" 200 -
201.245.192.253 - - [17/Jul/2022:01:00:23 -0500] "POST /kwsrmcab/Wsrmcab  HTTP/1.1" 200 45399
172.22.2.4 - - [17/Jul/2022:00:59:27 -0500] "GET /BLA/boletinlegal/ HTTP/1.1" 200 58491
185.119.81.106 - - [17/Jul/2022:01:02:38 -0500] "GET /portaldeninos/wp-login.php HTTP/1.1" 200 2592
185.119.81.106 - - [17/Jul/2022:01:02:39 -0500] "POST /portaldeninos/wp-login.php HTTP/1.1" 200 3670
66.249.73.12 - - [17/Jul/2022:01:03:53 -0500] "-" 408 -
216.245.221.92 - - [17/Jul/2022:01:03:55 -0500] "HEAD / HTTP/1.1" 200 -
201.245.192.253 - - [17/Jul/2022:01:05:22 -0500] "POST /kwsrmcab/Wsrmcab  HTTP/1.1" 200 45399
172.22.2.4 - - [17/Jul/2022:01:04:27 -0500] "HEAD /BLA/boletinlegal/ HTTP/1.1" 200 -
172.22.2.4 - - [17/Jul/2022:01:05:17 -0500] "GET /BLA/boletinlegal/ HTTP/1.1" 200 58491
216.245.221.92 - - [17/Jul/2022:01:08:55 -0500] "HEAD / HTTP/1.1" 200 -
66.249.73.12 - - [17/Jul/2022:01:09:53 -0500] "-" 408 -
201.245.192.253 - - [17/Jul/2022:01:10:21 -0500] "POST /kwsrmcab/Wsrmcab  HTTP/1.1" 200 45399
172.22.2.4 - - [17/Jul/2022:01:10:17 -0500] "HEAD /BLA/boletinlegal/ HTTP/1.1" 200 -
172.22.2.4 - - [17/Jul/2022:01:11:07 -0500] "GET /BLA/boletinlegal/ HTTP/1.1" 200 57272
216.245.221.92 - - [17/Jul/2022:01:13:55 -0500] "HEAD / HTTP/1.1" 200 -
201.245.192.253 - - [17/Jul/2022:01:15:20 -0500] "POST /kwsrmcab/Wsrmcab  HTTP/1.1" 200 45399
79.180.65.159 - - [17/Jul/2022:01:16:19 -0500] "GET /descubren-nueva-orquidea-en-inmediaciones-del-nevado-del-ruiz.html HTTP/1.1" 200 768
66.249.73.12 - - [17/Jul/2022:01:16:20 -0500] "-" 408 -
172.22.2.4 - - [17/Jul/2022:01:16:07 -0500] "HEAD /BLA/boletinlegal/ HTTP/1.1" 200 -
172.22.2.4 - - [17/Jul/2022:01:16:57 -0500] "GET /BLA/boletinlegal/ HTTP/1.1" 200 60992
216.245.221.92 - - [17/Jul/2022:01:18:55 -0500] "HEAD / HTTP/1.1" 200 -
106.75.171.61 - - [17/Jul/2022:01:19:42 -0500] "GET / HTTP/1.0" 200 319
201.245.192.253 - - [17/Jul/2022:01:20:19 -0500] "POST /kwsrmcab/Wsrmcab  HTTP/1.1" 200 45399
201.245.192.253 - - [17/Jul/2022:01:20:42 -0500] "POST /kwsrmcab/Wsrmcab HTTP/1.1" 200 44580
201.245.192.253 - - [17/Jul/2022:01:20:45 -0500] "POST /kwsrmcab/Wsrmcab HTTP/1.1" 200 46435
66.249.73.12 - - [17/Jul/2022:01:22:37 -0500] "-" 408 -
172.22.2.4 - - [17/Jul/2022:01:21:50 -0500] "GET /BLA/boletinlegal/ HTTP/1.1" 200 40907
172.22.2.4 - - [17/Jul/2022:01:22:20 -0500] "GET /BLA/boletinlegal/ HTTP/1.1" 200 24523
172.22.2.4 - - [17/Jul/2022:01:21:57 -0500] "HEAD /BLA/boletinlegal/ HTTP/1.1" 200 -
216.245.221.92 - - [17/Jul/2022:01:23:55 -0500] "HEAD / HTTP/1.1" 200 -
185.119.81.108 - - [17/Jul/2022:01:24:13 -0500] "GET /portaldeninos/wp-login.php HTTP/1.1" 200 2592
185.119.81.108 - - [17/Jul/2022:01:24:14 -0500] "POST /portaldeninos/wp-login.php HTTP/1.1" 200 3605
172.22.2.4 - - [17/Jul/2022:01:22:47 -0500] "GET /BLA/boletinlegal/ HTTP/1.1" 200 53187
201.245.192.253 - - [17/Jul/2022:01:25:18 -0500] "POST /kwsrmcab/Wsrmcab  HTTP/1.1" 200 45399
64.227.24.205 - - [17/Jul/2022:01:27:42 -0500] "GET / HTTP/1.1" 200 319
172.22.2.4 - - [17/Jul/2022:01:28:18 -0500] "GET /BLA/boletinlegal/Circulares/2021/CIRCULAR%20No.%2000007%20DEL%2010%20DE%20AGOSTO%20DEL%202021.pdf HTTP/1.1" 304 -
66.249.73.12 - - [17/Jul/2022:01:28:32 -0500] "-" 408 -
216.245.221.92 - - [17/Jul/2022:01:28:55 -0500] "HEAD / HTTP/1.1" 200 -
172.22.2.4 - - [17/Jul/2022:01:29:22 -0500] "GET /BLA/boletinlegal/solr/ HTTP/1.1" 404 1018
172.22.2.4 - - [17/Jul/2022:01:27:47 -0500] "HEAD /BLA/boletinlegal/ HTTP/1.1" 200 -
172.22.2.4 - - [17/Jul/2022:01:28:37 -0500] "GET /BLA/boletinlegal/ HTTP/1.1" 200 60992
201.245.192.253 - - [17/Jul/2022:01:30:17 -0500] "POST /kwsrmcab/Wsrmcab  HTTP/1.1" 200 45399
201.245.192.253 - - [17/Jul/2022:01:30:41 -0500] "POST /kwsrmcab/Wsrmcab HTTP/1.1" 200 44580
64.124.8.46 - - [17/Jul/2022:01:30:47 -0500] "-" 408 -
201.245.192.253 - - [17/Jul/2022:01:30:47 -0500] "POST /kwsrmcab/Wsrmcab HTTP/1.1" 200 46435
172.22.2.4 - - [17/Jul/2022:01:30:50 -0500] "GET /BLA/boletinlegal/normativa.php HTTP/1.1" 200 8326
172.22.2.4 - - [17/Jul/2022:01:31:02 -0500] "GET /BLA/boletinlegal/js/ajax_normativa.js HTTP/1.1" 200 1154
172.22.2.4 - - [17/Jul/2022:01:31:05 -0500] "GET /BLA/boletinlegal/niceforms-default.css HTTP/1.1" 200 6694
172.22.2.4 - - [17/Jul/2022:01:31:08 -0500] "GET /BLA/boletinlegal/styles2.css HTTP/1.1" 200 1838
64.124.8.46 - - [17/Jul/2022:01:32:10 -0500] "-" 408 -
185.119.81.98 - - [17/Jul/2022:01:32:31 -0500] "GET /portaldeninos/wp-login.php HTTP/1.1" 200 2592
185.119.81.98 - - [17/Jul/2022:01:32:33 -0500] "POST /portaldeninos/wp-login.php HTTP/1.1" 200 3650
191.111.34.113 - - [17/Jul/2022:01:33:52 -0500] "GET /BLA/resoluciones/index.php?dir=AUTOS+2010%2F HTTP/1.1" 200 276453
216.245.221.92 - - [17/Jul/2022:01:33:55 -0500] "HEAD / HTTP/1.1" 200 -
40.77.167.66 - - [17/Jul/2022:01:33:57 -0500] "GET /Publicaciones/2022EE134392.pdf HTTP/1.1" 404 228
103.153.79.114 - - [17/Jul/2022:01:33:59 -0500] "GET / HTTP/1.1" 200 319
103.153.79.114 - - [17/Jul/2022:01:33:59 -0500] "GET /admin/index.php HTTP/1.1" 400 307
66.249.73.12 - - [17/Jul/2022:01:34:27 -0500] "-" 408 -
172.22.2.4 - - [17/Jul/2022:01:33:37 -0500] "HEAD /BLA/boletinlegal/ HTTP/1.1" 200 -
201.245.192.253 - - [17/Jul/2022:01:35:16 -0500] "POST /kwsrmcab/Wsrmcab  HTTP/1.1" 200 45399
172.22.2.4 - - [17/Jul/2022:01:34:27 -0500] "GET /BLA/boletinlegal/ HTTP/1.1" 200 55912
64.124.8.46 - - [17/Jul/2022:01:36:38 -0500] "-" 408 -
216.245.221.92 - - [17/Jul/2022:01:38:55 -0500] "HEAD / HTTP/1.1" 200 -
64.124.8.46 - - [17/Jul/2022:01:39:16 -0500] "-" 408 -
64.124.8.46 - - [17/Jul/2022:01:39:48 -0500] "-" 408 -
207.46.13.188 - - [17/Jul/2022:01:40:00 -0500] "GET /BLA/resoluciones/RESOLUCIONES%202021/3872.pdf HTTP/1.1" 304 -
201.245.192.253 - - [17/Jul/2022:01:40:15 -0500] "POST /kwsrmcab/Wsrmcab  HTTP/1.1" 500 253
201.245.192.253 - - [17/Jul/2022:01:40:42 -0500] "POST /kwsrmcab/Wsrmcab HTTP/1.1" 500 253
201.245.192.253 - - [17/Jul/2022:01:40:42 -0500] "POST /kwsrmcab/Wsrmcab HTTP/1.1" 500 253
172.22.2.4 - - [17/Jul/2022:01:39:27 -0500] "HEAD /BLA/boletinlegal/ HTTP/1.1" 200 -
66.249.73.12 - - [17/Jul/2022:01:41:09 -0500] "-" 408 -
201.245.192.253 - - [17/Jul/2022:01:41:14 -0500] "POST /kwsrmcab/Wsrmcab  HTTP/1.1" 500 253
172.22.2.4 - - [17/Jul/2022:01:40:17 -0500] "GET /BLA/boletinlegal/ HTTP/1.1" 200 60992
201.245.192.253 - - [17/Jul/2022:01:42:13 -0500] "POST /kwsrmcab/Wsrmcab  HTTP/1.1" 500 253
185.119.81.106 - - [17/Jul/2022:01:42:56 -0500] "GET /portaldeninos/wp-login.php HTTP/1.1" 200 2592
185.119.81.106 - - [17/Jul/2022:01:42:57 -0500] "POST /portaldeninos/wp-login.php HTTP/1.1" 200 3605
201.245.192.253 - - [17/Jul/2022:01:43:11 -0500] "POST /kwsrmcab/Wsrmcab  HTTP/1.1" 500 253
216.245.221.92 - - [17/Jul/2022:01:43:55 -0500] "HEAD / HTTP/1.1" 200 -
201.245.192.253 - - [17/Jul/2022:01:44:10 -0500] "POST /kwsrmcab/Wsrmcab  HTTP/1.1" 500 253
66.249.73.12 - - [17/Jul/2022:01:46:55 -0500] "-" 408 -
172.22.2.4 - - [17/Jul/2022:01:45:17 -0500] "HEAD /BLA/boletinlegal/ HTTP/1.1" 200 -
172.22.2.4 - - [17/Jul/2022:01:46:07 -0500] "GET /BLA/boletinlegal/ HTTP/1.1" 200 58491
216.245.221.92 - - [17/Jul/2022:01:48:55 -0500] "HEAD / HTTP/1.1" 200 -
201.245.192.253 - - [17/Jul/2022:01:49:10 -0500] "POST /kwsrmcab/Wsrmcab  HTTP/1.1" 500 253
185.119.81.107 - - [17/Jul/2022:01:49:38 -0500] "GET /portaldeninos/wp-login.php HTTP/1.1" 200 2592
185.119.81.107 - - [17/Jul/2022:01:49:39 -0500] "POST /portaldeninos/wp-login.php HTTP/1.1" 200 3605
185.196.220.70 - - [17/Jul/2022:01:49:45 -0500] "GET / HTTP/1.1" 200 319
172.22.2.4 - - [17/Jul/2022:01:51:07 -0500] "HEAD /BLA/boletinlegal/ HTTP/1.1" 200 -
66.249.73.12 - - [17/Jul/2022:01:53:37 -0500] "-" 408 -
172.22.2.4 - - [17/Jul/2022:01:51:57 -0500] "GET /BLA/boletinlegal/ HTTP/1.1" 200 58491
216.245.221.92 - - [17/Jul/2022:01:53:55 -0500] "HEAD / HTTP/1.1" 200 -
201.245.192.253 - - [17/Jul/2022:01:54:08 -0500] "POST /kwsrmcab/Wsrmcab  HTTP/1.1" 500 253
172.22.2.4 - - [17/Jul/2022:01:56:57 -0500] "HEAD /BLA/boletinlegal/ HTTP/1.1" 200 -
216.245.221.92 - - [17/Jul/2022:01:58:55 -0500] "HEAD / HTTP/1.1" 200 -
201.245.192.253 - - [17/Jul/2022:01:59:07 -0500] "POST /kwsrmcab/Wsrmcab  HTTP/1.1" 500 253
172.22.2.4 - - [17/Jul/2022:01:57:47 -0500] "GET /BLA/boletinlegal/ HTTP/1.1" 200 60992
66.249.73.12 - - [17/Jul/2022:01:59:47 -0500] "-" 408 -
185.119.81.98 - - [17/Jul/2022:02:01:17 -0500] "GET /portaldeninos/wp-login.php HTTP/1.1" 200 2592
185.119.81.98 - - [17/Jul/2022:02:01:18 -0500] "POST /portaldeninos/wp-login.php HTTP/1.1" 200 3650
216.245.221.92 - - [17/Jul/2022:02:03:55 -0500] "HEAD / HTTP/1.1" 200 -
201.245.192.253 - - [17/Jul/2022:02:04:05 -0500] "POST /kwsrmcab/Wsrmcab  HTTP/1.1" 500 253
172.22.2.4 - - [17/Jul/2022:02:02:47 -0500] "HEAD /BLA/boletinlegal/ HTTP/1.1" 200 -
172.22.2.4 - - [17/Jul/2022:02:03:37 -0500] "GET /BLA/boletinlegal/ HTTP/1.1" 200 60992
157.55.39.133 - - [17/Jul/2022:02:06:31 -0500] "GET / HTTP/1.1" 200 4720
66.249.73.12 - - [17/Jul/2022:02:07:11 -0500] "-" 408 -
34.91.217.150 - - [17/Jul/2022:02:07:20 -0500] "GET / HTTP/1.1" 200 319
172.22.2.4 - - [17/Jul/2022:02:06:12 -0500] "GET /BLA/boletinlegal/ HTTP/1.1" 200 63618
172.22.2.4 - - [17/Jul/2022:02:08:01 -0500] "GET /BLA/boletinlegal/js/jquery.scrollShow.js HTTP/1.1" 200 4586
172.22.2.4 - - [17/Jul/2022:02:08:02 -0500] "GET /BLA/boletinlegal/js/jquery.js HTTP/1.1" 200 57254
172.22.2.4 - - [17/Jul/2022:02:08:03 -0500] "GET /BLA/boletinlegal/js/jquery.scrollTo-min.js HTTP/1.1" 200 1150
216.245.221.92 - - [17/Jul/2022:02:08:55 -0500] "HEAD / HTTP/1.1" 200 -
201.245.192.253 - - [17/Jul/2022:02:09:04 -0500] "POST /kwsrmcab/Wsrmcab  HTTP/1.1" 500 253
172.22.2.4 - - [17/Jul/2022:02:08:37 -0500] "HEAD /BLA/boletinlegal/ HTTP/1.1" 200 -
172.22.2.4 - - [17/Jul/2022:02:09:27 -0500] "GET /BLA/boletinlegal/ HTTP/1.1" 200 60992
3.145.161.231 - - [17/Jul/2022:02:12:55 -0500] "GET /galeria/galeria/fotos/mirador4P.jpg HTTP/1.1" 200 11757
216.245.221.92 - - [17/Jul/2022:02:13:55 -0500] "HEAD / HTTP/1.1" 200 -
201.245.192.253 - - [17/Jul/2022:02:14:03 -0500] "POST /kwsrmcab/Wsrmcab  HTTP/1.1" 500 253
66.249.73.12 - - [17/Jul/2022:02:14:40 -0500] "-" 408 -
172.22.2.4 - - [17/Jul/2022:02:14:55 -0500] "GET /BLA/boletinlegal/jurisprudencia/analisis/AnalisisT-606-15.docx HTTP/1.1" 200 26698
172.22.2.4 - - [17/Jul/2022:02:14:56 -0500] "GET /BLA/boletinlegal/apple-touch-icon-120x120-precomposed.png HTTP/1.1" 404 1140
172.22.2.4 - - [17/Jul/2022:02:14:56 -0500] "GET /BLA/boletinlegal/apple-touch-icon-120x120.png HTTP/1.1" 404 1140
172.22.2.4 - - [17/Jul/2022:02:14:56 -0500] "GET /BLA/boletinlegal/apple-touch-icon-precomposed.png HTTP/1.1" 404 1140
172.22.2.4 - - [17/Jul/2022:02:14:56 -0500] "GET /BLA/boletinlegal/apple-touch-icon.png HTTP/1.1" 404 1140
172.22.2.4 - - [17/Jul/2022:02:14:56 -0500] "GET /BLA/boletinlegal/favicon.ico HTTP/1.1" 404 1140
172.22.2.4 - - [17/Jul/2022:02:14:56 -0500] "GET /BLA/boletinlegal/apple-touch-icon-120x120-precomposed.png HTTP/1.1" 404 1140
172.22.2.4 - - [17/Jul/2022:02:14:56 -0500] "GET /BLA/boletinlegal/apple-touch-icon-120x120.png HTTP/1.1" 404 1140
172.22.2.4 - - [17/Jul/2022:02:14:56 -0500] "GET /BLA/boletinlegal/apple-touch-icon-precomposed.png HTTP/1.1" 404 1140
172.22.2.4 - - [17/Jul/2022:02:14:56 -0500] "GET /BLA/boletinlegal/apple-touch-icon.png HTTP/1.1" 404 1140
172.22.2.4 - - [17/Jul/2022:02:14:56 -0500] "GET /BLA/boletinlegal/favicon.ico HTTP/1.1" 404 1140
172.22.2.4 - - [17/Jul/2022:02:14:27 -0500] "HEAD /BLA/boletinlegal/ HTTP/1.1" 200 -
172.22.2.4 - - [17/Jul/2022:02:15:17 -0500] "GET /BLA/boletinlegal/ HTTP/1.1" 200 58866
216.245.221.92 - - [17/Jul/2022:02:18:55 -0500] "HEAD / HTTP/1.1" 200 -
201.245.192.253 - - [17/Jul/2022:02:19:02 -0500] "POST /kwsrmcab/Wsrmcab  HTTP/1.1" 500 253
66.249.73.12 - - [17/Jul/2022:02:20:26 -0500] "-" 408 -
201.245.192.253 - - [17/Jul/2022:02:20:41 -0500] "POST /kwsrmcab/Wsrmcab HTTP/1.1" 500 253
201.245.192.253 - - [17/Jul/2022:02:20:41 -0500] "POST /kwsrmcab/Wsrmcab HTTP/1.1" 500 253
209.141.35.128 - - [17/Jul/2022:02:20:55 -0500] "GET /portaldeninos/ HTTP/1.1" 200 109662
172.22.2.4 - - [17/Jul/2022:02:20:17 -0500] "HEAD /BLA/boletinlegal/ HTTP/1.1" 200 -
172.22.2.4 - - [17/Jul/2022:02:21:07 -0500] "GET /BLA/boletinlegal/ HTTP/1.1" 200 56279
216.245.221.92 - - [17/Jul/2022:02:23:55 -0500] "HEAD / HTTP/1.1" 200 -
201.245.192.253 - - [17/Jul/2022:02:24:01 -0500] "POST /kwsrmcab/Wsrmcab  HTTP/1.1" 500 253
207.46.13.20 - - [17/Jul/2022:02:26:33 -0500] "GET /bla/boletinlegal/documentos-importantes.php/ajax.js HTTP/1.1" 200 4822
66.249.73.12 - - [17/Jul/2022:02:27:19 -0500] "-" 408 -
172.22.2.4 - - [17/Jul/2022:02:26:07 -0500] "HEAD /BLA/boletinlegal/ HTTP/1.1" 200 -
172.22.2.4 - - [17/Jul/2022:02:26:57 -0500] "GET /BLA/boletinlegal/ HTTP/1.1" 200 58491
216.245.221.92 - - [17/Jul/2022:02:28:55 -0500] "HEAD / HTTP/1.1" 200 -
201.245.192.253 - - [17/Jul/2022:02:29:00 -0500] "POST /kwsrmcab/Wsrmcab  HTTP/1.1" 500 253
201.245.192.253 - - [17/Jul/2022:02:30:41 -0500] "POST /kwsrmcab/Wsrmcab HTTP/1.1" 500 253
201.245.192.253 - - [17/Jul/2022:02:30:41 -0500] "POST /kwsrmcab/Wsrmcab HTTP/1.1" 500 253
185.7.214.104 - - [17/Jul/2022:02:30:43 -0500] "GET /vendor/phpunit/phpunit/src/Util/PHP/eval-stdin.php HTTP/1.1" 404 1018
66.249.73.12 - - [17/Jul/2022:02:33:29 -0500] "-" 408 -
172.22.2.4 - - [17/Jul/2022:02:31:57 -0500] "HEAD /BLA/boletinlegal/ HTTP/1.1" 200 -
216.245.221.92 - - [17/Jul/2022:02:33:55 -0500] "HEAD / HTTP/1.1" 200 -
201.245.192.253 - - [17/Jul/2022:02:33:59 -0500] "POST /kwsrmcab/Wsrmcab  HTTP/1.1" 500 253
156.146.36.209 - - [17/Jul/2022:02:34:04 -0500] "GET /wp-login.php HTTP/1.1" 404 1035
172.22.2.4 - - [17/Jul/2022:02:34:04 -0500] "GET /BLA/boletinlegal/wp-login.php HTTP/1.1" 404 1038
172.22.2.4 - - [17/Jul/2022:02:32:47 -0500] "GET /BLA/boletinlegal/ HTTP/1.1" 200 57272
198.235.24.131 - - [17/Jul/2022:02:35:55 -0500] "GET / HTTP/1.1" 200 319
157.55.39.114 - - [17/Jul/2022:02:38:31 -0500] "GET /BLA/resoluciones/RESOLUCIONES%202013/0116.pdf HTTP/1.1" 304 -
69.63.189.4 - - [17/Jul/2022:02:38:34 -0500] "GET /BLA/resoluciones/RESOLUCIONES%202019/3964.pdf HTTP/1.1" 206 293557
216.245.221.92 - - [17/Jul/2022:02:38:55 -0500] "HEAD / HTTP/1.1" 200 -
201.245.192.253 - - [17/Jul/2022:02:38:58 -0500] "POST /kwsrmcab/Wsrmcab  HTTP/1.1" 500 253
172.22.2.4 - - [17/Jul/2022:02:37:47 -0500] "HEAD /BLA/boletinlegal/ HTTP/1.1" 200 -
172.22.2.4 - - [17/Jul/2022:02:38:37 -0500] "GET /BLA/boletinlegal/ HTTP/1.1" 200 58491
201.245.192.253 - - [17/Jul/2022:02:40:42 -0500] "POST /kwsrmcab/Wsrmcab HTTP/1.1" 500 253
201.245.192.253 - - [17/Jul/2022:02:40:42 -0500] "POST /kwsrmcab/Wsrmcab HTTP/1.1" 500 253
66.249.73.12 - - [17/Jul/2022:02:41:52 -0500] "-" 408 -
216.245.221.92 - - [17/Jul/2022:02:43:54 -0500] "HEAD / HTTP/1.1" 200 -
201.245.192.253 - - [17/Jul/2022:02:43:57 -0500] "POST /kwsrmcab/Wsrmcab  HTTP/1.1" 500 253
172.22.2.4 - - [17/Jul/2022:02:43:37 -0500] "HEAD /BLA/boletinlegal/ HTTP/1.1" 200 -
77.88.5.43 - - [17/Jul/2022:02:45:26 -0500] "-" 408 -
77.88.5.235 - - [17/Jul/2022:02:45:31 -0500] "-" 408 -
93.158.161.2 - - [17/Jul/2022:02:45:37 -0500] "-" 408 -
77.88.5.230 - - [17/Jul/2022:02:45:55 -0500] "-" 408 -
172.22.2.4 - - [17/Jul/2022:02:44:27 -0500] "GET /BLA/boletinlegal/ HTTP/1.1" 200 59828
77.88.5.241 - - [17/Jul/2022:02:46:10 -0500] "-" 408 -
77.88.5.86 - - [17/Jul/2022:02:46:25 -0500] "-" 408 -
77.88.5.245 - - [17/Jul/2022:02:46:55 -0500] "-" 408 -
185.7.214.104 - - [17/Jul/2022:02:46:57 -0500] "GET /solr/admin/info/system?wt=json HTTP/1.1" 404 1018
77.88.5.250 - - [17/Jul/2022:02:47:55 -0500] "-" 408 -
66.249.73.12 - - [17/Jul/2022:02:48:53 -0500] "-" 408 -
216.245.221.92 - - [17/Jul/2022:02:48:54 -0500] "HEAD / HTTP/1.1" 200 -
77.88.5.214 - - [17/Jul/2022:02:48:55 -0500] "-" 408 -
201.245.192.253 - - [17/Jul/2022:02:48:55 -0500] "POST /kwsrmcab/Wsrmcab  HTTP/1.1" 500 253
93.158.161.59 - - [17/Jul/2022:02:50:55 -0500] "-" 408 -
172.22.2.4 - - [17/Jul/2022:02:49:27 -0500] "HEAD /BLA/boletinlegal/ HTTP/1.1" 200 -
40.77.167.66 - - [17/Jul/2022:02:51:54 -0500] "GET /galeria/galeria/fotos/Jaboque4G.jpg HTTP/1.1" 200 295106
172.22.2.4 - - [17/Jul/2022:02:50:17 -0500] "GET /BLA/boletinlegal/ HTTP/1.1" 200 56279
216.245.221.92 - - [17/Jul/2022:02:53:54 -0500] "HEAD / HTTP/1.1" 200 -
77.88.5.208 - - [17/Jul/2022:02:53:55 -0500] "-" 408 -
201.245.192.253 - - [17/Jul/2022:02:53:55 -0500] "POST /kwsrmcab/Wsrmcab  HTTP/1.1" 500 253
207.46.13.214 - - [17/Jul/2022:02:53:56 -0500] "GET /Publicaciones/2022EE136415.pdf HTTP/1.1" 404 228
66.249.73.12 - - [17/Jul/2022:02:55:24 -0500] "-" 408 -
172.22.2.4 - - [17/Jul/2022:02:55:17 -0500] "HEAD /BLA/boletinlegal/ HTTP/1.1" 200 -
172.22.2.4 - - [17/Jul/2022:02:56:07 -0500] "GET /BLA/boletinlegal/ HTTP/1.1" 200 60992
201.245.192.253 - - [17/Jul/2022:02:58:53 -0500] "POST /kwsrmcab/Wsrmcab  HTTP/1.1" 500 253
216.245.221.92 - - [17/Jul/2022:02:58:54 -0500] "HEAD / HTTP/1.1" 200 -
172.22.2.4 - - [17/Jul/2022:03:01:07 -0500] "HEAD /BLA/boletinlegal/ HTTP/1.1" 200 -
172.22.2.4 - - [17/Jul/2022:03:01:57 -0500] "GET /BLA/boletinlegal/ HTTP/1.1" 200 60992
201.245.192.253 - - [17/Jul/2022:03:03:52 -0500] "POST /kwsrmcab/Wsrmcab  HTTP/1.1" 500 253
216.245.221.92 - - [17/Jul/2022:03:03:54 -0500] "HEAD / HTTP/1.1" 200 -
66.249.73.12 - - [17/Jul/2022:03:04:18 -0500] "-" 408 -
172.22.2.4 - - [17/Jul/2022:03:06:57 -0500] "HEAD /BLA/boletinlegal/ HTTP/1.1" 200 -
201.245.192.253 - - [17/Jul/2022:03:08:51 -0500] "POST /kwsrmcab/Wsrmcab  HTTP/1.1" 500 253
216.245.221.92 - - [17/Jul/2022:03:08:55 -0500] "HEAD / HTTP/1.1" 200 -
172.22.2.4 - - [17/Jul/2022:03:07:47 -0500] "GET /BLA/boletinlegal/ HTTP/1.1" 200 60992
66.249.73.12 - - [17/Jul/2022:03:10:07 -0500] "-" 408 -
185.7.214.104 - - [17/Jul/2022:03:10:51 -0500] "-" 408 -
201.245.192.253 - - [17/Jul/2022:03:13:50 -0500] "POST /kwsrmcab/Wsrmcab  HTTP/1.1" 500 253
216.245.221.92 - - [17/Jul/2022:03:13:54 -0500] "HEAD / HTTP/1.1" 200 -
103.153.79.114 - - [17/Jul/2022:03:14:00 -0500] "-" 408 -
172.22.2.4 - - [17/Jul/2022:03:12:47 -0500] "HEAD /BLA/boletinlegal/ HTTP/1.1" 200 -
157.55.39.114 - - [17/Jul/2022:03:15:14 -0500] "GET /sipse/faces/faces/autenticacion.xhtml HTTP/1.1" 200 12501
172.22.2.4 - - [17/Jul/2022:03:13:37 -0500] "GET /BLA/boletinlegal/ HTTP/1.1" 200 58866
66.249.73.12 - - [17/Jul/2022:03:16:03 -0500] "-" 408 -
201.245.192.253 - - [17/Jul/2022:03:18:49 -0500] "POST /kwsrmcab/Wsrmcab  HTTP/1.1" 500 253
216.245.221.92 - - [17/Jul/2022:03:18:54 -0500] "HEAD / HTTP/1.1" 200 -
172.22.2.4 - - [17/Jul/2022:03:18:37 -0500] "HEAD /BLA/boletinlegal/ HTTP/1.1" 200 -
201.245.192.253 - - [17/Jul/2022:03:20:41 -0500] "POST /kwsrmcab/Wsrmcab HTTP/1.1" 500 253
201.245.192.253 - - [17/Jul/2022:03:20:41 -0500] "POST /kwsrmcab/Wsrmcab HTTP/1.1" 500 253
172.22.2.4 - - [17/Jul/2022:03:19:27 -0500] "GET /BLA/boletinlegal/ HTTP/1.1" 200 58491
157.55.39.114 - - [17/Jul/2022:03:21:44 -0500] "GET /galeria/galeria/fotos/Huemdal-el-Tunjo3G.jpg HTTP/1.1" 200 320385
172.22.2.4 - - [17/Jul/2022:03:21:45 -0500] "GET /BLA/boletinlegal/Directivas/2022/DIRECTIVA%20No.%2000001%20DEL%2015%20DE%20JUNIO%20DEL%202022.pdf HTTP/1.1" 200 290944
66.249.73.12 - - [17/Jul/2022:03:22:49 -0500] "-" 408 -
201.245.192.253 - - [17/Jul/2022:03:23:47 -0500] "POST /kwsrmcab/Wsrmcab  HTTP/1.1" 500 253
216.245.221.92 - - [17/Jul/2022:03:23:54 -0500] "HEAD / HTTP/1.1" 200 -
45.61.186.139 - - [17/Jul/2022:03:24:03 -0500] "GET /config/getuser?index=0 HTTP/1.1" 404 1018
172.22.2.4 - - [17/Jul/2022:03:24:27 -0500] "HEAD /BLA/boletinlegal/ HTTP/1.1" 200 -
172.22.2.4 - - [17/Jul/2022:03:25:17 -0500] "GET /BLA/boletinlegal/ HTTP/1.1" 200 57699
201.245.192.253 - - [17/Jul/2022:03:28:46 -0500] "POST /kwsrmcab/Wsrmcab  HTTP/1.1" 500 253
66.249.73.12 - - [17/Jul/2022:03:28:48 -0500] "-" 408 -
216.245.221.92 - - [17/Jul/2022:03:28:54 -0500] "HEAD / HTTP/1.1" 200 -
185.119.81.98 - - [17/Jul/2022:03:30:36 -0500] "GET /portaldeninos/wp-login.php HTTP/1.1" 200 2592
185.119.81.98 - - [17/Jul/2022:03:30:37 -0500] "POST /portaldeninos/wp-login.php HTTP/1.1" 200 3605
201.245.192.253 - - [17/Jul/2022:03:30:41 -0500] "POST /kwsrmcab/Wsrmcab HTTP/1.1" 500 253
201.245.192.253 - - [17/Jul/2022:03:30:41 -0500] "POST /kwsrmcab/Wsrmcab HTTP/1.1" 500 253
172.22.2.4 - - [17/Jul/2022:03:30:17 -0500] "HEAD /BLA/boletinlegal/ HTTP/1.1" 200 -
103.153.79.114 - - [17/Jul/2022:03:32:13 -0500] "GET / HTTP/1.1" 200 319
103.153.79.114 - - [17/Jul/2022:03:32:13 -0500] "GET /admin/index.php HTTP/1.1" 400 307
172.22.2.4 - - [17/Jul/2022:03:31:07 -0500] "GET /BLA/boletinlegal/ HTTP/1.1" 200 57272
201.245.192.253 - - [17/Jul/2022:03:33:45 -0500] "POST /kwsrmcab/Wsrmcab  HTTP/1.1" 500 253
216.245.221.92 - - [17/Jul/2022:03:33:54 -0500] "HEAD / HTTP/1.1" 200 -
66.249.73.12 - - [17/Jul/2022:03:34:41 -0500] "-" 408 -
103.153.79.114 - - [17/Jul/2022:03:35:24 -0500] "GET / HTTP/1.1" 200 319
103.153.79.114 - - [17/Jul/2022:03:35:24 -0500] "GET /admin/index.php HTTP/1.1" 400 307
172.22.2.4 - - [17/Jul/2022:03:36:06 -0500] "HEAD /BLA/boletinlegal/ HTTP/1.1" 200 -
172.22.2.4 - - [17/Jul/2022:03:36:57 -0500] "GET /BLA/boletinlegal/ HTTP/1.1" 200 60992
201.245.192.253 - - [17/Jul/2022:03:38:44 -0500] "POST /kwsrmcab/Wsrmcab  HTTP/1.1" 500 253
216.245.221.92 - - [17/Jul/2022:03:38:54 -0500] "HEAD / HTTP/1.1" 200 -
66.249.73.12 - - [17/Jul/2022:03:40:39 -0500] "-" 408 -
201.245.192.253 - - [17/Jul/2022:03:40:41 -0500] "POST /kwsrmcab/Wsrmcab HTTP/1.1" 500 253
201.245.192.253 - - [17/Jul/2022:03:40:41 -0500] "POST /kwsrmcab/Wsrmcab HTTP/1.1" 500 253
40.77.167.22 - - [17/Jul/2022:03:42:22 -0500] "GET /images/Acercar.jpeg HTTP/1.1" 200 109672
172.22.2.4 - - [17/Jul/2022:03:41:56 -0500] "HEAD /BLA/boletinlegal/ HTTP/1.1" 200 -
201.245.192.253 - - [17/Jul/2022:03:43:44 -0500] "POST /kwsrmcab/Wsrmcab  HTTP/1.1" 500 253
216.245.221.92 - - [17/Jul/2022:03:43:54 -0500] "HEAD / HTTP/1.1" 200 -
172.22.2.4 - - [17/Jul/2022:03:42:47 -0500] "GET /BLA/boletinlegal/ HTTP/1.1" 200 60992
157.55.39.114 - - [17/Jul/2022:03:46:07 -0500] "GET /BLA/boletinlegal/Circulares/2021/CIRCULAR%20No.%2000009%20DEL%2001%20DE%20OCTUBRE%20DEL%202021.pdf HTTP/1.1" 304 -
157.55.39.23 - - [17/Jul/2022:03:46:11 -0500] "-" 408 -
66.249.73.12 - - [17/Jul/2022:03:46:22 -0500] "-" 408 -
185.119.81.107 - - [17/Jul/2022:03:48:20 -0500] "GET /portaldeninos/wp-login.php HTTP/1.1" 200 2592
185.119.81.107 - - [17/Jul/2022:03:48:21 -0500] "POST /portaldeninos/wp-login.php HTTP/1.1" 200 3650
201.245.192.253 - - [17/Jul/2022:03:48:42 -0500] "POST /kwsrmcab/Wsrmcab  HTTP/1.1" 500 253
216.245.221.92 - - [17/Jul/2022:03:48:54 -0500] "HEAD / HTTP/1.1" 200 -
172.22.2.4 - - [17/Jul/2022:03:47:46 -0500] "HEAD /BLA/boletinlegal/ HTTP/1.1" 200 -
172.22.2.4 - - [17/Jul/2022:03:48:37 -0500] "GET /BLA/boletinlegal/ HTTP/1.1" 200 60992
201.245.192.253 - - [17/Jul/2022:03:53:41 -0500] "POST /kwsrmcab/Wsrmcab  HTTP/1.1" 500 253
216.245.221.92 - - [17/Jul/2022:03:53:54 -0500] "HEAD / HTTP/1.1" 200 -
172.22.2.4 - - [17/Jul/2022:03:53:36 -0500] "HEAD /BLA/boletinlegal/ HTTP/1.1" 200 -
172.22.2.4 - - [17/Jul/2022:03:54:27 -0500] "GET /BLA/boletinlegal/ HTTP/1.1" 200 60992
66.249.73.12 - - [17/Jul/2022:03:57:54 -0500] "-" 408 -
172.22.2.4 - - [17/Jul/2022:03:58:17 -0500] "GET /BLA/boletinlegal/jurisprudencia/analisis/AnalisisT-146-16.docx HTTP/1.1" 304 -
201.245.192.253 - - [17/Jul/2022:03:58:40 -0500] "POST /kwsrmcab/Wsrmcab  HTTP/1.1" 500 253
216.245.221.92 - - [17/Jul/2022:03:58:54 -0500] "HEAD / HTTP/1.1" 200 -
172.22.2.4 - - [17/Jul/2022:03:59:26 -0500] "HEAD /BLA/boletinlegal/ HTTP/1.1" 200 -
172.22.2.4 - - [17/Jul/2022:04:00:17 -0500] "GET /BLA/boletinlegal/ HTTP/1.1" 200 60992
201.245.192.253 - - [17/Jul/2022:04:03:39 -0500] "POST /kwsrmcab/Wsrmcab  HTTP/1.1" 500 253
216.245.221.92 - - [17/Jul/2022:04:03:54 -0500] "HEAD / HTTP/1.1" 200 -
172.22.2.4 - - [17/Jul/2022:04:05:16 -0500] "HEAD /BLA/boletinlegal/ HTTP/1.1" 200 -
185.7.214.104 - - [17/Jul/2022:04:07:08 -0500] "GET /index.php?s=/Index/\\think\\app/invokefunction&function=call_user_func_array&vars[0]=md5&vars[1][]=HelloThinkPHP21 HTTP/1.1" 404 1018
172.22.2.4 - - [17/Jul/2022:04:06:07 -0500] "GET /BLA/boletinlegal/ HTTP/1.1" 200 60992
201.245.192.253 - - [17/Jul/2022:04:08:37 -0500] "POST /kwsrmcab/Wsrmcab  HTTP/1.1" 500 253
216.245.221.92 - - [17/Jul/2022:04:08:54 -0500] "HEAD / HTTP/1.1" 200 -
66.249.73.12 - - [17/Jul/2022:04:09:05 -0500] "-" 408 -
172.22.2.4 - - [17/Jul/2022:04:11:06 -0500] "HEAD /BLA/boletinlegal/ HTTP/1.1" 200 -
201.245.192.253 - - [17/Jul/2022:04:13:36 -0500] "POST /kwsrmcab/Wsrmcab  HTTP/1.1" 500 253
172.22.2.4 - - [17/Jul/2022:04:11:57 -0500] "GET /BLA/boletinlegal/ HTTP/1.1" 200 58491
216.245.221.92 - - [17/Jul/2022:04:13:54 -0500] "HEAD / HTTP/1.1" 200 -
69.63.189.19 - - [17/Jul/2022:04:14:10 -0500] "GET /images/jornada-llantaton-usaquen-bosa-25-marzo.jpg HTTP/1.1" 200 60391
40.77.167.66 - - [17/Jul/2022:04:15:42 -0500] "GET /BLA/resoluciones/RESOLUCIONES%202020/1392.pdf HTTP/1.1" 200 369611
185.7.214.104 - - [17/Jul/2022:04:15:49 -0500] "GET /?a=fetch&content=<php>die(@md5(HelloThinkCMF))</php> HTTP/1.1" 200 319
201.245.192.253 - - [17/Jul/2022:04:18:35 -0500] "POST /kwsrmcab/Wsrmcab  HTTP/1.1" 500 253
172.22.2.4 - - [17/Jul/2022:04:16:56 -0500] "HEAD /BLA/boletinlegal/ HTTP/1.1" 200 -
216.245.221.92 - - [17/Jul/2022:04:18:54 -0500] "HEAD / HTTP/1.1" 200 -
172.22.2.4 - - [17/Jul/2022:04:17:47 -0500] "GET /BLA/boletinlegal/ HTTP/1.1" 200 58491
201.245.192.253 - - [17/Jul/2022:04:20:41 -0500] "POST /kwsrmcab/Wsrmcab HTTP/1.1" 500 253
201.245.192.253 - - [17/Jul/2022:04:20:41 -0500] "POST /kwsrmcab/Wsrmcab HTTP/1.1" 500 253
185.119.81.107 - - [17/Jul/2022:04:21:30 -0500] "GET /portaldeninos/wp-login.php HTTP/1.1" 200 2592
185.119.81.107 - - [17/Jul/2022:04:21:31 -0500] "POST /portaldeninos/wp-login.php HTTP/1.1" 200 3650
201.245.192.253 - - [17/Jul/2022:04:23:34 -0500] "POST /kwsrmcab/Wsrmcab  HTTP/1.1" 500 253
216.245.221.92 - - [17/Jul/2022:04:23:54 -0500] "HEAD / HTTP/1.1" 200 -
172.22.2.4 - - [17/Jul/2022:04:22:46 -0500] "HEAD /BLA/boletinlegal/ HTTP/1.1" 200 -
172.22.2.4 - - [17/Jul/2022:04:23:37 -0500] "GET /BLA/boletinlegal/ HTTP/1.1" 200 58491
152.136.109.43 - - [17/Jul/2022:04:26:42 -0500] "GET / HTTP/1.1" 200 319
201.245.192.253 - - [17/Jul/2022:04:28:32 -0500] "POST /kwsrmcab/Wsrmcab  HTTP/1.1" 500 253
216.245.221.92 - - [17/Jul/2022:04:28:54 -0500] "HEAD / HTTP/1.1" 200 -
172.22.2.4 - - [17/Jul/2022:04:28:36 -0500] "HEAD /BLA/boletinlegal/ HTTP/1.1" 200 -
201.245.192.253 - - [17/Jul/2022:04:30:42 -0500] "POST /kwsrmcab/Wsrmcab HTTP/1.1" 500 253
201.245.192.253 - - [17/Jul/2022:04:30:42 -0500] "POST /kwsrmcab/Wsrmcab HTTP/1.1" 500 253
172.22.2.4 - - [17/Jul/2022:04:29:27 -0500] "GET /BLA/boletinlegal/ HTTP/1.1" 200 58491
185.119.81.97 - - [17/Jul/2022:04:33:05 -0500] "GET /portaldeninos/wp-login.php HTTP/1.1" 200 2592
185.119.81.97 - - [17/Jul/2022:04:33:06 -0500] "POST /portaldeninos/wp-login.php HTTP/1.1" 200 3650
201.245.192.253 - - [17/Jul/2022:04:33:31 -0500] "POST /kwsrmcab/Wsrmcab  HTTP/1.1" 500 253
199.16.157.182 - - [17/Jul/2022:04:33:52 -0500] "GET /images/pot-humedales-2-octubre.jpg HTTP/1.1" 200 53089
199.59.150.182 - - [17/Jul/2022:04:33:52 -0500] "GET /images/pot-humedales-2-octubre.jpg HTTP/1.1" 200 53089
216.245.221.92 - - [17/Jul/2022:04:33:54 -0500] "HEAD / HTTP/1.1" 200 -
172.22.2.4 - - [17/Jul/2022:04:34:26 -0500] "HEAD /BLA/boletinlegal/ HTTP/1.1" 200 -
172.22.2.4 - - [17/Jul/2022:04:35:17 -0500] "GET /BLA/boletinlegal/ HTTP/1.1" 200 58491
201.245.192.253 - - [17/Jul/2022:04:38:31 -0500] "POST /kwsrmcab/Wsrmcab  HTTP/1.1" 500 253
216.245.221.92 - - [17/Jul/2022:04:38:54 -0500] "HEAD / HTTP/1.1" 200 -
45.33.80.237 - - [17/Jul/2022:04:39:06 -0500] "GET /galeria/galeria/jquery.fancybox.css?v=2.1.5 HTTP/1.1" 200 4895
45.33.80.237 - - [17/Jul/2022:04:39:07 -0500] "GET /BLA/boletinlegal/js/jquery.scrollShow.js HTTP/1.1" 200 4586
45.33.80.237 - - [17/Jul/2022:04:39:07 -0500] "GET /galeria/galeria/jquery.fancybox.js?v=2.1.5 HTTP/1.1" 200 48706
201.245.192.253 - - [17/Jul/2022:04:40:41 -0500] "POST /kwsrmcab/Wsrmcab HTTP/1.1" 500 253
201.245.192.253 - - [17/Jul/2022:04:40:41 -0500] "POST /kwsrmcab/Wsrmcab HTTP/1.1" 500 253
45.33.80.237 - - [17/Jul/2022:04:40:42 -0500] "GET /galeria/galeria/jquery.fancybox.css?v=2.1.5 HTTP/1.1" 200 4895
45.33.80.237 - - [17/Jul/2022:04:40:42 -0500] "GET /galeria/galeria/jquery.fancybox.js?v=2.1.5 HTTP/1.1" 200 48706
45.33.80.237 - - [17/Jul/2022:04:40:42 -0500] "GET /BLA/boletinlegal/js/jquery.scrollShow.js HTTP/1.1" 200 4586
172.22.2.4 - - [17/Jul/2022:04:40:16 -0500] "HEAD /BLA/boletinlegal/ HTTP/1.1" 200 -
172.22.2.4 - - [17/Jul/2022:04:41:07 -0500] "GET /BLA/boletinlegal/ HTTP/1.1" 200 58491
35.204.87.54 - - [17/Jul/2022:04:42:57 -0500] "GET / HTTP/1.1" 200 319
201.245.192.253 - - [17/Jul/2022:04:43:30 -0500] "POST /kwsrmcab/Wsrmcab  HTTP/1.1" 500 253
216.245.221.92 - - [17/Jul/2022:04:43:54 -0500] "HEAD / HTTP/1.1" 200 -
172.22.2.4 - - [17/Jul/2022:04:46:06 -0500] "HEAD /BLA/boletinlegal/ HTTP/1.1" 200 -
201.245.192.253 - - [17/Jul/2022:04:48:29 -0500] "POST /kwsrmcab/Wsrmcab  HTTP/1.1" 500 253
172.22.2.4 - - [17/Jul/2022:04:46:57 -0500] "GET /BLA/boletinlegal/ HTTP/1.1" 200 58491
216.245.221.92 - - [17/Jul/2022:04:48:54 -0500] "HEAD / HTTP/1.1" 200 -
157.55.39.161 - - [17/Jul/2022:04:49:08 -0500] "GET / HTTP/1.1" 200 319
201.245.192.253 - - [17/Jul/2022:04:53:28 -0500] "POST /kwsrmcab/Wsrmcab  HTTP/1.1" 500 253
172.22.2.4 - - [17/Jul/2022:04:51:56 -0500] "HEAD /BLA/boletinlegal/ HTTP/1.1" 200 -
216.245.221.92 - - [17/Jul/2022:04:53:54 -0500] "HEAD / HTTP/1.1" 200 -
172.22.2.4 - - [17/Jul/2022:04:52:47 -0500] "GET /BLA/boletinlegal/ HTTP/1.1" 200 58491
89.187.175.246 - - [17/Jul/2022:04:57:17 -0500] "GET /wp-login.php HTTP/1.1" 404 1035
172.22.2.4 - - [17/Jul/2022:04:57:18 -0500] "GET /BLA/boletinlegal/wp-login.php HTTP/1.1" 404 1038
201.245.192.253 - - [17/Jul/2022:04:58:27 -0500] "POST /kwsrmcab/Wsrmcab  HTTP/1.1" 500 253
207.46.13.31 - - [17/Jul/2022:04:58:31 -0500] "GET /sendero/ HTTP/1.1" 200 36439
172.22.2.4 - - [17/Jul/2022:04:57:09 -0500] "GET /BLA/boletinlegal/ HTTP/1.1" 200 56279
216.245.221.92 - - [17/Jul/2022:04:58:54 -0500] "HEAD / HTTP/1.1" 200 -
172.22.2.4 - - [17/Jul/2022:04:59:11 -0500] "GET /BLA/boletinlegal/images/cabezote%20BLEGAL.jpg HTTP/1.1" 200 118164
172.22.2.4 - - [17/Jul/2022:04:57:46 -0500] "HEAD /BLA/boletinlegal/ HTTP/1.1" 200 -
172.22.2.4 - - [17/Jul/2022:04:58:37 -0500] "GET /BLA/boletinlegal/ HTTP/1.1" 200 59828
172.22.2.4 - - [17/Jul/2022:05:00:41 -0500] "GET /BLA/boletinlegal/Circulares/2017/Circular%20No.%2007%20del%2028%20de%20Abril%20de%202017.pdf HTTP/1.1" 304 -
89.187.175.246 - - [17/Jul/2022:05:02:28 -0500] "GET /wp-login.php HTTP/1.1" 404 1018
201.245.192.253 - - [17/Jul/2022:05:03:26 -0500] "POST /kwsrmcab/Wsrmcab  HTTP/1.1" 500 253
216.245.221.92 - - [17/Jul/2022:05:03:54 -0500] "HEAD / HTTP/1.1" 200 -
45.61.186.139 - - [17/Jul/2022:05:05:10 -0500] "GET /config/getuser?index=0 HTTP/1.1" 404 1018
172.22.2.4 - - [17/Jul/2022:05:03:36 -0500] "HEAD /BLA/boletinlegal/ HTTP/1.1" 200 -
172.22.2.4 - - [17/Jul/2022:05:04:26 -0500] "GET /BLA/boletinlegal/ HTTP/1.1" 200 60410
167.248.133.119 - - [17/Jul/2022:05:06:10 -0500] "GET / HTTP/1.1" 200 319
167.248.133.119 - - [17/Jul/2022:05:06:10 -0500] "GET / HTTP/1.1" 200 319
167.248.133.119 - - [17/Jul/2022:05:06:11 -0500] "PRI * HTTP/2.0" 400 946
201.245.192.253 - - [17/Jul/2022:05:08:24 -0500] "POST /kwsrmcab/Wsrmcab  HTTP/1.1" 500 253
216.245.221.92 - - [17/Jul/2022:05:08:54 -0500] "HEAD / HTTP/1.1" 200 -
185.119.81.108 - - [17/Jul/2022:05:10:29 -0500] "GET /portaldeninos/wp-login.php HTTP/1.1" 200 2592
185.119.81.108 - - [17/Jul/2022:05:10:30 -0500] "POST /portaldeninos/wp-login.php HTTP/1.1" 200 3605
172.22.2.4 - - [17/Jul/2022:05:09:26 -0500] "HEAD /BLA/boletinlegal/ HTTP/1.1" 200 -
185.119.81.106 - - [17/Jul/2022:05:11:18 -0500] "GET /portaldeninos/wp-login.php HTTP/1.1" 200 2592
185.119.81.106 - - [17/Jul/2022:05:11:19 -0500] "POST /portaldeninos/wp-login.php HTTP/1.1" 200 3650
172.22.2.4 - - [17/Jul/2022:05:10:16 -0500] "GET /BLA/boletinlegal/ HTTP/1.1" 200 60992
103.153.79.114 - - [17/Jul/2022:05:12:14 -0500] "-" 408 -
201.245.192.253 - - [17/Jul/2022:05:13:23 -0500] "POST /kwsrmcab/Wsrmcab  HTTP/1.1" 500 253
185.7.214.104 - - [17/Jul/2022:05:13:40 -0500] "GET /?XDEBUG_SESSION_START=phpstorm HTTP/1.1" 200 319
216.245.221.92 - - [17/Jul/2022:05:13:54 -0500] "HEAD / HTTP/1.1" 200 -
66.249.65.22 - - [17/Jul/2022:05:14:31 -0500] "-" 408 -
103.153.79.114 - - [17/Jul/2022:05:15:25 -0500] "-" 408 -
185.119.81.106 - - [17/Jul/2022:05:16:25 -0500] "GET /portaldeninos/wp-login.php HTTP/1.1" 200 2592
185.119.81.106 - - [17/Jul/2022:05:16:26 -0500] "POST /portaldeninos/wp-login.php HTTP/1.1" 200 3605
128.14.136.18 - - [17/Jul/2022:05:16:50 -0500] "GET / HTTP/1.1" 200 319
172.22.2.4 - - [17/Jul/2022:05:15:16 -0500] "HEAD /BLA/boletinlegal/ HTTP/1.1" 200 -
172.22.2.4 - - [17/Jul/2022:05:16:07 -0500] "GET /BLA/boletinlegal/ HTTP/1.1" 200 58491
201.245.192.253 - - [17/Jul/2022:05:18:21 -0500] "POST /kwsrmcab/Wsrmcab  HTTP/1.1" 500 253
185.119.81.107 - - [17/Jul/2022:05:18:24 -0500] "GET /portaldeninos/wp-login.php HTTP/1.1" 200 2592
185.119.81.107 - - [17/Jul/2022:05:18:25 -0500] "POST /portaldeninos/wp-login.php HTTP/1.1" 200 3605
216.245.221.92 - - [17/Jul/2022:05:18:54 -0500] "HEAD / HTTP/1.1" 200 -
201.245.192.253 - - [17/Jul/2022:05:20:41 -0500] "POST /kwsrmcab/Wsrmcab HTTP/1.1" 500 253
201.245.192.253 - - [17/Jul/2022:05:20:41 -0500] "POST /kwsrmcab/Wsrmcab HTTP/1.1" 500 253
172.22.2.4 - - [17/Jul/2022:05:21:06 -0500] "HEAD /BLA/boletinlegal/ HTTP/1.1" 200 -
201.245.192.253 - - [17/Jul/2022:05:23:21 -0500] "POST /kwsrmcab/Wsrmcab  HTTP/1.1" 500 253
172.22.2.4 - - [17/Jul/2022:05:21:56 -0500] "GET /BLA/boletinlegal/ HTTP/1.1" 200 58866
216.245.221.92 - - [17/Jul/2022:05:23:54 -0500] "HEAD / HTTP/1.1" 200 -
207.46.13.188 - - [17/Jul/2022:05:24:40 -0500] "GET /BLA/resoluciones/RESOLUCIONES%202021/4471.pdf HTTP/1.1" 304 -
40.77.167.66 - - [17/Jul/2022:05:26:28 -0500] "GET /BLA/boletinlegal/ HTTP/1.1" 200 54767
172.22.2.4 - - [17/Jul/2022:05:28:17 -0500] "GET /BLA/boletinlegal/Directivas/2017/Directiva%20No.%2006%20del%2016%20de%20Agosto%20de%202017.pdf HTTP/1.1" 304 -
201.245.192.253 - - [17/Jul/2022:05:28:20 -0500] "POST /kwsrmcab/Wsrmcab  HTTP/1.1" 500 253
157.55.39.114 - - [17/Jul/2022:05:28:26 -0500] "GET /BLA/boletinlegal/style.css HTTP/1.1" 200 9406
172.22.2.4 - - [17/Jul/2022:05:26:56 -0500] "HEAD /BLA/boletinlegal/ HTTP/1.1" 200 -
216.245.221.92 - - [17/Jul/2022:05:28:54 -0500] "HEAD / HTTP/1.1" 200 -
172.22.2.4 - - [17/Jul/2022:05:27:46 -0500] "GET /BLA/boletinlegal/ HTTP/1.1" 200 54359
201.245.192.253 - - [17/Jul/2022:05:30:41 -0500] "POST /kwsrmcab/Wsrmcab HTTP/1.1" 500 253
201.245.192.253 - - [17/Jul/2022:05:30:41 -0500] "POST /kwsrmcab/Wsrmcab HTTP/1.1" 500 253
64.124.8.48 - - [17/Jul/2022:05:31:37 -0500] "GET /portaldeninos/wp-content/uploads/2018/10/oso.jpg HTTP/1.1" 304 -
64.124.8.48 - - [17/Jul/2022:05:33:06 -0500] "GET /portaldeninos/wp-content/uploads/2021/06/titulo-cabezote-ni%C3%B1os.png HTTP/1.1" 304 -
201.245.192.253 - - [17/Jul/2022:05:33:19 -0500] "POST /kwsrmcab/Wsrmcab  HTTP/1.1" 500 253
216.245.221.92 - - [17/Jul/2022:05:33:54 -0500] "HEAD / HTTP/1.1" 200 -
64.124.8.48 - - [17/Jul/2022:05:34:06 -0500] "GET /portaldeninos/wp-content/uploads/2020/05/ig.jpg HTTP/1.1" 304 -
172.22.2.4 - - [17/Jul/2022:05:32:46 -0500] "HEAD /BLA/boletinlegal/ HTTP/1.1" 200 -
205.169.39.178 - - [17/Jul/2022:05:34:38 -0500] "GET /portaldeninos/wp-includes/js/wp-emoji-release.min.js?ver=4.9.8 HTTP/1.1" 200 12026
205.169.39.178 - - [17/Jul/2022:05:34:42 -0500] "GET /portaldeninos/wp-content/plugins/google-analytics-for-wordpress/assets/js/frontend-gtag.min.js?ver=8.5.0 HTTP/1.1" 200 11801
205.169.39.178 - - [17/Jul/2022:05:34:43 -0500] "GET /portaldeninos/wp-includes/js/jquery/jquery.js?ver=1.12.4 HTTP/1.1" 200 97184
205.169.39.178 - - [17/Jul/2022:05:34:44 -0500] "GET /portaldeninos/wp-includes/js/jquery/jquery-migrate.min.js?ver=1.4.1 HTTP/1.1" 200 10056
205.169.39.178 - - [17/Jul/2022:05:34:45 -0500] "GET /portaldeninos/wp-includes/js/jquery/ui/core.min.js?ver=1.11.4 HTTP/1.1" 200 4000
205.169.39.178 - - [17/Jul/2022:05:34:45 -0500] "GET /portaldeninos/wp-content/plugins/gallery-videos/JS/modernizr.custom.js?ver=4.9.8 HTTP/1.1" 200 9019
205.169.39.178 - - [17/Jul/2022:05:34:45 -0500] "GET /portaldeninos/wp-content/plugins/gallery-videos/JS/Total-Soft-Gallery-Video-Widget.js?ver=4.9.8 HTTP/1.1" 200 80264
205.169.39.178 - - [17/Jul/2022:05:34:46 -0500] "GET /portaldeninos/wp-includes/js/jquery/ui/widget.min.js?ver=1.11.4 HTTP/1.1" 200 6908
205.169.39.178 - - [17/Jul/2022:05:34:46 -0500] "GET /portaldeninos/wp-includes/js/jquery/ui/mouse.min.js?ver=1.11.4 HTTP/1.1" 200 3148
205.169.39.178 - - [17/Jul/2022:05:34:46 -0500] "GET /portaldeninos/wp-includes/js/jquery/ui/sortable.min.js?ver=1.11.4 HTTP/1.1" 200 24899
205.169.39.178 - - [17/Jul/2022:05:34:46 -0500] "GET /portaldeninos/wp-includes/js/jquery/ui/tabs.min.js?ver=1.11.4 HTTP/1.1" 200 12110
205.169.39.178 - - [17/Jul/2022:05:34:47 -0500] "GET /portaldeninos/wp-includes/js/jquery/ui/accordion.min.js?ver=1.11.4 HTTP/1.1" 200 8584
205.169.39.178 - - [17/Jul/2022:05:34:47 -0500] "GET /portaldeninos/wp-content/themes/betheme/js/plugins.js?ver=20.9.6 HTTP/1.1" 200 197151
205.169.39.178 - - [17/Jul/2022:05:34:48 -0500] "GET /portaldeninos/wp-content/themes/betheme/js/menu.js?ver=20.9.6 HTTP/1.1" 200 2449
205.169.39.178 - - [17/Jul/2022:05:34:49 -0500] "GET /portaldeninos/wp-content/themes/betheme/assets/animations/animations.min.js?ver=20.9.6 HTTP/1.1" 200 1896
205.169.39.178 - - [17/Jul/2022:05:34:49 -0500] "GET /portaldeninos/wp-content/themes/betheme/assets/jplayer/jplayer.min.js?ver=20.9.6 HTTP/1.1" 200 52702
205.169.39.178 - - [17/Jul/2022:05:34:49 -0500] "GET /portaldeninos/wp-content/themes/betheme/js/scripts.js?ver=20.9.6 HTTP/1.1" 200 77162
205.169.39.178 - - [17/Jul/2022:05:34:50 -0500] "GET /portaldeninos/wp-includes/js/wp-embed.min.js?ver=4.9.8 HTTP/1.1" 200 1398
172.22.2.4 - - [17/Jul/2022:05:33:36 -0500] "GET /BLA/boletinlegal/ HTTP/1.1" 200 60992
205.169.39.4 - - [17/Jul/2022:05:36:50 -0500] "GET /portaldeninos/wp-content/uploads/useanyfont/uaf.css?ver=1589905315 HTTP/1.1" 200 408
205.169.39.4 - - [17/Jul/2022:05:36:50 -0500] "GET /portaldeninos/wp-content/themes/betheme/style.css?ver=20.9.6 HTTP/1.1" 200 287
205.169.39.4 - - [17/Jul/2022:05:36:50 -0500] "GET /portaldeninos/wp-content/plugins/gallery-videos/CSS/Total-Soft-Gallery-Video-Widget.css?ver=4.9.8 HTTP/1.1" 200 51554
205.169.39.4 - - [17/Jul/2022:05:36:50 -0500] "GET /portaldeninos/wp-content/plugins/gallery-videos/CSS/totalsoft.css?ver=4.9.8 HTTP/1.1" 200 40622
205.169.39.4 - - [17/Jul/2022:05:36:50 -0500] "GET /portaldeninos/wp-content/themes/betheme/css/base.css?ver=20.9.6 HTTP/1.1" 200 57283
205.169.39.4 - - [17/Jul/2022:05:36:50 -0500] "GET /portaldeninos/wp-content/themes/betheme/assets/animations/animations.min.css?ver=20.9.6 HTTP/1.1" 200 58508
205.169.39.4 - - [17/Jul/2022:05:36:50 -0500] "GET /portaldeninos/wp-content/themes/betheme/assets/jplayer/css/jplayer.blue.monday.css?ver=20.9.6 HTTP/1.1" 200 9834
205.169.39.4 - - [17/Jul/2022:05:36:50 -0500] "GET /portaldeninos/wp-content/themes/betheme/assets/ui/jquery.ui.all.css?ver=20.9.6 HTTP/1.1" 200 18765
205.169.39.4 - - [17/Jul/2022:05:36:50 -0500] "GET /portaldeninos/wp-content/themes/betheme/css/layout.css?ver=20.9.6 HTTP/1.1" 200 116639
205.169.39.4 - - [17/Jul/2022:05:36:50 -0500] "GET /portaldeninos/wp-includes/js/jquery/jquery-migrate.min.js?ver=1.4.1 HTTP/1.1" 200 10056
205.169.39.4 - - [17/Jul/2022:05:36:50 -0500] "GET /portaldeninos/wp-content/themes/betheme/css/responsive.css?ver=20.9.6 HTTP/1.1" 200 55740
205.169.39.4 - - [17/Jul/2022:05:36:50 -0500] "GET /portaldeninos/wp-includes/js/jquery/ui/core.min.js?ver=1.11.4 HTTP/1.1" 200 4000
205.169.39.4 - - [17/Jul/2022:05:36:50 -0500] "GET /portaldeninos/wp-content/plugins/google-analytics-for-wordpress/assets/js/frontend-gtag.min.js?ver=8.5.0 HTTP/1.1" 200 11801
205.169.39.4 - - [17/Jul/2022:05:36:50 -0500] "GET /portaldeninos/wp-content/themes/betheme/css/shortcodes.css?ver=20.9.6 HTTP/1.1" 200 138889
205.169.39.4 - - [17/Jul/2022:05:36:50 -0500] "GET /portaldeninos/wp-content/plugins/gallery-videos/JS/modernizr.custom.js?ver=4.9.8 HTTP/1.1" 200 9019
205.169.39.4 - - [17/Jul/2022:05:36:50 -0500] "GET /portaldeninos/wp-includes/js/jquery/ui/widget.min.js?ver=1.11.4 HTTP/1.1" 200 6908
205.169.39.4 - - [17/Jul/2022:05:36:50 -0500] "GET /portaldeninos/wp-includes/js/jquery/ui/mouse.min.js?ver=1.11.4 HTTP/1.1" 200 3148
205.169.39.4 - - [17/Jul/2022:05:36:51 -0500] "GET /portaldeninos/wp-includes/js/jquery/ui/accordion.min.js?ver=1.11.4 HTTP/1.1" 200 8584
205.169.39.4 - - [17/Jul/2022:05:36:50 -0500] "GET /portaldeninos/wp-includes/js/jquery/jquery.js?ver=1.12.4 HTTP/1.1" 200 97184
205.169.39.4 - - [17/Jul/2022:05:36:50 -0500] "GET /portaldeninos/wp-includes/js/jquery/ui/tabs.min.js?ver=1.11.4 HTTP/1.1" 200 12110
205.169.39.4 - - [17/Jul/2022:05:36:50 -0500] "GET /portaldeninos/wp-content/plugins/gallery-videos/JS/Total-Soft-Gallery-Video-Widget.js?ver=4.9.8 HTTP/1.1" 200 80264
205.169.39.4 - - [17/Jul/2022:05:36:50 -0500] "GET /portaldeninos/wp-includes/js/jquery/ui/sortable.min.js?ver=1.11.4 HTTP/1.1" 200 24899
205.169.39.4 - - [17/Jul/2022:05:36:51 -0500] "GET /portaldeninos/wp-content/themes/betheme/js/menu.js?ver=20.9.6 HTTP/1.1" 200 2449
205.169.39.4 - - [17/Jul/2022:05:36:51 -0500] "GET /portaldeninos/wp-content/themes/betheme/assets/animations/animations.min.js?ver=20.9.6 HTTP/1.1" 200 1896
