3.91.95.171 - - [17/Jul/2022:12:41:38 -0500] "GET /animales-recuperados-en-san-cristobal-y-ciudad-bolivar-son-atendidos-en-el-centro-de-flora-de-la-secretaria-de-ambiente.html HTTP/1.1" 200 1056
3.91.95.171 - - [17/Jul/2022:12:41:38 -0500] "GET /animales-recuperados-en-san-cristobal-y-ciudad-bolivar-son-atendidos-en-el-centro-de-flora-de-la-secretaria-de-ambiente.html HTTP/1.1" 200 1056
201.221.172.109 - - [17/Jul/2022:12:41:48 -0500] "GET /BLA/resoluciones/AUTOS%202022/2186.pdf HTTP/1.1" 200 367463
201.245.192.253 - - [17/Jul/2022:12:41:50 -0500] "POST /kwsrmcab/Wsrmcab  HTTP/1.1" 200 45399
201.221.172.109 - - [17/Jul/2022:12:43:17 -0500] "GET /BLA/resoluciones/AUTOS%202022/2115.pdf HTTP/1.1" 200 1110932
216.245.221.92 - - [17/Jul/2022:12:43:53 -0500] "HEAD / HTTP/1.1" 200 -
185.119.81.107 - - [17/Jul/2022:12:44:42 -0500] "GET /portaldeninos/wp-login.php HTTP/1.1" 200 2592
185.119.81.107 - - [17/Jul/2022:12:44:43 -0500] "POST /portaldeninos/wp-login.php HTTP/1.1" 200 3605
201.221.172.109 - - [17/Jul/2022:12:45:47 -0500] "GET /BLA/resoluciones/AUTOS%202022/2073.pdf HTTP/1.1" 200 3939358
172.22.2.4 - - [17/Jul/2022:12:44:25 -0500] "HEAD /BLA/boletinlegal/ HTTP/1.1" 200 -
201.245.192.253 - - [17/Jul/2022:12:46:50 -0500] "POST /kwsrmcab/Wsrmcab  HTTP/1.1" 200 45399
172.22.2.4 - - [17/Jul/2022:12:45:15 -0500] "GET /BLA/boletinlegal/ HTTP/1.1" 200 60992
181.58.38.83 - - [17/Jul/2022:12:47:43 -0500] "GET /BLA/resoluciones/index.php?dir=AUTOS+2012%2F HTTP/1.1" 200 271425
216.245.221.92 - - [17/Jul/2022:12:48:53 -0500] "HEAD / HTTP/1.1" 200 -
201.221.172.109 - - [17/Jul/2022:12:49:15 -0500] "GET /BLA/resoluciones/AUTOS%202022/1944.pdf HTTP/1.1" 200 306146
18.206.55.48 - - [17/Jul/2022:12:51:21 -0500] "HEAD / HTTP/1.1" 200 -
18.206.55.48 - - [17/Jul/2022:12:51:26 -0500] "GET / HTTP/1.1" 200 4720
18.206.55.48 - - [17/Jul/2022:12:51:32 -0500] "GET /favicon.ico HTTP/1.1" 404 1034
18.206.55.48 - - [17/Jul/2022:12:51:35 -0500] "GET /favicon.png HTTP/1.1" 404 1034
87.110.93.243 - - [17/Jul/2022:12:51:36 -0500] "GET http://noticias.ambientebogota.gov.co:80/ HTTP/1.0" 200 4720
201.245.192.253 - - [17/Jul/2022:12:51:48 -0500] "POST /kwsrmcab/Wsrmcab  HTTP/1.1" 200 45399
172.22.2.4 - - [17/Jul/2022:12:50:15 -0500] "HEAD /BLA/boletinlegal/ HTTP/1.1" 200 -
40.77.190.122 - - [17/Jul/2022:12:52:29 -0500] "GET /galeria/nivo-slider/themes/default/default.css HTTP/1.1" 200 1569
40.77.189.136 - - [17/Jul/2022:12:52:29 -0500] "GET /galeria/nivo-slider/themes/pascal/pascal.css HTTP/1.1" 200 2258
40.77.190.70 - - [17/Jul/2022:12:52:29 -0500] "GET /galeria/nivo-slider/themes/orman/orman.css HTTP/1.1" 200 2152
40.77.188.185 - - [17/Jul/2022:12:52:30 -0500] "GET /galeria/nivo-slider/demo/style.css HTTP/1.1" 200 2222
40.77.188.84 - - [17/Jul/2022:12:52:30 -0500] "GET /galeria/nivo-slider/nivo-slider.css HTTP/1.1" 200 1507
40.77.190.68 - - [17/Jul/2022:12:52:30 -0500] "GET /galeria/nivo-slider/demo/scripts/jquery-1.7.1.min.js HTTP/1.1" 200 93868
40.77.189.82 - - [17/Jul/2022:12:52:30 -0500] "GET /galeria/nivo-slider/jquery.nivo.slider.pack.js HTTP/1.1" 200 11561
172.22.2.4 - - [17/Jul/2022:12:51:05 -0500] "GET /BLA/boletinlegal/ HTTP/1.1" 200 58491
207.46.13.20 - - [17/Jul/2022:12:53:48 -0500] "GET /siipev/Diseno%20de%20Elementos%20de%20Mobiliario%20Urbano/Parte1.html? HTTP/1.1" 200 3594
216.245.221.92 - - [17/Jul/2022:12:53:53 -0500] "HEAD / HTTP/1.1" 200 -
201.245.192.253 - - [17/Jul/2022:12:56:48 -0500] "POST /kwsrmcab/Wsrmcab  HTTP/1.1" 200 45399
40.77.167.66 - - [17/Jul/2022:12:57:11 -0500] "GET /Publicaciones/2022EE136447.pdf HTTP/1.1" 404 228
172.22.2.4 - - [17/Jul/2022:12:56:05 -0500] "HEAD /BLA/boletinlegal/ HTTP/1.1" 200 -
185.180.143.76 - - [17/Jul/2022:12:58:16 -0500] "GET /portaldeninos/ HTTP/1.1" 200 109662
172.22.2.4 - - [17/Jul/2022:12:56:56 -0500] "GET /BLA/boletinlegal/ HTTP/1.1" 200 59364
157.55.39.186 - - [17/Jul/2022:12:58:44 -0500] "GET /BLA/boletinlegal/Circulares/2018/CIRCULAR%20COJUNTA%20042%20DE%202018.pdf HTTP/1.1" 304 -
216.245.221.92 - - [17/Jul/2022:12:58:53 -0500] "HEAD / HTTP/1.1" 200 -
172.22.2.4 - - [17/Jul/2022:13:01:41 -0500] "GET /BLA/boletinlegal/styles2.css HTTP/1.1" 200 1838
172.22.2.4 - - [17/Jul/2022:13:01:41 -0500] "GET /BLA/boletinlegal/js/jquery.js HTTP/1.1" 200 57254
172.22.2.4 - - [17/Jul/2022:13:01:41 -0500] "GET /BLA/boletinlegal/style.css HTTP/1.1" 200 9406
172.22.2.4 - - [17/Jul/2022:13:01:42 -0500] "GET /BLA/boletinlegal/js/jquery.scrollTo-min.js HTTP/1.1" 200 1150
172.22.2.4 - - [17/Jul/2022:13:01:44 -0500] "GET /BLA/boletinlegal/js/jquery.scrollShow.js HTTP/1.1" 200 4586
172.22.2.4 - - [17/Jul/2022:13:01:44 -0500] "GET /BLA/boletinlegal/images/cabezote%20BLEGAL.jpg HTTP/1.1" 200 118164
172.22.2.4 - - [17/Jul/2022:13:01:44 -0500] "GET /BLA/boletinlegal/images/subscribe-icon-big.png HTTP/1.1" 200 47702
172.22.2.4 - - [17/Jul/2022:13:01:44 -0500] "GET /BLA/boletinlegal/images/historia.png HTTP/1.1" 200 52775
172.22.2.4 - - [17/Jul/2022:13:01:46 -0500] "GET /BLA/boletinlegal/images/registro-usuarios.png HTTP/1.1" 200 8106
172.22.2.4 - - [17/Jul/2022:13:01:46 -0500] "GET /BLA/boletinlegal/images/arr_l.jpg HTTP/1.1" 200 1979
172.22.2.4 - - [17/Jul/2022:13:01:46 -0500] "GET /BLA/boletinlegal/images/screen_1.png HTTP/1.1" 200 202547
172.22.2.4 - - [17/Jul/2022:13:01:47 -0500] "GET /BLA/boletinlegal/images/launch.jpg HTTP/1.1" 200 14577
172.22.2.4 - - [17/Jul/2022:13:01:49 -0500] "GET /BLA/boletinlegal/images/screen_2.png HTTP/1.1" 200 362502
172.22.2.4 - - [17/Jul/2022:13:01:49 -0500] "GET /BLA/boletinlegal/images/screen_3.png HTTP/1.1" 200 210620
172.22.2.4 - - [17/Jul/2022:13:01:50 -0500] "GET /BLA/boletinlegal/images/screen_5.png HTTP/1.1" 200 368876
201.245.192.253 - - [17/Jul/2022:13:01:48 -0500] "POST /kwsrmcab/Wsrmcab  HTTP/1.1" 200 45399
172.22.2.4 - - [17/Jul/2022:13:01:55 -0500] "GET /BLA/boletinlegal/images/menu_rght.gif HTTP/1.1" 200 1627
172.22.2.4 - - [17/Jul/2022:13:01:55 -0500] "GET /BLA/boletinlegal/images/hover.jpg HTTP/1.1" 200 640
172.22.2.4 - - [17/Jul/2022:13:01:56 -0500] "GET /BLA/boletinlegal/images/bg_top.jpg HTTP/1.1" 200 522
172.22.2.4 - - [17/Jul/2022:13:01:56 -0500] "GET /BLA/boletinlegal/images/menu_bg.jpg HTTP/1.1" 200 620
172.22.2.4 - - [17/Jul/2022:13:01:56 -0500] "GET /BLA/boletinlegal/images/text.jpg HTTP/1.1" 200 568
172.22.2.4 - - [17/Jul/2022:13:01:56 -0500] "GET /BLA/boletinlegal/images/arr_r.jpg HTTP/1.1" 200 1998
172.22.2.4 - - [17/Jul/2022:13:01:58 -0500] "GET /BLA/boletinlegal/images/pdf.gif HTTP/1.1" 200 567
172.22.2.4 - - [17/Jul/2022:13:01:58 -0500] "GET /BLA/boletinlegal/images/menu_lft.gif HTTP/1.1" 200 1713
172.22.2.4 - - [17/Jul/2022:13:01:58 -0500] "GET /BLA/boletinlegal/images/body_bg.jpg HTTP/1.1" 200 1601
172.22.2.4 - - [17/Jul/2022:13:01:58 -0500] "GET /BLA/boletinlegal/images/footer_bg.jpg HTTP/1.1" 200 586
201.221.172.109 - - [17/Jul/2022:13:01:59 -0500] "GET /BLA/resoluciones/AUTOS%202022/1555.pdf HTTP/1.1" 200 359029
172.22.2.4 - - [17/Jul/2022:13:02:01 -0500] "GET /BLA/boletinlegal/actos.php HTTP/1.1" 200 9559
172.22.2.4 - - [17/Jul/2022:13:02:03 -0500] "GET /BLA/boletinlegal/js/ajax_actos.js HTTP/1.1" 200 1322
172.22.2.4 - - [17/Jul/2022:13:02:03 -0500] "GET /BLA/boletinlegal/niceforms.js HTTP/1.1" 200 22876
172.22.2.4 - - [17/Jul/2022:13:02:04 -0500] "GET /BLA/boletinlegal/js/popup.js HTTP/1.1" 200 1270
172.22.2.4 - - [17/Jul/2022:13:02:04 -0500] "GET /BLA/boletinlegal/niceforms-default.css HTTP/1.1" 200 6694
172.22.2.4 - - [17/Jul/2022:13:02:05 -0500] "GET /BLA/boletinlegal/js/jquery1.js HTTP/1.1" 200 29846
172.22.2.4 - - [17/Jul/2022:13:02:06 -0500] "GET /BLA/boletinlegal/js/lib.js HTTP/1.1" 200 6474
172.22.2.4 - - [17/Jul/2022:13:02:06 -0500] "GET /BLA/boletinlegal/images/green-yellow-blue-pink-th.png HTTP/1.1" 200 7394
172.22.2.4 - - [17/Jul/2022:13:02:06 -0500] "GET /BLA/boletinlegal/images/abajo.png HTTP/1.1" 200 96676
172.22.2.4 - - [17/Jul/2022:13:02:06 -0500] "GET /BLA/boletinlegal/images/tel.png HTTP/1.1" 200 14477
172.22.2.4 - - [17/Jul/2022:13:02:06 -0500] "GET /BLA/boletinlegal/images/icono-email.png HTTP/1.1" 200 5544
172.22.2.4 - - [17/Jul/2022:13:02:06 -0500] "GET /BLA/boletinlegal/images/footer_bg_l.jpg HTTP/1.1" 200 776
172.22.2.4 - - [17/Jul/2022:13:02:09 -0500] "GET /BLA/boletinlegal/img/0.png HTTP/1.1" 200 110
172.22.2.4 - - [17/Jul/2022:13:02:10 -0500] "GET /BLA/boletinlegal/img/select-left.png HTTP/1.1" 200 263
172.22.2.4 - - [17/Jul/2022:13:02:10 -0500] "GET /BLA/boletinlegal/img/select-right.png HTTP/1.1" 200 44019
172.22.2.4 - - [17/Jul/2022:13:02:10 -0500] "GET /BLA/boletinlegal/img/button-left.png HTTP/1.1" 200 57071
172.22.2.4 - - [17/Jul/2022:13:02:10 -0500] "GET /BLA/boletinlegal/img/button.png HTTP/1.1" 200 43241
172.22.2.4 - - [17/Jul/2022:13:02:10 -0500] "GET /BLA/boletinlegal/img/button-right.png HTTP/1.1" 200 57878
172.22.2.4 - - [17/Jul/2022:13:02:10 -0500] "GET /BLA/boletinlegal/favicon.ico HTTP/1.1" 404 1326
172.22.2.4 - - [17/Jul/2022:13:02:18 -0500] "GET /BLA/boletinlegal/consulta_actos.php?tipo=autos&no=0247&usuario=&sector=&fecha=2022&resuelve= HTTP/1.1" 200 626
172.22.2.4 - - [17/Jul/2022:13:01:33 -0500] "GET /BLA/boletinlegal/ HTTP/1.1" 200 40907
172.22.2.4 - - [17/Jul/2022:13:02:55 -0500] "GET /BLA/boletinlegal/consulta_actos.php?tipo=autos&no=2471&usuario=&sector=&fecha=2022&resuelve= HTTP/1.1" 200 626
172.22.2.4 - - [17/Jul/2022:13:02:58 -0500] "GET /BLA/boletinlegal/consulta_actos.php?tipo=autos&no=2471&usuario=&sector=&fecha=2022&resuelve= HTTP/1.1" 200 626
172.22.2.4 - - [17/Jul/2022:13:03:16 -0500] "GET /BLA/boletinlegal/consulta_actos.php?tipo=autos&no=2471&usuario=&sector=&fecha=2022&resuelve= HTTP/1.1" 200 626
172.22.2.4 - - [17/Jul/2022:13:03:19 -0500] "GET /BLA/boletinlegal/consulta_actos.php?tipo=resoluciones&no=2471&usuario=&sector=&fecha=2022&resuelve= HTTP/1.1" 200 626
172.22.2.4 - - [17/Jul/2022:13:03:27 -0500] "GET /BLA/boletinlegal/consulta_actos.php?tipo=resoluciones&no=2471&usuario=&sector=&fecha=2022&resuelve= HTTP/1.1" 200 626
172.22.2.4 - - [17/Jul/2022:13:03:33 -0500] "GET /BLA/boletinlegal/consulta_actos.php?tipo=resoluciones&no=2471&usuario=&sector=&fecha=2022&resuelve= HTTP/1.1" 200 626
172.22.2.4 - - [17/Jul/2022:13:01:55 -0500] "HEAD /BLA/boletinlegal/ HTTP/1.1" 200 -
186.30.134.209 - - [17/Jul/2022:13:03:37 -0500] "GET /BLA/resoluciones/ HTTP/1.1" 200 13093
186.30.134.209 - - [17/Jul/2022:13:03:38 -0500] "GET /BLA/resoluciones/dlf/styles.css HTTP/1.1" 200 3049
186.30.134.209 - - [17/Jul/2022:13:03:38 -0500] "GET /BLA/resoluciones/dlf/folder.png HTTP/1.1" 200 410
186.30.134.209 - - [17/Jul/2022:13:03:41 -0500] "GET /BLA/resoluciones/dlf/bg.gif HTTP/1.1" 200 54
186.30.134.209 - - [17/Jul/2022:13:03:46 -0500] "GET /BLA/resoluciones/index.php?dir=RESOLUCIONES+2022%2F HTTP/1.1" 200 85025
186.30.134.209 - - [17/Jul/2022:13:03:47 -0500] "GET /BLA/resoluciones/dlf/dirup.png HTTP/1.1" 200 644
186.30.134.209 - - [17/Jul/2022:13:03:51 -0500] "GET /BLA/resoluciones/dlf/pdf.gif HTTP/1.1" 200 272
216.245.221.92 - - [17/Jul/2022:13:03:53 -0500] "HEAD / HTTP/1.1" 200 -
172.22.2.4 - - [17/Jul/2022:13:02:45 -0500] "GET /BLA/boletinlegal/ HTTP/1.1" 200 60992
172.22.2.4 - - [17/Jul/2022:13:06:46 -0500] "GET /BLA/boletinlegal/actos.php HTTP/1.1" 200 9559
172.22.2.4 - - [17/Jul/2022:13:06:46 -0500] "GET /BLA/boletinlegal/favicon.ico HTTP/1.1" 404 1326
40.77.167.0 - - [17/Jul/2022:13:06:47 -0500] "GET /portaldeninos/ HTTP/1.1" 200 109662
74.96.90.233 - - [17/Jul/2022:13:06:49 -0500] "GET / HTTP/1.1" 200 319
201.245.192.253 - - [17/Jul/2022:13:06:46 -0500] "POST /kwsrmcab/Wsrmcab  HTTP/1.1" 200 45399
40.77.190.123 - - [17/Jul/2022:13:06:50 -0500] "GET /portaldeninos/wp-content/uploads/useanyfont/uaf.css?ver=1589905315 HTTP/1.1" 200 408
40.77.189.31 - - [17/Jul/2022:13:06:50 -0500] "GET /portaldeninos/wp-content/themes/betheme/style.css?ver=20.9.6 HTTP/1.1" 200 287
40.77.189.128 - - [17/Jul/2022:13:06:50 -0500] "GET /portaldeninos/wp-content/plugins/gallery-videos/CSS/Total-Soft-Gallery-Video-Widget.css?ver=4.9.8 HTTP/1.1" 200 51554
40.77.188.115 - - [17/Jul/2022:13:06:50 -0500] "GET /portaldeninos/wp-content/plugins/gallery-videos/CSS/totalsoft.css?ver=4.9.8 HTTP/1.1" 200 40622
40.77.190.51 - - [17/Jul/2022:13:06:50 -0500] "GET /portaldeninos/wp-content/themes/betheme/css/base.css?ver=20.9.6 HTTP/1.1" 200 57283
40.77.190.146 - - [17/Jul/2022:13:06:50 -0500] "GET /portaldeninos/wp-content/themes/betheme/assets/animations/animations.min.css?ver=20.9.6 HTTP/1.1" 200 58508
40.77.189.191 - - [17/Jul/2022:13:06:50 -0500] "GET /portaldeninos/wp-content/themes/betheme/css/layout.css?ver=20.9.6 HTTP/1.1" 200 116639
40.77.190.123 - - [17/Jul/2022:13:06:50 -0500] "GET /portaldeninos/wp-content/themes/betheme/assets/ui/jquery.ui.all.css?ver=20.9.6 HTTP/1.1" 200 18765
40.77.190.112 - - [17/Jul/2022:13:06:50 -0500] "GET /portaldeninos/wp-content/themes/betheme/css/shortcodes.css?ver=20.9.6 HTTP/1.1" 200 138889
40.77.190.51 - - [17/Jul/2022:13:06:51 -0500] "GET /portaldeninos/wp-content/plugins/popup-maker/assets/css/site.min.css?ver=1.8.14 HTTP/1.1" 200 8260
40.77.189.234 - - [17/Jul/2022:13:06:51 -0500] "GET /portaldeninos/wp-content/themes/betheme/assets/jplayer/css/jplayer.blue.monday.css?ver=20.9.6 HTTP/1.1" 200 9834
40.77.189.128 - - [17/Jul/2022:13:06:51 -0500] "GET /portaldeninos/wp-includes/js/jquery/jquery-migrate.min.js?ver=1.4.1 HTTP/1.1" 200 10056
40.77.188.121 - - [17/Jul/2022:13:06:51 -0500] "GET /portaldeninos/wp-includes/js/jquery/ui/core.min.js?ver=1.11.4 HTTP/1.1" 200 4000
40.77.189.4 - - [17/Jul/2022:13:06:51 -0500] "GET /portaldeninos/wp-content/plugins/gallery-videos/JS/modernizr.custom.js?ver=4.9.8 HTTP/1.1" 200 9019
40.77.190.17 - - [17/Jul/2022:13:06:51 -0500] "GET /portaldeninos/wp-content/themes/betheme/css/responsive.css?ver=20.9.6 HTTP/1.1" 200 55740
40.77.190.112 - - [17/Jul/2022:13:06:51 -0500] "GET /portaldeninos/wp-includes/js/jquery/ui/widget.min.js?ver=1.11.4 HTTP/1.1" 200 6908
40.77.189.191 - - [17/Jul/2022:13:06:52 -0500] "GET /portaldeninos/wp-includes/js/jquery/ui/mouse.min.js?ver=1.11.4 HTTP/1.1" 200 3148
40.77.190.51 - - [17/Jul/2022:13:06:52 -0500] "GET /portaldeninos/wp-includes/js/jquery/ui/tabs.min.js?ver=1.11.4 HTTP/1.1" 200 12110
40.77.188.105 - - [17/Jul/2022:13:06:52 -0500] "GET /portaldeninos/wp-includes/js/jquery/ui/accordion.min.js?ver=1.11.4 HTTP/1.1" 200 8584
40.77.190.17 - - [17/Jul/2022:13:06:52 -0500] "GET /portaldeninos/wp-content/themes/betheme/assets/animations/animations.min.js?ver=20.9.6 HTTP/1.1" 200 1896
40.77.189.57 - - [17/Jul/2022:13:06:52 -0500] "GET /portaldeninos/wp-content/themes/betheme/js/menu.js?ver=20.9.6 HTTP/1.1" 200 2449
40.77.190.146 - - [17/Jul/2022:13:06:52 -0500] "GET /portaldeninos/wp-includes/js/jquery/ui/position.min.js?ver=1.11.4 HTTP/1.1" 200 6527
40.77.189.128 - - [17/Jul/2022:13:06:52 -0500] "GET /portaldeninos/wp-content/themes/betheme/js/scripts.js?ver=20.9.6 HTTP/1.1" 200 77162
40.77.188.105 - - [17/Jul/2022:13:06:52 -0500] "GET /portaldeninos/wp-includes/js/wp-embed.min.js?ver=4.9.8 HTTP/1.1" 200 1398
40.77.189.234 - - [17/Jul/2022:13:06:52 -0500] "GET /portaldeninos/wp-content/plugins/popup-maker/assets/js/site.min.js?defer&ver=1.8.14 HTTP/1.1" 200 48457
40.77.189.176 - - [17/Jul/2022:13:06:52 -0500] "GET /portaldeninos/wp-content/themes/betheme/assets/jplayer/jplayer.min.js?ver=20.9.6 HTTP/1.1" 200 52702
40.77.190.17 - - [17/Jul/2022:13:06:53 -0500] "GET /portaldeninos/wp-includes/js/wp-emoji-release.min.js?ver=4.9.8 HTTP/1.1" 200 12026
40.77.190.63 - - [17/Jul/2022:13:06:52 -0500] "GET /portaldeninos/wp-content/themes/betheme/js/plugins.js?ver=20.9.6 HTTP/1.1" 200 197151
40.77.189.234 - - [17/Jul/2022:13:06:53 -0500] "GET /portaldeninos/wp-content/themes/betheme/fonts/mfn-icons.woff?93978679 HTTP/1.1" 200 80932
185.119.81.106 - - [17/Jul/2022:13:06:54 -0500] "GET /portaldeninos/wp-login.php HTTP/1.1" 200 2592
40.77.188.35 - - [17/Jul/2022:13:06:54 -0500] "GET /portaldeninos/wp-json/pum/v1/analytics/?event=open&pid=1126&_cache=1658081079283 HTTP/1.1" 204 -
185.119.81.106 - - [17/Jul/2022:13:06:55 -0500] "POST /portaldeninos/wp-login.php HTTP/1.1" 200 3605
40.77.189.191 - - [17/Jul/2022:13:06:53 -0500] "GET /portaldeninos/wp-content/uploads/2022/01/Conoce-lo-que-hace-la-Secretar%C3%ADa-de-Ambiente.mp4 HTTP/1.1" 200 6599959
172.22.2.4 - - [17/Jul/2022:13:07:07 -0500] "GET /BLA/boletinlegal/consulta_actos.php?tipo=autos&no=4248&usuario=&sector=&fecha=2017&resuelve= HTTP/1.1" 200 1052
186.30.153.236 - - [17/Jul/2022:13:07:11 -0500] "GET /BLA/resoluciones/AUTOS%202017/4248.pdf HTTP/1.1" 200 373844
40.77.189.57 - - [17/Jul/2022:13:06:53 -0500] "GET /portaldeninos/wp-content/uploads/2019/06/CabezoteAMBIENTIC.mp4 HTTP/1.1" 200 16929709
172.22.2.4 - - [17/Jul/2022:13:06:37 -0500] "GET /BLA/boletinlegal/ HTTP/1.1" 200 32715
157.55.39.186 - - [17/Jul/2022:13:08:04 -0500] "GET / HTTP/1.1" 200 319
173.252.95.4 - - [17/Jul/2022:13:08:27 -0500] "GET /juntos-cuidamos-bogota-mas-de-65-kilogramos-de-residuos-especiales-y-peligrosos-fueron-recolectados-en-engativa.html HTTP/1.1" 206 994
186.84.88.200 - - [17/Jul/2022:13:08:34 -0500] "-" 408 -
216.245.221.92 - - [17/Jul/2022:13:08:53 -0500] "HEAD / HTTP/1.1" 200 -
172.22.2.4 - - [17/Jul/2022:13:07:45 -0500] "HEAD /BLA/boletinlegal/ HTTP/1.1" 200 -
172.22.2.4 - - [17/Jul/2022:13:08:35 -0500] "GET /BLA/boletinlegal/ HTTP/1.1" 200 57272
34.75.202.73 - - [17/Jul/2022:13:11:04 -0500] "GET /galeria/galeria/fotos/2humedal-Burro2P.jpg HTTP/1.1" 200 8996
201.245.192.253 - - [17/Jul/2022:13:11:46 -0500] "POST /kwsrmcab/Wsrmcab  HTTP/1.1" 200 45399
173.252.95.7 - - [17/Jul/2022:13:13:39 -0500] "GET /experiencias-exitosas-en-la-implementacion-de-buenas-practicas-ambientales-en-entidades-del-distrito.html HTTP/1.1" 206 821
173.252.95.12 - - [17/Jul/2022:13:13:39 -0500] "GET /experiencias-exitosas-en-la-implementacion-de-buenas-practicas-ambientales-en-entidades-del-distrito.html HTTP/1.1" 206 821
216.245.221.92 - - [17/Jul/2022:13:13:53 -0500] "HEAD / HTTP/1.1" 200 -
185.119.81.98 - - [17/Jul/2022:13:14:01 -0500] "GET /portaldeninos/wp-login.php HTTP/1.1" 200 2592
185.119.81.98 - - [17/Jul/2022:13:14:02 -0500] "POST /portaldeninos/wp-login.php HTTP/1.1" 200 3670
2.57.122.98 - - [17/Jul/2022:13:14:13 -0500] "GET / HTTP/1.1" 200 319
165.154.60.61 - - [17/Jul/2022:13:14:59 -0500] "GET / HTTP/1.0" 200 319
207.46.13.20 - - [17/Jul/2022:13:15:00 -0500] "GET /BLA/resoluciones/index.php?dir=RESOLUCIONES+2017%2F HTTP/1.1" 200 281046
207.46.13.20 - - [17/Jul/2022:13:15:01 -0500] "GET /BLA/resoluciones/index.php?dir=RESOLUCIONES+2007%2F HTTP/1.1" 200 35450
172.22.2.4 - - [17/Jul/2022:13:13:35 -0500] "HEAD /BLA/boletinlegal/ HTTP/1.1" 200 -
172.22.2.4 - - [17/Jul/2022:13:14:25 -0500] "GET /BLA/boletinlegal/ HTTP/1.1" 200 60992
201.245.192.253 - - [17/Jul/2022:13:16:44 -0500] "POST /kwsrmcab/Wsrmcab  HTTP/1.1" 200 45399
216.245.221.92 - - [17/Jul/2022:13:18:53 -0500] "HEAD / HTTP/1.1" 200 -
192.133.77.14 - - [17/Jul/2022:13:19:35 -0500] "GET /images/cronica-mujer-biodiveridad-30-noviembre.jpg HTTP/1.1" 200 63270
201.245.192.253 - - [17/Jul/2022:13:20:39 -0500] "POST /kwsrmcab/Wsrmcab HTTP/1.1" 200 45465
201.245.192.253 - - [17/Jul/2022:13:20:43 -0500] "POST /kwsrmcab/Wsrmcab HTTP/1.1" 200 42869
172.22.2.4 - - [17/Jul/2022:13:19:25 -0500] "HEAD /BLA/boletinlegal/ HTTP/1.1" 200 -
201.245.192.253 - - [17/Jul/2022:13:21:43 -0500] "POST /kwsrmcab/Wsrmcab  HTTP/1.1" 200 45399
172.22.2.4 - - [17/Jul/2022:13:20:15 -0500] "GET /BLA/boletinlegal/ HTTP/1.1" 200 57699
216.245.221.92 - - [17/Jul/2022:13:23:53 -0500] "HEAD / HTTP/1.1" 200 -
207.241.235.150 - - [17/Jul/2022:13:23:53 -0500] "-" 408 -
185.119.81.107 - - [17/Jul/2022:13:25:33 -0500] "GET /portaldeninos/wp-login.php HTTP/1.1" 200 2592
185.119.81.107 - - [17/Jul/2022:13:25:34 -0500] "POST /portaldeninos/wp-login.php HTTP/1.1" 200 3650
201.245.192.253 - - [17/Jul/2022:13:26:41 -0500] "POST /kwsrmcab/Wsrmcab  HTTP/1.1" 200 45399
172.22.2.4 - - [17/Jul/2022:13:25:15 -0500] "HEAD /BLA/boletinlegal/ HTTP/1.1" 200 -
172.22.2.4 - - [17/Jul/2022:13:26:05 -0500] "GET /BLA/boletinlegal/ HTTP/1.1" 200 58491
216.245.221.92 - - [17/Jul/2022:13:28:53 -0500] "HEAD / HTTP/1.1" 200 -
192.168.181.132 - - [17/Jul/2022:13:29:55 -0500] "GET /BLA/boletinlegal/actos.php HTTP/1.1" 200 9559
201.245.192.253 - - [17/Jul/2022:13:30:39 -0500] "POST /kwsrmcab/Wsrmcab HTTP/1.1" 200 45465
201.245.192.253 - - [17/Jul/2022:13:30:43 -0500] "POST /kwsrmcab/Wsrmcab HTTP/1.1" 200 42869
93.117.20.227 - - [17/Jul/2022:13:31:42 -0500] "GET / HTTP/1.1" 200 319
201.245.192.253 - - [17/Jul/2022:13:31:40 -0500] "POST /kwsrmcab/Wsrmcab  HTTP/1.1" 200 45399
172.22.2.4 - - [17/Jul/2022:13:32:19 -0500] "GET /BLA/boletinlegal/conceptos.php HTTP/1.1" 200 7443
172.22.2.4 - - [17/Jul/2022:13:31:05 -0500] "HEAD /BLA/boletinlegal/ HTTP/1.1" 200 -
207.46.13.20 - - [17/Jul/2022:13:33:04 -0500] "GET /galeria/galeria/fotos/Soratama4P.jpg HTTP/1.1" 200 10482
173.252.111.7 - - [17/Jul/2022:13:33:05 -0500] "GET /images/pieza-mujeres-reverdecen-4-abril.jpg HTTP/1.1" 200 48916
172.22.2.4 - - [17/Jul/2022:13:31:55 -0500] "GET /BLA/boletinlegal/ HTTP/1.1" 200 46746
216.245.221.92 - - [17/Jul/2022:13:33:53 -0500] "HEAD / HTTP/1.1" 200 -
172.22.2.4 - - [17/Jul/2022:13:32:18 -0500] "GET /BLA/boletinlegal/ HTTP/1.1" 200 44443
201.244.142.239 - - [17/Jul/2022:13:35:09 -0500] "GET / HTTP/1.1" 200 4720
201.244.142.239 - - [17/Jul/2022:13:35:09 -0500] "GET /js/url.js HTTP/1.1" 404 1294
201.244.142.239 - - [17/Jul/2022:13:35:09 -0500] "GET /css/bootstrap.min.css HTTP/1.1" 200 178212
201.244.142.239 - - [17/Jul/2022:13:35:09 -0500] "GET /fonts/icomoon/style.css HTTP/1.1" 200 79820
201.244.142.239 - - [17/Jul/2022:13:35:09 -0500] "GET /css/style.css HTTP/1.1" 200 3473
201.244.142.239 - - [17/Jul/2022:13:35:10 -0500] "GET /favicon.ico HTTP/1.1" 404 1294
185.119.81.97 - - [17/Jul/2022:13:36:08 -0500] "GET /portaldeninos/wp-login.php HTTP/1.1" 200 2592
185.119.81.97 - - [17/Jul/2022:13:36:09 -0500] "POST /portaldeninos/wp-login.php HTTP/1.1" 200 3670
201.245.192.253 - - [17/Jul/2022:13:36:39 -0500] "POST /kwsrmcab/Wsrmcab  HTTP/1.1" 200 45399
108.174.5.112 - - [17/Jul/2022:13:37:55 -0500] "GET /mas-de-400-animales-silvestres-fueron-liberados-y-reubicados-en-el-caribe.html HTTP/1.1" 206 730
108.174.5.112 - - [17/Jul/2022:13:37:55 -0500] "GET /que-orgullo-bogota-obtiene-reconocimiento-por-sus-planes-y-acciones-para-enfrentar-el-cambio-climatico.html HTTP/1.1" 206 773
107.19.1.240 - - [17/Jul/2022:13:38:03 -0500] "GET /descubren-nueva-orquidea-en-inmediaciones-del-nevado-del-ruiz.html HTTP/1.1" 200 768
172.22.2.4 - - [17/Jul/2022:13:36:55 -0500] "HEAD /BLA/boletinlegal/ HTTP/1.1" 200 -
216.245.221.92 - - [17/Jul/2022:13:38:53 -0500] "HEAD / HTTP/1.1" 200 -
172.22.2.4 - - [17/Jul/2022:13:37:45 -0500] "GET /BLA/boletinlegal/ HTTP/1.1" 200 60992
186.84.91.50 - - [17/Jul/2022:13:39:54 -0500] "GET /BLA/boletinlegal/js/jquery.scrollShow.js HTTP/1.1" 200 4586
186.84.91.50 - - [17/Jul/2022:13:39:54 -0500] "GET /galeria/galeria/jquery.fancybox.css?v=2.1.5 HTTP/1.1" 200 4895
186.84.91.50 - - [17/Jul/2022:13:39:54 -0500] "GET /galeria/galeria/jquery.fancybox.js?v=2.1.5 HTTP/1.1" 200 48706
173.252.95.18 - - [17/Jul/2022:13:40:28 -0500] "GET /por-segundo-ano-consecutivo-bogota-es-reconocida-como-ciudad-arbolada-del-mundo-por-la-fao.html HTTP/1.1" 206 1084
201.245.192.253 - - [17/Jul/2022:13:40:39 -0500] "POST /kwsrmcab/Wsrmcab HTTP/1.1" 200 45465
201.245.192.253 - - [17/Jul/2022:13:40:43 -0500] "POST /kwsrmcab/Wsrmcab HTTP/1.1" 200 42869
201.245.192.253 - - [17/Jul/2022:13:41:38 -0500] "POST /kwsrmcab/Wsrmcab  HTTP/1.1" 200 45399
216.245.221.92 - - [17/Jul/2022:13:43:53 -0500] "HEAD / HTTP/1.1" 200 -
172.22.2.4 - - [17/Jul/2022:13:42:45 -0500] "HEAD /BLA/boletinlegal/ HTTP/1.1" 200 -
172.22.2.4 - - [17/Jul/2022:13:43:35 -0500] "GET /BLA/boletinlegal/ HTTP/1.1" 200 57699
201.245.192.253 - - [17/Jul/2022:13:46:37 -0500] "POST /kwsrmcab/Wsrmcab  HTTP/1.1" 200 45399
216.245.221.92 - - [17/Jul/2022:13:48:53 -0500] "HEAD / HTTP/1.1" 200 -
172.22.2.4 - - [17/Jul/2022:13:48:35 -0500] "HEAD /BLA/boletinlegal/ HTTP/1.1" 200 -
217.182.171.12 - - [17/Jul/2022:13:50:22 -0500] "HEAD /BLA/resoluciones/AUTOS%202014/5963.pdf HTTP/1.1" 200 -
172.22.2.4 - - [17/Jul/2022:13:49:25 -0500] "GET /BLA/boletinlegal/ HTTP/1.1" 200 58866
201.245.192.253 - - [17/Jul/2022:13:51:36 -0500] "POST /kwsrmcab/Wsrmcab  HTTP/1.1" 200 45399
216.245.221.92 - - [17/Jul/2022:13:53:53 -0500] "HEAD / HTTP/1.1" 200 -
172.22.2.4 - - [17/Jul/2022:13:54:25 -0500] "HEAD /BLA/boletinlegal/ HTTP/1.1" 200 -
201.245.192.253 - - [17/Jul/2022:13:56:35 -0500] "POST /kwsrmcab/Wsrmcab  HTTP/1.1" 200 45399
172.22.2.4 - - [17/Jul/2022:13:55:15 -0500] "GET /BLA/boletinlegal/ HTTP/1.1" 200 58491
141.255.162.201 - - [17/Jul/2022:13:57:53 -0500] "-" 408 -
216.245.221.92 - - [17/Jul/2022:13:58:53 -0500] "HEAD / HTTP/1.1" 200 -
201.245.192.253 - - [17/Jul/2022:14:01:34 -0500] "POST /kwsrmcab/Wsrmcab  HTTP/1.1" 200 45399
172.22.2.4 - - [17/Jul/2022:14:00:15 -0500] "HEAD /BLA/boletinlegal/ HTTP/1.1" 200 -
185.119.81.98 - - [17/Jul/2022:14:02:20 -0500] "GET /portaldeninos/wp-login.php HTTP/1.1" 200 2592
185.119.81.98 - - [17/Jul/2022:14:02:21 -0500] "POST /portaldeninos/wp-login.php HTTP/1.1" 200 3605
172.22.2.4 - - [17/Jul/2022:14:01:05 -0500] "GET /BLA/boletinlegal/ HTTP/1.1" 200 58866
190.26.137.91 - - [17/Jul/2022:14:03:27 -0500] "GET / HTTP/1.1" 200 4720
190.26.137.91 - - [17/Jul/2022:14:03:28 -0500] "GET /js/url.js HTTP/1.1" 404 1294
190.26.137.91 - - [17/Jul/2022:14:03:28 -0500] "GET /favicon.ico HTTP/1.1" 404 1294
216.245.221.92 - - [17/Jul/2022:14:03:53 -0500] "HEAD / HTTP/1.1" 200 -
190.26.137.91 - - [17/Jul/2022:14:04:00 -0500] "POST /procesar.php HTTP/1.1" 200 1000
190.26.137.91 - - [17/Jul/2022:14:04:34 -0500] "GET /chulo-o-gallinazo-un-carronero-que-cumple-un-papel-fundamental-en-los-ecosistemas.html HTTP/1.1" 200 784
190.26.137.91 - - [17/Jul/2022:14:04:34 -0500] "GET /images/chulo-o-gallinazo-optimized.jpg HTTP/1.1" 200 60427
201.245.192.253 - - [17/Jul/2022:14:06:33 -0500] "POST /kwsrmcab/Wsrmcab  HTTP/1.1" 200 45399
172.22.2.4 - - [17/Jul/2022:14:06:05 -0500] "HEAD /BLA/boletinlegal/ HTTP/1.1" 200 -
172.22.2.4 - - [17/Jul/2022:14:06:55 -0500] "GET /BLA/boletinlegal/ HTTP/1.1" 200 60992
216.245.221.92 - - [17/Jul/2022:14:08:54 -0500] "HEAD / HTTP/1.1" 200 -
35.236.215.231 - - [17/Jul/2022:14:10:42 -0500] "GET /unidos-por-un-nuevo-aire-un-ano-de-pacto-del-compromiso-por-bogota.html HTTP/1.1" 200 764
35.236.215.231 - - [17/Jul/2022:14:10:42 -0500] "GET /unidos-por-un-nuevo-aire-un-ano-de-pacto-del-compromiso-por-bogota.html HTTP/1.1" 200 764
201.245.192.253 - - [17/Jul/2022:14:11:32 -0500] "POST /kwsrmcab/Wsrmcab  HTTP/1.1" 200 45399
172.22.2.4 - - [17/Jul/2022:14:11:55 -0500] "HEAD /BLA/boletinlegal/ HTTP/1.1" 200 -
216.245.221.92 - - [17/Jul/2022:14:13:53 -0500] "HEAD / HTTP/1.1" 200 -
172.22.2.4 - - [17/Jul/2022:14:12:45 -0500] "GET /BLA/boletinlegal/ HTTP/1.1" 200 60992
185.119.81.107 - - [17/Jul/2022:14:14:32 -0500] "GET /portaldeninos/wp-login.php HTTP/1.1" 200 2592
185.119.81.107 - - [17/Jul/2022:14:14:33 -0500] "POST /portaldeninos/wp-login.php HTTP/1.1" 200 3605
201.245.192.253 - - [17/Jul/2022:14:16:31 -0500] "POST /kwsrmcab/Wsrmcab  HTTP/1.1" 200 45399
173.252.83.21 - - [17/Jul/2022:14:18:00 -0500] "GET /images/operativos-residuos-peligrosos-25-ABRIL.jpg HTTP/1.1" 200 35345
173.252.95.10 - - [17/Jul/2022:14:18:04 -0500] "GET /campana-para-evitar-que-el-alcantarillado-se-tapone-con-bolas-de-grasa-se-generen-inundaciones-y-se-contamine-el-ambiente.html HTTP/1.1" 206 1220
216.245.221.92 - - [17/Jul/2022:14:18:53 -0500] "HEAD / HTTP/1.1" 200 -
157.55.39.133 - - [17/Jul/2022:14:19:23 -0500] "GET /portaldeninos/aulas-ambientales/aula-ambiental-sorotama/ HTTP/1.1" 200 89797
172.22.2.4 - - [17/Jul/2022:14:17:45 -0500] "HEAD /BLA/boletinlegal/ HTTP/1.1" 200 -
172.22.2.4 - - [17/Jul/2022:14:20:01 -0500] "POST /BLA/boletinlegal/vendor/phpunit/phpunit/src/Util/PHP/eval-stdin.php HTTP/1.1" 404 1018
172.22.2.4 - - [17/Jul/2022:14:18:35 -0500] "GET /BLA/boletinlegal/ HTTP/1.1" 200 60992
201.245.192.253 - - [17/Jul/2022:14:20:39 -0500] "POST /kwsrmcab/Wsrmcab HTTP/1.1" 200 46530
201.245.192.253 - - [17/Jul/2022:14:20:43 -0500] "POST /kwsrmcab/Wsrmcab HTTP/1.1" 200 42875
199.16.157.183 - - [17/Jul/2022:14:20:53 -0500] "GET /chulo-o-gallinazo-un-carronero-que-cumple-un-papel-fundamental-en-los-ecosistemas.html HTTP/1.1" 200 784
199.16.157.183 - - [17/Jul/2022:14:20:53 -0500] "GET /images/chulo-o-gallinazo-optimized.jpg HTTP/1.1" 200 60427
201.245.192.253 - - [17/Jul/2022:14:21:30 -0500] "POST /kwsrmcab/Wsrmcab  HTTP/1.1" 200 45399
34.86.177.154 - - [17/Jul/2022:14:21:33 -0500] "-" 408 -
172.22.2.4 - - [17/Jul/2022:14:23:16 -0500] "GET /BLA/boletinlegal/doctrina.php HTTP/1.1" 200 5604
216.245.221.92 - - [17/Jul/2022:14:23:53 -0500] "HEAD / HTTP/1.1" 200 -
172.22.2.4 - - [17/Jul/2022:14:23:21 -0500] "GET /BLA/boletinlegal/index.php HTTP/1.1" 200 47888
172.22.2.4 - - [17/Jul/2022:14:23:35 -0500] "HEAD /BLA/boletinlegal/ HTTP/1.1" 200 -
172.22.2.4 - - [17/Jul/2022:14:24:25 -0500] "GET /BLA/boletinlegal/ HTTP/1.1" 200 55166
201.245.192.253 - - [17/Jul/2022:14:26:29 -0500] "POST /kwsrmcab/Wsrmcab  HTTP/1.1" 200 45399
45.61.186.139 - - [17/Jul/2022:14:26:49 -0500] "GET /config/getuser?index=0 HTTP/1.1" 404 1018
216.245.221.92 - - [17/Jul/2022:14:28:53 -0500] "HEAD / HTTP/1.1" 200 -
173.252.83.21 - - [17/Jul/2022:14:30:01 -0500] "GET /images/empresas-industrias-forestales-1-junio.jpg HTTP/1.1" 200 44019
173.252.83.21 - - [17/Jul/2022:14:30:02 -0500] "GET /images/energia-eficiencia-26-mayo.jpg HTTP/1.1" 200 46417
173.252.83.8 - - [17/Jul/2022:14:30:03 -0500] "GET /images/facebook-live-ivc-MAYO27.png HTTP/1.1" 200 480404
173.252.83.21 - - [17/Jul/2022:14:30:04 -0500] "GET /images/jardines-verticales-plantas-24-mayo.jpg HTTP/1.1" 200 148288
173.252.83.8 - - [17/Jul/2022:14:30:04 -0500] "GET /images/la-vieja-mayo-24.jpg HTTP/1.1" 200 58217
173.252.83.21 - - [17/Jul/2022:14:30:05 -0500] "GET /images/control-madera-ilegal-24-mayo.jpg HTTP/1.1" 200 48269
173.252.83.8 - - [17/Jul/2022:14:30:05 -0500] "GET /images/bogota-polvo-sahara-23-mayo.jpg HTTP/1.1" 200 35039
173.252.83.21 - - [17/Jul/2022:14:30:05 -0500] "GET /images/Naturalista1.jpeg HTTP/1.1" 200 202073
173.252.83.8 - - [17/Jul/2022:14:30:06 -0500] "GET /images/reciclaton-mayo-3-mayo.jpg HTTP/1.1" 200 278453
173.252.83.118 - - [17/Jul/2022:14:30:06 -0500] "GET /images/actividades-dia-aves-16-mayo.jpg HTTP/1.1" 200 147089
173.252.83.118 - - [17/Jul/2022:14:30:06 -0500] "GET /images/negocios-verdes-mayo-2022.jpg HTTP/1.1" 200 48000
173.252.83.10 - - [17/Jul/2022:14:30:06 -0500] "GET /images/arbolado-bogota-mayo-13.jpg HTTP/1.1" 200 62568
173.252.83.10 - - [17/Jul/2022:14:30:07 -0500] "GET /images/feria-servicios-12-mayo-principal.jpg HTTP/1.1" 200 44744
173.252.83.118 - - [17/Jul/2022:14:30:07 -0500] "GET /images/parque-nal-secretaria.jpg HTTP/1.1" 200 168060
173.252.83.10 - - [17/Jul/2022:14:30:08 -0500] "GET /images/secretaria-rio-bogota-avances-12-mayo.jpg HTTP/1.1" 200 37281
173.252.83.118 - - [17/Jul/2022:14:30:08 -0500] "GET /images/ptar-alcaldesa-rio-bogota-12-mato.jpg HTTP/1.1" 200 40205
173.252.83.118 - - [17/Jul/2022:14:30:08 -0500] "GET /images/dia-rio-bogota-12-mayo.jpg HTTP/1.1" 200 44387
173.252.83.118 - - [17/Jul/2022:14:30:09 -0500] "GET /images/Brasil1.jpeg HTTP/1.1" 200 27965
173.252.83.15 - - [17/Jul/2022:14:30:09 -0500] "GET /images/mercados-campesinos-5-mayo.jpg HTTP/1.1" 200 95848
173.252.83.19 - - [17/Jul/2022:14:30:09 -0500] "GET /images/feria-servicios-5-MAYO.jpg HTTP/1.1" 200 39759
173.252.83.118 - - [17/Jul/2022:14:30:10 -0500] "GET /images/Animales1.jpeg HTTP/1.1" 200 76841
173.252.83.4 - - [17/Jul/2022:14:30:11 -0500] "GET /images/fachada-secretaria-ambiente-abril.jpg HTTP/1.1" 200 148853
173.252.83.120 - - [17/Jul/2022:14:30:14 -0500] "GET /images/feria-servicios-tramites-puente-aranda-21-abril.jpg HTTP/1.1" 200 28255
173.252.83.120 - - [17/Jul/2022:14:30:14 -0500] "GET /images/plantacion-jbb-22-abril.jpg HTTP/1.1" 200 52184
173.252.83.23 - - [17/Jul/2022:14:30:14 -0500] "GET /images/ecosistema-dia-internacional-tierra-21-abril.jpg HTTP/1.1" 200 30098
173.252.83.7 - - [17/Jul/2022:14:30:14 -0500] "GET /images/actividades-dia-tierra-22-abril.jpg HTTP/1.1" 200 77276
173.252.83.120 - - [17/Jul/2022:14:30:15 -0500] "GET /images/Bolsaroja.jpeg HTTP/1.1" 200 63719
173.252.83.120 - - [17/Jul/2022:14:30:15 -0500] "GET /images/bogota-ciudad-pac28-enero.jpg HTTP/1.1" 200 42642
199.16.157.183 - - [17/Jul/2022:14:30:28 -0500] "GET /chulo-o-gallinazo-un-carronero-que-cumple-un-papel-fundamental-en-los-ecosistemas.html HTTP/1.1" 200 784
199.16.157.182 - - [17/Jul/2022:14:30:29 -0500] "GET /images/chulo-o-gallinazo-optimized.jpg HTTP/1.1" 200 60427
135.125.219.40 - - [17/Jul/2022:14:30:39 -0500] "GET /chulo-o-gallinazo-un-carronero-que-cumple-un-papel-fundamental-en-los-ecosistemas.html HTTP/1.1" 200 784
172.22.2.4 - - [17/Jul/2022:14:30:42 -0500] "GET /BLA/boletinlegal/robots.txt HTTP/1.1" 404 1038
201.245.192.253 - - [17/Jul/2022:14:30:39 -0500] "POST /kwsrmcab/Wsrmcab HTTP/1.1" 200 46530
172.22.2.4 - - [17/Jul/2022:14:30:42 -0500] "GET /BLA/boletinlegal/jurisprudencia/analisis/analisis%20C-595-2010.doc HTTP/1.1" 304 -
201.245.192.253 - - [17/Jul/2022:14:30:43 -0500] "POST /kwsrmcab/Wsrmcab HTTP/1.1" 200 42875
185.119.81.98 - - [17/Jul/2022:14:30:47 -0500] "GET /portaldeninos/wp-login.php HTTP/1.1" 200 2592
185.119.81.98 - - [17/Jul/2022:14:30:49 -0500] "POST /portaldeninos/wp-login.php HTTP/1.1" 200 3605
217.211.93.211 - - [17/Jul/2022:14:30:55 -0500] "GET /chulo-o-gallinazo-un-carronero-que-cumple-un-papel-fundamental-en-los-ecosistemas.html HTTP/1.1" 200 784
172.22.2.4 - - [17/Jul/2022:14:29:25 -0500] "HEAD /BLA/boletinlegal/ HTTP/1.1" 200 -
110.93.150.204 - - [17/Jul/2022:14:31:26 -0500] "GET /chulo-o-gallinazo-un-carronero-que-cumple-un-papel-fundamental-en-los-ecosistemas.html HTTP/1.1" 200 784
94.130.167.105 - - [17/Jul/2022:14:31:27 -0500] "GET /chulo-o-gallinazo-un-carronero-que-cumple-un-papel-fundamental-en-los-ecosistemas.html HTTP/1.1" 200 784
201.245.192.253 - - [17/Jul/2022:14:31:28 -0500] "POST /kwsrmcab/Wsrmcab  HTTP/1.1" 200 45399
172.22.2.4 - - [17/Jul/2022:14:30:15 -0500] "GET /BLA/boletinlegal/ HTTP/1.1" 200 58491
173.252.95.113 - - [17/Jul/2022:14:31:56 -0500] "GET /chulo-o-gallinazo-un-carronero-que-cumple-un-papel-fundamental-en-los-ecosistemas.html HTTP/1.1" 206 784
173.252.95.20 - - [17/Jul/2022:14:31:59 -0500] "GET /chulo-o-gallinazo-un-carronero-que-cumple-un-papel-fundamental-en-los-ecosistemas.html HTTP/1.1" 206 784
173.252.95.18 - - [17/Jul/2022:14:31:59 -0500] "GET /chulo-o-gallinazo-un-carronero-que-cumple-un-papel-fundamental-en-los-ecosistemas.html HTTP/1.1" 206 784
173.252.95.24 - - [17/Jul/2022:14:32:00 -0500] "GET /chulo-o-gallinazo-un-carronero-que-cumple-un-papel-fundamental-en-los-ecosistemas.html HTTP/1.1" 206 784
173.252.95.4 - - [17/Jul/2022:14:32:04 -0500] "GET /images/chulo-o-gallinazo-optimized.jpg HTTP/1.1" 200 60427
173.252.95.20 - - [17/Jul/2022:14:32:05 -0500] "GET /images/chulo-o-gallinazo-optimized.jpg HTTP/1.1" 200 60427
136.243.80.152 - - [17/Jul/2022:14:32:14 -0500] "GET /chulo-o-gallinazo-un-carronero-que-cumple-un-papel-fundamental-en-los-ecosistemas.html HTTP/1.1" 206 784
173.252.95.13 - - [17/Jul/2022:14:32:23 -0500] "GET /chulo-o-gallinazo-un-carronero-que-cumple-un-papel-fundamental-en-los-ecosistemas.html?fbclid=IwAR1JxeFlPSV6pemOTPYiV_IXUmrD_2crYKrKaXunqh7H9MqYavEQbsv9BaA HTTP/1.1" 200 784
216.245.221.92 - - [17/Jul/2022:14:33:53 -0500] "HEAD / HTTP/1.1" 200 -
186.154.59.223 - - [17/Jul/2022:14:35:54 -0500] "GET /chulo-o-gallinazo-un-carronero-que-cumple-un-papel-fundamental-en-los-ecosistemas.html HTTP/1.1" 200 784
201.245.192.253 - - [17/Jul/2022:14:36:26 -0500] "POST /kwsrmcab/Wsrmcab  HTTP/1.1" 200 45399
172.22.2.4 - - [17/Jul/2022:14:35:15 -0500] "HEAD /BLA/boletinlegal/ HTTP/1.1" 200 -
185.119.81.108 - - [17/Jul/2022:14:37:26 -0500] "GET /portaldeninos/wp-login.php HTTP/1.1" 200 2592
185.119.81.108 - - [17/Jul/2022:14:37:27 -0500] "POST /portaldeninos/wp-login.php HTTP/1.1" 200 3670
69.171.249.18 - - [17/Jul/2022:14:37:29 -0500] "GET /images/empresas-industrias-forestales-1-junio.jpg HTTP/1.1" 200 44019
69.171.249.18 - - [17/Jul/2022:14:37:31 -0500] "GET /images/energia-eficiencia-26-mayo.jpg HTTP/1.1" 200 46417
69.171.249.20 - - [17/Jul/2022:14:37:31 -0500] "GET /images/facebook-live-ivc-MAYO27.png HTTP/1.1" 200 480404
69.171.249.14 - - [17/Jul/2022:14:37:32 -0500] "GET /images/jardines-verticales-plantas-24-mayo.jpg HTTP/1.1" 200 148288
69.171.249.116 - - [17/Jul/2022:14:37:32 -0500] "GET /images/la-vieja-mayo-24.jpg HTTP/1.1" 200 58217
69.171.249.20 - - [17/Jul/2022:14:37:33 -0500] "GET /images/bogota-polvo-sahara-23-mayo.jpg HTTP/1.1" 200 35039
69.171.249.18 - - [17/Jul/2022:14:37:33 -0500] "GET /images/control-madera-ilegal-24-mayo.jpg HTTP/1.1" 200 48269
69.171.249.24 - - [17/Jul/2022:14:37:34 -0500] "GET /images/Naturalista1.jpeg HTTP/1.1" 200 202073
69.171.249.4 - - [17/Jul/2022:14:37:35 -0500] "GET /images/reciclaton-mayo-3-mayo.jpg HTTP/1.1" 200 278453
69.171.249.17 - - [17/Jul/2022:14:37:36 -0500] "GET /images/negocios-verdes-mayo-2022.jpg HTTP/1.1" 200 48000
69.171.249.4 - - [17/Jul/2022:14:37:36 -0500] "GET /images/actividades-dia-aves-16-mayo.jpg HTTP/1.1" 200 147089
69.171.249.16 - - [17/Jul/2022:14:37:36 -0500] "GET /images/arbolado-bogota-mayo-13.jpg HTTP/1.1" 200 62568
69.171.249.17 - - [17/Jul/2022:14:37:37 -0500] "GET /images/parque-nal-secretaria.jpg HTTP/1.1" 200 168060
69.171.249.118 - - [17/Jul/2022:14:37:37 -0500] "GET /images/feria-servicios-12-mayo-principal.jpg HTTP/1.1" 200 44744
69.171.249.15 - - [17/Jul/2022:14:37:38 -0500] "GET /images/secretaria-rio-bogota-avances-12-mayo.jpg HTTP/1.1" 200 37281
69.171.249.19 - - [17/Jul/2022:14:37:38 -0500] "GET /images/dia-rio-bogota-12-mayo.jpg HTTP/1.1" 200 44387
69.171.249.20 - - [17/Jul/2022:14:37:38 -0500] "GET /images/ptar-alcaldesa-rio-bogota-12-mato.jpg HTTP/1.1" 200 40205
69.171.249.6 - - [17/Jul/2022:14:37:40 -0500] "GET /images/feria-servicios-5-MAYO.jpg HTTP/1.1" 200 39759
69.171.249.17 - - [17/Jul/2022:14:37:40 -0500] "GET /images/Brasil1.jpeg HTTP/1.1" 200 27965
69.171.249.7 - - [17/Jul/2022:14:37:40 -0500] "GET /images/mercados-campesinos-5-mayo.jpg HTTP/1.1" 200 95848
69.171.249.18 - - [17/Jul/2022:14:37:41 -0500] "GET /images/Animales1.jpeg HTTP/1.1" 200 76841
69.171.249.17 - - [17/Jul/2022:14:37:42 -0500] "GET /images/fachada-secretaria-ambiente-abril.jpg HTTP/1.1" 200 148853
69.171.249.17 - - [17/Jul/2022:14:37:43 -0500] "GET /images/operativos-residuos-peligrosos-25-ABRIL.jpg HTTP/1.1" 200 35345
69.171.249.4 - - [17/Jul/2022:14:37:44 -0500] "GET /images/ecosistema-dia-internacional-tierra-21-abril.jpg HTTP/1.1" 200 30098
69.171.249.118 - - [17/Jul/2022:14:37:44 -0500] "GET /images/plantacion-jbb-22-abril.jpg HTTP/1.1" 200 52184
69.171.249.116 - - [17/Jul/2022:14:37:44 -0500] "GET /images/feria-servicios-tramites-puente-aranda-21-abril.jpg HTTP/1.1" 200 28255
69.171.249.6 - - [17/Jul/2022:14:37:44 -0500] "GET /images/actividades-dia-tierra-22-abril.jpg HTTP/1.1" 200 77276
69.171.249.116 - - [17/Jul/2022:14:37:45 -0500] "GET /images/Bolsaroja.jpeg HTTP/1.1" 200 63719
69.171.249.4 - - [17/Jul/2022:14:37:45 -0500] "GET /images/bogota-ciudad-pac28-enero.jpg HTTP/1.1" 200 42642
172.22.2.4 - - [17/Jul/2022:14:36:05 -0500] "GET /BLA/boletinlegal/ HTTP/1.1" 200 58491
181.61.204.68 - - [17/Jul/2022:14:37:52 -0500] "GET /galeria/galeria/jquery.fancybox.css?v=2.1.5 HTTP/1.1" 200 4895
181.61.204.68 - - [17/Jul/2022:14:37:52 -0500] "GET /BLA/boletinlegal/js/jquery.scrollShow.js HTTP/1.1" 200 4586
181.61.204.68 - - [17/Jul/2022:14:37:52 -0500] "GET /galeria/galeria/jquery.fancybox.js?v=2.1.5 HTTP/1.1" 200 48706
65.154.226.220 - - [17/Jul/2022:14:38:25 -0500] "GET /portaldeninos/wp-includes/js/wp-emoji-release.min.js?ver=4.9.8 HTTP/1.1" 200 12026
65.154.226.220 - - [17/Jul/2022:14:38:29 -0500] "GET /portaldeninos/wp-content/plugins/google-analytics-for-wordpress/assets/js/frontend-gtag.min.js?ver=8.5.0 HTTP/1.1" 200 11801
65.154.226.220 - - [17/Jul/2022:14:38:30 -0500] "GET /portaldeninos/wp-includes/js/jquery/jquery.js?ver=1.12.4 HTTP/1.1" 200 97184
65.154.226.220 - - [17/Jul/2022:14:38:31 -0500] "GET /portaldeninos/wp-includes/js/jquery/jquery-migrate.min.js?ver=1.4.1 HTTP/1.1" 200 10056
65.154.226.220 - - [17/Jul/2022:14:38:32 -0500] "GET /portaldeninos/wp-includes/js/jquery/ui/core.min.js?ver=1.11.4 HTTP/1.1" 200 4000
65.154.226.220 - - [17/Jul/2022:14:38:32 -0500] "GET /portaldeninos/wp-content/plugins/gallery-videos/JS/modernizr.custom.js?ver=4.9.8 HTTP/1.1" 200 9019
65.154.226.220 - - [17/Jul/2022:14:38:32 -0500] "GET /portaldeninos/wp-content/plugins/gallery-videos/JS/Total-Soft-Gallery-Video-Widget.js?ver=4.9.8 HTTP/1.1" 200 80264
65.154.226.220 - - [17/Jul/2022:14:38:33 -0500] "GET /portaldeninos/wp-includes/js/jquery/ui/widget.min.js?ver=1.11.4 HTTP/1.1" 200 6908
65.154.226.220 - - [17/Jul/2022:14:38:33 -0500] "GET /portaldeninos/wp-includes/js/jquery/ui/mouse.min.js?ver=1.11.4 HTTP/1.1" 200 3148
65.154.226.220 - - [17/Jul/2022:14:38:33 -0500] "GET /portaldeninos/wp-includes/js/jquery/ui/sortable.min.js?ver=1.11.4 HTTP/1.1" 200 24899
65.154.226.220 - - [17/Jul/2022:14:38:33 -0500] "GET /portaldeninos/wp-includes/js/jquery/ui/tabs.min.js?ver=1.11.4 HTTP/1.1" 200 12110
65.154.226.220 - - [17/Jul/2022:14:38:33 -0500] "GET /portaldeninos/wp-includes/js/jquery/ui/accordion.min.js?ver=1.11.4 HTTP/1.1" 200 8584
65.154.226.220 - - [17/Jul/2022:14:38:34 -0500] "GET /portaldeninos/wp-content/themes/betheme/js/plugins.js?ver=20.9.6 HTTP/1.1" 200 197151
65.154.226.220 - - [17/Jul/2022:14:38:35 -0500] "GET /portaldeninos/wp-content/themes/betheme/js/menu.js?ver=20.9.6 HTTP/1.1" 200 2449
65.154.226.220 - - [17/Jul/2022:14:38:35 -0500] "GET /portaldeninos/wp-content/themes/betheme/assets/animations/animations.min.js?ver=20.9.6 HTTP/1.1" 200 1896
65.154.226.220 - - [17/Jul/2022:14:38:36 -0500] "GET /portaldeninos/wp-content/themes/betheme/assets/jplayer/jplayer.min.js?ver=20.9.6 HTTP/1.1" 200 52702
65.154.226.220 - - [17/Jul/2022:14:38:36 -0500] "GET /portaldeninos/wp-content/themes/betheme/js/scripts.js?ver=20.9.6 HTTP/1.1" 200 77162
65.154.226.220 - - [17/Jul/2022:14:38:37 -0500] "GET /portaldeninos/wp-includes/js/wp-embed.min.js?ver=4.9.8 HTTP/1.1" 200 1398
216.245.221.92 - - [17/Jul/2022:14:38:53 -0500] "HEAD / HTTP/1.1" 200 -
204.199.82.202 - - [17/Jul/2022:14:39:05 -0500] "GET /chulo-o-gallinazo-un-carronero-que-cumple-un-papel-fundamental-en-los-ecosistemas.html HTTP/1.1" 200 784
201.245.192.253 - - [17/Jul/2022:14:39:56 -0500] "GET /sipse/faces/index.xhtml HTTP/1.1" 200 677
201.245.192.253 - - [17/Jul/2022:14:39:56 -0500] "GET /sipse/faces/javax.faces.resource/theme.css?ln=primefaces-sipse HTTP/1.1" 304 -
201.245.192.253 - - [17/Jul/2022:14:39:56 -0500] "GET /sipse/faces/faces/autenticacion.xhtml HTTP/1.1" 200 12179
201.245.192.253 - - [17/Jul/2022:14:39:56 -0500] "GET /sipse/js/disable_browser_buttons.js HTTP/1.1" 304 -
201.245.192.253 - - [17/Jul/2022:14:39:56 -0500] "GET /sipse/js/funciones.js HTTP/1.1" 304 -
201.245.192.253 - - [17/Jul/2022:14:39:56 -0500] "GET /sipse/css/custom_css_sg_prime_login.css HTTP/1.1" 304 -
201.245.192.253 - - [17/Jul/2022:14:39:56 -0500] "GET /sipse/css/custom_css_sg.css HTTP/1.1" 304 -
201.245.192.253 - - [17/Jul/2022:14:39:56 -0500] "GET /sipse/faces/javax.faces.resource/primefaces.css?ln=primefaces&v=4.0 HTTP/1.1" 304 -
201.245.192.253 - - [17/Jul/2022:14:39:56 -0500] "GET /sipse/faces/javax.faces.resource/layout/layout.css?ln=primefaces&v=4.0 HTTP/1.1" 304 -
201.245.192.253 - - [17/Jul/2022:14:39:56 -0500] "GET /sipse/faces/javax.faces.resource/jquery/jquery.js?ln=primefaces&v=4.0 HTTP/1.1" 304 -
201.245.192.253 - - [17/Jul/2022:14:39:56 -0500] "GET /sipse/faces/javax.faces.resource/theme.css?ln=primefaces-sipse HTTP/1.1" 304 -
201.245.192.253 - - [17/Jul/2022:14:39:56 -0500] "GET /sipse/faces/javax.faces.resource/jquery/jquery-plugins.js?ln=primefaces&v=4.0 HTTP/1.1" 304 -
201.245.192.253 - - [17/Jul/2022:14:39:56 -0500] "GET /sipse/faces/javax.faces.resource/primefaces.js?ln=primefaces&v=4.0 HTTP/1.1" 304 -
201.245.192.253 - - [17/Jul/2022:14:39:56 -0500] "GET /sipse/faces/javax.faces.resource/layout/layout.js?ln=primefaces&v=4.0 HTTP/1.1" 304 -
201.245.192.253 - - [17/Jul/2022:14:39:56 -0500] "GET /sipse/css/imagen/loginimg.png HTTP/1.1" 304 -
201.245.192.253 - - [17/Jul/2022:14:39:56 -0500] "GET /sipse/css/imagen/logoSDG.png HTTP/1.1" 304 -
201.245.192.253 - - [17/Jul/2022:14:39:56 -0500] "GET /sipse/faces/javax.faces.resource/images/ui-icons_898989_256x240.png?ln=primefaces-aristo HTTP/1.1" 304 -
201.245.192.253 - - [17/Jul/2022:14:40:03 -0500] "POST /sipse/faces/autenticacion.xhtml HTTP/1.1" 200 11232
201.245.192.253 - - [17/Jul/2022:14:40:03 -0500] "GET /sipse/css/custom_css_sg_prime.css HTTP/1.1" 304 -
201.245.192.253 - - [17/Jul/2022:14:40:03 -0500] "GET /sipse/faces/javax.faces.resource/theme.css?ln=primefaces-sipse HTTP/1.1" 304 -
201.245.192.253 - - [17/Jul/2022:14:40:03 -0500] "GET /sipse/faces/javax.faces.resource/primefaces.css?ln=primefaces&v=4.0 HTTP/1.1" 304 -
201.245.192.253 - - [17/Jul/2022:14:40:03 -0500] "GET /sipse/faces/javax.faces.resource/layout/layout.css?ln=primefaces&v=4.0 HTTP/1.1" 304 -
201.245.192.253 - - [17/Jul/2022:14:40:03 -0500] "GET /sipse/faces/javax.faces.resource/jquery/jquery.js?ln=primefaces&v=4.0 HTTP/1.1" 304 -
201.245.192.253 - - [17/Jul/2022:14:40:03 -0500] "GET /sipse/faces/javax.faces.resource/jquery/jquery-plugins.js?ln=primefaces&v=4.0 HTTP/1.1" 304 -
201.245.192.253 - - [17/Jul/2022:14:40:03 -0500] "GET /sipse/faces/javax.faces.resource/primefaces.js?ln=primefaces&v=4.0 HTTP/1.1" 304 -
201.245.192.253 - - [17/Jul/2022:14:40:03 -0500] "GET /sipse/faces/javax.faces.resource/layout/layout.js?ln=primefaces&v=4.0 HTTP/1.1" 304 -
201.245.192.253 - - [17/Jul/2022:14:40:03 -0500] "GET /sipse/faces/javax.faces.resource/messages/messages.png?ln=primefaces&v=4.0 HTTP/1.1" 304 -
201.245.192.253 - - [17/Jul/2022:14:40:08 -0500] "POST /sipse/faces/presentacion/sistema/seguridad/seleccionRol.xhtml HTTP/1.1" 200 5600
201.245.192.253 - - [17/Jul/2022:14:40:10 -0500] "POST /sipse/faces/presentacion/sistema/seguridad/seleccionRol.xhtml HTTP/1.1" 200 17577
201.245.192.253 - - [17/Jul/2022:14:40:10 -0500] "GET /sipse/faces/javax.faces.resource/primefaces.css?ln=primefaces&v=4.0 HTTP/1.1" 304 -
201.245.192.253 - - [17/Jul/2022:14:40:10 -0500] "GET /sipse/faces/javax.faces.resource/theme.css?ln=primefaces-sipse HTTP/1.1" 304 -
201.245.192.253 - - [17/Jul/2022:14:40:10 -0500] "GET /sipse/faces/javax.faces.resource/layout/layout.css?ln=primefaces&v=4.0 HTTP/1.1" 304 -
201.245.192.253 - - [17/Jul/2022:14:40:10 -0500] "GET /sipse/js/jquery.min.js HTTP/1.1" 304 -
201.245.192.253 - - [17/Jul/2022:14:40:10 -0500] "GET /sipse/faces/javax.faces.resource/jquery/jquery.js?ln=primefaces&v=4.0 HTTP/1.1" 304 -
201.245.192.253 - - [17/Jul/2022:14:40:10 -0500] "GET /sipse/faces/javax.faces.resource/jquery/jquery-plugins.js?ln=primefaces&v=4.0 HTTP/1.1" 304 -
201.245.192.253 - - [17/Jul/2022:14:40:10 -0500] "GET /sipse/faces/javax.faces.resource/primefaces.js?ln=primefaces&v=4.0 HTTP/1.1" 304 -
201.245.192.253 - - [17/Jul/2022:14:40:10 -0500] "GET /sipse/faces/javax.faces.resource/layout/layout.js?ln=primefaces&v=4.0 HTTP/1.1" 304 -
201.245.192.253 - - [17/Jul/2022:14:40:10 -0500] "GET /sipse/imagenes/cargando.gif HTTP/1.1" 304 -
201.245.192.253 - - [17/Jul/2022:14:40:10 -0500] "GET /sipse/imagenes/logoAplicacion.jpg HTTP/1.1" 304 -
201.245.192.253 - - [17/Jul/2022:14:40:10 -0500] "GET /sipse/css/imagen/contrasena.png HTTP/1.1" 404 383
201.245.192.253 - - [17/Jul/2022:14:40:13 -0500] "GET /sipse/faces/javax.faces.resource/images/ui-bg_flat_0_2d5972_40x100.png?ln=primefaces-aristo HTTP/1.1" 304 -
201.245.192.253 - - [17/Jul/2022:14:40:13 -0500] "POST /sipse/faces/bienvenido.xhtml HTTP/1.1" 200 2055
201.245.192.253 - - [17/Jul/2022:14:40:15 -0500] "POST /sipse/faces/bienvenido.xhtml HTTP/1.1" 200 81703
201.245.192.253 - - [17/Jul/2022:14:40:38 -0500] "GET /sipse/faces/javax.faces.resource/theme.css?ln=primefaces-sipse HTTP/1.1" 304 -
201.245.192.253 - - [17/Jul/2022:14:40:38 -0500] "GET /sipse/faces/javax.faces.resource/layout/layout.css?ln=primefaces&v=4.0 HTTP/1.1" 304 -
201.245.192.253 - - [17/Jul/2022:14:40:38 -0500] "GET /sipse/faces/javax.faces.resource/primefaces.css?ln=primefaces&v=4.0 HTTP/1.1" 304 -
201.245.192.253 - - [17/Jul/2022:14:40:38 -0500] "GET /sipse/faces/javax.faces.resource/jquery/jquery.js?ln=primefaces&v=4.0 HTTP/1.1" 304 -
201.245.192.253 - - [17/Jul/2022:14:40:38 -0500] "GET /sipse/faces/javax.faces.resource/jquery/jquery-plugins.js?ln=primefaces&v=4.0 HTTP/1.1" 304 -
201.245.192.253 - - [17/Jul/2022:14:40:38 -0500] "GET /sipse/faces/javax.faces.resource/primefaces.js?ln=primefaces&v=4.0 HTTP/1.1" 304 -
201.245.192.253 - - [17/Jul/2022:14:40:38 -0500] "GET /sipse/faces/javax.faces.resource/layout/layout.js?ln=primefaces&v=4.0 HTTP/1.1" 304 -
201.245.192.253 - - [17/Jul/2022:14:40:39 -0500] "POST /kwsrmcab/Wsrmcab HTTP/1.1" 200 46530
201.245.192.253 - - [17/Jul/2022:14:40:46 -0500] "POST /kwsrmcab/Wsrmcab HTTP/1.1" 200 42875
201.245.192.253 - - [17/Jul/2022:14:40:53 -0500] "POST /sipse/faces/presentacion/proyectos/proyecto/listarProyecto.xhtml HTTP/1.1" 200 163
201.245.192.253 - - [17/Jul/2022:14:40:54 -0500] "GET /sipse/faces/presentacion/proyectos/proyecto/proyecto.xhtml HTTP/1.1" 200 88494
201.245.192.253 - - [17/Jul/2022:14:40:56 -0500] "GET /sipse/faces/javax.faces.resource/theme.css?ln=primefaces-sipse HTTP/1.1" 304 -
201.245.192.253 - - [17/Jul/2022:14:40:56 -0500] "GET /sipse/faces/javax.faces.resource/primefaces.css?ln=primefaces&v=4.0 HTTP/1.1" 304 -
201.245.192.253 - - [17/Jul/2022:14:40:56 -0500] "GET /sipse/faces/javax.faces.resource/layout/layout.css?ln=primefaces&v=4.0 HTTP/1.1" 304 -
