190.29.153.115 - - [17/Jul/2022:11:14:14 -0500] "POST /appsia/controlador HTTP/1.1" 200 5437
190.29.153.115 - - [17/Jul/2022:11:14:16 -0500] "POST /appsia/controlador HTTP/1.1" 200 7789
190.29.153.115 - - [17/Jul/2022:11:14:27 -0500] "POST /appsia/controlador HTTP/1.1" 200 6654
190.29.153.115 - - [17/Jul/2022:11:14:29 -0500] "POST /appsia/controlador HTTP/1.1" 200 10580
201.245.192.253 - - [17/Jul/2022:11:17:08 -0500] "POST /kwsrmcab/Wsrmcab  HTTP/1.1" 200 45399
143.198.189.212 - - [17/Jul/2022:11:17:24 -0500] "GET / HTTP/1.1" 200 319
172.22.2.4 - - [17/Jul/2022:11:16:55 -0500] "HEAD /BLA/boletinlegal/ HTTP/1.1" 200 -
216.245.221.92 - - [17/Jul/2022:11:18:53 -0500] "HEAD / HTTP/1.1" 200 -
172.22.2.4 - - [17/Jul/2022:11:17:46 -0500] "GET /BLA/boletinlegal/ HTTP/1.1" 200 60992
201.245.192.253 - - [17/Jul/2022:11:20:39 -0500] "POST /kwsrmcab/Wsrmcab HTTP/1.1" 200 43763
201.245.192.253 - - [17/Jul/2022:11:20:43 -0500] "POST /kwsrmcab/Wsrmcab HTTP/1.1" 200 42709
201.245.192.253 - - [17/Jul/2022:11:22:06 -0500] "POST /kwsrmcab/Wsrmcab  HTTP/1.1" 200 45399
186.155.98.226 - - [17/Jul/2022:11:22:18 -0500] "GET / HTTP/1.1" 200 4720
186.155.98.226 - - [17/Jul/2022:11:22:18 -0500] "GET /js/url.js HTTP/1.1" 404 1294
186.155.98.226 - - [17/Jul/2022:11:22:18 -0500] "GET /css/style.css HTTP/1.1" 200 3473
186.155.98.226 - - [17/Jul/2022:11:22:18 -0500] "GET /css/bootstrap.min.css HTTP/1.1" 200 178212
186.155.98.226 - - [17/Jul/2022:11:22:18 -0500] "GET /fonts/icomoon/style.css HTTP/1.1" 200 79820
186.155.98.226 - - [17/Jul/2022:11:22:18 -0500] "GET /favicon.ico HTTP/1.1" 404 1294
172.22.2.4 - - [17/Jul/2022:11:22:34 -0500] "GET /BLA/boletinlegal/jurisprudencia/analisis/ANALISIST-672-14.docx HTTP/1.1" 200 22530
216.245.221.92 - - [17/Jul/2022:11:23:53 -0500] "HEAD / HTTP/1.1" 200 -
185.119.81.108 - - [17/Jul/2022:11:23:53 -0500] "GET /portaldeninos/wp-login.php HTTP/1.1" 200 2592
185.119.81.108 - - [17/Jul/2022:11:23:54 -0500] "POST /portaldeninos/wp-login.php HTTP/1.1" 200 3670
172.22.2.4 - - [17/Jul/2022:11:22:45 -0500] "HEAD /BLA/boletinlegal/ HTTP/1.1" 200 -
172.22.2.4 - - [17/Jul/2022:11:23:36 -0500] "GET /BLA/boletinlegal/ HTTP/1.1" 200 58491
186.155.98.226 - - [17/Jul/2022:11:25:21 -0500] "POST /procesar.php HTTP/1.1" 200 919
185.119.81.106 - - [17/Jul/2022:11:26:10 -0500] "GET /portaldeninos/wp-login.php HTTP/1.1" 200 2592
185.119.81.106 - - [17/Jul/2022:11:26:11 -0500] "POST /portaldeninos/wp-login.php HTTP/1.1" 200 3605
185.119.81.107 - - [17/Jul/2022:11:26:39 -0500] "GET /portaldeninos/wp-login.php HTTP/1.1" 200 2592
185.119.81.107 - - [17/Jul/2022:11:26:40 -0500] "POST /portaldeninos/wp-login.php HTTP/1.1" 200 3650
201.245.192.253 - - [17/Jul/2022:11:27:06 -0500] "POST /kwsrmcab/Wsrmcab  HTTP/1.1" 200 45399
186.84.88.200 - - [17/Jul/2022:11:27:30 -0500] "GET /forest/ HTTP/1.1" 200 12041
186.84.88.200 - - [17/Jul/2022:11:27:43 -0500] "POST /forest/index.php HTTP/1.1" 200 12268
216.245.221.92 - - [17/Jul/2022:11:28:53 -0500] "HEAD / HTTP/1.1" 200 -
172.22.2.4 - - [17/Jul/2022:11:29:26 -0500] "GET /BLA/boletinlegal/Circulares/2013/Circular%20No.%201%20del%2014%20de%20enero%20de%202013.pdf HTTP/1.1" 304 -
172.22.2.4 - - [17/Jul/2022:11:28:35 -0500] "HEAD /BLA/boletinlegal/ HTTP/1.1" 200 -
201.245.192.253 - - [17/Jul/2022:11:30:39 -0500] "POST /kwsrmcab/Wsrmcab HTTP/1.1" 200 43763
201.245.192.253 - - [17/Jul/2022:11:30:43 -0500] "POST /kwsrmcab/Wsrmcab HTTP/1.1" 200 42709
172.22.2.4 - - [17/Jul/2022:11:29:26 -0500] "GET /BLA/boletinlegal/ HTTP/1.1" 200 56279
172.22.2.4 - - [17/Jul/2022:11:30:48 -0500] "GET /BLA/boletinlegal/ HTTP/1.1" 200 20427
172.22.2.4 - - [17/Jul/2022:11:30:48 -0500] "GET /BLA/boletinlegal/ HTTP/1.1" 200 32715
201.245.192.253 - - [17/Jul/2022:11:32:04 -0500] "POST /kwsrmcab/Wsrmcab  HTTP/1.1" 200 45399
186.102.51.157 - - [17/Jul/2022:11:32:12 -0500] "GET /kwssiamovil/sm/acme/a?s=U2FsdGVkX1/xdr4cmmhGCyFQ5JddKk5wmcdH7uiFowuzN6mCdhZXw/Ok3M5qaFgRgoXQTCUYNP7TKPotZtEV7BEbXTx1Yc+kZp488CYUO6v7LEeP2SNXJPEYfD0jeMt/nXWK1adug8SNgt3gOtlhvUCpASRiXMBkT72WlF6u8hRgl9d5sGRT01fnOw1BdswPGzo6YIvcm17J1KEaRqfOd2GMBTtVVjSdSCipbJw8dc4mLa+LQNIOoX0QgNPYQriEYziDu3QNxTDZ9eFsJ2jG9g==&u=U2FsdGVkX1/wLvxegjpDGqD9dvac64ySSUSx+OvAMN4=&y=U2FsdGVkX19+xsw5qMylUzspDN5wH7bMY4O9y/ObVC+9jXpeIkPAsGwoqwB874+j HTTP/1.1" 200 25
186.102.51.157 - - [17/Jul/2022:11:32:13 -0500] "GET /kwssiamovil/sm/acme/a?s=U2FsdGVkX1+X/GaJre8xZbIMfmxJd9/4UgIuTmT5yBMuqvLCH4yNG5sxnxnKIBnQNdOWieJNxZDpGLvYvMyNAqIvatlhUWUE6l2YiNbdUFbvisVyHPBX2CFQUmjRE02xpn6Nu9rYNMk7XTWyddOTTFVGS9LH6lsnw2oXdel85D6xDeURyqB/5IJtfQvoN6J8bnpAMvoYfumPqB/ZTjX3DB+xyvOfxjjnTtUi1fUuvaNfnu6uL19fs0ly2t6FWM6ifUPyLJNx2gbEVnEhdR/kRpArlK1rvCXC2gsil++k21O60vUNq0UCBRb2Skpfmxw+uabu8/sZTbwXcHbOXeB83sHEIQSO6w9dyTz0VgqT4T2JObNl/5SZh6U/d+HTcyUJjYOQHeJaofNEFCcekkH9ZTMhBZiIxen8yvBYJoWA4HV/oRfP5m6a327Z9lkMy391a2fhTaIKlHU8ouKkhghhQtW+sf/EwMF1MNiNKQbEVB4BtlFB/21+6YPJ1gLLC/wAp5VLl9Que18oSqg439DuHzoeKB23R2xeeXuioYbeaZ8W1mvwC19/VwcjK78Ozn3D22e9gq4C4UMk+++xUotirq/3YNLl30X8sLxsgtZufxB4BK6Jw9x6k+VMj71Hiw+xEekOMzhkpdoAHTM20SbiV9hlMI1OwNZQa6BsmP6AQR8pry3Bj8v38mQboZuyQ4TaVE4K89BFLwz4fNY0HgnzKWD1/LrEHh8g/WM0RoxVJNpV5FaVBMSd2jOkTt6YbH5Xo7eXYjYD2D4mzRCBQ5wVVgIEZzNDjJorsjtDlJJdFomiAf7tHi2AQ7GeMYfyCddCyFkoyy/PO6TVwAOVL0AipudFM/I/KuturKd9/OgdzkI/aiBlEV+OsPBclYXa4ufEnWMlqHX6MztVjuBcP0ACBx8d/WTfl6+f/vfuEtkRSS/h6CAEBpvGRP32s/nYYA0+cWtd7SP1sa7+q4ip/VTaCOdcv8m4VwVs/STIGGL1JeiyIFkaRqaQnaLx1+u9EJqcneg29v03eYPAQcw6kHqsE19xttpa0FJbr4Im5BQRwrFLXMAl/MSO34fc/KVCAoXpYbQXf20wak3p65QEud0gvOcpvUgTd2lT0ebuy7iXfFCKBQ8+7/o0uUQc8iv8DOGGIVF0fhi59Db5JGoadbssFybcEJBbf3wzMUPqIP185vlomrk4CYbhC5K58kCa6fvgwkaNUWjljav+VUrsS5lzb756U2s2nBkoDq8aBkFNeg80igbWphAech108GBL//qOqXByXwvw0Hl9qER5WzqDsuSbkXzmRrNW9kFXDw6dQtEyMDiTXqPKbkLG3e9xRGL3nCO0qAfeH/v+330wrCZF/Jg4+Wjjd5RSx/lJy3/pxqQCofaHfHPGExBwX/wCJ1i22wCGW7+zp17pox89so0vBhzVYr7wnoAC/NR0Fs5TZWTDJMHno4BMX2vyWjEzWaD8r+2n702xy6h8eX7A46tUYlwSJRRfVBrF48tNObJt6wcMdMHuVFph+8f0HFKcxqKcWIBLds/xTTmlISm3a12tPHocaBHnju0pjTQz5JfHQlFvQEvKKW/tyiKOGF9OzYJV3vXfl5Z+zKVXNxM3IDrjtFle//7nuojzvAc9HPGtw1oSlwhmfZ/M/YE9TUrxyuPrJiWusoHvHCgxARfLK8OPfc1WY2KAfItCMlqDGC2k1Bazu9hPrpQZ3tJR9DXUxJosN5ZqVkxsLSEWx6K/4HPLXDov4CX6gG2Q7l0TgZERDp2vMXr4heeUw62+olzf+vUTLBvlt/a5Xm2gGvTPZj9Gr1K+rHMByevieqU1OIZi6S2D8J/JJkUWP/IsLStarvo/tgx122Qgc0LeaSRGUjThdh1C0HkDDquYXGOdzAKCLeD1YDHIOWBpqNP+fo76DEoaduNKO/66iJYMo+R2DixZdId0w8j43Ewogfsyjik2gYy16WPo511BuvPWra5R2fgjMJbM1Wji2o/n6yEWvGm824JPha20iN/dpk97PepUHiQi7OX43MXdeCcUKXx/jHTOea1Aaq1iDdBOKGtFC6yiWQL3AsZbIMi22M3Jw4ynRDOkP1sSLmVeflf2OHdtiLvUZc7Hx4Jk/h2iT6i+2pBMIQ7vU98wod4bkoeucbIXFVWCK0wmsc4xdG631C2GolknUAuOl6Q0Ohiv8EL0HxqI6qiC2tgWiUSOqyxsQtNcdLVbyrtnn3LaIQZLuXHEGURfBMQK8cFCj4VVyUwm/shJsBk9DmCL9pxhJoFeQog2IV5PE3Rfh5X+2AUUue891OAKsHbXkMdCCya2vn1LBPPqj/HgpYB0gkZwcYqXYKOU50ggxOb5M9ZSWmacvzwDPquTrng/x0K36fe+95M0bWqCs5dQuoQrBudsFwEt04W43MDVreHSd1CdM16EyJUhU3+vUfpNKrDeo2T0Iyh8eXSggs0l2o3y9RqLDARgO1DjDHuusEQf6+ZM85mmiBL29HACBzmFC4yGFyqBtMc2LvYJW2vrr3gUoKxzhDOd0MJLgo4Ks93LaGOfbAlfk+9rCY377q1yZxm5J+qz8ceny7vSWZ0VKrYDTC+QzpM0vorjvysxtzj2YooSpl3k4ivwv5J1YH3+uUcWoIZjrx+5PdlTAh3Beb8jKfw54vtiy9zViRSPUVzV6Fbz0DSrMXBXSbEn4ferSZPe2zen46nb6s1OwKrNng4y5+ObS4lEsPQbuG4Tza0zjexk8w5O+E1lJHkw&u=U2FsdGVkX1/wLvxegjpDGqD9dvac64ySSUSx+OvAMN4=&y=U2FsdGVkX19+xsw5qMylUzspDN5wH7bMY4O9y/ObVC+9jXpeIkPAsGwoqwB874+j HTTP/1.1" 200 25
186.102.51.157 - - [17/Jul/2022:11:32:13 -0500] "GET /kwssiamovil/sm/acme/a?s=U2FsdGVkX1/s7qJPZMmpl+CEG7WIi2cBP1bWcw2SMAGBcPnXhTAuZF270MVfUB7m98XSF7aLJSlyUz4NKCNvtZq6ZX2bdk9b+bK2G1Sf6XmQZjrTbtm2mF8iJejxf3Sy8y+fuaJkMZ+gfGezyO+eyhTFbRURHrpY/i3QmDkMEAc=&u=U2FsdGVkX1/wLvxegjpDGqD9dvac64ySSUSx+OvAMN4=&y=U2FsdGVkX19+xsw5qMylUzspDN5wH7bMY4O9y/ObVC+9jXpeIkPAsGwoqwB874+j HTTP/1.1" 200 25
186.102.51.157 - - [17/Jul/2022:11:32:13 -0500] "GET /kwssiamovil/sm/acme/a?s=U2FsdGVkX1+F+5wXxnwLzR+hyFdGyXIFoZXnVCxa9SooiegSVlG+4fkTGS2f87ZuBxEjipKKP8QwM8gCBYDYWC+FPqoUj4D5b3jCsPTXDFUkhpIsOqSt5AuPHmM1EYc7k74KYUxiYThVU+GUwUj2oe0keL1zrmpV/VwNczt8yf4=&u=U2FsdGVkX1/wLvxegjpDGqD9dvac64ySSUSx+OvAMN4=&y=U2FsdGVkX19+xsw5qMylUzspDN5wH7bMY4O9y/ObVC+9jXpeIkPAsGwoqwB874+j HTTP/1.1" 200 25
186.102.51.157 - - [17/Jul/2022:11:32:14 -0500] "GET /kwssiamovil/sm/acme/a?s=U2FsdGVkX1883Xae/XHQZihhkqZOf+W0H7ZeO0cwNm5WBsD1AYnWx+JO5BKAurKDkKTo30XqF8WprBYfvCFQ6ilLj1LZucskJJH90zCa6+A6tYzRRC21njoSFWjSa9byRkoosnSB7+9llEI/A8MjrN1rhFrtvqAbQt0O6PlPl80=&u=U2FsdGVkX1/wLvxegjpDGqD9dvac64ySSUSx+OvAMN4=&y=U2FsdGVkX19+xsw5qMylUzspDN5wH7bMY4O9y/ObVC+9jXpeIkPAsGwoqwB874+j HTTP/1.1" 200 25
186.102.51.157 - - [17/Jul/2022:11:32:14 -0500] "GET /kwssiamovil/sm/acme/a?s=U2FsdGVkX1+ZLSmJGFLw6MTUWsH/PCUz0qXjFO5pihQ+WcyVhKT0EC007D70kaVdvHSP+JYy23sgBNm8XSRQzJyiUPKKYF+S36Tr44LUXTC7HfvLMFHQ4hOHT0LsjzUFafZMCKF8mJmP2lJYNw+FBLKKzVeUVJqZALONJlXo7bXZ5YuhRcZteQBwPLYR82kT&u=U2FsdGVkX1/wLvxegjpDGqD9dvac64ySSUSx+OvAMN4=&y=U2FsdGVkX19+xsw5qMylUzspDN5wH7bMY4O9y/ObVC+9jXpeIkPAsGwoqwB874+j HTTP/1.1" 200 25
185.196.220.70 - - [17/Jul/2022:11:32:56 -0500] "GET / HTTP/1.1" 200 319
216.245.221.92 - - [17/Jul/2022:11:33:53 -0500] "HEAD / HTTP/1.1" 200 -
172.22.2.4 - - [17/Jul/2022:11:34:25 -0500] "HEAD /BLA/boletinlegal/ HTTP/1.1" 200 -
172.22.2.4 - - [17/Jul/2022:11:35:16 -0500] "GET /BLA/boletinlegal/ HTTP/1.1" 200 58866
201.245.192.253 - - [17/Jul/2022:11:37:03 -0500] "POST /kwsrmcab/Wsrmcab  HTTP/1.1" 200 45399
185.119.81.108 - - [17/Jul/2022:11:38:01 -0500] "GET /portaldeninos/wp-login.php HTTP/1.1" 200 2592
185.119.81.108 - - [17/Jul/2022:11:38:02 -0500] "POST /portaldeninos/wp-login.php HTTP/1.1" 200 3670
172.22.2.4 - - [17/Jul/2022:11:38:50 -0500] "GET /BLA/boletinlegal/actos.php HTTP/1.1" 200 9559
172.22.2.4 - - [17/Jul/2022:11:38:50 -0500] "GET /BLA/boletinlegal/favicon.ico HTTP/1.1" 404 1326
186.155.49.169 - - [17/Jul/2022:11:38:52 -0500] "GET /BLA/resoluciones/ HTTP/1.1" 200 13093
216.245.221.92 - - [17/Jul/2022:11:38:53 -0500] "HEAD / HTTP/1.1" 200 -
186.155.49.169 - - [17/Jul/2022:11:38:57 -0500] "GET /BLA/resoluciones/index.php?dir=AUTOS+2014%2F HTTP/1.1" 200 875367
172.22.2.4 - - [17/Jul/2022:11:38:47 -0500] "GET /BLA/boletinlegal/ HTTP/1.1" 200 62754
201.245.192.253 - - [17/Jul/2022:11:40:40 -0500] "POST /kwsrmcab/Wsrmcab HTTP/1.1" 200 43763
201.245.192.253 - - [17/Jul/2022:11:40:44 -0500] "POST /kwsrmcab/Wsrmcab HTTP/1.1" 200 42709
172.22.2.4 - - [17/Jul/2022:11:40:15 -0500] "HEAD /BLA/boletinlegal/ HTTP/1.1" 200 -
201.245.192.253 - - [17/Jul/2022:11:42:02 -0500] "POST /kwsrmcab/Wsrmcab  HTTP/1.1" 200 45399
172.22.2.4 - - [17/Jul/2022:11:41:06 -0500] "GET /BLA/boletinlegal/ HTTP/1.1" 200 58491
216.245.221.92 - - [17/Jul/2022:11:43:53 -0500] "HEAD / HTTP/1.1" 200 -
207.241.235.150 - - [17/Jul/2022:11:44:05 -0500] "GET /calculadora/ HTTP/1.0" 200 5879
207.241.235.150 - - [17/Jul/2022:11:44:08 -0500] "GET /calculadora/images/icons/favicon.ico HTTP/1.0" 200 32038
207.241.235.150 - - [17/Jul/2022:11:44:10 -0500] "GET /calculadora/vendor/bootstrap/css/bootstrap.min.css HTTP/1.0" 200 124962
207.241.235.150 - - [17/Jul/2022:11:44:13 -0500] "GET /calculadora/fonts/font-awesome-4.7.0/css/font-awesome.min.css HTTP/1.0" 200 31000
207.241.235.150 - - [17/Jul/2022:11:44:15 -0500] "GET /calculadora/fonts/Linearicons-Free-v1.0.0/icon-font.min.css HTTP/1.0" 200 7354
207.241.235.150 - - [17/Jul/2022:11:44:17 -0500] "GET /calculadora/vendor/animate/animate.css HTTP/1.0" 200 23848
207.241.235.150 - - [17/Jul/2022:11:44:19 -0500] "GET /calculadora/vendor/css-hamburgers/hamburgers.min.css HTTP/1.0" 200 19686
207.46.13.20 - - [17/Jul/2022:11:44:21 -0500] "GET /images/BLA.jpg HTTP/1.1" 200 34672
207.241.235.150 - - [17/Jul/2022:11:44:23 -0500] "GET /calculadora/vendor/animsition/css/animsition.min.css HTTP/1.0" 200 27478
207.241.235.150 - - [17/Jul/2022:11:44:26 -0500] "GET /calculadora/vendor/select2/select2.min.css HTTP/1.0" 200 15196
207.241.235.150 - - [17/Jul/2022:11:44:28 -0500] "GET /calculadora/vendor/daterangepicker/daterangepicker.css HTTP/1.0" 200 8163
207.241.235.150 - - [17/Jul/2022:11:44:29 -0500] "GET /calculadora/css/util.css HTTP/1.0" 200 86814
207.241.235.150 - - [17/Jul/2022:11:44:32 -0500] "GET /calculadora/css/main.css HTTP/1.0" 200 9984
207.241.235.150 - - [17/Jul/2022:11:44:37 -0500] "GET /calculadora/ajax_calculadora.js HTTP/1.0" 200 1470
207.241.235.150 - - [17/Jul/2022:11:44:39 -0500] "GET /calculadora/js/main.js HTTP/1.0" 200 1424
207.241.235.150 - - [17/Jul/2022:11:44:41 -0500] "GET /calculadora/images/calculadora-solar1.jpg HTTP/1.0" 200 5293505
207.241.235.150 - - [17/Jul/2022:11:44:46 -0500] "GET /calculadora/fonts/font-awesome-4.7.0/fonts/fontawesome-webfont.eot?v=4.7.0 HTTP/1.0" 200 165742
207.241.235.150 - - [17/Jul/2022:11:44:49 -0500] "GET /calculadora/fonts/font-awesome-4.7.0/fonts/fontawesome-webfont.eot HTTP/1.0" 200 165742
207.241.235.150 - - [17/Jul/2022:11:44:52 -0500] "GET /calculadora/fonts/font-awesome-4.7.0/fonts/fontawesome-webfont.woff2?v=4.7.0 HTTP/1.0" 200 77160
207.241.235.150 - - [17/Jul/2022:11:44:55 -0500] "GET /calculadora/fonts/font-awesome-4.7.0/fonts/fontawesome-webfont.woff?v=4.7.0 HTTP/1.0" 200 98024
207.241.235.150 - - [17/Jul/2022:11:44:59 -0500] "GET /calculadora/fonts/font-awesome-4.7.0/fonts/fontawesome-webfont.ttf?v=4.7.0 HTTP/1.0" 200 165548
207.241.235.150 - - [17/Jul/2022:11:45:03 -0500] "GET /calculadora/fonts/font-awesome-4.7.0/fonts/fontawesome-webfont.svg?v=4.7.0 HTTP/1.0" 200 444379
207.241.235.150 - - [17/Jul/2022:11:45:07 -0500] "GET /calculadora/fonts/poppins/Poppins-Regular.ttf HTTP/1.0" 200 145312
207.241.235.150 - - [17/Jul/2022:11:45:10 -0500] "GET /calculadora/fonts/poppins/Poppins-Medium.ttf HTTP/1.0" 200 143516
207.241.235.150 - - [17/Jul/2022:11:45:12 -0500] "GET /calculadora/fonts/poppins/Poppins-Bold.ttf HTTP/1.0" 200 141260
207.241.235.150 - - [17/Jul/2022:11:45:18 -0500] "GET /calculadora/fonts/poppins/Poppins-SemiBold.ttf HTTP/1.0" 200 142148
207.241.235.150 - - [17/Jul/2022:11:45:23 -0500] "GET /calculadora/fonts/montserrat/Montserrat-Bold.ttf HTTP/1.0" 200 261588
172.22.2.4 - - [17/Jul/2022:11:45:08 -0500] "GET /BLA/boletinlegal/ HTTP/1.1" 200 36811
172.22.2.4 - - [17/Jul/2022:11:46:40 -0500] "GET /BLA/boletinlegal/jurisprudencia/analisis/analisis%20C-595-2010.doc HTTP/1.1" 304 -
201.245.192.253 - - [17/Jul/2022:11:47:01 -0500] "POST /kwsrmcab/Wsrmcab  HTTP/1.1" 200 45399
162.142.125.220 - - [17/Jul/2022:11:47:17 -0500] "GET / HTTP/1.1" 200 319
162.142.125.220 - - [17/Jul/2022:11:47:17 -0500] "GET / HTTP/1.1" 200 319
162.142.125.220 - - [17/Jul/2022:11:47:17 -0500] "PRI * HTTP/2.0" 400 946
157.55.39.114 - - [17/Jul/2022:11:47:25 -0500] "GET /Publicaciones/2022EE136881.pdf HTTP/1.1" 404 228
172.22.2.4 - - [17/Jul/2022:11:46:05 -0500] "HEAD /BLA/boletinlegal/ HTTP/1.1" 200 -
172.22.2.4 - - [17/Jul/2022:11:46:56 -0500] "GET /BLA/boletinlegal/ HTTP/1.1" 200 58491
40.77.167.66 - - [17/Jul/2022:11:48:44 -0500] "GET /BLA/resoluciones/AUTOS%202020/1543.pdf HTTP/1.1" 200 369606
216.245.221.92 - - [17/Jul/2022:11:48:53 -0500] "HEAD / HTTP/1.1" 200 -
186.102.51.157 - - [17/Jul/2022:11:48:57 -0500] "GET /kwssiamovil/sm/acme/a?s=U2FsdGVkX19nIJLr98BzmgGFTIBpnk24j7SLlIsUSTYLLGv0DNHfHWBcdoNz2G9vPRGFQ7TRAz/lzJy3EE7sMq9J2H0CK7FQdItXlMj0Mc0/POQcg/lVeSQ2viGbzG7TJwGx8Lu1VbJa/W41TaB0HT/WL/uGEVg298dclowozKNJXYNYxQXpmYVF1E0G4qhpqu8Qto1G6jmQrVir2RYWarF0ddclQqmKqr/20L3AWNihTU9bg/RANW0qHIlJdQ/H+S89yleLNQ+u9wc1LG4Cdw==&u=U2FsdGVkX1/wLvxegjpDGqD9dvac64ySSUSx+OvAMN4=&y=U2FsdGVkX19+xsw5qMylUzspDN5wH7bMY4O9y/ObVC+9jXpeIkPAsGwoqwB874+j HTTP/1.1" 200 25
186.102.51.157 - - [17/Jul/2022:11:48:57 -0500] "GET /kwssiamovil/sm/acme/a?s=U2FsdGVkX1/G5K0U3y5WuzemKlqUqX88xUGhqQsOWfPnuQ+spbGRNOp1vwhbsKE2Y6cS2uD71rWjFa6FfEQ6vhotXxhlcNKol3/1mCIkCKjGhQeXAVe09rGOdrPODORxo1EdaPqVH2a4E+F5P2A4pbzpZTAjWe4WPaeQrqH/X0hOcF7AVNZz5g0hVW6HYqEhaE2wNDlEnOHcy8wQVB+3hdNZXTdn1OTIGBSklUXnWN4NkDhJYUvLKh7zsNUphqoJLYnAXX58iwAlEOmODSdXoRgqZw2zp0uYDuJqZf/bSE4/MbfQ6u8VzuQfA4qx+ihyGj5rR9abkAzUXN3ZHslGkVyeo3QbzSyB0VbXZ5e69qirZ+QqGhBRpWMOg0ElrtnRps4LfW+Qu2T8iX9QISD8/wdEySulN2qZJRBchirlHpNemu8FE4G7xWk9H7RkA6fvl41owVYW6JN9uyj50NOFiDJZO73482ZLHVEDsLrKS/FYA89VA5E+6npvAiEuktTCaFy9Z7Ppuox+1Mf/B0SgMKZe38ZDXswGrE2RYN5zehHemKTeqWr8Sfzh5qmgaka/F56eQdQE1wk8SQvPJFWdvzwHlK6xgjDZ4s38ZcuUogblkUSJ0NMlqPbBCR76TrXohFLWSoTIgxROC1mJwlQJcqbTVI3pymlXWUJuCOwsvCyIU3OxaHBgMEIXj6DJJeIqkIyLbBS4qJEA1dbrWleOkf+OBT9C5DZOGkzFqubO/XpD2nQQGCyARrfiMEs1FI2pZ1UMYdLsj/V63D2Q+f2dNhBZALCfxBPEFMl1JzAAZ5fAtiR2HwQAdLlBiP75qp4U1rHwxE8zmHvCIH5ghQu71TPuDpGFSuF506pipPmzcdDACfH0UzrV8dFRWE2RK9gfRJ7S3J/tmMmda0F5i5rWpFHPo1IMwwCItoiJloIl4oP5yCHXCEroFl10X8yNeW9ULTYA5M48o7tGtc0i0X+JjR97WdHsX+i9R+aLkgIcpMKP/gFVADb8ejoVPRqMHmw71XwMqpeiJnHTSRAIKQEPYVtoW1eDwS9v6Q53fh9hNUCefOPwX43LkBHdbxY9vgAg8j+IXnB0ooN1HcWA280gtK72rdYi44XwtFfD90/4YVv6OPzVERU+j3pcpKBzY7yCadWRQh0KfBjwoDqViw5Egy3O7N/LVY5HtT8Y5uUUSkNHghij396CAHSGNvXDLm0TN5EjBlJLO06s9y5mkkHIJXqacoOqyVckXkEnEfeoPDKh353ZAwoC4VhRN5wut6GFWr6lL+AHKW6+AaICdd8bUKwkCAjQPMiTxFORTkZE/mXJ+KwhD4bYMvyeYcdZTq44jUrQnQxlLdZcJtO/bSHWgWvw2go1kFH31dxPFs9vZrhrV/6NmR5tKO+46NRPZT7LBZ9q+5BIEH9R0MtZWq0Ga3j9h7WdUNGCPooRclxj3LurdgBwF2nI39hsn11AgE9FO2gaupGHqoEYixJefcopW7rKF4bibjMRrXnvTGWxgcCr8RDJn9gmGmoCwRWTiazZ32Hj8FXkfn+t+iUZuIownfHKaDO7obAZJKHLCKJ9kzvegk4eynhMU5SFNOgTaiIK8tLo660N35bx2Or0rvMfXCFW1aMVitinri4W3ZfJONbzZVQHmyAVfE2//P+ELzbyQ6vYs9S2gHun5e6VCOcUb/m++0rcjvAPzTtAI6QHrfKuaMhzNeSMJjFCW42gPaVDKjM2QJWcafbIB7/9mE1PpMuHvFks+JBK9TDNtLdSS3O03HvUMNLx4hnRpDSfnt6x0lyaYMX6PuTWQd9Is9u25Z+FnoiIMWp6j0gi6+G7AV4ZRmm4jer2WefwKslJf5OEpau9GQps4Gn1fkZzJpJR8W/+CMn/dUMjKnK/gM3YdNfXgg+zWvalQ459zWwHWdLaQmdqAU+sdi6fJtEq/RNRhkpTvynmx9fLjaPV/o6QW1l2IVgrBQm7FePRVnRcoW1/HZxu7LKk9DW+D71Pz7B4wT4O3yk626ClkRKZTaC+99tM5iCnWDr9ri7ORBc1izrb8w5SrARBbPFUZq4htCI2d0G6tbNgIaIFD+/P+JXfa6yJk24fVtKwTiIqjITV8grGLAWDv5C/NaBD+GgaNeAPjE3WzNiUYUzAALnlakna2Q3iTTkDXnUkq7duvB7AD9PKN8zZd1ih5frUnwJI6Had+KNj1AB91ZE+4AcJxIemdPCW+gdHE7t6Q6HDnlaemNxPyCxZ0+OqC2IFtcFUqiCLidNzn6knUr/IgZ9p8xv9D/Atg2X0bLxa25LyjIi77e4JuvyvZhsV0axBwDtj331JxtJXPwCLLHJ+gKmNcrZkFgRz+H5bW2P9/9+l6t2nMZ7lPUbe5fx44Q8snXpayXrr6o5pykTJGVeT8gS1HVRu8I2LQGoYhYlgsZh4Zbq/e3iF5forfB/N8y4hC8pxAwfTPA4CunlrGzQ9EkEYTdD4fM4rYA1hkorC4ObM7k9elpDuPp4jr5uyyndyI0NIdFRxINOXURVE5BYr3WpO9wdzzr5iCXo2fr9WNXG06QIltzt2RvCq2Yfl5C2ocOgOWaWeQ8ItaCq13mGYglJj6giTS17vUCiBgbFXuFvGH8mfwOxOxfrLzXDim3nxxJPN0HiSF8YJuGmwqK+Mbt3X7VFQNTA/RPOUJQlHEpysm65AQhxtVaatIT+DNdKSBT0sSSkHABh1a9mpkYZOE6cfJR0e8ZKnQWG5JQLRH1QIXu08bPaTbHBj1SqOIZXEGbqFUUMMHKb30vlsmIRE8JukypOh9Ty1ftXuxPukZDcCgRleE+X357mOmSHdbCXwcEztbBKCxfT/okzL9bJnMNfujxTKj7Y=&u=U2FsdGVkX1/wLvxegjpDGqD9dvac64ySSUSx+OvAMN4=&y=U2FsdGVkX19+xsw5qMylUzspDN5wH7bMY4O9y/ObVC+9jXpeIkPAsGwoqwB874+j HTTP/1.1" 200 25
186.102.51.157 - - [17/Jul/2022:11:48:57 -0500] "GET /kwssiamovil/sm/acme/a?s=U2FsdGVkX18M04DqdAYhQJbjBESIRWjbyTF5NWbBzP3mQZloEUQo8hVgB3T3o4gGZiZ7DFompW/o3uZ6hXq+LxWVSyyNg3kuPVwZsMnwubSLzjKaaxZT+zrc+NN5hZrTV/LAaQHk1UjGBkxsuvYtNcn+s4pmNqKfQtwlaWFkS4A=&u=U2FsdGVkX1/wLvxegjpDGqD9dvac64ySSUSx+OvAMN4=&y=U2FsdGVkX19+xsw5qMylUzspDN5wH7bMY4O9y/ObVC+9jXpeIkPAsGwoqwB874+j HTTP/1.1" 200 25
186.102.51.157 - - [17/Jul/2022:11:48:58 -0500] "GET /kwssiamovil/sm/acme/a?s=U2FsdGVkX1/AC1x8U77gr+0QpECAnVPxVTYnQhnSbtMaiU5RJQ2CQ+Cv+XhxzJ/thKkb7+jPUS6mTm/eGyMUv+GUWnk3GLkKjWjW63oEXDlqXnPI024w6DAHHM4Rmws1QKBDZSOzf0ZefaZ7boTOFj8/BJsPcti7jKc8OJxukJU=&u=U2FsdGVkX1/wLvxegjpDGqD9dvac64ySSUSx+OvAMN4=&y=U2FsdGVkX19+xsw5qMylUzspDN5wH7bMY4O9y/ObVC+9jXpeIkPAsGwoqwB874+j HTTP/1.1" 200 25
186.102.51.157 - - [17/Jul/2022:11:48:58 -0500] "GET /kwssiamovil/sm/acme/a?s=U2FsdGVkX1/8Td4qcYwwqqrclPc5aghK/kIadDRqemCRWKuopkqd9xEnebRG0s/1dKZkjMNAGteO1Xq6depQdRM/51MrFSQlKaXCU6qFi1qnHZ+RA5AuUKbHDQLB1XUpTyycQfYVBxHc9EF9wP78cR/yAOgSbsdux+Ikm7Z8A1g=&u=U2FsdGVkX1/wLvxegjpDGqD9dvac64ySSUSx+OvAMN4=&y=U2FsdGVkX19+xsw5qMylUzspDN5wH7bMY4O9y/ObVC+9jXpeIkPAsGwoqwB874+j HTTP/1.1" 200 25
186.102.51.157 - - [17/Jul/2022:11:48:58 -0500] "GET /kwssiamovil/sm/acme/a?s=U2FsdGVkX1+30OAtr4P4VbMJAL3O7mKMb7ZdwSP0MMK+HCWQbWHlfJEMJP8MgAOU8EOSCluEXOXgnY8Fk9+H1ZVUm6gZfbn3L62emh8Xito8FRVHxVJLA7adPZEw3eN6o2bY6GwtZM/W3RO37Poh+sR9huZtGdnVfQHjhjgiFSXynSpHFCukT7UAktdtFdOc&u=U2FsdGVkX1/wLvxegjpDGqD9dvac64ySSUSx+OvAMN4=&y=U2FsdGVkX19+xsw5qMylUzspDN5wH7bMY4O9y/ObVC+9jXpeIkPAsGwoqwB874+j HTTP/1.1" 200 25
172.22.2.4 - - [17/Jul/2022:11:49:42 -0500] "GET /BLA/boletinlegal/actos.php HTTP/1.1" 200 9559
186.155.209.11 - - [17/Jul/2022:11:49:44 -0500] "GET /BLA/resoluciones/ HTTP/1.1" 200 13093
172.22.2.4 - - [17/Jul/2022:11:49:47 -0500] "GET /BLA/boletinlegal/actos.php HTTP/1.1" 200 9559
172.22.2.4 - - [17/Jul/2022:11:49:47 -0500] "GET /BLA/boletinlegal/styles2.css HTTP/1.1" 200 1838
172.22.2.4 - - [17/Jul/2022:11:49:47 -0500] "GET /BLA/boletinlegal/js/ajax_actos.js HTTP/1.1" 200 1322
172.22.2.4 - - [17/Jul/2022:11:49:47 -0500] "GET /BLA/boletinlegal/niceforms-default.css HTTP/1.1" 200 6694
172.22.2.4 - - [17/Jul/2022:11:49:47 -0500] "GET /BLA/boletinlegal/style.css HTTP/1.1" 200 9406
172.22.2.4 - - [17/Jul/2022:11:49:47 -0500] "GET /BLA/boletinlegal/niceforms.js HTTP/1.1" 200 22876
172.22.2.4 - - [17/Jul/2022:11:49:47 -0500] "GET /BLA/boletinlegal/js/lib.js HTTP/1.1" 200 6474
172.22.2.4 - - [17/Jul/2022:11:49:47 -0500] "GET /BLA/boletinlegal/js/popup.js HTTP/1.1" 200 1270
172.22.2.4 - - [17/Jul/2022:11:49:47 -0500] "GET /BLA/boletinlegal/js/jquery1.js HTTP/1.1" 200 29846
172.22.2.4 - - [17/Jul/2022:11:49:47 -0500] "GET /BLA/boletinlegal/images/cabezote%20BLEGAL.jpg HTTP/1.1" 200 118164
172.22.2.4 - - [17/Jul/2022:11:49:47 -0500] "GET /BLA/boletinlegal/images/subscribe-icon-big.png HTTP/1.1" 200 47702
172.22.2.4 - - [17/Jul/2022:11:49:47 -0500] "GET /BLA/boletinlegal/images/historia.png HTTP/1.1" 200 52775
172.22.2.4 - - [17/Jul/2022:11:49:47 -0500] "GET /BLA/boletinlegal/images/registro-usuarios.png HTTP/1.1" 200 8106
172.22.2.4 - - [17/Jul/2022:11:49:47 -0500] "GET /BLA/boletinlegal/images/green-yellow-blue-pink-th.png HTTP/1.1" 200 7394
172.22.2.4 - - [17/Jul/2022:11:49:47 -0500] "GET /BLA/boletinlegal/images/abajo.png HTTP/1.1" 200 96676
172.22.2.4 - - [17/Jul/2022:11:49:47 -0500] "GET /BLA/boletinlegal/images/footer_bg.jpg HTTP/1.1" 200 586
172.22.2.4 - - [17/Jul/2022:11:49:47 -0500] "GET /BLA/boletinlegal/images/menu_rght.gif HTTP/1.1" 200 1627
172.22.2.4 - - [17/Jul/2022:11:49:47 -0500] "GET /BLA/boletinlegal/images/menu_lft.gif HTTP/1.1" 200 1713
172.22.2.4 - - [17/Jul/2022:11:49:47 -0500] "GET /BLA/boletinlegal/images/bg_top.jpg HTTP/1.1" 200 522
172.22.2.4 - - [17/Jul/2022:11:49:47 -0500] "GET /BLA/boletinlegal/images/menu_bg.jpg HTTP/1.1" 200 620
172.22.2.4 - - [17/Jul/2022:11:49:47 -0500] "GET /BLA/boletinlegal/images/text.jpg HTTP/1.1" 200 568
172.22.2.4 - - [17/Jul/2022:11:49:48 -0500] "GET /BLA/boletinlegal/images/body_bg.jpg HTTP/1.1" 200 1601
172.22.2.4 - - [17/Jul/2022:11:49:48 -0500] "GET /BLA/boletinlegal/images/hover.jpg HTTP/1.1" 200 640
172.22.2.4 - - [17/Jul/2022:11:49:48 -0500] "GET /BLA/boletinlegal/images/tel.png HTTP/1.1" 200 14477
172.22.2.4 - - [17/Jul/2022:11:49:48 -0500] "GET /BLA/boletinlegal/images/icono-email.png HTTP/1.1" 200 5544
172.22.2.4 - - [17/Jul/2022:11:49:48 -0500] "GET /BLA/boletinlegal/images/footer_bg_l.jpg HTTP/1.1" 200 776
172.22.2.4 - - [17/Jul/2022:11:49:49 -0500] "GET /BLA/boletinlegal/img/0.png HTTP/1.1" 200 110
172.22.2.4 - - [17/Jul/2022:11:49:49 -0500] "GET /BLA/boletinlegal/img/select-left.png HTTP/1.1" 200 263
172.22.2.4 - - [17/Jul/2022:11:49:49 -0500] "GET /BLA/boletinlegal/img/select-right.png HTTP/1.1" 200 44019
172.22.2.4 - - [17/Jul/2022:11:49:49 -0500] "GET /BLA/boletinlegal/img/button-left.png HTTP/1.1" 200 57071
172.22.2.4 - - [17/Jul/2022:11:49:49 -0500] "GET /BLA/boletinlegal/favicon.ico HTTP/1.1" 404 1326
172.22.2.4 - - [17/Jul/2022:11:49:49 -0500] "GET /BLA/boletinlegal/img/button.png HTTP/1.1" 200 43241
172.22.2.4 - - [17/Jul/2022:11:49:49 -0500] "GET /BLA/boletinlegal/img/button-right.png HTTP/1.1" 200 57878
186.155.209.11 - - [17/Jul/2022:11:49:54 -0500] "GET /BLA/resoluciones/index.php?dir=RESOLUCIONES+2013%2F HTTP/1.1" 200 237428
173.252.95.119 - - [17/Jul/2022:11:49:57 -0500] "GET /images/empresas-industrias-forestales-1-junio.jpg HTTP/1.1" 200 44019
173.252.95.119 - - [17/Jul/2022:11:49:58 -0500] "GET /images/energia-eficiencia-26-mayo.jpg HTTP/1.1" 200 46417
173.252.95.17 - - [17/Jul/2022:11:49:59 -0500] "GET /images/facebook-live-ivc-MAYO27.png HTTP/1.1" 200 480404
173.252.95.8 - - [17/Jul/2022:11:50:00 -0500] "GET /images/la-vieja-mayo-24.jpg HTTP/1.1" 200 58217
173.252.95.11 - - [17/Jul/2022:11:50:00 -0500] "GET /images/jardines-verticales-plantas-24-mayo.jpg HTTP/1.1" 200 148288
69.63.184.118 - - [17/Jul/2022:11:50:00 -0500] "GET /images/visita-suspension-humedal-techo-24-mayo.jpg HTTP/1.1" 200 57365
173.252.95.17 - - [17/Jul/2022:11:50:01 -0500] "GET /images/control-madera-ilegal-24-mayo.jpg HTTP/1.1" 200 48269
173.252.95.119 - - [17/Jul/2022:11:50:01 -0500] "GET /images/bogota-polvo-sahara-23-mayo.jpg HTTP/1.1" 200 35039
173.252.95.17 - - [17/Jul/2022:11:50:02 -0500] "GET /images/Naturalista1.jpeg HTTP/1.1" 200 202073
173.252.95.17 - - [17/Jul/2022:11:50:02 -0500] "GET /images/arbolado-bogota-mayo-13.jpg HTTP/1.1" 200 62568
173.252.95.119 - - [17/Jul/2022:11:50:02 -0500] "GET /images/negocios-verdes-mayo-2022.jpg HTTP/1.1" 200 48000
173.252.95.8 - - [17/Jul/2022:11:50:02 -0500] "GET /images/actividades-dia-aves-16-mayo.jpg HTTP/1.1" 200 147089
173.252.95.119 - - [17/Jul/2022:11:50:03 -0500] "GET /images/parque-nal-secretaria.jpg HTTP/1.1" 200 168060
173.252.95.8 - - [17/Jul/2022:11:50:03 -0500] "GET /images/feria-servicios-12-mayo-principal.jpg HTTP/1.1" 200 44744
173.252.95.17 - - [17/Jul/2022:11:50:03 -0500] "GET /images/dia-rio-bogota-12-mayo.jpg HTTP/1.1" 200 44387
173.252.95.119 - - [17/Jul/2022:11:50:03 -0500] "GET /images/secretaria-rio-bogota-avances-12-mayo.jpg HTTP/1.1" 200 37281
173.252.95.8 - - [17/Jul/2022:11:50:03 -0500] "GET /images/ptar-alcaldesa-rio-bogota-12-mato.jpg HTTP/1.1" 200 40205
173.252.95.1 - - [17/Jul/2022:11:50:05 -0500] "GET /images/mercados-campesinos-5-mayo.jpg HTTP/1.1" 200 95848
173.252.95.2 - - [17/Jul/2022:11:50:05 -0500] "GET /images/feria-servicios-5-MAYO.jpg HTTP/1.1" 200 39759
173.252.95.3 - - [17/Jul/2022:11:50:06 -0500] "GET /images/Animales1.jpeg HTTP/1.1" 200 76841
173.252.95.8 - - [17/Jul/2022:11:50:07 -0500] "GET /images/fachada-secretaria-ambiente-abril.jpg HTTP/1.1" 200 148853
173.252.95.11 - - [17/Jul/2022:11:50:08 -0500] "GET /images/operativos-residuos-peligrosos-25-ABRIL.jpg HTTP/1.1" 200 35345
173.252.95.11 - - [17/Jul/2022:11:50:09 -0500] "GET /images/actividades-dia-tierra-22-abril.jpg HTTP/1.1" 200 77276
173.252.95.4 - - [17/Jul/2022:11:50:09 -0500] "GET /images/plantacion-jbb-22-abril.jpg HTTP/1.1" 200 52184
173.252.95.20 - - [17/Jul/2022:11:50:09 -0500] "GET /images/ecosistema-dia-internacional-tierra-21-abril.jpg HTTP/1.1" 200 30098
173.252.95.11 - - [17/Jul/2022:11:50:09 -0500] "GET /images/feria-servicios-tramites-puente-aranda-21-abril.jpg HTTP/1.1" 200 28255
173.252.95.11 - - [17/Jul/2022:11:50:10 -0500] "GET /images/bogota-ciudad-pac28-enero.jpg HTTP/1.1" 200 42642
173.252.95.11 - - [17/Jul/2022:11:50:10 -0500] "GET /images/Bolsaroja.jpeg HTTP/1.1" 200 63719
172.22.2.4 - - [17/Jul/2022:11:50:23 -0500] "GET /BLA/boletinlegal/consulta_actos.php?tipo=resoluciones&no=0461&usuario=&sector=&fecha=2007&resuelve= HTTP/1.1" 200 626
172.22.2.4 - - [17/Jul/2022:11:50:33 -0500] "GET /BLA/boletinlegal/consulta_actos.php?tipo=resoluciones&no=0461&usuario=&sector=RESIDUOS&fecha=2007&resuelve= HTTP/1.1" 200 626
172.22.2.4 - - [17/Jul/2022:11:50:35 -0500] "GET /BLA/boletinlegal/actas/463597.pdf HTTP/1.1" 200 250044
172.22.2.4 - - [17/Jul/2022:11:50:35 -0500] "GET /BLA/boletinlegal/favicon.ico HTTP/1.1" 404 1340
172.22.2.4 - - [17/Jul/2022:11:50:36 -0500] "GET /BLA/boletinlegal/consulta_actos.php?tipo=resoluciones&no=0461&usuario=&sector=RESIDUOS&fecha=2007&resuelve= HTTP/1.1" 200 626
172.22.2.4 - - [17/Jul/2022:11:50:36 -0500] "GET /BLA/boletinlegal/consulta_actos.php?tipo=resoluciones&no=0461&usuario=&sector=RESIDUOS&fecha=2007&resuelve= HTTP/1.1" 200 626
172.22.2.4 - - [17/Jul/2022:11:50:36 -0500] "GET /BLA/boletinlegal/consulta_actos.php?tipo=resoluciones&no=0461&usuario=&sector=RESIDUOS&fecha=2007&resuelve= HTTP/1.1" 200 626
186.145.249.241 - - [17/Jul/2022:11:50:39 -0500] "GET /BLA/resoluciones/ HTTP/1.1" 200 13093
186.145.249.241 - - [17/Jul/2022:11:50:40 -0500] "GET /BLA/resoluciones/dlf/styles.css HTTP/1.1" 200 3049
186.145.249.241 - - [17/Jul/2022:11:50:40 -0500] "GET /BLA/resoluciones/dlf/folder.png HTTP/1.1" 200 410
186.145.249.241 - - [17/Jul/2022:11:50:40 -0500] "GET /BLA/resoluciones/dlf/bg.gif HTTP/1.1" 200 54
186.145.249.241 - - [17/Jul/2022:11:50:40 -0500] "GET /favicon.ico HTTP/1.1" 200 7782
186.145.249.241 - - [17/Jul/2022:11:50:46 -0500] "GET /BLA/resoluciones/index.php?dir=RESOLUCIONES+2007%2F HTTP/1.1" 200 35450
186.145.249.241 - - [17/Jul/2022:11:50:46 -0500] "GET /BLA/resoluciones/dlf/dirup.png HTTP/1.1" 200 644
186.145.249.241 - - [17/Jul/2022:11:50:46 -0500] "GET /BLA/resoluciones/dlf/pdf.gif HTTP/1.1" 200 272
186.145.249.241 - - [17/Jul/2022:11:50:58 -0500] "GET /BLA/resoluciones/index.php?dir=RESOLUCIONES+2007%2FRES+2007+401+AL+500%2F HTTP/1.1" 200 26642
186.145.249.241 - - [17/Jul/2022:11:51:05 -0500] "GET /BLA/resoluciones/RESOLUCIONES%202007/RES%202007%20401%20AL%20500/RESOLUCION%200461%20DE%202007.pdf HTTP/1.1" 200 2735937
172.22.2.4 - - [17/Jul/2022:11:49:39 -0500] "GET /BLA/boletinlegal/ HTTP/1.1" 200 63618
186.145.249.241 - - [17/Jul/2022:11:51:54 -0500] "GET /BLA/resoluciones/ HTTP/1.1" 200 13093
186.145.249.241 - - [17/Jul/2022:11:51:58 -0500] "GET /BLA/resoluciones/index.php?dir=RESOLUCIONES+2000%2F HTTP/1.1" 200 27659
186.145.249.241 - - [17/Jul/2022:11:51:58 -0500] "GET /BLA/resoluciones/dlf/unknown.png HTTP/1.1" 200 266
201.245.192.253 - - [17/Jul/2022:11:51:58 -0500] "POST /kwsrmcab/Wsrmcab  HTTP/1.1" 200 45399
186.145.249.241 - - [17/Jul/2022:11:52:25 -0500] "GET /BLA/resoluciones/RESOLUCIONES%202000/2000%201300-1349.tif HTTP/1.1" 200 5095471
172.22.2.4 - - [17/Jul/2022:11:52:56 -0500] "GET /BLA/boletinlegal/style.css HTTP/1.1" 200 9406
172.22.2.4 - - [17/Jul/2022:11:52:56 -0500] "GET /BLA/boletinlegal/styles2.css HTTP/1.1" 200 1838
172.22.2.4 - - [17/Jul/2022:11:52:56 -0500] "GET /BLA/boletinlegal/js/jquery.js HTTP/1.1" 200 57254
172.22.2.4 - - [17/Jul/2022:11:52:56 -0500] "GET /BLA/boletinlegal/js/jquery.scrollTo-min.js HTTP/1.1" 200 1150
172.22.2.4 - - [17/Jul/2022:11:52:56 -0500] "GET /BLA/boletinlegal/js/jquery.scrollShow.js HTTP/1.1" 200 4586
172.22.2.4 - - [17/Jul/2022:11:52:56 -0500] "GET /BLA/boletinlegal/images/cabezote%20BLEGAL.jpg HTTP/1.1" 200 118164
172.22.2.4 - - [17/Jul/2022:11:52:56 -0500] "GET /BLA/boletinlegal/images/subscribe-icon-big.png HTTP/1.1" 200 47702
172.22.2.4 - - [17/Jul/2022:11:52:56 -0500] "GET /BLA/boletinlegal/images/historia.png HTTP/1.1" 200 52775
172.22.2.4 - - [17/Jul/2022:11:52:56 -0500] "GET /BLA/boletinlegal/images/registro-usuarios.png HTTP/1.1" 200 8106
172.22.2.4 - - [17/Jul/2022:11:52:56 -0500] "GET /BLA/boletinlegal/images/launch.jpg HTTP/1.1" 200 14577
172.22.2.4 - - [17/Jul/2022:11:52:56 -0500] "GET /BLA/boletinlegal/images/screen_1.png HTTP/1.1" 200 202547
172.22.2.4 - - [17/Jul/2022:11:52:56 -0500] "GET /BLA/boletinlegal/images/arr_l.jpg HTTP/1.1" 200 1979
172.22.2.4 - - [17/Jul/2022:11:52:56 -0500] "GET /BLA/boletinlegal/images/body_bg.jpg HTTP/1.1" 200 1601
172.22.2.4 - - [17/Jul/2022:11:52:56 -0500] "GET /BLA/boletinlegal/images/menu_lft.gif HTTP/1.1" 200 1713
172.22.2.4 - - [17/Jul/2022:11:52:56 -0500] "GET /BLA/boletinlegal/images/menu_rght.gif HTTP/1.1" 200 1627
172.22.2.4 - - [17/Jul/2022:11:52:56 -0500] "GET /BLA/boletinlegal/images/bg_top.jpg HTTP/1.1" 200 522
172.22.2.4 - - [17/Jul/2022:11:52:56 -0500] "GET /BLA/boletinlegal/images/menu_bg.jpg HTTP/1.1" 200 620
172.22.2.4 - - [17/Jul/2022:11:52:56 -0500] "GET /BLA/boletinlegal/images/hover.jpg HTTP/1.1" 200 640
172.22.2.4 - - [17/Jul/2022:11:52:56 -0500] "GET /BLA/boletinlegal/images/text.jpg HTTP/1.1" 200 568
207.46.13.20 - - [17/Jul/2022:11:53:04 -0500] "GET /BLA/boletinlegal/Circulares/2018/CIRCULAR%20COJUNTA%20042%20DE%202018.pdf HTTP/1.1" 200 515008
172.22.2.4 - - [17/Jul/2022:11:53:05 -0500] "GET /BLA/boletinlegal/images/screen_5.png HTTP/1.1" 200 368876
172.22.2.4 - - [17/Jul/2022:11:53:05 -0500] "GET /BLA/boletinlegal/images/screen_2.png HTTP/1.1" 200 362502
172.22.2.4 - - [17/Jul/2022:11:53:05 -0500] "GET /BLA/boletinlegal/images/arr_r.jpg HTTP/1.1" 200 1998
172.22.2.4 - - [17/Jul/2022:11:53:05 -0500] "GET /BLA/boletinlegal/images/screen_3.png HTTP/1.1" 200 210620
172.22.2.4 - - [17/Jul/2022:11:53:05 -0500] "GET /BLA/boletinlegal/images/footer_bg.jpg HTTP/1.1" 200 586
172.22.2.4 - - [17/Jul/2022:11:53:16 -0500] "GET /BLA/boletinlegal/images/pdf.gif HTTP/1.1" 200 567
172.22.2.4 - - [17/Jul/2022:11:53:21 -0500] "GET /BLA/boletinlegal/actas/374122.pdf HTTP/1.1" 200 181942
172.22.2.4 - - [17/Jul/2022:11:51:55 -0500] "HEAD /BLA/boletinlegal/ HTTP/1.1" 200 -
216.245.221.92 - - [17/Jul/2022:11:53:53 -0500] "HEAD / HTTP/1.1" 200 -
186.145.249.241 - - [17/Jul/2022:11:54:14 -0500] "GET /BLA/resoluciones/ HTTP/1.1" 200 13093
172.22.2.4 - - [17/Jul/2022:11:54:24 -0500] "GET /BLA/boletinlegal/actos.php HTTP/1.1" 200 9559
172.22.2.4 - - [17/Jul/2022:11:54:25 -0500] "GET /BLA/boletinlegal/js/ajax_actos.js HTTP/1.1" 200 1322
172.22.2.4 - - [17/Jul/2022:11:54:25 -0500] "GET /BLA/boletinlegal/niceforms-default.css HTTP/1.1" 200 6694
172.22.2.4 - - [17/Jul/2022:11:54:25 -0500] "GET /BLA/boletinlegal/niceforms.js HTTP/1.1" 200 22876
172.22.2.4 - - [17/Jul/2022:11:54:25 -0500] "GET /BLA/boletinlegal/js/lib.js HTTP/1.1" 200 6474
172.22.2.4 - - [17/Jul/2022:11:54:25 -0500] "GET /BLA/boletinlegal/js/popup.js HTTP/1.1" 200 1270
172.22.2.4 - - [17/Jul/2022:11:54:25 -0500] "GET /BLA/boletinlegal/js/jquery1.js HTTP/1.1" 200 29846
172.22.2.4 - - [17/Jul/2022:11:54:25 -0500] "GET /BLA/boletinlegal/images/green-yellow-blue-pink-th.png HTTP/1.1" 200 7394
172.22.2.4 - - [17/Jul/2022:11:54:25 -0500] "GET /BLA/boletinlegal/images/abajo.png HTTP/1.1" 200 96676
172.22.2.4 - - [17/Jul/2022:11:54:25 -0500] "GET /BLA/boletinlegal/images/tel.png HTTP/1.1" 200 14477
172.22.2.4 - - [17/Jul/2022:11:54:25 -0500] "GET /BLA/boletinlegal/images/icono-email.png HTTP/1.1" 200 5544
172.22.2.4 - - [17/Jul/2022:11:54:25 -0500] "GET /BLA/boletinlegal/images/footer_bg_l.jpg HTTP/1.1" 200 776
172.22.2.4 - - [17/Jul/2022:11:54:25 -0500] "GET /BLA/boletinlegal/img/0.png HTTP/1.1" 200 110
172.22.2.4 - - [17/Jul/2022:11:54:25 -0500] "GET /BLA/boletinlegal/img/select-left.png HTTP/1.1" 200 263
172.22.2.4 - - [17/Jul/2022:11:54:25 -0500] "GET /BLA/boletinlegal/img/select-right.png HTTP/1.1" 200 44019
172.22.2.4 - - [17/Jul/2022:11:54:25 -0500] "GET /BLA/boletinlegal/img/button-left.png HTTP/1.1" 200 57071
172.22.2.4 - - [17/Jul/2022:11:54:25 -0500] "GET /BLA/boletinlegal/img/button.png HTTP/1.1" 200 43241
172.22.2.4 - - [17/Jul/2022:11:54:25 -0500] "GET /BLA/boletinlegal/img/button-right.png HTTP/1.1" 200 57878
172.22.2.4 - - [17/Jul/2022:11:52:46 -0500] "GET /BLA/boletinlegal/ HTTP/1.1" 200 52029
186.145.249.241 - - [17/Jul/2022:11:54:28 -0500] "GET /BLA/resoluciones/index.php?dir=RESOLUCIONES+2006%2F HTTP/1.1" 200 38542
186.145.249.241 - - [17/Jul/2022:11:54:32 -0500] "GET /BLA/resoluciones/index.php?dir=RESOLUCIONES+2006%2FRES+2006+351-400%2F HTTP/1.1" 200 12234
172.22.2.4 - - [17/Jul/2022:11:54:33 -0500] "GET /BLA/boletinlegal/doctrina.php HTTP/1.1" 200 5604
172.22.2.4 - - [17/Jul/2022:11:54:33 -0500] "GET /BLA/boletinlegal/js/ajax_doctrina.js HTTP/1.1" 200 772
172.22.2.4 - - [17/Jul/2022:11:54:33 -0500] "GET /BLA/boletinlegal/images/sub_ul_li.gif HTTP/1.1" 200 343
172.22.2.4 - - [17/Jul/2022:11:52:56 -0500] "GET /BLA/boletinlegal/ HTTP/1.1" 200 52826
186.145.249.241 - - [17/Jul/2022:11:54:36 -0500] "GET /BLA/resoluciones/RESOLUCIONES%202006/RES%202006%20351-400/00000367.tif HTTP/1.1" 200 487018
172.22.2.4 - - [17/Jul/2022:11:54:39 -0500] "GET /BLA/boletinlegal/consulta_doctrina.php?grupo=2 HTTP/1.1" 200 5554
172.22.2.4 - - [17/Jul/2022:11:54:39 -0500] "GET /BLA/boletinlegal/images/blurry.jpg HTTP/1.1" 200 27450
172.22.2.4 - - [17/Jul/2022:11:54:39 -0500] "GET /BLA/boletinlegal/images/back.png HTTP/1.1" 200 43992
172.22.2.4 - - [17/Jul/2022:11:54:21 -0500] "GET /BLA/boletinlegal/ HTTP/1.1" 200 24523
172.22.2.4 - - [17/Jul/2022:11:55:03 -0500] "GET /BLA/boletinlegal/consulta_doctrina.php?grupo=1 HTTP/1.1" 200 5915
186.80.52.14 - - [17/Jul/2022:11:55:08 -0500] "POST /sipse/faces/presentacion/financiero/solicitudProceso/listarSolicitudProceso.xhtml HTTP/1.1" 302 -
186.80.52.14 - - [17/Jul/2022:11:55:08 -0500] "GET /sipse/faces/autenticacion.xhtml HTTP/1.1" 200 1099
172.22.2.4 - - [17/Jul/2022:11:55:30 -0500] "GET /BLA/boletinlegal/consulta_doctrina.php?grupo=3 HTTP/1.1" 200 1229
172.22.2.4 - - [17/Jul/2022:11:55:38 -0500] "GET /BLA/boletinlegal/conceptos.php HTTP/1.1" 200 7443
172.22.2.4 - - [17/Jul/2022:11:55:38 -0500] "GET /BLA/boletinlegal/js/ajax_conceptos.js HTTP/1.1" 200 1326
201.245.192.253 - - [17/Jul/2022:11:56:58 -0500] "POST /kwsrmcab/Wsrmcab  HTTP/1.1" 200 45399
172.22.2.4 - - [17/Jul/2022:11:55:56 -0500] "GET /BLA/boletinlegal/index.php HTTP/1.1" 200 63618
216.245.221.92 - - [17/Jul/2022:11:58:53 -0500] "HEAD / HTTP/1.1" 200 -
172.22.2.4 - - [17/Jul/2022:11:57:45 -0500] "HEAD /BLA/boletinlegal/ HTTP/1.1" 200 -
172.22.2.4 - - [17/Jul/2022:11:59:26 -0500] "GET /BLA/boletinlegal/ab2g HTTP/1.1" 404 1018
172.22.2.4 - - [17/Jul/2022:11:59:27 -0500] "GET /BLA/boletinlegal/ab2h HTTP/1.1" 404 1018
172.22.2.4 - - [17/Jul/2022:11:58:35 -0500] "GET /BLA/boletinlegal/ HTTP/1.1" 200 54767
172.22.2.4 - - [17/Jul/2022:11:59:35 -0500] "GET /BLA/boletinlegal/ HTTP/1.1" 200 24523
185.119.81.98 - - [17/Jul/2022:12:00:43 -0500] "GET /portaldeninos/wp-login.php HTTP/1.1" 200 2592
185.119.81.98 - - [17/Jul/2022:12:00:44 -0500] "POST /portaldeninos/wp-login.php HTTP/1.1" 200 3605
201.245.192.253 - - [17/Jul/2022:12:01:58 -0500] "POST /kwsrmcab/Wsrmcab  HTTP/1.1" 200 45399
216.245.221.92 - - [17/Jul/2022:12:03:53 -0500] "HEAD / HTTP/1.1" 200 -
172.22.2.4 - - [17/Jul/2022:12:03:35 -0500] "HEAD /BLA/boletinlegal/ HTTP/1.1" 200 -
64.124.8.36 - - [17/Jul/2022:12:05:57 -0500] "-" 408 -
172.22.2.4 - - [17/Jul/2022:12:04:25 -0500] "GET /BLA/boletinlegal/ HTTP/1.1" 200 60992
201.245.192.253 - - [17/Jul/2022:12:06:57 -0500] "POST /kwsrmcab/Wsrmcab  HTTP/1.1" 200 45399
199.16.157.181 - - [17/Jul/2022:12:07:55 -0500] "GET /quieres-saber-como-ahorrar-energia-en-tu-empresa-secretaria-de-ambiente-lanza-guia-que-te-ayudara.html HTTP/1.1" 200 998
199.16.157.182 - - [17/Jul/2022:12:07:55 -0500] "GET /images/eficiencia-energetica-11-marzo.jpg HTTP/1.1" 200 46478
216.245.221.92 - - [17/Jul/2022:12:08:53 -0500] "HEAD / HTTP/1.1" 200 -
45.61.186.139 - - [17/Jul/2022:12:09:21 -0500] "GET /config/getuser?index=0 HTTP/1.1" 404 1018
181.53.12.19 - - [17/Jul/2022:12:11:01 -0500] "GET /BLA/resoluciones/RESOLUCIONES%202021/5262.pdf HTTP/1.1" 200 370932
181.53.12.19 - - [17/Jul/2022:12:11:01 -0500] "GET /favicon.ico HTTP/1.1" 200 7782
172.22.2.4 - - [17/Jul/2022:12:09:25 -0500] "HEAD /BLA/boletinlegal/ HTTP/1.1" 200 -
172.22.2.4 - - [17/Jul/2022:12:10:16 -0500] "GET /BLA/boletinlegal/ HTTP/1.1" 200 60992
201.245.192.253 - - [17/Jul/2022:12:11:56 -0500] "POST /kwsrmcab/Wsrmcab  HTTP/1.1" 200 45399
172.22.2.4 - - [17/Jul/2022:12:12:11 -0500] "GET /BLA/boletinlegal/actos.php HTTP/1.1" 200 9559
172.22.2.4 - - [17/Jul/2022:12:12:11 -0500] "GET /BLA/boletinlegal/favicon.ico HTTP/1.1" 404 1326
181.58.38.83 - - [17/Jul/2022:12:12:14 -0500] "GET /BLA/resoluciones/ HTTP/1.1" 200 13093
172.22.2.4 - - [17/Jul/2022:12:12:15 -0500] "GET /BLA/boletinlegal/images/screen_2.png HTTP/1.1" 200 362502
172.22.2.4 - - [17/Jul/2022:12:12:15 -0500] "GET /BLA/boletinlegal/images/screen_5.png HTTP/1.1" 200 368876
181.58.38.83 - - [17/Jul/2022:12:12:18 -0500] "GET /BLA/resoluciones/index.php?dir=RESOLUCIONES+2018%2F HTTP/1.1" 200 268546
181.58.38.83 - - [17/Jul/2022:12:12:32 -0500] "GET /BLA/resoluciones/RESOLUCIONES%202018/3764.pdf HTTP/1.1" 200 356774
172.22.2.4 - - [17/Jul/2022:12:12:08 -0500] "GET /BLA/boletinlegal/ HTTP/1.1" 200 63618
216.245.221.92 - - [17/Jul/2022:12:13:53 -0500] "HEAD / HTTP/1.1" 200 -
198.235.24.23 - - [17/Jul/2022:12:15:39 -0500] "GET / HTTP/1.1" 200 319
172.22.2.4 - - [17/Jul/2022:12:15:15 -0500] "HEAD /BLA/boletinlegal/ HTTP/1.1" 200 -
201.245.192.253 - - [17/Jul/2022:12:16:55 -0500] "POST /kwsrmcab/Wsrmcab  HTTP/1.1" 200 45399
207.46.13.214 - - [17/Jul/2022:12:17:19 -0500] "GET /forest/ HTTP/1.1" 200 12041
172.22.2.4 - - [17/Jul/2022:12:16:05 -0500] "GET /BLA/boletinlegal/ HTTP/1.1" 200 60410
216.245.221.92 - - [17/Jul/2022:12:18:53 -0500] "HEAD / HTTP/1.1" 200 -
201.245.192.253 - - [17/Jul/2022:12:20:39 -0500] "POST /kwsrmcab/Wsrmcab HTTP/1.1" 200 44984
201.245.192.253 - - [17/Jul/2022:12:20:43 -0500] "POST /kwsrmcab/Wsrmcab HTTP/1.1" 200 42719
201.245.192.253 - - [17/Jul/2022:12:21:54 -0500] "POST /kwsrmcab/Wsrmcab  HTTP/1.1" 200 45399
172.22.2.4 - - [17/Jul/2022:12:21:05 -0500] "HEAD /BLA/boletinlegal/ HTTP/1.1" 200 -
172.22.2.4 - - [17/Jul/2022:12:21:55 -0500] "GET /BLA/boletinlegal/ HTTP/1.1" 200 50730
186.155.98.226 - - [17/Jul/2022:12:23:46 -0500] "GET / HTTP/1.1" 200 4720
186.155.98.226 - - [17/Jul/2022:12:23:46 -0500] "GET /js/url.js HTTP/1.1" 404 1294
216.245.221.92 - - [17/Jul/2022:12:23:53 -0500] "HEAD / HTTP/1.1" 200 -
34.141.132.115 - - [17/Jul/2022:12:25:52 -0500] "GET / HTTP/1.1" 200 319
186.155.98.226 - - [17/Jul/2022:12:25:58 -0500] "POST /procesar.php HTTP/1.1" 200 919
201.245.192.253 - - [17/Jul/2022:12:26:52 -0500] "POST /kwsrmcab/Wsrmcab  HTTP/1.1" 200 45399
172.22.2.4 - - [17/Jul/2022:12:26:55 -0500] "HEAD /BLA/boletinlegal/ HTTP/1.1" 200 -
216.245.221.92 - - [17/Jul/2022:12:28:53 -0500] "HEAD / HTTP/1.1" 200 -
172.22.2.4 - - [17/Jul/2022:12:27:45 -0500] "GET /BLA/boletinlegal/ HTTP/1.1" 200 58491
201.245.192.253 - - [17/Jul/2022:12:30:40 -0500] "POST /kwsrmcab/Wsrmcab HTTP/1.1" 200 44984
201.245.192.253 - - [17/Jul/2022:12:30:44 -0500] "POST /kwsrmcab/Wsrmcab HTTP/1.1" 200 42719
201.245.192.253 - - [17/Jul/2022:12:31:51 -0500] "POST /kwsrmcab/Wsrmcab  HTTP/1.1" 200 45399
172.22.2.4 - - [17/Jul/2022:12:31:01 -0500] "GET /BLA/boletinlegal/ HTTP/1.1" 200 63618
216.245.221.92 - - [17/Jul/2022:12:33:53 -0500] "HEAD / HTTP/1.1" 200 -
172.22.2.4 - - [17/Jul/2022:12:32:45 -0500] "HEAD /BLA/boletinlegal/ HTTP/1.1" 200 -
172.22.2.4 - - [17/Jul/2022:12:33:35 -0500] "GET /BLA/boletinlegal/ HTTP/1.1" 200 60992
172.22.2.4 - - [17/Jul/2022:12:35:45 -0500] "GET /BLA/boletinlegal/style.css HTTP/1.1" 200 9406
172.22.2.4 - - [17/Jul/2022:12:35:45 -0500] "GET /BLA/boletinlegal/js/jquery.js HTTP/1.1" 200 57254
172.22.2.4 - - [17/Jul/2022:12:35:45 -0500] "GET /BLA/boletinlegal/styles2.css HTTP/1.1" 200 1838
172.22.2.4 - - [17/Jul/2022:12:35:45 -0500] "GET /BLA/boletinlegal/js/jquery.scrollShow.js HTTP/1.1" 200 4586
172.22.2.4 - - [17/Jul/2022:12:35:45 -0500] "GET /BLA/boletinlegal/js/jquery.scrollTo-min.js HTTP/1.1" 200 1150
172.22.2.4 - - [17/Jul/2022:12:35:45 -0500] "GET /BLA/boletinlegal/images/cabezote%20BLEGAL.jpg HTTP/1.1" 200 118164
172.22.2.4 - - [17/Jul/2022:12:35:45 -0500] "GET /BLA/boletinlegal/images/subscribe-icon-big.png HTTP/1.1" 200 47702
172.22.2.4 - - [17/Jul/2022:12:35:45 -0500] "GET /BLA/boletinlegal/images/registro-usuarios.png HTTP/1.1" 200 8106
172.22.2.4 - - [17/Jul/2022:12:35:45 -0500] "GET /BLA/boletinlegal/images/historia.png HTTP/1.1" 200 52775
172.22.2.4 - - [17/Jul/2022:12:35:45 -0500] "GET /BLA/boletinlegal/images/arr_l.jpg HTTP/1.1" 200 1979
172.22.2.4 - - [17/Jul/2022:12:35:45 -0500] "GET /BLA/boletinlegal/images/screen_1.png HTTP/1.1" 200 202547
172.22.2.4 - - [17/Jul/2022:12:35:45 -0500] "GET /BLA/boletinlegal/images/launch.jpg HTTP/1.1" 200 14577
172.22.2.4 - - [17/Jul/2022:12:35:52 -0500] "GET /BLA/boletinlegal/images/screen_2.png HTTP/1.1" 200 362502
172.22.2.4 - - [17/Jul/2022:12:35:52 -0500] "GET /BLA/boletinlegal/images/screen_3.png HTTP/1.1" 200 210620
172.22.2.4 - - [17/Jul/2022:12:35:52 -0500] "GET /BLA/boletinlegal/images/screen_5.png HTTP/1.1" 200 368876
172.22.2.4 - - [17/Jul/2022:12:35:52 -0500] "GET /BLA/boletinlegal/images/arr_r.jpg HTTP/1.1" 200 1998
172.22.2.4 - - [17/Jul/2022:12:35:52 -0500] "GET /BLA/boletinlegal/images/body_bg.jpg HTTP/1.1" 200 1601
172.22.2.4 - - [17/Jul/2022:12:35:52 -0500] "GET /BLA/boletinlegal/images/menu_bg.jpg HTTP/1.1" 200 620
172.22.2.4 - - [17/Jul/2022:12:35:52 -0500] "GET /BLA/boletinlegal/images/text.jpg HTTP/1.1" 200 568
172.22.2.4 - - [17/Jul/2022:12:35:52 -0500] "GET /BLA/boletinlegal/images/bg_top.jpg HTTP/1.1" 200 522
172.22.2.4 - - [17/Jul/2022:12:35:52 -0500] "GET /BLA/boletinlegal/images/hover.jpg HTTP/1.1" 200 640
172.22.2.4 - - [17/Jul/2022:12:35:52 -0500] "GET /BLA/boletinlegal/images/menu_lft.gif HTTP/1.1" 200 1713
172.22.2.4 - - [17/Jul/2022:12:35:52 -0500] "GET /BLA/boletinlegal/images/menu_rght.gif HTTP/1.1" 200 1627
172.22.2.4 - - [17/Jul/2022:12:35:52 -0500] "GET /BLA/boletinlegal/images/footer_bg.jpg HTTP/1.1" 200 586
172.22.2.4 - - [17/Jul/2022:12:35:55 -0500] "GET /BLA/boletinlegal/actos.php HTTP/1.1" 200 9559
172.22.2.4 - - [17/Jul/2022:12:35:55 -0500] "GET /BLA/boletinlegal/niceforms.js HTTP/1.1" 200 22876
172.22.2.4 - - [17/Jul/2022:12:35:55 -0500] "GET /BLA/boletinlegal/js/lib.js HTTP/1.1" 200 6474
172.22.2.4 - - [17/Jul/2022:12:35:55 -0500] "GET /BLA/boletinlegal/js/popup.js HTTP/1.1" 200 1270
172.22.2.4 - - [17/Jul/2022:12:35:55 -0500] "GET /BLA/boletinlegal/js/ajax_actos.js HTTP/1.1" 200 1322
172.22.2.4 - - [17/Jul/2022:12:35:55 -0500] "GET /BLA/boletinlegal/niceforms-default.css HTTP/1.1" 200 6694
172.22.2.4 - - [17/Jul/2022:12:35:55 -0500] "GET /BLA/boletinlegal/js/jquery1.js HTTP/1.1" 200 29846
172.22.2.4 - - [17/Jul/2022:12:35:55 -0500] "GET /BLA/boletinlegal/images/green-yellow-blue-pink-th.png HTTP/1.1" 200 7394
172.22.2.4 - - [17/Jul/2022:12:35:55 -0500] "GET /BLA/boletinlegal/images/abajo.png HTTP/1.1" 200 96676
172.22.2.4 - - [17/Jul/2022:12:35:55 -0500] "GET /BLA/boletinlegal/images/tel.png HTTP/1.1" 200 14477
172.22.2.4 - - [17/Jul/2022:12:35:55 -0500] "GET /BLA/boletinlegal/images/icono-email.png HTTP/1.1" 200 5544
172.22.2.4 - - [17/Jul/2022:12:35:55 -0500] "GET /BLA/boletinlegal/images/footer_bg_l.jpg HTTP/1.1" 200 776
172.22.2.4 - - [17/Jul/2022:12:35:55 -0500] "GET /BLA/boletinlegal/img/select-left.png HTTP/1.1" 200 263
172.22.2.4 - - [17/Jul/2022:12:35:55 -0500] "GET /BLA/boletinlegal/img/button.png HTTP/1.1" 200 43241
172.22.2.4 - - [17/Jul/2022:12:35:55 -0500] "GET /BLA/boletinlegal/img/select-right.png HTTP/1.1" 200 44019
172.22.2.4 - - [17/Jul/2022:12:35:55 -0500] "GET /BLA/boletinlegal/img/button-left.png HTTP/1.1" 200 57071
172.22.2.4 - - [17/Jul/2022:12:35:55 -0500] "GET /BLA/boletinlegal/img/button-right.png HTTP/1.1" 200 57878
172.22.2.4 - - [17/Jul/2022:12:35:55 -0500] "GET /BLA/boletinlegal/favicon.ico HTTP/1.1" 404 1326
172.22.2.4 - - [17/Jul/2022:12:35:55 -0500] "GET /BLA/boletinlegal/img/0.png HTTP/1.1" 200 110
172.22.2.4 - - [17/Jul/2022:12:35:57 -0500] "GET /BLA/boletinlegal/actos.php HTTP/1.1" 200 9559
172.22.2.4 - - [17/Jul/2022:12:36:00 -0500] "GET /BLA/boletinlegal/images/pdf.gif HTTP/1.1" 200 567
172.22.2.4 - - [17/Jul/2022:12:36:15 -0500] "GET /BLA/boletinlegal/consulta_actos.php?tipo=autos&no=&usuario=&sector=&fecha=2022&resuelve= HTTP/1.1" 200 439821
172.22.2.4 - - [17/Jul/2022:12:36:15 -0500] "GET /BLA/boletinlegal/images/background.gif HTTP/1.1" 200 -
40.77.167.66 - - [17/Jul/2022:12:36:29 -0500] "GET /galeria/carrusel/Carrusel/jquery.thumbnailScroller.css HTTP/1.1" 200 2066
40.77.167.66 - - [17/Jul/2022:12:36:31 -0500] "GET /galeria/nivo-slider/demo/banner.html HTTP/1.1" 200 5446
207.46.13.31 - - [17/Jul/2022:12:36:33 -0500] "GET /galeria/carrusel/Carrusel/jquery.thumbnailScroller.js HTTP/1.1" 200 8157
185.119.81.106 - - [17/Jul/2022:12:36:35 -0500] "GET /portaldeninos/wp-login.php HTTP/1.1" 200 2592
207.46.13.20 - - [17/Jul/2022:12:36:36 -0500] "GET /galeria/carrusel/Carrusel/jquery-ui-1.8.13.custom.min.js HTTP/1.1" 200 10800
185.119.81.106 - - [17/Jul/2022:12:36:36 -0500] "POST /portaldeninos/wp-login.php HTTP/1.1" 200 3605
201.221.172.109 - - [17/Jul/2022:12:36:46 -0500] "GET /BLA/resoluciones/AUTOS%202022/2847.pdf HTTP/1.1" 200 324250
201.221.172.109 - - [17/Jul/2022:12:36:46 -0500] "GET /favicon.ico HTTP/1.1" 200 7782
201.245.192.253 - - [17/Jul/2022:12:36:50 -0500] "POST /kwsrmcab/Wsrmcab  HTTP/1.1" 200 45399
172.22.2.4 - - [17/Jul/2022:12:35:45 -0500] "GET /BLA/boletinlegal/ HTTP/1.1" 200 63618
207.46.13.214 - - [17/Jul/2022:12:38:00 -0500] "GET /BLA/boletinlegal/normativa.php HTTP/1.1" 200 8326
172.22.2.4 - - [17/Jul/2022:12:38:12 -0500] "GET /BLA/boletinlegal/jurisprudencia/analisis/CUADRO%20ANALISIS%20SENTENCIA%20C-554%20DE%202007.doc HTTP/1.1" 304 -
207.46.13.31 - - [17/Jul/2022:12:38:12 -0500] "GET /BLA/boletinlegal/niceforms-default.css HTTP/1.1" 200 6694
40.77.167.66 - - [17/Jul/2022:12:38:18 -0500] "GET /BLA/boletinlegal/js/ajax_normativa.js HTTP/1.1" 200 1154
137.184.205.140 - - [17/Jul/2022:12:38:46 -0500] "GET / HTTP/1.1" 200 319
201.221.172.109 - - [17/Jul/2022:12:38:51 -0500] "GET /BLA/resoluciones/AUTOS%202022/2775.pdf HTTP/1.1" 200 440268
216.245.221.92 - - [17/Jul/2022:12:38:53 -0500] "HEAD / HTTP/1.1" 200 -
172.22.2.4 - - [17/Jul/2022:12:38:35 -0500] "HEAD /BLA/boletinlegal/ HTTP/1.1" 200 -
201.245.192.253 - - [17/Jul/2022:12:40:40 -0500] "POST /kwsrmcab/Wsrmcab HTTP/1.1" 200 44984
201.245.192.253 - - [17/Jul/2022:12:40:43 -0500] "POST /kwsrmcab/Wsrmcab HTTP/1.1" 200 42719
172.22.2.4 - - [17/Jul/2022:12:39:25 -0500] "GET /BLA/boletinlegal/ HTTP/1.1" 200 58491
201.221.172.109 - - [17/Jul/2022:12:41:08 -0500] "GET /BLA/resoluciones/AUTOS%202022/2525.pdf HTTP/1.1" 200 318584
190.249.25.15 - - [17/Jul/2022:12:41:32 -0500] "GET /animales-recuperados-en-san-cristobal-y-ciudad-bolivar-son-atendidos-en-el-centro-de-flora-de-la-secretaria-de-ambiente.html HTTP/1.1" 304 -
34.86.177.154 - - [17/Jul/2022:12:41:37 -0500] "GET /animales-recuperados-en-san-cristobal-y-ciudad-bolivar-son-atendidos-en-el-centro-de-flora-de-la-secretaria-de-ambiente.html HTTP/1.1" 200 1056
