181.63.220.121 - - [18/Jul/2022:15:16:44 -0500] "GET /BLA/resoluciones/RESOLUCIONES%202009/8286.pdf HTTP/1.1" 200 494371
181.63.220.121 - - [18/Jul/2022:15:16:45 -0500] "GET /BLA/resoluciones/RESOLUCIONES%202009/8287.pdf HTTP/1.1" 200 418020
181.63.220.121 - - [18/Jul/2022:15:16:46 -0500] "GET /BLA/resoluciones/RESOLUCIONES%202009/8288.pdf HTTP/1.1" 200 1591341
181.63.220.121 - - [18/Jul/2022:15:16:47 -0500] "GET /BLA/resoluciones/RESOLUCIONES%202009/8289.pdf HTTP/1.1" 200 304143
181.63.220.121 - - [18/Jul/2022:15:16:49 -0500] "GET /BLA/resoluciones/RESOLUCIONES%202009/8290.pdf HTTP/1.1" 200 463491
181.63.220.121 - - [18/Jul/2022:15:16:51 -0500] "GET /BLA/resoluciones/RESOLUCIONES%202009/8291.pdf HTTP/1.1" 200 535013
181.63.220.121 - - [18/Jul/2022:15:16:52 -0500] "GET /BLA/resoluciones/RESOLUCIONES%202009/8292.pdf HTTP/1.1" 200 528961
181.63.220.121 - - [18/Jul/2022:15:16:53 -0500] "GET /BLA/resoluciones/RESOLUCIONES%202009/8294.pdf HTTP/1.1" 200 433271
181.63.220.121 - - [18/Jul/2022:15:16:55 -0500] "GET /BLA/resoluciones/RESOLUCIONES%202009/8295.pdf HTTP/1.1" 200 417199
181.63.220.121 - - [18/Jul/2022:15:16:58 -0500] "GET /BLA/resoluciones/RESOLUCIONES%202009/8296.pdf HTTP/1.1" 200 391624
181.63.220.121 - - [18/Jul/2022:15:16:59 -0500] "GET /BLA/resoluciones/RESOLUCIONES%202009/8297.pdf HTTP/1.1" 200 414560
201.245.192.253 - - [18/Jul/2022:15:16:59 -0500] "POST /sipse/faces/presentacion/proyectos/proyecto/presupuesto/presupuestoEntreActividades/resumen.xhtml HTTP/1.1" 200 2863
181.63.220.121 - - [18/Jul/2022:15:17:01 -0500] "GET /BLA/resoluciones/RESOLUCIONES%202009/8298.pdf HTTP/1.1" 200 453429
181.63.220.121 - - [18/Jul/2022:15:17:02 -0500] "GET /BLA/resoluciones/RESOLUCIONES%202009/8299.pdf HTTP/1.1" 200 421328
181.63.220.121 - - [18/Jul/2022:15:17:03 -0500] "GET /BLA/resoluciones/RESOLUCIONES%202009/8300.pdf HTTP/1.1" 200 413584
181.63.220.121 - - [18/Jul/2022:15:17:04 -0500] "GET /BLA/resoluciones/RESOLUCIONES%202009/8301.pdf HTTP/1.1" 200 421586
181.63.220.121 - - [18/Jul/2022:15:17:06 -0500] "GET /BLA/resoluciones/RESOLUCIONES%202009/8302.pdf HTTP/1.1" 200 779846
181.63.220.121 - - [18/Jul/2022:15:17:07 -0500] "GET /BLA/resoluciones/RESOLUCIONES%202009/8303.pdf HTTP/1.1" 200 755158
181.63.220.121 - - [18/Jul/2022:15:17:09 -0500] "GET /BLA/resoluciones/RESOLUCIONES%202009/8304.pdf HTTP/1.1" 200 766096
181.63.220.121 - - [18/Jul/2022:15:17:10 -0500] "GET /BLA/resoluciones/RESOLUCIONES%202009/8305.pdf HTTP/1.1" 200 434230
181.63.220.121 - - [18/Jul/2022:15:17:13 -0500] "GET /BLA/resoluciones/RESOLUCIONES%202009/8306.pdf HTTP/1.1" 200 410654
181.63.220.121 - - [18/Jul/2022:15:17:15 -0500] "GET /BLA/resoluciones/RESOLUCIONES%202009/8307.pdf HTTP/1.1" 200 773712
181.63.220.121 - - [18/Jul/2022:15:17:16 -0500] "GET /BLA/resoluciones/RESOLUCIONES%202009/8308.pdf HTTP/1.1" 200 444310
201.245.192.253 - - [18/Jul/2022:15:17:17 -0500] "POST /sipse/faces/presentacion/proyectos/proyecto/presupuesto/presupuestoEntreActividades/resumen.xhtml HTTP/1.1" 200 2851
181.63.220.121 - - [18/Jul/2022:15:17:17 -0500] "GET /BLA/resoluciones/RESOLUCIONES%202009/8309.pdf HTTP/1.1" 200 435352
181.63.220.121 - - [18/Jul/2022:15:17:19 -0500] "GET /BLA/resoluciones/RESOLUCIONES%202009/8310.pdf HTTP/1.1" 200 451206
181.63.220.121 - - [18/Jul/2022:15:17:21 -0500] "GET /BLA/resoluciones/RESOLUCIONES%202009/8311.pdf HTTP/1.1" 200 453313
181.63.220.121 - - [18/Jul/2022:15:17:22 -0500] "GET /BLA/resoluciones/RESOLUCIONES%202009/8312.pdf HTTP/1.1" 200 455658
181.63.220.121 - - [18/Jul/2022:15:17:24 -0500] "GET /BLA/resoluciones/RESOLUCIONES%202009/8313.pdf HTTP/1.1" 200 455438
181.63.220.121 - - [18/Jul/2022:15:17:26 -0500] "GET /BLA/resoluciones/RESOLUCIONES%202009/8314.pdf HTTP/1.1" 200 400034
181.63.220.121 - - [18/Jul/2022:15:17:28 -0500] "GET /BLA/resoluciones/RESOLUCIONES%202009/8315.pdf HTTP/1.1" 200 404919
216.245.221.92 - - [18/Jul/2022:15:17:28 -0500] "HEAD / HTTP/1.1" 200 -
172.22.2.4 - - [18/Jul/2022:15:15:49 -0500] "HEAD /BLA/boletinlegal/ HTTP/1.1" 200 -
181.63.220.121 - - [18/Jul/2022:15:17:29 -0500] "GET /BLA/resoluciones/RESOLUCIONES%202009/8316.pdf HTTP/1.1" 200 495104
181.63.220.121 - - [18/Jul/2022:15:17:31 -0500] "GET /BLA/resoluciones/RESOLUCIONES%202009/8317.pdf HTTP/1.1" 200 464926
201.245.192.253 - - [18/Jul/2022:15:17:32 -0500] "POST /sipse/faces/presentacion/proyectos/proyecto/presupuesto/presupuestoEntreActividades/resumen.xhtml HTTP/1.1" 200 2863
181.63.220.121 - - [18/Jul/2022:15:17:34 -0500] "GET /BLA/resoluciones/RESOLUCIONES%202009/8318.pdf HTTP/1.1" 200 380270
201.245.192.253 - - [18/Jul/2022:15:17:43 -0500] "POST /sipse/faces/presentacion/proyectos/proyecto/presupuesto/presupuestoEntreActividades/resumen.xhtml HTTP/1.1" 200 2851
201.245.192.253 - - [18/Jul/2022:15:17:59 -0500] "POST /sipse/faces/presentacion/proyectos/proyecto/presupuesto/presupuestoEntreActividades/resumen.xhtml HTTP/1.1" 200 2863
201.245.192.253 - - [18/Jul/2022:15:17:59 -0500] "POST /sipse/faces/presentacion/proyectos/proyecto/presupuesto/presupuestoEntreActividades/resumen.xhtml HTTP/1.1" 200 67023
201.245.192.253 - - [18/Jul/2022:15:18:08 -0500] "GET /sipse/faces/javax.faces.resource/theme.css?ln=primefaces-sipse HTTP/1.1" 304 -
201.245.192.253 - - [18/Jul/2022:15:18:08 -0500] "GET /sipse/faces/javax.faces.resource/primefaces.css?ln=primefaces&v=4.0 HTTP/1.1" 304 -
201.245.192.253 - - [18/Jul/2022:15:18:08 -0500] "GET /sipse/faces/javax.faces.resource/layout/layout.css?ln=primefaces&v=4.0 HTTP/1.1" 304 -
201.245.192.253 - - [18/Jul/2022:15:18:08 -0500] "GET /sipse/faces/javax.faces.resource/jquery/jquery.js?ln=primefaces&v=4.0 HTTP/1.1" 304 -
201.245.192.253 - - [18/Jul/2022:15:18:08 -0500] "GET /sipse/faces/javax.faces.resource/jquery/jquery-plugins.js?ln=primefaces&v=4.0 HTTP/1.1" 304 -
201.245.192.253 - - [18/Jul/2022:15:18:08 -0500] "GET /sipse/faces/javax.faces.resource/primefaces.js?ln=primefaces&v=4.0 HTTP/1.1" 304 -
201.245.192.253 - - [18/Jul/2022:15:18:08 -0500] "GET /sipse/faces/javax.faces.resource/layout/layout.js?ln=primefaces&v=4.0 HTTP/1.1" 304 -
201.245.192.253 - - [18/Jul/2022:15:18:08 -0500] "GET /sipse/faces/javax.faces.resource/messages/messages.png?ln=primefaces&v=4.0 HTTP/1.1" 304 -
201.245.192.253 - - [18/Jul/2022:15:18:08 -0500] "POST /sipse/faces/presentacion/proyectos/proyecto/proyecto.xhtml HTTP/1.1" 200 3401
201.245.192.253 - - [18/Jul/2022:15:18:10 -0500] "POST /sipse/faces/presentacion/proyectos/proyecto/proyecto.xhtml HTTP/1.1" 200 44499
201.245.192.253 - - [18/Jul/2022:15:18:12 -0500] "POST /sipse/faces/presentacion/proyectos/proyecto/proyecto.xhtml HTTP/1.1" 200 3976
172.22.2.4 - - [18/Jul/2022:15:16:39 -0500] "GET /BLA/boletinlegal/ HTTP/1.1" 200 58491
201.245.192.253 - - [18/Jul/2022:15:18:18 -0500] "POST /sipse/faces/presentacion/proyectos/proyecto/proyecto.xhtml HTTP/1.1" 200 62690
201.245.192.253 - - [18/Jul/2022:15:18:30 -0500] "GET /sipse/faces/faces/autenticacion.xhtml HTTP/1.1" 200 12177
201.245.192.253 - - [18/Jul/2022:15:18:30 -0500] "GET /sipse/js/disable_browser_buttons.js HTTP/1.1" 304 -
201.245.192.253 - - [18/Jul/2022:15:18:30 -0500] "GET /sipse/css/custom_css_sg.css HTTP/1.1" 200 9694
201.245.192.253 - - [18/Jul/2022:15:18:30 -0500] "GET /sipse/js/funciones.js HTTP/1.1" 304 -
201.245.192.253 - - [18/Jul/2022:15:18:30 -0500] "GET /sipse/css/custom_css_sg_prime_login.css HTTP/1.1" 200 443
201.245.192.253 - - [18/Jul/2022:15:18:30 -0500] "GET /sipse/faces/javax.faces.resource/theme.css?ln=primefaces-sipse HTTP/1.1" 304 -
201.245.192.253 - - [18/Jul/2022:15:18:30 -0500] "GET /sipse/faces/javax.faces.resource/primefaces.css?ln=primefaces&v=4.0 HTTP/1.1" 304 -
201.245.192.253 - - [18/Jul/2022:15:18:30 -0500] "GET /sipse/faces/javax.faces.resource/layout/layout.css?ln=primefaces&v=4.0 HTTP/1.1" 304 -
201.245.192.253 - - [18/Jul/2022:15:18:30 -0500] "GET /sipse/faces/javax.faces.resource/jquery/jquery.js?ln=primefaces&v=4.0 HTTP/1.1" 304 -
201.245.192.253 - - [18/Jul/2022:15:18:30 -0500] "GET /sipse/faces/javax.faces.resource/jquery/jquery-plugins.js?ln=primefaces&v=4.0 HTTP/1.1" 304 -
201.245.192.253 - - [18/Jul/2022:15:18:30 -0500] "GET /sipse/faces/javax.faces.resource/primefaces.js?ln=primefaces&v=4.0 HTTP/1.1" 304 -
201.245.192.253 - - [18/Jul/2022:15:18:30 -0500] "GET /sipse/faces/javax.faces.resource/layout/layout.js?ln=primefaces&v=4.0 HTTP/1.1" 304 -
201.245.192.253 - - [18/Jul/2022:15:18:30 -0500] "GET /sipse/faces/javax.faces.resource/images/ui-icons_898989_256x240.png?ln=primefaces-aristo HTTP/1.1" 200 5355
201.245.192.253 - - [18/Jul/2022:15:18:30 -0500] "GET /sipse/css/imagen/logoSDG.png HTTP/1.1" 200 53064
201.245.192.253 - - [18/Jul/2022:15:18:30 -0500] "GET /sipse/css/imagen/loginimg.png HTTP/1.1" 200 71635
201.245.192.253 - - [18/Jul/2022:15:18:30 -0500] "GET /favicon.ico HTTP/1.1" 200 7782
201.245.192.253 - - [18/Jul/2022:15:18:30 -0500] "GET /sipse/faces/faces/index.xhtml HTTP/1.1" 200 677
201.245.192.253 - - [18/Jul/2022:15:18:30 -0500] "GET /sipse/faces/javax.faces.resource/theme.css?ln=primefaces-sipse HTTP/1.1" 304 -
201.245.192.253 - - [18/Jul/2022:15:18:30 -0500] "GET /sipse/faces/faces/faces/autenticacion.xhtml HTTP/1.1" 200 12177
201.245.192.253 - - [18/Jul/2022:15:18:31 -0500] "GET /sipse/faces/javax.faces.resource/jquery/jquery.js?ln=primefaces&v=4.0 HTTP/1.1" 304 -
201.245.192.253 - - [18/Jul/2022:15:18:31 -0500] "GET /sipse/faces/javax.faces.resource/layout/layout.js?ln=primefaces&v=4.0 HTTP/1.1" 304 -
201.245.192.253 - - [18/Jul/2022:15:18:31 -0500] "GET /sipse/faces/javax.faces.resource/theme.css?ln=primefaces-sipse HTTP/1.1" 304 -
201.245.192.253 - - [18/Jul/2022:15:18:31 -0500] "GET /sipse/faces/javax.faces.resource/primefaces.css?ln=primefaces&v=4.0 HTTP/1.1" 304 -
201.245.192.253 - - [18/Jul/2022:15:18:31 -0500] "GET /sipse/faces/javax.faces.resource/layout/layout.css?ln=primefaces&v=4.0 HTTP/1.1" 304 -
201.245.192.253 - - [18/Jul/2022:15:18:31 -0500] "GET /sipse/faces/javax.faces.resource/jquery/jquery-plugins.js?ln=primefaces&v=4.0 HTTP/1.1" 304 -
201.245.192.253 - - [18/Jul/2022:15:18:31 -0500] "GET /sipse/faces/javax.faces.resource/primefaces.js?ln=primefaces&v=4.0 HTTP/1.1" 304 -
201.245.192.253 - - [18/Jul/2022:15:18:31 -0500] "GET /sipse/faces/javax.faces.resource/images/ui-icons_898989_256x240.png?ln=primefaces-aristo HTTP/1.1" 304 -
201.245.192.253 - - [18/Jul/2022:15:18:38 -0500] "POST /sipse/faces/autenticacion.xhtml HTTP/1.1" 200 2220
201.245.192.253 - - [18/Jul/2022:15:18:39 -0500] "GET /sipse/faces/javax.faces.resource/messages/messages.png?ln=primefaces&v=4.0 HTTP/1.1" 304 -
201.245.192.253 - - [18/Jul/2022:15:18:40 -0500] "POST /sipse/faces/autenticacion.xhtml HTTP/1.1" 200 16346
201.245.192.253 - - [18/Jul/2022:15:18:40 -0500] "GET /sipse/css/custom_css_sg_prime.css HTTP/1.1" 304 -
201.245.192.253 - - [18/Jul/2022:15:18:40 -0500] "GET /sipse/js/jquery.min.js HTTP/1.1" 304 -
201.245.192.253 - - [18/Jul/2022:15:18:40 -0500] "GET /sipse/faces/javax.faces.resource/jquery/jquery.js?ln=primefaces&v=4.0 HTTP/1.1" 304 -
201.245.192.253 - - [18/Jul/2022:15:18:40 -0500] "GET /sipse/faces/javax.faces.resource/jquery/jquery-plugins.js?ln=primefaces&v=4.0 HTTP/1.1" 304 -
201.245.192.253 - - [18/Jul/2022:15:18:40 -0500] "GET /sipse/faces/javax.faces.resource/primefaces.js?ln=primefaces&v=4.0 HTTP/1.1" 304 -
201.245.192.253 - - [18/Jul/2022:15:18:40 -0500] "GET /sipse/faces/javax.faces.resource/layout/layout.js?ln=primefaces&v=4.0 HTTP/1.1" 304 -
201.245.192.253 - - [18/Jul/2022:15:18:40 -0500] "GET /sipse/imagenes/cargando.gif HTTP/1.1" 304 -
201.245.192.253 - - [18/Jul/2022:15:18:40 -0500] "GET /sipse/imagenes/logoAplicacion.jpg HTTP/1.1" 304 -
201.245.192.253 - - [18/Jul/2022:15:18:40 -0500] "GET /sipse/css/imagen/contrasena.png HTTP/1.1" 404 383
190.60.35.5 - - [18/Jul/2022:15:19:27 -0500] "GET /BLA/resoluciones/RESOLUCIONES%202021/1933.pdf HTTP/1.1" 200 525674
190.60.35.5 - - [18/Jul/2022:15:19:28 -0500] "GET /favicon.ico HTTP/1.1" 200 7782
186.28.85.118 - - [18/Jul/2022:15:19:41 -0500] "GET /BLA/resoluciones/ HTTP/1.1" 200 13093
201.245.192.253 - - [18/Jul/2022:15:19:47 -0500] "POST /sipse/faces/presentacion/financiero/solicitudProceso/listarSolicitudProceso.xhtml HTTP/1.1" 200 32518
186.28.85.118 - - [18/Jul/2022:15:19:56 -0500] "GET /BLA/resoluciones/dlf/dirup.png HTTP/1.1" 200 644
186.28.85.118 - - [18/Jul/2022:15:19:56 -0500] "GET /BLA/resoluciones/dlf/pdf.gif HTTP/1.1" 200 272
186.28.85.118 - - [18/Jul/2022:15:19:56 -0500] "GET /BLA/resoluciones/index.php?dir=RESOLUCIONES+2019%2F HTTP/1.1" 200 242517
181.63.220.121 - - [18/Jul/2022:15:19:58 -0500] "GET /BLA/resoluciones/RESOLUCIONES%202009/8319.pdf HTTP/1.1" 200 376340
181.63.220.121 - - [18/Jul/2022:15:19:59 -0500] "GET /BLA/resoluciones/RESOLUCIONES%202009/8320.pdf HTTP/1.1" 200 382388
181.63.220.121 - - [18/Jul/2022:15:20:00 -0500] "GET /BLA/resoluciones/RESOLUCIONES%202009/8321.pdf HTTP/1.1" 200 378220
181.63.220.121 - - [18/Jul/2022:15:20:01 -0500] "GET /BLA/resoluciones/RESOLUCIONES%202009/8322.pdf HTTP/1.1" 200 375102
181.63.220.121 - - [18/Jul/2022:15:20:02 -0500] "GET /BLA/resoluciones/RESOLUCIONES%202009/8323.pdf HTTP/1.1" 200 380518
181.63.220.121 - - [18/Jul/2022:15:20:03 -0500] "GET /BLA/resoluciones/RESOLUCIONES%202009/8324.pdf HTTP/1.1" 200 380058
181.63.220.121 - - [18/Jul/2022:15:20:05 -0500] "GET /BLA/resoluciones/RESOLUCIONES%202009/8325.pdf HTTP/1.1" 200 363380
181.63.220.121 - - [18/Jul/2022:15:20:06 -0500] "GET /BLA/resoluciones/RESOLUCIONES%202009/8326.pdf HTTP/1.1" 200 477370
173.252.127.4 - - [18/Jul/2022:15:20:07 -0500] "GET /images/mercados-campesinos-5-mayo.jpg HTTP/1.1" 200 95848
181.63.220.121 - - [18/Jul/2022:15:20:07 -0500] "GET /BLA/resoluciones/RESOLUCIONES%202009/8327.pdf HTTP/1.1" 200 505127
181.63.220.121 - - [18/Jul/2022:15:20:09 -0500] "GET /BLA/resoluciones/RESOLUCIONES%202009/8328.pdf HTTP/1.1" 200 413358
181.63.220.121 - - [18/Jul/2022:15:20:10 -0500] "GET /BLA/resoluciones/RESOLUCIONES%202009/8329.pdf HTTP/1.1" 200 500154
181.63.220.121 - - [18/Jul/2022:15:20:11 -0500] "GET /BLA/resoluciones/RESOLUCIONES%202009/8330.pdf HTTP/1.1" 200 529246
181.63.220.121 - - [18/Jul/2022:15:20:13 -0500] "GET /BLA/resoluciones/RESOLUCIONES%202009/8331.pdf HTTP/1.1" 200 462654
181.63.220.121 - - [18/Jul/2022:15:20:14 -0500] "GET /BLA/resoluciones/RESOLUCIONES%202009/8332.pdf HTTP/1.1" 200 512648
181.63.220.121 - - [18/Jul/2022:15:20:15 -0500] "GET /BLA/resoluciones/RESOLUCIONES%202009/8333.pdf HTTP/1.1" 200 464351
186.28.85.118 - - [18/Jul/2022:15:20:15 -0500] "GET /BLA/resoluciones/index.php?dir=RESOLUCIONES+2018%2F HTTP/1.1" 200 268716
181.63.220.121 - - [18/Jul/2022:15:20:16 -0500] "GET /BLA/resoluciones/RESOLUCIONES%202009/8334.pdf HTTP/1.1" 200 472029
181.63.220.121 - - [18/Jul/2022:15:20:17 -0500] "GET /BLA/resoluciones/RESOLUCIONES%202009/8335.pdf HTTP/1.1" 200 481128
181.63.220.121 - - [18/Jul/2022:15:20:18 -0500] "GET /BLA/resoluciones/RESOLUCIONES%202009/8336.pdf HTTP/1.1" 200 420992
181.63.220.121 - - [18/Jul/2022:15:20:20 -0500] "GET /BLA/resoluciones/RESOLUCIONES%202009/8337.pdf HTTP/1.1" 200 422678
181.63.220.121 - - [18/Jul/2022:15:20:21 -0500] "GET /BLA/resoluciones/RESOLUCIONES%202009/8338.pdf HTTP/1.1" 200 404572
181.63.220.121 - - [18/Jul/2022:15:20:22 -0500] "GET /BLA/resoluciones/RESOLUCIONES%202009/8339.pdf HTTP/1.1" 200 503248
181.63.220.121 - - [18/Jul/2022:15:20:24 -0500] "GET /BLA/resoluciones/RESOLUCIONES%202009/8340.pdf HTTP/1.1" 200 513790
186.28.85.118 - - [18/Jul/2022:15:20:32 -0500] "GET /BLA/resoluciones/index.php?dir=RESOLUCIONES+2020%2F HTTP/1.1" 200 163612
201.245.192.253 - - [18/Jul/2022:15:20:34 -0500] "POST /kwsrmcab/Wsrmcab HTTP/1.1" 200 46915
201.245.192.253 - - [18/Jul/2022:15:20:38 -0500] "POST /kwsrmcab/Wsrmcab HTTP/1.1" 200 46903
186.28.85.118 - - [18/Jul/2022:15:20:44 -0500] "GET /BLA/resoluciones/index.php?dir=RESOLUCIONES+2017%2F HTTP/1.1" 200 281556
186.28.85.118 - - [18/Jul/2022:15:21:02 -0500] "GET /BLA/resoluciones/dlf/unknown.png HTTP/1.1" 200 266
186.28.85.118 - - [18/Jul/2022:15:21:01 -0500] "GET /BLA/resoluciones/index.php?dir=RESOLUCIONES+2016%2F HTTP/1.1" 200 170796
186.28.85.118 - - [18/Jul/2022:15:21:11 -0500] "GET /BLA/resoluciones/index.php?dir=RESOLUCIONES+2015%2F HTTP/1.1" 200 130215
200.118.16.79 - - [18/Jul/2022:15:21:23 -0500] "GET /kwssiamovil/sm/acme/a?s=U2FsdGVkX19WBAbFzwa12+QLq60G4VHVk2vpfhjFIzKRp/ieWGHk6G6uFMZKA+zDsOFL5ulC2lJSxYr9dYCMOtlIKCf+3oIrpBi+k7oIdzRUaUzVgJAJqxUKgMy1axnkN0qQXadbImyyq/CP579ICA0w+KVurHC2mDOnIfFRfUsw0n/sKI248JcPv0YgjGX9peQo/2Vw7ey/0vH/PFS0FHFbCiKOwqY0XB4Qb/3l+RgZt/R5Wm3b7A36urz9wIEljr3rJPzpv9WfFN0kvuIR2Q==&u=U2FsdGVkX1949Sh5Do2IMmHaGTt9RVNg1pHHmG/GJbg=&y=U2FsdGVkX1+albpV40EBIH13oEhaXAVmWQ/Ik4zLbewj1ZX9Q2WfU+StWsGfqsSp HTTP/1.1" 200 25
200.118.16.79 - - [18/Jul/2022:15:21:24 -0500] "GET /kwssiamovil/sm/acme/a?s=U2FsdGVkX19/aF3rJ6SV7WvL1BlQVhD/0gZRDqJLc5UFA81TBuER3SNgptDN6dxFuFd9q8wkVjmI4wXugWd7dLmKGCqu0vsSaI9Lfs8VK3QoVDJQfPfcBJZxrrScMdNk8G0b6xpdDlp0AWGMODrJ3bYyH3Xn1Lx2HMTp/yi6mHDS7JjX/PE4Q4tbUQKp/ytFWkx1H/qVk+7dDOyhMP2ST31sdXv8kKrtJLMdTWyTzv66OKgZasLKRZEn1SI1u7lypCpwTS3KiMMLMrOeo5Whcyu8v1i4hEcSwbaGSy3LAYbHdT3PY3GB6QZO9itZf8OrVw+8B/sdMx/5KmAKOqVkpJwHClcF+sfLSuUgmDHJPLpHIrtFzJvwlwTf8YXzuaoszqtsSSXXYEhf9oroPv1AcOtS0/Cfxbutuyjhnb4C3uEfgy1mpt1CRICraN8LkxPgP9ytqtQz7MsZVkrr0/xaIOmuCJqZRLmluR3+ny7j3aTwGj+ANaP0nbq7JbyQlS/0/Q0Mols5q17JUrNwJ2HaGnDAhSn/rADbITb1aEnXTmCNNB52fpp7KwRNFWPKUUNvO644CyA2ShI7UzuhXs9dHDBw/Qq2xBtjY0A3G+PdSDRqRbM+WSp5tEfgtrtaM4TG2Siopb+9z3GnDLZ/5+Ylmr/NnW8YBZrbFs8bKNDCmEFR3S+wSDagsFlAO79DyXfNOFLoJW81JYPFPqVcmDayDHiXkKV+pq1ZxIBUCs5ZnU336MqD/QvDX+5X5v6pQgexzTnqKIq/3NmRJT/5mda5C3k+dGQ+vQrpgH5OZixesZ0dkjbMLEs38qDgxyfY5HJ7rFkLgY83lDKe7c6XdY2Cs1nbmyesz/TfrahpWZOVvsdjhLg0K605eYEsR/ztcw2DFQsc9MtgOPx1kltugc04kKr69m1bhHOF63KoOgML8WPrsiQuMWvwq0e3Qrpeen/jDdBRMzJ1zrdkuhlrgqP+OEXfuwhAfjhdp8kZdctaH3jP8JGItY7xUQknrxbBSn23Vt1XnHvz7KoHtcPsA7gnRGjCs7HcYeAi9/zwQ7SMua2Jg0TXNg4x/ZmiVKjGGdkNj1EVGkU8qwVropgQK8um7UJr/tJ/k3LrcBy2AFigI/27v0fjNYRFL8liIBdg+4BJ2LAlRZsqLrvyW2dIypxkvZCyP8WQnGdb65jGMyNwjULTwuWRRU7H/BDkSbKniiTYYq40463/MGhABbgJ6gBGj3A1D+R2+nJyLYeCjnhZWGY=&u=U2FsdGVkX1949Sh5Do2IMmHaGTt9RVNg1pHHmG/GJbg=&y=U2FsdGVkX1+albpV40EBIH13oEhaXAVmWQ/Ik4zLbewj1ZX9Q2WfU+StWsGfqsSp HTTP/1.1" 200 25
200.118.16.79 - - [18/Jul/2022:15:21:24 -0500] "GET /kwssiamovil/sm/acme/a?s=U2FsdGVkX19FgxMiVnwoBu0hPshBO6k0LCV19WlSQGPKWskacvFi2kPqCWqKoFErlqOcF8aWhUTOUM0Gkt6oXwBYQduF0MUvFN0ZwCmLF15aLEFKsMpjEZGfNWUl2F07HtztO0v8OXzpienwWEndi/qLQGlwgOD8xuNRi/KthHo=&u=U2FsdGVkX1949Sh5Do2IMmHaGTt9RVNg1pHHmG/GJbg=&y=U2FsdGVkX1+albpV40EBIH13oEhaXAVmWQ/Ik4zLbewj1ZX9Q2WfU+StWsGfqsSp HTTP/1.1" 200 25
200.118.16.79 - - [18/Jul/2022:15:21:24 -0500] "GET /kwssiamovil/sm/acme/a?s=U2FsdGVkX18vX2Vjg7nga5g90ZJOPvr49UsWUoSTg+fyIC1YFT0k8TeDf8SOE/4ILta3EVOYNJJid43RWArWEcUvaQMHc5kJRf4Ol4RS0me8rDdmBQkyIHX5jvsuUqx+tyYtulOqug7DqKZfM/zxqDmn5zer9QjCBepOY0GU65I=&u=U2FsdGVkX1949Sh5Do2IMmHaGTt9RVNg1pHHmG/GJbg=&y=U2FsdGVkX1+albpV40EBIH13oEhaXAVmWQ/Ik4zLbewj1ZX9Q2WfU+StWsGfqsSp HTTP/1.1" 200 25
200.118.16.79 - - [18/Jul/2022:15:21:24 -0500] "GET /kwssiamovil/sm/acme/a?s=U2FsdGVkX18oqUL7dloWykoKH52merHAgY3ZLnp7a7ovHeIyHFuPsR/QDkS+5MR52ROl0kI2eo2PvVkoL1UKyh0OAv0WvDqS1iBQEj1akJu+Jlowo5PIivkB5zv+rXNOBK53fQHSaoLC7f6Cl6mIQW7tdm6DDT9fyjj7GkgJjI0=&u=U2FsdGVkX1949Sh5Do2IMmHaGTt9RVNg1pHHmG/GJbg=&y=U2FsdGVkX1+albpV40EBIH13oEhaXAVmWQ/Ik4zLbewj1ZX9Q2WfU+StWsGfqsSp HTTP/1.1" 200 25
200.118.16.79 - - [18/Jul/2022:15:21:24 -0500] "GET /kwssiamovil/sm/acme/a?s=U2FsdGVkX1/rM0MyMF7qcVbxvbLMrycnnFAM4OiwEJeHG++Jmo2zKkFnGbTkjCPMX4natVNDOyJbSybkV0Hme9MGwn+PHw6zZ+Rekp6ZPrxdWlgDLzWVIp1QWd9rA3njYk644pTs9euPoTacBVPFwRhPnYdexEsvxRSErvQGT9Jim3IIBso7eRRboGEyBMem&u=U2FsdGVkX1949Sh5Do2IMmHaGTt9RVNg1pHHmG/GJbg=&y=U2FsdGVkX1+albpV40EBIH13oEhaXAVmWQ/Ik4zLbewj1ZX9Q2WfU+StWsGfqsSp HTTP/1.1" 200 25
201.245.192.253 - - [18/Jul/2022:15:21:24 -0500] "POST /sipse/faces/presentacion/financiero/solicitudProceso/listarSolicitudProceso.xhtml HTTP/1.1" 200 114537
201.245.192.253 - - [18/Jul/2022:15:21:25 -0500] "GET /sipse/faces/javax.faces.resource/jquery/jquery.js?ln=primefaces&v=4.0 HTTP/1.1" 304 -
201.245.192.253 - - [18/Jul/2022:15:21:25 -0500] "GET /sipse/faces/javax.faces.resource/jquery/jquery-plugins.js?ln=primefaces&v=4.0 HTTP/1.1" 304 -
201.245.192.253 - - [18/Jul/2022:15:21:25 -0500] "GET /sipse/faces/javax.faces.resource/primefaces.js?ln=primefaces&v=4.0 HTTP/1.1" 304 -
201.245.192.253 - - [18/Jul/2022:15:21:25 -0500] "GET /sipse/faces/javax.faces.resource/layout/layout.js?ln=primefaces&v=4.0 HTTP/1.1" 304 -
201.245.192.253 - - [18/Jul/2022:15:21:29 -0500] "POST /sipse/faces/presentacion/financiero/solicitudProceso/consultarSolicitudProceso.xhtml HTTP/1.1" 200 25899
201.245.192.253 - - [18/Jul/2022:15:21:29 -0500] "GET /sipse/faces/javax.faces.resource/theme.css?ln=primefaces-sipse HTTP/1.1" 304 -
201.245.192.253 - - [18/Jul/2022:15:21:29 -0500] "GET /sipse/faces/javax.faces.resource/layout/layout.css?ln=primefaces&v=4.0 HTTP/1.1" 304 -
201.245.192.253 - - [18/Jul/2022:15:21:29 -0500] "GET /sipse/faces/javax.faces.resource/primefaces.css?ln=primefaces&v=4.0 HTTP/1.1" 304 -
201.245.192.253 - - [18/Jul/2022:15:21:29 -0500] "GET /sipse/faces/javax.faces.resource/jquery/jquery-plugins.js?ln=primefaces&v=4.0 HTTP/1.1" 304 -
201.245.192.253 - - [18/Jul/2022:15:21:29 -0500] "GET /sipse/faces/javax.faces.resource/jquery/jquery.js?ln=primefaces&v=4.0 HTTP/1.1" 304 -
201.245.192.253 - - [18/Jul/2022:15:21:29 -0500] "GET /sipse/faces/javax.faces.resource/layout/layout.js?ln=primefaces&v=4.0 HTTP/1.1" 304 -
201.245.192.253 - - [18/Jul/2022:15:21:29 -0500] "GET /sipse/faces/javax.faces.resource/primefaces.js?ln=primefaces&v=4.0 HTTP/1.1" 304 -
201.245.192.253 - - [18/Jul/2022:15:21:29 -0500] "GET /sipse/css/imagen/contrasena.png HTTP/1.1" 404 383
201.245.192.253 - - [18/Jul/2022:15:21:29 -0500] "GET /sipse/faces/javax.faces.resource/images/ui-icons_898989_256x240.png?ln=primefaces-aristo HTTP/1.1" 304 -
201.245.192.253 - - [18/Jul/2022:15:21:29 -0500] "GET /favicon.ico HTTP/1.1" 200 7782
201.245.192.253 - - [18/Jul/2022:15:21:29 -0500] "POST /kwsrmcab/Wsrmcab  HTTP/1.1" 200 45399
201.245.192.253 - - [18/Jul/2022:15:21:38 -0500] "GET /sipse/faces/javax.faces.resource/layout/layout.css?ln=primefaces&v=4.0 HTTP/1.1" 304 -
201.245.192.253 - - [18/Jul/2022:15:21:38 -0500] "GET /sipse/faces/javax.faces.resource/theme.css?ln=primefaces-sipse HTTP/1.1" 304 -
201.245.192.253 - - [18/Jul/2022:15:21:38 -0500] "GET /sipse/faces/javax.faces.resource/jquery/jquery.js?ln=primefaces&v=4.0 HTTP/1.1" 304 -
201.245.192.253 - - [18/Jul/2022:15:21:38 -0500] "GET /sipse/faces/javax.faces.resource/primefaces.css?ln=primefaces&v=4.0 HTTP/1.1" 304 -
201.245.192.253 - - [18/Jul/2022:15:21:38 -0500] "GET /sipse/faces/javax.faces.resource/jquery/jquery-plugins.js?ln=primefaces&v=4.0 HTTP/1.1" 304 -
201.245.192.253 - - [18/Jul/2022:15:21:38 -0500] "GET /sipse/faces/javax.faces.resource/primefaces.js?ln=primefaces&v=4.0 HTTP/1.1" 304 -
201.245.192.253 - - [18/Jul/2022:15:21:39 -0500] "GET /sipse/faces/javax.faces.resource/layout/layout.js?ln=primefaces&v=4.0 HTTP/1.1" 304 -
201.245.192.253 - - [18/Jul/2022:15:21:38 -0500] "POST /sipse/faces/presentacion/financiero/solicitudProceso/consultarHistorialSolProceso.xhtml HTTP/1.1" 200 158891
201.245.192.253 - - [18/Jul/2022:15:21:39 -0500] "GET /sipse/imagenes/cargando.gif HTTP/1.1" 200 17770
201.245.192.253 - - [18/Jul/2022:15:21:39 -0500] "GET /sipse/faces/javax.faces.resource/images/ui-icons_898989_256x240.png?ln=primefaces-aristo HTTP/1.1" 304 -
201.245.192.253 - - [18/Jul/2022:15:21:41 -0500] "GET /sipse/faces/javax.faces.resource/images/ui-bg_flat_0_2d5972_40x100.png?ln=primefaces-aristo HTTP/1.1" 200 183
201.245.192.253 - - [18/Jul/2022:15:21:41 -0500] "POST /sipse/faces/presentacion/financiero/solicitudProceso/consultarSolicitudProceso.xhtml HTTP/1.1" 200 5742
173.252.95.119 - - [18/Jul/2022:15:22:13 -0500] "GET /images/lluvias-arboles-4-junio.jpeg HTTP/1.1" 200 117524
173.252.95.15 - - [18/Jul/2022:15:22:17 -0500] "GET /lluvias-y-vientos-aumentan-la-probabilidad-de-caida-de-arboles-en-bogota.html HTTP/1.1" 206 730
173.252.95.116 - - [18/Jul/2022:15:22:22 -0500] "GET /semana-ambiental-500-arboles-plantados-en-el-humedal-el-burro.html HTTP/1.1" 206 768
216.245.221.92 - - [18/Jul/2022:15:22:28 -0500] "HEAD / HTTP/1.1" 200 -
173.252.95.19 - - [18/Jul/2022:15:22:30 -0500] "GET /secretaria-de-ambiente-destaca-practicas-sostenibles-de-10-empresas-forestales.html HTTP/1.1" 206 812
173.252.79.20 - - [18/Jul/2022:15:22:32 -0500] "GET /images/empresas-industrias-forestales-1-junio.jpg HTTP/1.1" 200 44019
190.25.231.74 - - [18/Jul/2022:15:22:52 -0500] "GET /sipse/faces/index.xhtml HTTP/1.1" 200 677
190.25.231.74 - - [18/Jul/2022:15:22:52 -0500] "GET /sipse/faces/javax.faces.resource/theme.css?ln=primefaces-sipse HTTP/1.1" 200 50058
190.25.231.74 - - [18/Jul/2022:15:22:53 -0500] "GET /sipse/faces/faces/autenticacion.xhtml HTTP/1.1" 200 12177
190.25.231.74 - - [18/Jul/2022:15:22:53 -0500] "GET /sipse/js/disable_browser_buttons.js HTTP/1.1" 304 -
190.25.231.74 - - [18/Jul/2022:15:22:53 -0500] "GET /sipse/js/funciones.js HTTP/1.1" 304 -
190.25.231.74 - - [18/Jul/2022:15:22:53 -0500] "GET /sipse/css/custom_css_sg.css HTTP/1.1" 304 -
190.25.231.74 - - [18/Jul/2022:15:22:53 -0500] "GET /sipse/css/custom_css_sg_prime_login.css HTTP/1.1" 304 -
190.25.231.74 - - [18/Jul/2022:15:22:53 -0500] "GET /sipse/faces/javax.faces.resource/theme.css?ln=primefaces-sipse HTTP/1.1" 304 -
190.25.231.74 - - [18/Jul/2022:15:22:53 -0500] "GET /sipse/faces/javax.faces.resource/primefaces.css?ln=primefaces&v=4.0 HTTP/1.1" 304 -
190.25.231.74 - - [18/Jul/2022:15:22:53 -0500] "GET /sipse/faces/javax.faces.resource/layout/layout.css?ln=primefaces&v=4.0 HTTP/1.1" 304 -
190.25.231.74 - - [18/Jul/2022:15:22:53 -0500] "GET /sipse/faces/javax.faces.resource/jquery/jquery.js?ln=primefaces&v=4.0 HTTP/1.1" 304 -
190.25.231.74 - - [18/Jul/2022:15:22:53 -0500] "GET /sipse/faces/javax.faces.resource/jquery/jquery-plugins.js?ln=primefaces&v=4.0 HTTP/1.1" 304 -
190.25.231.74 - - [18/Jul/2022:15:22:53 -0500] "GET /sipse/faces/javax.faces.resource/primefaces.js?ln=primefaces&v=4.0 HTTP/1.1" 304 -
190.25.231.74 - - [18/Jul/2022:15:22:53 -0500] "GET /sipse/faces/javax.faces.resource/layout/layout.js?ln=primefaces&v=4.0 HTTP/1.1" 304 -
190.25.231.74 - - [18/Jul/2022:15:22:53 -0500] "GET /sipse/css/imagen/loginimg.png HTTP/1.1" 200 71635
190.25.231.74 - - [18/Jul/2022:15:22:53 -0500] "GET /sipse/faces/javax.faces.resource/images/ui-icons_898989_256x240.png?ln=primefaces-aristo HTTP/1.1" 304 -
190.25.231.74 - - [18/Jul/2022:15:22:53 -0500] "GET /sipse/css/imagen/logoSDG.png HTTP/1.1" 200 53064
181.63.220.121 - - [18/Jul/2022:15:22:56 -0500] "GET /BLA/resoluciones/RESOLUCIONES%202009/8341.pdf HTTP/1.1" 200 510826
190.25.231.74 - - [18/Jul/2022:15:22:56 -0500] "POST /sipse/faces/autenticacion.xhtml HTTP/1.1" 200 2220
190.25.231.74 - - [18/Jul/2022:15:22:56 -0500] "GET /sipse/faces/javax.faces.resource/messages/messages.png?ln=primefaces&v=4.0 HTTP/1.1" 200 27209
190.25.231.74 - - [18/Jul/2022:15:22:57 -0500] "POST /sipse/faces/autenticacion.xhtml HTTP/1.1" 200 16378
190.25.231.74 - - [18/Jul/2022:15:22:57 -0500] "GET /sipse/css/custom_css_sg_prime.css HTTP/1.1" 304 -
190.25.231.74 - - [18/Jul/2022:15:22:57 -0500] "GET /sipse/js/jquery.min.js HTTP/1.1" 304 -
190.25.231.74 - - [18/Jul/2022:15:22:57 -0500] "GET /sipse/faces/javax.faces.resource/jquery/jquery.js?ln=primefaces&v=4.0 HTTP/1.1" 304 -
190.25.231.74 - - [18/Jul/2022:15:22:57 -0500] "GET /sipse/faces/javax.faces.resource/jquery/jquery-plugins.js?ln=primefaces&v=4.0 HTTP/1.1" 304 -
190.25.231.74 - - [18/Jul/2022:15:22:57 -0500] "GET /sipse/faces/javax.faces.resource/primefaces.js?ln=primefaces&v=4.0 HTTP/1.1" 304 -
190.25.231.74 - - [18/Jul/2022:15:22:57 -0500] "GET /sipse/faces/javax.faces.resource/layout/layout.js?ln=primefaces&v=4.0 HTTP/1.1" 304 -
190.25.231.74 - - [18/Jul/2022:15:22:57 -0500] "GET /sipse/imagenes/cargando.gif HTTP/1.1" 304 -
190.25.231.74 - - [18/Jul/2022:15:22:57 -0500] "GET /sipse/imagenes/logoAplicacion.jpg HTTP/1.1" 304 -
190.25.231.74 - - [18/Jul/2022:15:22:57 -0500] "GET /sipse/css/imagen/contrasena.png HTTP/1.1" 404 383
181.63.220.121 - - [18/Jul/2022:15:22:58 -0500] "GET /BLA/resoluciones/RESOLUCIONES%202009/8342.pdf HTTP/1.1" 200 474678
190.25.231.74 - - [18/Jul/2022:15:22:59 -0500] "GET /sipse/faces/javax.faces.resource/images/ui-bg_flat_0_2d5972_40x100.png?ln=primefaces-aristo HTTP/1.1" 304 -
190.25.231.74 - - [18/Jul/2022:15:22:59 -0500] "POST /sipse/faces/bienvenido.xhtml HTTP/1.1" 200 2658
181.63.220.121 - - [18/Jul/2022:15:22:59 -0500] "GET /BLA/resoluciones/RESOLUCIONES%202009/8343.pdf HTTP/1.1" 200 530196
190.25.231.74 - - [18/Jul/2022:15:23:00 -0500] "POST /sipse/faces/bienvenido.xhtml HTTP/1.1" 200 63908
190.25.231.74 - - [18/Jul/2022:15:23:00 -0500] "GET /sipse/faces/javax.faces.resource/jquery/jquery.js?ln=primefaces&v=4.0 HTTP/1.1" 304 -
190.25.231.74 - - [18/Jul/2022:15:23:00 -0500] "GET /sipse/faces/javax.faces.resource/jquery/jquery-plugins.js?ln=primefaces&v=4.0 HTTP/1.1" 304 -
190.25.231.74 - - [18/Jul/2022:15:23:00 -0500] "GET /sipse/faces/javax.faces.resource/primefaces.js?ln=primefaces&v=4.0 HTTP/1.1" 304 -
190.25.231.74 - - [18/Jul/2022:15:23:00 -0500] "GET /sipse/faces/javax.faces.resource/layout/layout.js?ln=primefaces&v=4.0 HTTP/1.1" 304 -
190.25.231.74 - - [18/Jul/2022:15:23:00 -0500] "POST /sipse/faces/presentacion/financiero/solicitudProceso/listarSolicitudProceso.xhtml HTTP/1.1" 200 1556
181.63.220.121 - - [18/Jul/2022:15:23:02 -0500] "GET /BLA/resoluciones/RESOLUCIONES%202009/8344.pdf HTTP/1.1" 200 503298
181.63.220.121 - - [18/Jul/2022:15:23:03 -0500] "GET /BLA/resoluciones/RESOLUCIONES%202009/8345.pdf HTTP/1.1" 200 510718
190.25.231.74 - - [18/Jul/2022:15:23:04 -0500] "POST /sipse/faces/presentacion/financiero/solicitudProceso/listarSolicitudProceso.xhtml HTTP/1.1" 200 146880
190.25.231.74 - - [18/Jul/2022:15:23:05 -0500] "GET /sipse/faces/javax.faces.resource/jquery/jquery.js?ln=primefaces&v=4.0 HTTP/1.1" 304 -
190.25.231.74 - - [18/Jul/2022:15:23:05 -0500] "GET /sipse/faces/javax.faces.resource/jquery/jquery-plugins.js?ln=primefaces&v=4.0 HTTP/1.1" 304 -
190.25.231.74 - - [18/Jul/2022:15:23:05 -0500] "GET /sipse/faces/javax.faces.resource/primefaces.js?ln=primefaces&v=4.0 HTTP/1.1" 304 -
190.25.231.74 - - [18/Jul/2022:15:23:05 -0500] "GET /sipse/faces/javax.faces.resource/layout/layout.js?ln=primefaces&v=4.0 HTTP/1.1" 304 -
181.63.220.121 - - [18/Jul/2022:15:23:06 -0500] "GET /BLA/resoluciones/RESOLUCIONES%202009/8346.pdf HTTP/1.1" 200 468290
181.63.220.121 - - [18/Jul/2022:15:23:07 -0500] "GET /BLA/resoluciones/RESOLUCIONES%202009/8347.pdf HTTP/1.1" 200 465460
181.63.220.121 - - [18/Jul/2022:15:23:09 -0500] "GET /BLA/resoluciones/RESOLUCIONES%202009/8348.pdf HTTP/1.1" 200 415960
181.63.220.121 - - [18/Jul/2022:15:23:11 -0500] "GET /BLA/resoluciones/RESOLUCIONES%202009/8349.pdf HTTP/1.1" 200 485612
190.25.231.74 - - [18/Jul/2022:15:23:10 -0500] "POST /sipse/faces/presentacion/financiero/solicitudProceso/consultarSolicitudProceso.xhtml HTTP/1.1" 200 37264
190.25.231.74 - - [18/Jul/2022:15:23:11 -0500] "GET /sipse/faces/javax.faces.resource/theme.css?ln=primefaces-sipse HTTP/1.1" 304 -
190.25.231.74 - - [18/Jul/2022:15:23:11 -0500] "GET /sipse/faces/javax.faces.resource/primefaces.css?ln=primefaces&v=4.0 HTTP/1.1" 304 -
190.25.231.74 - - [18/Jul/2022:15:23:11 -0500] "GET /sipse/faces/javax.faces.resource/layout/layout.css?ln=primefaces&v=4.0 HTTP/1.1" 304 -
190.25.231.74 - - [18/Jul/2022:15:23:11 -0500] "GET /sipse/faces/javax.faces.resource/jquery/jquery.js?ln=primefaces&v=4.0 HTTP/1.1" 304 -
190.25.231.74 - - [18/Jul/2022:15:23:11 -0500] "GET /sipse/faces/javax.faces.resource/layout/layout.js?ln=primefaces&v=4.0 HTTP/1.1" 304 -
190.25.231.74 - - [18/Jul/2022:15:23:11 -0500] "GET /sipse/faces/javax.faces.resource/primefaces.js?ln=primefaces&v=4.0 HTTP/1.1" 304 -
190.25.231.74 - - [18/Jul/2022:15:23:11 -0500] "GET /sipse/faces/javax.faces.resource/jquery/jquery-plugins.js?ln=primefaces&v=4.0 HTTP/1.1" 304 -
190.25.231.74 - - [18/Jul/2022:15:23:11 -0500] "GET /sipse/faces/javax.faces.resource/images/ui-icons_898989_256x240.png?ln=primefaces-aristo HTTP/1.1" 304 -
181.63.220.121 - - [18/Jul/2022:15:23:15 -0500] "GET /BLA/resoluciones/RESOLUCIONES%202009/8350.pdf HTTP/1.1" 200 404028
181.63.220.121 - - [18/Jul/2022:15:23:17 -0500] "GET /BLA/resoluciones/RESOLUCIONES%202009/8351.pdf HTTP/1.1" 200 405244
172.22.2.4 - - [18/Jul/2022:15:21:39 -0500] "HEAD /BLA/boletinlegal/ HTTP/1.1" 200 -
181.63.220.121 - - [18/Jul/2022:15:23:48 -0500] "GET /BLA/resoluciones/RESOLUCIONES%202009/8352.pdf HTTP/1.1" 200 481263
181.63.220.121 - - [18/Jul/2022:15:23:50 -0500] "GET /BLA/resoluciones/RESOLUCIONES%202009/8353.pdf HTTP/1.1" 200 425476
181.63.220.121 - - [18/Jul/2022:15:23:51 -0500] "GET /BLA/resoluciones/RESOLUCIONES%202009/8354.pdf HTTP/1.1" 200 191711
181.63.220.121 - - [18/Jul/2022:15:23:52 -0500] "GET /BLA/resoluciones/RESOLUCIONES%202009/8355.pdf HTTP/1.1" 200 127997
181.63.220.121 - - [18/Jul/2022:15:23:53 -0500] "GET /BLA/resoluciones/RESOLUCIONES%202009/8356.pdf HTTP/1.1" 200 5306339
181.63.220.121 - - [18/Jul/2022:15:23:55 -0500] "GET /BLA/resoluciones/RESOLUCIONES%202009/8357.pdf HTTP/1.1" 200 500787
181.63.220.121 - - [18/Jul/2022:15:23:56 -0500] "GET /BLA/resoluciones/RESOLUCIONES%202009/8358.pdf HTTP/1.1" 200 500395
181.63.220.121 - - [18/Jul/2022:15:23:57 -0500] "GET /BLA/resoluciones/RESOLUCIONES%202009/8359.pdf HTTP/1.1" 200 497993
181.63.220.121 - - [18/Jul/2022:15:23:59 -0500] "GET /BLA/resoluciones/RESOLUCIONES%202009/8360.pdf HTTP/1.1" 200 494935
181.63.220.121 - - [18/Jul/2022:15:24:00 -0500] "GET /BLA/resoluciones/RESOLUCIONES%202009/8361.pdf HTTP/1.1" 200 496827
181.63.220.121 - - [18/Jul/2022:15:24:01 -0500] "GET /BLA/resoluciones/RESOLUCIONES%202009/8362.pdf HTTP/1.1" 200 101812
181.63.220.121 - - [18/Jul/2022:15:24:03 -0500] "GET /BLA/resoluciones/RESOLUCIONES%202009/8363.pdf HTTP/1.1" 200 341725
181.63.220.121 - - [18/Jul/2022:15:24:04 -0500] "GET /BLA/resoluciones/RESOLUCIONES%202009/8364.pdf HTTP/1.1" 200 140892
181.63.220.121 - - [18/Jul/2022:15:24:05 -0500] "GET /BLA/resoluciones/RESOLUCIONES%202009/8365.pdf HTTP/1.1" 200 131280
181.63.220.121 - - [18/Jul/2022:15:24:06 -0500] "GET /BLA/resoluciones/RESOLUCIONES%202009/8366.pdf HTTP/1.1" 200 92689
172.22.2.4 - - [18/Jul/2022:15:22:29 -0500] "GET /BLA/boletinlegal/ HTTP/1.1" 200 58491
69.171.251.14 - - [18/Jul/2022:15:24:09 -0500] "GET /images/facebook-live-ivc-MAYO27.png HTTP/1.1" 200 480404
66.220.149.2 - - [18/Jul/2022:15:24:10 -0500] "GET /images/energia-eficiencia-26-mayo.jpg HTTP/1.1" 200 46417
66.249.69.45 - - [18/Jul/2022:15:24:20 -0500] "-" 408 -
173.252.127.24 - - [18/Jul/2022:15:25:02 -0500] "GET /images/visita-suspension-humedal-techo-24-mayo.jpg HTTP/1.1" 200 57365
173.252.79.11 - - [18/Jul/2022:15:25:02 -0500] "GET /images/jardines-verticales-plantas-24-mayo.jpg HTTP/1.1" 200 148288
173.252.95.5 - - [18/Jul/2022:15:25:07 -0500] "GET /secretaria-de-ambiente-se-unio-al-operativo-nacional-de-control-al-trafico-ilegal-de-maderas.html HTTP/1.1" 206 855
173.252.83.22 - - [18/Jul/2022:15:25:08 -0500] "GET /images/control-madera-ilegal-24-mayo.jpg HTTP/1.1" 200 48269
173.252.95.1 - - [18/Jul/2022:15:25:09 -0500] "GET /medida-preventiva-por-afectacion-al-humedal-de-techo.html HTTP/1.1" 206 779
173.252.95.17 - - [18/Jul/2022:15:25:16 -0500] "GET /distrito-monitorea-posibles-afectaciones-en-la-calidad-del-aire-por-llegada-del-polvo-del-sahara.html HTTP/1.1" 206 805
173.252.79.11 - - [18/Jul/2022:15:25:17 -0500] "GET /images/bogota-polvo-sahara-23-mayo.jpg HTTP/1.1" 200 35039
173.252.95.14 - - [18/Jul/2022:15:25:30 -0500] "GET /red-moda-circular-que-es-y-como-unirse.html HTTP/1.1" 206 762
173.252.111.118 - - [18/Jul/2022:15:25:37 -0500] "GET /images/Naturalista1.jpeg HTTP/1.1" 200 202073
173.252.95.118 - - [18/Jul/2022:15:25:38 -0500] "GET /para-prevenir-riesgo-sobre-la-ciudadania-distrito-intervendra-eucalipto-de-gran-porte-en-usaquen.html HTTP/1.1" 206 841
173.252.95.120 - - [18/Jul/2022:15:25:40 -0500] "GET /san-cristobal-tendra-feria-de-servicios-este-fin-de-semana.html HTTP/1.1" 206 778
173.252.111.10 - - [18/Jul/2022:15:25:42 -0500] "GET /images/feria-servicios-tramites-19-mayo.jpg HTTP/1.1" 200 40581
173.252.95.1 - - [18/Jul/2022:15:25:43 -0500] "GET /mas-de-4000-observaciones-de-fauna-y-flora-en-el-reto-naturalista-2022.html HTTP/1.1" 206 842
173.252.83.120 - - [18/Jul/2022:15:25:46 -0500] "GET /images/reciclaton-mayo-3-mayo.jpg HTTP/1.1" 200 278453
173.252.95.17 - - [18/Jul/2022:15:26:00 -0500] "GET /en-el-dia-mundial-del-reciclaje-bogota-se-unio-a-nueva-reciclaton.html HTTP/1.1" 206 802
173.252.95.5 - - [18/Jul/2022:15:26:00 -0500] "GET /secretaria-de-ambiente-realizo-jornada-de-sensibilizacion-para-el-cuidado-de-las-aves.html HTTP/1.1" 206 820
173.252.79.120 - - [18/Jul/2022:15:26:01 -0500] "GET /images/actividades-dia-aves-16-mayo.jpg HTTP/1.1" 200 147089
173.252.95.118 - - [18/Jul/2022:15:26:03 -0500] "GET /arboles-en-riesgo-como-identificarlos-y-donde-reportarlos.html HTTP/1.1" 206 799
173.252.79.116 - - [18/Jul/2022:15:26:05 -0500] "GET /images/arbolado-bogota-mayo-13.jpg HTTP/1.1" 200 62568
69.171.251.1 - - [18/Jul/2022:15:26:07 -0500] "GET /images/negocios-verdes-mayo-2022.jpg HTTP/1.1" 200 48000
173.252.95.15 - - [18/Jul/2022:15:26:09 -0500] "GET /una-mujer-que-trabaja-por-la-equidad-de-genero-y-la-proteccion-del-ambiente-asi-es-amanda-rodriguez.html HTTP/1.1" 206 935
173.252.95.5 - - [18/Jul/2022:15:26:19 -0500] "GET /distrito-inicio-recuperacion-integral-del-parque-nacional.html HTTP/1.1" 206 785
173.252.95.23 - - [18/Jul/2022:15:26:19 -0500] "GET /este-fin-de-semana-feria-de-servicios-ambientales-en-el-centro-de-bogota.html HTTP/1.1" 206 802
173.252.107.17 - - [18/Jul/2022:15:26:20 -0500] "GET /images/parque-nal-secretaria.jpg HTTP/1.1" 200 168060
190.24.138.99 - - [18/Jul/2022:15:26:21 -0500] "GET /chulo-o-gallinazo-un-carronero-que-cumple-un-papel-fundamental-en-los-ecosistemas.html HTTP/1.1" 200 784
66.220.149.22 - - [18/Jul/2022:15:26:23 -0500] "GET /images/feria-servicios-12-mayo-principal.jpg HTTP/1.1" 200 44744
173.252.95.1 - - [18/Jul/2022:15:26:28 -0500] "GET /avanzamos-en-la-conservacion-del-rio-bogota-con-megaobras-reverdecer-educacion-ambiental-control-y-monitoreo-secretaria-de-ambiente.html HTTP/1.1" 206 939
190.121.142.98 - - [18/Jul/2022:15:26:28 -0500] "GET /galeria/galeria/jquery.fancybox.css?v=2.1.5 HTTP/1.1" 200 4895
69.171.249.3 - - [18/Jul/2022:15:26:29 -0500] "GET /images/secretaria-rio-bogota-avances-12-mayo.jpg HTTP/1.1" 200 37281
173.252.95.9 - - [18/Jul/2022:15:26:29 -0500] "GET /alcaldesa-claudia-lopez-presento-la-hoja-de-terminos-para-el-proceso-de-licitacion-de-la-planta-con-la-que-se-descontaminara-el-rio-bogota.html HTTP/1.1" 206 959
190.121.142.98 - - [18/Jul/2022:15:26:29 -0500] "GET /BLA/boletinlegal/js/jquery.scrollShow.js HTTP/1.1" 200 4586
173.252.95.14 - - [18/Jul/2022:15:26:29 -0500] "GET /unete-al-global-big-day-y-registra-el-mayor-numero-de-aves.html HTTP/1.1" 206 770
190.121.142.98 - - [18/Jul/2022:15:26:30 -0500] "GET /galeria/galeria/jquery.fancybox.js?v=2.1.5 HTTP/1.1" 200 48706
173.252.87.2 - - [18/Jul/2022:15:26:30 -0500] "GET /images/ptar-alcaldesa-rio-bogota-12-mato.jpg HTTP/1.1" 200 40205
201.245.192.253 - - [18/Jul/2022:15:26:28 -0500] "POST /kwsrmcab/Wsrmcab  HTTP/1.1" 200 45399
173.252.95.12 - - [18/Jul/2022:15:26:32 -0500] "GET /con-juegos-musica-y-un-recorrido-ambiental-se-vivio-el-dia-del-rio-bogota-en-el-centro-de-la-ciudad.html HTTP/1.1" 206 785
173.252.95.23 - - [18/Jul/2022:15:26:33 -0500] "GET /asi-avanza-la-recuperacion-del-rio-bogota.html HTTP/1.1" 206 685
173.252.79.22 - - [18/Jul/2022:15:26:34 -0500] "GET /images/dia-rio-bogota-12-mayo.jpg HTTP/1.1" 200 44387
181.63.220.121 - - [18/Jul/2022:15:26:38 -0500] "GET /BLA/resoluciones/RESOLUCIONES%202009/8367.pdf HTTP/1.1" 200 92209
181.63.220.121 - - [18/Jul/2022:15:26:39 -0500] "GET /BLA/resoluciones/RESOLUCIONES%202009/8368.pdf HTTP/1.1" 200 105506
181.63.220.121 - - [18/Jul/2022:15:26:40 -0500] "GET /BLA/resoluciones/RESOLUCIONES%202009/8369.pdf HTTP/1.1" 200 741601
173.252.79.16 - - [18/Jul/2022:15:26:41 -0500] "GET /images/reunion-planta-termovalorizacion-11-mayo.jpg HTTP/1.1" 200 34782
181.63.220.121 - - [18/Jul/2022:15:26:42 -0500] "GET /BLA/resoluciones/RESOLUCIONES%202009/8370.pdf HTTP/1.1" 200 60096
181.63.220.121 - - [18/Jul/2022:15:26:43 -0500] "GET /BLA/resoluciones/RESOLUCIONES%202009/8371.pdf HTTP/1.1" 200 375054
181.63.220.121 - - [18/Jul/2022:15:26:45 -0500] "GET /BLA/resoluciones/RESOLUCIONES%202009/8372.pdf HTTP/1.1" 200 535557
181.63.220.121 - - [18/Jul/2022:15:26:46 -0500] "GET /BLA/resoluciones/RESOLUCIONES%202009/8373.pdf HTTP/1.1" 200 516638
181.63.220.121 - - [18/Jul/2022:15:26:48 -0500] "GET /BLA/resoluciones/RESOLUCIONES%202009/8374.pdf HTTP/1.1" 200 554770
173.252.95.15 - - [18/Jul/2022:15:26:48 -0500] "GET /distrito-avanza-y-ratifica-su-compromiso-con-la-descontaminacion-del-rio-bogota.html HTTP/1.1" 206 834
181.63.220.121 - - [18/Jul/2022:15:26:50 -0500] "GET /BLA/resoluciones/RESOLUCIONES%202009/8375.pdf HTTP/1.1" 200 555650
181.63.220.121 - - [18/Jul/2022:15:26:51 -0500] "GET /BLA/resoluciones/RESOLUCIONES%202009/8376.pdf HTTP/1.1" 200 521389
173.252.95.5 - - [18/Jul/2022:15:26:52 -0500] "GET /actividades-para-celebrar-el-dia-del-rio-bogota.html HTTP/1.1" 206 805
181.63.220.121 - - [18/Jul/2022:15:26:53 -0500] "GET /BLA/resoluciones/RESOLUCIONES%202009/8377.pdf HTTP/1.1" 200 438971
181.63.220.121 - - [18/Jul/2022:15:26:56 -0500] "GET /BLA/resoluciones/RESOLUCIONES%202009/8378.pdf HTTP/1.1" 200 440873
181.63.220.121 - - [18/Jul/2022:15:26:58 -0500] "GET /BLA/resoluciones/RESOLUCIONES%202009/8379.pdf HTTP/1.1" 200 440601
181.63.220.121 - - [18/Jul/2022:15:27:00 -0500] "GET /BLA/resoluciones/RESOLUCIONES%202009/8380.pdf HTTP/1.1" 200 519773
181.63.220.121 - - [18/Jul/2022:15:27:01 -0500] "GET /BLA/resoluciones/RESOLUCIONES%202009/8381.pdf HTTP/1.1" 200 519693
181.63.220.121 - - [18/Jul/2022:15:27:04 -0500] "GET /BLA/resoluciones/RESOLUCIONES%202009/8382.pdf HTTP/1.1" 200 519309
181.63.220.121 - - [18/Jul/2022:15:27:05 -0500] "GET /BLA/resoluciones/RESOLUCIONES%202009/8383.pdf HTTP/1.1" 200 409125
181.63.220.121 - - [18/Jul/2022:15:27:07 -0500] "GET /BLA/resoluciones/RESOLUCIONES%202009/8384.pdf HTTP/1.1" 200 405398
181.63.220.121 - - [18/Jul/2022:15:27:08 -0500] "GET /BLA/resoluciones/RESOLUCIONES%202009/8385.pdf HTTP/1.1" 200 434847
216.245.221.92 - - [18/Jul/2022:15:27:28 -0500] "HEAD / HTTP/1.1" 200 -
186.80.52.18 - - [18/Jul/2022:15:28:20 -0500] "GET /mesa/contrasena.pdf HTTP/1.1" 200 443199
186.80.52.18 - - [18/Jul/2022:15:28:21 -0500] "GET /mesa/contrasena.pdf HTTP/1.1" 206 1
186.80.52.18 - - [18/Jul/2022:15:28:21 -0500] "GET /mesa/contrasena.pdf HTTP/1.1" 206 439271
172.22.2.4 - - [18/Jul/2022:15:27:29 -0500] "HEAD /BLA/boletinlegal/ HTTP/1.1" 200 -
173.252.79.117 - - [18/Jul/2022:15:29:18 -0500] "GET /images/Brasil1.jpeg HTTP/1.1" 200 27965
173.252.95.8 - - [18/Jul/2022:15:29:21 -0500] "GET /feria-de-servicios-ambientales-llega-este-fin-de-semana-al-barrio-venecia.html HTTP/1.1" 206 856
173.252.95.11 - - [18/Jul/2022:15:29:22 -0500] "GET /images/mercados-campesinos-5-mayo.jpg HTTP/1.1" 200 95848
173.252.95.23 - - [18/Jul/2022:15:29:23 -0500] "GET /images/feria-servicios-5-MAYO.jpg HTTP/1.1" 200 39759
173.252.95.7 - - [18/Jul/2022:15:29:24 -0500] "GET /secretaria-de-ambiente-adelanta-operativos-de-control-para-proteger-la-estructura-ecologica-principal.html HTTP/1.1" 206 994
173.252.95.23 - - [18/Jul/2022:15:29:25 -0500] "GET /images/RCD1.jpg HTTP/1.1" 200 195843
173.252.95.7 - - [18/Jul/2022:15:29:29 -0500] "GET /mas-de-450-kilogramos-de-laurel-de-cera-fueron-recuperados-en-el-dia-de-la-santa-cruz.html HTTP/1.1" 206 976
173.252.95.9 - - [18/Jul/2022:15:29:38 -0500] "GET /images/Animales1.jpeg HTTP/1.1" 200 76841
173.252.95.117 - - [18/Jul/2022:15:29:40 -0500] "GET /dia-de-la-ninez-la-secretaria-de-ambiente-participo-en-el-festival-de-crianza-amorosa-juego.html HTTP/1.1" 206 1025
173.252.95.22 - - [18/Jul/2022:15:29:40 -0500] "GET /idpyba-amplia-su-flota-vehicular-para-la-atencion-de-animales-en-bogota.html HTTP/1.1" 206 884
173.252.95.12 - - [18/Jul/2022:15:29:43 -0500] "GET /areas-protegidas-locales-estrategia-para-enfrentar-la-crisis-climatica.html HTTP/1.1" 206 904
173.252.95.11 - - [18/Jul/2022:15:29:46 -0500] "GET /bogota-y-cinco-departamentos-firman-alianza-para-garantizar-la-seguridad-hidrica-de-la-region.html HTTP/1.1" 206 902
181.63.220.121 - - [18/Jul/2022:15:29:54 -0500] "GET /BLA/resoluciones/RESOLUCIONES%202009/8386.pdf HTTP/1.1" 200 433995
172.22.2.4 - - [18/Jul/2022:15:28:19 -0500] "GET /BLA/boletinlegal/ HTTP/1.1" 200 58866
173.252.95.119 - - [18/Jul/2022:15:30:09 -0500] "GET /pagina-y-servicios-web-de-la-secretaria-de-ambiente-no-estaran-disponibles-algunas-horas-de-este-sabado-30-de-abril.html HTTP/1.1" 206 977
173.252.107.19 - - [18/Jul/2022:15:30:11 -0500] "GET /images/fachada-secretaria-ambiente-abril.jpg HTTP/1.1" 200 148853
173.252.95.24 - - [18/Jul/2022:15:30:23 -0500] "GET /celebra-el-dia-del-arbol-conociendo-la-naturaleza-de-la-ciudad.html HTTP/1.1" 206 939
173.252.95.6 - - [18/Jul/2022:15:30:33 -0500] "GET /lee-antes-de-compartir-secretaria-de-ambiente-y-establecimientos-de-comercio-nocturno-se-comprometen-a-una-rumba-con-menos-ruido.html HTTP/1.1" 206 1189
181.63.220.121 - - [18/Jul/2022:15:30:34 -0500] "GET /BLA/resoluciones/RESOLUCIONES%202009/8387.pdf HTTP/1.1" 200 424524
181.63.220.121 - - [18/Jul/2022:15:30:35 -0500] "GET /BLA/resoluciones/RESOLUCIONES%202009/8388.pdf HTTP/1.1" 200 436064
201.245.192.253 - - [18/Jul/2022:15:30:34 -0500] "POST /kwsrmcab/Wsrmcab HTTP/1.1" 200 46915
181.63.220.121 - - [18/Jul/2022:15:30:38 -0500] "GET /BLA/resoluciones/RESOLUCIONES%202009/8389.pdf HTTP/1.1" 200 407740
181.63.220.121 - - [18/Jul/2022:15:30:39 -0500] "GET /BLA/resoluciones/RESOLUCIONES%202009/8390.pdf HTTP/1.1" 200 482213
181.63.220.121 - - [18/Jul/2022:15:30:40 -0500] "GET /BLA/resoluciones/RESOLUCIONES%202009/8391.pdf HTTP/1.1" 200 445356
201.245.192.253 - - [18/Jul/2022:15:30:38 -0500] "POST /kwsrmcab/Wsrmcab HTTP/1.1" 200 46903
181.63.220.121 - - [18/Jul/2022:15:30:42 -0500] "GET /BLA/resoluciones/RESOLUCIONES%202009/8392.pdf HTTP/1.1" 200 371512
181.63.220.121 - - [18/Jul/2022:15:30:43 -0500] "GET /BLA/resoluciones/RESOLUCIONES%202009/8393.pdf HTTP/1.1" 200 384920
181.63.220.121 - - [18/Jul/2022:15:30:44 -0500] "GET /BLA/resoluciones/RESOLUCIONES%202009/8394.pdf HTTP/1.1" 200 424863
181.63.220.121 - - [18/Jul/2022:15:30:46 -0500] "GET /BLA/resoluciones/RESOLUCIONES%202009/8395.pdf HTTP/1.1" 200 452729
66.220.149.10 - - [18/Jul/2022:15:30:46 -0500] "GET /images/operativos-residuos-peligrosos-25-ABRIL.jpg HTTP/1.1" 200 35345
181.63.220.121 - - [18/Jul/2022:15:30:47 -0500] "GET /BLA/resoluciones/RESOLUCIONES%202009/8396.pdf HTTP/1.1" 200 453483
181.63.220.121 - - [18/Jul/2022:15:30:48 -0500] "GET /BLA/resoluciones/RESOLUCIONES%202009/8397.pdf HTTP/1.1" 200 447295
181.63.220.121 - - [18/Jul/2022:15:30:49 -0500] "GET /BLA/resoluciones/RESOLUCIONES%202009/8398.pdf HTTP/1.1" 200 447785
181.63.220.121 - - [18/Jul/2022:15:30:50 -0500] "GET /BLA/resoluciones/RESOLUCIONES%202009/8399.pdf HTTP/1.1" 200 430060
201.245.192.253 - - [18/Jul/2022:15:30:51 -0500] "GET /BLA/resoluciones/ HTTP/1.1" 200 13093
181.63.220.121 - - [18/Jul/2022:15:30:52 -0500] "GET /BLA/resoluciones/RESOLUCIONES%202009/8400.pdf HTTP/1.1" 200 415841
181.63.220.121 - - [18/Jul/2022:15:30:53 -0500] "GET /BLA/resoluciones/RESOLUCIONES%202009/8401.pdf HTTP/1.1" 200 426838
181.63.220.121 - - [18/Jul/2022:15:30:54 -0500] "GET /BLA/resoluciones/RESOLUCIONES%202009/8402.pdf HTTP/1.1" 200 449405
173.252.95.10 - - [18/Jul/2022:15:30:54 -0500] "GET /conoce-unas-de-las-plantas-endemicas-que-mas-se-ven-en-los-ecosistemas-de-bogota.html HTTP/1.1" 206 927
181.63.220.121 - - [18/Jul/2022:15:30:55 -0500] "GET /BLA/resoluciones/RESOLUCIONES%202009/8403.pdf HTTP/1.1" 200 426514
181.63.220.121 - - [18/Jul/2022:15:30:56 -0500] "GET /BLA/resoluciones/RESOLUCIONES%202009/8404.pdf HTTP/1.1" 200 410677
181.63.220.121 - - [18/Jul/2022:15:30:57 -0500] "GET /BLA/resoluciones/RESOLUCIONES%202009/8405.pdf HTTP/1.1" 200 410937
181.63.220.121 - - [18/Jul/2022:15:30:59 -0500] "GET /BLA/resoluciones/RESOLUCIONES%202009/8406.pdf HTTP/1.1" 200 369066
201.245.192.253 - - [18/Jul/2022:15:30:59 -0500] "GET /BLA/resoluciones/index.php?dir=AUTOS+2014%2F HTTP/1.1" 200 875367
181.63.220.121 - - [18/Jul/2022:15:31:12 -0500] "GET /BLA/resoluciones/RESOLUCIONES%202009/8407.pdf HTTP/1.1" 200 368106
181.63.220.121 - - [18/Jul/2022:15:31:14 -0500] "GET /BLA/resoluciones/RESOLUCIONES%202009/8408.pdf HTTP/1.1" 200 389308
181.63.220.121 - - [18/Jul/2022:15:31:15 -0500] "GET /BLA/resoluciones/RESOLUCIONES%202009/8409.pdf HTTP/1.1" 200 372774
181.63.220.121 - - [18/Jul/2022:15:31:17 -0500] "GET /BLA/resoluciones/RESOLUCIONES%202009/8410.pdf HTTP/1.1" 200 467474
66.249.69.45 - - [18/Jul/2022:15:31:19 -0500] "-" 408 -
181.63.220.121 - - [18/Jul/2022:15:31:20 -0500] "GET /BLA/resoluciones/RESOLUCIONES%202009/8411.pdf HTTP/1.1" 200 386805
181.63.220.121 - - [18/Jul/2022:15:31:22 -0500] "GET /BLA/resoluciones/RESOLUCIONES%202009/8412.pdf HTTP/1.1" 200 573989
181.63.220.121 - - [18/Jul/2022:15:31:23 -0500] "GET /BLA/resoluciones/RESOLUCIONES%202009/8413.pdf HTTP/1.1" 200 729272
173.252.87.111 - - [18/Jul/2022:15:31:25 -0500] "GET /images/actividades-dia-tierra-22-abril.jpg HTTP/1.1" 200 77276
181.63.220.121 - - [18/Jul/2022:15:31:25 -0500] "GET /BLA/resoluciones/RESOLUCIONES%202009/8414.pdf HTTP/1.1" 200 120900
173.252.95.116 - - [18/Jul/2022:15:31:26 -0500] "GET /images/plantacion-jbb-22-abril.jpg HTTP/1.1" 200 52184
181.63.220.121 - - [18/Jul/2022:15:31:27 -0500] "GET /BLA/resoluciones/RESOLUCIONES%202009/8415.pdf HTTP/1.1" 200 122704
173.252.79.21 - - [18/Jul/2022:15:31:27 -0500] "GET /images/plantacion-jbb-22-abril.jpg HTTP/1.1" 200 52184
