181.63.220.121 - - [18/Jul/2022:17:25:12 -0500] "GET /BLA/resoluciones/RESOLUCIONES%202009/9196.pdf HTTP/1.1" 200 515874
181.63.220.121 - - [18/Jul/2022:17:25:14 -0500] "GET /BLA/resoluciones/RESOLUCIONES%202009/9197.pdf HTTP/1.1" 200 582599
181.63.220.121 - - [18/Jul/2022:17:25:15 -0500] "GET /BLA/resoluciones/RESOLUCIONES%202009/9198.pdf HTTP/1.1" 200 513598
181.63.220.121 - - [18/Jul/2022:17:25:16 -0500] "GET /BLA/resoluciones/RESOLUCIONES%202009/9199.pdf HTTP/1.1" 200 502680
181.63.220.121 - - [18/Jul/2022:17:25:17 -0500] "GET /BLA/resoluciones/RESOLUCIONES%202009/9200.pdf HTTP/1.1" 200 506003
181.63.220.121 - - [18/Jul/2022:17:25:18 -0500] "GET /BLA/resoluciones/RESOLUCIONES%202009/9201.pdf HTTP/1.1" 200 516090
191.106.166.150 - - [18/Jul/2022:17:25:11 -0500] "POST /kwssiamovil/sm/setfile/f? HTTP/1.1" 200 381
181.63.220.121 - - [18/Jul/2022:17:25:19 -0500] "GET /BLA/resoluciones/RESOLUCIONES%202009/9202.pdf HTTP/1.1" 200 550235
181.63.220.121 - - [18/Jul/2022:17:25:20 -0500] "GET /BLA/resoluciones/RESOLUCIONES%202009/9203.pdf HTTP/1.1" 200 522591
181.63.220.121 - - [18/Jul/2022:17:25:21 -0500] "GET /BLA/resoluciones/RESOLUCIONES%202009/9204.pdf HTTP/1.1" 200 493741
181.63.220.121 - - [18/Jul/2022:17:25:23 -0500] "GET /BLA/resoluciones/RESOLUCIONES%202009/9205.pdf HTTP/1.1" 200 485627
181.63.220.121 - - [18/Jul/2022:17:25:24 -0500] "GET /BLA/resoluciones/RESOLUCIONES%202009/9206.pdf HTTP/1.1" 200 490287
181.63.220.121 - - [18/Jul/2022:17:25:25 -0500] "GET /BLA/resoluciones/RESOLUCIONES%202009/9207.pdf HTTP/1.1" 200 493977
181.63.220.121 - - [18/Jul/2022:17:25:27 -0500] "GET /BLA/resoluciones/RESOLUCIONES%202009/9208.pdf HTTP/1.1" 200 533467
181.63.220.121 - - [18/Jul/2022:17:25:28 -0500] "GET /BLA/resoluciones/RESOLUCIONES%202009/9209.pdf HTTP/1.1" 200 495045
181.63.220.121 - - [18/Jul/2022:17:25:29 -0500] "GET /BLA/resoluciones/RESOLUCIONES%202009/9210.pdf HTTP/1.1" 200 491043
181.63.220.121 - - [18/Jul/2022:17:25:31 -0500] "GET /BLA/resoluciones/RESOLUCIONES%202009/9211.pdf HTTP/1.1" 200 551074
181.63.220.121 - - [18/Jul/2022:17:25:33 -0500] "GET /BLA/resoluciones/RESOLUCIONES%202009/9212.pdf HTTP/1.1" 200 490521
172.22.2.4 - - [18/Jul/2022:17:24:09 -0500] "HEAD /BLA/boletinlegal/ HTTP/1.1" 200 -
201.245.192.253 - - [18/Jul/2022:17:26:03 -0500] "POST /kwsrmcab/Wsrmcab  HTTP/1.1" 200 45399
172.22.2.4 - - [18/Jul/2022:17:24:59 -0500] "GET /BLA/boletinlegal/ HTTP/1.1" 200 58122
216.245.221.92 - - [18/Jul/2022:17:27:28 -0500] "HEAD / HTTP/1.1" 200 -
191.106.166.150 - - [18/Jul/2022:17:27:31 -0500] "GET /kwssiamovil/sm/acme/a?s=U2FsdGVkX18A+9wP/TcrZaaHfuwmYi15+PsHqT5Cp0KIStKKg49wYmzZqJzRXWZdwCBjYHRVTegvOPDVdzpKp0o7V+SCaBtFWdLYaLo96ZAVBXney2nGJj2w4XSACmlPVf97yLh3TDsFIbLCjf9bsKeSlvGoIuIRexnIbVMy6VoRigSiFVN5wfyXVwKf9uc2X7BSVOgFGFgKAQi8EFN9ES32vv/BXoPV7Pyr7NSTVu4YOMHqJKFCYcC+IsmwVe8qNihkMUI8bLrnJ1ECqkGgpQ==&u=U2FsdGVkX19lDlTSuy7ij0geFau0ezi3nw0JN/ShzaQ=&y=U2FsdGVkX19RpQgrEHI1iI+DZngZ+wd+MKiFydvP4fA= HTTP/1.1" 200 25
191.106.166.150 - - [18/Jul/2022:17:27:32 -0500] "GET /kwssiamovil/sm/acme/a?s=U2FsdGVkX1/JtFPWErlqYUE5xp0ZGwcSOqJGus36iokJPnUkiQK3+NZkxCHiAhYym5s0gdbn0tGzOEyBO0rv+CoWWOlRx1M96l3dIe6XwWvSv8t1Ke+MDwdSxrLhbQ6oFas1UiqnKKHlLzi4KQfYN1qnrWzCTMTNMtfTsd+hQuBnicAdhYZxj4IyqND0l/tTAIjE2s0Xccj5AbJ6hyBdRN5VXrpNHcwlVCGG/7hBusBPfQY0opfM+AcU4vPUDtDxM0zkL/0NL1KX4/ITX3bTqc1bWinwwUkm3xKIGbYELhsmK4pDgzWBg98cH1RF9248quCfQLIdN0v1UcF57wEauKBovYt4mZDyjs9X5U5E+25vkZmTpIQsVA0laQed9xzKTXuDRWQSaXqfCR8XPMqioO1aE+/CElmq9DV93gX9Y8fM48asXAxeBNBi63OusLeI/bIv2liG30teF4S23DRo19Z1Q91yuZWGSU7swEdhGM/JNe7rC8LStgWa0HCSvuy43Xc3qbhPrVP5XXABPIm6WFz7SFZo0q74OyiqMzRj/GPxzxPZKhiK++rWreJ++AqSraNoF1UHLvTxzHI1rchTEQiEFkZD/SwZfiAFYu6S7IC8mEFNr9yn64ZbElHQJT0ghn6g7ZrTYKmdscAJeRlL6sMkBfDueVSUGmg0UgnPElHWZxxYmFd6OcSxK1U1vMM4HeeHLSqNNKem9DbBH/hSKtveO9jPSSJDYGwXPHUMrxgjQ+IhQAnxx/DtkQ8SI+DteFowxdm7W1VdJmPBS5qPiWAVQbJI2HrnCShUq2PDKVVXdeJn1Osy3uSuIIeRmDgPfCtfP/FwKtD0X9VUkpoC6ZlhHvnvib69iyPpDHqiaYLdwsUI9scMnwLYKMFKXQOlOHmUulpRQyynRc4xQS8ltJ1DLo+BqZZUnJV+eibwZ8ZM7WiMd1aUQMNV/+Bk17Qhmr2+uKlO8OapJZTQ+LCYbSoS4EAqb1pS61dHEkiwJXffxMfxUwUmiQvkGC/I4KZ2EtGOdcXCBK4nS+bdmnkQ8ZcLS3G30JAjPQz2YLuOoQ1dV+/GdlRfGPiwP3R2aMZ8iJrTWz9TOwJhRZtZnFf3U35ESzTeYczNZsLTHV0Hvw/ySM4EleRvHf4mx3QPWcx/KuFP9Rmma/p/8Y52SNr9S4NxkbJBfUm8sY8LZtCqgBJVQSx9a7IF5NzUTBR+UcYL43qkbqQI0/9YUKCxofDqYfTF5JAitZZdrubdDsA+6sa/n+wWyRzUXXZsT/ixUBI6w5h6yNyjgD/ioSgcybyK6UFGIX8oRQXGte10G8wT5g4UvOrRZN0mx1YezcMek6XGF+P5e2TKz0ouJ48t/cpCo8ncCrrnK/DZwzIPcCLn4y1SlQDi5aa0Yl02tZFRlKbJtfRtMjpKqXHQOvQ0DdrV1bZxY1V7XrhAlpQ7BXET7YWHc3W7eQW8RmS0QdMuim7F/8znFLBKau/EUuNOsFfPeQb3LoVRD3kPO75qBmW0PUGEZe83ASXrbgTGayCkRNlTmASqdpm+4daYNr1mWcRyoWVgaF2u6UIzz8i7/SuAd9piYRLd07RNhzKDT01mzpj9HJqGsMO1/lky8QIQZ6JK9fPcdwnOI9GTdKKSNxr/uW5Q6ls6hvd9j80CpP7X9zqud+5ySxpAarRK5C5jv+eGmeJIuUQkEV/hgb7wS+xzTQg0Sf2jtYn1UWk34v5OvzkjDbWf2J46G3eR0dSUbIDxTwRpMs4lTueJuhI/a826jcHIveap88oI0YfZGlciD8SQZ5AoB3MfrLO+t77CzE1dx4BkhKMunc3u9+OMRRjgEvUbpzX9FyWvC29m204jBWOv+I2wP1dzBzeNIh35RTX69YaClv6/IZzKqjahL/JdQBRvAW+QgZAHUaUutiK7MrCsJobBtYXnNe3VxTtJEGIfhrhV0vvoEXN4YYnlErbq3O8=&u=U2FsdGVkX19lDlTSuy7ij0geFau0ezi3nw0JN/ShzaQ=&y=U2FsdGVkX19RpQgrEHI1iI+DZngZ+wd+MKiFydvP4fA= HTTP/1.1" 200 25
191.106.166.150 - - [18/Jul/2022:17:27:32 -0500] "GET /kwssiamovil/sm/acme/a?s=U2FsdGVkX1+sWmB+1+4P37LIDbtOoEciksg5HQNXKZN2fDE6E3AVp5uENku/yigbHCxUeF/9l15WamgxP2cLg4MUSqL260Ff6b7v7eurLowqiK3y0XEPaMAUgfOhpw41CswIvQk/2QjSO/iaAhwUMcNbVHdxcMEzqiEMnerYszw=&u=U2FsdGVkX19lDlTSuy7ij0geFau0ezi3nw0JN/ShzaQ=&y=U2FsdGVkX19RpQgrEHI1iI+DZngZ+wd+MKiFydvP4fA= HTTP/1.1" 200 25
191.106.166.150 - - [18/Jul/2022:17:27:33 -0500] "GET /kwssiamovil/sm/acme/a?s=U2FsdGVkX1+1TVGpqhIgvZ2HooAw1Sih5c4QWL0YxoZ1vfDCGhGY39FUr3USJnaYgbb96bQwZV0AYvl3D8CrKWgNkEmwAR/mg66kA08IqEEYopM8RcrOuS1/pvIF4XEb+S7wty4cJI0V0fT1hu0qaoA6btx4OrIlfVh1WSxeqjs=&u=U2FsdGVkX19lDlTSuy7ij0geFau0ezi3nw0JN/ShzaQ=&y=U2FsdGVkX19RpQgrEHI1iI+DZngZ+wd+MKiFydvP4fA= HTTP/1.1" 200 25
191.106.166.150 - - [18/Jul/2022:17:27:33 -0500] "GET /kwssiamovil/sm/acme/a?s=U2FsdGVkX1/ir8dxAt8tCkyXezJxXh8Kcbi8Yr6qVT/10dcO8m3/cNlXXrcdx85T5v7/IP3tDoMofDeKFpLKQAVlJ9ZafDOgMRUcWTSVaFEcyOECy/4PqVpMv4f+yvy5zzgCmzYl0Gy6hqIRu0UXcGyoDrZlW3u/9lgkhCcQHA0=&u=U2FsdGVkX19lDlTSuy7ij0geFau0ezi3nw0JN/ShzaQ=&y=U2FsdGVkX19RpQgrEHI1iI+DZngZ+wd+MKiFydvP4fA= HTTP/1.1" 200 25
191.106.166.150 - - [18/Jul/2022:17:27:33 -0500] "GET /kwssiamovil/sm/acme/a?s=U2FsdGVkX18F+xfBRh0M3rfImctIGRGfP3TH/KtxSdiPrVvzlz+YJL6GE6zn20JWbk+zpsnm7E8GGm7gT94tR8gkgE4uXyZz9fQwUNToMg+KL6DchZskdolqHkWcJqqFddoRgfHijUo/bAl+V/QrzyzzNtPaETIuvVTuTx7Djo1doYyhf+vjbQc2XAEugX97&u=U2FsdGVkX19lDlTSuy7ij0geFau0ezi3nw0JN/ShzaQ=&y=U2FsdGVkX19RpQgrEHI1iI+DZngZ+wd+MKiFydvP4fA= HTTP/1.1" 200 25
191.106.166.150 - - [18/Jul/2022:17:27:34 -0500] "GET /kwssiamovil/sm/acme/a?s=U2FsdGVkX18jqDMA/9kTdHwtQzd+Adl/gHW1qwHYBHli8zxpljiwf3nObXWLuLjaufEyNQecOHgKLqPdi87jm3BAYEe2lfb68pPwcEZ77/+CSvBN9HXp1vEvXSrScyxcKcf1ecQMZHGhz31kT//OT7p5hm20syXPAiucg77xUYkFDNa1XHRCdi0Gnq2KHPhJLuAsdAh8DW/l3pvfUDi6Dw==&u=U2FsdGVkX19lDlTSuy7ij0geFau0ezi3nw0JN/ShzaQ=&y=U2FsdGVkX19RpQgrEHI1iI+DZngZ+wd+MKiFydvP4fA= HTTP/1.1" 200 25
191.106.166.150 - - [18/Jul/2022:17:27:34 -0500] "GET /kwssiamovil/sm/acme/a?s=U2FsdGVkX195Q2CqnKF1Vuco5ZdWuN30tnlAcPjvanQfu5z0KRAH4MMGtgPMiBg5+rGfF7K+QRtu+0L2M6a9B51HZEyP6KD3WMrK9hw5p2LzRric4OFN4a1s8FnnCVdnk4NVW4xsBYdM4v+iRzp7I2kBRqaXt2zqrAP1tMl3w24pyrWajSPaaasrYpto+eaw&u=U2FsdGVkX19lDlTSuy7ij0geFau0ezi3nw0JN/ShzaQ=&y=U2FsdGVkX19RpQgrEHI1iI+DZngZ+wd+MKiFydvP4fA= HTTP/1.1" 200 25
191.106.166.150 - - [18/Jul/2022:17:27:35 -0500] "GET /kwssiamovil/sm/acme/a?s=U2FsdGVkX1/AsADAHCFbgOm1Dcq/WL/IUPRmYsqXa398YLtFaO6IGUziXFHRdJvXkwJWNAks/T4BHePsPVsURbiCznHFhbbuPYPZD6tCIFLqE1Q3HpFZet0zTn38BpRl7MeyMBmvxnRa+yne7K08BdagQ/qBDQTNxshNiv0sgAgw/QiG5NDO3hele/2UyeBgH2bHLcUS81FJPANsklO7eA==&u=U2FsdGVkX19lDlTSuy7ij0geFau0ezi3nw0JN/ShzaQ=&y=U2FsdGVkX19RpQgrEHI1iI+DZngZ+wd+MKiFydvP4fA= HTTP/1.1" 200 25
191.106.166.150 - - [18/Jul/2022:17:27:35 -0500] "GET /kwssiamovil/sm/acme/a?s=U2FsdGVkX1+8kzMQ0aEUp+yrl5xAIuOHU4+mNFOkduyaduEXSpHOJ5reqgrzqmrygJ2TPWoLdIQM8pGNHr914VXfDi7ql2mw91s2q7XWTM8vR2+Pk8HhuUxUsvR2sRaVYJwVFgeyrBKeRaHdmK61nCmp067eQK7RImkiRHukGTQssy9w96X8Pq0HhjbMH+rw&u=U2FsdGVkX19lDlTSuy7ij0geFau0ezi3nw0JN/ShzaQ=&y=U2FsdGVkX19RpQgrEHI1iI+DZngZ+wd+MKiFydvP4fA= HTTP/1.1" 200 25
181.63.220.121 - - [18/Jul/2022:17:27:38 -0500] "GET /BLA/resoluciones/RESOLUCIONES%202009/9213.pdf HTTP/1.1" 200 517730
181.63.220.121 - - [18/Jul/2022:17:27:41 -0500] "GET /BLA/resoluciones/RESOLUCIONES%202009/9214.pdf HTTP/1.1" 200 533242
181.63.220.121 - - [18/Jul/2022:17:27:43 -0500] "GET /BLA/resoluciones/RESOLUCIONES%202009/9215.pdf HTTP/1.1" 200 492707
181.63.220.121 - - [18/Jul/2022:17:27:45 -0500] "GET /BLA/resoluciones/RESOLUCIONES%202009/9216.pdf HTTP/1.1" 200 487269
181.63.220.121 - - [18/Jul/2022:17:27:46 -0500] "GET /BLA/resoluciones/RESOLUCIONES%202009/9217.pdf HTTP/1.1" 200 436504
181.63.220.121 - - [18/Jul/2022:17:27:49 -0500] "GET /BLA/resoluciones/RESOLUCIONES%202009/9218.pdf HTTP/1.1" 200 507969
181.63.220.121 - - [18/Jul/2022:17:27:51 -0500] "GET /BLA/resoluciones/RESOLUCIONES%202009/9219.pdf HTTP/1.1" 200 511351
181.63.220.121 - - [18/Jul/2022:17:27:52 -0500] "GET /BLA/resoluciones/RESOLUCIONES%202009/9220.pdf HTTP/1.1" 200 491799
172.22.2.4 - - [18/Jul/2022:17:28:19 -0500] "GET /BLA/boletinlegal/consulta_actos.php?tipo=resoluciones&no=4511&usuario=&sector=&fecha=2021&resuelve= HTTP/1.1" 200 626
172.22.2.4 - - [18/Jul/2022:17:28:20 -0500] "GET /BLA/boletinlegal/consulta_actos.php?tipo=resoluciones&no=4511&usuario=&sector=&fecha=2021&resuelve= HTTP/1.1" 200 626
172.22.2.4 - - [18/Jul/2022:17:28:21 -0500] "GET /BLA/boletinlegal/consulta_actos.php?tipo=resoluciones&no=4511&usuario=&sector=&fecha=2021&resuelve= HTTP/1.1" 200 626
172.22.2.4 - - [18/Jul/2022:17:28:21 -0500] "GET /BLA/boletinlegal/consulta_actos.php?tipo=resoluciones&no=4511&usuario=&sector=&fecha=2021&resuelve= HTTP/1.1" 200 626
172.22.2.4 - - [18/Jul/2022:17:28:21 -0500] "GET /BLA/boletinlegal/consulta_actos.php?tipo=resoluciones&no=4511&usuario=&sector=&fecha=2021&resuelve= HTTP/1.1" 200 626
172.22.2.4 - - [18/Jul/2022:17:28:21 -0500] "GET /BLA/boletinlegal/consulta_actos.php?tipo=resoluciones&no=4511&usuario=&sector=&fecha=2021&resuelve= HTTP/1.1" 200 626
172.22.2.4 - - [18/Jul/2022:17:28:22 -0500] "GET /BLA/boletinlegal/consulta_actos.php?tipo=resoluciones&no=4511&usuario=&sector=&fecha=2021&resuelve= HTTP/1.1" 200 626
172.22.2.4 - - [18/Jul/2022:17:27:33 -0500] "GET /BLA/boletinlegal/ HTTP/1.1" 200 36811
186.102.11.212 - - [18/Jul/2022:17:28:50 -0500] "GET /kwssiamovil/sm/acme/a?s=U2FsdGVkX1/yiBGYDUqhCAhRhxAnpdU4mq7De/nMLg6iVdFhcmk1VwdPO46kwOu6RSAMWhlsza0Jt9ey0/8bosvkFa++gVIvRHiZYv0OZX/4ER6Yu7qZ+IsBnq2guBECMlKOvNhDdLnqx9ynhx7nM12lTZYO8pp0OD+OmZKOxVlSnZS+sCXpOgnvF/v4f4PWAsxXZQ1yuDWKdKKFg6w9yfPZkLeu826QOTj10ToZ48jc1doK0gXyCiXs+y0sRFUmsczGsBhYKoi7sk1fBddcjIdV/AGlhXtmBJPoBCnl2vo=&u=U2FsdGVkX1/J28r+x2He2DRK3LfN8G/o/viBSDK1Qb2xnVX6LfQWChFDAyauQf2Q&y=U2FsdGVkX1/PNEsETRmwqKPaNz0kMWtY6AW2ffcY6a4XWm+KMmeyHDXbz+91Zx6I HTTP/1.1" 200 25
186.102.11.212 - - [18/Jul/2022:17:28:51 -0500] "GET /kwssiamovil/sm/acme/a?s=U2FsdGVkX184fj0pHpUtY3aEVm7Da48KLrpHaTCxP76UL44BiQylJcbLJ0jYvdEwGxo0Eh7RReDH65RhkFKtQEwNfjWrC4i6wyxofKkHb0aLMq+ujz2rZPb8qzYj4hJ8Vr+dqLVkylHmihcm9ngISwydyERhv+0vrzHzcZxKsK4nb/26/K3pnkOgEEbpG7j0XqEMVkoWMqUhqNq+22rkXu2//8AJ08NHUDiEa3hWTwF/T3XntjVFZr3GdUK5c2TyquvMh+Bf2DioUnVO9Tumap74aw6xslT4c/A9eyAKEJtk4QPOfkzbQZhSF26+ucQG1R3rjNwiwoG/erNIB1MXE7W4r7KyP8o0lvrThJoU0eV/z6ASoz3oTR+22leTaugJXLtHTOywJxi8tNl3w1D8PR6t68a3g2kFWaCMagB8Vp0MvgVWA9Mnucn/Fxx9hm2zO11oeqx/LLtzQlT2tJ28Z3F459x21Cvdop4mAoWohRytKeZpw/s0VlQ4DUHjJ6nn4i+HPS2C3ooQ4V7kj4pJpo1q3bmhK3IUy1Bhi6TJcqb6CKDA0Hrhg2qQDJBemt+FPFU43uDazDoBk6a4/QMTwe95hA0VxX112O/agrJ0qu5I4GKU5XxP7bVpLy5UT5idO5/3rF7ASpBpj0OvU7xN//7jxGxzb4xa9vhurhqq4Wf1+QlxZ/1/A23fOa5ohXGVukWpb0HjYZx+MDx4Osew13Vn83QUl0CwTLj8TRnpdWdAHP36h4aw4Ftu+hKJTjOtrfVeS5goikGGk0n9pQBKNgHmkdcIRj9UrBflK4e4eznD+ZyDBFi8Kki07e8OKUwQZLXA6WZGFyZA7sJPomi5iQZYQcRaXOzQSuN6A5fVNxb3DO5JglsD0VJldW+B56C8hQvhJVmOrvLXRYMtROC6IlOAbLYR0J78l0BXKphvhxdkR16KaYHjBy6HcrWdgyI9DPXt23erW913A9VguLLl93cywKHKBKoHjVW8HeC6Nc/Gno5pjsNtoO6ysl5pUo1tCKa+e8K0Joq97XGmnz49oY6kD+p5N0FyfW8YfSmf9PASNr6r1bNw5hZ/8zN81nyFpeF6LUrvbHTYKeAhYyWNO90ZsEHfpbznTwJ6nx0s7AXj6aG7Ao6m2ruqnzUmQ7GuhTf/haj4xelEq0c988gKF33F2DNPow/+ThWw7oftqEWzQdGP/No1cmRi9/TRiY+bX/GGMkphkN9af7u21sfzKhJDP/9H7Ub8fqSJtVtj4BaBHhK5FAwQVfw/rrkymYBSspaXpC41ImslIpRjdfoajU6C0sKGj4cbASG4qPyGaiEU4xKF62RAHhMrdErJr608rdjsky72cAyRrvsLGkHg2SjK1iNIxpP+QqrTsAep7+8bFIpZ2XKESwvdygLBb8yWQpS68WaKXDcFuCUH91N3qDA2TnwUFYbnVlahZnOLXidNVde2FjUKyjwh8mhpmR7JcDkp/4tGwiNpljb11EhQTE/NchUkFGft2qzD+yibSujLoljcbvYX/NUMWUP9RZqb9vIxwRbB/sNJ8ixY3Te65qD8qf7ZXSdDrrQCTB8EbjP1xXZcXnA4Udr+3re0R6l5ucUQ/qIvUnmSMFIi9y/5Q8MhJ6sYOfs8s3FnTqSIsi2T3KukH/+b/QndEQ4zUzxlKll3+IVGgi76SwiJV/Hlkw==&u=U2FsdGVkX1/J28r+x2He2DRK3LfN8G/o/viBSDK1Qb2xnVX6LfQWChFDAyauQf2Q&y=U2FsdGVkX1/PNEsETRmwqKPaNz0kMWtY6AW2ffcY6a4XWm+KMmeyHDXbz+91Zx6I HTTP/1.1" 200 25
186.102.11.212 - - [18/Jul/2022:17:28:51 -0500] "GET /kwssiamovil/sm/acme/a?s=U2FsdGVkX195Wga8e38Ot/VzWka+D0EWkL5a7BiwtlhYi9RVlkPrHjPFlki6T8afi1oC7MQwogLyKbkBk2guKdLyPZmTmkvfe0fdyj6kMJyPUl9ejdEAJjfBL1KrwNSyC6f+02DffSecDryjDGVndLYdK4G4DO0/jo9T9yvzieM=&u=U2FsdGVkX1/J28r+x2He2DRK3LfN8G/o/viBSDK1Qb2xnVX6LfQWChFDAyauQf2Q&y=U2FsdGVkX1/PNEsETRmwqKPaNz0kMWtY6AW2ffcY6a4XWm+KMmeyHDXbz+91Zx6I HTTP/1.1" 200 25
186.102.11.212 - - [18/Jul/2022:17:28:51 -0500] "GET /kwssiamovil/sm/acme/a?s=U2FsdGVkX1+zZwHrJdNCSlhGsbseF3alRZtBWeGF/9WNrJKKn/HTGBraEzSABIXQ59lPe1FBHwNjyr92a3ePe4DsjHjovIr720IhfcPUFnQhV1Cfz959o97PfJDj+pzRZxXLozg8bPpIDtHrxgsyZbYapzS9Srk1Cn3kMxh4kYk=&u=U2FsdGVkX1/J28r+x2He2DRK3LfN8G/o/viBSDK1Qb2xnVX6LfQWChFDAyauQf2Q&y=U2FsdGVkX1/PNEsETRmwqKPaNz0kMWtY6AW2ffcY6a4XWm+KMmeyHDXbz+91Zx6I HTTP/1.1" 200 25
186.102.11.212 - - [18/Jul/2022:17:28:51 -0500] "GET /kwssiamovil/sm/acme/a?s=U2FsdGVkX19bm9QjFmH0YOn372pyvBrdIB5dONXDnIi5OEAD5zrc8wtCnLxJFjPFVhubHjAmToP0gJPV1SlLDzI5nAZiBKSEEeg5qPwVrn9h3Pkemnc4+GlYgInC5fgGdwULEvIhI0i0W6tbsN8Eg9INtoU6MyQHhqcTenQGLKM=&u=U2FsdGVkX1/J28r+x2He2DRK3LfN8G/o/viBSDK1Qb2xnVX6LfQWChFDAyauQf2Q&y=U2FsdGVkX1/PNEsETRmwqKPaNz0kMWtY6AW2ffcY6a4XWm+KMmeyHDXbz+91Zx6I HTTP/1.1" 200 25
186.102.11.212 - - [18/Jul/2022:17:28:51 -0500] "GET /kwssiamovil/sm/acme/a?s=U2FsdGVkX1/KvMnwKhQYFJNJ9FV8OZ3nQSi0of1tTMiCDEZXpBe5acGV1Ur4qPtjYq4xuWj2k7/rZePQu07H1xJgfR7P+7pooimIqUUEhy8DjsUS5SHdw3Cw7b7JqWAI2ZzYg65WTwAjXOQKAkEyJ+oq+KqFsNDM0PFvB50n9Ob8L+QjF7m3sgAorhrGbIYIIRAwT0xFnydc6JWQAFcvEg==&u=U2FsdGVkX1/J28r+x2He2DRK3LfN8G/o/viBSDK1Qb2xnVX6LfQWChFDAyauQf2Q&y=U2FsdGVkX1/PNEsETRmwqKPaNz0kMWtY6AW2ffcY6a4XWm+KMmeyHDXbz+91Zx6I HTTP/1.1" 200 25
181.63.220.121 - - [18/Jul/2022:17:28:52 -0500] "GET /BLA/resoluciones/RESOLUCIONES%202009/9221.pdf HTTP/1.1" 200 486447
181.63.220.121 - - [18/Jul/2022:17:28:53 -0500] "GET /BLA/resoluciones/RESOLUCIONES%202009/9222.pdf HTTP/1.1" 200 488557
181.63.220.121 - - [18/Jul/2022:17:28:54 -0500] "GET /BLA/resoluciones/RESOLUCIONES%202009/9223.pdf HTTP/1.1" 200 480805
181.63.220.121 - - [18/Jul/2022:17:28:55 -0500] "GET /BLA/resoluciones/RESOLUCIONES%202009/9224.pdf HTTP/1.1" 200 491843
181.63.220.121 - - [18/Jul/2022:17:28:57 -0500] "GET /BLA/resoluciones/RESOLUCIONES%202009/9225.pdf HTTP/1.1" 200 517236
172.22.2.4 - - [18/Jul/2022:17:28:58 -0500] "GET /BLA/boletinlegal/consulta_actos.php?tipo=resoluciones&no=4511&usuario=&sector=&fecha=2021&resuelve= HTTP/1.1" 200 626
172.22.2.4 - - [18/Jul/2022:17:28:58 -0500] "GET /BLA/boletinlegal/consulta_actos.php?tipo=resoluciones&no=4511&usuario=&sector=&fecha=2021&resuelve= HTTP/1.1" 200 626
181.63.220.121 - - [18/Jul/2022:17:28:59 -0500] "GET /BLA/resoluciones/RESOLUCIONES%202009/9226.pdf HTTP/1.1" 200 511870
181.63.220.121 - - [18/Jul/2022:17:29:00 -0500] "GET /BLA/resoluciones/RESOLUCIONES%202009/9227.pdf HTTP/1.1" 200 507632
181.63.220.121 - - [18/Jul/2022:17:29:01 -0500] "GET /BLA/resoluciones/RESOLUCIONES%202009/9228.pdf HTTP/1.1" 200 510770
181.63.220.121 - - [18/Jul/2022:17:29:02 -0500] "GET /BLA/resoluciones/RESOLUCIONES%202009/9229.pdf HTTP/1.1" 200 519170
181.63.220.121 - - [18/Jul/2022:17:29:03 -0500] "GET /BLA/resoluciones/RESOLUCIONES%202009/9230.pdf HTTP/1.1" 200 520196
181.63.220.121 - - [18/Jul/2022:17:29:04 -0500] "GET /BLA/resoluciones/RESOLUCIONES%202009/9231.pdf HTTP/1.1" 200 525196
181.63.220.121 - - [18/Jul/2022:17:29:05 -0500] "GET /BLA/resoluciones/RESOLUCIONES%202009/9232.pdf HTTP/1.1" 200 519690
181.63.220.121 - - [18/Jul/2022:17:29:06 -0500] "GET /BLA/resoluciones/RESOLUCIONES%202009/9233.pdf HTTP/1.1" 200 491117
181.63.220.121 - - [18/Jul/2022:17:29:07 -0500] "GET /BLA/resoluciones/RESOLUCIONES%202009/9234.pdf HTTP/1.1" 200 522472
181.63.220.121 - - [18/Jul/2022:17:29:08 -0500] "GET /BLA/resoluciones/RESOLUCIONES%202009/9235.pdf HTTP/1.1" 200 495596
181.63.220.121 - - [18/Jul/2022:17:29:09 -0500] "GET /BLA/resoluciones/RESOLUCIONES%202009/9236.pdf HTTP/1.1" 200 517446
181.63.220.121 - - [18/Jul/2022:17:29:11 -0500] "GET /BLA/resoluciones/RESOLUCIONES%202009/9237.pdf HTTP/1.1" 200 517093
181.63.220.121 - - [18/Jul/2022:17:29:13 -0500] "GET /BLA/resoluciones/RESOLUCIONES%202009/9238.pdf HTTP/1.1" 200 518714
181.63.220.121 - - [18/Jul/2022:17:29:14 -0500] "GET /BLA/resoluciones/RESOLUCIONES%202009/9239.pdf HTTP/1.1" 200 492432
181.63.220.121 - - [18/Jul/2022:17:29:16 -0500] "GET /BLA/resoluciones/RESOLUCIONES%202009/9240.pdf HTTP/1.1" 200 495023
181.63.220.121 - - [18/Jul/2022:17:29:17 -0500] "GET /BLA/resoluciones/RESOLUCIONES%202009/9241.pdf HTTP/1.1" 200 518528
181.63.220.121 - - [18/Jul/2022:17:29:19 -0500] "GET /BLA/resoluciones/RESOLUCIONES%202009/9242.pdf HTTP/1.1" 200 495905
181.63.220.121 - - [18/Jul/2022:17:29:20 -0500] "GET /BLA/resoluciones/RESOLUCIONES%202009/9243.pdf HTTP/1.1" 200 494398
181.63.220.121 - - [18/Jul/2022:17:29:22 -0500] "GET /BLA/resoluciones/RESOLUCIONES%202009/9244.pdf HTTP/1.1" 200 492921
181.63.220.121 - - [18/Jul/2022:17:29:24 -0500] "GET /BLA/resoluciones/RESOLUCIONES%202009/9245.pdf HTTP/1.1" 200 500385
181.63.220.121 - - [18/Jul/2022:17:29:25 -0500] "GET /BLA/resoluciones/RESOLUCIONES%202009/9246.pdf HTTP/1.1" 200 494715
172.22.2.4 - - [18/Jul/2022:17:29:26 -0500] "GET /BLA/boletinlegal/consulta_actos.php?tipo=resoluciones&no=4511&usuario=&sector=&fecha=2021&resuelve= HTTP/1.1" 200 626
181.63.220.121 - - [18/Jul/2022:17:29:27 -0500] "GET /BLA/resoluciones/RESOLUCIONES%202009/9247.pdf HTTP/1.1" 200 498110
181.63.220.121 - - [18/Jul/2022:17:29:28 -0500] "GET /BLA/resoluciones/RESOLUCIONES%202009/9248.pdf HTTP/1.1" 200 495996
172.22.2.4 - - [18/Jul/2022:17:29:29 -0500] "GET /BLA/boletinlegal/consulta_actos.php?tipo=autos&no=4511&usuario=&sector=&fecha=2021&resuelve= HTTP/1.1" 200 1067
181.63.220.121 - - [18/Jul/2022:17:29:30 -0500] "GET /BLA/resoluciones/RESOLUCIONES%202009/9249.pdf HTTP/1.1" 200 492954
181.63.220.121 - - [18/Jul/2022:17:29:32 -0500] "GET /BLA/resoluciones/RESOLUCIONES%202009/9250.pdf HTTP/1.1" 200 494251
201.245.192.253 - - [18/Jul/2022:17:30:34 -0500] "POST /kwsrmcab/Wsrmcab HTTP/1.1" 200 47404
201.245.192.253 - - [18/Jul/2022:17:30:38 -0500] "POST /kwsrmcab/Wsrmcab HTTP/1.1" 200 47215
186.144.234.173 - - [18/Jul/2022:17:30:49 -0500] "GET /BLA/resoluciones/index.php?dir=2018%2F HTTP/1.1" 200 1608
157.55.39.114 - - [18/Jul/2022:17:30:52 -0500] "GET /BLA/resoluciones/RESOLUCIONES%202018/1466.pdf HTTP/1.1" 200 339441
172.22.2.4 - - [18/Jul/2022:17:31:02 -0500] "GET /BLA/boletinlegal/actos.php HTTP/1.1" 200 9559
181.63.220.121 - - [18/Jul/2022:17:31:03 -0500] "GET /BLA/resoluciones/RESOLUCIONES%202009/9251.pdf HTTP/1.1" 200 122168
186.144.234.173 - - [18/Jul/2022:17:31:03 -0500] "GET /BLA/resoluciones/ HTTP/1.1" 200 13093
181.63.220.121 - - [18/Jul/2022:17:31:04 -0500] "GET /BLA/resoluciones/RESOLUCIONES%202009/9252.pdf HTTP/1.1" 200 416490
201.245.192.253 - - [18/Jul/2022:17:31:03 -0500] "POST /kwsrmcab/Wsrmcab  HTTP/1.1" 200 45399
181.63.220.121 - - [18/Jul/2022:17:31:06 -0500] "GET /BLA/resoluciones/RESOLUCIONES%202009/9253.pdf HTTP/1.1" 200 154820
181.63.220.121 - - [18/Jul/2022:17:31:07 -0500] "GET /BLA/resoluciones/RESOLUCIONES%202009/9254.pdf HTTP/1.1" 200 498779
181.63.220.121 - - [18/Jul/2022:17:31:10 -0500] "GET /BLA/resoluciones/RESOLUCIONES%202009/9255.pdf HTTP/1.1" 200 486355
181.63.220.121 - - [18/Jul/2022:17:31:12 -0500] "GET /BLA/resoluciones/RESOLUCIONES%202009/9256.pdf HTTP/1.1" 200 483913
181.63.220.121 - - [18/Jul/2022:17:31:13 -0500] "GET /BLA/resoluciones/RESOLUCIONES%202009/9257.pdf HTTP/1.1" 200 487051
181.63.220.121 - - [18/Jul/2022:17:31:15 -0500] "GET /BLA/resoluciones/RESOLUCIONES%202009/9258.pdf HTTP/1.1" 200 524378
186.144.234.173 - - [18/Jul/2022:17:31:16 -0500] "GET /BLA/resoluciones/index.php?dir=2018%2F HTTP/1.1" 200 1608
181.63.220.121 - - [18/Jul/2022:17:31:17 -0500] "GET /BLA/resoluciones/RESOLUCIONES%202009/9259.pdf HTTP/1.1" 200 485575
181.63.220.121 - - [18/Jul/2022:17:31:18 -0500] "GET /BLA/resoluciones/RESOLUCIONES%202009/9260.pdf HTTP/1.1" 200 487979
181.63.220.121 - - [18/Jul/2022:17:31:22 -0500] "GET /BLA/resoluciones/RESOLUCIONES%202009/9261.pdf HTTP/1.1" 200 480661
181.63.220.121 - - [18/Jul/2022:17:31:23 -0500] "GET /BLA/resoluciones/RESOLUCIONES%202009/9262.pdf HTTP/1.1" 200 532063
181.63.220.121 - - [18/Jul/2022:17:31:25 -0500] "GET /BLA/resoluciones/RESOLUCIONES%202009/9263.pdf HTTP/1.1" 200 531052
181.63.220.121 - - [18/Jul/2022:17:31:27 -0500] "GET /BLA/resoluciones/RESOLUCIONES%202009/9264.pdf HTTP/1.1" 200 260669
181.63.220.121 - - [18/Jul/2022:17:31:29 -0500] "GET /BLA/resoluciones/RESOLUCIONES%202009/9265.pdf HTTP/1.1" 200 526984
181.63.220.121 - - [18/Jul/2022:17:31:31 -0500] "GET /BLA/resoluciones/RESOLUCIONES%202009/9266.pdf HTTP/1.1" 200 540938
181.63.220.121 - - [18/Jul/2022:17:31:33 -0500] "GET /BLA/resoluciones/RESOLUCIONES%202009/9267.pdf HTTP/1.1" 200 482081
181.63.220.121 - - [18/Jul/2022:17:31:35 -0500] "GET /BLA/resoluciones/RESOLUCIONES%202009/9268.pdf HTTP/1.1" 200 488423
181.63.220.121 - - [18/Jul/2022:17:31:36 -0500] "GET /BLA/resoluciones/RESOLUCIONES%202009/9269.pdf HTTP/1.1" 200 515381
181.63.220.121 - - [18/Jul/2022:17:31:37 -0500] "GET /BLA/resoluciones/RESOLUCIONES%202009/9270.pdf HTTP/1.1" 200 479891
172.22.2.4 - - [18/Jul/2022:17:29:59 -0500] "HEAD /BLA/boletinlegal/ HTTP/1.1" 200 -
181.63.220.121 - - [18/Jul/2022:17:31:40 -0500] "GET /BLA/resoluciones/RESOLUCIONES%202009/9271.pdf HTTP/1.1" 200 482897
181.63.220.121 - - [18/Jul/2022:17:31:45 -0500] "GET /BLA/resoluciones/RESOLUCIONES%202009/9272.pdf HTTP/1.1" 200 487139
181.63.220.121 - - [18/Jul/2022:17:31:48 -0500] "GET /BLA/resoluciones/RESOLUCIONES%202009/9273.pdf HTTP/1.1" 200 510554
181.63.220.121 - - [18/Jul/2022:17:31:50 -0500] "GET /BLA/resoluciones/RESOLUCIONES%202009/9274.pdf HTTP/1.1" 200 514168
172.22.2.4 - - [18/Jul/2022:17:31:00 -0500] "GET /BLA/boletinlegal/ HTTP/1.1" 200 24523
181.63.220.121 - - [18/Jul/2022:17:31:53 -0500] "GET /BLA/resoluciones/RESOLUCIONES%202009/9275.pdf HTTP/1.1" 200 512548
181.63.220.121 - - [18/Jul/2022:17:31:54 -0500] "GET /BLA/resoluciones/RESOLUCIONES%202009/9276.pdf HTTP/1.1" 200 479393
181.63.220.121 - - [18/Jul/2022:17:31:56 -0500] "GET /BLA/resoluciones/RESOLUCIONES%202009/9277.pdf HTTP/1.1" 200 512818
181.63.220.121 - - [18/Jul/2022:17:31:58 -0500] "GET /BLA/resoluciones/RESOLUCIONES%202009/9278.pdf HTTP/1.1" 200 606450
181.63.220.121 - - [18/Jul/2022:17:32:00 -0500] "GET /BLA/resoluciones/RESOLUCIONES%202009/9279.pdf HTTP/1.1" 200 588613
181.63.220.121 - - [18/Jul/2022:17:32:02 -0500] "GET /BLA/resoluciones/RESOLUCIONES%202009/9280.pdf HTTP/1.1" 200 512619
216.245.221.92 - - [18/Jul/2022:17:32:28 -0500] "HEAD / HTTP/1.1" 200 -
172.22.2.4 - - [18/Jul/2022:17:30:49 -0500] "GET /BLA/boletinlegal/ HTTP/1.1" 200 54359
181.63.220.121 - - [18/Jul/2022:17:32:56 -0500] "GET /BLA/resoluciones/RESOLUCIONES%202009/9281.pdf HTTP/1.1" 200 519649
181.63.220.121 - - [18/Jul/2022:17:32:58 -0500] "GET /BLA/resoluciones/RESOLUCIONES%202009/9282.pdf HTTP/1.1" 200 514877
181.63.220.121 - - [18/Jul/2022:17:33:00 -0500] "GET /BLA/resoluciones/RESOLUCIONES%202009/9283.pdf HTTP/1.1" 200 563591
181.63.220.121 - - [18/Jul/2022:17:33:02 -0500] "GET /BLA/resoluciones/RESOLUCIONES%202009/9284.pdf HTTP/1.1" 200 515573
181.63.220.121 - - [18/Jul/2022:17:33:03 -0500] "GET /BLA/resoluciones/RESOLUCIONES%202009/9285.pdf HTTP/1.1" 200 532763
181.63.220.121 - - [18/Jul/2022:17:33:04 -0500] "GET /BLA/resoluciones/RESOLUCIONES%202009/9286.pdf HTTP/1.1" 200 88645
181.63.220.121 - - [18/Jul/2022:17:33:05 -0500] "GET /BLA/resoluciones/RESOLUCIONES%202009/9287.pdf HTTP/1.1" 200 1863732
181.63.220.121 - - [18/Jul/2022:17:33:06 -0500] "GET /BLA/resoluciones/RESOLUCIONES%202009/9288.pdf HTTP/1.1" 200 298018
181.63.220.121 - - [18/Jul/2022:17:33:08 -0500] "GET /BLA/resoluciones/RESOLUCIONES%202009/9289.pdf HTTP/1.1" 200 523515
181.63.220.121 - - [18/Jul/2022:17:33:09 -0500] "GET /BLA/resoluciones/RESOLUCIONES%202009/9290.pdf HTTP/1.1" 200 507059
181.63.220.121 - - [18/Jul/2022:17:33:10 -0500] "GET /BLA/resoluciones/RESOLUCIONES%202009/9291.pdf HTTP/1.1" 200 137975
181.63.220.121 - - [18/Jul/2022:17:33:11 -0500] "GET /BLA/resoluciones/RESOLUCIONES%202009/9292.pdf HTTP/1.1" 200 235791
181.63.220.121 - - [18/Jul/2022:17:33:13 -0500] "GET /BLA/resoluciones/RESOLUCIONES%202009/9293.pdf HTTP/1.1" 200 103032
181.63.220.121 - - [18/Jul/2022:17:33:14 -0500] "GET /BLA/resoluciones/RESOLUCIONES%202009/9294.pdf HTTP/1.1" 200 94879
181.63.220.121 - - [18/Jul/2022:17:33:15 -0500] "GET /BLA/resoluciones/RESOLUCIONES%202009/9295.pdf HTTP/1.1" 200 785019
181.63.220.121 - - [18/Jul/2022:17:33:17 -0500] "GET /BLA/resoluciones/RESOLUCIONES%202009/9296.pdf HTTP/1.1" 200 754033
181.63.220.121 - - [18/Jul/2022:17:33:18 -0500] "GET /BLA/resoluciones/RESOLUCIONES%202009/9297.pdf HTTP/1.1" 200 836647
181.63.220.121 - - [18/Jul/2022:17:33:19 -0500] "GET /BLA/resoluciones/RESOLUCIONES%202009/9298.pdf HTTP/1.1" 200 401308
181.63.220.121 - - [18/Jul/2022:17:33:20 -0500] "GET /BLA/resoluciones/RESOLUCIONES%202009/9299.pdf HTTP/1.1" 200 827511
181.63.220.121 - - [18/Jul/2022:17:33:22 -0500] "GET /BLA/resoluciones/RESOLUCIONES%202009/9300.pdf HTTP/1.1" 200 475933
181.63.220.121 - - [18/Jul/2022:17:33:24 -0500] "GET /BLA/resoluciones/RESOLUCIONES%202009/9302.pdf HTTP/1.1" 200 1211709
181.63.220.121 - - [18/Jul/2022:17:33:23 -0500] "GET /BLA/resoluciones/RESOLUCIONES%202009/9301.pdf HTTP/1.1" 200 9329152
181.63.220.121 - - [18/Jul/2022:17:33:26 -0500] "GET /BLA/resoluciones/RESOLUCIONES%202009/9303.pdf HTTP/1.1" 200 1432975
181.63.220.121 - - [18/Jul/2022:17:33:27 -0500] "GET /BLA/resoluciones/RESOLUCIONES%202009/9304.pdf HTTP/1.1" 200 907000
181.63.220.121 - - [18/Jul/2022:17:33:30 -0500] "GET /BLA/resoluciones/RESOLUCIONES%202009/9305.pdf HTTP/1.1" 200 573609
181.63.220.121 - - [18/Jul/2022:17:33:32 -0500] "GET /BLA/resoluciones/RESOLUCIONES%202009/9306.pdf HTTP/1.1" 200 603185
181.63.220.121 - - [18/Jul/2022:17:33:35 -0500] "GET /BLA/resoluciones/RESOLUCIONES%202009/9307.pdf HTTP/1.1" 200 257527
181.63.220.121 - - [18/Jul/2022:17:33:36 -0500] "GET /BLA/resoluciones/RESOLUCIONES%202009/9308.pdf HTTP/1.1" 200 448913
181.63.220.121 - - [18/Jul/2022:17:33:38 -0500] "GET /BLA/resoluciones/RESOLUCIONES%202009/9309.pdf HTTP/1.1" 200 452919
181.63.220.121 - - [18/Jul/2022:17:33:44 -0500] "GET /BLA/resoluciones/RESOLUCIONES%202009/9310.pdf HTTP/1.1" 200 578894
69.171.231.4 - - [18/Jul/2022:17:33:46 -0500] "GET /alcaldesa-claudia-lopez-sembro-el-arbol-numero-100-mil-de-su-administracion.html HTTP/1.1" 206 1031
181.63.220.121 - - [18/Jul/2022:17:33:47 -0500] "GET /BLA/resoluciones/RESOLUCIONES%202009/9311.pdf HTTP/1.1" 200 444941
181.63.220.121 - - [18/Jul/2022:17:33:52 -0500] "GET /BLA/resoluciones/RESOLUCIONES%202009/9312.pdf HTTP/1.1" 200 443227
186.102.13.156 - - [18/Jul/2022:17:33:59 -0500] "GET /kwssiamovil/sm/ldap/au?x=U2FsdGVkX19VARH9nzdnefx2aCmoU0TQZKdchLNWhtQKV8GV1JOLGKX4Dm89fBML&y=U2FsdGVkX192fqiOzuMItpa+/GVAYAfItYkHFtDtv5RbuuGQ7DzWx3BHePvTLr7F HTTP/1.1" 200 30
186.102.13.156 - - [18/Jul/2022:17:33:59 -0500] "GET /kwssiamovil/sm/acme/s?s=U2FsdGVkX1/Qqu0ci8WjxjbGP0JJdYELcQO4sMF5IDiUtxAbcxjDRdkhjvbBU2XXuR3wFXoRS8yKSXeo6LumprrY++XklnR/hDTueVUWTmo=&u=U2FsdGVkX1+5ezotVmc9tb/pvYJtlaj5LQfnBwNAZ40=&y=U2FsdGVkX192fqiOzuMItpa+/GVAYAfItYkHFtDtv5RbuuGQ7DzWx3BHePvTLr7F HTTP/1.1" 200 97
186.102.13.156 - - [18/Jul/2022:17:33:59 -0500] "GET /kwssiamovil/sm/acme/s?s=U2FsdGVkX19iccgbcfCfyZcpmkeHVeptE09Y8KZp2O6epy/cWtuquX9VXL8wmXnrs/YDolSwYJ+I8gVyZJMHSS26j/q3HSqoCvrJak5seLJvI4iFO3+qwStybR2Zq06eIaksgLojAa737fToktGgoT51UnW+YUFqGscQtChYYOJuETga/WGHTFAb5dhyRXRDmGxMktvOVfSxRZDSqcCs8VfSrir7xSGA9WPZgwXaBDS4aRWb9tYxEDaM1rGUcrltnZqQgTHNHZs6AT+tEwfmduxURpWbPQAhwEyYHxWMR8UrpHCz7xghoh70QtbqA69ptArqLITumDGoRSxydEl+MGfSf87Uf5J6PcPYKBwdeknDiudAJcPysPanv6eFT7TmWUilQiAy4cn7kUNGyVN7JBN02MPM3T0+GyrdtW9cIafCbqah24Et8SM67GNsTB6kowXgCQb6fuogxRM1nE85jN6kWcmRC64Aq++ikIh3oBd9hS0agv5orPt/8muBLJlswUrJXq8tlWua9OA5qoY8xWoqs33gWk98gbEMdt8n9zmqI1oBZ/WBfKiJ+NqstrGO1CPg2ED45F7O9GUTJgGdd2rNo7OObJ35tGUC7PuTv3acjwt24RliVLJQ9T5Nfr/EMY7KeaBHpATSMRUBjOX86UhtfGL//WBbPYyE4/NZYb8MtZxCQDrtwjTEUG6UAmaPp52/+5TbCdq6UDdeUIHT/iiGV7sExMWmHTnSdi/K0VidMcccjOJPZW39WNL6a1/uaDC4G1CNdfHEes/Bjf7bFO+dn0Rgr4oGWYC4GXI35o/TfOnHXRzj7P1ePOpZ4NsUzgsgEWGJ2xD598lJ+iiKaDm/2DTrVgNZGxl+qw/YnP7VpxHi6pTlPU/btLnvXoB1a+8h0Y817D5QXrkJb4IRMhoM/j77g3kHQjaVLCgLVrBrhYx97zibJDA1nVUVBORSzcUotMYSL9nE7GN1iallvhw4EuPFi+lPgDh4cfKyyw+QG8Lz29a/5xihKnKWRCB46nkGFCihAjQZpM88TXheH/0mSeTIoLGDZR7mNi9rFat00bfXZvO+17AQD0gw7GtLLWsySnpq6l3Xp34rbhB6wvGHV+MfDELj3iEfSHsTB7dQgUSCP3RVo8uBf/n+r91BjK1sZBdYFWUms0ZG5FggDeNG8KlBi5nKHRlbm9z2BPJsq6NERUMUwKcbx3dm2xiWwWeUBOq11TLMJ/PB3aC+j6t7fswIvHZBF/WuVMcZMeHneTeQGq43flbjecODdjziWilkFBDA4on3jTUDzEVuvOoycTYX5WI+QPnn/9SPipNpOE45oRhfV5DYMFk3G3HNzfH7MUcSnwMHPWvyOGI7usCk8n2lfCyERh6aqRB9Tg0=&u=U2FsdGVkX1+5ezotVmc9tb/pvYJtlaj5LQfnBwNAZ40=&y=U2FsdGVkX192fqiOzuMItpa+/GVAYAfItYkHFtDtv5RbuuGQ7DzWx3BHePvTLr7F HTTP/1.1" 200 968
186.102.13.156 - - [18/Jul/2022:17:33:59 -0500] "GET /kwssiamovil/sm/acme/s?s=U2FsdGVkX1+N0a4AcxbSsDr0hUS3BERNdtWeK9cCCG18nfSgV2Qln/YhgImlltUtyIfvJMV8bTzhKylBKaGkODBAu/7k4pJ3nOSjR9VBatHzRXCaPRDa9vOPrOXENNVjxPAakbp7d3yaWhiSqqW0yZ9RWT75Z7KS0AmMyJhN4rymmXkluQ3HQoQ8BS2cvvvGj/T7q0FaFySIAAJEV4M8HZxS1gz0SeFGN8B67Pyy4X/kJw9XlXyd5i3/aL/OQXZXVuYq0xvo/bsCQxoFNQ0qYIcveru0a3niRIfxmkliAKE=&u=U2FsdGVkX1+5ezotVmc9tb/pvYJtlaj5LQfnBwNAZ40=&y=U2FsdGVkX192fqiOzuMItpa+/GVAYAfItYkHFtDtv5RbuuGQ7DzWx3BHePvTLr7F HTTP/1.1" 200 176
186.102.13.156 - - [18/Jul/2022:17:33:59 -0500] "GET /kwssiamovil/sm/cjson/pre?f=1&x=U2FsdGVkX19VARH9nzdnefx2aCmoU0TQZKdchLNWhtQKV8GV1JOLGKX4Dm89fBML HTTP/1.1" 200 30992
172.22.2.4 - - [18/Jul/2022:17:34:58 -0500] "GET /BLA/boletinlegal/actos.php HTTP/1.1" 200 9559
186.144.234.173 - - [18/Jul/2022:17:35:00 -0500] "GET /BLA/resoluciones/ HTTP/1.1" 200 13093
186.102.13.156 - - [18/Jul/2022:17:35:15 -0500] "GET /kwssiamovil/sm/acme/a?s=U2FsdGVkX1+ySJVIhnvR1TiWJlIncTwIVp1F85k4WXo7gioiqnZARQ0LN9iFKjmoCzqqK94F1yvsIIoX8ZZNUdFwGPzT06ziH2rwvlWMouIBDmWV5ispdUB/0sAyVOzGsg+afASjAPLwxkRyjeRehfp/YIhND3g7W4Q2+GgNyDubiFjhkhat55OFfgiHTvGeCmao8KvhXLkyqdZeKD95SdCWxkzouSGji05GUtj5o2uBVmzPTR6/XbfoltIA1zynHwCRPL41HdzpZOvTRvqVLg==&u=U2FsdGVkX1+5ezotVmc9tb/pvYJtlaj5LQfnBwNAZ40=&y=U2FsdGVkX192fqiOzuMItpa+/GVAYAfItYkHFtDtv5RbuuGQ7DzWx3BHePvTLr7F HTTP/1.1" 200 25
186.102.13.156 - - [18/Jul/2022:17:35:15 -0500] "GET /kwssiamovil/sm/acme/a?s=U2FsdGVkX1/nm6MAl8VpIiUU7qTStN6gayj6zWKXrkBCZ2XA8AcRWNtHrCpXoc8xHxs9cOqV1/2MMhq3sZSp2XLxn55qPU7Z+uLWim3vu+3CZ3/1L66AtzBg/vqfBHruF/zesgEZC/r/zlv+7RYR1o+Rg5wINgiHa1+n4gg+LGZH3UZcwy3/irer6zKBxeui1WSGndETUGMeoqQLC/m7iU4CHTByuEwg5Rt/1sVWwsQnBzuBUWTIcIDymuGMbepLPZiID6jSjDkzlqHGFbDyuIL2thJaNhxQX1cjqBvkbQEKIa3XsL4tdF44hjTWuTsNW5q3oz0XS+nVfbj00PHp8B927lgNYZTO+XS3QGVoi+f9gLgnc64mVixF14fnx3syxBGTw1lVhmRBVzEqUYKvjTYOoEGr76wy/glTj1GUNykEepV36l+IeYf6rFaBc+igaoIszmFHfpMj63GOeDiedJ6AKr1rjCOh6tJO7OHgQ3eb1A80FXOcBGVYlvbfWW8ulVeNf4Y40JVgyC4y8n00M851VvAGPwtVefQCXaSFfb/y9JbRZKkvolXIqHm7XQ1Sn9gocQ78di8lY07iFcMYZgdtpA4/jrk/LgPD6el37FrV0krKHJUvWUu57l/1ltGejO8JCnQlQZJ+VDrGm5jO5mT3N8jnxTxhIHiCnNPnqCeB62tYF4dfKGebv60reDahGkCFCVOYTeslOhlsRqXX4ydrMUpnNQTH/z1fsOr4fTK5LD5g5DrL8gNrWN5KfK4R1j+fB+ZfiAVtqS8mMAZiYDYhS2e+INXoK6LiNHgDP2mSmRhDDXt7IBgG1yCd/43bu35VV8JcCzTwE2CmD+r+VlxD2u/c+TuBtBd/FSL8ZIUB7W59C/gWK6FJj0FpsmkA9j+c2qwhZ8DRqkC086ZfOjz/GW7MemuRH5iToU2PTDR3ukgxNC9ScLbjeiD4rYEuSbksNvdBTTQP93St3QHDf0+1CcUWpMT8xxIpUZCEHZ5VsxQzElU/AGxfoptUUT4M8XOl3MwcuGQdYtsRYPiiR0g3GubZ65XGuCyM9S0JPT8qCmTp8DbTx5DKKV4qDYBq8GPcm6KodGCgr6efjD/RjMZpobQ6W8fVyz32EZdjjIyln7b6Zs/pdi4oyAJysQAMb7wRH8Vi+QOcRyTaBNoRTFVM7nl89WFQrlCmFrBlpTrtEahbgOSOuAFTleUVIaz5UITNjBTocNe9jR3WD2EHAChmJdpzR0E3WawQ4CmfTGNU789z6FcDS5SyH0Zv/t2i/zzxtvpc247g9C5gCai0ZFOdF0lHMe8/VumSiwrNfVbeSnIAa9INxcREJSRdcUTRXAykRcrS7FnG8OuWGdwDOMYbe6S2U3ZXXXfKNO8KvZ2nKNK5Yybf6OIJ24re/2C0T+ikGz0EN2L8aQ4YcVjVxAPZ4hUcers728IfbCkDMq44kd/leS6qnzCUUtSa8f05xdFYGQivwGkLYkgfDdyquIu5UdLKwklqB6k73ck68dp8GHnrTafgma1YIibSfpegHwU15qe+p9P7pSd/atTvmEydnalPLPOz0vLS0zWYJ1cfCZ72jXp0akMAbI9AD4pmWDKnn+nHFRGyRzc1RHEXAh2K1LrUUwJa0c7+uSADwTLk7IVjCWrwOeHeFpSTASkDDjRhgbShQ5xu2DO8SFQipRlLPHAVbulYh9HIJmcUomSdPkvvnAGvwNB7M9h8NV/CM+Da9vBgIZEpV7rlASmcGFWk02a0jlRcApJfap2eB6w=&u=U2FsdGVkX1+5ezotVmc9tb/pvYJtlaj5LQfnBwNAZ40=&y=U2FsdGVkX192fqiOzuMItpa+/GVAYAfItYkHFtDtv5RbuuGQ7DzWx3BHePvTLr7F HTTP/1.1" 200 25
186.102.13.156 - - [18/Jul/2022:17:35:16 -0500] "GET /kwssiamovil/sm/acme/a?s=U2FsdGVkX18O1xxtinjQs+i1q1DJbGg1a3IZ4Yg2IwurDNCYMyn5nxehyhcwpbKXtx9bCbCIevDwwA7Fq9ZAzyyffgRG0rqgzi05ISuBusjP3y5jnSap9rKSbGmdBfPYiIyGgZZRwv8jToZd9TJ7Mg7iwe0MbHVE6DoqLuevLyA=&u=U2FsdGVkX1+5ezotVmc9tb/pvYJtlaj5LQfnBwNAZ40=&y=U2FsdGVkX192fqiOzuMItpa+/GVAYAfItYkHFtDtv5RbuuGQ7DzWx3BHePvTLr7F HTTP/1.1" 200 25
186.102.13.156 - - [18/Jul/2022:17:35:16 -0500] "GET /kwssiamovil/sm/acme/a?s=U2FsdGVkX19Ru5jog4U316pIyR98i5tWtjtIOX2Tre+tkLZDsRch67bkFV8jqtsBa1j2hP7LDMcQNyyc9WKKjX8YrOhGHlB8RpKk1u/7ZvRcdIZYMDJ1yaNg6ttZOMynUrb/96jHGRNxgPnwZTXKkYHtrsTzB+Mnv4DurGzvMaA=&u=U2FsdGVkX1+5ezotVmc9tb/pvYJtlaj5LQfnBwNAZ40=&y=U2FsdGVkX192fqiOzuMItpa+/GVAYAfItYkHFtDtv5RbuuGQ7DzWx3BHePvTLr7F HTTP/1.1" 200 25
186.102.13.156 - - [18/Jul/2022:17:35:16 -0500] "GET /kwssiamovil/sm/acme/a?s=U2FsdGVkX18ObZnXTz0FysR5pmKKviOuCmE/35eCpZ+P0zgCRVvMhZWRF0dc++NTfIB0FVCPnPwN1pK0b38Y6S+htQSqjakkGQP0l1YuBEde2EMc+KeGrV3hjZDDIRyxMq25LLH5v2LGYey1WDYHEUQcSvh1S1hxrH7cJULTUIA=&u=U2FsdGVkX1+5ezotVmc9tb/pvYJtlaj5LQfnBwNAZ40=&y=U2FsdGVkX192fqiOzuMItpa+/GVAYAfItYkHFtDtv5RbuuGQ7DzWx3BHePvTLr7F HTTP/1.1" 200 25
186.102.13.156 - - [18/Jul/2022:17:35:16 -0500] "GET /kwssiamovil/sm/acme/a?s=U2FsdGVkX19aX2gVlsXfLYDYWaru9EczepYqE7lh4iKSSn2h0ynVJMzL68x/WRe2383a8x+YgPkYz2Kh2SR/I4FY9Z0hRK8Ic3cMNSno2F0ln/bIhYc31rtCtu1WZGRsYfWhJXzqccfS9yrbN5cFx0UM1oH8dsxeBQ2KwjAmSwS9vYSfHDdfVb9sRCLFhvQZ&u=U2FsdGVkX1+5ezotVmc9tb/pvYJtlaj5LQfnBwNAZ40=&y=U2FsdGVkX192fqiOzuMItpa+/GVAYAfItYkHFtDtv5RbuuGQ7DzWx3BHePvTLr7F HTTP/1.1" 200 25
172.22.2.4 - - [18/Jul/2022:17:34:57 -0500] "GET /BLA/boletinlegal/ HTTP/1.1" 200 24523
84.39.201.138 - - [18/Jul/2022:17:35:41 -0500] "HEAD /chulo-o-gallinazo-un-carronero-que-cumple-un-papel-fundamental-en-los-ecosistemas.html HTTP/1.1" 200 -
185.239.215.160 - - [18/Jul/2022:17:35:42 -0500] "GET /chulo-o-gallinazo-un-carronero-que-cumple-un-papel-fundamental-en-los-ecosistemas.html HTTP/1.1" 200 784
190.25.238.138 - - [18/Jul/2022:17:35:48 -0500] "GET /catalogoisis/ HTTP/1.1" 200 8575
190.25.238.138 - - [18/Jul/2022:17:35:48 -0500] "GET /catalogoisis/Css/Busqueda.css HTTP/1.1" 200 1995
190.25.238.138 - - [18/Jul/2022:17:35:48 -0500] "GET /catalogoisis/Js/Cookies.js HTTP/1.1" 200 1369
190.25.238.138 - - [18/Jul/2022:17:35:48 -0500] "GET /catalogoisis/Js/Remote.js HTTP/1.1" 200 436
190.25.238.138 - - [18/Jul/2022:17:35:48 -0500] "GET /catalogoisis/Js/CriterioCombinada.js HTTP/1.1" 200 1843
190.25.238.138 - - [18/Jul/2022:17:35:48 -0500] "GET /catalogoisis/Js/AceptarLimpiar.js HTTP/1.1" 200 331
190.25.238.138 - - [18/Jul/2022:17:35:48 -0500] "GET /catalogoisis/Js/Go.js HTTP/1.1" 200 364
190.25.238.138 - - [18/Jul/2022:17:35:48 -0500] "GET /catalogoisis/Js/LimpiarCombinada.js HTTP/1.1" 200 207
190.25.238.138 - - [18/Jul/2022:17:35:48 -0500] "GET /catalogoisis/Js/Numero.js HTTP/1.1" 200 398
190.25.238.138 - - [18/Jul/2022:17:35:48 -0500] "GET /catalogoisis/Js/Enter.js HTTP/1.1" 200 1208
190.25.238.138 - - [18/Jul/2022:17:35:48 -0500] "GET /catalogoisis/imagenes/br1c1.gif HTTP/1.1" 200 172
190.25.238.138 - - [18/Jul/2022:17:35:48 -0500] "GET /catalogoisis/imagenes/br1c3.gif HTTP/1.1" 200 302
190.25.238.138 - - [18/Jul/2022:17:35:48 -0500] "GET /catalogoisis/imagenes/limpiar1.gif HTTP/1.1" 200 606
190.25.238.138 - - [18/Jul/2022:17:35:48 -0500] "GET /catalogoisis/imagenes/aceptar1.gif HTTP/1.1" 200 604
190.25.238.138 - - [18/Jul/2022:17:35:48 -0500] "GET /catalogoisis/imagenes/Turnbo1.gif HTTP/1.1" 200 227
190.25.238.138 - - [18/Jul/2022:17:35:48 -0500] "GET /catalogoisis/imagenes/br3c2.gif HTTP/1.1" 200 285
190.25.238.138 - - [18/Jul/2022:17:35:48 -0500] "GET /catalogoisis/imagenes/br3c1.gif HTTP/1.1" 200 177
190.25.238.138 - - [18/Jul/2022:17:35:48 -0500] "GET /catalogoisis/imagenes/Header.gif HTTP/1.1" 200 30313
190.25.238.138 - - [18/Jul/2022:17:35:48 -0500] "GET /catalogoisis/imagenes/br3c3.gif HTTP/1.1" 200 186
190.25.238.138 - - [18/Jul/2022:17:35:48 -0500] "GET /catalogoisis/imagenes/br1c2.gif HTTP/1.1" 200 297
190.25.238.138 - - [18/Jul/2022:17:35:48 -0500] "GET /catalogoisis/imagenes/br2c1.gif HTTP/1.1" 200 297
190.25.238.138 - - [18/Jul/2022:17:35:48 -0500] "GET /catalogoisis/imagenes/br2c2.gif HTTP/1.1" 200 302
190.25.238.138 - - [18/Jul/2022:17:35:49 -0500] "GET /catalogoisis/imagenes/br2c3.gif HTTP/1.1" 200 416
190.25.238.138 - - [18/Jul/2022:17:35:49 -0500] "GET /favicon.ico HTTP/1.1" 200 7782
201.245.192.253 - - [18/Jul/2022:17:36:02 -0500] "POST /kwsrmcab/Wsrmcab  HTTP/1.1" 200 45399
186.144.234.173 - - [18/Jul/2022:17:36:30 -0500] "GET /BLA/resoluciones/index.php?dir=RESOLUCIONES+2003%2F HTTP/1.1" 200 31404
186.144.234.173 - - [18/Jul/2022:17:36:35 -0500] "GET /BLA/resoluciones/index.php?dir=RESOLUCIONES+2003%2FRES+2003+951-1000%2F HTTP/1.1" 200 11179
136.0.79.8 - - [18/Jul/2022:17:36:35 -0500] "GET /chulo-o-gallinazo-un-carronero-que-cumple-un-papel-fundamental-en-los-ecosistemas.html HTTP/1.1" 200 784
186.144.234.173 - - [18/Jul/2022:17:36:37 -0500] "GET /BLA/resoluciones/RESOLUCIONES%202003/RES%202003%20951-1000/961.tif HTTP/1.1" 200 906728
186.144.234.173 - - [18/Jul/2022:17:36:48 -0500] "GET /BLA/resoluciones/RESOLUCIONES%202003/RES%202003%20951-1000/960.tif HTTP/1.1" 200 288784
191.106.166.150 - - [18/Jul/2022:17:36:55 -0500] "GET /kwssiamovil/sm/acme/u?s=U2FsdGVkX186tnXXBxhYJ9SA4GSY1RDSy2wyCRrffXiCNlriN2ZYZkX9s/dhNuDX3buKC5TaYqa+xWK3oWIZCecrDV1/4C3+hrk15VZOi3hMb2P+uOn0zKjEaHvAQs9Cy5CuU9mppOsEGwTMTuL0iQ==&u=U2FsdGVkX19lDlTSuy7ij0geFau0ezi3nw0JN/ShzaQ=&y=U2FsdGVkX19RpQgrEHI1iI+DZngZ+wd+MKiFydvP4fA= HTTP/1.1" 200 60
84.39.201.43 - - [18/Jul/2022:17:37:16 -0500] "GET /images/chulo-o-gallinazo-optimized.jpg HTTP/1.1" 200 60427
216.245.221.92 - - [18/Jul/2022:17:37:28 -0500] "HEAD / HTTP/1.1" 200 -
172.22.2.4 - - [18/Jul/2022:17:35:49 -0500] "HEAD /BLA/boletinlegal/ HTTP/1.1" 200 -
172.22.2.4 - - [18/Jul/2022:17:37:51 -0500] "GET /BLA/boletinlegal/consulta_actos.php?tipo=autos&no=3840&usuario=&sector=&fecha=2021&resuelve= HTTP/1.1" 200 1115
185.119.81.109 - - [18/Jul/2022:17:38:14 -0500] "GET /portaldeninos/wp-login.php HTTP/1.1" 200 2592
186.144.234.173 - - [18/Jul/2022:17:38:15 -0500] "GET /BLA/resoluciones/RESOLUCIONES%202003/RES%202003%20951-1000/962.tif HTTP/1.1" 200 764448
185.119.81.109 - - [18/Jul/2022:17:38:15 -0500] "POST /portaldeninos/wp-login.php HTTP/1.1" 200 3650
186.144.234.173 - - [18/Jul/2022:17:38:17 -0500] "GET /BLA/resoluciones/RESOLUCIONES%202003/RES%202003%20951-1000/962.tif HTTP/1.1" 206 1
186.144.234.173 - - [18/Jul/2022:17:38:17 -0500] "GET /BLA/resoluciones/RESOLUCIONES%202003/RES%202003%20951-1000/962.tif HTTP/1.1" 206 761819
186.144.234.173 - - [18/Jul/2022:17:38:18 -0500] "GET /BLA/resoluciones/RESOLUCIONES%202003/RES%202003%20951-1000/962.tif HTTP/1.1" 206 1
186.144.234.173 - - [18/Jul/2022:17:38:18 -0500] "GET /BLA/resoluciones/RESOLUCIONES%202003/RES%202003%20951-1000/962.tif HTTP/1.1" 206 761819
186.144.234.173 - - [18/Jul/2022:17:38:18 -0500] "GET /BLA/resoluciones/RESOLUCIONES%202003/RES%202003%20951-1000/962.tif HTTP/1.1" 206 1
186.144.234.173 - - [18/Jul/2022:17:38:18 -0500] "GET /BLA/resoluciones/RESOLUCIONES%202003/RES%202003%20951-1000/962.tif HTTP/1.1" 206 761819
172.22.2.4 - - [18/Jul/2022:17:36:39 -0500] "GET /BLA/boletinlegal/ HTTP/1.1" 200 58491
186.144.234.173 - - [18/Jul/2022:17:38:20 -0500] "GET /BLA/resoluciones/RESOLUCIONES%202003/RES%202003%20951-1000/962.tif HTTP/1.1" 206 1
186.144.234.173 - - [18/Jul/2022:17:38:20 -0500] "GET /BLA/resoluciones/RESOLUCIONES%202003/RES%202003%20951-1000/962.tif HTTP/1.1" 206 761819
186.144.234.173 - - [18/Jul/2022:17:38:21 -0500] "GET /BLA/resoluciones/RESOLUCIONES%202003/RES%202003%20951-1000/962.tif HTTP/1.1" 206 1
186.144.234.173 - - [18/Jul/2022:17:38:21 -0500] "GET /BLA/resoluciones/RESOLUCIONES%202003/RES%202003%20951-1000/962.tif HTTP/1.1" 206 761819
186.144.234.173 - - [18/Jul/2022:17:38:21 -0500] "GET /BLA/resoluciones/RESOLUCIONES%202003/RES%202003%20951-1000/962.tif HTTP/1.1" 206 1
186.144.234.173 - - [18/Jul/2022:17:38:21 -0500] "GET /BLA/resoluciones/RESOLUCIONES%202003/RES%202003%20951-1000/962.tif HTTP/1.1" 206 761819
186.144.234.173 - - [18/Jul/2022:17:38:49 -0500] "GET /BLA/resoluciones/RESOLUCIONES%202003/RES%202003%20951-1000/959.tif HTTP/1.1" 200 132244
186.144.234.173 - - [18/Jul/2022:17:38:51 -0500] "GET /BLA/resoluciones/index.php?dir=RESOLUCIONES+2003%2FRES+2003+951-1000%2F HTTP/1.1" 200 11179
179.33.233.107 - - [18/Jul/2022:17:40:12 -0500] "GET /galeria/galeria/jquery.fancybox.css?v=2.1.5 HTTP/1.1" 200 4895
179.33.233.107 - - [18/Jul/2022:17:40:12 -0500] "GET /galeria/galeria/jquery.fancybox.js?v=2.1.5 HTTP/1.1" 200 48706
179.33.233.107 - - [18/Jul/2022:17:40:13 -0500] "GET /galeria/galeria/jquery.fancybox.js?v=2.1.5 HTTP/1.1" 200 48706
201.245.192.253 - - [18/Jul/2022:17:40:34 -0500] "POST /kwsrmcab/Wsrmcab HTTP/1.1" 200 47404
201.245.192.253 - - [18/Jul/2022:17:40:38 -0500] "POST /kwsrmcab/Wsrmcab HTTP/1.1" 200 47215
173.252.95.17 - - [18/Jul/2022:17:40:47 -0500] "GET /images/jornada-llantaton-usaquen-24-marzo.jpg HTTP/1.1" 200 41830
201.245.192.253 - - [18/Jul/2022:17:41:01 -0500] "POST /kwsrmcab/Wsrmcab  HTTP/1.1" 200 45399
216.245.221.92 - - [18/Jul/2022:17:42:28 -0500] "HEAD / HTTP/1.1" 200 -
172.22.2.4 - - [18/Jul/2022:17:41:39 -0500] "HEAD /BLA/boletinlegal/ HTTP/1.1" 200 -
172.22.2.4 - - [18/Jul/2022:17:42:29 -0500] "GET /BLA/boletinlegal/ HTTP/1.1" 200 60992
201.245.192.253 - - [18/Jul/2022:17:44:12 -0500] "POST /sipse/faces/presentacion/financiero/solicitudProceso/consultarSolicitudProceso.xhtml HTTP/1.1" 200 107864
186.30.129.206 - - [18/Jul/2022:17:44:24 -0500] "GET /BLA/resoluciones/index.php?dir=AUTOS+2014%2F HTTP/1.1" 200 875367
186.30.129.206 - - [18/Jul/2022:17:44:29 -0500] "GET /BLA/resoluciones/dlf/unknown.png HTTP/1.1" 200 266
181.62.149.79 - - [18/Jul/2022:17:44:48 -0500] "GET /BLA/resoluciones/ HTTP/1.1" 200 13093
181.62.149.79 - - [18/Jul/2022:17:44:51 -0500] "GET /BLA/resoluciones/index.php?dir=RESOLUCIONES+2009%2F HTTP/1.1" 200 1694101
181.62.149.79 - - [18/Jul/2022:17:44:58 -0500] "GET /BLA/resoluciones/RESOLUCIONES%202009/1989.pdf HTTP/1.1" 200 680586
186.30.129.206 - - [18/Jul/2022:17:45:01 -0500] "GET /BLA/resoluciones/index.php?dir=RESOLUCIONES+2018%2F HTTP/1.1" 200 268716
186.30.129.206 - - [18/Jul/2022:17:45:26 -0500] "GET /BLA/resoluciones/RESOLUCIONES%202018/1498.pdf HTTP/1.1" 200 258997
172.22.2.4 - - [18/Jul/2022:17:45:37 -0500] "GET /BLA/boletinlegal/consulta_actos.php?tipo=resoluciones&no=3111&usuario=&sector=&fecha=2021&resuelve= HTTP/1.1" 200 626
172.22.2.4 - - [18/Jul/2022:17:45:40 -0500] "GET /BLA/boletinlegal/consulta_actos.php?tipo=resoluciones&no=3111&usuario=&sector=&fecha=2020&resuelve= HTTP/1.1" 200 626
172.22.2.4 - - [18/Jul/2022:17:45:57 -0500] "GET /BLA/boletinlegal/consulta_actos.php?tipo=resoluciones&no=3111&usuario=&sector=&fecha=2021&resuelve= HTTP/1.1" 200 626
172.22.2.4 - - [18/Jul/2022:17:45:58 -0500] "GET /BLA/boletinlegal/consulta_actos.php?tipo=resoluciones&no=3111&usuario=&sector=&fecha=2021&resuelve= HTTP/1.1" 200 626
172.22.2.4 - - [18/Jul/2022:17:45:58 -0500] "GET /BLA/boletinlegal/consulta_actos.php?tipo=resoluciones&no=3111&usuario=&sector=&fecha=2021&resuelve= HTTP/1.1" 200 626
172.22.2.4 - - [18/Jul/2022:17:45:58 -0500] "GET /BLA/boletinlegal/consulta_actos.php?tipo=resoluciones&no=3111&usuario=&sector=&fecha=2021&resuelve= HTTP/1.1" 200 626
172.22.2.4 - - [18/Jul/2022:17:45:58 -0500] "GET /BLA/boletinlegal/consulta_actos.php?tipo=resoluciones&no=3111&usuario=&sector=&fecha=2021&resuelve= HTTP/1.1" 200 626
172.22.2.4 - - [18/Jul/2022:17:45:58 -0500] "GET /BLA/boletinlegal/consulta_actos.php?tipo=resoluciones&no=3111&usuario=&sector=&fecha=2021&resuelve= HTTP/1.1" 200 626
172.22.2.4 - - [18/Jul/2022:17:45:59 -0500] "GET /BLA/boletinlegal/consulta_actos.php?tipo=resoluciones&no=3111&usuario=&sector=&fecha=2021&resuelve= HTTP/1.1" 200 626
172.22.2.4 - - [18/Jul/2022:17:45:59 -0500] "GET /BLA/boletinlegal/consulta_actos.php?tipo=resoluciones&no=3111&usuario=&sector=&fecha=2021&resuelve= HTTP/1.1" 200 626
201.245.192.253 - - [18/Jul/2022:17:46:00 -0500] "POST /kwsrmcab/Wsrmcab  HTTP/1.1" 200 45399
172.22.2.4 - - [18/Jul/2022:17:47:20 -0500] "GET /BLA/boletinlegal/consulta_actos.php?tipo=resoluciones&no=3111&usuario=&sector=&fecha=2021&resuelve= HTTP/1.1" 200 626
216.245.221.92 - - [18/Jul/2022:17:47:28 -0500] "HEAD / HTTP/1.1" 200 -
181.55.57.170 - - [18/Jul/2022:17:47:49 -0500] "GET /forest/ HTTP/1.1" 200 12041
172.22.2.4 - - [18/Jul/2022:17:47:55 -0500] "GET /BLA/boletinlegal/consulta_actos.php?tipo=resoluciones&no=4838&usuario=&sector=&fecha=2021&resuelve= HTTP/1.1" 200 626
172.22.2.4 - - [18/Jul/2022:17:47:56 -0500] "GET /BLA/boletinlegal/consulta_actos.php?tipo=resoluciones&no=4838&usuario=&sector=&fecha=2021&resuelve= HTTP/1.1" 200 626
172.22.2.4 - - [18/Jul/2022:17:47:56 -0500] "GET /BLA/boletinlegal/consulta_actos.php?tipo=resoluciones&no=4838&usuario=&sector=&fecha=2021&resuelve= HTTP/1.1" 200 626
172.22.2.4 - - [18/Jul/2022:17:47:59 -0500] "GET /BLA/boletinlegal/consulta_actos.php?tipo=resoluciones&no=4438&usuario=&sector=&fecha=2021&resuelve= HTTP/1.1" 200 1145
181.55.57.170 - - [18/Jul/2022:17:47:59 -0500] "POST /forest/index.php HTTP/1.1" 200 12268
172.22.2.4 - - [18/Jul/2022:17:48:14 -0500] "GET /BLA/boletinlegal/owa/auth/x.js HTTP/1.1" 404 1018
186.82.177.194 - - [18/Jul/2022:17:48:48 -0500] "GET /galeria/galeria/jquery.fancybox.css?v=2.1.5 HTTP/1.1" 200 4895
186.82.177.194 - - [18/Jul/2022:17:48:48 -0500] "GET /BLA/boletinlegal/js/jquery.scrollShow.js HTTP/1.1" 200 4586
186.82.177.194 - - [18/Jul/2022:17:48:48 -0500] "GET /galeria/galeria/jquery.fancybox.js?v=2.1.5 HTTP/1.1" 200 48706
172.22.2.4 - - [18/Jul/2022:17:47:29 -0500] "HEAD /BLA/boletinlegal/ HTTP/1.1" 200 -
172.22.2.4 - - [18/Jul/2022:17:48:19 -0500] "GET /BLA/boletinlegal/ HTTP/1.1" 200 56911
201.245.192.253 - - [18/Jul/2022:17:50:59 -0500] "POST /kwsrmcab/Wsrmcab  HTTP/1.1" 200 45399
172.22.2.4 - - [18/Jul/2022:17:51:10 -0500] "POST /BLA/boletinlegal/mifs/.;/services/LogService HTTP/1.1" 404 1158
207.46.13.20 - - [18/Jul/2022:17:51:53 -0500] "GET /galeria/galeria/fotos/Humedal-la-Isla1G.jpg HTTP/1.1" 200 216243
172.22.2.4 - - [18/Jul/2022:17:51:59 -0500] "GET /BLA/boletinlegal/ecp/Current/exporttool/microsoft.exchange.ediscovery.exporttool.application HTTP/1.1" 404 1018
216.245.221.92 - - [18/Jul/2022:17:52:28 -0500] "HEAD / HTTP/1.1" 200 -
186.102.31.64 - - [18/Jul/2022:17:52:37 -0500] "GET /kwssiamovil/sm/acme/a?s=U2FsdGVkX19Rkc4xi9kYHlWyfBLU4lK5+JrREmVDF1paIhZfXPDMWQ/RitIgsjoa3DzcB2BceLX25B664Ww1hDjjALIitMn3JHomN+OP85zn58ZxO11xeU7j2zbOpdCGEmlr4Ej82FI9KlR99AKuivIP1gBjGpwjujIUnS1SMETA5PQq4n5uoSt7tAuL8eMm6VwY0rM8IAbzTWdr6weC95vLGskelHkfpHj5TZIu4Xjr58jRXmft8cQLWoqOoF+fqmAEmA/wa8zogDC4jl22Ag==&u=U2FsdGVkX1+K/1SzsJodcpdibUu8k1b4AKcK6008raY=&y=U2FsdGVkX1+lRW+K2QCxC1iyrRNtLmikeKjdSA6LxVw= HTTP/1.1" 200 25
