201.245.192.253 - - [18/Jul/2022:14:48:34 -0500] "GET /sipse/faces/javax.faces.resource/jquery/jquery-plugins.js?ln=primefaces&v=4.0 HTTP/1.1" 304 -
201.245.192.253 - - [18/Jul/2022:14:48:34 -0500] "GET /sipse/faces/javax.faces.resource/primefaces.js?ln=primefaces&v=4.0 HTTP/1.1" 304 -
201.245.192.253 - - [18/Jul/2022:14:48:34 -0500] "GET /sipse/faces/javax.faces.resource/jquery/jquery.js?ln=primefaces&v=4.0 HTTP/1.1" 304 -
201.245.192.253 - - [18/Jul/2022:14:48:34 -0500] "GET /sipse/faces/javax.faces.resource/layout/layout.js?ln=primefaces&v=4.0 HTTP/1.1" 304 -
201.245.192.253 - - [18/Jul/2022:14:48:34 -0500] "GET /sipse/faces/javax.faces.resource/images/ui-icons_898989_256x240.png?ln=primefaces-aristo HTTP/1.1" 304 -
185.180.48.34 - - [18/Jul/2022:14:48:34 -0500] "GET /galeria/galeria/jquery.fancybox.css?v=2.1.5 HTTP/1.1" 200 4895
185.180.48.34 - - [18/Jul/2022:14:48:34 -0500] "GET /galeria/galeria/jquery.fancybox.js?v=2.1.5 HTTP/1.1" 200 48706
185.180.48.34 - - [18/Jul/2022:14:48:34 -0500] "GET /BLA/boletinlegal/js/jquery.scrollShow.js HTTP/1.1" 200 4586
181.63.220.121 - - [18/Jul/2022:14:48:34 -0500] "GET /BLA/resoluciones/RESOLUCIONES%202009/7949.pdf HTTP/1.1" 200 499513
181.63.220.121 - - [18/Jul/2022:14:48:35 -0500] "GET /BLA/resoluciones/RESOLUCIONES%202009/7950.pdf HTTP/1.1" 200 497843
181.206.70.123 - - [18/Jul/2022:14:48:36 -0500] "GET /css/global/buttons.css HTTP/1.1" 404 1324
181.206.70.123 - - [18/Jul/2022:14:48:35 -0500] "POST /BLA/boletinlegal/admin/notificaciones/ingresar.php HTTP/1.1" 200 30119
181.63.220.121 - - [18/Jul/2022:14:48:37 -0500] "GET /BLA/resoluciones/RESOLUCIONES%202009/7951.pdf HTTP/1.1" 200 499047
181.63.220.121 - - [18/Jul/2022:14:48:38 -0500] "GET /BLA/resoluciones/RESOLUCIONES%202009/7952.pdf HTTP/1.1" 200 495521
185.180.48.34 - - [18/Jul/2022:14:48:38 -0500] "GET /galeria/carrusel/Carrusel/jquery.thumbnailScroller.css HTTP/1.1" 200 2066
185.180.48.34 - - [18/Jul/2022:14:48:39 -0500] "GET /galeria/carrusel/Carrusel/jquery-ui-1.8.13.custom.min.js HTTP/1.1" 200 10800
185.180.48.34 - - [18/Jul/2022:14:48:39 -0500] "GET /galeria/carrusel/Carrusel/jquery.thumbnailScroller.js HTTP/1.1" 200 8157
201.245.192.253 - - [18/Jul/2022:14:48:39 -0500] "POST /sipse/faces/autenticacion.xhtml HTTP/1.1" 200 16213
201.245.192.253 - - [18/Jul/2022:14:48:39 -0500] "GET /sipse/faces/javax.faces.resource/theme.css?ln=primefaces-sipse HTTP/1.1" 304 -
201.245.192.253 - - [18/Jul/2022:14:48:39 -0500] "GET /sipse/faces/javax.faces.resource/primefaces.css?ln=primefaces&v=4.0 HTTP/1.1" 304 -
201.245.192.253 - - [18/Jul/2022:14:48:39 -0500] "GET /sipse/faces/javax.faces.resource/layout/layout.css?ln=primefaces&v=4.0 HTTP/1.1" 304 -
201.245.192.253 - - [18/Jul/2022:14:48:39 -0500] "GET /sipse/faces/javax.faces.resource/jquery/jquery.js?ln=primefaces&v=4.0 HTTP/1.1" 304 -
201.245.192.253 - - [18/Jul/2022:14:48:39 -0500] "GET /sipse/faces/javax.faces.resource/jquery/jquery-plugins.js?ln=primefaces&v=4.0 HTTP/1.1" 304 -
201.245.192.253 - - [18/Jul/2022:14:48:39 -0500] "GET /sipse/faces/javax.faces.resource/primefaces.js?ln=primefaces&v=4.0 HTTP/1.1" 304 -
201.245.192.253 - - [18/Jul/2022:14:48:39 -0500] "GET /sipse/faces/javax.faces.resource/layout/layout.js?ln=primefaces&v=4.0 HTTP/1.1" 304 -
201.245.192.253 - - [18/Jul/2022:14:48:39 -0500] "GET /sipse/faces/javax.faces.resource/messages/messages.png?ln=primefaces&v=4.0 HTTP/1.1" 304 -
201.245.192.253 - - [18/Jul/2022:14:48:39 -0500] "GET /sipse/css/imagen/contrasena.png HTTP/1.1" 404 383
185.180.48.34 - - [18/Jul/2022:14:48:40 -0500] "GET /galeria/nivo-slider/demo/banner.html HTTP/1.1" 200 5446
185.180.48.34 - - [18/Jul/2022:14:48:40 -0500] "GET /galeria/nivo-slider/themes/default/default.css HTTP/1.1" 200 1569
185.180.48.34 - - [18/Jul/2022:14:48:40 -0500] "GET /galeria/nivo-slider/nivo-slider.css HTTP/1.1" 200 1507
185.180.48.34 - - [18/Jul/2022:14:48:40 -0500] "GET /galeria/nivo-slider/themes/pascal/pascal.css HTTP/1.1" 200 2258
185.180.48.34 - - [18/Jul/2022:14:48:40 -0500] "GET /galeria/nivo-slider/themes/orman/orman.css HTTP/1.1" 200 2152
201.245.192.253 - - [18/Jul/2022:14:48:40 -0500] "GET /sipse/faces/javax.faces.resource/images/ui-bg_flat_0_2d5972_40x100.png?ln=primefaces-aristo HTTP/1.1" 304 -
201.245.192.253 - - [18/Jul/2022:14:48:40 -0500] "POST /sipse/faces/bienvenido.xhtml HTTP/1.1" 200 1471
185.180.48.34 - - [18/Jul/2022:14:48:41 -0500] "GET /galeria/nivo-slider/demo/images/banneraccionpopularcrr68.jpg HTTP/1.1" 200 51887
185.180.48.34 - - [18/Jul/2022:14:48:41 -0500] "GET /galeria/nivo-slider/demo/style.css HTTP/1.1" 200 2222
185.180.48.34 - - [18/Jul/2022:14:48:41 -0500] "GET /galeria/nivo-slider/demo/images/Bannerplasticosseptiembre.jpg HTTP/1.1" 200 45633
185.180.48.34 - - [18/Jul/2022:14:48:41 -0500] "GET /galeria/nivo-slider/demo/images/Bannerenvases.jpg HTTP/1.1" 200 37316
185.180.48.34 - - [18/Jul/2022:14:48:41 -0500] "GET /galeria/nivo-slider/demo/images/bannercapacitacionesbogota.jpg HTTP/1.1" 200 42416
185.180.48.34 - - [18/Jul/2022:14:48:41 -0500] "GET /galeria/nivo-slider/demo/images/banneraire2021.jpg HTTP/1.1" 200 265101
185.180.48.34 - - [18/Jul/2022:14:48:41 -0500] "GET /galeria/nivo-slider/demo/images/bannerrutaesperanza.jpg HTTP/1.1" 200 55560
201.245.192.253 - - [18/Jul/2022:14:48:41 -0500] "POST /sipse/faces/bienvenido.xhtml HTTP/1.1" 200 40482
181.63.220.121 - - [18/Jul/2022:14:48:41 -0500] "GET /BLA/resoluciones/RESOLUCIONES%202009/7953.pdf HTTP/1.1" 200 233625
201.245.192.253 - - [18/Jul/2022:14:48:41 -0500] "GET /sipse/faces/javax.faces.resource/primefaces.css?ln=primefaces&v=4.0 HTTP/1.1" 304 -
201.245.192.253 - - [18/Jul/2022:14:48:41 -0500] "GET /sipse/faces/javax.faces.resource/theme.css?ln=primefaces-sipse HTTP/1.1" 304 -
201.245.192.253 - - [18/Jul/2022:14:48:41 -0500] "GET /sipse/faces/javax.faces.resource/jquery/jquery.js?ln=primefaces&v=4.0 HTTP/1.1" 304 -
201.245.192.253 - - [18/Jul/2022:14:48:41 -0500] "GET /sipse/faces/javax.faces.resource/layout/layout.css?ln=primefaces&v=4.0 HTTP/1.1" 304 -
201.245.192.253 - - [18/Jul/2022:14:48:42 -0500] "GET /sipse/faces/javax.faces.resource/jquery/jquery-plugins.js?ln=primefaces&v=4.0 HTTP/1.1" 304 -
201.245.192.253 - - [18/Jul/2022:14:48:42 -0500] "GET /sipse/faces/javax.faces.resource/primefaces.js?ln=primefaces&v=4.0 HTTP/1.1" 304 -
201.245.192.253 - - [18/Jul/2022:14:48:42 -0500] "GET /sipse/faces/javax.faces.resource/layout/layout.js?ln=primefaces&v=4.0 HTTP/1.1" 304 -
185.180.48.34 - - [18/Jul/2022:14:48:42 -0500] "GET /galeria/nivo-slider/demo/images/Bannervirtualescanales.jpg HTTP/1.1" 200 174544
185.180.48.34 - - [18/Jul/2022:14:48:42 -0500] "GET /galeria/nivo-slider/demo/images/bannerclases2021.jpg HTTP/1.1" 200 68230
201.245.192.253 - - [18/Jul/2022:14:48:42 -0500] "POST /sipse/faces/presentacion/financiero/solicitudProceso/listarSolicitudProceso.xhtml HTTP/1.1" 200 1440
185.180.48.34 - - [18/Jul/2022:14:48:42 -0500] "GET /galeria/nivo-slider/demo/images/banneraccionpopular.jpeg HTTP/1.1" 200 41707
185.180.48.34 - - [18/Jul/2022:14:48:42 -0500] "GET /galeria/nivo-slider/demo/images/Bannersedeelectronica.jpg HTTP/1.1" 200 40383
185.180.48.34 - - [18/Jul/2022:14:48:43 -0500] "GET /galeria/nivo-slider/demo/images/bannerresiduoshospitalariosagosto.jpg HTTP/1.1" 200 36499
185.180.48.34 - - [18/Jul/2022:14:48:43 -0500] "GET /galeria/nivo-slider/demo/images/4Simple_Slider.png HTTP/1.1" 200 11722
181.63.220.121 - - [18/Jul/2022:14:48:43 -0500] "GET /BLA/resoluciones/RESOLUCIONES%202009/7954.pdf HTTP/1.1" 200 204635
185.180.48.34 - - [18/Jul/2022:14:48:43 -0500] "GET /galeria/nivo-slider/themes/default/loading.gif HTTP/1.1" 200 1737
185.180.48.34 - - [18/Jul/2022:14:48:43 -0500] "GET /galeria/nivo-slider/demo/scripts/jquery-1.7.1.min.js HTTP/1.1" 200 93868
185.180.48.34 - - [18/Jul/2022:14:48:43 -0500] "GET /galeria/nivo-slider/jquery.nivo.slider.pack.js HTTP/1.1" 200 11561
185.180.48.34 - - [18/Jul/2022:14:48:44 -0500] "GET /galeria/nivo-slider/demo/images/bannertortuga_optimized.jpg HTTP/1.1" 200 39066
185.180.48.34 - - [18/Jul/2022:14:48:44 -0500] "GET /galeria/nivo-slider/demo/images/Bannermujeresquereverdecen.jpg HTTP/1.1" 200 46558
185.180.48.34 - - [18/Jul/2022:14:48:44 -0500] "GET /galeria/nivo-slider/demo/images/bannertrafico_optimized.jpg HTTP/1.1" 200 42578
181.63.220.121 - - [18/Jul/2022:14:48:44 -0500] "GET /BLA/resoluciones/RESOLUCIONES%202009/7955.pdf HTTP/1.1" 200 80449
185.180.48.34 - - [18/Jul/2022:14:48:45 -0500] "GET /galeria/nivo-slider/themes/default/arrows.png HTTP/1.1" 200 824
185.180.48.34 - - [18/Jul/2022:14:48:45 -0500] "GET /galeria/nivo-slider/themes/default/bullets.png HTTP/1.1" 200 1281
181.63.220.121 - - [18/Jul/2022:14:48:45 -0500] "GET /BLA/resoluciones/RESOLUCIONES%202009/7956.pdf HTTP/1.1" 200 110698
181.63.220.121 - - [18/Jul/2022:14:48:47 -0500] "GET /BLA/resoluciones/RESOLUCIONES%202009/7957.pdf HTTP/1.1" 200 122192
181.63.220.121 - - [18/Jul/2022:14:48:48 -0500] "GET /BLA/resoluciones/RESOLUCIONES%202009/7958.pdf HTTP/1.1" 200 471887
181.63.220.121 - - [18/Jul/2022:14:48:49 -0500] "GET /BLA/resoluciones/RESOLUCIONES%202009/7959.pdf HTTP/1.1" 200 116040
181.63.220.121 - - [18/Jul/2022:14:48:50 -0500] "GET /BLA/resoluciones/RESOLUCIONES%202009/7960.pdf HTTP/1.1" 200 97815
181.63.220.121 - - [18/Jul/2022:14:48:51 -0500] "GET /BLA/resoluciones/RESOLUCIONES%202009/7961.pdf HTTP/1.1" 200 542721
181.63.220.121 - - [18/Jul/2022:14:48:53 -0500] "GET /BLA/resoluciones/RESOLUCIONES%202009/7962.pdf HTTP/1.1" 200 497905
181.63.220.121 - - [18/Jul/2022:14:48:54 -0500] "GET /BLA/resoluciones/RESOLUCIONES%202009/7963.pdf HTTP/1.1" 200 737270
181.63.220.121 - - [18/Jul/2022:14:48:55 -0500] "GET /BLA/resoluciones/RESOLUCIONES%202009/7964.pdf HTTP/1.1" 200 280907
181.63.220.121 - - [18/Jul/2022:14:48:56 -0500] "GET /BLA/resoluciones/RESOLUCIONES%202009/7965.pdf HTTP/1.1" 200 1782844
181.63.220.121 - - [18/Jul/2022:14:48:57 -0500] "GET /BLA/resoluciones/RESOLUCIONES%202009/7966.pdf HTTP/1.1" 200 542647
181.63.220.121 - - [18/Jul/2022:14:48:58 -0500] "GET /BLA/resoluciones/RESOLUCIONES%202009/7967.pdf HTTP/1.1" 200 523485
181.63.220.121 - - [18/Jul/2022:14:49:00 -0500] "GET /BLA/resoluciones/RESOLUCIONES%202009/7968.pdf HTTP/1.1" 200 529975
181.63.220.121 - - [18/Jul/2022:14:49:02 -0500] "GET /BLA/resoluciones/RESOLUCIONES%202009/7969.pdf HTTP/1.1" 200 467173
181.63.220.121 - - [18/Jul/2022:14:49:04 -0500] "GET /BLA/resoluciones/RESOLUCIONES%202009/7970.pdf HTTP/1.1" 200 459881
181.63.220.121 - - [18/Jul/2022:14:49:06 -0500] "GET /BLA/resoluciones/RESOLUCIONES%202009/7971.pdf HTTP/1.1" 200 471385
181.63.220.121 - - [18/Jul/2022:14:49:09 -0500] "GET /BLA/resoluciones/RESOLUCIONES%202009/7972.pdf HTTP/1.1" 200 473431
172.22.2.4 - - [18/Jul/2022:14:47:29 -0500] "GET /BLA/boletinlegal/ HTTP/1.1" 200 53539
181.63.220.121 - - [18/Jul/2022:14:49:11 -0500] "GET /BLA/resoluciones/RESOLUCIONES%202009/7973.pdf HTTP/1.1" 200 532851
181.63.220.121 - - [18/Jul/2022:14:49:13 -0500] "GET /BLA/resoluciones/RESOLUCIONES%202009/7974.pdf HTTP/1.1" 200 533219
181.63.220.121 - - [18/Jul/2022:14:49:14 -0500] "GET /BLA/resoluciones/RESOLUCIONES%202009/7975.pdf HTTP/1.1" 200 530013
181.63.220.121 - - [18/Jul/2022:14:49:16 -0500] "GET /BLA/resoluciones/RESOLUCIONES%202009/7976.pdf HTTP/1.1" 200 443129
181.63.220.121 - - [18/Jul/2022:14:49:18 -0500] "GET /BLA/resoluciones/RESOLUCIONES%202009/7977.pdf HTTP/1.1" 200 653505
181.63.220.121 - - [18/Jul/2022:14:49:19 -0500] "GET /BLA/resoluciones/RESOLUCIONES%202009/7978.pdf HTTP/1.1" 200 637619
181.63.220.121 - - [18/Jul/2022:14:49:21 -0500] "GET /BLA/resoluciones/RESOLUCIONES%202009/7979.pdf HTTP/1.1" 200 343959
186.28.207.7 - - [18/Jul/2022:14:49:22 -0500] "GET /BLA/resoluciones/index.php HTTP/1.1" 200 13093
181.63.220.121 - - [18/Jul/2022:14:49:23 -0500] "GET /BLA/resoluciones/RESOLUCIONES%202009/7980.pdf HTTP/1.1" 200 496637
186.28.207.7 - - [18/Jul/2022:14:49:28 -0500] "GET /BLA/resoluciones/index.php?dir=RESOLUCIONES+2002%2F HTTP/1.1" 200 24571
186.28.207.7 - - [18/Jul/2022:14:49:34 -0500] "GET /BLA/resoluciones/index.php?dir=RESOLUCIONES+2002%2FRES+2002+701-750%2F HTTP/1.1" 200 12223
186.28.207.7 - - [18/Jul/2022:14:49:37 -0500] "GET /BLA/resoluciones/RESOLUCIONES%202002/RES%202002%20701-750/00000710.tif HTTP/1.1" 200 235978
181.206.70.123 - - [18/Jul/2022:14:49:43 -0500] "POST /BLA/boletinlegal/admin/notificaciones/ingresar.php HTTP/1.1" 200 30119
181.206.70.123 - - [18/Jul/2022:14:49:44 -0500] "GET /css/global/buttons.css HTTP/1.1" 404 1324
181.206.70.123 - - [18/Jul/2022:14:49:44 -0500] "GET /BLA/boletinlegal/images/favicon.ico HTTP/1.1" 404 1346
181.206.70.123 - - [18/Jul/2022:14:50:48 -0500] "POST /BLA/boletinlegal/admin/notificaciones/ingresar.php HTTP/1.1" 200 30119
181.206.70.123 - - [18/Jul/2022:14:50:48 -0500] "GET /css/global/buttons.css HTTP/1.1" 404 1324
181.63.220.121 - - [18/Jul/2022:14:50:58 -0500] "GET /BLA/resoluciones/RESOLUCIONES%202009/7981.pdf HTTP/1.1" 200 536548
181.63.220.121 - - [18/Jul/2022:14:50:59 -0500] "GET /BLA/resoluciones/RESOLUCIONES%202009/7982.pdf HTTP/1.1" 200 517156
181.63.220.121 - - [18/Jul/2022:14:51:00 -0500] "GET /BLA/resoluciones/RESOLUCIONES%202009/7983.pdf HTTP/1.1" 200 512580
181.63.220.121 - - [18/Jul/2022:14:51:01 -0500] "GET /BLA/resoluciones/RESOLUCIONES%202009/7984.pdf HTTP/1.1" 200 499282
181.63.220.121 - - [18/Jul/2022:14:51:03 -0500] "GET /BLA/resoluciones/RESOLUCIONES%202009/7985.pdf HTTP/1.1" 200 516268
181.63.220.121 - - [18/Jul/2022:14:51:04 -0500] "GET /BLA/resoluciones/RESOLUCIONES%202009/7986.pdf HTTP/1.1" 200 511970
181.63.220.121 - - [18/Jul/2022:14:51:05 -0500] "GET /BLA/resoluciones/RESOLUCIONES%202009/7987.pdf HTTP/1.1" 200 512966
181.63.220.121 - - [18/Jul/2022:14:51:06 -0500] "GET /BLA/resoluciones/RESOLUCIONES%202009/7988.pdf HTTP/1.1" 200 514590
181.63.220.121 - - [18/Jul/2022:14:51:08 -0500] "GET /BLA/resoluciones/RESOLUCIONES%202009/7989.pdf HTTP/1.1" 200 516340
181.63.220.121 - - [18/Jul/2022:14:51:09 -0500] "GET /BLA/resoluciones/RESOLUCIONES%202009/7990.pdf HTTP/1.1" 200 530531
181.63.220.121 - - [18/Jul/2022:14:51:11 -0500] "GET /BLA/resoluciones/RESOLUCIONES%202009/7991.pdf HTTP/1.1" 200 514162
181.63.220.121 - - [18/Jul/2022:14:51:12 -0500] "GET /BLA/resoluciones/RESOLUCIONES%202009/7992.pdf HTTP/1.1" 200 538947
181.63.220.121 - - [18/Jul/2022:14:51:14 -0500] "GET /BLA/resoluciones/RESOLUCIONES%202009/7993.pdf HTTP/1.1" 200 98489
186.84.88.155 - - [18/Jul/2022:14:51:14 -0500] "GET /sipse/faces/faces/autenticacion.xhtml HTTP/1.1" 200 12177
186.84.88.155 - - [18/Jul/2022:14:51:15 -0500] "GET /sipse/css/custom_css_sg_prime_login.css HTTP/1.1" 304 -
186.84.88.155 - - [18/Jul/2022:14:51:15 -0500] "GET /sipse/js/funciones.js HTTP/1.1" 304 -
186.84.88.155 - - [18/Jul/2022:14:51:15 -0500] "GET /sipse/js/disable_browser_buttons.js HTTP/1.1" 304 -
186.84.88.155 - - [18/Jul/2022:14:51:15 -0500] "GET /sipse/css/custom_css_sg.css HTTP/1.1" 304 -
186.84.88.155 - - [18/Jul/2022:14:51:15 -0500] "GET /sipse/faces/javax.faces.resource/primefaces.css?ln=primefaces&v=4.0 HTTP/1.1" 304 -
186.84.88.155 - - [18/Jul/2022:14:51:15 -0500] "GET /sipse/faces/javax.faces.resource/layout/layout.css?ln=primefaces&v=4.0 HTTP/1.1" 304 -
186.84.88.155 - - [18/Jul/2022:14:51:15 -0500] "GET /sipse/faces/javax.faces.resource/theme.css?ln=primefaces-sipse HTTP/1.1" 304 -
186.84.88.155 - - [18/Jul/2022:14:51:15 -0500] "GET /sipse/faces/javax.faces.resource/jquery/jquery.js?ln=primefaces&v=4.0 HTTP/1.1" 304 -
186.84.88.155 - - [18/Jul/2022:14:51:15 -0500] "GET /sipse/faces/javax.faces.resource/primefaces.js?ln=primefaces&v=4.0 HTTP/1.1" 304 -
186.84.88.155 - - [18/Jul/2022:14:51:15 -0500] "GET /sipse/faces/javax.faces.resource/layout/layout.js?ln=primefaces&v=4.0 HTTP/1.1" 304 -
186.84.88.155 - - [18/Jul/2022:14:51:15 -0500] "GET /sipse/faces/javax.faces.resource/jquery/jquery-plugins.js?ln=primefaces&v=4.0 HTTP/1.1" 304 -
186.84.88.155 - - [18/Jul/2022:14:51:15 -0500] "GET /sipse/faces/javax.faces.resource/jquery/jquery-plugins.js?ln=primefaces&v=4.0 HTTP/1.1" 304 -
186.84.88.155 - - [18/Jul/2022:14:51:15 -0500] "GET /sipse/faces/javax.faces.resource/layout/layout.js?ln=primefaces&v=4.0 HTTP/1.1" 304 -
186.84.88.155 - - [18/Jul/2022:14:51:15 -0500] "GET /sipse/faces/javax.faces.resource/primefaces.js?ln=primefaces&v=4.0 HTTP/1.1" 304 -
186.84.88.155 - - [18/Jul/2022:14:51:15 -0500] "GET /sipse/css/imagen/logoSDG.png HTTP/1.1" 304 -
186.84.88.155 - - [18/Jul/2022:14:51:15 -0500] "GET /sipse/css/imagen/loginimg.png HTTP/1.1" 304 -
186.84.88.155 - - [18/Jul/2022:14:51:15 -0500] "GET /sipse/faces/javax.faces.resource/images/ui-icons_898989_256x240.png?ln=primefaces-aristo HTTP/1.1" 304 -
186.84.88.155 - - [18/Jul/2022:14:51:15 -0500] "GET /sipse/faces/faces/index.xhtml HTTP/1.1" 200 677
186.84.88.155 - - [18/Jul/2022:14:51:15 -0500] "GET /sipse/faces/javax.faces.resource/theme.css?ln=primefaces-sipse HTTP/1.1" 304 -
186.84.88.155 - - [18/Jul/2022:14:51:15 -0500] "GET /favicon.ico HTTP/1.1" 200 7782
186.84.88.155 - - [18/Jul/2022:14:51:15 -0500] "GET /sipse/faces/faces/faces/autenticacion.xhtml HTTP/1.1" 200 12177
186.84.88.155 - - [18/Jul/2022:14:51:15 -0500] "GET /sipse/faces/javax.faces.resource/theme.css?ln=primefaces-sipse HTTP/1.1" 304 -
186.84.88.155 - - [18/Jul/2022:14:51:15 -0500] "GET /sipse/faces/javax.faces.resource/jquery/jquery.js?ln=primefaces&v=4.0 HTTP/1.1" 304 -
186.84.88.155 - - [18/Jul/2022:14:51:15 -0500] "GET /sipse/faces/javax.faces.resource/layout/layout.css?ln=primefaces&v=4.0 HTTP/1.1" 304 -
186.84.88.155 - - [18/Jul/2022:14:51:15 -0500] "GET /sipse/faces/javax.faces.resource/primefaces.css?ln=primefaces&v=4.0 HTTP/1.1" 304 -
186.84.88.155 - - [18/Jul/2022:14:51:15 -0500] "GET /sipse/faces/javax.faces.resource/jquery/jquery-plugins.js?ln=primefaces&v=4.0 HTTP/1.1" 304 -
186.84.88.155 - - [18/Jul/2022:14:51:15 -0500] "GET /sipse/faces/javax.faces.resource/primefaces.js?ln=primefaces&v=4.0 HTTP/1.1" 304 -
186.84.88.155 - - [18/Jul/2022:14:51:15 -0500] "GET /sipse/faces/javax.faces.resource/layout/layout.js?ln=primefaces&v=4.0 HTTP/1.1" 304 -
181.63.220.121 - - [18/Jul/2022:14:51:15 -0500] "GET /BLA/resoluciones/RESOLUCIONES%202009/7994.pdf HTTP/1.1" 200 322756
181.63.220.121 - - [18/Jul/2022:14:51:17 -0500] "GET /BLA/resoluciones/RESOLUCIONES%202009/7995.pdf HTTP/1.1" 200 120124
181.63.220.121 - - [18/Jul/2022:14:51:18 -0500] "GET /BLA/resoluciones/RESOLUCIONES%202009/7996.pdf HTTP/1.1" 200 146346
181.63.220.121 - - [18/Jul/2022:14:51:19 -0500] "GET /BLA/resoluciones/RESOLUCIONES%202009/7997.pdf HTTP/1.1" 200 309084
181.63.220.121 - - [18/Jul/2022:14:51:20 -0500] "GET /BLA/resoluciones/RESOLUCIONES%202009/7998.pdf HTTP/1.1" 200 99535
186.84.88.155 - - [18/Jul/2022:14:51:21 -0500] "POST /sipse/faces/autenticacion.xhtml HTTP/1.1" 200 2222
186.84.88.155 - - [18/Jul/2022:14:51:21 -0500] "GET /sipse/faces/javax.faces.resource/messages/messages.png?ln=primefaces&v=4.0 HTTP/1.1" 304 -
181.63.220.121 - - [18/Jul/2022:14:51:22 -0500] "GET /BLA/resoluciones/RESOLUCIONES%202009/7999.pdf HTTP/1.1" 200 140824
186.84.88.155 - - [18/Jul/2022:14:51:22 -0500] "GET /sipse/faces/javax.faces.resource/images/ui-icons_898989_256x240.png?ln=primefaces-aristo HTTP/1.1" 304 -
186.84.88.155 - - [18/Jul/2022:14:51:22 -0500] "POST /sipse/faces/autenticacion.xhtml HTTP/1.1" 200 16363
186.84.88.155 - - [18/Jul/2022:14:51:22 -0500] "GET /sipse/faces/javax.faces.resource/theme.css?ln=primefaces-sipse HTTP/1.1" 304 -
186.84.88.155 - - [18/Jul/2022:14:51:22 -0500] "GET /sipse/css/custom_css_sg_prime.css HTTP/1.1" 304 -
186.84.88.155 - - [18/Jul/2022:14:51:22 -0500] "GET /sipse/faces/javax.faces.resource/primefaces.css?ln=primefaces&v=4.0 HTTP/1.1" 304 -
186.84.88.155 - - [18/Jul/2022:14:51:22 -0500] "GET /sipse/faces/javax.faces.resource/layout/layout.css?ln=primefaces&v=4.0 HTTP/1.1" 304 -
186.84.88.155 - - [18/Jul/2022:14:51:22 -0500] "GET /sipse/js/jquery.min.js HTTP/1.1" 304 -
186.84.88.155 - - [18/Jul/2022:14:51:22 -0500] "GET /sipse/faces/javax.faces.resource/jquery/jquery.js?ln=primefaces&v=4.0 HTTP/1.1" 304 -
186.84.88.155 - - [18/Jul/2022:14:51:22 -0500] "GET /sipse/faces/javax.faces.resource/jquery/jquery-plugins.js?ln=primefaces&v=4.0 HTTP/1.1" 304 -
186.84.88.155 - - [18/Jul/2022:14:51:22 -0500] "GET /sipse/faces/javax.faces.resource/primefaces.js?ln=primefaces&v=4.0 HTTP/1.1" 304 -
186.84.88.155 - - [18/Jul/2022:14:51:22 -0500] "GET /sipse/faces/javax.faces.resource/layout/layout.js?ln=primefaces&v=4.0 HTTP/1.1" 304 -
186.84.88.155 - - [18/Jul/2022:14:51:22 -0500] "GET /sipse/imagenes/cargando.gif HTTP/1.1" 304 -
186.84.88.155 - - [18/Jul/2022:14:51:22 -0500] "GET /sipse/imagenes/logoAplicacion.jpg HTTP/1.1" 304 -
186.84.88.155 - - [18/Jul/2022:14:51:22 -0500] "GET /sipse/css/imagen/contrasena.png HTTP/1.1" 404 383
181.63.220.121 - - [18/Jul/2022:14:51:23 -0500] "GET /BLA/resoluciones/RESOLUCIONES%202009/8000.pdf HTTP/1.1" 200 104594
181.63.220.121 - - [18/Jul/2022:14:51:25 -0500] "GET /BLA/resoluciones/RESOLUCIONES%202009/8001.pdf HTTP/1.1" 200 53650
66.249.69.45 - - [18/Jul/2022:14:51:26 -0500] "-" 408 -
181.63.220.121 - - [18/Jul/2022:14:51:27 -0500] "GET /BLA/resoluciones/RESOLUCIONES%202009/8002.pdf HTTP/1.1" 200 139770
186.84.88.155 - - [18/Jul/2022:14:51:27 -0500] "GET /sipse/faces/javax.faces.resource/images/ui-bg_flat_0_2d5972_40x100.png?ln=primefaces-aristo HTTP/1.1" 304 -
186.84.88.155 - - [18/Jul/2022:14:51:27 -0500] "POST /sipse/faces/bienvenido.xhtml HTTP/1.1" 200 2055
181.63.220.121 - - [18/Jul/2022:14:51:29 -0500] "GET /BLA/resoluciones/RESOLUCIONES%202009/8003.pdf HTTP/1.1" 200 136142
181.63.220.121 - - [18/Jul/2022:14:51:32 -0500] "GET /BLA/resoluciones/RESOLUCIONES%202009/8004.pdf HTTP/1.1" 200 216747
181.63.220.121 - - [18/Jul/2022:14:51:35 -0500] "GET /BLA/resoluciones/RESOLUCIONES%202009/8005.pdf HTTP/1.1" 200 339514
181.206.70.123 - - [18/Jul/2022:14:51:34 -0500] "POST /BLA/boletinlegal/admin/notificaciones/ingresar.php HTTP/1.1" 200 30119
181.206.70.123 - - [18/Jul/2022:14:51:35 -0500] "GET /css/global/buttons.css HTTP/1.1" 404 1324
181.63.220.121 - - [18/Jul/2022:14:51:37 -0500] "GET /BLA/resoluciones/RESOLUCIONES%202009/8006.pdf HTTP/1.1" 200 264450
201.245.192.253 - - [18/Jul/2022:14:51:34 -0500] "POST /kwsrmcab/Wsrmcab  HTTP/1.1" 200 45399
181.63.220.121 - - [18/Jul/2022:14:51:40 -0500] "GET /BLA/resoluciones/RESOLUCIONES%202009/8007.pdf HTTP/1.1" 200 268788
186.84.88.155 - - [18/Jul/2022:14:51:29 -0500] "POST /sipse/faces/bienvenido.xhtml HTTP/1.1" 200 35016
186.84.88.155 - - [18/Jul/2022:14:51:42 -0500] "GET /sipse/faces/javax.faces.resource/theme.css?ln=primefaces-sipse HTTP/1.1" 304 -
186.84.88.155 - - [18/Jul/2022:14:51:42 -0500] "GET /sipse/faces/javax.faces.resource/primefaces.css?ln=primefaces&v=4.0 HTTP/1.1" 304 -
186.84.88.155 - - [18/Jul/2022:14:51:42 -0500] "GET /sipse/faces/javax.faces.resource/jquery/jquery.js?ln=primefaces&v=4.0 HTTP/1.1" 304 -
186.84.88.155 - - [18/Jul/2022:14:51:42 -0500] "GET /sipse/faces/javax.faces.resource/layout/layout.css?ln=primefaces&v=4.0 HTTP/1.1" 304 -
186.84.88.155 - - [18/Jul/2022:14:51:42 -0500] "GET /sipse/faces/javax.faces.resource/jquery/jquery-plugins.js?ln=primefaces&v=4.0 HTTP/1.1" 304 -
186.84.88.155 - - [18/Jul/2022:14:51:42 -0500] "GET /sipse/faces/javax.faces.resource/primefaces.js?ln=primefaces&v=4.0 HTTP/1.1" 304 -
186.84.88.155 - - [18/Jul/2022:14:51:42 -0500] "GET /sipse/faces/javax.faces.resource/layout/layout.js?ln=primefaces&v=4.0 HTTP/1.1" 304 -
181.63.220.121 - - [18/Jul/2022:14:51:42 -0500] "GET /BLA/resoluciones/RESOLUCIONES%202009/8008.pdf HTTP/1.1" 200 133650
181.63.220.121 - - [18/Jul/2022:14:51:44 -0500] "GET /BLA/resoluciones/RESOLUCIONES%202009/8009.pdf HTTP/1.1" 200 92287
181.63.220.121 - - [18/Jul/2022:14:51:45 -0500] "GET /BLA/resoluciones/RESOLUCIONES%202009/8010.pdf HTTP/1.1" 200 778729
186.84.88.155 - - [18/Jul/2022:14:51:45 -0500] "POST /sipse/faces/presentacion/proyectos/proyecto/listarProyecto.xhtml HTTP/1.1" 200 163
181.63.220.121 - - [18/Jul/2022:14:51:47 -0500] "GET /BLA/resoluciones/RESOLUCIONES%202009/8011.pdf HTTP/1.1" 200 132690
186.84.88.155 - - [18/Jul/2022:14:51:47 -0500] "GET /sipse/faces/javax.faces.resource/theme.css?ln=primefaces-sipse HTTP/1.1" 304 -
186.84.88.155 - - [18/Jul/2022:14:51:47 -0500] "GET /sipse/faces/javax.faces.resource/primefaces.css?ln=primefaces&v=4.0 HTTP/1.1" 304 -
186.84.88.155 - - [18/Jul/2022:14:51:47 -0500] "GET /sipse/faces/javax.faces.resource/layout/layout.css?ln=primefaces&v=4.0 HTTP/1.1" 304 -
186.84.88.155 - - [18/Jul/2022:14:51:47 -0500] "GET /sipse/faces/javax.faces.resource/jquery/jquery-plugins.js?ln=primefaces&v=4.0 HTTP/1.1" 304 -
186.84.88.155 - - [18/Jul/2022:14:51:47 -0500] "GET /sipse/faces/javax.faces.resource/jquery/jquery.js?ln=primefaces&v=4.0 HTTP/1.1" 304 -
186.84.88.155 - - [18/Jul/2022:14:51:47 -0500] "GET /sipse/faces/javax.faces.resource/primefaces.js?ln=primefaces&v=4.0 HTTP/1.1" 304 -
186.84.88.155 - - [18/Jul/2022:14:51:47 -0500] "GET /sipse/faces/javax.faces.resource/layout/layout.js?ln=primefaces&v=4.0 HTTP/1.1" 304 -
186.84.88.155 - - [18/Jul/2022:14:51:46 -0500] "GET /sipse/faces/presentacion/proyectos/proyecto/proyecto.xhtml HTTP/1.1" 200 89005
186.84.88.155 - - [18/Jul/2022:14:51:48 -0500] "POST /sipse/faces/presentacion/proyectos/proyecto/proyecto.xhtml HTTP/1.1" 200 3381
181.63.220.121 - - [18/Jul/2022:14:51:49 -0500] "GET /BLA/resoluciones/RESOLUCIONES%202009/8012.pdf HTTP/1.1" 200 106424
172.22.2.4 - - [18/Jul/2022:14:51:50 -0500] "GET /BLA/boletinlegal/style.css HTTP/1.1" 200 9406
181.63.220.121 - - [18/Jul/2022:14:51:50 -0500] "GET /BLA/resoluciones/RESOLUCIONES%202009/8013.pdf HTTP/1.1" 200 196234
172.22.2.4 - - [18/Jul/2022:14:51:50 -0500] "GET /BLA/boletinlegal/styles2.css HTTP/1.1" 200 1838
172.22.2.4 - - [18/Jul/2022:14:51:50 -0500] "GET /BLA/boletinlegal/js/jquery.js HTTP/1.1" 200 57254
172.22.2.4 - - [18/Jul/2022:14:51:50 -0500] "GET /BLA/boletinlegal/js/jquery.scrollTo-min.js HTTP/1.1" 200 1150
172.22.2.4 - - [18/Jul/2022:14:51:50 -0500] "GET /BLA/boletinlegal/js/jquery.scrollShow.js HTTP/1.1" 200 4586
172.22.2.4 - - [18/Jul/2022:14:51:50 -0500] "GET /BLA/boletinlegal/images/cabezote%20BLEGAL.jpg HTTP/1.1" 200 118164
172.22.2.4 - - [18/Jul/2022:14:51:50 -0500] "GET /BLA/boletinlegal/images/subscribe-icon-big.png HTTP/1.1" 200 47702
172.22.2.4 - - [18/Jul/2022:14:51:50 -0500] "GET /BLA/boletinlegal/images/historia.png HTTP/1.1" 200 52775
172.22.2.4 - - [18/Jul/2022:14:51:50 -0500] "GET /BLA/boletinlegal/images/registro-usuarios.png HTTP/1.1" 200 8106
172.22.2.4 - - [18/Jul/2022:14:51:50 -0500] "GET /BLA/boletinlegal/images/arr_l.jpg HTTP/1.1" 200 1979
172.22.2.4 - - [18/Jul/2022:14:51:50 -0500] "GET /BLA/boletinlegal/images/screen_1.png HTTP/1.1" 200 202547
172.22.2.4 - - [18/Jul/2022:14:51:50 -0500] "GET /BLA/boletinlegal/images/launch.jpg HTTP/1.1" 200 14577
172.22.2.4 - - [18/Jul/2022:14:51:50 -0500] "GET /BLA/boletinlegal/images/body_bg.jpg HTTP/1.1" 200 1601
172.22.2.4 - - [18/Jul/2022:14:51:50 -0500] "GET /BLA/boletinlegal/images/menu_lft.gif HTTP/1.1" 200 1713
172.22.2.4 - - [18/Jul/2022:14:51:50 -0500] "GET /BLA/boletinlegal/images/menu_rght.gif HTTP/1.1" 200 1627
172.22.2.4 - - [18/Jul/2022:14:51:50 -0500] "GET /BLA/boletinlegal/images/bg_top.jpg HTTP/1.1" 200 522
172.22.2.4 - - [18/Jul/2022:14:51:50 -0500] "GET /BLA/boletinlegal/images/menu_bg.jpg HTTP/1.1" 200 620
172.22.2.4 - - [18/Jul/2022:14:51:50 -0500] "GET /BLA/boletinlegal/images/hover.jpg HTTP/1.1" 200 640
172.22.2.4 - - [18/Jul/2022:14:51:50 -0500] "GET /BLA/boletinlegal/images/text.jpg HTTP/1.1" 200 568
186.84.88.155 - - [18/Jul/2022:14:51:54 -0500] "POST /sipse/faces/presentacion/proyectos/proyecto/proyecto.xhtml HTTP/1.1" 200 43857
186.84.88.155 - - [18/Jul/2022:14:51:56 -0500] "GET /sipse/faces/javax.faces.resource/spacer/dot_clear.gif?ln=primefaces&v=4.0 HTTP/1.1" 304 -
172.22.2.4 - - [18/Jul/2022:14:51:57 -0500] "GET /BLA/boletinlegal/images/screen_2.png HTTP/1.1" 200 362502
172.22.2.4 - - [18/Jul/2022:14:51:57 -0500] "GET /BLA/boletinlegal/images/screen_3.png HTTP/1.1" 200 210620
172.22.2.4 - - [18/Jul/2022:14:51:57 -0500] "GET /BLA/boletinlegal/images/arr_r.jpg HTTP/1.1" 200 1998
172.22.2.4 - - [18/Jul/2022:14:51:57 -0500] "GET /BLA/boletinlegal/images/screen_5.png HTTP/1.1" 200 368876
172.22.2.4 - - [18/Jul/2022:14:51:57 -0500] "GET /BLA/boletinlegal/images/footer_bg.jpg HTTP/1.1" 200 586
186.84.88.155 - - [18/Jul/2022:14:51:56 -0500] "POST /sipse/faces/presentacion/proyectos/proyecto/proyecto.xhtml HTTP/1.1" 200 4061
172.22.2.4 - - [18/Jul/2022:14:52:05 -0500] "GET /BLA/boletinlegal/images/pdf.gif HTTP/1.1" 200 567
186.84.88.155 - - [18/Jul/2022:14:52:24 -0500] "POST /sipse/faces/presentacion/proyectos/proyecto/proyecto.xhtml HTTP/1.1" 200 37802
216.245.221.92 - - [18/Jul/2022:14:52:28 -0500] "HEAD / HTTP/1.1" 200 -
181.206.70.123 - - [18/Jul/2022:14:52:32 -0500] "GET /css/global/buttons.css HTTP/1.1" 404 1324
181.206.70.123 - - [18/Jul/2022:14:52:31 -0500] "POST /BLA/boletinlegal/admin/notificaciones/ingresar.php HTTP/1.1" 200 30119
172.22.2.4 - - [18/Jul/2022:14:52:45 -0500] "GET /BLA/boletinlegal/robots.txt HTTP/1.1" 404 1038
201.245.192.253 - - [18/Jul/2022:14:52:48 -0500] "GET /BLA/resoluciones/ HTTP/1.1" 200 13093
201.245.192.253 - - [18/Jul/2022:14:52:51 -0500] "GET /BLA/resoluciones/index.php?dir=RESOLUCIONES+2021%2F HTTP/1.1" 200 395758
200.118.16.79 - - [18/Jul/2022:14:52:57 -0500] "GET /kwssiamovil/sm/acme/u?s=U2FsdGVkX1+ur4Ef8yDwONML4JHZMzo6EZLNz7iFnuabpcJKoFDN21lXZRXNM6kS2TDnB7EYxVcTWyLHAfClOQXxG5H417x/CTsEB7VZO5yNAdXJaBLtDE0OWBC0cbVsImYJA661ETpLW+yvTJsKPQ==&u=U2FsdGVkX1949Sh5Do2IMmHaGTt9RVNg1pHHmG/GJbg=&y=U2FsdGVkX1+albpV40EBIH13oEhaXAVmWQ/Ik4zLbewj1ZX9Q2WfU+StWsGfqsSp HTTP/1.1" 200 60
204.199.117.197 - - [18/Jul/2022:14:53:15 -0500] "GET /mesa/contrasena.pdf HTTP/1.1" 200 443199
204.199.117.197 - - [18/Jul/2022:14:53:16 -0500] "GET /mesa/contrasena.pdf HTTP/1.1" 206 1
186.84.88.155 - - [18/Jul/2022:14:53:14 -0500] "POST /sipse/faces/presentacion/proyectos/proyecto/proyecto.xhtml HTTP/1.1" 200 37280
204.199.117.197 - - [18/Jul/2022:14:53:16 -0500] "GET /mesa/contrasena.pdf HTTP/1.1" 206 440647
172.22.2.4 - - [18/Jul/2022:14:53:18 -0500] "GET /BLA/boletinlegal/actos.php HTTP/1.1" 200 9559
172.22.2.4 - - [18/Jul/2022:14:53:18 -0500] "GET /BLA/boletinlegal/js/ajax_actos.js HTTP/1.1" 200 1322
172.22.2.4 - - [18/Jul/2022:14:53:18 -0500] "GET /BLA/boletinlegal/niceforms-default.css HTTP/1.1" 200 6694
172.22.2.4 - - [18/Jul/2022:14:53:18 -0500] "GET /BLA/boletinlegal/niceforms.js HTTP/1.1" 200 22876
172.22.2.4 - - [18/Jul/2022:14:53:18 -0500] "GET /BLA/boletinlegal/js/lib.js HTTP/1.1" 200 6474
172.22.2.4 - - [18/Jul/2022:14:53:18 -0500] "GET /BLA/boletinlegal/js/popup.js HTTP/1.1" 200 1270
172.22.2.4 - - [18/Jul/2022:14:53:18 -0500] "GET /BLA/boletinlegal/js/jquery1.js HTTP/1.1" 200 29846
172.22.2.4 - - [18/Jul/2022:14:53:18 -0500] "GET /BLA/boletinlegal/images/green-yellow-blue-pink-th.png HTTP/1.1" 200 7394
172.22.2.4 - - [18/Jul/2022:14:53:18 -0500] "GET /BLA/boletinlegal/images/abajo.png HTTP/1.1" 200 96676
172.22.2.4 - - [18/Jul/2022:14:53:18 -0500] "GET /BLA/boletinlegal/images/tel.png HTTP/1.1" 200 14477
172.22.2.4 - - [18/Jul/2022:14:53:18 -0500] "GET /BLA/boletinlegal/images/icono-email.png HTTP/1.1" 200 5544
172.22.2.4 - - [18/Jul/2022:14:53:18 -0500] "GET /BLA/boletinlegal/images/footer_bg_l.jpg HTTP/1.1" 200 776
172.22.2.4 - - [18/Jul/2022:14:53:18 -0500] "GET /BLA/boletinlegal/img/0.png HTTP/1.1" 200 110
172.22.2.4 - - [18/Jul/2022:14:53:18 -0500] "GET /BLA/boletinlegal/img/select-left.png HTTP/1.1" 200 263
172.22.2.4 - - [18/Jul/2022:14:53:18 -0500] "GET /BLA/boletinlegal/img/button-left.png HTTP/1.1" 200 57071
172.22.2.4 - - [18/Jul/2022:14:53:18 -0500] "GET /BLA/boletinlegal/img/select-right.png HTTP/1.1" 200 44019
172.22.2.4 - - [18/Jul/2022:14:53:18 -0500] "GET /BLA/boletinlegal/img/button.png HTTP/1.1" 200 43241
172.22.2.4 - - [18/Jul/2022:14:53:18 -0500] "GET /BLA/boletinlegal/img/button-right.png HTTP/1.1" 200 57878
172.22.2.4 - - [18/Jul/2022:14:53:18 -0500] "GET /BLA/boletinlegal/favicon.ico HTTP/1.1" 404 1326
190.67.214.175 - - [18/Jul/2022:14:53:21 -0500] "GET /BLA/resoluciones/ HTTP/1.1" 200 13093
190.67.214.175 - - [18/Jul/2022:14:53:21 -0500] "GET /BLA/resoluciones/dlf/styles.css HTTP/1.1" 200 3049
190.67.214.175 - - [18/Jul/2022:14:53:21 -0500] "GET /BLA/resoluciones/dlf/folder.png HTTP/1.1" 200 410
190.67.214.175 - - [18/Jul/2022:14:53:21 -0500] "GET /BLA/resoluciones/dlf/bg.gif HTTP/1.1" 200 54
190.67.214.175 - - [18/Jul/2022:14:53:21 -0500] "GET /favicon.ico HTTP/1.1" 200 7782
201.245.192.253 - - [18/Jul/2022:14:53:21 -0500] "POST /sipse/faces/presentacion/proyectos/proyecto/presupuesto/presupuestoEntreActividades/resumen.xhtml HTTP/1.1" 200 3003
190.67.214.175 - - [18/Jul/2022:14:53:26 -0500] "GET /BLA/resoluciones/dlf/dirup.png HTTP/1.1" 200 644
190.67.214.175 - - [18/Jul/2022:14:53:26 -0500] "GET /BLA/resoluciones/dlf/pdf.gif HTTP/1.1" 200 272
190.67.214.175 - - [18/Jul/2022:14:53:25 -0500] "GET /BLA/resoluciones/index.php?dir=RESOLUCIONES+2011%2F HTTP/1.1" 200 746823
172.22.2.4 - - [18/Jul/2022:14:51:50 -0500] "GET /BLA/boletinlegal/ HTTP/1.1" 200 58866
181.206.70.123 - - [18/Jul/2022:14:53:40 -0500] "GET /css/global/buttons.css HTTP/1.1" 404 1324
181.206.70.123 - - [18/Jul/2022:14:53:39 -0500] "POST /BLA/boletinlegal/admin/notificaciones/ingresar.php HTTP/1.1" 200 30119
201.245.192.253 - - [18/Jul/2022:14:53:41 -0500] "GET /BLA/resoluciones/RESOLUCIONES%202021/1865.pdf HTTP/1.1" 200 466582
201.245.192.253 - - [18/Jul/2022:14:53:46 -0500] "POST /sipse/faces/presentacion/proyectos/proyecto/presupuesto/presupuestoEntreActividades/resumen.xhtml HTTP/1.1" 200 3007
201.245.192.253 - - [18/Jul/2022:14:53:48 -0500] "POST /sipse/faces/presentacion/proyectos/proyecto/presupuesto/presupuestoEntreActividades/resumen.xhtml HTTP/1.1" 200 3003
190.67.214.175 - - [18/Jul/2022:14:53:52 -0500] "GET /BLA/resoluciones/RESOLUCIONES%202011/5589.pdf HTTP/1.1" 200 11615681
201.245.192.253 - - [18/Jul/2022:14:53:55 -0500] "POST /sipse/faces/presentacion/proyectos/proyecto/presupuesto/presupuestoEntreActividades/resumen.xhtml HTTP/1.1" 200 3007
172.22.2.4 - - [18/Jul/2022:14:52:29 -0500] "HEAD /BLA/boletinlegal/ HTTP/1.1" 200 -
66.220.149.8 - - [18/Jul/2022:14:54:18 -0500] "GET /images/tarantulas-incatuacion-dorado-1-diciembre.jpg HTTP/1.1" 200 31749
181.206.70.123 - - [18/Jul/2022:14:54:31 -0500] "GET /css/global/buttons.css HTTP/1.1" 404 1324
181.206.70.123 - - [18/Jul/2022:14:54:30 -0500] "POST /BLA/boletinlegal/admin/notificaciones/ingresar.php HTTP/1.1" 200 30119
191.156.188.94 - - [18/Jul/2022:14:54:43 -0500] "GET /se-amplia-convocatoria-de-sembradoras-por-la-reactivaccion-para-que-20-organizaciones-ambientales-contraten-a-mas-de-mil-mujeres.html HTTP/1.1" 200 1100
201.245.192.253 - - [18/Jul/2022:14:54:43 -0500] "POST /sipse/faces/presentacion/proyectos/proyecto/presupuesto/presupuestoEntreActividades/resumen.xhtml HTTP/1.1" 200 3386
201.245.192.253 - - [18/Jul/2022:14:54:43 -0500] "POST /sipse/faces/presentacion/proyectos/proyecto/presupuesto/presupuestoEntreActividades/resumen.xhtml HTTP/1.1" 200 3036
201.245.192.253 - - [18/Jul/2022:14:54:46 -0500] "POST /sipse/faces/presentacion/proyectos/proyecto/presupuesto/presupuestoEntreActividades/resumen.xhtml HTTP/1.1" 200 3028
201.245.192.253 - - [18/Jul/2022:14:54:48 -0500] "POST /sipse/faces/presentacion/proyectos/proyecto/presupuesto/presupuestoEntreActividades/resumen.xhtml HTTP/1.1" 200 3036
201.245.192.253 - - [18/Jul/2022:14:54:52 -0500] "POST /sipse/faces/presentacion/proyectos/proyecto/presupuesto/presupuestoEntreActividades/resumen.xhtml HTTP/1.1" 200 3386
201.245.192.253 - - [18/Jul/2022:14:54:55 -0500] "POST /sipse/faces/presentacion/proyectos/proyecto/presupuesto/presupuestoEntreActividades/resumen.xhtml HTTP/1.1" 200 3036
201.245.192.253 - - [18/Jul/2022:14:54:59 -0500] "POST /sipse/faces/presentacion/proyectos/proyecto/presupuesto/presupuestoEntreActividades/resumen.xhtml HTTP/1.1" 200 3028
172.22.2.4 - - [18/Jul/2022:14:53:19 -0500] "GET /BLA/boletinlegal/ HTTP/1.1" 200 53903
201.245.192.253 - - [18/Jul/2022:14:54:59 -0500] "POST /sipse/faces/presentacion/proyectos/proyecto/presupuesto/presupuestoEntreActividades/resumen.xhtml HTTP/1.1" 200 3036
201.245.192.253 - - [18/Jul/2022:14:55:00 -0500] "POST /sipse/faces/presentacion/proyectos/proyecto/presupuesto/presupuestoEntreActividades/resumen.xhtml HTTP/1.1" 200 3028
201.245.192.253 - - [18/Jul/2022:14:55:00 -0500] "POST /sipse/faces/presentacion/proyectos/proyecto/presupuesto/presupuestoEntreActividades/resumen.xhtml HTTP/1.1" 200 3036
201.245.192.253 - - [18/Jul/2022:14:55:02 -0500] "POST /sipse/faces/presentacion/proyectos/proyecto/presupuesto/presupuestoEntreActividades/resumen.xhtml HTTP/1.1" 200 3028
201.245.192.253 - - [18/Jul/2022:14:55:04 -0500] "POST /sipse/faces/presentacion/proyectos/proyecto/presupuesto/presupuestoEntreActividades/resumen.xhtml HTTP/1.1" 200 3036
181.206.70.123 - - [18/Jul/2022:14:55:18 -0500] "POST /BLA/boletinlegal/admin/notificaciones/ingresar.php HTTP/1.1" 200 30119
181.206.70.123 - - [18/Jul/2022:14:55:19 -0500] "GET /css/global/buttons.css HTTP/1.1" 404 1324
201.245.192.253 - - [18/Jul/2022:14:55:32 -0500] "POST /sipse/faces/presentacion/proyectos/proyecto/presupuesto/presupuestoEntreActividades/resumen.xhtml HTTP/1.1" 200 3386
201.245.192.253 - - [18/Jul/2022:14:55:37 -0500] "POST /sipse/faces/presentacion/proyectos/proyecto/presupuesto/presupuestoEntreActividades/resumen.xhtml HTTP/1.1" 200 3036
201.245.192.253 - - [18/Jul/2022:14:55:38 -0500] "POST /sipse/faces/presentacion/proyectos/proyecto/presupuesto/presupuestoEntreActividades/resumen.xhtml HTTP/1.1" 200 3028
201.245.192.253 - - [18/Jul/2022:14:55:38 -0500] "POST /sipse/faces/presentacion/proyectos/proyecto/presupuesto/presupuestoEntreActividades/resumen.xhtml HTTP/1.1" 200 3394
201.245.192.253 - - [18/Jul/2022:14:55:39 -0500] "POST /sipse/faces/presentacion/proyectos/proyecto/presupuesto/presupuestoEntreActividades/resumen.xhtml HTTP/1.1" 200 3028
201.245.192.253 - - [18/Jul/2022:14:55:40 -0500] "POST /sipse/faces/presentacion/proyectos/proyecto/presupuesto/presupuestoEntreActividades/resumen.xhtml HTTP/1.1" 200 3036
181.206.70.123 - - [18/Jul/2022:14:55:59 -0500] "POST /BLA/boletinlegal/admin/notificaciones/ingresar.php HTTP/1.1" 200 30119
181.206.70.123 - - [18/Jul/2022:14:56:01 -0500] "GET /css/global/buttons.css HTTP/1.1" 404 1324
201.245.192.253 - - [18/Jul/2022:14:56:13 -0500] "POST /sipse/faces/presentacion/proyectos/proyecto/presupuesto/presupuestoEntreActividades/resumen.xhtml HTTP/1.1" 200 3386
201.245.192.253 - - [18/Jul/2022:14:56:18 -0500] "POST /sipse/faces/presentacion/proyectos/proyecto/presupuesto/presupuestoEntreActividades/resumen.xhtml HTTP/1.1" 200 3036
201.245.192.253 - - [18/Jul/2022:14:56:19 -0500] "POST /sipse/faces/presentacion/proyectos/proyecto/presupuesto/presupuestoEntreActividades/resumen.xhtml HTTP/1.1" 200 3028
201.245.192.253 - - [18/Jul/2022:14:56:26 -0500] "POST /sipse/faces/presentacion/proyectos/proyecto/presupuesto/presupuestoEntreActividades/resumen.xhtml HTTP/1.1" 200 3449
201.245.192.253 - - [18/Jul/2022:14:56:33 -0500] "POST /sipse/faces/presentacion/proyectos/proyecto/presupuesto/presupuestoEntreActividades/resumen.xhtml HTTP/1.1" 200 3558
201.245.192.253 - - [18/Jul/2022:14:56:33 -0500] "POST /kwsrmcab/Wsrmcab  HTTP/1.1" 200 45399
181.63.220.121 - - [18/Jul/2022:14:56:38 -0500] "GET /BLA/resoluciones/RESOLUCIONES%202009/8047.pdf HTTP/1.1" 200 416512
201.245.192.253 - - [18/Jul/2022:14:56:41 -0500] "POST /sipse/faces/presentacion/proyectos/proyecto/presupuesto/presupuestoEntreActividades/resumen.xhtml HTTP/1.1" 200 3204
201.245.192.253 - - [18/Jul/2022:14:56:46 -0500] "POST /sipse/faces/presentacion/proyectos/proyecto/presupuesto/presupuestoEntreActividades/resumen.xhtml HTTP/1.1" 200 3200
181.63.220.121 - - [18/Jul/2022:14:56:48 -0500] "GET /BLA/resoluciones/RESOLUCIONES%202009/8044.pdf HTTP/1.1" 200 418776
201.245.192.253 - - [18/Jul/2022:14:56:51 -0500] "POST /sipse/faces/presentacion/proyectos/proyecto/presupuesto/presupuestoEntreActividades/resumen.xhtml HTTP/1.1" 200 3453
181.63.220.121 - - [18/Jul/2022:14:56:54 -0500] "GET /BLA/resoluciones/RESOLUCIONES%202009/8015.pdf HTTP/1.1" 200 82649
181.63.220.121 - - [18/Jul/2022:14:56:55 -0500] "GET /BLA/resoluciones/RESOLUCIONES%202009/8016.pdf HTTP/1.1" 200 454113
181.63.220.121 - - [18/Jul/2022:14:56:57 -0500] "GET /BLA/resoluciones/RESOLUCIONES%202009/8017.pdf HTTP/1.1" 200 655596
181.63.220.121 - - [18/Jul/2022:14:56:58 -0500] "GET /BLA/resoluciones/RESOLUCIONES%202009/8018.pdf HTTP/1.1" 200 639358
181.63.220.121 - - [18/Jul/2022:14:56:59 -0500] "GET /BLA/resoluciones/RESOLUCIONES%202009/8019.pdf HTTP/1.1" 200 636042
181.63.220.121 - - [18/Jul/2022:14:57:01 -0500] "GET /BLA/resoluciones/RESOLUCIONES%202009/8020.pdf HTTP/1.1" 200 454453
181.63.220.121 - - [18/Jul/2022:14:57:02 -0500] "GET /BLA/resoluciones/RESOLUCIONES%202009/8021.pdf HTTP/1.1" 200 778390
181.63.220.121 - - [18/Jul/2022:14:57:03 -0500] "GET /BLA/resoluciones/RESOLUCIONES%202009/8022.pdf HTTP/1.1" 200 1716701
181.63.220.121 - - [18/Jul/2022:14:57:04 -0500] "GET /BLA/resoluciones/RESOLUCIONES%202009/8023.pdf HTTP/1.1" 200 73129
181.63.220.121 - - [18/Jul/2022:14:57:06 -0500] "GET /BLA/resoluciones/RESOLUCIONES%202009/8024.pdf HTTP/1.1" 200 517158
181.63.220.121 - - [18/Jul/2022:14:57:07 -0500] "GET /BLA/resoluciones/RESOLUCIONES%202009/8025.pdf HTTP/1.1" 200 514516
181.63.220.121 - - [18/Jul/2022:14:57:08 -0500] "GET /BLA/resoluciones/RESOLUCIONES%202009/8026.pdf HTTP/1.1" 200 510894
185.119.81.105 - - [18/Jul/2022:14:57:09 -0500] "GET /portaldeninos/wp-login.php HTTP/1.1" 200 2592
181.63.220.121 - - [18/Jul/2022:14:57:10 -0500] "GET /BLA/resoluciones/RESOLUCIONES%202009/8027.pdf HTTP/1.1" 200 547904
201.245.192.253 - - [18/Jul/2022:14:57:10 -0500] "POST /sipse/faces/presentacion/proyectos/proyecto/presupuesto/presupuestoEntreActividades/resumen.xhtml HTTP/1.1" 200 4638
185.119.81.105 - - [18/Jul/2022:14:57:10 -0500] "POST /portaldeninos/wp-login.php HTTP/1.1" 200 3605
181.63.220.121 - - [18/Jul/2022:14:57:10 -0500] "GET /BLA/resoluciones/RESOLUCIONES%202009/8028.pdf HTTP/1.1" 200 501841
201.245.192.253 - - [18/Jul/2022:14:57:13 -0500] "POST /sipse/faces/presentacion/proyectos/proyecto/presupuesto/presupuestoEntreActividades/resumen.xhtml HTTP/1.1" 200 3562
201.245.192.253 - - [18/Jul/2022:14:57:16 -0500] "POST /sipse/faces/presentacion/proyectos/proyecto/presupuesto/presupuestoEntreActividades/resumen.xhtml HTTP/1.1" 200 4638
201.245.192.253 - - [18/Jul/2022:14:57:23 -0500] "POST /sipse/faces/presentacion/proyectos/proyecto/presupuesto/presupuestoEntreActividades/resumen.xhtml HTTP/1.1" 200 3378
201.245.192.253 - - [18/Jul/2022:14:57:26 -0500] "POST /sipse/faces/presentacion/proyectos/proyecto/presupuesto/presupuestoEntreActividades/resumen.xhtml HTTP/1.1" 200 3200
201.245.192.253 - - [18/Jul/2022:14:57:27 -0500] "POST /sipse/faces/presentacion/proyectos/proyecto/presupuesto/presupuestoEntreActividades/resumen.xhtml HTTP/1.1" 200 3204
201.245.192.253 - - [18/Jul/2022:14:57:28 -0500] "POST /sipse/faces/presentacion/proyectos/proyecto/presupuesto/presupuestoEntreActividades/resumen.xhtml HTTP/1.1" 200 3200
216.245.221.92 - - [18/Jul/2022:14:57:28 -0500] "HEAD / HTTP/1.1" 200 -
201.245.192.253 - - [18/Jul/2022:14:57:28 -0500] "POST /sipse/faces/presentacion/proyectos/proyecto/presupuesto/presupuestoEntreActividades/resumen.xhtml HTTP/1.1" 200 3204
88.99.142.101 - - [18/Jul/2022:14:57:31 -0500] "GET /chulo-o-gallinazo-un-carronero-que-cumple-un-papel-fundamental-en-los-ecosistemas.html HTTP/1.1" 200 784
181.63.220.121 - - [18/Jul/2022:14:57:36 -0500] "GET /BLA/resoluciones/RESOLUCIONES%202009/8029.pdf HTTP/1.1" 200 505937
181.63.220.121 - - [18/Jul/2022:14:57:38 -0500] "GET /BLA/resoluciones/RESOLUCIONES%202009/8030.pdf HTTP/1.1" 200 507323
201.245.192.253 - - [18/Jul/2022:14:57:42 -0500] "POST /sipse/faces/presentacion/proyectos/proyecto/presupuesto/presupuestoEntreActividades/resumen.xhtml HTTP/1.1" 200 3445
181.63.220.121 - - [18/Jul/2022:14:57:44 -0500] "GET /BLA/resoluciones/RESOLUCIONES%202009/8032.pdf HTTP/1.1" 200 488566
172.22.2.4 - - [18/Jul/2022:14:57:44 -0500] "GET /BLA/boletinlegal/styles2.css HTTP/1.1" 200 1838
172.22.2.4 - - [18/Jul/2022:14:57:44 -0500] "GET /BLA/boletinlegal/style.css HTTP/1.1" 200 9406
172.22.2.4 - - [18/Jul/2022:14:57:44 -0500] "GET /BLA/boletinlegal/js/jquery.js HTTP/1.1" 200 57254
181.63.220.121 - - [18/Jul/2022:14:57:46 -0500] "GET /BLA/resoluciones/RESOLUCIONES%202009/8033.pdf HTTP/1.1" 200 437834
181.63.220.121 - - [18/Jul/2022:14:57:48 -0500] "GET /BLA/resoluciones/RESOLUCIONES%202009/8034.pdf HTTP/1.1" 200 414664
181.63.220.121 - - [18/Jul/2022:14:57:50 -0500] "GET /BLA/resoluciones/RESOLUCIONES%202009/8035.pdf HTTP/1.1" 200 419672
181.63.220.121 - - [18/Jul/2022:14:57:52 -0500] "GET /BLA/resoluciones/RESOLUCIONES%202009/8036.pdf HTTP/1.1" 200 415812
181.63.220.121 - - [18/Jul/2022:14:57:54 -0500] "GET /BLA/resoluciones/RESOLUCIONES%202009/8037.pdf HTTP/1.1" 200 414554
181.63.220.121 - - [18/Jul/2022:14:57:57 -0500] "GET /BLA/resoluciones/RESOLUCIONES%202009/8038.pdf HTTP/1.1" 200 418426
181.63.220.121 - - [18/Jul/2022:14:57:59 -0500] "GET /BLA/resoluciones/RESOLUCIONES%202009/8039.pdf HTTP/1.1" 200 415304
181.206.70.123 - - [18/Jul/2022:14:57:59 -0500] "POST /BLA/boletinlegal/admin/notificaciones/ingresar.php HTTP/1.1" 200 30119
181.206.70.123 - - [18/Jul/2022:14:57:59 -0500] "GET /css/global/buttons.css HTTP/1.1" 404 1324
181.63.220.121 - - [18/Jul/2022:14:58:01 -0500] "GET /BLA/resoluciones/RESOLUCIONES%202009/8040.pdf HTTP/1.1" 200 416878
181.63.220.121 - - [18/Jul/2022:14:58:03 -0500] "GET /BLA/resoluciones/RESOLUCIONES%202009/8041.pdf HTTP/1.1" 200 419044
181.63.220.121 - - [18/Jul/2022:14:58:05 -0500] "GET /BLA/resoluciones/RESOLUCIONES%202009/8042.pdf HTTP/1.1" 200 414432
201.245.192.253 - - [18/Jul/2022:14:58:05 -0500] "POST /sipse/faces/presentacion/proyectos/proyecto/presupuesto/presupuestoEntreActividades/resumen.xhtml HTTP/1.1" 200 3151
201.245.192.253 - - [18/Jul/2022:14:58:05 -0500] "POST /sipse/faces/presentacion/proyectos/proyecto/presupuesto/presupuestoEntreActividades/resumen.xhtml HTTP/1.1" 200 3445
181.63.220.121 - - [18/Jul/2022:14:58:06 -0500] "GET /BLA/resoluciones/RESOLUCIONES%202009/8043.pdf HTTP/1.1" 200 416092
157.55.39.114 - - [18/Jul/2022:14:58:07 -0500] "GET /Publicaciones/2022EE26752.pdf HTTP/1.1" 404 227
201.245.192.253 - - [18/Jul/2022:14:58:09 -0500] "POST /sipse/faces/presentacion/proyectos/proyecto/presupuesto/presupuestoEntreActividades/resumen.xhtml HTTP/1.1" 200 4638
181.63.220.121 - - [18/Jul/2022:14:58:10 -0500] "GET /BLA/resoluciones/RESOLUCIONES%202009/8045.pdf HTTP/1.1" 200 414626
64.124.8.39 - - [18/Jul/2022:14:58:11 -0500] "-" 408 -
181.63.220.121 - - [18/Jul/2022:14:58:13 -0500] "GET /BLA/resoluciones/RESOLUCIONES%202009/8046.pdf HTTP/1.1" 200 419660
201.245.192.253 - - [18/Jul/2022:14:58:14 -0500] "POST /sipse/faces/presentacion/proyectos/proyecto/presupuesto/presupuestoEntreActividades/resumen.xhtml HTTP/1.1" 200 3554
201.245.192.253 - - [18/Jul/2022:14:58:14 -0500] "POST /sipse/faces/presentacion/proyectos/proyecto/presupuesto/presupuestoEntreActividades/resumen.xhtml HTTP/1.1" 200 3204
201.245.192.253 - - [18/Jul/2022:14:58:17 -0500] "POST /sipse/faces/presentacion/proyectos/proyecto/presupuesto/presupuestoEntreActividades/resumen.xhtml HTTP/1.1" 200 4634
186.102.13.110 - - [18/Jul/2022:14:58:35 -0500] "GET /kwssiamovil/sm/ldap/au?x=U2FsdGVkX19TI190LXjalMPvlqS2Hf9A1EvbUcwmDGhjdMrmeR6dD2bKvipFbaQ2&y=U2FsdGVkX19IKYA7AzNlMigW3zTCYwSFN75j8FwAZXZnvvH2dIH56aMINPvCIjct HTTP/1.1" 200 31
181.206.70.123 - - [18/Jul/2022:14:58:54 -0500] "GET /css/global/buttons.css HTTP/1.1" 404 1324
181.206.70.123 - - [18/Jul/2022:14:58:53 -0500] "POST /BLA/boletinlegal/admin/notificaciones/ingresar.php HTTP/1.1" 200 30119
186.102.13.110 - - [18/Jul/2022:14:59:08 -0500] "GET /kwssiamovil/sm/ldap/au?x=U2FsdGVkX1/QjU5JjfqS0+F8zXT9iyRacYn0vXcnZS14mUbUOdhSglJ3fN3jlzRp&y=U2FsdGVkX19C9Ob1I+QLMOXxeSk4wCud6s93wALgHghHGQQpZ8aQwOmUp+o9YuyO HTTP/1.1" 200 30
186.102.13.110 - - [18/Jul/2022:14:59:08 -0500] "GET /kwssiamovil/sm/acme/s?s=U2FsdGVkX1/nHrUz9j4gZXogq4PTpwdElL5gZ+1bAmemweH6yHg2pVFNmPAld5fhFxrpfJJKLziR6zUzrgtSjFnkXdErQY0OQNWsLxcNVYE=&u=U2FsdGVkX1+v4DEVnu66+60a0LpdnSJkaZRfzycigwzfcVnWgiN405rL3GET2GN1&y=U2FsdGVkX19C9Ob1I+QLMOXxeSk4wCud6s93wALgHghHGQQpZ8aQwOmUp+o9YuyO HTTP/1.1" 200 97
