201.245.192.253 - - [25/Jul/2022:14:30:03 -0500] "POST /sipse/faces/presentacion/financiero/solicitudProyectoActividad/asociarProyectoSolicitud.xhtml HTTP/1.1" 200 6599
201.245.192.253 - - [25/Jul/2022:14:30:04 -0500] "POST /sipse/faces/presentacion/financiero/solicitudProyectoActividad/asociarProyectoSolicitud.xhtml HTTP/1.1" 200 1696
186.86.128.189 - - [25/Jul/2022:14:30:06 -0500] "GET /BLA/resoluciones/index.php?dir=RESOLUCIONES+2010%2F HTTP/1.1" 200 1307967
186.28.227.62 - - [25/Jul/2022:14:30:09 -0500] "POST /BLA/boletinlegal/admin/documentos/ingresar.php HTTP/1.1" 200 12200
186.28.227.62 - - [25/Jul/2022:14:30:09 -0500] "GET /css/global/buttons.css HTTP/1.1" 404 1324
201.245.192.253 - - [25/Jul/2022:14:30:11 -0500] "POST /sipse/faces/presentacion/financiero/solicitudProyectoActividad/asociarProyectoSolicitud.xhtml HTTP/1.1" 200 37110
201.245.192.253 - - [25/Jul/2022:14:30:11 -0500] "GET /sipse/faces/javax.faces.resource/theme.css?ln=primefaces-sipse HTTP/1.1" 304 -
201.245.192.253 - - [25/Jul/2022:14:30:11 -0500] "GET /sipse/faces/javax.faces.resource/layout/layout.css?ln=primefaces&v=4.0 HTTP/1.1" 304 -
201.245.192.253 - - [25/Jul/2022:14:30:11 -0500] "GET /sipse/faces/javax.faces.resource/primefaces.css?ln=primefaces&v=4.0 HTTP/1.1" 304 -
201.245.192.253 - - [25/Jul/2022:14:30:11 -0500] "GET /sipse/faces/javax.faces.resource/jquery/jquery.js?ln=primefaces&v=4.0 HTTP/1.1" 304 -
201.245.192.253 - - [25/Jul/2022:14:30:11 -0500] "GET /sipse/faces/javax.faces.resource/jquery/jquery-plugins.js?ln=primefaces&v=4.0 HTTP/1.1" 304 -
201.245.192.253 - - [25/Jul/2022:14:30:11 -0500] "GET /sipse/faces/javax.faces.resource/primefaces.js?ln=primefaces&v=4.0 HTTP/1.1" 304 -
201.245.192.253 - - [25/Jul/2022:14:30:11 -0500] "GET /sipse/faces/javax.faces.resource/layout/layout.js?ln=primefaces&v=4.0 HTTP/1.1" 304 -
186.86.128.189 - - [25/Jul/2022:14:30:22 -0500] "GET /BLA/resoluciones/RESOLUCIONES%202010/3916.pdf HTTP/1.1" 200 1112926
201.245.192.253 - - [25/Jul/2022:14:30:33 -0500] "POST /sipse/faces/presentacion/financiero/solicitudProyectoActividad/asociarActividadSolicitud.xhtml HTTP/1.1" 200 23349
201.245.192.253 - - [25/Jul/2022:14:30:33 -0500] "GET /sipse/faces/javax.faces.resource/theme.css?ln=primefaces-sipse HTTP/1.1" 304 -
201.245.192.253 - - [25/Jul/2022:14:30:33 -0500] "GET /sipse/faces/javax.faces.resource/primefaces.css?ln=primefaces&v=4.0 HTTP/1.1" 304 -
201.245.192.253 - - [25/Jul/2022:14:30:33 -0500] "GET /sipse/faces/javax.faces.resource/layout/layout.css?ln=primefaces&v=4.0 HTTP/1.1" 304 -
201.245.192.253 - - [25/Jul/2022:14:30:33 -0500] "GET /sipse/faces/javax.faces.resource/jquery/jquery.js?ln=primefaces&v=4.0 HTTP/1.1" 304 -
201.245.192.253 - - [25/Jul/2022:14:30:33 -0500] "GET /sipse/faces/javax.faces.resource/jquery/jquery-plugins.js?ln=primefaces&v=4.0 HTTP/1.1" 304 -
201.245.192.253 - - [25/Jul/2022:14:30:33 -0500] "GET /sipse/faces/javax.faces.resource/primefaces.js?ln=primefaces&v=4.0 HTTP/1.1" 304 -
201.245.192.253 - - [25/Jul/2022:14:30:33 -0500] "GET /sipse/faces/javax.faces.resource/layout/layout.js?ln=primefaces&v=4.0 HTTP/1.1" 304 -
201.245.192.253 - - [25/Jul/2022:14:30:43 -0500] "POST /sipse/faces/presentacion/financiero/solicitudProyectoActividad/asociarProyectoSolicitud.xhtml HTTP/1.1" 200 6559
201.245.192.253 - - [25/Jul/2022:14:30:45 -0500] "POST /sipse/faces/presentacion/financiero/solicitudProyectoActividad/asociarProyectoSolicitud.xhtml HTTP/1.1" 200 1696
201.245.192.253 - - [25/Jul/2022:14:30:49 -0500] "POST /sipse/faces/presentacion/financiero/solicitudProyectoActividad/asociarProyectoSolicitud.xhtml HTTP/1.1" 200 39733
201.245.192.253 - - [25/Jul/2022:14:30:58 -0500] "GET /sipse/faces/javax.faces.resource/theme.css?ln=primefaces-sipse HTTP/1.1" 304 -
201.245.192.253 - - [25/Jul/2022:14:30:58 -0500] "GET /sipse/faces/javax.faces.resource/primefaces.css?ln=primefaces&v=4.0 HTTP/1.1" 304 -
201.245.192.253 - - [25/Jul/2022:14:30:58 -0500] "GET /sipse/faces/javax.faces.resource/layout/layout.css?ln=primefaces&v=4.0 HTTP/1.1" 304 -
201.245.192.253 - - [25/Jul/2022:14:30:58 -0500] "GET /sipse/faces/javax.faces.resource/jquery/jquery.js?ln=primefaces&v=4.0 HTTP/1.1" 304 -
201.245.192.253 - - [25/Jul/2022:14:30:58 -0500] "GET /sipse/faces/javax.faces.resource/jquery/jquery-plugins.js?ln=primefaces&v=4.0 HTTP/1.1" 304 -
201.245.192.253 - - [25/Jul/2022:14:30:58 -0500] "GET /sipse/faces/javax.faces.resource/primefaces.js?ln=primefaces&v=4.0 HTTP/1.1" 304 -
201.245.192.253 - - [25/Jul/2022:14:30:58 -0500] "GET /sipse/faces/javax.faces.resource/layout/layout.js?ln=primefaces&v=4.0 HTTP/1.1" 304 -
201.245.192.253 - - [25/Jul/2022:14:31:01 -0500] "POST /kwsrmcab/Wsrmcab HTTP/1.1" 200 47047
201.245.192.253 - - [25/Jul/2022:14:31:10 -0500] "POST /kwsrmcab/Wsrmcab HTTP/1.1" 200 46420
201.245.192.253 - - [25/Jul/2022:14:31:16 -0500] "GET /sipse/faces/javax.faces.resource/images/ui-icons_898989_256x240.png?ln=primefaces-aristo HTTP/1.1" 304 -
172.22.2.4 - - [25/Jul/2022:14:31:18 -0500] "GET /BLA/boletinlegal/Circulares/022%20/CIRCULAR%20No.%2000007%20DEL%2025%20DE%20JULIO%20DEL%202022%20.pdf HTTP/1.1" 404 1308
201.245.192.253 - - [25/Jul/2022:14:31:21 -0500] "POST /sipse/faces/presentacion/financiero/solicitudProyectoActividad/asociarActividadSolicitud.xhtml HTTP/1.1" 200 20086
201.245.192.253 - - [25/Jul/2022:14:31:21 -0500] "GET /sipse/faces/javax.faces.resource/theme.css?ln=primefaces-sipse HTTP/1.1" 304 -
201.245.192.253 - - [25/Jul/2022:14:31:21 -0500] "GET /sipse/faces/javax.faces.resource/primefaces.css?ln=primefaces&v=4.0 HTTP/1.1" 304 -
201.245.192.253 - - [25/Jul/2022:14:31:21 -0500] "GET /sipse/faces/javax.faces.resource/layout/layout.css?ln=primefaces&v=4.0 HTTP/1.1" 304 -
201.245.192.253 - - [25/Jul/2022:14:31:21 -0500] "GET /sipse/faces/javax.faces.resource/jquery/jquery.js?ln=primefaces&v=4.0 HTTP/1.1" 304 -
201.245.192.253 - - [25/Jul/2022:14:31:22 -0500] "GET /sipse/faces/javax.faces.resource/jquery/jquery-plugins.js?ln=primefaces&v=4.0 HTTP/1.1" 304 -
201.245.192.253 - - [25/Jul/2022:14:31:22 -0500] "GET /sipse/faces/javax.faces.resource/primefaces.js?ln=primefaces&v=4.0 HTTP/1.1" 304 -
201.245.192.253 - - [25/Jul/2022:14:31:22 -0500] "GET /sipse/faces/javax.faces.resource/layout/layout.js?ln=primefaces&v=4.0 HTTP/1.1" 304 -
172.22.2.4 - - [25/Jul/2022:14:30:11 -0500] "GET /BLA/boletinlegal/ HTTP/1.1" 200 61387
201.245.192.253 - - [25/Jul/2022:14:31:56 -0500] "GET /sipse/faces/javax.faces.resource/primefaces.css?ln=primefaces&v=4.0 HTTP/1.1" 304 -
201.245.192.253 - - [25/Jul/2022:14:31:56 -0500] "GET /sipse/faces/javax.faces.resource/theme.css?ln=primefaces-sipse HTTP/1.1" 304 -
201.245.192.253 - - [25/Jul/2022:14:31:56 -0500] "GET /sipse/faces/javax.faces.resource/layout/layout.css?ln=primefaces&v=4.0 HTTP/1.1" 304 -
201.245.192.253 - - [25/Jul/2022:14:31:56 -0500] "GET /sipse/faces/javax.faces.resource/jquery/jquery.js?ln=primefaces&v=4.0 HTTP/1.1" 304 -
201.245.192.253 - - [25/Jul/2022:14:31:56 -0500] "GET /sipse/faces/javax.faces.resource/jquery/jquery-plugins.js?ln=primefaces&v=4.0 HTTP/1.1" 304 -
201.245.192.253 - - [25/Jul/2022:14:31:56 -0500] "GET /sipse/faces/javax.faces.resource/primefaces.js?ln=primefaces&v=4.0 HTTP/1.1" 304 -
201.245.192.253 - - [25/Jul/2022:14:31:56 -0500] "GET /sipse/faces/javax.faces.resource/layout/layout.js?ln=primefaces&v=4.0 HTTP/1.1" 304 -
201.245.192.253 - - [25/Jul/2022:14:31:56 -0500] "POST /sipse/faces/presentacion/financiero/solicitudProyectoActividad/asociarFuentesSolicitud.xhtml HTTP/1.1" 200 89617
216.245.221.92 - - [25/Jul/2022:14:31:59 -0500] "HEAD / HTTP/1.1" 200 -
201.245.192.253 - - [25/Jul/2022:14:32:20 -0500] "POST /sipse/faces/presentacion/financiero/solicitudProceso/crearModificarSolicitudProceso.xhtml HTTP/1.1" 200 125022
201.245.192.253 - - [25/Jul/2022:14:32:21 -0500] "GET /sipse/faces/javax.faces.resource/theme.css?ln=primefaces-sipse HTTP/1.1" 304 -
201.245.192.253 - - [25/Jul/2022:14:32:21 -0500] "GET /sipse/faces/javax.faces.resource/primefaces.css?ln=primefaces&v=4.0 HTTP/1.1" 304 -
201.245.192.253 - - [25/Jul/2022:14:32:21 -0500] "GET /sipse/faces/javax.faces.resource/layout/layout.css?ln=primefaces&v=4.0 HTTP/1.1" 304 -
201.245.192.253 - - [25/Jul/2022:14:32:21 -0500] "GET /sipse/faces/javax.faces.resource/jquery/jquery.js?ln=primefaces&v=4.0 HTTP/1.1" 304 -
201.245.192.253 - - [25/Jul/2022:14:32:21 -0500] "GET /sipse/faces/javax.faces.resource/jquery/jquery-plugins.js?ln=primefaces&v=4.0 HTTP/1.1" 304 -
201.245.192.253 - - [25/Jul/2022:14:32:21 -0500] "GET /sipse/faces/javax.faces.resource/primefaces.js?ln=primefaces&v=4.0 HTTP/1.1" 304 -
201.245.192.253 - - [25/Jul/2022:14:32:21 -0500] "GET /sipse/faces/javax.faces.resource/layout/layout.js?ln=primefaces&v=4.0 HTTP/1.1" 304 -
201.245.192.253 - - [25/Jul/2022:14:32:29 -0500] "POST /sipse/faces/presentacion/financiero/solicitudProceso/consultarSolicitudProceso.xhtml HTTP/1.1" 200 48628
201.245.192.253 - - [25/Jul/2022:14:32:29 -0500] "GET /sipse/faces/javax.faces.resource/theme.css?ln=primefaces-sipse HTTP/1.1" 304 -
201.245.192.253 - - [25/Jul/2022:14:32:29 -0500] "GET /sipse/faces/javax.faces.resource/primefaces.css?ln=primefaces&v=4.0 HTTP/1.1" 304 -
201.245.192.253 - - [25/Jul/2022:14:32:29 -0500] "GET /sipse/faces/javax.faces.resource/layout/layout.css?ln=primefaces&v=4.0 HTTP/1.1" 304 -
201.245.192.253 - - [25/Jul/2022:14:32:29 -0500] "GET /sipse/faces/javax.faces.resource/jquery/jquery.js?ln=primefaces&v=4.0 HTTP/1.1" 304 -
201.245.192.253 - - [25/Jul/2022:14:32:29 -0500] "GET /sipse/faces/javax.faces.resource/jquery/jquery-plugins.js?ln=primefaces&v=4.0 HTTP/1.1" 304 -
201.245.192.253 - - [25/Jul/2022:14:32:29 -0500] "GET /sipse/faces/javax.faces.resource/primefaces.js?ln=primefaces&v=4.0 HTTP/1.1" 304 -
201.245.192.253 - - [25/Jul/2022:14:32:29 -0500] "GET /sipse/faces/javax.faces.resource/layout/layout.js?ln=primefaces&v=4.0 HTTP/1.1" 304 -
201.245.192.253 - - [25/Jul/2022:14:32:39 -0500] "POST /sipse/faces/presentacion/financiero/estudioPrevio/personalSolicitado/personalSolicitadoSolicitudProceso.xhtml HTTP/1.1" 200 7027
201.245.192.253 - - [25/Jul/2022:14:32:54 -0500] "POST /sipse/faces/presentacion/financiero/estudioPrevio/personalSolicitado/personalSolicitadoSolicitudProceso.xhtml HTTP/1.1" 200 179725
201.245.192.253 - - [25/Jul/2022:14:32:54 -0500] "GET /sipse/faces/javax.faces.resource/theme.css?ln=primefaces-sipse HTTP/1.1" 304 -
201.245.192.253 - - [25/Jul/2022:14:32:54 -0500] "GET /sipse/faces/javax.faces.resource/primefaces.css?ln=primefaces&v=4.0 HTTP/1.1" 304 -
201.245.192.253 - - [25/Jul/2022:14:32:54 -0500] "GET /sipse/faces/javax.faces.resource/layout/layout.css?ln=primefaces&v=4.0 HTTP/1.1" 304 -
201.245.192.253 - - [25/Jul/2022:14:32:54 -0500] "GET /sipse/faces/javax.faces.resource/jquery/jquery-plugins.js?ln=primefaces&v=4.0 HTTP/1.1" 304 -
201.245.192.253 - - [25/Jul/2022:14:32:54 -0500] "GET /sipse/faces/javax.faces.resource/jquery/jquery.js?ln=primefaces&v=4.0 HTTP/1.1" 304 -
201.245.192.253 - - [25/Jul/2022:14:32:54 -0500] "GET /sipse/faces/javax.faces.resource/primefaces.js?ln=primefaces&v=4.0 HTTP/1.1" 304 -
201.245.192.253 - - [25/Jul/2022:14:32:54 -0500] "GET /sipse/faces/javax.faces.resource/layout/layout.js?ln=primefaces&v=4.0 HTTP/1.1" 304 -
201.245.192.253 - - [25/Jul/2022:14:33:16 -0500] "POST /sipse/faces/presentacion/financiero/solicitudProceso/consultarSolicitudProceso.xhtml HTTP/1.1" 200 27642
201.245.192.253 - - [25/Jul/2022:14:33:17 -0500] "GET /sipse/faces/javax.faces.resource/theme.css?ln=primefaces-sipse HTTP/1.1" 304 -
201.245.192.253 - - [25/Jul/2022:14:33:17 -0500] "GET /sipse/faces/javax.faces.resource/primefaces.css?ln=primefaces&v=4.0 HTTP/1.1" 304 -
201.245.192.253 - - [25/Jul/2022:14:33:17 -0500] "GET /sipse/faces/javax.faces.resource/layout/layout.css?ln=primefaces&v=4.0 HTTP/1.1" 304 -
201.245.192.253 - - [25/Jul/2022:14:33:17 -0500] "GET /sipse/faces/javax.faces.resource/primefaces.js?ln=primefaces&v=4.0 HTTP/1.1" 304 -
201.245.192.253 - - [25/Jul/2022:14:33:17 -0500] "GET /sipse/faces/javax.faces.resource/jquery/jquery.js?ln=primefaces&v=4.0 HTTP/1.1" 304 -
201.245.192.253 - - [25/Jul/2022:14:33:17 -0500] "GET /sipse/faces/javax.faces.resource/jquery/jquery-plugins.js?ln=primefaces&v=4.0 HTTP/1.1" 304 -
201.245.192.253 - - [25/Jul/2022:14:33:17 -0500] "GET /sipse/faces/javax.faces.resource/layout/layout.js?ln=primefaces&v=4.0 HTTP/1.1" 304 -
201.245.192.253 - - [25/Jul/2022:14:33:26 -0500] "POST /sipse/faces/presentacion/financiero/solicitudProceso/consultarHistorialSolProceso.xhtml HTTP/1.1" 200 179725
201.245.192.253 - - [25/Jul/2022:14:33:26 -0500] "GET /sipse/faces/javax.faces.resource/layout/layout.css?ln=primefaces&v=4.0 HTTP/1.1" 304 -
201.245.192.253 - - [25/Jul/2022:14:33:26 -0500] "GET /sipse/faces/javax.faces.resource/theme.css?ln=primefaces-sipse HTTP/1.1" 304 -
201.245.192.253 - - [25/Jul/2022:14:33:26 -0500] "GET /sipse/faces/javax.faces.resource/jquery/jquery-plugins.js?ln=primefaces&v=4.0 HTTP/1.1" 304 -
201.245.192.253 - - [25/Jul/2022:14:33:26 -0500] "GET /sipse/faces/javax.faces.resource/jquery/jquery.js?ln=primefaces&v=4.0 HTTP/1.1" 304 -
201.245.192.253 - - [25/Jul/2022:14:33:26 -0500] "GET /sipse/faces/javax.faces.resource/primefaces.css?ln=primefaces&v=4.0 HTTP/1.1" 304 -
201.245.192.253 - - [25/Jul/2022:14:33:26 -0500] "GET /sipse/faces/javax.faces.resource/primefaces.js?ln=primefaces&v=4.0 HTTP/1.1" 304 -
201.245.192.253 - - [25/Jul/2022:14:33:26 -0500] "GET /sipse/faces/javax.faces.resource/layout/layout.js?ln=primefaces&v=4.0 HTTP/1.1" 304 -
200.118.60.29 - - [25/Jul/2022:14:31:48 -0500] "GET /BLA/boletinlegal/index.php HTTP/1.1" 200 54817
201.245.192.253 - - [25/Jul/2022:14:33:48 -0500] "POST /sipse/faces/presentacion/financiero/solicitudProceso/consultarSolicitudProceso.xhtml HTTP/1.1" 200 65139
201.245.192.253 - - [25/Jul/2022:14:33:50 -0500] "GET /sipse/faces/javax.faces.resource/theme.css?ln=primefaces-sipse HTTP/1.1" 304 -
201.245.192.253 - - [25/Jul/2022:14:33:50 -0500] "GET /sipse/faces/javax.faces.resource/primefaces.css?ln=primefaces&v=4.0 HTTP/1.1" 304 -
201.245.192.253 - - [25/Jul/2022:14:33:50 -0500] "GET /sipse/faces/javax.faces.resource/layout/layout.css?ln=primefaces&v=4.0 HTTP/1.1" 304 -
201.245.192.253 - - [25/Jul/2022:14:33:50 -0500] "GET /sipse/faces/javax.faces.resource/jquery/jquery.js?ln=primefaces&v=4.0 HTTP/1.1" 304 -
201.245.192.253 - - [25/Jul/2022:14:33:50 -0500] "GET /sipse/faces/javax.faces.resource/jquery/jquery-plugins.js?ln=primefaces&v=4.0 HTTP/1.1" 304 -
201.245.192.253 - - [25/Jul/2022:14:33:50 -0500] "GET /sipse/faces/javax.faces.resource/primefaces.js?ln=primefaces&v=4.0 HTTP/1.1" 304 -
201.245.192.253 - - [25/Jul/2022:14:33:50 -0500] "GET /sipse/faces/javax.faces.resource/layout/layout.js?ln=primefaces&v=4.0 HTTP/1.1" 304 -
201.245.192.253 - - [25/Jul/2022:14:33:50 -0500] "POST /sipse/faces/presentacion/financiero/solicitudProceso/listarSolicitudProceso.xhtml HTTP/1.1" 200 1560
172.22.2.4 - - [25/Jul/2022:14:32:18 -0500] "HEAD /BLA/boletinlegal/ HTTP/1.1" 200 -
201.245.192.253 - - [25/Jul/2022:14:34:32 -0500] "POST /kwsrmcab/Wsrmcab  HTTP/1.1" 200 213
172.22.2.4 - - [25/Jul/2022:14:33:08 -0500] "GET /BLA/boletinlegal/ HTTP/1.1" 200 56726
181.63.220.121 - - [25/Jul/2022:14:36:21 -0500] "GET /BLA/resoluciones/RESOLUCIONES%202010/2370.pdf HTTP/1.1" 200 496555
181.63.220.121 - - [25/Jul/2022:14:36:22 -0500] "GET /BLA/resoluciones/RESOLUCIONES%202010/2371.pdf HTTP/1.1" 200 500785
181.63.220.121 - - [25/Jul/2022:14:36:26 -0500] "GET /BLA/resoluciones/RESOLUCIONES%202010/2372.pdf HTTP/1.1" 200 585915
66.249.79.111 - - [25/Jul/2022:14:36:27 -0500] "-" 408 -
181.63.220.121 - - [25/Jul/2022:14:36:29 -0500] "GET /BLA/resoluciones/RESOLUCIONES%202010/2373.pdf HTTP/1.1" 200 452130
181.63.220.121 - - [25/Jul/2022:14:36:30 -0500] "GET /BLA/resoluciones/RESOLUCIONES%202010/2374.pdf HTTP/1.1" 200 442344
181.63.220.121 - - [25/Jul/2022:14:36:31 -0500] "GET /BLA/resoluciones/RESOLUCIONES%202010/2375.pdf HTTP/1.1" 200 418572
181.63.220.121 - - [25/Jul/2022:14:36:33 -0500] "GET /BLA/resoluciones/RESOLUCIONES%202010/2376.pdf HTTP/1.1" 200 440892
181.63.220.121 - - [25/Jul/2022:14:36:43 -0500] "GET /BLA/resoluciones/RESOLUCIONES%202010/2377.pdf HTTP/1.1" 200 425628
181.63.220.121 - - [25/Jul/2022:14:36:44 -0500] "GET /BLA/resoluciones/RESOLUCIONES%202010/2378.pdf HTTP/1.1" 200 448244
181.63.220.121 - - [25/Jul/2022:14:36:45 -0500] "GET /BLA/resoluciones/RESOLUCIONES%202010/2379.pdf HTTP/1.1" 200 448046
181.63.220.121 - - [25/Jul/2022:14:36:46 -0500] "GET /BLA/resoluciones/RESOLUCIONES%202010/2380.pdf HTTP/1.1" 200 441698
181.63.220.121 - - [25/Jul/2022:14:36:51 -0500] "GET /BLA/resoluciones/RESOLUCIONES%202010/2381.pdf HTTP/1.1" 200 493754
181.63.220.121 - - [25/Jul/2022:14:36:52 -0500] "GET /BLA/resoluciones/RESOLUCIONES%202010/2382.pdf HTTP/1.1" 200 768330
181.63.220.121 - - [25/Jul/2022:14:36:54 -0500] "GET /BLA/resoluciones/RESOLUCIONES%202010/2383.pdf HTTP/1.1" 200 476024
181.63.220.121 - - [25/Jul/2022:14:36:55 -0500] "GET /BLA/resoluciones/RESOLUCIONES%202010/2384.pdf HTTP/1.1" 200 780714
181.63.220.121 - - [25/Jul/2022:14:36:56 -0500] "GET /BLA/resoluciones/RESOLUCIONES%202010/2385.pdf HTTP/1.1" 200 614972
181.63.220.121 - - [25/Jul/2022:14:36:57 -0500] "GET /BLA/resoluciones/RESOLUCIONES%202010/2386.pdf HTTP/1.1" 200 437592
181.63.220.121 - - [25/Jul/2022:14:36:58 -0500] "GET /BLA/resoluciones/RESOLUCIONES%202010/2387.pdf HTTP/1.1" 200 495759
216.245.221.92 - - [25/Jul/2022:14:36:59 -0500] "HEAD / HTTP/1.1" 200 -
181.63.220.121 - - [25/Jul/2022:14:36:59 -0500] "GET /BLA/resoluciones/RESOLUCIONES%202010/2388.pdf HTTP/1.1" 200 507259
181.63.220.121 - - [25/Jul/2022:14:37:01 -0500] "GET /BLA/resoluciones/RESOLUCIONES%202010/2389.pdf HTTP/1.1" 200 438214
181.63.220.121 - - [25/Jul/2022:14:37:02 -0500] "GET /BLA/resoluciones/RESOLUCIONES%202010/2390.pdf HTTP/1.1" 200 489337
181.63.220.121 - - [25/Jul/2022:14:37:03 -0500] "GET /BLA/resoluciones/RESOLUCIONES%202010/2391.pdf HTTP/1.1" 200 485331
181.63.220.121 - - [25/Jul/2022:14:37:04 -0500] "GET /BLA/resoluciones/RESOLUCIONES%202010/2392.pdf HTTP/1.1" 200 515140
181.63.220.121 - - [25/Jul/2022:14:37:06 -0500] "GET /BLA/resoluciones/RESOLUCIONES%202010/2393.pdf HTTP/1.1" 200 508340
181.63.220.121 - - [25/Jul/2022:14:37:08 -0500] "GET /BLA/resoluciones/RESOLUCIONES%202010/2394.pdf HTTP/1.1" 200 508438
181.63.220.121 - - [25/Jul/2022:14:37:10 -0500] "GET /BLA/resoluciones/RESOLUCIONES%202010/2395.pdf HTTP/1.1" 200 508594
185.119.81.99 - - [25/Jul/2022:14:37:09 -0500] "GET /portaldeninos/wp-login.php HTTP/1.1" 200 2592
201.245.192.253 - - [25/Jul/2022:14:37:10 -0500] "POST /sipse/faces/presentacion/financiero/solicitudProceso/listarSolicitudProceso.xhtml HTTP/1.1" 200 57986
185.119.81.99 - - [25/Jul/2022:14:37:10 -0500] "POST /portaldeninos/wp-login.php HTTP/1.1" 200 3605
201.245.192.253 - - [25/Jul/2022:14:37:10 -0500] "POST /sipse/faces/presentacion/financiero/solicitudProceso/listarSolicitudProceso.xhtml HTTP/1.1" 200 57986
201.245.192.253 - - [25/Jul/2022:14:37:11 -0500] "POST /sipse/faces/presentacion/financiero/solicitudProceso/listarSolicitudProceso.xhtml HTTP/1.1" 200 1560
201.245.192.253 - - [25/Jul/2022:14:37:11 -0500] "POST /sipse/faces/presentacion/financiero/solicitudProceso/listarSolicitudProceso.xhtml HTTP/1.1" 200 1556
181.63.220.121 - - [25/Jul/2022:14:37:11 -0500] "GET /BLA/resoluciones/RESOLUCIONES%202010/2396.pdf HTTP/1.1" 200 507844
181.63.220.121 - - [25/Jul/2022:14:37:13 -0500] "GET /BLA/resoluciones/RESOLUCIONES%202010/2397.pdf HTTP/1.1" 200 510344
181.63.220.121 - - [25/Jul/2022:14:37:15 -0500] "GET /BLA/resoluciones/RESOLUCIONES%202010/2398.pdf HTTP/1.1" 200 511520
181.63.220.121 - - [25/Jul/2022:14:37:16 -0500] "GET /BLA/resoluciones/RESOLUCIONES%202010/2399.pdf HTTP/1.1" 200 514050
181.63.220.121 - - [25/Jul/2022:14:37:19 -0500] "GET /BLA/resoluciones/RESOLUCIONES%202010/2400.pdf HTTP/1.1" 200 518804
181.63.220.121 - - [25/Jul/2022:14:37:20 -0500] "GET /BLA/resoluciones/RESOLUCIONES%202010/2401.pdf HTTP/1.1" 200 512534
181.63.220.121 - - [25/Jul/2022:14:37:22 -0500] "GET /BLA/resoluciones/RESOLUCIONES%202010/2402.pdf HTTP/1.1" 200 507880
181.63.220.121 - - [25/Jul/2022:14:37:24 -0500] "GET /BLA/resoluciones/RESOLUCIONES%202010/2403.pdf HTTP/1.1" 200 517370
157.55.39.23 - - [25/Jul/2022:14:37:28 -0500] "-" 408 -
217.182.171.12 - - [25/Jul/2022:14:37:35 -0500] "HEAD /BLA/resoluciones/RESOLUCIONES%202009/0759.pdf HTTP/1.1" 200 -
200.118.60.29 - - [25/Jul/2022:14:36:04 -0500] "GET /BLA/boletinlegal/index.php HTTP/1.1" 200 53195
201.245.192.253 - - [25/Jul/2022:14:38:04 -0500] "GET /mesa/contrasena.pdf HTTP/1.1" 200 443199
201.245.192.253 - - [25/Jul/2022:14:38:04 -0500] "GET /mesa/contrasena.pdf HTTP/1.1" 206 1
201.245.192.253 - - [25/Jul/2022:14:38:04 -0500] "GET /mesa/contrasena.pdf HTTP/1.1" 206 252211
201.245.192.253 - - [25/Jul/2022:14:38:16 -0500] "POST /sipse/faces/presentacion/financiero/solicitudProceso/listarSolicitudProceso.xhtml HTTP/1.1" 200 911
201.245.192.253 - - [25/Jul/2022:14:38:17 -0500] "GET /sipse/faces/presentacion/financiero/solicitudProceso/faces/autenticacion HTTP/1.1" 302 -
201.245.192.253 - - [25/Jul/2022:14:38:17 -0500] "GET /sipse/faces/autenticacion.xhtml HTTP/1.1" 200 12169
201.245.192.253 - - [25/Jul/2022:14:38:17 -0500] "GET /sipse/faces/javax.faces.resource/theme.css?ln=primefaces-sipse HTTP/1.1" 304 -
201.245.192.253 - - [25/Jul/2022:14:38:17 -0500] "GET /sipse/faces/javax.faces.resource/primefaces.css?ln=primefaces&v=4.0 HTTP/1.1" 304 -
201.245.192.253 - - [25/Jul/2022:14:38:17 -0500] "GET /sipse/faces/javax.faces.resource/jquery/jquery-plugins.js?ln=primefaces&v=4.0 HTTP/1.1" 304 -
201.245.192.253 - - [25/Jul/2022:14:38:17 -0500] "GET /sipse/faces/javax.faces.resource/layout/layout.css?ln=primefaces&v=4.0 HTTP/1.1" 304 -
201.245.192.253 - - [25/Jul/2022:14:38:17 -0500] "GET /sipse/faces/javax.faces.resource/jquery/jquery.js?ln=primefaces&v=4.0 HTTP/1.1" 304 -
201.245.192.253 - - [25/Jul/2022:14:38:17 -0500] "GET /sipse/faces/javax.faces.resource/primefaces.js?ln=primefaces&v=4.0 HTTP/1.1" 304 -
201.245.192.253 - - [25/Jul/2022:14:38:17 -0500] "GET /sipse/faces/javax.faces.resource/layout/layout.js?ln=primefaces&v=4.0 HTTP/1.1" 304 -
201.245.192.253 - - [25/Jul/2022:14:38:25 -0500] "POST /sipse/faces/autenticacion.xhtml HTTP/1.1" 200 2216
201.245.192.253 - - [25/Jul/2022:14:38:26 -0500] "POST /sipse/faces/autenticacion.xhtml HTTP/1.1" 200 16280
201.245.192.253 - - [25/Jul/2022:14:38:26 -0500] "GET /sipse/faces/javax.faces.resource/primefaces.css?ln=primefaces&v=4.0 HTTP/1.1" 304 -
201.245.192.253 - - [25/Jul/2022:14:38:26 -0500] "GET /sipse/faces/javax.faces.resource/layout/layout.css?ln=primefaces&v=4.0 HTTP/1.1" 304 -
201.245.192.253 - - [25/Jul/2022:14:38:26 -0500] "GET /sipse/faces/javax.faces.resource/theme.css?ln=primefaces-sipse HTTP/1.1" 304 -
201.245.192.253 - - [25/Jul/2022:14:38:26 -0500] "GET /sipse/faces/javax.faces.resource/jquery/jquery.js?ln=primefaces&v=4.0 HTTP/1.1" 304 -
201.245.192.253 - - [25/Jul/2022:14:38:26 -0500] "GET /sipse/faces/javax.faces.resource/jquery/jquery-plugins.js?ln=primefaces&v=4.0 HTTP/1.1" 304 -
201.245.192.253 - - [25/Jul/2022:14:38:26 -0500] "GET /sipse/faces/javax.faces.resource/primefaces.js?ln=primefaces&v=4.0 HTTP/1.1" 304 -
201.245.192.253 - - [25/Jul/2022:14:38:26 -0500] "GET /sipse/faces/javax.faces.resource/layout/layout.js?ln=primefaces&v=4.0 HTTP/1.1" 304 -
201.245.192.253 - - [25/Jul/2022:14:38:28 -0500] "POST /sipse/faces/bienvenido.xhtml HTTP/1.1" 200 2658
201.245.192.253 - - [25/Jul/2022:14:38:29 -0500] "POST /sipse/faces/bienvenido.xhtml HTTP/1.1" 200 64635
201.245.192.253 - - [25/Jul/2022:14:38:29 -0500] "GET /sipse/faces/javax.faces.resource/theme.css?ln=primefaces-sipse HTTP/1.1" 304 -
201.245.192.253 - - [25/Jul/2022:14:38:29 -0500] "GET /sipse/faces/javax.faces.resource/primefaces.css?ln=primefaces&v=4.0 HTTP/1.1" 304 -
201.245.192.253 - - [25/Jul/2022:14:38:29 -0500] "GET /sipse/faces/javax.faces.resource/layout/layout.css?ln=primefaces&v=4.0 HTTP/1.1" 304 -
201.245.192.253 - - [25/Jul/2022:14:38:29 -0500] "GET /sipse/faces/javax.faces.resource/jquery/jquery.js?ln=primefaces&v=4.0 HTTP/1.1" 304 -
201.245.192.253 - - [25/Jul/2022:14:38:30 -0500] "GET /sipse/faces/javax.faces.resource/jquery/jquery-plugins.js?ln=primefaces&v=4.0 HTTP/1.1" 304 -
201.245.192.253 - - [25/Jul/2022:14:38:30 -0500] "GET /sipse/faces/javax.faces.resource/primefaces.js?ln=primefaces&v=4.0 HTTP/1.1" 304 -
201.245.192.253 - - [25/Jul/2022:14:38:30 -0500] "GET /sipse/faces/javax.faces.resource/layout/layout.js?ln=primefaces&v=4.0 HTTP/1.1" 304 -
201.245.192.253 - - [25/Jul/2022:14:38:30 -0500] "POST /sipse/faces/presentacion/financiero/solicitudProceso/listarSolicitudProceso.xhtml HTTP/1.1" 200 1560
200.118.60.29 - - [25/Jul/2022:14:37:07 -0500] "GET /BLA/boletinlegal/index.php HTTP/1.1" 200 56008
186.29.123.65 - - [25/Jul/2022:14:39:05 -0500] "GET /mesa/contrasena.pdf HTTP/1.1" 200 443199
186.29.123.65 - - [25/Jul/2022:14:39:06 -0500] "GET /mesa/contrasena.pdf HTTP/1.1" 206 1
186.29.123.65 - - [25/Jul/2022:14:39:06 -0500] "GET /mesa/contrasena.pdf HTTP/1.1" 206 313271
181.63.220.121 - - [25/Jul/2022:14:39:07 -0500] "GET /BLA/resoluciones/RESOLUCIONES%202010/2404.pdf HTTP/1.1" 200 511736
181.63.220.121 - - [25/Jul/2022:14:39:13 -0500] "GET /BLA/resoluciones/RESOLUCIONES%202010/2405.pdf HTTP/1.1" 200 508920
181.63.220.121 - - [25/Jul/2022:14:39:14 -0500] "GET /BLA/resoluciones/RESOLUCIONES%202010/2406.pdf HTTP/1.1" 200 502224
181.63.220.121 - - [25/Jul/2022:14:39:16 -0500] "GET /BLA/resoluciones/RESOLUCIONES%202010/2407.pdf HTTP/1.1" 200 512568
181.63.220.121 - - [25/Jul/2022:14:39:17 -0500] "GET /BLA/resoluciones/RESOLUCIONES%202010/2408.pdf HTTP/1.1" 200 563683
181.63.220.121 - - [25/Jul/2022:14:39:18 -0500] "GET /BLA/resoluciones/RESOLUCIONES%202010/2409.pdf HTTP/1.1" 200 552253
181.63.220.121 - - [25/Jul/2022:14:39:20 -0500] "GET /BLA/resoluciones/RESOLUCIONES%202010/2410.pdf HTTP/1.1" 200 1808176
181.63.220.121 - - [25/Jul/2022:14:39:21 -0500] "GET /BLA/resoluciones/RESOLUCIONES%202010/2411.pdf HTTP/1.1" 200 53738
181.63.220.121 - - [25/Jul/2022:14:39:22 -0500] "GET /BLA/resoluciones/RESOLUCIONES%202010/2412.pdf HTTP/1.1" 200 120384
181.63.220.121 - - [25/Jul/2022:14:39:24 -0500] "GET /BLA/resoluciones/RESOLUCIONES%202010/2413.pdf HTTP/1.1" 200 106588
181.63.220.121 - - [25/Jul/2022:14:39:25 -0500] "GET /BLA/resoluciones/RESOLUCIONES%202010/2414.pdf HTTP/1.1" 200 368054
181.63.220.121 - - [25/Jul/2022:14:39:26 -0500] "GET /BLA/resoluciones/RESOLUCIONES%202010/2415.pdf HTTP/1.1" 200 615493
181.63.220.121 - - [25/Jul/2022:14:39:27 -0500] "GET /BLA/resoluciones/RESOLUCIONES%202010/2416.pdf HTTP/1.1" 200 593187
181.63.220.121 - - [25/Jul/2022:14:39:28 -0500] "GET /BLA/resoluciones/RESOLUCIONES%202010/2417.pdf HTTP/1.1" 200 584643
181.63.220.121 - - [25/Jul/2022:14:39:29 -0500] "GET /BLA/resoluciones/RESOLUCIONES%202010/2418.pdf HTTP/1.1" 200 593423
181.63.220.121 - - [25/Jul/2022:14:39:30 -0500] "GET /BLA/resoluciones/RESOLUCIONES%202010/2419.pdf HTTP/1.1" 200 562883
181.63.220.121 - - [25/Jul/2022:14:39:32 -0500] "GET /BLA/resoluciones/RESOLUCIONES%202010/2420.pdf HTTP/1.1" 200 582347
181.63.220.121 - - [25/Jul/2022:14:39:33 -0500] "GET /BLA/resoluciones/RESOLUCIONES%202010/2421.pdf HTTP/1.1" 200 487309
201.245.192.253 - - [25/Jul/2022:14:39:30 -0500] "POST /kwsrmcab/Wsrmcab  HTTP/1.1" 200 213
181.63.220.121 - - [25/Jul/2022:14:39:38 -0500] "GET /BLA/resoluciones/RESOLUCIONES%202010/2422.pdf HTTP/1.1" 200 484638
181.63.220.121 - - [25/Jul/2022:14:39:39 -0500] "GET /BLA/resoluciones/RESOLUCIONES%202010/2423.pdf HTTP/1.1" 200 488348
181.63.220.121 - - [25/Jul/2022:14:39:40 -0500] "GET /BLA/resoluciones/RESOLUCIONES%202010/2424.pdf HTTP/1.1" 200 513921
181.63.220.121 - - [25/Jul/2022:14:39:41 -0500] "GET /BLA/resoluciones/RESOLUCIONES%202010/2425.pdf HTTP/1.1" 200 473383
181.63.220.121 - - [25/Jul/2022:14:39:43 -0500] "GET /BLA/resoluciones/RESOLUCIONES%202010/2426.pdf HTTP/1.1" 200 489392
181.63.220.121 - - [25/Jul/2022:14:39:45 -0500] "GET /BLA/resoluciones/RESOLUCIONES%202010/2427.pdf HTTP/1.1" 200 488507
181.63.220.121 - - [25/Jul/2022:14:39:47 -0500] "GET /BLA/resoluciones/RESOLUCIONES%202010/2428.pdf HTTP/1.1" 200 493457
172.22.2.4 - - [25/Jul/2022:14:38:08 -0500] "HEAD /BLA/boletinlegal/ HTTP/1.1" 200 -
181.63.220.121 - - [25/Jul/2022:14:39:48 -0500] "GET /BLA/resoluciones/RESOLUCIONES%202010/2429.pdf HTTP/1.1" 200 486669
181.63.220.121 - - [25/Jul/2022:14:39:51 -0500] "GET /BLA/resoluciones/RESOLUCIONES%202010/2430.pdf HTTP/1.1" 200 498219
181.63.220.121 - - [25/Jul/2022:14:39:53 -0500] "GET /BLA/resoluciones/RESOLUCIONES%202010/2431.pdf HTTP/1.1" 200 504353
181.63.220.121 - - [25/Jul/2022:14:39:54 -0500] "GET /BLA/resoluciones/RESOLUCIONES%202010/2432.pdf HTTP/1.1" 200 497931
181.63.220.121 - - [25/Jul/2022:14:39:56 -0500] "GET /BLA/resoluciones/RESOLUCIONES%202010/2433.pdf HTTP/1.1" 200 495191
181.63.220.121 - - [25/Jul/2022:14:39:57 -0500] "GET /BLA/resoluciones/RESOLUCIONES%202010/2434.pdf HTTP/1.1" 200 494757
181.63.220.121 - - [25/Jul/2022:14:39:59 -0500] "GET /BLA/resoluciones/RESOLUCIONES%202010/2435.pdf HTTP/1.1" 200 497483
181.63.220.121 - - [25/Jul/2022:14:40:01 -0500] "GET /BLA/resoluciones/RESOLUCIONES%202010/2436.pdf HTTP/1.1" 200 505601
181.63.220.121 - - [25/Jul/2022:14:40:02 -0500] "GET /BLA/resoluciones/RESOLUCIONES%202010/2437.pdf HTTP/1.1" 200 507129
201.245.192.253 - - [25/Jul/2022:14:40:07 -0500] "GET /forest/ HTTP/1.1" 200 12041
201.245.192.253 - - [25/Jul/2022:14:40:28 -0500] "POST /forest/index.php HTTP/1.1" 200 12268
173.252.83.20 - - [25/Jul/2022:14:40:38 -0500] "GET /images/visita-suspension-humedal-techo-24-mayo.jpg HTTP/1.1" 200 57365
172.22.2.4 - - [25/Jul/2022:14:38:58 -0500] "GET /BLA/boletinlegal/ HTTP/1.1" 200 56008
20.216.154.237 - - [25/Jul/2022:14:40:37 -0500] "GET /portaldeninos/ HTTP/1.1" 200 109662
152.200.146.77 - - [25/Jul/2022:14:40:55 -0500] "GET /appsia/controlador HTTP/1.1" 200 4799
152.200.146.77 - - [25/Jul/2022:14:40:56 -0500] "GET /appsia/css/estilos.css HTTP/1.1" 200 4804
152.200.146.77 - - [25/Jul/2022:14:40:56 -0500] "GET /appsia/scripts/validarIngreso.js HTTP/1.1" 200 851
152.200.146.77 - - [25/Jul/2022:14:40:56 -0500] "GET /appsia/images/logo_bogota_p.png HTTP/1.1" 200 14951
152.200.146.77 - - [25/Jul/2022:14:40:56 -0500] "GET /appsia/images/cabezoteHojaVida.png HTTP/1.1" 200 32493
152.200.146.77 - - [25/Jul/2022:14:40:56 -0500] "GET /favicon.ico HTTP/1.1" 200 7782
152.200.146.77 - - [25/Jul/2022:14:41:01 -0500] "POST /appsia/controlador HTTP/1.1" 200 5437
152.200.146.77 - - [25/Jul/2022:14:41:03 -0500] "POST /appsia/controlador HTTP/1.1" 200 7797
201.245.192.253 - - [25/Jul/2022:14:41:01 -0500] "POST /kwsrmcab/Wsrmcab HTTP/1.1" 200 47047
152.200.146.77 - - [25/Jul/2022:14:41:05 -0500] "POST /appsia/controlador HTTP/1.1" 200 6662
152.200.146.77 - - [25/Jul/2022:14:41:07 -0500] "POST /appsia/controlador HTTP/1.1" 200 12482
201.245.192.253 - - [25/Jul/2022:14:41:05 -0500] "POST /kwsrmcab/Wsrmcab HTTP/1.1" 200 46420
20.216.154.237 - - [25/Jul/2022:14:40:54 -0500] "GET /portaldeninos//wp-includes/wlwmanifest.xml HTTP/1.1" 200 1045
152.200.146.77 - - [25/Jul/2022:14:41:12 -0500] "POST /appsia/controlador HTTP/1.1" 200 76116
69.171.249.15 - - [25/Jul/2022:14:41:15 -0500] "GET /images/mujeres-cultura-31.jpg HTTP/1.1" 200 33736
20.216.154.237 - - [25/Jul/2022:14:41:10 -0500] "GET /portaldeninos//?author=1 HTTP/1.1" 301 -
20.216.154.237 - - [25/Jul/2022:14:41:26 -0500] "GET /portaldeninos//?author=2 HTTP/1.1" 301 -
201.245.192.253 - - [25/Jul/2022:14:41:44 -0500] "GET /appsia/controlador HTTP/1.1" 200 4799
201.245.192.253 - - [25/Jul/2022:14:41:44 -0500] "GET /appsia/css/estilos.css HTTP/1.1" 200 4804
201.245.192.253 - - [25/Jul/2022:14:41:44 -0500] "GET /appsia/scripts/validarIngreso.js HTTP/1.1" 200 851
201.245.192.253 - - [25/Jul/2022:14:41:44 -0500] "GET /appsia/images/logo_bogota_p.png HTTP/1.1" 200 14951
201.245.192.253 - - [25/Jul/2022:14:41:44 -0500] "GET /appsia/images/cabezoteHojaVida.png HTTP/1.1" 200 32493
201.245.192.253 - - [25/Jul/2022:14:41:44 -0500] "GET /favicon.ico HTTP/1.1" 200 7782
201.245.192.253 - - [25/Jul/2022:14:41:47 -0500] "POST /appsia/controlador HTTP/1.1" 200 5437
201.245.192.253 - - [25/Jul/2022:14:41:49 -0500] "GET /appsia/images/logo_escudo.png HTTP/1.1" 200 36965
201.245.192.253 - - [25/Jul/2022:14:41:49 -0500] "POST /appsia/controlador HTTP/1.1" 200 26532
201.245.192.253 - - [25/Jul/2022:14:41:53 -0500] "POST /appsia/controlador HTTP/1.1" 200 5437
201.245.192.253 - - [25/Jul/2022:14:41:54 -0500] "POST /appsia/controlador HTTP/1.1" 200 7783
201.245.192.253 - - [25/Jul/2022:14:41:57 -0500] "GET /sipse/faces/javax.faces.resource/theme.css?ln=primefaces-sipse HTTP/1.1" 304 -
201.245.192.253 - - [25/Jul/2022:14:41:57 -0500] "GET /sipse/faces/faces/autenticacion.xhtml HTTP/1.1" 200 12178
201.245.192.253 - - [25/Jul/2022:14:41:57 -0500] "GET /sipse/faces/javax.faces.resource/theme.css?ln=primefaces-sipse HTTP/1.1" 304 -
201.245.192.253 - - [25/Jul/2022:14:41:57 -0500] "GET /sipse/faces/javax.faces.resource/primefaces.css?ln=primefaces&v=4.0 HTTP/1.1" 304 -
201.245.192.253 - - [25/Jul/2022:14:41:57 -0500] "GET /sipse/faces/javax.faces.resource/jquery/jquery-plugins.js?ln=primefaces&v=4.0 HTTP/1.1" 304 -
201.245.192.253 - - [25/Jul/2022:14:41:57 -0500] "GET /sipse/faces/javax.faces.resource/jquery/jquery.js?ln=primefaces&v=4.0 HTTP/1.1" 304 -
201.245.192.253 - - [25/Jul/2022:14:41:57 -0500] "GET /sipse/faces/javax.faces.resource/layout/layout.css?ln=primefaces&v=4.0 HTTP/1.1" 304 -
201.245.192.253 - - [25/Jul/2022:14:41:57 -0500] "GET /sipse/faces/javax.faces.resource/primefaces.js?ln=primefaces&v=4.0 HTTP/1.1" 304 -
201.245.192.253 - - [25/Jul/2022:14:41:57 -0500] "GET /sipse/faces/javax.faces.resource/layout/layout.js?ln=primefaces&v=4.0 HTTP/1.1" 304 -
201.245.192.253 - - [25/Jul/2022:14:41:57 -0500] "GET /sipse/faces/javax.faces.resource/images/ui-icons_898989_256x240.png?ln=primefaces-aristo HTTP/1.1" 304 -
201.245.192.253 - - [25/Jul/2022:14:41:57 -0500] "POST /appsia/controlador HTTP/1.1" 200 6648
201.245.192.253 - - [25/Jul/2022:14:41:58 -0500] "POST /appsia/controlador HTTP/1.1" 200 10957
20.216.154.237 - - [25/Jul/2022:14:41:42 -0500] "GET /portaldeninos//?author=3 HTTP/1.1" 200 90338
20.216.154.237 - - [25/Jul/2022:14:41:59 -0500] "GET /portaldeninos//wp-json/wp/v2/users/ HTTP/1.1" 200 1366
216.245.221.92 - - [25/Jul/2022:14:41:59 -0500] "HEAD / HTTP/1.1" 200 -
20.216.154.237 - - [25/Jul/2022:14:41:59 -0500] "POST /portaldeninos//xmlrpc.php HTTP/1.1" 200 403
20.216.154.237 - - [25/Jul/2022:14:42:00 -0500] "POST /portaldeninos//xmlrpc.php HTTP/1.1" 200 403
20.216.154.237 - - [25/Jul/2022:14:42:00 -0500] "POST /portaldeninos//xmlrpc.php HTTP/1.1" 200 413
20.216.154.237 - - [25/Jul/2022:14:42:00 -0500] "POST /portaldeninos//xmlrpc.php HTTP/1.1" 200 413
20.216.154.237 - - [25/Jul/2022:14:42:01 -0500] "POST /portaldeninos//xmlrpc.php HTTP/1.1" 200 403
172.22.2.4 - - [25/Jul/2022:14:42:01 -0500] "GET /BLA/boletinlegal/Circulares/2010/Circular%2002%20de%2025%20de%20febrero%20de%202010.pdf HTTP/1.1" 200 233254
20.216.154.237 - - [25/Jul/2022:14:42:01 -0500] "POST /portaldeninos//xmlrpc.php HTTP/1.1" 200 413
181.63.220.121 - - [25/Jul/2022:14:42:01 -0500] "GET /BLA/resoluciones/RESOLUCIONES%202010/2438.pdf HTTP/1.1" 200 502411
20.216.154.237 - - [25/Jul/2022:14:42:02 -0500] "POST /portaldeninos//xmlrpc.php HTTP/1.1" 200 413
20.216.154.237 - - [25/Jul/2022:14:42:02 -0500] "POST /portaldeninos//xmlrpc.php HTTP/1.1" 200 413
20.216.154.237 - - [25/Jul/2022:14:42:02 -0500] "POST /portaldeninos//xmlrpc.php HTTP/1.1" 200 413
181.63.220.121 - - [25/Jul/2022:14:42:03 -0500] "GET /BLA/resoluciones/RESOLUCIONES%202010/2439.pdf HTTP/1.1" 200 501615
20.216.154.237 - - [25/Jul/2022:14:42:03 -0500] "POST /portaldeninos//xmlrpc.php HTTP/1.1" 200 413
20.216.154.237 - - [25/Jul/2022:14:42:03 -0500] "POST /portaldeninos//xmlrpc.php HTTP/1.1" 200 413
20.216.154.237 - - [25/Jul/2022:14:42:04 -0500] "POST /portaldeninos//xmlrpc.php HTTP/1.1" 200 413
181.63.220.121 - - [25/Jul/2022:14:42:04 -0500] "GET /BLA/resoluciones/RESOLUCIONES%202010/2440.pdf HTTP/1.1" 200 489208
20.216.154.237 - - [25/Jul/2022:14:42:04 -0500] "POST /portaldeninos//xmlrpc.php HTTP/1.1" 200 413
20.216.154.237 - - [25/Jul/2022:14:42:04 -0500] "POST /portaldeninos//xmlrpc.php HTTP/1.1" 200 413
20.216.154.237 - - [25/Jul/2022:14:42:05 -0500] "POST /portaldeninos//xmlrpc.php HTTP/1.1" 200 413
20.216.154.237 - - [25/Jul/2022:14:42:05 -0500] "POST /portaldeninos//xmlrpc.php HTTP/1.1" 200 413
181.63.220.121 - - [25/Jul/2022:14:42:06 -0500] "GET /BLA/resoluciones/RESOLUCIONES%202010/2441.pdf HTTP/1.1" 200 499233
20.216.154.237 - - [25/Jul/2022:14:42:06 -0500] "POST /portaldeninos//xmlrpc.php HTTP/1.1" 200 413
20.216.154.237 - - [25/Jul/2022:14:42:06 -0500] "POST /portaldeninos//xmlrpc.php HTTP/1.1" 200 413
20.216.154.237 - - [25/Jul/2022:14:42:07 -0500] "POST /portaldeninos//xmlrpc.php HTTP/1.1" 200 413
20.216.154.237 - - [25/Jul/2022:14:42:07 -0500] "POST /portaldeninos//xmlrpc.php HTTP/1.1" 200 413
20.216.154.237 - - [25/Jul/2022:14:42:07 -0500] "POST /portaldeninos//xmlrpc.php HTTP/1.1" 200 413
20.216.154.237 - - [25/Jul/2022:14:42:08 -0500] "POST /portaldeninos//xmlrpc.php HTTP/1.1" 200 413
20.216.154.237 - - [25/Jul/2022:14:42:08 -0500] "POST /portaldeninos//xmlrpc.php HTTP/1.1" 200 413
20.216.154.237 - - [25/Jul/2022:14:42:09 -0500] "POST /portaldeninos//xmlrpc.php HTTP/1.1" 200 413
20.216.154.237 - - [25/Jul/2022:14:42:09 -0500] "POST /portaldeninos//xmlrpc.php HTTP/1.1" 200 413
181.63.220.121 - - [25/Jul/2022:14:42:09 -0500] "GET /BLA/resoluciones/RESOLUCIONES%202010/2442.pdf HTTP/1.1" 200 493087
20.216.154.237 - - [25/Jul/2022:14:42:09 -0500] "POST /portaldeninos//xmlrpc.php HTTP/1.1" 200 413
20.216.154.237 - - [25/Jul/2022:14:42:10 -0500] "POST /portaldeninos//xmlrpc.php HTTP/1.1" 200 413
20.216.154.237 - - [25/Jul/2022:14:42:10 -0500] "POST /portaldeninos//xmlrpc.php HTTP/1.1" 200 413
181.63.220.121 - - [25/Jul/2022:14:42:11 -0500] "GET /BLA/resoluciones/RESOLUCIONES%202010/2443.pdf HTTP/1.1" 200 497187
20.216.154.237 - - [25/Jul/2022:14:42:11 -0500] "POST /portaldeninos//xmlrpc.php HTTP/1.1" 200 413
20.216.154.237 - - [25/Jul/2022:14:42:11 -0500] "POST /portaldeninos//xmlrpc.php HTTP/1.1" 200 413
20.216.154.237 - - [25/Jul/2022:14:42:11 -0500] "POST /portaldeninos//xmlrpc.php HTTP/1.1" 200 413
181.63.220.121 - - [25/Jul/2022:14:42:12 -0500] "GET /BLA/resoluciones/RESOLUCIONES%202010/2444.pdf HTTP/1.1" 200 495867
20.216.154.237 - - [25/Jul/2022:14:42:12 -0500] "POST /portaldeninos//xmlrpc.php HTTP/1.1" 200 413
20.216.154.237 - - [25/Jul/2022:14:42:12 -0500] "POST /portaldeninos//xmlrpc.php HTTP/1.1" 200 413
20.216.154.237 - - [25/Jul/2022:14:42:13 -0500] "POST /portaldeninos//xmlrpc.php HTTP/1.1" 200 413
181.63.220.121 - - [25/Jul/2022:14:42:13 -0500] "GET /BLA/resoluciones/RESOLUCIONES%202010/2445.pdf HTTP/1.1" 200 497363
20.216.154.237 - - [25/Jul/2022:14:42:13 -0500] "POST /portaldeninos//xmlrpc.php HTTP/1.1" 200 413
20.216.154.237 - - [25/Jul/2022:14:42:13 -0500] "POST /portaldeninos//xmlrpc.php HTTP/1.1" 200 413
20.216.154.237 - - [25/Jul/2022:14:42:14 -0500] "POST /portaldeninos//xmlrpc.php HTTP/1.1" 200 413
181.63.220.121 - - [25/Jul/2022:14:42:14 -0500] "GET /BLA/resoluciones/RESOLUCIONES%202010/2446.pdf HTTP/1.1" 200 496419
20.216.154.237 - - [25/Jul/2022:14:42:14 -0500] "POST /portaldeninos//xmlrpc.php HTTP/1.1" 200 413
20.216.154.237 - - [25/Jul/2022:14:42:15 -0500] "POST /portaldeninos//xmlrpc.php HTTP/1.1" 200 413
20.216.154.237 - - [25/Jul/2022:14:42:15 -0500] "POST /portaldeninos//xmlrpc.php HTTP/1.1" 200 413
181.63.220.121 - - [25/Jul/2022:14:42:15 -0500] "GET /BLA/resoluciones/RESOLUCIONES%202010/2447.pdf HTTP/1.1" 200 491891
20.216.154.237 - - [25/Jul/2022:14:42:15 -0500] "POST /portaldeninos//xmlrpc.php HTTP/1.1" 200 413
20.216.154.237 - - [25/Jul/2022:14:42:16 -0500] "POST /portaldeninos//xmlrpc.php HTTP/1.1" 200 413
20.216.154.237 - - [25/Jul/2022:14:42:16 -0500] "POST /portaldeninos//xmlrpc.php HTTP/1.1" 200 413
181.63.220.121 - - [25/Jul/2022:14:42:17 -0500] "GET /BLA/resoluciones/RESOLUCIONES%202010/2448.pdf HTTP/1.1" 200 492488
20.216.154.237 - - [25/Jul/2022:14:42:17 -0500] "POST /portaldeninos//xmlrpc.php HTTP/1.1" 200 413
20.216.154.237 - - [25/Jul/2022:14:42:17 -0500] "POST /portaldeninos//xmlrpc.php HTTP/1.1" 200 413
181.63.220.121 - - [25/Jul/2022:14:42:18 -0500] "GET /BLA/resoluciones/RESOLUCIONES%202010/2449.pdf HTTP/1.1" 200 496399
20.216.154.237 - - [25/Jul/2022:14:42:17 -0500] "POST /portaldeninos//xmlrpc.php HTTP/1.1" 200 413
20.216.154.237 - - [25/Jul/2022:14:42:18 -0500] "POST /portaldeninos//xmlrpc.php HTTP/1.1" 200 413
20.216.154.237 - - [25/Jul/2022:14:42:18 -0500] "POST /portaldeninos//xmlrpc.php HTTP/1.1" 200 413
181.63.220.121 - - [25/Jul/2022:14:42:19 -0500] "GET /BLA/resoluciones/RESOLUCIONES%202010/2450.pdf HTTP/1.1" 200 488427
20.216.154.237 - - [25/Jul/2022:14:42:19 -0500] "POST /portaldeninos//xmlrpc.php HTTP/1.1" 200 413
20.216.154.237 - - [25/Jul/2022:14:42:19 -0500] "POST /portaldeninos//xmlrpc.php HTTP/1.1" 200 413
20.216.154.237 - - [25/Jul/2022:14:42:19 -0500] "POST /portaldeninos//xmlrpc.php HTTP/1.1" 200 413
181.63.220.121 - - [25/Jul/2022:14:42:20 -0500] "GET /BLA/resoluciones/RESOLUCIONES%202010/2451.pdf HTTP/1.1" 200 108156
20.216.154.237 - - [25/Jul/2022:14:42:20 -0500] "POST /portaldeninos//xmlrpc.php HTTP/1.1" 200 413
20.216.154.237 - - [25/Jul/2022:14:42:20 -0500] "POST /portaldeninos//xmlrpc.php HTTP/1.1" 200 413
20.216.154.237 - - [25/Jul/2022:14:42:21 -0500] "POST /portaldeninos//xmlrpc.php HTTP/1.1" 200 413
181.63.220.121 - - [25/Jul/2022:14:42:21 -0500] "GET /BLA/resoluciones/RESOLUCIONES%202010/2452.pdf HTTP/1.1" 200 57418
20.216.154.237 - - [25/Jul/2022:14:42:21 -0500] "POST /portaldeninos//xmlrpc.php HTTP/1.1" 200 413
20.216.154.237 - - [25/Jul/2022:14:42:21 -0500] "POST /portaldeninos//xmlrpc.php HTTP/1.1" 200 413
20.216.154.237 - - [25/Jul/2022:14:42:22 -0500] "POST /portaldeninos//xmlrpc.php HTTP/1.1" 200 413
181.63.220.121 - - [25/Jul/2022:14:42:22 -0500] "GET /BLA/resoluciones/RESOLUCIONES%202010/2453.pdf HTTP/1.1" 200 403729
20.216.154.237 - - [25/Jul/2022:14:42:22 -0500] "POST /portaldeninos//xmlrpc.php HTTP/1.1" 200 413
20.216.154.237 - - [25/Jul/2022:14:42:23 -0500] "POST /portaldeninos//xmlrpc.php HTTP/1.1" 200 413
181.63.220.121 - - [25/Jul/2022:14:42:23 -0500] "GET /BLA/resoluciones/RESOLUCIONES%202010/2454.pdf HTTP/1.1" 200 401911
20.216.154.237 - - [25/Jul/2022:14:42:23 -0500] "POST /portaldeninos//xmlrpc.php HTTP/1.1" 200 413
20.216.154.237 - - [25/Jul/2022:14:42:23 -0500] "POST /portaldeninos//xmlrpc.php HTTP/1.1" 200 413
20.216.154.237 - - [25/Jul/2022:14:42:24 -0500] "POST /portaldeninos//xmlrpc.php HTTP/1.1" 200 413
181.63.220.121 - - [25/Jul/2022:14:42:24 -0500] "GET /BLA/resoluciones/RESOLUCIONES%202010/2455.pdf HTTP/1.1" 200 100758
20.216.154.237 - - [25/Jul/2022:14:42:24 -0500] "POST /portaldeninos//xmlrpc.php HTTP/1.1" 200 413
20.216.154.237 - - [25/Jul/2022:14:42:25 -0500] "POST /portaldeninos//xmlrpc.php HTTP/1.1" 200 413
20.216.154.237 - - [25/Jul/2022:14:42:25 -0500] "POST /portaldeninos//xmlrpc.php HTTP/1.1" 200 413
20.216.154.237 - - [25/Jul/2022:14:42:25 -0500] "POST /portaldeninos//xmlrpc.php HTTP/1.1" 200 413
20.216.154.237 - - [25/Jul/2022:14:42:26 -0500] "POST /portaldeninos//xmlrpc.php HTTP/1.1" 200 413
20.216.154.237 - - [25/Jul/2022:14:42:26 -0500] "POST /portaldeninos//xmlrpc.php HTTP/1.1" 200 413
181.63.220.121 - - [25/Jul/2022:14:42:27 -0500] "GET /BLA/resoluciones/RESOLUCIONES%202010/2456.pdf HTTP/1.1" 200 500261
20.216.154.237 - - [25/Jul/2022:14:42:27 -0500] "POST /portaldeninos//xmlrpc.php HTTP/1.1" 200 413
20.216.154.237 - - [25/Jul/2022:14:42:27 -0500] "POST /portaldeninos//xmlrpc.php HTTP/1.1" 200 413
20.216.154.237 - - [25/Jul/2022:14:42:27 -0500] "POST /portaldeninos//xmlrpc.php HTTP/1.1" 200 413
181.63.220.121 - - [25/Jul/2022:14:42:28 -0500] "GET /BLA/resoluciones/RESOLUCIONES%202010/2457.pdf HTTP/1.1" 200 500221
20.216.154.237 - - [25/Jul/2022:14:42:28 -0500] "POST /portaldeninos//xmlrpc.php HTTP/1.1" 200 413
20.216.154.237 - - [25/Jul/2022:14:42:28 -0500] "POST /portaldeninos//xmlrpc.php HTTP/1.1" 200 413
20.216.154.237 - - [25/Jul/2022:14:42:29 -0500] "POST /portaldeninos//xmlrpc.php HTTP/1.1" 200 413
20.216.154.237 - - [25/Jul/2022:14:42:29 -0500] "POST /portaldeninos//xmlrpc.php HTTP/1.1" 200 413
181.63.220.121 - - [25/Jul/2022:14:42:30 -0500] "GET /BLA/resoluciones/RESOLUCIONES%202010/2458.pdf HTTP/1.1" 200 495125
20.216.154.237 - - [25/Jul/2022:14:42:29 -0500] "POST /portaldeninos//xmlrpc.php HTTP/1.1" 200 413
20.216.154.237 - - [25/Jul/2022:14:42:30 -0500] "POST /portaldeninos//xmlrpc.php HTTP/1.1" 200 413
20.216.154.237 - - [25/Jul/2022:14:42:30 -0500] "POST /portaldeninos//xmlrpc.php HTTP/1.1" 200 413
20.216.154.237 - - [25/Jul/2022:14:42:31 -0500] "POST /portaldeninos//xmlrpc.php HTTP/1.1" 200 413
20.216.154.237 - - [25/Jul/2022:14:42:31 -0500] "POST /portaldeninos//xmlrpc.php HTTP/1.1" 200 413
181.63.220.121 - - [25/Jul/2022:14:42:32 -0500] "GET /BLA/resoluciones/RESOLUCIONES%202010/2459.pdf HTTP/1.1" 200 497024
20.216.154.237 - - [25/Jul/2022:14:42:32 -0500] "POST /portaldeninos//xmlrpc.php HTTP/1.1" 200 413
20.216.154.237 - - [25/Jul/2022:14:42:32 -0500] "POST /portaldeninos//xmlrpc.php HTTP/1.1" 200 413
20.216.154.237 - - [25/Jul/2022:14:42:32 -0500] "POST /portaldeninos//xmlrpc.php HTTP/1.1" 200 413
20.216.154.237 - - [25/Jul/2022:14:42:33 -0500] "POST /portaldeninos//xmlrpc.php HTTP/1.1" 200 413
20.216.154.237 - - [25/Jul/2022:14:42:33 -0500] "POST /portaldeninos//xmlrpc.php HTTP/1.1" 200 413
20.216.154.237 - - [25/Jul/2022:14:42:34 -0500] "POST /portaldeninos//xmlrpc.php HTTP/1.1" 200 413
20.216.154.237 - - [25/Jul/2022:14:42:34 -0500] "POST /portaldeninos//xmlrpc.php HTTP/1.1" 200 413
20.216.154.237 - - [25/Jul/2022:14:42:34 -0500] "POST /portaldeninos//xmlrpc.php HTTP/1.1" 200 413
181.63.220.121 - - [25/Jul/2022:14:42:35 -0500] "GET /BLA/resoluciones/RESOLUCIONES%202010/2460.pdf HTTP/1.1" 200 493808
20.216.154.237 - - [25/Jul/2022:14:42:35 -0500] "POST /portaldeninos//xmlrpc.php HTTP/1.1" 200 413
20.216.154.237 - - [25/Jul/2022:14:42:35 -0500] "POST /portaldeninos//xmlrpc.php HTTP/1.1" 200 413
20.216.154.237 - - [25/Jul/2022:14:42:36 -0500] "POST /portaldeninos//xmlrpc.php HTTP/1.1" 200 413
20.216.154.237 - - [25/Jul/2022:14:42:36 -0500] "POST /portaldeninos//xmlrpc.php HTTP/1.1" 200 413
20.216.154.237 - - [25/Jul/2022:14:42:36 -0500] "POST /portaldeninos//xmlrpc.php HTTP/1.1" 200 413
181.63.220.121 - - [25/Jul/2022:14:42:37 -0500] "GET /BLA/resoluciones/RESOLUCIONES%202010/2461.pdf HTTP/1.1" 200 494605
20.216.154.237 - - [25/Jul/2022:14:42:37 -0500] "POST /portaldeninos//xmlrpc.php HTTP/1.1" 200 413
20.216.154.237 - - [25/Jul/2022:14:42:37 -0500] "POST /portaldeninos//xmlrpc.php HTTP/1.1" 200 413
20.216.154.237 - - [25/Jul/2022:14:42:38 -0500] "POST /portaldeninos//xmlrpc.php HTTP/1.1" 200 413
185.119.81.102 - - [25/Jul/2022:14:42:38 -0500] "GET /portaldeninos/wp-login.php HTTP/1.1" 200 2592
20.216.154.237 - - [25/Jul/2022:14:42:38 -0500] "POST /portaldeninos//xmlrpc.php HTTP/1.1" 200 413
181.63.220.121 - - [25/Jul/2022:14:42:38 -0500] "GET /BLA/resoluciones/RESOLUCIONES%202010/2462.pdf HTTP/1.1" 200 491966
20.216.154.237 - - [25/Jul/2022:14:42:38 -0500] "POST /portaldeninos//xmlrpc.php HTTP/1.1" 200 413
185.119.81.102 - - [25/Jul/2022:14:42:39 -0500] "POST /portaldeninos/wp-login.php HTTP/1.1" 200 3670
20.216.154.237 - - [25/Jul/2022:14:42:39 -0500] "POST /portaldeninos//xmlrpc.php HTTP/1.1" 200 413
20.216.154.237 - - [25/Jul/2022:14:42:39 -0500] "POST /portaldeninos//xmlrpc.php HTTP/1.1" 200 413
20.216.154.237 - - [25/Jul/2022:14:42:40 -0500] "POST /portaldeninos//xmlrpc.php HTTP/1.1" 200 413
181.63.220.121 - - [25/Jul/2022:14:42:40 -0500] "GET /BLA/resoluciones/RESOLUCIONES%202010/2463.pdf HTTP/1.1" 200 499691
20.216.154.237 - - [25/Jul/2022:14:42:40 -0500] "POST /portaldeninos//xmlrpc.php HTTP/1.1" 200 413
20.216.154.237 - - [25/Jul/2022:14:42:40 -0500] "POST /portaldeninos//xmlrpc.php HTTP/1.1" 200 413
20.216.154.237 - - [25/Jul/2022:14:42:41 -0500] "POST /portaldeninos//xmlrpc.php HTTP/1.1" 200 413
20.216.154.237 - - [25/Jul/2022:14:42:41 -0500] "POST /portaldeninos//xmlrpc.php HTTP/1.1" 200 413
20.216.154.237 - - [25/Jul/2022:14:42:42 -0500] "POST /portaldeninos//xmlrpc.php HTTP/1.1" 200 413
20.216.154.237 - - [25/Jul/2022:14:42:42 -0500] "POST /portaldeninos//xmlrpc.php HTTP/1.1" 200 413
181.63.220.121 - - [25/Jul/2022:14:42:42 -0500] "GET /BLA/resoluciones/RESOLUCIONES%202010/2464.pdf HTTP/1.1" 200 497343
20.216.154.237 - - [25/Jul/2022:14:42:42 -0500] "POST /portaldeninos//xmlrpc.php HTTP/1.1" 200 413
20.216.154.237 - - [25/Jul/2022:14:42:43 -0500] "POST /portaldeninos//xmlrpc.php HTTP/1.1" 200 413
20.216.154.237 - - [25/Jul/2022:14:42:43 -0500] "POST /portaldeninos//xmlrpc.php HTTP/1.1" 200 413
20.216.154.237 - - [25/Jul/2022:14:42:44 -0500] "POST /portaldeninos//xmlrpc.php HTTP/1.1" 200 413
20.216.154.237 - - [25/Jul/2022:14:42:44 -0500] "POST /portaldeninos//xmlrpc.php HTTP/1.1" 200 413
181.63.220.121 - - [25/Jul/2022:14:42:44 -0500] "GET /BLA/resoluciones/RESOLUCIONES%202010/2465.pdf HTTP/1.1" 200 482485
20.216.154.237 - - [25/Jul/2022:14:42:44 -0500] "POST /portaldeninos//xmlrpc.php HTTP/1.1" 200 413
20.216.154.237 - - [25/Jul/2022:14:42:45 -0500] "POST /portaldeninos//xmlrpc.php HTTP/1.1" 200 413
20.216.154.237 - - [25/Jul/2022:14:42:45 -0500] "POST /portaldeninos//xmlrpc.php HTTP/1.1" 200 413
20.216.154.237 - - [25/Jul/2022:14:42:46 -0500] "POST /portaldeninos//xmlrpc.php HTTP/1.1" 200 413
181.63.220.121 - - [25/Jul/2022:14:42:46 -0500] "GET /BLA/resoluciones/RESOLUCIONES%202010/2466.pdf HTTP/1.1" 200 493301
20.216.154.237 - - [25/Jul/2022:14:42:46 -0500] "POST /portaldeninos//xmlrpc.php HTTP/1.1" 200 413
