172.22.2.4 - - [25/Jul/2022:05:47:19 -0500] "HEAD /BLA/boletinlegal/ HTTP/1.1" 200 -
186.102.92.220 - - [25/Jul/2022:05:49:18 -0500] "GET /kwssiamovil/sm/ldap/au?x=U2FsdGVkX1+JDOO5S4SZpL5TUE9IrqH5W0+PNfG7uILP0XMzsurJMRQseQMp0Rs2&y=U2FsdGVkX1+RGvLHMTG+zYMp1LY7tJbx54HEm9GhADtEqrZdRWzlN4tPq4H5vMSK HTTP/1.1" 200 30
186.102.92.220 - - [25/Jul/2022:05:49:18 -0500] "GET /kwssiamovil/sm/acme/s?s=U2FsdGVkX19TxUHV0C3laihGaaQDPG1X1t1v8GQY4CCgn9iXPEHQNvDkR2cAp/USnQZKML8ba0wx2E5dVxEve/iYesRWZl51lbcZLEzHf2k=&u=U2FsdGVkX18PmTK6thRAmj4nD7NJzNockLnTd5nRoUs=&y=U2FsdGVkX1+RGvLHMTG+zYMp1LY7tJbx54HEm9GhADtEqrZdRWzlN4tPq4H5vMSK HTTP/1.1" 200 97
186.102.92.220 - - [25/Jul/2022:05:49:18 -0500] "GET /kwssiamovil/sm/acme/s?s=U2FsdGVkX1/K9X9LWVlS9hvoq/N4HNmydt0N35SRirM+uYvFB5aYMlqMwes5PPnrtdjGU7NXwcG9MTJKgr7ObQ9vUVrza0IQc/5C6esRpFhmEaybpbfwAm1HzZJUx+n4qaL9Y1hS/idlYVdUMh4VYlJ92YqqFqIlaGMyHlt78iW4TWQpLpxoF59gevW3OU9VHd4knqriopBRblDCKvjpB4DIjXOMJly5UOl+d29R/TJNqYvDAMrVnBcyJvvCXW7MKgsfigkJdumVx3Is1gmw/2YmfiMeYoZa9pkGN4+H6GWWH5uvQM04kMeeQTX4Y3tPFx1V4rYLboqJSZfhpz8YzD6alQTKQfNwhvKWh1JD5ovRolcMA4w0rB5yedIx/Vg3xYcdP5hlFWJI4fULVFvcUiegjJsR6C4dNOkjP86e/5P+uxOnKuCvLpSb0PuxIKSF/kuXuoSeF29wve3suZ9Sot3R1ahi45sCIe7riTC7dxjd9oyfkzSVM5oGUT57V+611MNHK1Wm0j6kYA6WM6uqY48Inc+vQNWhYMMyoI1rOZxgfSDmzUH8gByHV1GKcfF4HusuqKXxEHfRp8Rps7xq4YMiimokZdWgR3eeOGBRip2+vD1eM76sZJBvtQskJsheVz7hNyQyFkEO/SN7Y6G72mdUEVEd4PnWS0epSMsxTII2A8yBqyC333tXcd6LYRWirwheJMS6gG0sH+6GHIBztvUJRmaIajOvh+URaPdYeJ7HKTDBNUsbELTH0MkHO2rIc9rqK2PE3NGdkvnOj/MIgjIpsQ08n9TXRDf3UW4QJqCGr+2CtauoQP4Yfv0X4hRWMDZyCgW7SWfjs4sSZREy43rcMRAerizxKBFjU14uXmVQxlky1cZh95Ky+JFSqwjqd6yMfr+gpPtOPCzxIMI14QE5YSML2isq89JnCEgzda0zadXE9ucxS3OHg//Vsxqwx8Zq5PYy8V+RItuGeiDaszex/cmDRa73aB31pIg8KPIpThKzcFqZB5BIxsuS6gaAcJFdz86B57t/VgLbZKJAH2Ium88HDW7kj/yIXBJBt3ufC/lz+4I9vfIOFhy/ZwaCTAkS738OfVzQ7n/QZhSnzaakE5ncraQxeZJ09PIJbqogsX6juDco6ex+sMAt4igDyI4G6ZqYlv1PVWRzt5B4VhjH9uvl94k/PUchzufWv7tXlpX4afb26x8cmMQk4yd+o+JhBWWFrhbPhALRSMolfDFdgLSFiV40gke0ANcu7/4ywSOYLJcK/oib7pP88SIJxxI/JXU2Aty4MpTs3FAgvI4GltSfb1eJxKDgqGAt0MkT+Rsr4OL7yB7P+hoewsbvJDh/9eYlF96rEjn+c3PTEHBci/X+A5cW4184w7f8BEA=&u=U2FsdGVkX18PmTK6thRAmj4nD7NJzNockLnTd5nRoUs=&y=U2FsdGVkX1+RGvLHMTG+zYMp1LY7tJbx54HEm9GhADtEqrZdRWzlN4tPq4H5vMSK HTTP/1.1" 200 2541
186.102.92.220 - - [25/Jul/2022:05:49:18 -0500] "GET /kwssiamovil/sm/acme/s?s=U2FsdGVkX1/TwHCqxUwE9anl8JosAU41fleqbcGxLlFSStvF90L8V9lzmQOO7yumkNDg5F9kTfPtCJTA1OHKOrnjHzEWaiD4ldnjXZRbBtVxXz6wvJObuSYIYCN7IGZZnrWyn2EkBjHax9YsYD4TY3R5vjCCluzWUbQ1GfcRyNSRXufd729Rw6qnSRQT7ak7IZzoPPA6T5owoaFPk+sTF4lnKQ5NlwU+zA6bqCU+lLD4cDcb1E9rIw0lq94TgOFwx2aifPvLerPuTFCdBt5Q7IqwDR86iusaXStKGTTNO8I=&u=U2FsdGVkX18PmTK6thRAmj4nD7NJzNockLnTd5nRoUs=&y=U2FsdGVkX1+RGvLHMTG+zYMp1LY7tJbx54HEm9GhADtEqrZdRWzlN4tPq4H5vMSK HTTP/1.1" 200 176
186.102.92.220 - - [25/Jul/2022:05:49:18 -0500] "GET /kwssiamovil/sm/cjson/pre?f=1&x=U2FsdGVkX1+JDOO5S4SZpL5TUE9IrqH5W0+PNfG7uILP0XMzsurJMRQseQMp0Rs2 HTTP/1.1" 200 30992
172.22.2.4 - - [25/Jul/2022:05:48:10 -0500] "GET /BLA/boletinlegal/ HTTP/1.1" 200 60410
201.245.192.253 - - [25/Jul/2022:05:51:25 -0500] "POST /kwsrmcab/Wsrmcab  HTTP/1.1" 500 253
216.245.221.92 - - [25/Jul/2022:05:52:00 -0500] "HEAD / HTTP/1.1" 200 -
172.22.2.4 - - [25/Jul/2022:05:53:09 -0500] "HEAD /BLA/boletinlegal/ HTTP/1.1" 200 -
172.22.2.4 - - [25/Jul/2022:05:54:00 -0500] "GET /BLA/boletinlegal/ HTTP/1.1" 200 60410
201.245.192.253 - - [25/Jul/2022:05:56:24 -0500] "POST /kwsrmcab/Wsrmcab  HTTP/1.1" 500 253
130.44.212.105 - - [25/Jul/2022:05:56:39 -0500] "GET /galeria/galeria/fotos/2humedal-Burro2P.jpg HTTP/1.1" 200 8996
130.44.215.120 - - [25/Jul/2022:05:56:39 -0500] "GET /galeria/galeria/fotos/2humedal-Burro2P.jpg HTTP/1.1" 200 8996
216.245.221.92 - - [25/Jul/2022:05:57:00 -0500] "HEAD / HTTP/1.1" 200 -
172.22.2.4 - - [25/Jul/2022:05:58:59 -0500] "HEAD /BLA/boletinlegal/ HTTP/1.1" 200 -
201.245.192.253 - - [25/Jul/2022:06:01:23 -0500] "POST /kwsrmcab/Wsrmcab  HTTP/1.1" 500 253
172.22.2.4 - - [25/Jul/2022:05:59:50 -0500] "GET /BLA/boletinlegal/ HTTP/1.1" 200 60410
216.245.221.92 - - [25/Jul/2022:06:02:00 -0500] "HEAD / HTTP/1.1" 200 -
201.245.192.253 - - [25/Jul/2022:06:06:22 -0500] "POST /kwsrmcab/Wsrmcab  HTTP/1.1" 500 253
172.22.2.4 - - [25/Jul/2022:06:04:49 -0500] "HEAD /BLA/boletinlegal/ HTTP/1.1" 200 -
216.245.221.92 - - [25/Jul/2022:06:07:00 -0500] "HEAD / HTTP/1.1" 200 -
172.22.2.4 - - [25/Jul/2022:06:05:40 -0500] "GET /BLA/boletinlegal/ HTTP/1.1" 200 60992
207.46.13.29 - - [25/Jul/2022:06:08:26 -0500] "GET /BLA/resoluciones/index.php?dir=RESOLUCIONES+2016%2F HTTP/1.1" 200 170796
40.77.167.65 - - [25/Jul/2022:06:08:44 -0500] "GET /BLA/resoluciones/index.php?dir=AUTOS+2014%2F HTTP/1.1" 200 843723
207.46.13.218 - - [25/Jul/2022:06:10:12 -0500] "GET /BLA/resoluciones/index.php?dir=AUTOS+2020%2F HTTP/1.1" 200 325840
207.46.13.29 - - [25/Jul/2022:06:10:15 -0500] "GET /BLA/resoluciones/ HTTP/1.1" 200 13093
181.32.3.116 - - [25/Jul/2022:06:10:51 -0500] "GET /appsia/controlador HTTP/1.1" 200 4799
181.32.3.116 - - [25/Jul/2022:06:10:58 -0500] "POST /appsia/controlador HTTP/1.1" 200 5437
181.32.3.116 - - [25/Jul/2022:06:11:03 -0500] "POST /appsia/controlador HTTP/1.1" 200 7793
157.55.39.50 - - [25/Jul/2022:06:11:07 -0500] "GET /esta-es-la-estrategia-que-plantea-el-pot-para-garantizar-la-conectividad-ecosistemica.html HTTP/1.1" 200 1032
181.32.3.116 - - [25/Jul/2022:06:11:09 -0500] "POST /appsia/controlador HTTP/1.1" 200 6658
181.32.3.116 - - [25/Jul/2022:06:11:13 -0500] "POST /appsia/controlador HTTP/1.1" 200 11320
201.245.192.253 - - [25/Jul/2022:06:11:20 -0500] "POST /kwsrmcab/Wsrmcab  HTTP/1.1" 500 253
185.119.81.102 - - [25/Jul/2022:06:11:54 -0500] "GET /portaldeninos/wp-login.php HTTP/1.1" 200 2592
185.119.81.102 - - [25/Jul/2022:06:11:55 -0500] "POST /portaldeninos/wp-login.php HTTP/1.1" 200 3650
216.245.221.92 - - [25/Jul/2022:06:12:00 -0500] "HEAD / HTTP/1.1" 200 -
207.46.13.188 - - [25/Jul/2022:06:12:12 -0500] "GET /galeria/galeria/fotos/Humedal-Vaca3G.jpg HTTP/1.1" 200 540039
172.22.2.4 - - [25/Jul/2022:06:10:39 -0500] "HEAD /BLA/boletinlegal/ HTTP/1.1" 200 -
181.32.3.116 - - [25/Jul/2022:06:12:21 -0500] "POST /appsia/controlador HTTP/1.1" 200 7793
181.32.3.116 - - [25/Jul/2022:06:12:31 -0500] "POST /appsia/controlador HTTP/1.1" 200 6658
181.32.3.116 - - [25/Jul/2022:06:12:33 -0500] "POST /appsia/controlador HTTP/1.1" 200 11320
181.32.3.116 - - [25/Jul/2022:06:12:39 -0500] "POST /appsia/controlador HTTP/1.1" 200 7793
181.32.3.116 - - [25/Jul/2022:06:12:41 -0500] "POST /appsia/controlador HTTP/1.1" 200 5437
181.32.3.116 - - [25/Jul/2022:06:12:44 -0500] "POST /appsia/controlador HTTP/1.1" 200 4799
172.22.2.4 - - [25/Jul/2022:06:11:30 -0500] "GET /BLA/boletinlegal/ HTTP/1.1" 200 60410
185.220.101.189 - - [25/Jul/2022:06:13:30 -0500] "GET / HTTP/1.1" 200 319
201.245.192.253 - - [25/Jul/2022:06:16:20 -0500] "POST /kwsrmcab/Wsrmcab  HTTP/1.1" 500 253
216.245.221.92 - - [25/Jul/2022:06:17:00 -0500] "HEAD / HTTP/1.1" 200 -
207.46.13.20 - - [25/Jul/2022:06:17:02 -0500] "GET /BLA/resoluciones/RESOLUCIONES%202019/1461.pdf HTTP/1.1" 304 -
185.119.81.99 - - [25/Jul/2022:06:17:20 -0500] "GET /portaldeninos/wp-login.php HTTP/1.1" 200 2592
185.119.81.99 - - [25/Jul/2022:06:17:21 -0500] "POST /portaldeninos/wp-login.php HTTP/1.1" 200 3605
172.22.2.4 - - [25/Jul/2022:06:18:02 -0500] "GET /BLA/boletinlegal/robots.txt HTTP/1.1" 404 1038
172.22.2.4 - - [25/Jul/2022:06:18:02 -0500] "GET /BLA/boletinlegal/jurisprudencia/analisis/Analisis%20Sentencia%20T-1077,%202%20corregida.doc HTTP/1.1" 304 -
172.22.2.4 - - [25/Jul/2022:06:16:29 -0500] "HEAD /BLA/boletinlegal/ HTTP/1.1" 200 -
172.22.2.4 - - [25/Jul/2022:06:17:20 -0500] "GET /BLA/boletinlegal/ HTTP/1.1" 200 60992
172.22.2.4 - - [25/Jul/2022:06:19:08 -0500] "GET /BLA/boletinlegal/jurisprudencia/analisis/Analisis%20jurisprudencial%20Sentencia%20C-366-11.doc HTTP/1.1" 304 -
172.22.2.4 - - [25/Jul/2022:06:19:40 -0500] "GET /BLA/boletinlegal/jurisprudencia/analisis/analisis%20sentencia%20C-596-10.doc HTTP/1.1" 304 -
186.80.180.202 - - [25/Jul/2022:06:20:10 -0500] "GET /appsia/controlador HTTP/1.1" 200 4799
186.80.180.202 - - [25/Jul/2022:06:20:11 -0500] "GET /appsia/css/estilos.css HTTP/1.1" 304 -
186.80.180.202 - - [25/Jul/2022:06:20:11 -0500] "GET /appsia/scripts/validarIngreso.js HTTP/1.1" 304 -
186.80.180.202 - - [25/Jul/2022:06:20:11 -0500] "GET /appsia/images/cabezoteHojaVida.png HTTP/1.1" 304 -
186.80.180.202 - - [25/Jul/2022:06:20:11 -0500] "GET /appsia/images/logo_bogota_p.png HTTP/1.1" 304 -
186.80.180.202 - - [25/Jul/2022:06:20:14 -0500] "POST /appsia/controlador HTTP/1.1" 200 5437
186.80.180.202 - - [25/Jul/2022:06:20:15 -0500] "POST /appsia/controlador HTTP/1.1" 200 7783
186.80.180.202 - - [25/Jul/2022:06:20:16 -0500] "POST /appsia/controlador HTTP/1.1" 200 6644
172.22.2.4 - - [25/Jul/2022:06:20:19 -0500] "GET /BLA/boletinlegal/jurisprudencia/analisis/AnalisisT-693-12.docx HTTP/1.1" 304 -
186.80.180.202 - - [25/Jul/2022:06:20:21 -0500] "POST /appsia/controlador HTTP/1.1" 200 10602
186.80.180.202 - - [25/Jul/2022:06:21:01 -0500] "POST /appsia/controlador HTTP/1.1" 200 457
201.245.192.253 - - [25/Jul/2022:06:21:03 -0500] "POST /kwsrmcab/Wsrmcab HTTP/1.1" 500 253
201.245.192.253 - - [25/Jul/2022:06:21:03 -0500] "POST /kwsrmcab/Wsrmcab HTTP/1.1" 500 253
201.245.192.253 - - [25/Jul/2022:06:21:19 -0500] "POST /kwsrmcab/Wsrmcab  HTTP/1.1" 500 253
216.245.221.92 - - [25/Jul/2022:06:22:00 -0500] "HEAD / HTTP/1.1" 200 -
172.22.2.4 - - [25/Jul/2022:06:22:06 -0500] "GET /BLA/boletinlegal/jurisprudencia/analisis/analisis%20sentencia%20C-1007-2011-1.doc HTTP/1.1" 304 -
167.94.138.118 - - [25/Jul/2022:06:23:02 -0500] "GET / HTTP/1.1" 200 319
167.94.138.118 - - [25/Jul/2022:06:23:02 -0500] "GET / HTTP/1.1" 200 319
167.94.138.118 - - [25/Jul/2022:06:23:02 -0500] "PRI * HTTP/2.0" 400 946
172.22.2.4 - - [25/Jul/2022:06:22:19 -0500] "HEAD /BLA/boletinlegal/ HTTP/1.1" 200 -
185.196.220.70 - - [25/Jul/2022:06:24:12 -0500] "GET / HTTP/1.1" 200 319
172.22.2.4 - - [25/Jul/2022:06:24:20 -0500] "GET /BLA/boletinlegal/jurisprudencia/analisis/CUADRO%20SENTENCIA%20C-245%20DE%202004.doc HTTP/1.1" 304 -
201.245.192.253 - - [25/Jul/2022:06:24:27 -0500] "GET /appsia/controlador HTTP/1.1" 200 4799
201.245.192.253 - - [25/Jul/2022:06:24:27 -0500] "GET /appsia/scripts/validarIngreso.js HTTP/1.1" 200 851
201.245.192.253 - - [25/Jul/2022:06:24:27 -0500] "GET /appsia/css/estilos.css HTTP/1.1" 200 4804
201.245.192.253 - - [25/Jul/2022:06:24:27 -0500] "GET /appsia/images/logo_bogota_p.png HTTP/1.1" 200 14951
201.245.192.253 - - [25/Jul/2022:06:24:27 -0500] "GET /appsia/images/cabezoteHojaVida.png HTTP/1.1" 200 32493
201.245.192.253 - - [25/Jul/2022:06:24:30 -0500] "POST /appsia/controlador HTTP/1.1" 200 5437
201.245.192.253 - - [25/Jul/2022:06:24:31 -0500] "POST /appsia/controlador HTTP/1.1" 200 7773
201.245.192.253 - - [25/Jul/2022:06:24:32 -0500] "POST /appsia/controlador HTTP/1.1" 200 6638
201.245.192.253 - - [25/Jul/2022:06:24:34 -0500] "POST /appsia/controlador HTTP/1.1" 200 10955
172.22.2.4 - - [25/Jul/2022:06:24:45 -0500] "GET /BLA/boletinlegal/jurisprudencia/analisis/G__Jurisp.%20Junio%202014_ANALISIS%20JURISPRUDENCIA%20C-634-12%20DECOMISO.docx HTTP/1.1" 304 -
172.22.2.4 - - [25/Jul/2022:06:23:09 -0500] "GET /BLA/boletinlegal/ HTTP/1.1" 200 60410
69.171.231.5 - - [25/Jul/2022:06:24:56 -0500] "GET /images/mujeres-cultura-31.jpg HTTP/1.1" 200 33736
172.22.2.4 - - [25/Jul/2022:06:25:03 -0500] "GET /BLA/boletinlegal/jurisprudencia/analisis/ANALISIST-672-14.docx HTTP/1.1" 304 -
172.22.2.4 - - [25/Jul/2022:06:25:08 -0500] "GET /BLA/boletinlegal/jurisprudencia/analisis/Analisis%20Jurisprudencia%20Sent%202000-00005-01.doc HTTP/1.1" 304 -
201.245.192.253 - - [25/Jul/2022:06:25:14 -0500] "POST /appsia/controlador HTTP/1.1" 200 457
201.245.192.253 - - [25/Jul/2022:06:25:23 -0500] "POST /appsia/controlador HTTP/1.1" 200 457
172.22.2.4 - - [25/Jul/2022:06:25:24 -0500] "GET /BLA/boletinlegal/jurisprudencia/analisis/AnalisisC-746-12.docx HTTP/1.1" 304 -
172.22.2.4 - - [25/Jul/2022:06:25:37 -0500] "GET /BLA/boletinlegal/jurisprudencia/analisis/AnalisisT-146-16.docx HTTP/1.1" 304 -
172.22.2.4 - - [25/Jul/2022:06:25:44 -0500] "GET /BLA/boletinlegal/jurisprudencia/analisis/CUADRO%20ANALISIS%20SENTENCIA%20C-554%20DE%202007.doc HTTP/1.1" 304 -
201.245.192.253 - - [25/Jul/2022:06:26:17 -0500] "POST /kwsrmcab/Wsrmcab  HTTP/1.1" 500 253
185.119.81.102 - - [25/Jul/2022:06:26:24 -0500] "GET /portaldeninos/wp-login.php HTTP/1.1" 200 2592
185.119.81.102 - - [25/Jul/2022:06:26:25 -0500] "POST /portaldeninos/wp-login.php HTTP/1.1" 200 3605
216.245.221.92 - - [25/Jul/2022:06:27:00 -0500] "HEAD / HTTP/1.1" 200 -
172.22.2.4 - - [25/Jul/2022:06:27:11 -0500] "GET /BLA/boletinlegal/jurisprudencia/analisis/CUADRO%20SENTENCIA%20T-299%20DE%202008.doc HTTP/1.1" 304 -
172.22.2.4 - - [25/Jul/2022:06:27:17 -0500] "GET /BLA/boletinlegal/jurisprudencia/analisis/G__Jurisp.%20Junio%202014_Sent%20Tutela%20Drumond.docx HTTP/1.1" 304 -
172.22.2.4 - - [25/Jul/2022:06:28:31 -0500] "GET /BLA/boletinlegal/jurisprudencia/analisis/AnalisisC-035-16.docx HTTP/1.1" 304 -
172.22.2.4 - - [25/Jul/2022:06:29:34 -0500] "GET /BLA/boletinlegal/jurisprudencia/analisis/analisis%20C-595-2010.doc HTTP/1.1" 304 -
172.22.2.4 - - [25/Jul/2022:06:28:09 -0500] "HEAD /BLA/boletinlegal/ HTTP/1.1" 200 -
172.22.2.4 - - [25/Jul/2022:06:28:59 -0500] "GET /BLA/boletinlegal/ HTTP/1.1" 200 60410
185.119.81.106 - - [25/Jul/2022:06:30:41 -0500] "GET /portaldeninos/wp-login.php HTTP/1.1" 200 2592
185.119.81.106 - - [25/Jul/2022:06:30:42 -0500] "POST /portaldeninos/wp-login.php HTTP/1.1" 200 3650
172.22.2.4 - - [25/Jul/2022:06:30:46 -0500] "GET /BLA/boletinlegal/jurisprudencia/analisis/ANALISIST-257-96.docx HTTP/1.1" 304 -
201.245.192.253 - - [25/Jul/2022:06:31:03 -0500] "POST /kwsrmcab/Wsrmcab HTTP/1.1" 500 253
201.245.192.253 - - [25/Jul/2022:06:31:03 -0500] "POST /kwsrmcab/Wsrmcab HTTP/1.1" 500 253
201.245.192.253 - - [25/Jul/2022:06:31:16 -0500] "POST /kwsrmcab/Wsrmcab  HTTP/1.1" 500 253
172.22.2.4 - - [25/Jul/2022:06:31:17 -0500] "GET /BLA/boletinlegal/jurisprudencia/analisis/analisis%20sentencia%20C%20401%20de%202010.doc HTTP/1.1" 304 -
172.22.2.4 - - [25/Jul/2022:06:31:27 -0500] "GET /BLA/boletinlegal/jurisprudencia/analisis/ANALISIST-046-99.docx HTTP/1.1" 304 -
216.245.221.92 - - [25/Jul/2022:06:32:00 -0500] "HEAD / HTTP/1.1" 200 -
172.22.2.4 - - [25/Jul/2022:06:32:05 -0500] "GET /BLA/boletinlegal/jurisprudencia/analisis/AnalisisT-606-15.docx HTTP/1.1" 304 -
172.22.2.4 - - [25/Jul/2022:06:32:26 -0500] "GET /BLA/boletinlegal/jurisprudencia/analisis/CUADRO%20ANALISIS%20SENTENCIA%20T-411%20DE%201992.doc HTTP/1.1" 304 -
40.77.202.83 - - [25/Jul/2022:06:32:39 -0500] "GET /galeria/galeria/jquery.fancybox.css?v=2.1.5 HTTP/1.1" 200 4895
40.77.202.83 - - [25/Jul/2022:06:32:41 -0500] "GET /galeria/galeria/jquery.fancybox.js?v=2.1.5 HTTP/1.1" 200 48706
172.22.2.4 - - [25/Jul/2022:06:32:43 -0500] "GET /BLA/boletinlegal/jurisprudencia/analisis/AnalisisT-095-16.docx HTTP/1.1" 304 -
172.22.2.4 - - [25/Jul/2022:06:32:48 -0500] "GET /BLA/boletinlegal/jurisprudencia/analisis/CUADRO%20SENTENCIA%20C-222%20DE%202011.doc HTTP/1.1" 304 -
64.62.197.62 - - [25/Jul/2022:06:34:22 -0500] "GET / HTTP/1.1" 200 319
172.22.2.4 - - [25/Jul/2022:06:34:41 -0500] "GET /BLA/boletinlegal/jurisprudencia/analisis/AnalisisC-273-11.docx HTTP/1.1" 304 -
172.22.2.4 - - [25/Jul/2022:06:33:59 -0500] "HEAD /BLA/boletinlegal/ HTTP/1.1" 200 -
201.245.192.253 - - [25/Jul/2022:06:36:15 -0500] "POST /kwsrmcab/Wsrmcab  HTTP/1.1" 500 253
186.102.49.88 - - [25/Jul/2022:06:36:17 -0500] "GET /kwssiamovil/sm/ldap/au?x=U2FsdGVkX1+SvVYH2veMG7ifkyz6bW7LeYh7By2Z8OGBATCF1Hj2D4Dt11Y8y1Ax&y=U2FsdGVkX1/X72nrVZMFpB35v8ewAZ6ufGXRkNG3+yREdlT+VILYfKXs2amxZDbM HTTP/1.1" 200 30
186.102.49.88 - - [25/Jul/2022:06:36:18 -0500] "GET /kwssiamovil/sm/acme/s?s=U2FsdGVkX1/oyA0Qny+zNAuK3YE0Pwyhdjqax7ESHwEvFN252Mj3X04MqSzqN4f6ws/eudK8OHgfrv01oHVgM3xiU6Rw/vrXZCmMvy4hPDk=&u=U2FsdGVkX1/m/RF1Cu2FDS8FcVTD/Yd9pVABnjPnTKeeFjAZsdlIkqRvCHKYu1In&y=U2FsdGVkX1/X72nrVZMFpB35v8ewAZ6ufGXRkNG3+yREdlT+VILYfKXs2amxZDbM HTTP/1.1" 200 97
186.102.49.88 - - [25/Jul/2022:06:36:18 -0500] "GET /kwssiamovil/sm/acme/s?s=U2FsdGVkX1+3gcYr5uInnaStrWk5rtSpn2uA8AC3nV3RHJmOzSzs0Tyd6CqvbdontQpIxpasnU6bXsupdGEQYIzhNK613qY1xamRkso8erEvkeuiOhqasi7t0OzMINpdtHvVH8eIcK8SlgQkskQyxb8YHZ5yOG/odXQQiMmqvuKYMSijW6Zb57YfdBYM+yYGkfJOVyUi+qXyPLVKdOBzCEF+aUJwZsfok6ueRJ9H4bIy5yq5V7B7/IxVf0vVgyTMwLbLRz68F4D44JE19g5x6bcJ/zZj1a+2CBqBN16cmKRX8n4dyOMrGhwB06raqjZhFEDMe51q5UsKH/nen8m5KmAil1HKACX1aRAt1mQvs+nYbYLxGnH3E40wnK8OiRuJCzw3zwDiVCW0rc8wEY4ujUXCCRS79L8fcW9i5NQdm1bPJNMqENH/5Crfdl+rD1A2l9wbbNo/QNYff2p2+wQsPxnPhIbHUyceFpDocJNK5aWdUfHxMG4Gd8Koh65ZL0OLb5zuZity7STTJtqleyyn2TiQ9VyUWjHFPCfqCZEFpTRTjGVB5PNyAskHSJcy0sIEVxgZqH0lNtVFzEXkhMWvnLNLJFwbaq5k7jca4JXI6OJt7ryf3K1NCKd6Auvjqz7rOLVSR1nXhIwAd85thFcq/5kP53KDFHhn5o8WDV4svVTOKBfdjCAIqMdkXO187WJVZlRyEavdy8vy4utLCn4D5ji2SixP9ocMJBxY+aFbct0uEEW+oF1V0Rr4cu30WEZE/d6qeckaLMdrOahZFf5u30ZN8dx/taA2xa+3xB61rOFi8/ftLLq1Cdd4jHQL5e5qm2lRPdLtNyPABBJSe4ZADwEFeiIsryLEynF0KhBftfj82N7MZlU7bXsZ90pOvBaIug1Yex0Q1nGL3tSJ1zIOjxEwQfRCS5ae+p+CXWtZEIcpbCTsZIOPMK0jI9vKYQTi5T8J/RrTWlqGa9LE6v6ejsBhuK+QS56GeLQfnHiAMJfP06aqZ21IEK1H2W6bGWyHRemTYsvRVJOu+ZmOZ14wB9B79lyEpPdZQHtJ3pLbnHNjkwbn1t79T9UuC0jxoN0xXQ7oOLvp1fdFweXlLmETRXAb9idvivk3zpc1/i0DCp4jjDCYWZX0QB6Y3iz7iGB0pcdpbTaXY1ghuJ9e9TetZ8SHOU9keDSfjphfa2LL8Yk759s2lFmDJ6T+R6zwvbRmRkSlXIaZSYhJet/3IKTrH0LQcNDkhZi3DyZlsByvjX6SDNmR88J8k9FqWoOBxSzBfoFaoxEz/sde1i/H1LKPurrIjoIU6PRV14lVXyMrstOQVmiEfFxpNnwqvej4ZmVBnywkr1eEKxCWae6O4mpaveeCo8CKChsRKbhqbtb5+NQ=&u=U2FsdGVkX1/m/RF1Cu2FDS8FcVTD/Yd9pVABnjPnTKeeFjAZsdlIkqRvCHKYu1In&y=U2FsdGVkX1/X72nrVZMFpB35v8ewAZ6ufGXRkNG3+yREdlT+VILYfKXs2amxZDbM HTTP/1.1" 200 15375
186.102.49.88 - - [25/Jul/2022:06:36:18 -0500] "GET /kwssiamovil/sm/acme/s?s=U2FsdGVkX19sB7/dHEWf3AIhGyA9EHbX7FnfhzNOW3g0uPlLAoXBbzjzesKREgkj+dqTUmNYvEfRy1hs1nUIc7EV6Mm8LkbH/2YIPx5h4ruZgRl+efMKNmbjntHiLfRB2d1079DJzjAA36WQRnll0TjW8QG8CBOsmjD6qQxA684HNGwXYGT+OmSyBYLMF5JVlVpVtgYhMDMdgx8T06X1+9yxRFwFJWwOXRy3dggeHGvbiFk11mN3tO6CVuueemS6tzUCPVAUJAcFkoGVXqjeVma0Zazj9penIt2do1cyD9A=&u=U2FsdGVkX1/m/RF1Cu2FDS8FcVTD/Yd9pVABnjPnTKeeFjAZsdlIkqRvCHKYu1In&y=U2FsdGVkX1/X72nrVZMFpB35v8ewAZ6ufGXRkNG3+yREdlT+VILYfKXs2amxZDbM HTTP/1.1" 200 176
186.102.49.88 - - [25/Jul/2022:06:36:18 -0500] "GET /kwssiamovil/sm/cjson/pre?f=1&x=U2FsdGVkX1+SvVYH2veMG7ifkyz6bW7LeYh7By2Z8OGBATCF1Hj2D4Dt11Y8y1Ax HTTP/1.1" 200 30992
172.22.2.4 - - [25/Jul/2022:06:34:49 -0500] "GET /BLA/boletinlegal/ HTTP/1.1" 200 58866
216.245.221.92 - - [25/Jul/2022:06:37:00 -0500] "HEAD / HTTP/1.1" 200 -
64.62.197.73 - - [25/Jul/2022:06:37:46 -0500] "GET /favicon.ico HTTP/1.1" 200 7782
66.249.73.100 - - [25/Jul/2022:06:40:29 -0500] "-" 408 -
201.245.192.253 - - [25/Jul/2022:06:41:03 -0500] "POST /kwsrmcab/Wsrmcab HTTP/1.1" 500 253
201.245.192.253 - - [25/Jul/2022:06:41:03 -0500] "POST /kwsrmcab/Wsrmcab HTTP/1.1" 500 253
201.245.192.253 - - [25/Jul/2022:06:41:14 -0500] "POST /kwsrmcab/Wsrmcab  HTTP/1.1" 500 253
172.22.2.4 - - [25/Jul/2022:06:39:49 -0500] "HEAD /BLA/boletinlegal/ HTTP/1.1" 200 -
216.245.221.92 - - [25/Jul/2022:06:42:00 -0500] "HEAD / HTTP/1.1" 200 -
172.22.2.4 - - [25/Jul/2022:06:40:39 -0500] "GET /BLA/boletinlegal/ HTTP/1.1" 200 57699
185.119.81.99 - - [25/Jul/2022:06:44:27 -0500] "GET /portaldeninos/wp-login.php HTTP/1.1" 200 2592
185.119.81.99 - - [25/Jul/2022:06:44:28 -0500] "POST /portaldeninos/wp-login.php HTTP/1.1" 200 3605
201.245.192.253 - - [25/Jul/2022:06:46:13 -0500] "POST /kwsrmcab/Wsrmcab  HTTP/1.1" 500 253
216.245.221.92 - - [25/Jul/2022:06:47:00 -0500] "HEAD / HTTP/1.1" 200 -
172.22.2.4 - - [25/Jul/2022:06:45:39 -0500] "HEAD /BLA/boletinlegal/ HTTP/1.1" 200 -
172.22.2.4 - - [25/Jul/2022:06:46:30 -0500] "GET /BLA/boletinlegal/ HTTP/1.1" 200 58491
207.46.13.20 - - [25/Jul/2022:06:48:30 -0500] "GET /isolucionsda/PaginaLogin.aspx HTTP/1.1" 200 22412
201.245.192.253 - - [25/Jul/2022:06:48:35 -0500] "POST /appsia/controlador HTTP/1.1" 200 7773
201.245.192.253 - - [25/Jul/2022:06:48:39 -0500] "POST /appsia/controlador HTTP/1.1" 200 6638
201.245.192.253 - - [25/Jul/2022:06:48:40 -0500] "POST /appsia/controlador HTTP/1.1" 200 10955
109.237.103.38 - - [25/Jul/2022:06:50:45 -0500] "GET /.env HTTP/1.1" 404 1018
109.237.103.38 - - [25/Jul/2022:06:50:45 -0500] "\x16\x03\x01\x01C\x01" 400 226
201.245.192.253 - - [25/Jul/2022:06:51:12 -0500] "POST /kwsrmcab/Wsrmcab  HTTP/1.1" 500 253
216.245.221.92 - - [25/Jul/2022:06:52:00 -0500] "HEAD / HTTP/1.1" 200 -
207.46.13.188 - - [25/Jul/2022:06:53:05 -0500] "GET /BLA/resoluciones/index.php?dir=AUTOS+2015%2F HTTP/1.1" 200 576507
172.22.2.4 - - [25/Jul/2022:06:51:29 -0500] "HEAD /BLA/boletinlegal/ HTTP/1.1" 200 -
172.22.2.4 - - [25/Jul/2022:06:52:20 -0500] "GET /BLA/boletinlegal/ HTTP/1.1" 200 55561
40.77.167.65 - - [25/Jul/2022:06:54:08 -0500] "GET /BLA/resoluciones/index.php?dir=AUTOS+2018%2F HTTP/1.1" 200 436111
186.102.14.63 - - [25/Jul/2022:06:54:48 -0500] "GET /appsia/controlador HTTP/1.1" 200 4799
186.102.14.63 - - [25/Jul/2022:06:54:48 -0500] "GET /appsia/css/estilos.css HTTP/1.1" 200 4804
186.102.14.63 - - [25/Jul/2022:06:54:48 -0500] "GET /appsia/scripts/validarIngreso.js HTTP/1.1" 200 851
186.102.14.63 - - [25/Jul/2022:06:54:48 -0500] "GET /appsia/images/cabezoteHojaVida.png HTTP/1.1" 200 32493
186.102.14.63 - - [25/Jul/2022:06:54:48 -0500] "GET /appsia/images/logo_bogota_p.png HTTP/1.1" 200 14951
186.102.14.63 - - [25/Jul/2022:06:54:48 -0500] "GET /favicon.ico HTTP/1.1" 200 7782
186.102.14.63 - - [25/Jul/2022:06:54:54 -0500] "POST /appsia/controlador HTTP/1.1" 200 5437
207.46.13.218 - - [25/Jul/2022:06:54:55 -0500] "GET /BLA/resoluciones/index.php?dir=RESOLUCIONES+2020%2F HTTP/1.1" 200 163612
186.102.14.63 - - [25/Jul/2022:06:54:58 -0500] "POST /appsia/controlador HTTP/1.1" 200 7773
207.46.13.218 - - [25/Jul/2022:06:54:57 -0500] "GET /BLA/resoluciones/index.php?dir=RESOLUCIONES+2019%2F HTTP/1.1" 200 242517
186.102.14.63 - - [25/Jul/2022:06:55:02 -0500] "POST /appsia/controlador HTTP/1.1" 200 6638
186.102.14.63 - - [25/Jul/2022:06:55:05 -0500] "POST /appsia/controlador HTTP/1.1" 200 11418
201.245.192.253 - - [25/Jul/2022:06:55:51 -0500] "GET /appsia/controlador HTTP/1.1" 200 4799
201.245.192.253 - - [25/Jul/2022:06:55:51 -0500] "GET /appsia/css/estilos.css HTTP/1.1" 200 4804
201.245.192.253 - - [25/Jul/2022:06:55:51 -0500] "GET /appsia/scripts/validarIngreso.js HTTP/1.1" 200 851
201.245.192.253 - - [25/Jul/2022:06:55:51 -0500] "GET /appsia/images/cabezoteHojaVida.png HTTP/1.1" 200 32493
201.245.192.253 - - [25/Jul/2022:06:55:51 -0500] "GET /appsia/images/logo_bogota_p.png HTTP/1.1" 200 14951
201.245.192.253 - - [25/Jul/2022:06:55:51 -0500] "GET /favicon.ico HTTP/1.1" 200 7782
186.102.14.63 - - [25/Jul/2022:06:56:04 -0500] "POST /appsia/controlador HTTP/1.1" 200 11418
201.245.192.253 - - [25/Jul/2022:06:56:11 -0500] "POST /kwsrmcab/Wsrmcab  HTTP/1.1" 500 253
186.102.14.63 - - [25/Jul/2022:06:56:11 -0500] "GET /appsia/controlador?comando=regresar&id=79470656&funcionario=OSWALDO+MARTIN+MORALES&desde=79470656&hasta=79470656&version=79470656 HTTP/1.1" 200 7773
186.102.14.63 - - [25/Jul/2022:06:56:16 -0500] "POST /appsia/controlador HTTP/1.1" 200 5437
186.102.14.63 - - [25/Jul/2022:06:56:20 -0500] "POST /appsia/controlador HTTP/1.1" 500 80
186.102.14.63 - - [25/Jul/2022:06:56:26 -0500] "POST /appsia/controlador HTTP/1.1" 200 5437
186.102.14.63 - - [25/Jul/2022:06:56:27 -0500] "POST /appsia/controlador HTTP/1.1" 200 4799
201.245.192.253 - - [25/Jul/2022:06:56:35 -0500] "POST /appsia/controlador HTTP/1.1" 200 5437
201.245.192.253 - - [25/Jul/2022:06:56:39 -0500] "POST /appsia/controlador HTTP/1.1" 500 80
201.245.192.253 - - [25/Jul/2022:06:56:45 -0500] "GET /appsia/controlador HTTP/1.1" 200 5437
201.245.192.253 - - [25/Jul/2022:06:56:45 -0500] "GET /browserconfig.xml HTTP/1.1" 404 1018
216.245.221.92 - - [25/Jul/2022:06:57:00 -0500] "HEAD / HTTP/1.1" 200 -
201.245.192.253 - - [25/Jul/2022:06:57:01 -0500] "POST /appsia/controlador HTTP/1.1" 500 80
201.245.192.253 - - [25/Jul/2022:06:57:07 -0500] "POST /appsia/controlador HTTP/1.1" 200 7787
201.245.192.253 - - [25/Jul/2022:06:57:13 -0500] "POST /appsia/controlador HTTP/1.1" 200 7787
201.245.192.253 - - [25/Jul/2022:06:57:16 -0500] "POST /appsia/controlador HTTP/1.1" 200 6652
201.245.192.253 - - [25/Jul/2022:06:57:19 -0500] "POST /appsia/controlador HTTP/1.1" 200 10959
190.145.240.59 - - [25/Jul/2022:06:58:39 -0500] "GET /primer-festival-de-la-papa-nativa-en-el-jardin-botanico-conozca-pruebe-y-disfrute-estos-manjares-criollos-y-saludables.html HTTP/1.1" 200 1116
172.22.2.4 - - [25/Jul/2022:06:57:19 -0500] "HEAD /BLA/boletinlegal/ HTTP/1.1" 200 -
186.99.159.220 - - [25/Jul/2022:06:59:30 -0500] "GET /appsia/controlador HTTP/1.1" 200 4799
186.99.159.220 - - [25/Jul/2022:06:59:30 -0500] "GET /appsia/css/estilos.css HTTP/1.1" 200 4804
186.99.159.220 - - [25/Jul/2022:06:59:30 -0500] "GET /appsia/scripts/validarIngreso.js HTTP/1.1" 200 851
186.99.159.220 - - [25/Jul/2022:06:59:30 -0500] "GET /appsia/images/logo_bogota_p.png HTTP/1.1" 200 14951
186.99.159.220 - - [25/Jul/2022:06:59:30 -0500] "GET /appsia/images/cabezoteHojaVida.png HTTP/1.1" 200 32493
186.99.159.220 - - [25/Jul/2022:06:59:30 -0500] "GET /favicon.ico HTTP/1.1" 200 7782
186.99.159.220 - - [25/Jul/2022:06:59:47 -0500] "POST /appsia/controlador HTTP/1.1" 200 5437
186.99.159.220 - - [25/Jul/2022:06:59:48 -0500] "POST /appsia/controlador HTTP/1.1" 200 7781
172.22.2.4 - - [25/Jul/2022:06:58:09 -0500] "GET /BLA/boletinlegal/ HTTP/1.1" 200 58122
186.99.159.220 - - [25/Jul/2022:06:59:50 -0500] "POST /appsia/controlador HTTP/1.1" 200 6646
186.99.159.220 - - [25/Jul/2022:06:59:51 -0500] "POST /appsia/controlador HTTP/1.1" 200 11662
186.99.159.220 - - [25/Jul/2022:07:00:25 -0500] "POST /appsia/controlador HTTP/1.1" 200 7781
186.99.159.220 - - [25/Jul/2022:07:00:26 -0500] "POST /appsia/controlador HTTP/1.1" 200 5437
186.99.159.220 - - [25/Jul/2022:07:00:27 -0500] "POST /appsia/controlador HTTP/1.1" 200 4799
201.245.192.253 - - [25/Jul/2022:07:01:10 -0500] "POST /kwsrmcab/Wsrmcab  HTTP/1.1" 500 253
40.77.167.65 - - [25/Jul/2022:07:01:49 -0500] "GET /BLA/resoluciones/index.php?dir=RESOLUCIONES+2014%2F HTTP/1.1" 200 333508
216.245.221.92 - - [25/Jul/2022:07:02:00 -0500] "HEAD / HTTP/1.1" 200 -
207.46.13.29 - - [25/Jul/2022:07:03:19 -0500] "GET /galeria/galeria/fotos/Soratama3P.jpg HTTP/1.1" 200 11298
186.102.55.225 - - [25/Jul/2022:07:03:40 -0500] "GET /appsia/controlador HTTP/1.1" 200 4799
186.102.55.225 - - [25/Jul/2022:07:03:40 -0500] "GET /appsia/css/estilos.css HTTP/1.1" 200 4804
186.102.55.225 - - [25/Jul/2022:07:03:40 -0500] "GET /appsia/scripts/validarIngreso.js HTTP/1.1" 200 851
186.102.55.225 - - [25/Jul/2022:07:03:40 -0500] "GET /appsia/images/logo_bogota_p.png HTTP/1.1" 200 14951
186.102.55.225 - - [25/Jul/2022:07:03:40 -0500] "GET /appsia/images/cabezoteHojaVida.png HTTP/1.1" 200 32493
186.102.55.225 - - [25/Jul/2022:07:03:41 -0500] "GET /favicon.ico HTTP/1.1" 200 7782
186.102.55.225 - - [25/Jul/2022:07:03:51 -0500] "POST /appsia/controlador HTTP/1.1" 200 5437
186.102.55.225 - - [25/Jul/2022:07:03:57 -0500] "POST /appsia/controlador HTTP/1.1" 200 7791
186.102.55.225 - - [25/Jul/2022:07:04:01 -0500] "POST /appsia/controlador HTTP/1.1" 200 6660
186.102.55.225 - - [25/Jul/2022:07:04:03 -0500] "POST /appsia/controlador HTTP/1.1" 200 11696
172.22.2.4 - - [25/Jul/2022:07:03:09 -0500] "HEAD /BLA/boletinlegal/ HTTP/1.1" 200 -
172.22.2.4 - - [25/Jul/2022:07:03:59 -0500] "GET /BLA/boletinlegal/ HTTP/1.1" 200 60410
201.245.192.253 - - [25/Jul/2022:07:05:48 -0500] "POST /appsia/controlador HTTP/1.1" 500 80
201.245.192.253 - - [25/Jul/2022:07:06:09 -0500] "POST /kwsrmcab/Wsrmcab  HTTP/1.1" 500 253
186.155.24.75 - - [25/Jul/2022:07:06:23 -0500] "GET /galeria/galeria/jquery.fancybox.js?v=2.1.5 HTTP/1.1" 200 48706
186.155.24.75 - - [25/Jul/2022:07:06:23 -0500] "GET /BLA/boletinlegal/js/jquery.scrollShow.js HTTP/1.1" 200 4586
186.155.24.75 - - [25/Jul/2022:07:06:23 -0500] "GET /galeria/galeria/jquery.fancybox.css?v=2.1.5 HTTP/1.1" 200 4895
216.245.221.92 - - [25/Jul/2022:07:07:00 -0500] "HEAD / HTTP/1.1" 200 -
190.131.244.190 - - [25/Jul/2022:07:08:30 -0500] "GET /BLA/resoluciones/RESOLUCIONES%202022/0044.pdf HTTP/1.1" 200 359031
190.131.244.190 - - [25/Jul/2022:07:08:30 -0500] "GET /favicon.ico HTTP/1.1" 200 7782
58.216.65.7 - - [25/Jul/2022:07:08:35 -0500] "GET / HTTP/1.1" 200 319
207.46.13.29 - - [25/Jul/2022:07:09:21 -0500] "GET /BLA/resoluciones/AUTOS%202021/2742.pdf HTTP/1.1" 304 -
68.183.213.166 - - [25/Jul/2022:07:09:58 -0500] "GET / HTTP/1.0" 200 319
207.46.13.218 - - [25/Jul/2022:07:09:57 -0500] "GET /BLA/resoluciones/index.php?dir=RESOLUCIONES+2009%2F HTTP/1.1" 200 753611
172.22.2.4 - - [25/Jul/2022:07:08:59 -0500] "HEAD /BLA/boletinlegal/ HTTP/1.1" 200 -
201.245.192.253 - - [25/Jul/2022:07:11:07 -0500] "POST /kwsrmcab/Wsrmcab  HTTP/1.1" 500 253
172.22.2.4 - - [25/Jul/2022:07:09:49 -0500] "GET /BLA/boletinlegal/ HTTP/1.1" 200 58122
216.245.221.92 - - [25/Jul/2022:07:12:00 -0500] "HEAD / HTTP/1.1" 200 -
186.30.31.179 - - [25/Jul/2022:07:12:40 -0500] "GET /forest/ HTTP/1.1" 200 12041
186.30.31.179 - - [25/Jul/2022:07:12:55 -0500] "POST /forest/index.php HTTP/1.1" 200 12268
40.77.188.148 - - [25/Jul/2022:07:14:18 -0500] "GET /BLA/boletinlegal/js/jquery.scrollShow.js HTTP/1.1" 200 4586
40.77.188.42 - - [25/Jul/2022:07:14:18 -0500] "GET /galeria/galeria/jquery.fancybox.css?v=2.1.5 HTTP/1.1" 200 4895
200.118.16.79 - - [25/Jul/2022:07:16:01 -0500] "GET /kwssiamovil/sm/ldap/au?x=U2FsdGVkX19r3uuIgNBGFE6riQJOmfMrKOlMIES1XlEKZ4MvpEE/BZA1VH1IAlPX&y=U2FsdGVkX1+cjUOWbkQspGdRdwgtSyNPH4P1OEC+DCL+roP+p6oIA2NQgGLPaJzn HTTP/1.1" 200 30
200.118.16.79 - - [25/Jul/2022:07:16:02 -0500] "GET /kwssiamovil/sm/acme/s?s=U2FsdGVkX18vGw/XTaTuGo7EDczWUqen0F/KucyBHnMh+2cyqC1eJiA72INPLCoEqRW/yy2+Myw7LQR2WSlDy7bMABXrhEPSE5eSjodBhvM=&u=U2FsdGVkX18QUGm637UxBSYl6o1Lv4tDmqqMBUjIHAE=&y=U2FsdGVkX1+cjUOWbkQspGdRdwgtSyNPH4P1OEC+DCL+roP+p6oIA2NQgGLPaJzn HTTP/1.1" 200 97
200.118.16.79 - - [25/Jul/2022:07:16:02 -0500] "GET /kwssiamovil/sm/acme/s?s=U2FsdGVkX18tmtBmWBoLoyeLC6fJHkPrxvJAcXuNL5nhBFYKGn6TpXQPHlZNU2Pfcsn7P7n94PePa3iPzqelYfFLEHG/3NfsKgzZIDOAArpbrcYNQyjeFh1yZtPYasrRePC1Yu4AnngrYnI9gFGXf8t8JNe0qoCJylFP4TWCEPr+cZUO03KC3iM1cxACEafNWaVKtLtO4TPswJf54v7N6eAA5YTOCYl50Iu/I9vho/23jV52oJUJNseslWj6rl7r+odOw1/PJSp1cAXvHPov8T9RzgF9o1mBKnspgaVbl4tvredk39E7nEBV3Tgu/E2a1/6b2bsNrGQThBmbNHFFXYTTizUv4wQAvLgz2KbL/B58CO4tVtoE89zKsn+Mr+dZ7Q9CeTVMN9gOWjrcIr9Z9tPGH6Z4/imVZidMcbBriwYoHkGKN28XNFEuFqNzT7WTEV0q2JCTUa7mpYgajgqWOIvxFtnzXastHDv3yUSW/yuFedKBYPL+LZrrItg4AZz/eAgqNW03nvxn4oHNiAK2fye90Tig0RvEg6NB9aJMVu7zpkSLj8qGACDVhGHtl6FT33QC3ZhAy74dx2fUsEgmEF722vuIhlNzHt60I3cf2XIQFra0CaTD2ZQyy4MMUHjz9Y0/kdC+FeGWs3FWOwdsmWB+Z7T51GGVdl2YxOBPnd4TpnepTZ4HNChn/NMJ0xFou+/zkNwrqNteve4n6K5PWcbNR9ocTtRE8WcU8AdW/EzqbhxtTe+JSCpBWxvFIqFYflf6oZVLnemWNHjmlRRjUw7eXKmDUGTnktu++u7d6x1mvpUvA/3pnfh66s+XkymUgzNhsDB/USXAgsNaXAcNlRhDK/XKtG8gW2ntqS4dkylB1dHXiFshWoOgTe4ARV8o3TV99f4sR3rAOSHlCmT2fRwY6CqTStsz6LYIeiU40zWul0zBtx1wqCtinqdudSQbbxQ005ENycGklM8ffrvKiYyttdnK9qwjsAfeoxaMr5csBXeQqL4tI0F8d/CgI828V59U8tGsQjyOM9A0iTXKt2IkxMQaoEOknLYNAynre2nDDO8VioC/LqkffWZwFpud2d38V3EhG2C40Pds00JAmvEXguNbXATA9zEy5e2tZo8NWuHDKEKKZArxyCSg/APLjpcte288eekE+iu4mhrE2mUoYUBtsFVR3SRrdGJelLA0RJfYWJ2ryKbre7/QFxywybsS1S4cZFEFslx/o1ixIzDqVY0nELY+LWbsckk//QVP99xT3LG2nynGeaKLqEa7x+b64OozykB+mndkI20Jk2nLYYBPucIP4VjD1PdjxzMfZi7tZ92RHwtL1wds0vBXe7CDfeUXyLI678X4SKg/z5HzVfzcnLU74j+4Xf5Yy4Q=&u=U2FsdGVkX18QUGm637UxBSYl6o1Lv4tDmqqMBUjIHAE=&y=U2FsdGVkX1+cjUOWbkQspGdRdwgtSyNPH4P1OEC+DCL+roP+p6oIA2NQgGLPaJzn HTTP/1.1" 200 4421
200.118.16.79 - - [25/Jul/2022:07:16:02 -0500] "GET /kwssiamovil/sm/acme/s?s=U2FsdGVkX1+XV9xZVh2J7lQ7vMHRonEZ6W2V+2yLRTiXawTrQEcfeinHeG48pnTLjhyG3djPO2ywyR+x+Y7cE28s5lmehESE22HFzxMYZmOtmt7jCLH5abLpkhVuUr/atUH6Ji5Uua3JGUBTcLXVyrwb6DLzF+iwpjmeekgfGHv1pLmtiSFkWwOBlt6Py7aTfO/D48mxNnx/Xf6ibF2vkRPvGKBqjVx4Hy9dfVDl7LBaLYZQyWvPBHtZ7KYWixNCmP4EKZ5DaoJkFOjAuT27a+hgJR0hbhCUideZXnNlthw=&u=U2FsdGVkX18QUGm637UxBSYl6o1Lv4tDmqqMBUjIHAE=&y=U2FsdGVkX1+cjUOWbkQspGdRdwgtSyNPH4P1OEC+DCL+roP+p6oIA2NQgGLPaJzn HTTP/1.1" 200 176
200.118.16.79 - - [25/Jul/2022:07:16:02 -0500] "GET /kwssiamovil/sm/cjson/pre?f=1&x=U2FsdGVkX19r3uuIgNBGFE6riQJOmfMrKOlMIES1XlEKZ4MvpEE/BZA1VH1IAlPX HTTP/1.1" 200 30992
201.245.192.253 - - [25/Jul/2022:07:16:07 -0500] "POST /kwsrmcab/Wsrmcab  HTTP/1.1" 500 253
172.22.2.4 - - [25/Jul/2022:07:14:49 -0500] "HEAD /BLA/boletinlegal/ HTTP/1.1" 200 -
216.245.221.92 - - [25/Jul/2022:07:17:00 -0500] "HEAD / HTTP/1.1" 200 -
172.22.2.4 - - [25/Jul/2022:07:15:39 -0500] "GET /BLA/boletinlegal/ HTTP/1.1" 200 56279
207.46.13.20 - - [25/Jul/2022:07:19:17 -0500] "GET /galeria/galeria/jquery.fancybox.js?v=2.1.5 HTTP/1.1" 200 48706
201.245.192.253 - - [25/Jul/2022:07:21:03 -0500] "POST /kwsrmcab/Wsrmcab HTTP/1.1" 500 253
201.245.192.253 - - [25/Jul/2022:07:21:03 -0500] "POST /kwsrmcab/Wsrmcab HTTP/1.1" 500 253
201.245.192.253 - - [25/Jul/2022:07:21:06 -0500] "POST /kwsrmcab/Wsrmcab  HTTP/1.1" 500 253
216.245.221.92 - - [25/Jul/2022:07:22:00 -0500] "HEAD / HTTP/1.1" 200 -
172.22.2.4 - - [25/Jul/2022:07:20:39 -0500] "HEAD /BLA/boletinlegal/ HTTP/1.1" 200 -
172.22.2.4 - - [25/Jul/2022:07:21:29 -0500] "GET /BLA/boletinlegal/ HTTP/1.1" 200 60410
130.44.212.120 - - [25/Jul/2022:07:23:26 -0500] "GET /galeria/galeria/fotos/juan-amarillo2P.jpg HTTP/1.1" 200 32696
130.44.212.99 - - [25/Jul/2022:07:23:27 -0500] "GET /galeria/galeria/fotos/juan-amarillo2P.jpg HTTP/1.1" 200 32696
66.249.79.115 - - [25/Jul/2022:07:25:30 -0500] "-" 408 -
201.245.192.253 - - [25/Jul/2022:07:26:05 -0500] "POST /kwsrmcab/Wsrmcab  HTTP/1.1" 500 253
216.245.221.92 - - [25/Jul/2022:07:27:00 -0500] "HEAD / HTTP/1.1" 200 -
201.245.192.253 - - [25/Jul/2022:07:27:38 -0500] "GET /appsia/controlador HTTP/1.1" 200 4799
201.245.192.253 - - [25/Jul/2022:07:27:38 -0500] "GET /appsia/css/estilos.css HTTP/1.1" 200 4804
201.245.192.253 - - [25/Jul/2022:07:27:38 -0500] "GET /appsia/scripts/validarIngreso.js HTTP/1.1" 200 851
201.245.192.253 - - [25/Jul/2022:07:27:38 -0500] "GET /appsia/images/cabezoteHojaVida.png HTTP/1.1" 200 32493
201.245.192.253 - - [25/Jul/2022:07:27:38 -0500] "GET /appsia/images/logo_bogota_p.png HTTP/1.1" 200 14951
201.245.192.253 - - [25/Jul/2022:07:27:38 -0500] "GET /favicon.ico HTTP/1.1" 200 7782
201.245.192.253 - - [25/Jul/2022:07:27:42 -0500] "POST /appsia/controlador HTTP/1.1" 200 5437
201.245.192.253 - - [25/Jul/2022:07:27:43 -0500] "POST /appsia/controlador HTTP/1.1" 200 7799
201.245.192.253 - - [25/Jul/2022:07:27:45 -0500] "POST /appsia/controlador HTTP/1.1" 200 6664
201.245.192.253 - - [25/Jul/2022:07:27:47 -0500] "POST /appsia/controlador HTTP/1.1" 200 9135
201.245.192.253 - - [25/Jul/2022:07:27:49 -0500] "POST /appsia/controlador HTTP/1.1" 200 457
201.245.192.253 - - [25/Jul/2022:07:28:05 -0500] "GET /appsia/controlador HTTP/1.1" 200 5437
201.245.192.253 - - [25/Jul/2022:07:28:07 -0500] "GET /appsia/controlador HTTP/1.1" 200 5437
172.22.2.4 - - [25/Jul/2022:07:26:29 -0500] "HEAD /BLA/boletinlegal/ HTTP/1.1" 200 -
201.245.192.253 - - [25/Jul/2022:07:28:12 -0500] "POST /appsia/controlador HTTP/1.1" 200 7799
201.245.192.253 - - [25/Jul/2022:07:28:13 -0500] "POST /appsia/controlador HTTP/1.1" 200 6664
201.245.192.253 - - [25/Jul/2022:07:28:15 -0500] "POST /appsia/controlador HTTP/1.1" 200 9135
201.245.192.253 - - [25/Jul/2022:07:28:17 -0500] "POST /appsia/controlador HTTP/1.1" 200 457
201.245.192.253 - - [25/Jul/2022:07:28:30 -0500] "GET /appsia/controlador HTTP/1.1" 200 5437
201.245.192.253 - - [25/Jul/2022:07:28:32 -0500] "POST /appsia/controlador HTTP/1.1" 200 7799
201.245.192.253 - - [25/Jul/2022:07:28:34 -0500] "POST /appsia/controlador HTTP/1.1" 200 6664
201.245.192.253 - - [25/Jul/2022:07:28:35 -0500] "POST /appsia/controlador HTTP/1.1" 200 9135
172.22.2.4 - - [25/Jul/2022:07:27:19 -0500] "GET /BLA/boletinlegal/ HTTP/1.1" 200 58122
201.245.192.253 - - [25/Jul/2022:07:31:02 -0500] "POST /kwsrmcab/Wsrmcab HTTP/1.1" 500 253
201.245.192.253 - - [25/Jul/2022:07:31:02 -0500] "POST /kwsrmcab/Wsrmcab HTTP/1.1" 500 253
201.245.192.253 - - [25/Jul/2022:07:31:04 -0500] "POST /kwsrmcab/Wsrmcab  HTTP/1.1" 500 253
216.245.221.92 - - [25/Jul/2022:07:32:00 -0500] "HEAD / HTTP/1.1" 200 -
172.22.2.4 - - [25/Jul/2022:07:33:39 -0500] "GET /BLA/boletinlegal/Circulares/2013/Circular%20No.%207%20del%201%20de%20Agosto%20de%202013.pdf HTTP/1.1" 304 -
172.22.2.4 - - [25/Jul/2022:07:32:19 -0500] "HEAD /BLA/boletinlegal/ HTTP/1.1" 200 -
172.22.2.4 - - [25/Jul/2022:07:33:09 -0500] "GET /BLA/boletinlegal/ HTTP/1.1" 200 57272
201.245.192.253 - - [25/Jul/2022:07:36:03 -0500] "POST /kwsrmcab/Wsrmcab  HTTP/1.1" 500 253
185.119.81.102 - - [25/Jul/2022:07:36:32 -0500] "GET /portaldeninos/wp-login.php HTTP/1.1" 200 2592
185.119.81.102 - - [25/Jul/2022:07:36:33 -0500] "POST /portaldeninos/wp-login.php HTTP/1.1" 200 3605
216.245.221.92 - - [25/Jul/2022:07:37:00 -0500] "HEAD / HTTP/1.1" 200 -
172.22.2.4 - - [25/Jul/2022:07:37:31 -0500] "GET /BLA/boletinlegal/apple-touch-icon-precomposed.png HTTP/1.1" 404 1140
172.22.2.4 - - [25/Jul/2022:07:37:31 -0500] "GET /BLA/boletinlegal/apple-touch-icon.png HTTP/1.1" 404 1140
172.22.2.4 - - [25/Jul/2022:07:37:31 -0500] "GET /BLA/boletinlegal/favicon.ico HTTP/1.1" 404 1140
172.22.2.4 - - [25/Jul/2022:07:37:35 -0500] "GET /BLA/boletinlegal/favicon.ico HTTP/1.1" 404 1334
172.22.2.4 - - [25/Jul/2022:07:37:40 -0500] "GET /BLA/boletinlegal/apple-touch-icon-precomposed.png HTTP/1.1" 404 1140
172.22.2.4 - - [25/Jul/2022:07:37:40 -0500] "GET /BLA/boletinlegal/apple-touch-icon.png HTTP/1.1" 404 1140
172.22.2.4 - - [25/Jul/2022:07:37:40 -0500] "GET /BLA/boletinlegal/favicon.ico HTTP/1.1" 404 1140
172.22.2.4 - - [25/Jul/2022:07:36:51 -0500] "GET /BLA/boletinlegal/ HTTP/1.1" 200 49099
173.252.107.119 - - [25/Jul/2022:07:38:18 -0500] "GET /si-eres-mujer-y-te-gusta-el-cuidado-de-los-humedales-este-proceso-de-formacion-es-para-ti.html HTTP/1.1" 206 1025
69.171.251.11 - - [25/Jul/2022:07:38:22 -0500] "GET /images/pieza-calidad-aire-noche-4-febrero.jpg HTTP/1.1" 200 37476
173.252.107.23 - - [25/Jul/2022:07:38:32 -0500] "GET /images/imagen-comunicado-podcast.jpg HTTP/1.1" 200 39765
172.22.2.4 - - [25/Jul/2022:07:37:18 -0500] "GET /BLA/boletinlegal/ HTTP/1.1" 200 45003
69.171.251.10 - - [25/Jul/2022:07:38:33 -0500] "GET /images/imagen-comunicado-podcast.jpg HTTP/1.1" 200 39765
173.252.79.18 - - [25/Jul/2022:07:38:33 -0500] "GET /images/tik-tok-red-social%20secretaria-ambiente-30-octubre.jpg HTTP/1.1" 200 23521
173.252.79.9 - - [25/Jul/2022:07:38:33 -0500] "GET /images/SECRETARIA-AMBIENTE-FACHADA-5-NOV.jpg HTTP/1.1" 200 250889
173.252.107.9 - - [25/Jul/2022:07:38:33 -0500] "GET /images/tik-tok-red-social%20secretaria-ambiente-30-octubre.jpg HTTP/1.1" 200 23521
173.252.107.18 - - [25/Jul/2022:07:38:34 -0500] "GET /images/SECRETARIA-AMBIENTE-FACHADA-5-NOV.jpg HTTP/1.1" 200 250889
157.55.39.98 - - [25/Jul/2022:07:39:14 -0500] "GET /BLA/resoluciones/index.php?dir=RESOLUCIONES+2011%2F HTTP/1.1" 200 746823
207.46.13.218 - - [25/Jul/2022:07:39:09 -0500] "GET /BLA/resoluciones/index.php?dir=RESOLUCIONES+2008%2F HTTP/1.1" 200 790475
172.22.2.4 - - [25/Jul/2022:07:38:09 -0500] "HEAD /BLA/boletinlegal/ HTTP/1.1" 200 -
172.22.2.4 - - [25/Jul/2022:07:38:59 -0500] "GET /BLA/boletinlegal/ HTTP/1.1" 200 59828
201.245.192.253 - - [25/Jul/2022:07:41:01 -0500] "POST /kwsrmcab/Wsrmcab  HTTP/1.1" 500 253
201.245.192.253 - - [25/Jul/2022:07:41:02 -0500] "GET /kwsrmcab/Wsrmcab?wsdl HTTP/1.1" 200 6948
201.245.192.253 - - [25/Jul/2022:07:41:02 -0500] "POST /kwsrmcab/Wsrmcab HTTP/1.1" 500 253
201.245.192.253 - - [25/Jul/2022:07:41:02 -0500] "POST /kwsrmcab/Wsrmcab HTTP/1.1" 500 253
172.22.2.4 - - [25/Jul/2022:07:41:34 -0500] "GET /BLA/boletinlegal/conceptos.php HTTP/1.1" 200 7443
172.22.2.4 - - [25/Jul/2022:07:41:35 -0500] "GET /BLA/boletinlegal/favicon.ico HTTP/1.1" 404 1334
172.22.2.4 - - [25/Jul/2022:07:41:37 -0500] "GET /BLA/boletinlegal/consulta_conceptos.php?no=&solicitante=&radicado_entrada=&fecha_concepto=2022&objeto= HTTP/1.1" 200 15871
172.22.2.4 - - [25/Jul/2022:07:41:51 -0500] "GET /BLA/boletinlegal/js/jquery.js HTTP/1.1" 200 57254
172.22.2.4 - - [25/Jul/2022:07:41:51 -0500] "GET /BLA/boletinlegal/js/jquery.scrollTo-min.js HTTP/1.1" 200 1150
172.22.2.4 - - [25/Jul/2022:07:41:51 -0500] "GET /BLA/boletinlegal/js/jquery.scrollShow.js HTTP/1.1" 200 4586
172.22.2.4 - - [25/Jul/2022:07:41:51 -0500] "GET /BLA/boletinlegal/images/arr_l.jpg HTTP/1.1" 200 1979
172.22.2.4 - - [25/Jul/2022:07:41:51 -0500] "GET /BLA/boletinlegal/images/screen_1.png HTTP/1.1" 200 202547
172.22.2.4 - - [25/Jul/2022:07:41:51 -0500] "GET /BLA/boletinlegal/images/launch.jpg HTTP/1.1" 200 14577
172.22.2.4 - - [25/Jul/2022:07:41:58 -0500] "GET /BLA/boletinlegal/images/screen_2.png HTTP/1.1" 200 362502
172.22.2.4 - - [25/Jul/2022:07:41:58 -0500] "GET /BLA/boletinlegal/images/screen_3.png HTTP/1.1" 200 210620
172.22.2.4 - - [25/Jul/2022:07:41:58 -0500] "GET /BLA/boletinlegal/images/screen_5.png HTTP/1.1" 200 368876
172.22.2.4 - - [25/Jul/2022:07:41:58 -0500] "GET /BLA/boletinlegal/images/arr_r.jpg HTTP/1.1" 200 1998
216.245.221.92 - - [25/Jul/2022:07:42:00 -0500] "HEAD / HTTP/1.1" 200 -
207.46.13.218 - - [25/Jul/2022:07:42:19 -0500] "GET /forest/ HTTP/1.1" 200 12041
172.22.2.4 - - [25/Jul/2022:07:42:26 -0500] "GET /BLA/boletinlegal/actos.php HTTP/1.1" 200 9559
172.22.2.4 - - [25/Jul/2022:07:42:26 -0500] "GET /BLA/boletinlegal/js/ajax_actos.js HTTP/1.1" 200 1322
172.22.2.4 - - [25/Jul/2022:07:42:26 -0500] "GET /BLA/boletinlegal/js/lib.js HTTP/1.1" 200 6474
172.22.2.4 - - [25/Jul/2022:07:42:26 -0500] "GET /BLA/boletinlegal/js/popup.js HTTP/1.1" 200 1270
172.22.2.4 - - [25/Jul/2022:07:42:26 -0500] "GET /BLA/boletinlegal/js/jquery1.js HTTP/1.1" 200 29846
172.22.2.4 - - [25/Jul/2022:07:42:26 -0500] "GET /BLA/boletinlegal/images/green-yellow-blue-pink-th.png HTTP/1.1" 200 7394
172.22.2.4 - - [25/Jul/2022:07:42:30 -0500] "GET /BLA/boletinlegal/consulta_actos.php?tipo=resoluciones&no=&usuario=&sector=&fecha=2022&resuelve= HTTP/1.1" 200 306613
172.22.2.4 - - [25/Jul/2022:07:41:50 -0500] "GET /BLA/boletinlegal/index.php HTTP/1.1" 200 40907
173.252.95.8 - - [25/Jul/2022:07:42:52 -0500] "GET /images/Senderos1.jpeg HTTP/1.1" 200 172777
173.252.79.10 - - [25/Jul/2022:07:42:54 -0500] "GET /images/la-vieja-mayo-24.jpg HTTP/1.1" 200 58217
173.252.79.3 - - [25/Jul/2022:07:42:56 -0500] "GET /images/Quebrada1.jpg HTTP/1.1" 200 77711
172.22.2.4 - - [25/Jul/2022:07:42:16 -0500] "GET /BLA/boletinlegal/index.php HTTP/1.1" 200 32715
186.148.168.245 - - [25/Jul/2022:07:44:20 -0500] "GET /reportes_sipse/jsp/inicio.jsp HTTP/1.1" 200 2935
186.148.168.245 - - [25/Jul/2022:07:44:20 -0500] "GET /reportes_sipse/css/estilos.css HTTP/1.1" 200 9135
186.148.168.245 - - [25/Jul/2022:07:44:20 -0500] "GET /reportes_sipse/imagenes/fondo.jpg HTTP/1.1" 200 20235
186.148.168.245 - - [25/Jul/2022:07:44:20 -0500] "GET /reportes_sipse/imagenes/logoAplicacion.jpg HTTP/1.1" 200 26872
172.22.2.4 - - [25/Jul/2022:07:43:59 -0500] "HEAD /BLA/boletinlegal/ HTTP/1.1" 200 -
186.148.168.245 - - [25/Jul/2022:07:45:44 -0500] "POST /reportes_sipse/sdg/ServletReporte?adquisiciones_sipse_detallado& HTTP/1.1" 200 6273
186.148.168.245 - - [25/Jul/2022:07:45:45 -0500] "GET /reportes_sipse/js/funciones.js HTTP/1.1" 200 4709
186.148.168.245 - - [25/Jul/2022:07:45:46 -0500] "GET /reportes_sipse/imagenes/calendario.gif HTTP/1.1" 200 1387
186.148.168.245 - - [25/Jul/2022:07:45:45 -0500] "GET /reportes_sipse/js/date-picker.js HTTP/1.1" 200 16768
186.148.168.245 - - [25/Jul/2022:07:45:46 -0500] "GET /reportes_sipse/imagenes/pdf.gif HTTP/1.1" 200 598
186.148.168.245 - - [25/Jul/2022:07:45:46 -0500] "GET /reportes_sipse/imagenes/excel.gif HTTP/1.1" 200 613
201.245.192.253 - - [25/Jul/2022:07:46:00 -0500] "POST /kwsrmcab/Wsrmcab  HTTP/1.1" 500 253
186.148.168.245 - - [25/Jul/2022:07:46:19 -0500] "GET /reportes_sipse/imagenes/avanzaMes.gif HTTP/1.1" 200 660
186.148.168.245 - - [25/Jul/2022:07:46:19 -0500] "GET /reportes_sipse/imagenes/avanzaAgno.gif HTTP/1.1" 200 779
186.148.168.245 - - [25/Jul/2022:07:46:19 -0500] "GET /reportes_sipse/imagenes/retrocedeMes.gif HTTP/1.1" 200 459
186.148.168.245 - - [25/Jul/2022:07:46:19 -0500] "GET /reportes_sipse/imagenes/retrocedeAgno.gif HTTP/1.1" 200 781
172.22.2.4 - - [25/Jul/2022:07:44:49 -0500] "GET /BLA/boletinlegal/ HTTP/1.1" 200 60410
216.245.221.92 - - [25/Jul/2022:07:47:00 -0500] "HEAD / HTTP/1.1" 200 -
186.148.168.245 - - [25/Jul/2022:07:46:40 -0500] "POST /reportes_sipse/sdg/ServletControlador HTTP/1.1" 200 622804
201.245.192.253 - - [25/Jul/2022:07:47:56 -0500] "GET /appsia/controlador HTTP/1.1" 200 4799
201.245.192.253 - - [25/Jul/2022:07:47:56 -0500] "GET /appsia/css/estilos.css HTTP/1.1" 200 4804
201.245.192.253 - - [25/Jul/2022:07:47:56 -0500] "GET /appsia/scripts/validarIngreso.js HTTP/1.1" 200 851
201.245.192.253 - - [25/Jul/2022:07:47:56 -0500] "GET /appsia/images/logo_bogota_p.png HTTP/1.1" 200 14951
201.245.192.253 - - [25/Jul/2022:07:47:56 -0500] "GET /appsia/images/cabezoteHojaVida.png HTTP/1.1" 200 32493
201.245.192.253 - - [25/Jul/2022:07:47:56 -0500] "GET /favicon.ico HTTP/1.1" 200 7782
201.245.192.253 - - [25/Jul/2022:07:48:05 -0500] "POST /appsia/controlador HTTP/1.1" 404 91
186.102.36.79 - - [25/Jul/2022:07:48:18 -0500] "OPTIONS /kwssiamovil/sm/setfile/f? HTTP/1.1" 200 13
186.102.36.79 - - [25/Jul/2022:07:48:18 -0500] "POST /kwssiamovil/sm/setfile/f? HTTP/1.1" 200 381
201.245.192.253 - - [25/Jul/2022:07:48:19 -0500] "GET /appsia/controlador HTTP/1.1" 200 4799
201.245.192.253 - - [25/Jul/2022:07:48:24 -0500] "POST /appsia/controlador HTTP/1.1" 404 91
186.102.36.79 - - [25/Jul/2022:07:48:31 -0500] "GET /kwssiamovil/sm/acme/a?s=U2FsdGVkX1+8HSGR3ICI5P39AqwMJRBzSyZmYS4gm1QikApxzH2KvkZ0uxXIGPkUBc2sggsFTjuoopfMrc2XeZTW69OYbomjtc8dHoSmnakZl2GA+xnRLWAMwAuK2Gl9/ckfN8uTHAVz6UHIAyQJyOGKlmGyUQXgeR5wc5bUOuuveGogIn3IKeW/elQXxp5iia4r1YTJtNrnfDBwoVRLE7nPwHzXZ78JUy+PP5s0BL170kssbXV0DQqXMkRxJYYAgwqiJeFJECZ81YdV9N24Mw==&u=U2FsdGVkX1/s0+O5/kMuw05EjVKwXoWKHc4gTNtmxS45dBySd9cM1TWJhasYWCut&y=U2FsdGVkX1/AQQjoby4d4ugJ9xJSbkyDlf4kZNzmlpWYVsYNBSjt6bl1KcD4bOGN HTTP/1.1" 200 25
