172.22.2.4 - - [25/Jul/2022:10:41:10 -0500] "GET /BLA/boletinlegal/consulta_actos.php?tipo=autos&no=0992&usuario=&sector=&fecha=2022&resuelve= HTTP/1.1" 200 1073
34.141.132.115 - - [25/Jul/2022:10:41:14 -0500] "GET / HTTP/1.1" 200 319
172.22.2.4 - - [25/Jul/2022:10:41:22 -0500] "GET /BLA/boletinlegal/consulta_actos.php?tipo=resoluciones&no=0992&usuario=&sector=&fecha=2022&resuelve= HTTP/1.1" 200 626
172.22.2.4 - - [25/Jul/2022:10:41:23 -0500] "GET /BLA/boletinlegal/consulta_actos.php?tipo=resoluciones&no=0992&usuario=&sector=&fecha=2022&resuelve= HTTP/1.1" 200 626
172.22.2.4 - - [25/Jul/2022:10:41:23 -0500] "GET /BLA/boletinlegal/consulta_actos.php?tipo=resoluciones&no=0992&usuario=&sector=&fecha=2022&resuelve= HTTP/1.1" 200 626
172.22.2.4 - - [25/Jul/2022:10:39:49 -0500] "GET /BLA/boletinlegal/ HTTP/1.1" 200 53539
185.7.214.104 - - [25/Jul/2022:10:41:57 -0500] "GET /?a=fetch&content=<php>die(@md5(HelloThinkCMF))</php> HTTP/1.1" 200 319
216.245.221.92 - - [25/Jul/2022:10:42:00 -0500] "HEAD / HTTP/1.1" 200 -
172.22.2.4 - - [25/Jul/2022:10:42:27 -0500] "GET /BLA/boletinlegal/actos.php HTTP/1.1" 200 9559
172.22.2.4 - - [25/Jul/2022:10:42:27 -0500] "GET /BLA/boletinlegal/images/subscribe-icon-big.png HTTP/1.1" 200 47702
172.22.2.4 - - [25/Jul/2022:10:42:34 -0500] "GET /BLA/boletinlegal/consulta_actos.php?tipo=autos&no=1185&usuario=&sector=&fecha=2022&resuelve= HTTP/1.1" 200 1119
172.22.2.4 - - [25/Jul/2022:10:40:55 -0500] "GET /BLA/boletinlegal/ HTTP/1.1" 200 60410
190.145.207.68 - - [25/Jul/2022:10:42:40 -0500] "GET /BLA/resoluciones/ HTTP/1.1" 200 13093
190.145.207.68 - - [25/Jul/2022:10:42:49 -0500] "GET /BLA/resoluciones/index.php?dir=RESOLUCIONES+2019%2F HTTP/1.1" 200 242517
186.155.70.107 - - [25/Jul/2022:10:42:59 -0500] "POST /appsia/controlador HTTP/1.1" 200 5437
186.155.70.107 - - [25/Jul/2022:10:43:00 -0500] "POST /appsia/controlador HTTP/1.1" 200 4799
179.32.39.175 - - [25/Jul/2022:10:43:00 -0500] "GET /galeria/galeria/jquery.fancybox.css?v=2.1.5 HTTP/1.1" 200 4895
179.32.39.175 - - [25/Jul/2022:10:43:00 -0500] "GET /BLA/boletinlegal/js/jquery.scrollShow.js HTTP/1.1" 200 4586
179.32.39.175 - - [25/Jul/2022:10:43:00 -0500] "GET /galeria/galeria/jquery.fancybox.js?v=2.1.5 HTTP/1.1" 200 48706
172.22.2.4 - - [25/Jul/2022:10:43:00 -0500] "GET /BLA/boletinlegal/consulta_actos.php?tipo=autos&no=1201&usuario=&sector=&fecha=2022&resuelve= HTTP/1.1" 200 1124
172.22.2.4 - - [25/Jul/2022:10:43:08 -0500] "GET /BLA/boletinlegal/consulta_actos.php?tipo=autos&no=1207&usuario=&sector=&fecha=2022&resuelve= HTTP/1.1" 200 1106
185.119.81.102 - - [25/Jul/2022:10:43:12 -0500] "GET /portaldeninos/wp-login.php HTTP/1.1" 200 2592
185.119.81.102 - - [25/Jul/2022:10:43:13 -0500] "POST /portaldeninos/wp-login.php HTTP/1.1" 200 3605
172.22.2.4 - - [25/Jul/2022:10:43:15 -0500] "GET /BLA/boletinlegal/consulta_actos.php?tipo=autos&no=1216&usuario=&sector=&fecha=2022&resuelve= HTTP/1.1" 200 1117
172.22.2.4 - - [25/Jul/2022:10:43:22 -0500] "GET /BLA/boletinlegal/consulta_actos.php?tipo=autos&no=1217&usuario=&sector=&fecha=2022&resuelve= HTTP/1.1" 200 1127
172.22.2.4 - - [25/Jul/2022:10:43:30 -0500] "GET /BLA/boletinlegal/consulta_actos.php?tipo=autos&no=1269&usuario=&sector=&fecha=2022&resuelve= HTTP/1.1" 200 1121
172.22.2.4 - - [25/Jul/2022:10:43:38 -0500] "GET /BLA/boletinlegal/consulta_actos.php?tipo=autos&no=1270&usuario=&sector=&fecha=2022&resuelve= HTTP/1.1" 200 1116
172.22.2.4 - - [25/Jul/2022:10:43:48 -0500] "GET /BLA/boletinlegal/consulta_actos.php?tipo=autos&no=1271&usuario=&sector=&fecha=2022&resuelve= HTTP/1.1" 200 1119
172.22.2.4 - - [25/Jul/2022:10:43:57 -0500] "GET /BLA/boletinlegal/consulta_actos.php?tipo=autos&no=1350&usuario=&sector=&fecha=2022&resuelve= HTTP/1.1" 200 1119
172.22.2.4 - - [25/Jul/2022:10:44:06 -0500] "GET /BLA/boletinlegal/consulta_actos.php?tipo=resoluciones&no=1380&usuario=&sector=&fecha=2022&resuelve= HTTP/1.1" 200 1132
190.145.207.68 - - [25/Jul/2022:10:43:50 -0500] "GET /BLA/resoluciones/ HTTP/1.1" 200 13093
190.145.207.68 - - [25/Jul/2022:10:44:16 -0500] "GET /BLA/resoluciones/RESOLUCIONES%202019/1060.pdf HTTP/1.1" 200 331092
172.22.2.4 - - [25/Jul/2022:10:44:16 -0500] "GET /BLA/boletinlegal/consulta_actos.php?tipo=resoluciones&no=1591&usuario=&sector=&fecha=2022&resuelve= HTTP/1.1" 200 626
190.145.207.68 - - [25/Jul/2022:10:44:16 -0500] "GET /BLA/resoluciones/RESOLUCIONES%202019/1060.pdf HTTP/1.1" 206 65536
190.145.207.68 - - [25/Jul/2022:10:44:18 -0500] "GET /BLA/resoluciones/RESOLUCIONES%202019/1060.pdf HTTP/1.1" 206 3412
190.145.207.68 - - [25/Jul/2022:10:44:18 -0500] "GET /BLA/resoluciones/RESOLUCIONES%202019/1060.pdf HTTP/1.1" 206 65536
172.22.2.4 - - [25/Jul/2022:10:44:22 -0500] "GET /BLA/boletinlegal/consulta_actos.php?tipo=autos&no=1591&usuario=&sector=&fecha=2022&resuelve= HTTP/1.1" 200 1115
190.145.207.68 - - [25/Jul/2022:10:44:22 -0500] "GET /BLA/resoluciones/RESOLUCIONES%202019/1060.pdf HTTP/1.1" 206 65536
201.245.192.253 - - [25/Jul/2022:10:44:23 -0500] "GET /css/fondos.css HTTP/1.1" 404 1254
201.245.192.253 - - [25/Jul/2022:10:44:23 -0500] "GET /css/date_blue.css HTTP/1.1" 404 1254
201.245.192.253 - - [25/Jul/2022:10:44:23 -0500] "GET /css/textos.css HTTP/1.1" 404 1254
201.245.192.253 - - [25/Jul/2022:10:44:23 -0500] "GET /css/bordes.css HTTP/1.1" 404 1254
172.22.2.4 - - [25/Jul/2022:10:44:30 -0500] "GET /BLA/boletinlegal/consulta_actos.php?tipo=autos&no=1602&usuario=&sector=&fecha=2022&resuelve= HTTP/1.1" 200 1141
190.145.207.68 - - [25/Jul/2022:10:44:31 -0500] "GET /BLA/resoluciones/RESOLUCIONES%202019/1060.pdf HTTP/1.1" 206 65536
172.22.2.4 - - [25/Jul/2022:10:44:38 -0500] "GET /BLA/boletinlegal/consulta_actos.php?tipo=autos&no=1622&usuario=&sector=&fecha=2022&resuelve= HTTP/1.1" 200 1113
172.22.2.4 - - [25/Jul/2022:10:44:41 -0500] "GET /BLA/boletinlegal/robots.txt HTTP/1.1" 404 1038
172.22.2.4 - - [25/Jul/2022:10:44:52 -0500] "GET /BLA/boletinlegal/consulta_actos.php?tipo=resoluciones&no=1634&usuario=&sector=&fecha=2022&resuelve= HTTP/1.1" 200 1101
172.22.2.4 - - [25/Jul/2022:10:45:01 -0500] "GET /BLA/boletinlegal/consulta_actos.php?tipo=resoluciones&no=1717&usuario=&sector=&fecha=2022&resuelve= HTTP/1.1" 200 1114
172.22.2.4 - - [25/Jul/2022:10:45:10 -0500] "GET /BLA/boletinlegal/consulta_actos.php?tipo=resoluciones&no=1853&usuario=&sector=&fecha=2022&resuelve= HTTP/1.1" 200 1156
201.245.192.253 - - [25/Jul/2022:10:45:11 -0500] "GET /BLA/resoluciones/index.php?dir=AUTOS+2022%2F HTTP/1.1" 200 141750
201.245.192.253 - - [25/Jul/2022:10:45:20 -0500] "POST /kwsrmcab/Wsrmcab  HTTP/1.1" 200 213
191.108.19.106 - - [25/Jul/2022:10:45:29 -0500] "GET /BLA/resoluciones/ HTTP/1.1" 200 13093
172.22.2.4 - - [25/Jul/2022:10:45:40 -0500] "GET /BLA/boletinlegal/consulta_actos.php?tipo=autos&no=2020&usuario=&sector=&fecha=2022&resuelve= HTTP/1.1" 200 1062
191.108.19.106 - - [25/Jul/2022:10:45:44 -0500] "GET /BLA/resoluciones/index.php?dir=RESOLUCIONES+2017%2F HTTP/1.1" 200 281726
172.22.2.4 - - [25/Jul/2022:10:45:52 -0500] "GET /BLA/boletinlegal/consulta_actos.php?tipo=autos&no=2041&usuario=&sector=&fecha=2022&resuelve= HTTP/1.1" 200 1076
191.108.19.106 - - [25/Jul/2022:10:45:58 -0500] "GET /BLA/resoluciones/RESOLUCIONES%202017/1786.pdf HTTP/1.1" 200 380570
172.22.2.4 - - [25/Jul/2022:10:46:05 -0500] "GET /BLA/boletinlegal/consulta_actos.php?tipo=resoluciones&no=2285&usuario=&sector=&fecha=2022&resuelve= HTTP/1.1" 200 1125
172.22.2.4 - - [25/Jul/2022:10:46:15 -0500] "GET /BLA/boletinlegal/consulta_actos.php?tipo=resoluciones&no=2344&usuario=&sector=&fecha=2022&resuelve= HTTP/1.1" 200 1143
172.22.2.4 - - [25/Jul/2022:10:44:43 -0500] "GET /BLA/boletinlegal/ HTTP/1.1" 200 50730
172.22.2.4 - - [25/Jul/2022:10:44:49 -0500] "HEAD /BLA/boletinlegal/ HTTP/1.1" 200 -
172.22.2.4 - - [25/Jul/2022:10:46:55 -0500] "GET /BLA/boletinlegal/consulta_actos.php?tipo=resoluciones&no=2347&usuario=&sector=&fecha=2022&resuelve= HTTP/1.1" 200 1153
216.245.221.92 - - [25/Jul/2022:10:47:00 -0500] "HEAD / HTTP/1.1" 200 -
172.22.2.4 - - [25/Jul/2022:10:47:05 -0500] "GET /BLA/boletinlegal/style.css HTTP/1.1" 200 9406
172.22.2.4 - - [25/Jul/2022:10:47:05 -0500] "GET /BLA/boletinlegal/styles2.css HTTP/1.1" 200 1838
172.22.2.4 - - [25/Jul/2022:10:47:05 -0500] "GET /BLA/boletinlegal/js/jquery.js HTTP/1.1" 200 57254
172.22.2.4 - - [25/Jul/2022:10:47:05 -0500] "GET /BLA/boletinlegal/js/jquery.scrollTo-min.js HTTP/1.1" 200 1150
172.22.2.4 - - [25/Jul/2022:10:47:05 -0500] "GET /BLA/boletinlegal/js/jquery.scrollShow.js HTTP/1.1" 200 4586
172.22.2.4 - - [25/Jul/2022:10:47:05 -0500] "GET /BLA/boletinlegal/images/cabezote%20BLEGAL.jpg HTTP/1.1" 200 118164
172.22.2.4 - - [25/Jul/2022:10:47:05 -0500] "GET /BLA/boletinlegal/images/subscribe-icon-big.png HTTP/1.1" 200 47702
172.22.2.4 - - [25/Jul/2022:10:47:04 -0500] "GET /BLA/boletinlegal/consulta_actos.php?tipo=resoluciones&no=2348&usuario=&sector=&fecha=2022&resuelve= HTTP/1.1" 200 1150
172.22.2.4 - - [25/Jul/2022:10:47:05 -0500] "GET /BLA/boletinlegal/images/registro-usuarios.png HTTP/1.1" 200 8106
172.22.2.4 - - [25/Jul/2022:10:47:05 -0500] "GET /BLA/boletinlegal/images/screen_1.png HTTP/1.1" 200 202547
172.22.2.4 - - [25/Jul/2022:10:47:05 -0500] "GET /BLA/boletinlegal/images/body_bg.jpg HTTP/1.1" 200 1601
172.22.2.4 - - [25/Jul/2022:10:47:05 -0500] "GET /BLA/boletinlegal/images/historia.png HTTP/1.1" 200 52775
172.22.2.4 - - [25/Jul/2022:10:47:05 -0500] "GET /BLA/boletinlegal/images/launch.jpg HTTP/1.1" 200 14577
172.22.2.4 - - [25/Jul/2022:10:47:05 -0500] "GET /BLA/boletinlegal/images/arr_l.jpg HTTP/1.1" 200 1979
172.22.2.4 - - [25/Jul/2022:10:47:05 -0500] "GET /BLA/boletinlegal/images/menu_lft.gif HTTP/1.1" 200 1713
172.22.2.4 - - [25/Jul/2022:10:47:05 -0500] "GET /BLA/boletinlegal/images/menu_rght.gif HTTP/1.1" 200 1627
172.22.2.4 - - [25/Jul/2022:10:47:05 -0500] "GET /BLA/boletinlegal/images/bg_top.jpg HTTP/1.1" 200 522
172.22.2.4 - - [25/Jul/2022:10:47:05 -0500] "GET /BLA/boletinlegal/images/menu_bg.jpg HTTP/1.1" 200 620
172.22.2.4 - - [25/Jul/2022:10:47:05 -0500] "GET /BLA/boletinlegal/images/hover.jpg HTTP/1.1" 200 640
172.22.2.4 - - [25/Jul/2022:10:47:05 -0500] "GET /BLA/boletinlegal/images/text.jpg HTTP/1.1" 200 568
172.22.2.4 - - [25/Jul/2022:10:47:07 -0500] "GET /BLA/boletinlegal/actos.php HTTP/1.1" 200 9559
172.22.2.4 - - [25/Jul/2022:10:47:07 -0500] "GET /BLA/boletinlegal/niceforms.js HTTP/1.1" 200 22876
172.22.2.4 - - [25/Jul/2022:10:47:07 -0500] "GET /BLA/boletinlegal/js/ajax_actos.js HTTP/1.1" 200 1322
172.22.2.4 - - [25/Jul/2022:10:47:07 -0500] "GET /BLA/boletinlegal/niceforms-default.css HTTP/1.1" 200 6694
172.22.2.4 - - [25/Jul/2022:10:47:07 -0500] "GET /BLA/boletinlegal/js/popup.js HTTP/1.1" 200 1270
172.22.2.4 - - [25/Jul/2022:10:47:07 -0500] "GET /BLA/boletinlegal/js/lib.js HTTP/1.1" 200 6474
172.22.2.4 - - [25/Jul/2022:10:47:07 -0500] "GET /BLA/boletinlegal/js/jquery1.js HTTP/1.1" 200 29846
172.22.2.4 - - [25/Jul/2022:10:47:07 -0500] "GET /BLA/boletinlegal/images/green-yellow-blue-pink-th.png HTTP/1.1" 200 7394
172.22.2.4 - - [25/Jul/2022:10:47:07 -0500] "GET /BLA/boletinlegal/images/abajo.png HTTP/1.1" 200 96676
172.22.2.4 - - [25/Jul/2022:10:47:07 -0500] "GET /BLA/boletinlegal/images/tel.png HTTP/1.1" 200 14477
172.22.2.4 - - [25/Jul/2022:10:47:07 -0500] "GET /BLA/boletinlegal/images/icono-email.png HTTP/1.1" 200 5544
172.22.2.4 - - [25/Jul/2022:10:47:07 -0500] "GET /BLA/boletinlegal/images/footer_bg.jpg HTTP/1.1" 200 586
172.22.2.4 - - [25/Jul/2022:10:47:07 -0500] "GET /BLA/boletinlegal/images/footer_bg_l.jpg HTTP/1.1" 200 776
172.22.2.4 - - [25/Jul/2022:10:47:08 -0500] "GET /BLA/boletinlegal/img/0.png HTTP/1.1" 200 110
172.22.2.4 - - [25/Jul/2022:10:47:08 -0500] "GET /BLA/boletinlegal/img/select-left.png HTTP/1.1" 200 263
172.22.2.4 - - [25/Jul/2022:10:47:08 -0500] "GET /BLA/boletinlegal/img/select-right.png HTTP/1.1" 200 44019
172.22.2.4 - - [25/Jul/2022:10:47:08 -0500] "GET /BLA/boletinlegal/img/button-left.png HTTP/1.1" 200 57071
172.22.2.4 - - [25/Jul/2022:10:47:08 -0500] "GET /BLA/boletinlegal/img/button.png HTTP/1.1" 200 43241
172.22.2.4 - - [25/Jul/2022:10:47:08 -0500] "GET /BLA/boletinlegal/img/button-right.png HTTP/1.1" 200 57878
172.22.2.4 - - [25/Jul/2022:10:47:08 -0500] "GET /BLA/boletinlegal/favicon.ico HTTP/1.1" 404 1326
172.22.2.4 - - [25/Jul/2022:10:47:13 -0500] "GET /BLA/boletinlegal/consulta_actos.php?tipo=resoluciones&no=2363&usuario=&sector=&fecha=2022&resuelve= HTTP/1.1" 200 1280
172.22.2.4 - - [25/Jul/2022:10:45:39 -0500] "GET /BLA/boletinlegal/ HTTP/1.1" 200 52826
172.22.2.4 - - [25/Jul/2022:10:47:29 -0500] "GET /BLA/boletinlegal/consulta_actos.php?tipo=resoluciones&no=0368&usuario=&sector=PEV&fecha=2016&resuelve= HTTP/1.1" 200 626
201.245.192.253 - - [25/Jul/2022:10:47:32 -0500] "GET /BLA/resoluciones/ HTTP/1.1" 200 13093
201.245.192.253 - - [25/Jul/2022:10:47:32 -0500] "GET /BLA/resoluciones/dlf/styles.css HTTP/1.1" 200 3049
201.245.192.253 - - [25/Jul/2022:10:47:32 -0500] "GET /BLA/resoluciones/dlf/folder.png HTTP/1.1" 200 410
201.245.192.253 - - [25/Jul/2022:10:47:32 -0500] "GET /BLA/resoluciones/dlf/bg.gif HTTP/1.1" 200 54
201.245.192.253 - - [25/Jul/2022:10:47:33 -0500] "GET /favicon.ico HTTP/1.1" 200 7782
172.22.2.4 - - [25/Jul/2022:10:47:33 -0500] "GET /BLA/boletinlegal/consulta_actos.php?tipo=autos&no=2468&usuario=&sector=&fecha=2022&resuelve= HTTP/1.1" 200 1081
201.245.192.253 - - [25/Jul/2022:10:47:36 -0500] "GET /BLA/resoluciones/dlf/dirup.png HTTP/1.1" 200 644
201.245.192.253 - - [25/Jul/2022:10:47:36 -0500] "GET /BLA/resoluciones/dlf/pdf.gif HTTP/1.1" 200 272
201.245.192.253 - - [25/Jul/2022:10:47:36 -0500] "GET /BLA/resoluciones/dlf/unknown.png HTTP/1.1" 200 266
201.245.192.253 - - [25/Jul/2022:10:47:36 -0500] "GET /BLA/resoluciones/index.php?dir=RESOLUCIONES+2016%2F HTTP/1.1" 200 170796
172.22.2.4 - - [25/Jul/2022:10:47:01 -0500] "GET /BLA/boletinlegal/ HTTP/1.1" 200 24523
201.245.192.253 - - [25/Jul/2022:10:47:43 -0500] "GET /BLA/resoluciones/RESOLUCIONES%202016/0368.pdf HTTP/1.1" 200 720663
172.22.2.4 - - [25/Jul/2022:10:47:45 -0500] "GET /BLA/boletinlegal/consulta_actos.php?tipo=autos&no=4334&usuario=&sector=&fecha=2022&resuelve= HTTP/1.1" 200 626
172.22.2.4 - - [25/Jul/2022:10:47:49 -0500] "GET /BLA/boletinlegal/consulta_actos.php?tipo=resoluciones&no=0237&usuario=&sector=&fecha=2022&resuelve= HTTP/1.1" 200 1089
172.22.2.4 - - [25/Jul/2022:10:48:05 -0500] "GET /BLA/boletinlegal/consulta_actos.php?tipo=autos&no=2635&usuario=&sector=&fecha=2022&resuelve= HTTP/1.1" 200 1104
172.22.2.4 - - [25/Jul/2022:10:48:13 -0500] "GET /BLA/boletinlegal/consulta_actos.php?tipo=autos&no=2661&usuario=&sector=&fecha=2022&resuelve= HTTP/1.1" 200 1070
172.22.2.4 - - [25/Jul/2022:10:48:20 -0500] "GET /BLA/boletinlegal/consulta_actos.php?tipo=autos&no=2790&usuario=&sector=&fecha=2022&resuelve= HTTP/1.1" 200 1077
172.22.2.4 - - [25/Jul/2022:10:48:25 -0500] "GET /BLA/boletinlegal/consulta_actos.php?tipo=autos&no=2798&usuario=&sector=&fecha=2022&resuelve= HTTP/1.1" 200 1082
172.22.2.4 - - [25/Jul/2022:10:48:32 -0500] "GET /BLA/boletinlegal/consulta_actos.php?tipo=autos&no=2818&usuario=&sector=&fecha=2022&resuelve= HTTP/1.1" 200 1076
172.22.2.4 - - [25/Jul/2022:10:48:40 -0500] "GET /BLA/boletinlegal/consulta_actos.php?tipo=autos&no=2852&usuario=&sector=&fecha=2022&resuelve= HTTP/1.1" 200 1060
172.22.2.4 - - [25/Jul/2022:10:48:46 -0500] "GET /BLA/boletinlegal/consulta_actos.php?tipo=autos&no=2869&usuario=&sector=&fecha=2022&resuelve= HTTP/1.1" 200 1037
172.22.2.4 - - [25/Jul/2022:10:48:53 -0500] "GET /BLA/boletinlegal/consulta_actos.php?tipo=autos&no=2878&usuario=&sector=&fecha=2022&resuelve= HTTP/1.1" 200 1076
172.22.2.4 - - [25/Jul/2022:10:49:02 -0500] "GET /BLA/boletinlegal/consulta_actos.php?tipo=autos&no=2885&usuario=&sector=&fecha=2022&resuelve= HTTP/1.1" 200 1074
172.22.2.4 - - [25/Jul/2022:10:49:06 -0500] "GET /BLA/boletinlegal/jurisprudencia.php HTTP/1.1" 200 17573
172.22.2.4 - - [25/Jul/2022:10:49:09 -0500] "GET /BLA/boletinlegal/documentos-importantes.php HTTP/1.1" 200 4822
172.22.2.4 - - [25/Jul/2022:10:49:10 -0500] "GET /BLA/boletinlegal/consulta_actos.php?tipo=autos&no=2888&usuario=&sector=&fecha=2022&resuelve= HTTP/1.1" 200 1102
172.22.2.4 - - [25/Jul/2022:10:49:12 -0500] "GET /BLA/boletinlegal/normativa.php HTTP/1.1" 200 8326
172.22.2.4 - - [25/Jul/2022:10:49:15 -0500] "GET /BLA/boletinlegal/doctrina.php HTTP/1.1" 200 5604
172.22.2.4 - - [25/Jul/2022:10:49:19 -0500] "GET /BLA/boletinlegal/conceptos.php HTTP/1.1" 200 7443
172.22.2.4 - - [25/Jul/2022:10:49:22 -0500] "GET /BLA/boletinlegal/sugerencias.php HTTP/1.1" 200 8615
172.22.2.4 - - [25/Jul/2022:10:49:26 -0500] "GET /BLA/boletinlegal/actos.php HTTP/1.1" 200 9559
201.245.192.253 - - [25/Jul/2022:10:50:19 -0500] "POST /kwsrmcab/Wsrmcab  HTTP/1.1" 200 213
190.85.117.139 - - [25/Jul/2022:10:50:33 -0500] "GET /portaldeninos/wp-content/plugins/gallery-videos/CSS/Total-Soft-Gallery-Video-Widget.css?ver=4.9.8 HTTP/1.1" 200 51554
190.85.117.139 - - [25/Jul/2022:10:50:33 -0500] "GET /portaldeninos/wp-content/plugins/gallery-videos/CSS/totalsoft.css?ver=4.9.8 HTTP/1.1" 200 40622
190.85.117.139 - - [25/Jul/2022:10:50:33 -0500] "GET /portaldeninos/wp-content/uploads/useanyfont/uaf.css?ver=1589905315 HTTP/1.1" 200 408
190.85.117.139 - - [25/Jul/2022:10:50:33 -0500] "GET /portaldeninos/wp-content/themes/betheme/style.css?ver=20.9.6 HTTP/1.1" 200 287
190.85.117.139 - - [25/Jul/2022:10:50:33 -0500] "GET /portaldeninos/wp-content/themes/betheme/css/base.css?ver=20.9.6 HTTP/1.1" 200 57283
190.85.117.139 - - [25/Jul/2022:10:50:33 -0500] "GET /portaldeninos/wp-content/themes/betheme/css/layout.css?ver=20.9.6 HTTP/1.1" 200 116639
190.85.117.139 - - [25/Jul/2022:10:50:33 -0500] "GET /portaldeninos/wp-content/themes/betheme/assets/animations/animations.min.css?ver=20.9.6 HTTP/1.1" 200 58508
190.85.117.139 - - [25/Jul/2022:10:50:33 -0500] "GET /portaldeninos/wp-content/themes/betheme/assets/ui/jquery.ui.all.css?ver=20.9.6 HTTP/1.1" 200 18765
190.85.117.139 - - [25/Jul/2022:10:50:33 -0500] "GET /portaldeninos/wp-content/themes/betheme/assets/jplayer/css/jplayer.blue.monday.css?ver=20.9.6 HTTP/1.1" 200 9834
190.85.117.139 - - [25/Jul/2022:10:50:33 -0500] "GET /portaldeninos/wp-content/themes/betheme/css/shortcodes.css?ver=20.9.6 HTTP/1.1" 200 138889
190.85.117.139 - - [25/Jul/2022:10:50:33 -0500] "GET /portaldeninos/wp-content/themes/betheme/css/responsive.css?ver=20.9.6 HTTP/1.1" 200 55740
190.85.117.139 - - [25/Jul/2022:10:50:33 -0500] "GET /portaldeninos/wp-content/plugins/google-analytics-for-wordpress/assets/js/frontend-gtag.min.js?ver=8.5.0 HTTP/1.1" 200 11801
190.85.117.139 - - [25/Jul/2022:10:50:33 -0500] "GET /portaldeninos/wp-includes/js/jquery/jquery-migrate.min.js?ver=1.4.1 HTTP/1.1" 200 10056
190.85.117.139 - - [25/Jul/2022:10:50:33 -0500] "GET /portaldeninos/wp-includes/js/jquery/ui/core.min.js?ver=1.11.4 HTTP/1.1" 200 4000
190.85.117.139 - - [25/Jul/2022:10:50:33 -0500] "GET /portaldeninos/wp-content/plugins/gallery-videos/JS/modernizr.custom.js?ver=4.9.8 HTTP/1.1" 200 9019
190.85.117.139 - - [25/Jul/2022:10:50:33 -0500] "GET /portaldeninos/wp-includes/js/jquery/jquery.js?ver=1.12.4 HTTP/1.1" 200 97184
190.85.117.139 - - [25/Jul/2022:10:50:33 -0500] "GET /portaldeninos/wp-includes/js/jquery/ui/widget.min.js?ver=1.11.4 HTTP/1.1" 200 6908
190.85.117.139 - - [25/Jul/2022:10:50:33 -0500] "GET /portaldeninos/wp-includes/js/jquery/ui/mouse.min.js?ver=1.11.4 HTTP/1.1" 200 3148
190.85.117.139 - - [25/Jul/2022:10:50:33 -0500] "GET /portaldeninos/wp-content/plugins/gallery-videos/JS/Total-Soft-Gallery-Video-Widget.js?ver=4.9.8 HTTP/1.1" 200 80264
190.85.117.139 - - [25/Jul/2022:10:50:33 -0500] "GET /portaldeninos/wp-includes/js/jquery/ui/tabs.min.js?ver=1.11.4 HTTP/1.1" 200 12110
190.85.117.139 - - [25/Jul/2022:10:50:33 -0500] "GET /portaldeninos/wp-includes/js/jquery/ui/sortable.min.js?ver=1.11.4 HTTP/1.1" 200 24899
190.85.117.139 - - [25/Jul/2022:10:50:33 -0500] "GET /portaldeninos/wp-includes/js/jquery/ui/accordion.min.js?ver=1.11.4 HTTP/1.1" 200 8584
190.85.117.139 - - [25/Jul/2022:10:50:33 -0500] "GET /portaldeninos/wp-content/themes/betheme/js/menu.js?ver=20.9.6 HTTP/1.1" 200 2449
190.85.117.139 - - [25/Jul/2022:10:50:33 -0500] "GET /portaldeninos/wp-content/themes/betheme/assets/animations/animations.min.js?ver=20.9.6 HTTP/1.1" 200 1896
190.85.117.139 - - [25/Jul/2022:10:50:33 -0500] "GET /portaldeninos/wp-content/themes/betheme/assets/jplayer/jplayer.min.js?ver=20.9.6 HTTP/1.1" 200 52702
190.85.117.139 - - [25/Jul/2022:10:50:33 -0500] "GET /portaldeninos/wp-includes/js/wp-embed.min.js?ver=4.9.8 HTTP/1.1" 200 1398
190.85.117.139 - - [25/Jul/2022:10:50:33 -0500] "GET /portaldeninos/wp-includes/js/wp-emoji-release.min.js?ver=4.9.8 HTTP/1.1" 200 12026
190.85.117.139 - - [25/Jul/2022:10:50:33 -0500] "GET /portaldeninos/wp-content/themes/betheme/images/box_shadow.png HTTP/1.1" 200 108
190.85.117.139 - - [25/Jul/2022:10:50:33 -0500] "GET /portaldeninos/wp-content/themes/betheme/js/scripts.js?ver=20.9.6 HTTP/1.1" 200 77162
190.85.117.139 - - [25/Jul/2022:10:50:33 -0500] "GET /portaldeninos/wp-content/themes/betheme/js/plugins.js?ver=20.9.6 HTTP/1.1" 200 197151
190.85.117.139 - - [25/Jul/2022:10:50:34 -0500] "GET /portaldeninos/wp-content/themes/betheme/fonts/mfn-icons.woff?93978679 HTTP/1.1" 200 80932
190.85.117.139 - - [25/Jul/2022:10:50:34 -0500] "GET /portaldeninos/wp-content/themes/betheme/fonts/mfn-icons.ttf?93978679 HTTP/1.1" 200 108449
190.85.117.139 - - [25/Jul/2022:10:50:52 -0500] "GET /portaldeninos/wp-content/themes/betheme/fonts/mfn-icons.woff?93978679 HTTP/1.1" 206 1
190.85.117.139 - - [25/Jul/2022:10:50:52 -0500] "GET /portaldeninos/wp-content/themes/betheme/fonts/mfn-icons.ttf?93978679 HTTP/1.1" 200 124684
186.83.207.234 - - [25/Jul/2022:10:50:55 -0500] "POST /sipse/faces/presentacion/financiero/solicitudProceso/listarSolicitudProceso.xhtml HTTP/1.1" 200 123347
186.83.207.234 - - [25/Jul/2022:10:50:57 -0500] "GET /sipse/faces/javax.faces.resource/jquery/jquery.js?ln=primefaces&v=4.0 HTTP/1.1" 304 -
186.83.207.234 - - [25/Jul/2022:10:50:57 -0500] "GET /sipse/faces/javax.faces.resource/jquery/jquery-plugins.js?ln=primefaces&v=4.0 HTTP/1.1" 304 -
186.83.207.234 - - [25/Jul/2022:10:50:57 -0500] "GET /sipse/faces/javax.faces.resource/primefaces.js?ln=primefaces&v=4.0 HTTP/1.1" 304 -
186.83.207.234 - - [25/Jul/2022:10:50:57 -0500] "GET /sipse/faces/javax.faces.resource/layout/layout.js?ln=primefaces&v=4.0 HTTP/1.1" 304 -
191.156.58.69 - - [25/Jul/2022:10:51:10 -0500] "GET /sipse/faces/index.xhtml HTTP/1.1" 200 677
191.156.58.69 - - [25/Jul/2022:10:51:10 -0500] "GET /sipse/faces/javax.faces.resource/theme.css?ln=primefaces-sipse HTTP/1.1" 304 -
191.156.58.69 - - [25/Jul/2022:10:51:10 -0500] "GET /sipse/faces/faces/autenticacion.xhtml HTTP/1.1" 200 12169
191.156.52.250 - - [25/Jul/2022:10:51:11 -0500] "GET /sipse/js/disable_browser_buttons.js HTTP/1.1" 200 3230
191.156.58.69 - - [25/Jul/2022:10:51:11 -0500] "GET /sipse/css/custom_css_sg.css HTTP/1.1" 200 9694
191.156.58.180 - - [25/Jul/2022:10:51:11 -0500] "GET /sipse/css/custom_css_sg_prime_login.css HTTP/1.1" 200 443
191.156.57.34 - - [25/Jul/2022:10:51:11 -0500] "GET /sipse/faces/javax.faces.resource/theme.css?ln=primefaces-sipse HTTP/1.1" 304 -
191.156.56.42 - - [25/Jul/2022:10:51:11 -0500] "GET /sipse/faces/javax.faces.resource/primefaces.css?ln=primefaces&v=4.0 HTTP/1.1" 304 -
191.156.52.250 - - [25/Jul/2022:10:51:11 -0500] "GET /sipse/faces/javax.faces.resource/layout/layout.css?ln=primefaces&v=4.0 HTTP/1.1" 304 -
191.156.57.34 - - [25/Jul/2022:10:51:11 -0500] "GET /sipse/faces/javax.faces.resource/jquery/jquery.js?ln=primefaces&v=4.0 HTTP/1.1" 304 -
191.156.52.250 - - [25/Jul/2022:10:51:11 -0500] "GET /sipse/faces/javax.faces.resource/jquery/jquery-plugins.js?ln=primefaces&v=4.0 HTTP/1.1" 304 -
191.156.58.69 - - [25/Jul/2022:10:51:11 -0500] "GET /sipse/faces/javax.faces.resource/primefaces.js?ln=primefaces&v=4.0 HTTP/1.1" 304 -
191.156.57.34 - - [25/Jul/2022:10:51:11 -0500] "GET /sipse/faces/javax.faces.resource/layout/layout.js?ln=primefaces&v=4.0 HTTP/1.1" 304 -
191.156.58.180 - - [25/Jul/2022:10:51:11 -0500] "GET /sipse/js/funciones.js HTTP/1.1" 200 12592
191.156.57.34 - - [25/Jul/2022:10:51:32 -0500] "GET /sipse/faces/javax.faces.resource/images/ui-icons_898989_256x240.png?ln=primefaces-aristo HTTP/1.1" 304 -
191.156.57.87 - - [25/Jul/2022:10:51:32 -0500] "GET /sipse/css/imagen/logoSDG.png HTTP/1.1" 200 53064
191.156.57.87 - - [25/Jul/2022:10:51:35 -0500] "POST /sipse/faces/autenticacion.xhtml HTTP/1.1" 200 2215
191.156.57.87 - - [25/Jul/2022:10:51:36 -0500] "GET /sipse/faces/javax.faces.resource/messages/messages.png?ln=primefaces&v=4.0 HTTP/1.1" 304 -
191.156.57.34 - - [25/Jul/2022:10:51:32 -0500] "GET /sipse/css/imagen/loginimg.png HTTP/1.1" 200 71635
191.156.57.34 - - [25/Jul/2022:10:51:37 -0500] "POST /sipse/faces/autenticacion.xhtml HTTP/1.1" 200 16297
191.156.57.34 - - [25/Jul/2022:10:51:38 -0500] "GET /sipse/css/custom_css_sg_prime.css HTTP/1.1" 200 5201
191.156.62.110 - - [25/Jul/2022:10:51:38 -0500] "GET /sipse/faces/javax.faces.resource/theme.css?ln=primefaces-sipse HTTP/1.1" 304 -
191.156.58.180 - - [25/Jul/2022:10:51:38 -0500] "GET /sipse/faces/javax.faces.resource/primefaces.css?ln=primefaces&v=4.0 HTTP/1.1" 304 -
191.156.62.110 - - [25/Jul/2022:10:51:38 -0500] "GET /sipse/faces/javax.faces.resource/layout/layout.css?ln=primefaces&v=4.0 HTTP/1.1" 304 -
191.156.56.42 - - [25/Jul/2022:10:51:38 -0500] "GET /sipse/js/jquery.min.js HTTP/1.1" 200 85582
191.156.56.42 - - [25/Jul/2022:10:51:40 -0500] "GET /sipse/faces/javax.faces.resource/jquery/jquery.js?ln=primefaces&v=4.0 HTTP/1.1" 304 -
191.156.56.42 - - [25/Jul/2022:10:51:40 -0500] "GET /sipse/faces/javax.faces.resource/jquery/jquery-plugins.js?ln=primefaces&v=4.0 HTTP/1.1" 304 -
191.156.56.42 - - [25/Jul/2022:10:51:40 -0500] "GET /sipse/faces/javax.faces.resource/primefaces.js?ln=primefaces&v=4.0 HTTP/1.1" 304 -
191.156.56.42 - - [25/Jul/2022:10:51:41 -0500] "GET /sipse/faces/javax.faces.resource/layout/layout.js?ln=primefaces&v=4.0 HTTP/1.1" 304 -
191.156.56.42 - - [25/Jul/2022:10:51:41 -0500] "GET /sipse/css/imagen/contrasena.png HTTP/1.1" 404 383
191.156.62.110 - - [25/Jul/2022:10:51:41 -0500] "GET /sipse/imagenes/logoAplicacion.jpg HTTP/1.1" 200 155084
191.156.57.34 - - [25/Jul/2022:10:51:41 -0500] "GET /sipse/imagenes/cargando.gif HTTP/1.1" 200 36959
191.156.57.34 - - [25/Jul/2022:10:51:43 -0500] "GET /sipse/faces/javax.faces.resource/images/ui-bg_flat_0_2d5972_40x100.png?ln=primefaces-aristo HTTP/1.1" 304 -
191.156.62.110 - - [25/Jul/2022:10:51:43 -0500] "POST /sipse/faces/bienvenido.xhtml HTTP/1.1" 200 2658
191.156.62.110 - - [25/Jul/2022:10:51:44 -0500] "POST /sipse/faces/bienvenido.xhtml HTTP/1.1" 200 64432
191.156.62.110 - - [25/Jul/2022:10:51:47 -0500] "GET /sipse/faces/javax.faces.resource/theme.css?ln=primefaces-sipse HTTP/1.1" 304 -
191.156.57.34 - - [25/Jul/2022:10:51:47 -0500] "GET /sipse/faces/javax.faces.resource/jquery/jquery.js?ln=primefaces&v=4.0 HTTP/1.1" 304 -
191.156.50.140 - - [25/Jul/2022:10:51:47 -0500] "GET /sipse/faces/javax.faces.resource/primefaces.css?ln=primefaces&v=4.0 HTTP/1.1" 304 -
191.156.62.110 - - [25/Jul/2022:10:51:47 -0500] "GET /sipse/faces/javax.faces.resource/layout/layout.css?ln=primefaces&v=4.0 HTTP/1.1" 304 -
191.156.50.140 - - [25/Jul/2022:10:51:47 -0500] "GET /sipse/faces/javax.faces.resource/jquery/jquery-plugins.js?ln=primefaces&v=4.0 HTTP/1.1" 304 -
191.156.50.140 - - [25/Jul/2022:10:51:47 -0500] "GET /sipse/faces/javax.faces.resource/primefaces.js?ln=primefaces&v=4.0 HTTP/1.1" 304 -
191.156.50.140 - - [25/Jul/2022:10:51:47 -0500] "GET /sipse/faces/javax.faces.resource/layout/layout.js?ln=primefaces&v=4.0 HTTP/1.1" 304 -
191.156.50.140 - - [25/Jul/2022:10:51:48 -0500] "POST /sipse/faces/presentacion/financiero/solicitudProceso/listarSolicitudProceso.xhtml HTTP/1.1" 200 1560
172.22.2.4 - - [25/Jul/2022:10:51:49 -0500] "GET /BLA/boletinlegal/admin/ HTTP/1.1" 200 2324
172.22.2.4 - - [25/Jul/2022:10:51:50 -0500] "GET /BLA/boletinlegal/favicon.ico HTTP/1.1" 404 1320
216.245.221.92 - - [25/Jul/2022:10:52:00 -0500] "HEAD / HTTP/1.1" 200 -
191.156.61.229 - - [25/Jul/2022:10:52:00 -0500] "POST /sipse/faces/presentacion/financiero/solicitudProceso/listarSolicitudProceso.xhtml HTTP/1.1" 200 16500
191.156.61.229 - - [25/Jul/2022:10:52:01 -0500] "POST /sipse/faces/presentacion/financiero/solicitudProceso/listarSolicitudProceso.xhtml HTTP/1.1" 200 129514
191.156.61.229 - - [25/Jul/2022:10:52:05 -0500] "GET /sipse/faces/javax.faces.resource/theme.css?ln=primefaces-sipse HTTP/1.1" 304 -
191.156.57.34 - - [25/Jul/2022:10:52:05 -0500] "GET /sipse/faces/javax.faces.resource/layout/layout.css?ln=primefaces&v=4.0 HTTP/1.1" 304 -
191.156.52.250 - - [25/Jul/2022:10:52:05 -0500] "GET /sipse/faces/javax.faces.resource/primefaces.css?ln=primefaces&v=4.0 HTTP/1.1" 304 -
191.156.61.229 - - [25/Jul/2022:10:52:06 -0500] "GET /sipse/faces/javax.faces.resource/jquery/jquery.js?ln=primefaces&v=4.0 HTTP/1.1" 304 -
191.156.61.229 - - [25/Jul/2022:10:52:06 -0500] "GET /sipse/faces/javax.faces.resource/jquery/jquery-plugins.js?ln=primefaces&v=4.0 HTTP/1.1" 304 -
191.156.61.229 - - [25/Jul/2022:10:52:06 -0500] "GET /sipse/faces/javax.faces.resource/primefaces.js?ln=primefaces&v=4.0 HTTP/1.1" 304 -
191.156.61.229 - - [25/Jul/2022:10:52:06 -0500] "GET /sipse/faces/javax.faces.resource/layout/layout.js?ln=primefaces&v=4.0 HTTP/1.1" 304 -
191.156.57.34 - - [25/Jul/2022:10:52:18 -0500] "POST /sipse/faces/presentacion/financiero/solicitudProceso/consultarSolicitudProceso.xhtml HTTP/1.1" 200 4580
172.22.2.4 - - [25/Jul/2022:10:50:39 -0500] "HEAD /BLA/boletinlegal/ HTTP/1.1" 200 -
172.22.2.4 - - [25/Jul/2022:10:52:27 -0500] "GET /BLA/boletinlegal/consulta_actos.php?tipo=autos&no=2906&usuario=&sector=&fecha=2022&resuelve= HTTP/1.1" 200 1078
191.156.57.34 - - [25/Jul/2022:10:52:29 -0500] "POST /sipse/faces/presentacion/financiero/solicitudProceso/consultarSolicitudProceso.xhtml HTTP/1.1" 200 6524
201.245.192.253 - - [25/Jul/2022:10:52:33 -0500] "GET /BLA/resoluciones/ HTTP/1.1" 200 13093
179.33.233.107 - - [25/Jul/2022:10:52:35 -0500] "GET /galeria/galeria/jquery.fancybox.js?v=2.1.5 HTTP/1.1" 200 48706
179.33.233.107 - - [25/Jul/2022:10:52:35 -0500] "GET /galeria/galeria/jquery.fancybox.css?v=2.1.5 HTTP/1.1" 200 4895
172.22.2.4 - - [25/Jul/2022:10:52:35 -0500] "GET /BLA/boletinlegal/consulta_actos.php?tipo=autos&no=3031&usuario=&sector=&fecha=2022&resuelve= HTTP/1.1" 200 1070
201.245.192.253 - - [25/Jul/2022:10:52:37 -0500] "GET /BLA/resoluciones/index.php?dir=RESOLUCIONES+2020%2F HTTP/1.1" 200 163612
172.22.2.4 - - [25/Jul/2022:10:52:42 -0500] "GET /BLA/boletinlegal/consulta_actos.php?tipo=autos&no=3051&usuario=&sector=&fecha=2022&resuelve= HTTP/1.1" 200 1074
201.245.192.253 - - [25/Jul/2022:10:52:46 -0500] "GET /BLA/resoluciones/index.php?dir=AUTOS+2020%2F HTTP/1.1" 200 325840
172.22.2.4 - - [25/Jul/2022:10:52:48 -0500] "GET /BLA/boletinlegal/consulta_actos.php?tipo=autos&no=3052&usuario=&sector=&fecha=2022&resuelve= HTTP/1.1" 200 1076
191.156.52.250 - - [25/Jul/2022:10:52:51 -0500] "POST /sipse/faces/presentacion/financiero/solicitudProceso/consultarSolicitudProceso.xhtml HTTP/1.1" 200 6932
172.22.2.4 - - [25/Jul/2022:10:52:54 -0500] "GET /BLA/boletinlegal/consulta_actos.php?tipo=autos&no=3057&usuario=&sector=&fecha=2022&resuelve= HTTP/1.1" 200 1092
201.245.192.253 - - [25/Jul/2022:10:53:01 -0500] "GET /BLA/resoluciones/AUTOS%202020/4145.pdf HTTP/1.1" 200 388375
172.22.2.4 - - [25/Jul/2022:10:53:02 -0500] "GET /BLA/boletinlegal/consulta_actos.php?tipo=autos&no=3058&usuario=&sector=&fecha=2022&resuelve= HTTP/1.1" 200 1072
191.156.52.250 - - [25/Jul/2022:10:52:56 -0500] "POST /sipse/faces/presentacion/financiero/solicitudProceso/consultarSolicitudProceso.xhtml HTTP/1.1" 200 40035
191.156.52.250 - - [25/Jul/2022:10:53:05 -0500] "GET /sipse/faces/javax.faces.resource/theme.css?ln=primefaces-sipse HTTP/1.1" 304 -
191.156.62.110 - - [25/Jul/2022:10:53:05 -0500] "GET /sipse/faces/javax.faces.resource/primefaces.css?ln=primefaces&v=4.0 HTTP/1.1" 304 -
191.156.57.34 - - [25/Jul/2022:10:53:05 -0500] "GET /sipse/faces/javax.faces.resource/layout/layout.css?ln=primefaces&v=4.0 HTTP/1.1" 304 -
191.156.57.34 - - [25/Jul/2022:10:53:05 -0500] "GET /sipse/faces/javax.faces.resource/jquery/jquery.js?ln=primefaces&v=4.0 HTTP/1.1" 304 -
191.156.57.34 - - [25/Jul/2022:10:53:05 -0500] "GET /sipse/faces/javax.faces.resource/jquery/jquery-plugins.js?ln=primefaces&v=4.0 HTTP/1.1" 304 -
191.156.57.34 - - [25/Jul/2022:10:53:05 -0500] "GET /sipse/faces/javax.faces.resource/primefaces.js?ln=primefaces&v=4.0 HTTP/1.1" 304 -
191.156.57.34 - - [25/Jul/2022:10:53:05 -0500] "GET /sipse/faces/javax.faces.resource/layout/layout.js?ln=primefaces&v=4.0 HTTP/1.1" 304 -
191.156.57.34 - - [25/Jul/2022:10:53:06 -0500] "POST /sipse/faces/presentacion/financiero/solicitudProceso/listarSolicitudProceso.xhtml HTTP/1.1" 200 1420
172.22.2.4 - - [25/Jul/2022:10:53:07 -0500] "GET /BLA/boletinlegal/consulta_actos.php?tipo=autos&no=3059&usuario=&sector=&fecha=2022&resuelve= HTTP/1.1" 200 1090
172.22.2.4 - - [25/Jul/2022:10:51:29 -0500] "GET /BLA/boletinlegal/ HTTP/1.1" 200 58866
191.156.58.180 - - [25/Jul/2022:10:53:10 -0500] "POST /sipse/faces/presentacion/financiero/solicitudProceso/listarSolicitudProceso.xhtml HTTP/1.1" 200 39963
172.22.2.4 - - [25/Jul/2022:10:53:13 -0500] "GET /BLA/boletinlegal/consulta_actos.php?tipo=autos&no=3061&usuario=&sector=&fecha=2022&resuelve= HTTP/1.1" 200 1089
191.156.58.180 - - [25/Jul/2022:10:53:13 -0500] "POST /sipse/faces/presentacion/financiero/solicitudProceso/listarSolicitudProceso.xhtml HTTP/1.1" 200 125735
191.156.58.180 - - [25/Jul/2022:10:53:15 -0500] "GET /sipse/faces/javax.faces.resource/theme.css?ln=primefaces-sipse HTTP/1.1" 304 -
191.156.58.17 - - [25/Jul/2022:10:53:15 -0500] "GET /sipse/faces/javax.faces.resource/jquery/jquery.js?ln=primefaces&v=4.0 HTTP/1.1" 304 -
191.156.58.180 - - [25/Jul/2022:10:53:16 -0500] "GET /sipse/faces/javax.faces.resource/primefaces.css?ln=primefaces&v=4.0 HTTP/1.1" 304 -
191.156.58.180 - - [25/Jul/2022:10:53:16 -0500] "GET /sipse/faces/javax.faces.resource/layout/layout.css?ln=primefaces&v=4.0 HTTP/1.1" 304 -
191.156.58.17 - - [25/Jul/2022:10:53:18 -0500] "GET /sipse/faces/javax.faces.resource/jquery/jquery-plugins.js?ln=primefaces&v=4.0 HTTP/1.1" 304 -
191.156.58.17 - - [25/Jul/2022:10:53:19 -0500] "GET /sipse/faces/javax.faces.resource/primefaces.js?ln=primefaces&v=4.0 HTTP/1.1" 304 -
191.156.58.17 - - [25/Jul/2022:10:53:19 -0500] "GET /sipse/faces/javax.faces.resource/layout/layout.js?ln=primefaces&v=4.0 HTTP/1.1" 304 -
172.22.2.4 - - [25/Jul/2022:10:53:19 -0500] "GET /BLA/boletinlegal/consulta_actos.php?tipo=autos&no=3071&usuario=&sector=&fecha=2022&resuelve= HTTP/1.1" 200 1123
172.22.2.4 - - [25/Jul/2022:10:53:25 -0500] "GET /BLA/boletinlegal/consulta_actos.php?tipo=autos&no=3072&usuario=&sector=&fecha=2022&resuelve= HTTP/1.1" 200 1073
191.156.58.17 - - [25/Jul/2022:10:53:26 -0500] "POST /sipse/faces/presentacion/financiero/solicitudProceso/consultarSolicitudProceso.xhtml HTTP/1.1" 200 82508
191.156.58.17 - - [25/Jul/2022:10:53:29 -0500] "GET /sipse/faces/javax.faces.resource/theme.css?ln=primefaces-sipse HTTP/1.1" 304 -
191.156.58.17 - - [25/Jul/2022:10:53:29 -0500] "GET /sipse/faces/javax.faces.resource/primefaces.css?ln=primefaces&v=4.0 HTTP/1.1" 304 -
191.156.58.17 - - [25/Jul/2022:10:53:29 -0500] "GET /sipse/faces/javax.faces.resource/layout/layout.css?ln=primefaces&v=4.0 HTTP/1.1" 304 -
191.156.56.42 - - [25/Jul/2022:10:53:29 -0500] "GET /sipse/faces/javax.faces.resource/jquery/jquery.js?ln=primefaces&v=4.0 HTTP/1.1" 304 -
191.156.56.42 - - [25/Jul/2022:10:53:29 -0500] "GET /sipse/faces/javax.faces.resource/jquery/jquery-plugins.js?ln=primefaces&v=4.0 HTTP/1.1" 304 -
191.156.56.42 - - [25/Jul/2022:10:53:30 -0500] "GET /sipse/faces/javax.faces.resource/primefaces.js?ln=primefaces&v=4.0 HTTP/1.1" 304 -
191.156.56.42 - - [25/Jul/2022:10:53:30 -0500] "GET /sipse/faces/javax.faces.resource/layout/layout.js?ln=primefaces&v=4.0 HTTP/1.1" 304 -
172.22.2.4 - - [25/Jul/2022:10:53:31 -0500] "GET /BLA/boletinlegal/consulta_actos.php?tipo=autos&no=3074&usuario=&sector=&fecha=2022&resuelve= HTTP/1.1" 200 1077
172.22.2.4 - - [25/Jul/2022:10:53:36 -0500] "GET /BLA/boletinlegal/consulta_actos.php?tipo=autos&no=3077&usuario=&sector=&fecha=2022&resuelve= HTTP/1.1" 200 1086
191.156.56.42 - - [25/Jul/2022:10:53:34 -0500] "POST /sipse/faces/presentacion/financiero/solicitudProceso/crearModificarSolicitudProceso.xhtml HTTP/1.1" 200 127076
191.156.56.42 - - [25/Jul/2022:10:53:40 -0500] "GET /sipse/faces/javax.faces.resource/theme.css?ln=primefaces-sipse HTTP/1.1" 304 -
191.156.62.110 - - [25/Jul/2022:10:53:40 -0500] "GET /sipse/faces/javax.faces.resource/primefaces.css?ln=primefaces&v=4.0 HTTP/1.1" 304 -
191.156.57.34 - - [25/Jul/2022:10:53:40 -0500] "GET /sipse/faces/javax.faces.resource/layout/layout.css?ln=primefaces&v=4.0 HTTP/1.1" 304 -
191.156.56.42 - - [25/Jul/2022:10:53:40 -0500] "GET /sipse/faces/javax.faces.resource/jquery/jquery.js?ln=primefaces&v=4.0 HTTP/1.1" 304 -
191.156.56.42 - - [25/Jul/2022:10:53:40 -0500] "GET /sipse/faces/javax.faces.resource/jquery/jquery-plugins.js?ln=primefaces&v=4.0 HTTP/1.1" 304 -
191.156.56.42 - - [25/Jul/2022:10:53:40 -0500] "GET /sipse/faces/javax.faces.resource/primefaces.js?ln=primefaces&v=4.0 HTTP/1.1" 304 -
191.156.56.42 - - [25/Jul/2022:10:53:41 -0500] "GET /sipse/faces/javax.faces.resource/layout/layout.js?ln=primefaces&v=4.0 HTTP/1.1" 304 -
172.22.2.4 - - [25/Jul/2022:10:53:44 -0500] "GET /BLA/boletinlegal/consulta_actos.php?tipo=autos&no=3080&usuario=&sector=&fecha=2022&resuelve= HTTP/1.1" 200 1078
191.156.57.34 - - [25/Jul/2022:10:53:48 -0500] "POST /sipse/faces/presentacion/financiero/solicitudProceso/consultarSolicitudProceso.xhtml HTTP/1.1" 200 64816
191.156.57.34 - - [25/Jul/2022:10:53:50 -0500] "GET /sipse/faces/javax.faces.resource/theme.css?ln=primefaces-sipse HTTP/1.1" 304 -
191.156.57.34 - - [25/Jul/2022:10:53:50 -0500] "GET /sipse/faces/javax.faces.resource/jquery/jquery.js?ln=primefaces&v=4.0 HTTP/1.1" 304 -
191.156.50.140 - - [25/Jul/2022:10:53:50 -0500] "GET /sipse/faces/javax.faces.resource/primefaces.css?ln=primefaces&v=4.0 HTTP/1.1" 304 -
191.156.57.34 - - [25/Jul/2022:10:53:50 -0500] "GET /sipse/faces/javax.faces.resource/layout/layout.css?ln=primefaces&v=4.0 HTTP/1.1" 304 -
191.156.50.140 - - [25/Jul/2022:10:53:51 -0500] "GET /sipse/faces/javax.faces.resource/jquery/jquery-plugins.js?ln=primefaces&v=4.0 HTTP/1.1" 304 -
191.156.50.140 - - [25/Jul/2022:10:53:51 -0500] "GET /sipse/faces/javax.faces.resource/primefaces.js?ln=primefaces&v=4.0 HTTP/1.1" 304 -
191.156.50.140 - - [25/Jul/2022:10:53:51 -0500] "GET /sipse/faces/javax.faces.resource/layout/layout.js?ln=primefaces&v=4.0 HTTP/1.1" 304 -
191.156.57.34 - - [25/Jul/2022:10:53:51 -0500] "POST /sipse/faces/presentacion/financiero/solicitudProceso/listarSolicitudProceso.xhtml HTTP/1.1" 200 1560
191.156.57.34 - - [25/Jul/2022:10:53:55 -0500] "POST /sipse/faces/presentacion/financiero/solicitudProceso/listarSolicitudProceso.xhtml HTTP/1.1" 200 40004
172.22.2.4 - - [25/Jul/2022:10:53:59 -0500] "GET /BLA/boletinlegal/consulta_actos.php?tipo=autos&no=3101&usuario=&sector=&fecha=2022&resuelve= HTTP/1.1" 200 1087
191.156.57.34 - - [25/Jul/2022:10:54:02 -0500] "POST /sipse/faces/presentacion/financiero/solicitudProceso/listarSolicitudProceso.xhtml HTTP/1.1" 200 13470
191.156.57.34 - - [25/Jul/2022:10:54:04 -0500] "POST /sipse/faces/presentacion/financiero/solicitudProceso/listarSolicitudProceso.xhtml HTTP/1.1" 200 129472
190.75.3.204 - - [25/Jul/2022:10:54:06 -0500] "GET /BLA/resoluciones/RESOLUCIONES%20CONJUNTAS/Resolucion%20conjunta%20No.%20001-2017.pdf HTTP/1.1" 200 332456
191.156.57.34 - - [25/Jul/2022:10:54:07 -0500] "GET /sipse/faces/javax.faces.resource/theme.css?ln=primefaces-sipse HTTP/1.1" 304 -
191.156.61.229 - - [25/Jul/2022:10:54:07 -0500] "GET /sipse/faces/javax.faces.resource/primefaces.css?ln=primefaces&v=4.0 HTTP/1.1" 304 -
190.75.3.204 - - [25/Jul/2022:10:54:07 -0500] "GET /favicon.ico HTTP/1.1" 200 7782
191.156.57.34 - - [25/Jul/2022:10:54:07 -0500] "GET /sipse/faces/javax.faces.resource/jquery/jquery.js?ln=primefaces&v=4.0 HTTP/1.1" 304 -
191.156.58.69 - - [25/Jul/2022:10:54:07 -0500] "GET /sipse/faces/javax.faces.resource/layout/layout.css?ln=primefaces&v=4.0 HTTP/1.1" 304 -
191.156.58.69 - - [25/Jul/2022:10:54:07 -0500] "GET /sipse/faces/javax.faces.resource/jquery/jquery-plugins.js?ln=primefaces&v=4.0 HTTP/1.1" 304 -
191.156.58.69 - - [25/Jul/2022:10:54:07 -0500] "GET /sipse/faces/javax.faces.resource/primefaces.js?ln=primefaces&v=4.0 HTTP/1.1" 304 -
191.156.58.69 - - [25/Jul/2022:10:54:07 -0500] "GET /sipse/faces/javax.faces.resource/layout/layout.js?ln=primefaces&v=4.0 HTTP/1.1" 304 -
172.22.2.4 - - [25/Jul/2022:10:54:09 -0500] "GET /BLA/boletinlegal/consulta_actos.php?tipo=autos&no=3113&usuario=&sector=&fecha=2022&resuelve= HTTP/1.1" 200 1100
172.22.2.4 - - [25/Jul/2022:10:54:16 -0500] "GET /BLA/boletinlegal/consulta_actos.php?tipo=autos&no=3115&usuario=&sector=&fecha=2022&resuelve= HTTP/1.1" 200 1067
172.22.2.4 - - [25/Jul/2022:10:54:23 -0500] "GET /BLA/boletinlegal/consulta_actos.php?tipo=autos&no=3167&usuario=&sector=&fecha=2022&resuelve= HTTP/1.1" 200 1060
191.156.58.69 - - [25/Jul/2022:10:54:25 -0500] "POST /sipse/faces/presentacion/financiero/solicitudProceso/consultarSolicitudProceso.xhtml HTTP/1.1" 200 36896
191.156.58.69 - - [25/Jul/2022:10:54:27 -0500] "GET /sipse/faces/javax.faces.resource/theme.css?ln=primefaces-sipse HTTP/1.1" 304 -
191.156.56.42 - - [25/Jul/2022:10:54:27 -0500] "GET /sipse/faces/javax.faces.resource/primefaces.css?ln=primefaces&v=4.0 HTTP/1.1" 304 -
191.156.58.69 - - [25/Jul/2022:10:54:27 -0500] "GET /sipse/faces/javax.faces.resource/layout/layout.css?ln=primefaces&v=4.0 HTTP/1.1" 304 -
191.156.56.42 - - [25/Jul/2022:10:54:27 -0500] "GET /sipse/faces/javax.faces.resource/jquery/jquery.js?ln=primefaces&v=4.0 HTTP/1.1" 304 -
191.156.56.42 - - [25/Jul/2022:10:54:28 -0500] "GET /sipse/faces/javax.faces.resource/jquery/jquery-plugins.js?ln=primefaces&v=4.0 HTTP/1.1" 304 -
191.156.56.42 - - [25/Jul/2022:10:54:28 -0500] "GET /sipse/faces/javax.faces.resource/primefaces.js?ln=primefaces&v=4.0 HTTP/1.1" 304 -
191.156.56.42 - - [25/Jul/2022:10:54:28 -0500] "GET /sipse/faces/javax.faces.resource/layout/layout.js?ln=primefaces&v=4.0 HTTP/1.1" 304 -
186.83.207.234 - - [25/Jul/2022:10:54:28 -0500] "POST /sipse/faces/presentacion/financiero/solicitudProceso/consultarSolicitudProceso.xhtml HTTP/1.1" 200 101874
191.156.56.42 - - [25/Jul/2022:10:54:29 -0500] "POST /sipse/faces/presentacion/financiero/solicitudProceso/listarSolicitudProceso.xhtml HTTP/1.1" 200 1396
172.22.2.4 - - [25/Jul/2022:10:54:30 -0500] "GET /BLA/boletinlegal/consulta_actos.php?tipo=autos&no=3269&usuario=&sector=&fecha=2022&resuelve= HTTP/1.1" 200 1072
191.156.56.42 - - [25/Jul/2022:10:54:32 -0500] "POST /sipse/faces/presentacion/financiero/solicitudProceso/listarSolicitudProceso.xhtml HTTP/1.1" 200 125693
191.156.56.42 - - [25/Jul/2022:10:54:35 -0500] "GET /sipse/faces/javax.faces.resource/theme.css?ln=primefaces-sipse HTTP/1.1" 304 -
191.156.58.69 - - [25/Jul/2022:10:54:35 -0500] "GET /sipse/faces/javax.faces.resource/primefaces.css?ln=primefaces&v=4.0 HTTP/1.1" 304 -
191.156.56.42 - - [25/Jul/2022:10:54:35 -0500] "GET /sipse/faces/javax.faces.resource/layout/layout.css?ln=primefaces&v=4.0 HTTP/1.1" 304 -
191.156.58.69 - - [25/Jul/2022:10:54:35 -0500] "GET /sipse/faces/javax.faces.resource/jquery/jquery.js?ln=primefaces&v=4.0 HTTP/1.1" 304 -
191.156.58.69 - - [25/Jul/2022:10:54:35 -0500] "GET /sipse/faces/javax.faces.resource/jquery/jquery-plugins.js?ln=primefaces&v=4.0 HTTP/1.1" 304 -
191.156.58.69 - - [25/Jul/2022:10:54:35 -0500] "GET /sipse/faces/javax.faces.resource/primefaces.js?ln=primefaces&v=4.0 HTTP/1.1" 304 -
191.156.58.69 - - [25/Jul/2022:10:54:35 -0500] "GET /sipse/faces/javax.faces.resource/layout/layout.js?ln=primefaces&v=4.0 HTTP/1.1" 304 -
172.22.2.4 - - [25/Jul/2022:10:54:36 -0500] "GET /BLA/boletinlegal/consulta_actos.php?tipo=autos&no=3278&usuario=&sector=&fecha=2022&resuelve= HTTP/1.1" 200 1074
172.22.2.4 - - [25/Jul/2022:10:54:45 -0500] "GET /BLA/boletinlegal/consulta_actos.php?tipo=autos&no=3279&usuario=&sector=&fecha=2022&resuelve= HTTP/1.1" 200 1072
172.22.2.4 - - [25/Jul/2022:10:54:51 -0500] "GET /BLA/boletinlegal/consulta_actos.php?tipo=autos&no=3280&usuario=&sector=&fecha=2022&resuelve= HTTP/1.1" 200 1099
172.22.2.4 - - [25/Jul/2022:10:54:58 -0500] "GET /BLA/boletinlegal/consulta_actos.php?tipo=autos&no=3282&usuario=&sector=&fecha=2022&resuelve= HTTP/1.1" 200 1084
172.22.2.4 - - [25/Jul/2022:10:55:05 -0500] "GET /BLA/boletinlegal/consulta_actos.php?tipo=autos&no=3304&usuario=&sector=&fecha=2022&resuelve= HTTP/1.1" 200 1092
186.102.40.226 - - [25/Jul/2022:10:55:08 -0500] "GET /kwssiamovil/sm/ldap/au?x=U2FsdGVkX19eYYjIhmhc1WL0hUy9PrO/mejypE2gunBoISxmtwKn0+w6V1ks9IM/&y=U2FsdGVkX19+AvTitEEdtKMm9KPOLm3SNkE/K0RH1669AiN6D8+FBCdmJnTXRjke HTTP/1.1" 200 30
186.102.40.226 - - [25/Jul/2022:10:55:08 -0500] "GET /kwssiamovil/sm/acme/s?s=U2FsdGVkX1+Mrx4gpFL4yvfySgYLZz+sF0B4AqNs2q2uovuMtsBB4LqmuYrLfXRx1G44l561EhZ/iDYvAFE6Ab1J0UDCT/5GWA9/EW5WsOE=&u=U2FsdGVkX19qFoO3vzLLDPahtnJJ2L+W013H4DQaM+NbUiToVlPFWGYr5NCxsenO&y=U2FsdGVkX19+AvTitEEdtKMm9KPOLm3SNkE/K0RH1669AiN6D8+FBCdmJnTXRjke HTTP/1.1" 200 97
186.102.40.226 - - [25/Jul/2022:10:55:08 -0500] "GET /kwssiamovil/sm/acme/s?s=U2FsdGVkX1+4WxBfdbUvQBaiz/HyK9rRYadXHneJecSKxAGu/llkyQXHIbe2D3DlDt3ukY1gSyLVw/0sVmGOw6F3BQ5if9DkKar9p3Y/QsF9H8Yd+SIyWfJ6KrtUrtRvZJewvsH1sHX7Sf5Vqtokq7ofO41d++FcG+ysmbmjZ/fvCRBaZrdT3UThJQyxUFLio+Cx4p8bXgKZPido9Kp0wu4b31JOEn1u8M6T+2ZbYOjN603kGUQkgmVLAHOc7YNTOKq5UBTgXEe1HvSRXBOVDDe1o6p4d0dDfVPlQDvQKsMi/BFPiVeQsukdp8xB7Jnm70k0P0A8rOIky6wDgF78InK6/U7d6W//krrGyVrX9EZ1uOKYsdkxEmmvml7MRdKdcTf2GJ0yAWGoknldEzp3+ZYqIgcqp5oTtoTaTZ+PlvEf0/pE2ZjZqyC94rtBVJldE8o66yMh5FNiN+hHggzTBxOfHckWnzKS2F5jyJurKRH9Mbl76kxHY7AuN7nB3GBRszRK5NmK5hC0nO4N6pnINq2nJ1TF1ehNqY45AFE9UvZiJXgr9SHYtDM/wO2viZhaGx8F5zPw2PFGUAbXElpQ2li6oQPMTXW20LC0hcF3EYMogL1brmrCA3i4au/hDP2PP4S+WAWTRNKinYBzt0hftgN37XOv49s25uN+KM4xjHSBV4s2yB3NdVIKVgJkXb85v+8uyFVa6PkAqUCNnq0nJZaPWEzG/2CMtAxS8uXBXDh6Jd+3b/eN5CXXsRTORlA934qLIFdBhOkltVJcG4ePlWzOBfjRgAMnrFIsSxCKAK8SVpHe8FqILBfCZeZ1otbDftPULWo7P/AnOALCfTd58IjYmqzoLLU53iYngAVWyqurt3VoCS+sknInbysdpYHPL5BXaGUJLg1j+7uibs1UyYgxzp/cengAimtUc1PCUo5HE1uqqOkhIj8a7Dd3drTG880HrxD3tHr3w4w+BlFUvk5NJA4HStwG6brzI4/+noUPVYsEvmrC3cdlH1YRnndCjLaaMEAZ3TolciStF7JMVRrCiLjbiUiQ1CmCmp+1pwNEVo2YMCDEz7A70tDVq63Ix5kU56Fs2IJFSkvxsF5m+R4o65jPVJ7Bug5Nt4voTYa1WWS1I3xUV2Y2XO3gY9P7RF1EZbFm2rVBwvtWtLFcrhDQLh/q4dr4HaVP5N5gfmgdW4V9eNlOQ5GPRNZ5KTY86mtlQd/f5NVNg8U1LyzZRw+mS/9By0QgsPFyMbKAzIdIIm5uES2mhsExlDeQKdQCrXvEdCFZVTB3EutuNF8U59Z1BZTdbYjlST5jofzfXdQdAsSn/o3bb48CRuoyJNSUPA6LhB/uFeFR751ybuy161rn21lJSMdRhqI941IVfgs=&u=U2FsdGVkX19qFoO3vzLLDPahtnJJ2L+W013H4DQaM+NbUiToVlPFWGYr5NCxsenO&y=U2FsdGVkX19+AvTitEEdtKMm9KPOLm3SNkE/K0RH1669AiN6D8+FBCdmJnTXRjke HTTP/1.1" 200 8613
186.102.40.226 - - [25/Jul/2022:10:55:09 -0500] "GET /kwssiamovil/sm/acme/s?s=U2FsdGVkX18jdOSH6hmguXOdCZoiCM8pumCK+RByOSQ6iP5lBmPU5HuLaLBZtaOtaqY69lcj/ZcaRynMcc/88ML+t4+Twpnkh5Xan/ppxN+IQFxmJ25jva9JTVfM5mu6v2RJwvF42exo7OK0QHKCGWTu35FoyjAu4hXe2/s41qdes//zeFrG4mu9vlbDmyj17rmE/wDRELivcC2sV3Bys0r+85zzbZXFgvN1GMjtRvbDTxxMzlxrJ3tlnta6ZdEWsTjvRiYgqoa79v4hIfyfrgRWm/uSejmZ3WF/jF6ZBb4=&u=U2FsdGVkX19qFoO3vzLLDPahtnJJ2L+W013H4DQaM+NbUiToVlPFWGYr5NCxsenO&y=U2FsdGVkX19+AvTitEEdtKMm9KPOLm3SNkE/K0RH1669AiN6D8+FBCdmJnTXRjke HTTP/1.1" 200 176
186.102.40.226 - - [25/Jul/2022:10:55:09 -0500] "GET /kwssiamovil/sm/cjson/pre?f=1&x=U2FsdGVkX19eYYjIhmhc1WL0hUy9PrO/mejypE2gunBoISxmtwKn0+w6V1ks9IM/ HTTP/1.1" 200 30992
172.22.2.4 - - [25/Jul/2022:10:55:12 -0500] "GET /BLA/boletinlegal/consulta_actos.php?tipo=autos&no=3348&usuario=&sector=&fecha=2022&resuelve= HTTP/1.1" 200 1078
191.156.56.42 - - [25/Jul/2022:10:55:15 -0500] "POST /sipse/faces/presentacion/financiero/solicitudProceso/consultarSolicitudProceso.xhtml HTTP/1.1" 200 82466
191.156.56.42 - - [25/Jul/2022:10:55:16 -0500] "GET /sipse/faces/javax.faces.resource/theme.css?ln=primefaces-sipse HTTP/1.1" 304 -
191.156.62.110 - - [25/Jul/2022:10:55:16 -0500] "GET /sipse/faces/javax.faces.resource/primefaces.css?ln=primefaces&v=4.0 HTTP/1.1" 304 -
191.156.50.140 - - [25/Jul/2022:10:55:16 -0500] "GET /sipse/faces/javax.faces.resource/layout/layout.css?ln=primefaces&v=4.0 HTTP/1.1" 304 -
191.156.56.42 - - [25/Jul/2022:10:55:16 -0500] "GET /sipse/faces/javax.faces.resource/jquery/jquery.js?ln=primefaces&v=4.0 HTTP/1.1" 304 -
191.156.56.42 - - [25/Jul/2022:10:55:16 -0500] "GET /sipse/faces/javax.faces.resource/jquery/jquery-plugins.js?ln=primefaces&v=4.0 HTTP/1.1" 304 -
191.156.56.42 - - [25/Jul/2022:10:55:16 -0500] "GET /sipse/faces/javax.faces.resource/primefaces.js?ln=primefaces&v=4.0 HTTP/1.1" 304 -
191.156.56.42 - - [25/Jul/2022:10:55:16 -0500] "GET /sipse/faces/javax.faces.resource/layout/layout.js?ln=primefaces&v=4.0 HTTP/1.1" 304 -
172.22.2.4 - - [25/Jul/2022:10:55:18 -0500] "GET /BLA/boletinlegal/consulta_actos.php?tipo=autos&no=3350&usuario=&sector=&fecha=2022&resuelve= HTTP/1.1" 200 1118
172.22.2.4 - - [25/Jul/2022:10:55:19 -0500] "GET /BLA/boletinlegal/consulta_actos.php?tipo=autos&no=3350&usuario=&sector=&fecha=2022&resuelve= HTTP/1.1" 200 1118
201.245.192.253 - - [25/Jul/2022:10:55:18 -0500] "POST /kwsrmcab/Wsrmcab  HTTP/1.1" 200 213
191.156.58.69 - - [25/Jul/2022:10:55:19 -0500] "POST /sipse/faces/presentacion/financiero/solicitudProceso/crearModificarSolicitudProceso.xhtml HTTP/1.1" 200 127034
191.156.58.69 - - [25/Jul/2022:10:55:24 -0500] "GET /sipse/faces/javax.faces.resource/theme.css?ln=primefaces-sipse HTTP/1.1" 304 -
191.156.62.110 - - [25/Jul/2022:10:55:24 -0500] "GET /sipse/faces/javax.faces.resource/jquery/jquery.js?ln=primefaces&v=4.0 HTTP/1.1" 304 -
191.156.52.250 - - [25/Jul/2022:10:55:24 -0500] "GET /sipse/faces/javax.faces.resource/primefaces.css?ln=primefaces&v=4.0 HTTP/1.1" 304 -
