172.22.2.4 - - [25/Jul/2022:13:25:11 -0500] "GET /BLA/boletinlegal/consulta_conceptos.php?no=&solicitante=&radicado_entrada=&fecha_concepto=2014&objeto=PENDONES%20Y%20PASACALLES HTTP/1.1" 200 570
207.241.235.150 - - [25/Jul/2022:13:25:11 -0500] "GET /siipev/Diseno%20de%20Elementos%20de%20Mobiliario%20Urbano/Acciones%20Populares/images/sort_asc_disabled.html HTTP/1.0" 404 1388
207.241.235.150 - - [25/Jul/2022:13:25:13 -0500] "GET /siipev/Diseno%20de%20Elementos%20de%20Mobiliario%20Urbano/Acciones%20Populares/images/sort_desc_disabled.html HTTP/1.0" 404 1388
172.22.2.4 - - [25/Jul/2022:13:25:16 -0500] "GET /BLA/boletinlegal/consulta_conceptos.php?no=&solicitante=&radicado_entrada=&fecha_concepto=2015&objeto=PENDONES%20Y%20PASACALLES HTTP/1.1" 200 570
201.245.192.253 - - [25/Jul/2022:13:25:17 -0500] "POST /appsia/controlador HTTP/1.1" 200 76031
172.22.2.4 - - [25/Jul/2022:13:25:17 -0500] "GET /BLA/boletinlegal/consulta_conceptos.php?no=&solicitante=&radicado_entrada=&fecha_concepto=2015&objeto=PENDONES%20Y%20PASACALLES HTTP/1.1" 200 570
172.22.2.4 - - [25/Jul/2022:13:25:17 -0500] "GET /BLA/boletinlegal/consulta_conceptos.php?no=&solicitante=&radicado_entrada=&fecha_concepto=2015&objeto=PENDONES%20Y%20PASACALLES HTTP/1.1" 200 570
172.22.2.4 - - [25/Jul/2022:13:25:17 -0500] "GET /BLA/boletinlegal/consulta_conceptos.php?no=&solicitante=&radicado_entrada=&fecha_concepto=2015&objeto=PENDONES%20Y%20PASACALLES HTTP/1.1" 200 570
172.22.2.4 - - [25/Jul/2022:13:25:20 -0500] "GET /BLA/boletinlegal/consulta_conceptos.php?no=&solicitante=&radicado_entrada=&fecha_concepto=2016&objeto=PENDONES%20Y%20PASACALLES HTTP/1.1" 200 570
172.22.2.4 - - [25/Jul/2022:13:25:21 -0500] "GET /BLA/boletinlegal/consulta_conceptos.php?no=&solicitante=&radicado_entrada=&fecha_concepto=2016&objeto=PENDONES%20Y%20PASACALLES HTTP/1.1" 200 570
172.22.2.4 - - [25/Jul/2022:13:25:21 -0500] "GET /BLA/boletinlegal/consulta_conceptos.php?no=&solicitante=&radicado_entrada=&fecha_concepto=2016&objeto=PENDONES%20Y%20PASACALLES HTTP/1.1" 200 570
172.22.2.4 - - [25/Jul/2022:13:25:25 -0500] "GET /BLA/boletinlegal/consulta_conceptos.php?no=&solicitante=&radicado_entrada=&fecha_concepto=2017&objeto=PENDONES%20Y%20PASACALLES HTTP/1.1" 200 570
172.22.2.4 - - [25/Jul/2022:13:25:25 -0500] "GET /BLA/boletinlegal/consulta_conceptos.php?no=&solicitante=&radicado_entrada=&fecha_concepto=2017&objeto=PENDONES%20Y%20PASACALLES HTTP/1.1" 200 570
172.22.2.4 - - [25/Jul/2022:13:25:25 -0500] "GET /BLA/boletinlegal/consulta_conceptos.php?no=&solicitante=&radicado_entrada=&fecha_concepto=2017&objeto=PENDONES%20Y%20PASACALLES HTTP/1.1" 200 570
172.22.2.4 - - [25/Jul/2022:13:25:33 -0500] "GET /BLA/boletinlegal/consulta_conceptos.php?no=&solicitante=&radicado_entrada=&fecha_concepto=2010&objeto=PENDONES%20Y%20PASACALLES HTTP/1.1" 200 570
172.22.2.4 - - [25/Jul/2022:13:23:55 -0500] "GET /BLA/boletinlegal/ HTTP/1.1" 200 53187
172.22.2.4 - - [25/Jul/2022:13:25:42 -0500] "GET /BLA/boletinlegal/consulta_conceptos.php?no=&solicitante=&radicado_entrada=&fecha_concepto=2010&objeto=PENDONES%20Y%20PASACALLES HTTP/1.1" 200 570
172.22.2.4 - - [25/Jul/2022:13:25:46 -0500] "GET /BLA/boletinlegal/consulta_conceptos.php?no=&solicitante=&radicado_entrada=&fecha_concepto=2011&objeto=PENDONES%20Y%20PASACALLES HTTP/1.1" 200 570
172.22.2.4 - - [25/Jul/2022:13:25:48 -0500] "GET /BLA/boletinlegal/consulta_conceptos.php?no=&solicitante=&radicado_entrada=&fecha_concepto=2011&objeto=PENDONES%20Y%20PASACALLES HTTP/1.1" 200 570
172.22.2.4 - - [25/Jul/2022:13:25:48 -0500] "GET /BLA/boletinlegal/consulta_conceptos.php?no=&solicitante=&radicado_entrada=&fecha_concepto=2011&objeto=PENDONES%20Y%20PASACALLES HTTP/1.1" 200 570
172.22.2.4 - - [25/Jul/2022:13:25:48 -0500] "GET /BLA/boletinlegal/consulta_conceptos.php?no=&solicitante=&radicado_entrada=&fecha_concepto=2011&objeto=PENDONES%20Y%20PASACALLES HTTP/1.1" 200 570
172.22.2.4 - - [25/Jul/2022:13:25:49 -0500] "GET /BLA/boletinlegal/consulta_conceptos.php?no=&solicitante=&radicado_entrada=&fecha_concepto=2011&objeto=PENDONES%20Y%20PASACALLES HTTP/1.1" 200 570
172.22.2.4 - - [25/Jul/2022:13:25:51 -0500] "GET /BLA/boletinlegal/consulta_conceptos.php?no=&solicitante=&radicado_entrada=&fecha_concepto=2012&objeto=PENDONES%20Y%20PASACALLES HTTP/1.1" 200 570
172.22.2.4 - - [25/Jul/2022:13:25:52 -0500] "GET /BLA/boletinlegal/consulta_conceptos.php?no=&solicitante=&radicado_entrada=&fecha_concepto=2012&objeto=PENDONES%20Y%20PASACALLES HTTP/1.1" 200 570
172.22.2.4 - - [25/Jul/2022:13:25:52 -0500] "GET /BLA/boletinlegal/consulta_conceptos.php?no=&solicitante=&radicado_entrada=&fecha_concepto=2012&objeto=PENDONES%20Y%20PASACALLES HTTP/1.1" 200 570
172.22.2.4 - - [25/Jul/2022:13:25:53 -0500] "GET /BLA/boletinlegal/consulta_conceptos.php?no=&solicitante=&radicado_entrada=&fecha_concepto=2012&objeto=PENDONES%20Y%20PASACALLES HTTP/1.1" 200 570
172.22.2.4 - - [25/Jul/2022:13:25:53 -0500] "GET /BLA/boletinlegal/consulta_conceptos.php?no=&solicitante=&radicado_entrada=&fecha_concepto=2012&objeto=PENDONES%20Y%20PASACALLES HTTP/1.1" 200 570
172.22.2.4 - - [25/Jul/2022:13:25:54 -0500] "GET /BLA/boletinlegal/consulta_conceptos.php?no=&solicitante=&radicado_entrada=&fecha_concepto=2012&objeto=PENDONES%20Y%20PASACALLES HTTP/1.1" 200 570
172.22.2.4 - - [25/Jul/2022:13:25:54 -0500] "GET /BLA/boletinlegal/consulta_conceptos.php?no=&solicitante=&radicado_entrada=&fecha_concepto=2012&objeto=PENDONES%20Y%20PASACALLES HTTP/1.1" 200 570
172.22.2.4 - - [25/Jul/2022:13:25:57 -0500] "GET /BLA/boletinlegal/consulta_conceptos.php?no=&solicitante=&radicado_entrada=&fecha_concepto=2013&objeto=PENDONES%20Y%20PASACALLES HTTP/1.1" 200 570
172.22.2.4 - - [25/Jul/2022:13:26:01 -0500] "GET /BLA/boletinlegal/consulta_conceptos.php?no=&solicitante=&radicado_entrada=&fecha_concepto=2014&objeto=PENDONES%20Y%20PASACALLES HTTP/1.1" 200 570
66.249.79.111 - - [25/Jul/2022:13:26:56 -0500] "-" 408 -
216.245.221.92 - - [25/Jul/2022:13:26:59 -0500] "HEAD / HTTP/1.1" 200 -
172.22.2.4 - - [25/Jul/2022:13:27:49 -0500] "GET /BLA/boletinlegal/actos.php HTTP/1.1" 200 9559
172.22.2.4 - - [25/Jul/2022:13:27:49 -0500] "GET /BLA/boletinlegal/favicon.ico HTTP/1.1" 404 1326
181.63.220.121 - - [25/Jul/2022:13:27:52 -0500] "GET /BLA/resoluciones/ HTTP/1.1" 200 13093
181.63.220.121 - - [25/Jul/2022:13:27:52 -0500] "GET /favicon.ico HTTP/1.1" 200 7782
181.63.220.121 - - [25/Jul/2022:13:27:56 -0500] "GET /BLA/resoluciones/index.php?dir=RESOLUCIONES+2009%2F HTTP/1.1" 200 1694101
185.119.81.106 - - [25/Jul/2022:13:27:59 -0500] "GET /portaldeninos/wp-login.php HTTP/1.1" 200 2592
185.119.81.106 - - [25/Jul/2022:13:28:00 -0500] "POST /portaldeninos/wp-login.php HTTP/1.1" 200 3605
181.63.220.121 - - [25/Jul/2022:13:28:10 -0500] "GET /BLA/resoluciones/index.php?dir=RESOLUCIONES+2010%2F HTTP/1.1" 200 1307967
172.22.2.4 - - [25/Jul/2022:13:27:21 -0500] "GET /BLA/boletinlegal/ HTTP/1.1" 200 40907
181.63.220.121 - - [25/Jul/2022:13:28:30 -0500] "GET /BLA/resoluciones/RESOLUCIONES%202010/1670.pdf HTTP/1.1" 200 117356
181.63.220.121 - - [25/Jul/2022:13:28:31 -0500] "GET /BLA/resoluciones/RESOLUCIONES%202010/1671.pdf HTTP/1.1" 200 105182
181.63.220.121 - - [25/Jul/2022:13:28:32 -0500] "GET /BLA/resoluciones/RESOLUCIONES%202010/1672.pdf HTTP/1.1" 200 98953
172.22.2.4 - - [25/Jul/2022:13:28:36 -0500] "GET /BLA/boletinlegal/style.css HTTP/1.1" 200 9406
172.22.2.4 - - [25/Jul/2022:13:28:36 -0500] "GET /BLA/boletinlegal/styles2.css HTTP/1.1" 200 1838
172.22.2.4 - - [25/Jul/2022:13:28:36 -0500] "GET /BLA/boletinlegal/js/jquery.scrollTo-min.js HTTP/1.1" 200 1150
172.22.2.4 - - [25/Jul/2022:13:28:36 -0500] "GET /BLA/boletinlegal/js/jquery.js HTTP/1.1" 200 57254
172.22.2.4 - - [25/Jul/2022:13:28:36 -0500] "GET /BLA/boletinlegal/js/jquery.scrollShow.js HTTP/1.1" 200 4586
172.22.2.4 - - [25/Jul/2022:13:28:36 -0500] "GET /BLA/boletinlegal/images/cabezote%20BLEGAL.jpg HTTP/1.1" 200 118164
172.22.2.4 - - [25/Jul/2022:13:28:36 -0500] "GET /BLA/boletinlegal/images/subscribe-icon-big.png HTTP/1.1" 200 47702
172.22.2.4 - - [25/Jul/2022:13:28:36 -0500] "GET /BLA/boletinlegal/images/historia.png HTTP/1.1" 200 52775
172.22.2.4 - - [25/Jul/2022:13:28:36 -0500] "GET /BLA/boletinlegal/images/registro-usuarios.png HTTP/1.1" 200 8106
172.22.2.4 - - [25/Jul/2022:13:28:36 -0500] "GET /BLA/boletinlegal/images/arr_l.jpg HTTP/1.1" 200 1979
172.22.2.4 - - [25/Jul/2022:13:28:36 -0500] "GET /BLA/boletinlegal/images/screen_1.png HTTP/1.1" 200 202547
172.22.2.4 - - [25/Jul/2022:13:28:36 -0500] "GET /BLA/boletinlegal/images/launch.jpg HTTP/1.1" 200 14577
181.63.220.121 - - [25/Jul/2022:13:28:36 -0500] "GET /BLA/resoluciones/RESOLUCIONES%202010/1673.pdf HTTP/1.1" 200 524581
172.22.2.4 - - [25/Jul/2022:13:28:37 -0500] "GET /BLA/boletinlegal/images/body_bg.jpg HTTP/1.1" 200 1601
172.22.2.4 - - [25/Jul/2022:13:28:37 -0500] "GET /BLA/boletinlegal/images/menu_rght.gif HTTP/1.1" 200 1627
172.22.2.4 - - [25/Jul/2022:13:28:37 -0500] "GET /BLA/boletinlegal/images/bg_top.jpg HTTP/1.1" 200 522
172.22.2.4 - - [25/Jul/2022:13:28:37 -0500] "GET /BLA/boletinlegal/images/menu_lft.gif HTTP/1.1" 200 1713
172.22.2.4 - - [25/Jul/2022:13:28:37 -0500] "GET /BLA/boletinlegal/images/menu_bg.jpg HTTP/1.1" 200 620
172.22.2.4 - - [25/Jul/2022:13:28:37 -0500] "GET /BLA/boletinlegal/images/hover.jpg HTTP/1.1" 200 640
172.22.2.4 - - [25/Jul/2022:13:28:37 -0500] "GET /BLA/boletinlegal/images/text.jpg HTTP/1.1" 200 568
181.63.220.121 - - [25/Jul/2022:13:28:42 -0500] "GET /BLA/resoluciones/RESOLUCIONES%202010/1674.pdf HTTP/1.1" 200 398082
181.63.220.121 - - [25/Jul/2022:13:28:43 -0500] "GET /BLA/resoluciones/RESOLUCIONES%202010/1675.pdf HTTP/1.1" 200 282301
172.22.2.4 - - [25/Jul/2022:13:28:44 -0500] "GET /BLA/boletinlegal/images/screen_3.png HTTP/1.1" 200 210620
172.22.2.4 - - [25/Jul/2022:13:28:44 -0500] "GET /BLA/boletinlegal/images/arr_r.jpg HTTP/1.1" 200 1998
172.22.2.4 - - [25/Jul/2022:13:28:44 -0500] "GET /BLA/boletinlegal/images/footer_bg.jpg HTTP/1.1" 200 586
172.22.2.4 - - [25/Jul/2022:13:28:44 -0500] "GET /BLA/boletinlegal/images/screen_5.png HTTP/1.1" 200 368876
172.22.2.4 - - [25/Jul/2022:13:28:44 -0500] "GET /BLA/boletinlegal/images/screen_2.png HTTP/1.1" 200 362502
181.63.220.121 - - [25/Jul/2022:13:28:44 -0500] "GET /BLA/resoluciones/RESOLUCIONES%202010/1676.pdf HTTP/1.1" 200 304463
181.63.220.121 - - [25/Jul/2022:13:28:45 -0500] "GET /BLA/resoluciones/RESOLUCIONES%202010/1677.pdf HTTP/1.1" 200 281931
181.63.220.121 - - [25/Jul/2022:13:28:46 -0500] "GET /BLA/resoluciones/RESOLUCIONES%202010/1678.pdf HTTP/1.1" 200 299261
181.63.220.121 - - [25/Jul/2022:13:28:47 -0500] "GET /BLA/resoluciones/RESOLUCIONES%202010/1679.pdf HTTP/1.1" 200 284141
181.63.220.121 - - [25/Jul/2022:13:28:48 -0500] "GET /BLA/resoluciones/RESOLUCIONES%202010/1680.pdf HTTP/1.1" 200 305043
181.63.220.121 - - [25/Jul/2022:13:28:49 -0500] "GET /BLA/resoluciones/RESOLUCIONES%202010/1681.pdf HTTP/1.1" 200 306935
181.63.220.121 - - [25/Jul/2022:13:28:50 -0500] "GET /BLA/resoluciones/RESOLUCIONES%202010/1682.pdf HTTP/1.1" 200 307636
181.63.220.121 - - [25/Jul/2022:13:28:52 -0500] "GET /BLA/resoluciones/RESOLUCIONES%202010/1683.pdf HTTP/1.1" 200 443735
181.63.220.121 - - [25/Jul/2022:13:28:53 -0500] "GET /BLA/resoluciones/RESOLUCIONES%202010/1684.pdf HTTP/1.1" 200 440903
172.22.2.4 - - [25/Jul/2022:13:28:54 -0500] "GET /BLA/boletinlegal/images/pdf.gif HTTP/1.1" 200 567
181.63.220.121 - - [25/Jul/2022:13:28:54 -0500] "GET /BLA/resoluciones/RESOLUCIONES%202010/1685.pdf HTTP/1.1" 200 382382
181.63.220.121 - - [25/Jul/2022:13:28:55 -0500] "GET /BLA/resoluciones/RESOLUCIONES%202010/1686.pdf HTTP/1.1" 200 295415
181.63.220.121 - - [25/Jul/2022:13:28:56 -0500] "GET /BLA/resoluciones/RESOLUCIONES%202010/1687.pdf HTTP/1.1" 200 288133
181.63.220.121 - - [25/Jul/2022:13:28:57 -0500] "GET /BLA/resoluciones/RESOLUCIONES%202010/1688.pdf HTTP/1.1" 200 301119
181.63.220.121 - - [25/Jul/2022:13:29:01 -0500] "GET /BLA/resoluciones/RESOLUCIONES%202010/1689.pdf HTTP/1.1" 200 490599
181.63.220.121 - - [25/Jul/2022:13:29:02 -0500] "GET /BLA/resoluciones/RESOLUCIONES%202010/1690.pdf HTTP/1.1" 200 365308
181.63.220.121 - - [25/Jul/2022:13:29:04 -0500] "GET /BLA/resoluciones/RESOLUCIONES%202010/1691.pdf HTTP/1.1" 200 302960
181.63.220.121 - - [25/Jul/2022:13:29:06 -0500] "GET /BLA/resoluciones/RESOLUCIONES%202010/1692.pdf HTTP/1.1" 200 488795
181.63.220.121 - - [25/Jul/2022:13:29:08 -0500] "GET /BLA/resoluciones/RESOLUCIONES%202010/1693.pdf HTTP/1.1" 200 379304
181.63.220.121 - - [25/Jul/2022:13:29:10 -0500] "GET /BLA/resoluciones/RESOLUCIONES%202010/1694.pdf HTTP/1.1" 200 370680
172.22.2.4 - - [25/Jul/2022:13:29:10 -0500] "GET /BLA/boletinlegal/actos.php HTTP/1.1" 200 9559
172.22.2.4 - - [25/Jul/2022:13:29:10 -0500] "GET /BLA/boletinlegal/js/ajax_actos.js HTTP/1.1" 200 1322
172.22.2.4 - - [25/Jul/2022:13:29:10 -0500] "GET /BLA/boletinlegal/niceforms-default.css HTTP/1.1" 200 6694
172.22.2.4 - - [25/Jul/2022:13:29:10 -0500] "GET /BLA/boletinlegal/niceforms.js HTTP/1.1" 200 22876
172.22.2.4 - - [25/Jul/2022:13:29:10 -0500] "GET /BLA/boletinlegal/js/lib.js HTTP/1.1" 200 6474
172.22.2.4 - - [25/Jul/2022:13:29:10 -0500] "GET /BLA/boletinlegal/js/popup.js HTTP/1.1" 200 1270
172.22.2.4 - - [25/Jul/2022:13:29:11 -0500] "GET /BLA/boletinlegal/js/jquery1.js HTTP/1.1" 200 29846
172.22.2.4 - - [25/Jul/2022:13:29:11 -0500] "GET /BLA/boletinlegal/images/green-yellow-blue-pink-th.png HTTP/1.1" 200 7394
172.22.2.4 - - [25/Jul/2022:13:29:11 -0500] "GET /BLA/boletinlegal/images/abajo.png HTTP/1.1" 200 96676
172.22.2.4 - - [25/Jul/2022:13:29:11 -0500] "GET /BLA/boletinlegal/images/tel.png HTTP/1.1" 200 14477
172.22.2.4 - - [25/Jul/2022:13:29:11 -0500] "GET /BLA/boletinlegal/images/icono-email.png HTTP/1.1" 200 5544
172.22.2.4 - - [25/Jul/2022:13:29:11 -0500] "GET /BLA/boletinlegal/images/footer_bg_l.jpg HTTP/1.1" 200 776
181.63.220.121 - - [25/Jul/2022:13:29:11 -0500] "GET /BLA/resoluciones/RESOLUCIONES%202010/1695.pdf HTTP/1.1" 200 326326
172.22.2.4 - - [25/Jul/2022:13:29:11 -0500] "GET /BLA/boletinlegal/img/0.png HTTP/1.1" 200 110
172.22.2.4 - - [25/Jul/2022:13:29:11 -0500] "GET /BLA/boletinlegal/img/select-right.png HTTP/1.1" 200 44019
172.22.2.4 - - [25/Jul/2022:13:29:11 -0500] "GET /BLA/boletinlegal/img/select-left.png HTTP/1.1" 200 263
172.22.2.4 - - [25/Jul/2022:13:29:11 -0500] "GET /BLA/boletinlegal/img/button-left.png HTTP/1.1" 200 57071
172.22.2.4 - - [25/Jul/2022:13:29:11 -0500] "GET /BLA/boletinlegal/img/button.png HTTP/1.1" 200 43241
172.22.2.4 - - [25/Jul/2022:13:29:11 -0500] "GET /BLA/boletinlegal/favicon.ico HTTP/1.1" 404 1326
172.22.2.4 - - [25/Jul/2022:13:29:11 -0500] "GET /BLA/boletinlegal/img/button-right.png HTTP/1.1" 200 57878
172.22.2.4 - - [25/Jul/2022:13:29:19 -0500] "GET /BLA/boletinlegal/consulta_actos.php?tipo=resoluciones&no=0954&usuario=&sector=&fecha=2022&resuelve= HTTP/1.1" 200 1101
172.22.2.4 - - [25/Jul/2022:13:29:25 -0500] "GET /BLA/boletinlegal/consulta_actos.php?tipo=resoluciones&no=0954&usuario=&sector=&fecha=2022&resuelve= HTTP/1.1" 200 1101
181.63.220.121 - - [25/Jul/2022:13:29:26 -0500] "GET /BLA/resoluciones/RESOLUCIONES%202010/1696.pdf HTTP/1.1" 200 422222
181.63.220.121 - - [25/Jul/2022:13:29:28 -0500] "GET /BLA/resoluciones/RESOLUCIONES%202010/1697.pdf HTTP/1.1" 200 318306
181.63.220.121 - - [25/Jul/2022:13:29:30 -0500] "GET /BLA/resoluciones/RESOLUCIONES%202010/1698.pdf HTTP/1.1" 200 293133
181.61.34.95 - - [25/Jul/2022:13:29:35 -0500] "GET /BLA/resoluciones/RESOLUCIONES%202022/0954.pdf HTTP/1.1" 200 1375734
181.61.34.95 - - [25/Jul/2022:13:29:35 -0500] "GET /favicon.ico HTTP/1.1" 200 7782
201.245.192.253 - - [25/Jul/2022:13:29:45 -0500] "POST /kwsrmcab/Wsrmcab  HTTP/1.1" 200 213
172.22.2.4 - - [25/Jul/2022:13:28:08 -0500] "HEAD /BLA/boletinlegal/ HTTP/1.1" 200 -
172.22.2.4 - - [25/Jul/2022:13:28:35 -0500] "GET /BLA/boletinlegal/ HTTP/1.1" 200 47370
181.63.220.121 - - [25/Jul/2022:13:30:19 -0500] "GET /BLA/resoluciones/RESOLUCIONES%202010/1699.pdf HTTP/1.1" 200 307584
181.63.220.121 - - [25/Jul/2022:13:30:20 -0500] "GET /BLA/resoluciones/RESOLUCIONES%202010/1700.pdf HTTP/1.1" 200 555573
181.63.220.121 - - [25/Jul/2022:13:30:22 -0500] "GET /BLA/resoluciones/RESOLUCIONES%202010/1701.pdf HTTP/1.1" 200 290087
181.63.220.121 - - [25/Jul/2022:13:30:24 -0500] "GET /BLA/resoluciones/RESOLUCIONES%202010/1702.pdf HTTP/1.1" 200 323153
181.63.220.121 - - [25/Jul/2022:13:30:25 -0500] "GET /BLA/resoluciones/RESOLUCIONES%202010/1703.pdf HTTP/1.1" 200 314217
181.63.220.121 - - [25/Jul/2022:13:30:26 -0500] "GET /BLA/resoluciones/RESOLUCIONES%202010/1704.pdf HTTP/1.1" 200 311013
181.63.220.121 - - [25/Jul/2022:13:30:27 -0500] "GET /BLA/resoluciones/RESOLUCIONES%202010/1705.pdf HTTP/1.1" 200 309413
181.63.220.121 - - [25/Jul/2022:13:30:29 -0500] "GET /BLA/resoluciones/RESOLUCIONES%202010/1706.pdf HTTP/1.1" 200 428788
181.63.220.121 - - [25/Jul/2022:13:30:31 -0500] "GET /BLA/resoluciones/RESOLUCIONES%202010/1707.pdf HTTP/1.1" 200 414654
181.63.220.121 - - [25/Jul/2022:13:30:32 -0500] "GET /BLA/resoluciones/RESOLUCIONES%202010/1708.pdf HTTP/1.1" 200 414620
181.63.220.121 - - [25/Jul/2022:13:30:33 -0500] "GET /BLA/resoluciones/RESOLUCIONES%202010/1709.pdf HTTP/1.1" 200 414550
181.63.220.121 - - [25/Jul/2022:13:30:34 -0500] "GET /BLA/resoluciones/RESOLUCIONES%202010/1710.pdf HTTP/1.1" 200 413304
181.63.220.121 - - [25/Jul/2022:13:30:36 -0500] "GET /BLA/resoluciones/RESOLUCIONES%202010/1711.pdf HTTP/1.1" 200 388982
181.63.220.121 - - [25/Jul/2022:13:30:37 -0500] "GET /BLA/resoluciones/RESOLUCIONES%202010/1712.pdf HTTP/1.1" 200 371648
181.63.220.121 - - [25/Jul/2022:13:30:38 -0500] "GET /BLA/resoluciones/RESOLUCIONES%202010/1713.pdf HTTP/1.1" 200 380330
172.22.2.4 - - [25/Jul/2022:13:28:59 -0500] "GET /BLA/boletinlegal/ HTTP/1.1" 200 49236
181.63.220.121 - - [25/Jul/2022:13:30:39 -0500] "GET /BLA/resoluciones/RESOLUCIONES%202010/1714.pdf HTTP/1.1" 200 383438
181.63.220.121 - - [25/Jul/2022:13:30:41 -0500] "GET /BLA/resoluciones/RESOLUCIONES%202010/1715.pdf HTTP/1.1" 200 396824
181.63.220.121 - - [25/Jul/2022:13:30:42 -0500] "GET /BLA/resoluciones/RESOLUCIONES%202010/1716.pdf HTTP/1.1" 200 383822
181.63.220.121 - - [25/Jul/2022:13:30:43 -0500] "GET /BLA/resoluciones/RESOLUCIONES%202010/1717.pdf HTTP/1.1" 200 400774
181.63.220.121 - - [25/Jul/2022:13:30:44 -0500] "GET /BLA/resoluciones/RESOLUCIONES%202010/1718.pdf HTTP/1.1" 200 401836
181.63.220.121 - - [25/Jul/2022:13:30:46 -0500] "GET /BLA/resoluciones/RESOLUCIONES%202010/1719.pdf HTTP/1.1" 200 406692
181.63.220.121 - - [25/Jul/2022:13:30:49 -0500] "GET /BLA/resoluciones/RESOLUCIONES%202010/1720.pdf HTTP/1.1" 200 409818
181.63.220.121 - - [25/Jul/2022:13:30:52 -0500] "GET /BLA/resoluciones/RESOLUCIONES%202010/1721.pdf HTTP/1.1" 200 404174
181.63.220.121 - - [25/Jul/2022:13:30:53 -0500] "GET /BLA/resoluciones/RESOLUCIONES%202010/1722.pdf HTTP/1.1" 200 401106
181.63.220.121 - - [25/Jul/2022:13:30:55 -0500] "GET /BLA/resoluciones/RESOLUCIONES%202010/1723.pdf HTTP/1.1" 200 409426
181.63.220.121 - - [25/Jul/2022:13:30:57 -0500] "GET /BLA/resoluciones/RESOLUCIONES%202010/1724.pdf HTTP/1.1" 200 410664
181.63.220.121 - - [25/Jul/2022:13:31:00 -0500] "GET /BLA/resoluciones/RESOLUCIONES%202010/1725.pdf HTTP/1.1" 200 417969
181.63.220.121 - - [25/Jul/2022:13:31:02 -0500] "GET /BLA/resoluciones/RESOLUCIONES%202010/1726.pdf HTTP/1.1" 200 537819
181.63.220.121 - - [25/Jul/2022:13:31:04 -0500] "GET /BLA/resoluciones/RESOLUCIONES%202010/1727.pdf HTTP/1.1" 200 553241
201.245.192.253 - - [25/Jul/2022:13:31:02 -0500] "POST /kwsrmcab/Wsrmcab HTTP/1.1" 200 46604
181.63.220.121 - - [25/Jul/2022:13:31:06 -0500] "GET /BLA/resoluciones/RESOLUCIONES%202010/1728.pdf HTTP/1.1" 200 440278
181.63.220.121 - - [25/Jul/2022:13:31:08 -0500] "GET /BLA/resoluciones/RESOLUCIONES%202010/1729.pdf HTTP/1.1" 200 557549
201.245.192.253 - - [25/Jul/2022:13:31:07 -0500] "POST /kwsrmcab/Wsrmcab HTTP/1.1" 200 45985
181.63.220.121 - - [25/Jul/2022:13:31:10 -0500] "GET /BLA/resoluciones/RESOLUCIONES%202010/1730.pdf HTTP/1.1" 200 83477
191.156.236.103 - - [25/Jul/2022:13:31:27 -0500] "GET /catalogoisis/Css/Busqueda.css HTTP/1.1" 200 1995
191.156.236.103 - - [25/Jul/2022:13:31:27 -0500] "GET /catalogoisis/Js/AceptarLimpiar.js HTTP/1.1" 200 331
191.156.236.103 - - [25/Jul/2022:13:31:27 -0500] "GET /catalogoisis/Js/CriterioCombinada.js HTTP/1.1" 200 1843
191.156.236.103 - - [25/Jul/2022:13:31:27 -0500] "GET /catalogoisis/Js/LimpiarCombinada.js HTTP/1.1" 200 207
191.156.236.103 - - [25/Jul/2022:13:31:27 -0500] "GET /catalogoisis/Js/Cookies.js HTTP/1.1" 200 1369
191.156.236.103 - - [25/Jul/2022:13:31:26 -0500] "GET /catalogoisis/ HTTP/1.1" 200 8575
191.156.236.103 - - [25/Jul/2022:13:31:27 -0500] "GET /catalogoisis/Js/Remote.js HTTP/1.1" 200 436
191.156.236.103 - - [25/Jul/2022:13:31:27 -0500] "GET /catalogoisis/Js/Go.js HTTP/1.1" 200 364
191.156.236.103 - - [25/Jul/2022:13:31:27 -0500] "GET /catalogoisis/Js/Numero.js HTTP/1.1" 200 398
191.156.236.103 - - [25/Jul/2022:13:31:27 -0500] "GET /catalogoisis/Js/Enter.js HTTP/1.1" 200 1208
191.156.236.103 - - [25/Jul/2022:13:31:27 -0500] "GET /catalogoisis/imagenes/br1c1.gif HTTP/1.1" 200 172
191.156.236.103 - - [25/Jul/2022:13:31:27 -0500] "GET /catalogoisis/imagenes/br1c3.gif HTTP/1.1" 200 302
191.156.236.103 - - [25/Jul/2022:13:31:27 -0500] "GET /catalogoisis/imagenes/Turnbo1.gif HTTP/1.1" 200 227
191.156.236.103 - - [25/Jul/2022:13:31:27 -0500] "GET /catalogoisis/imagenes/limpiar1.gif HTTP/1.1" 200 606
191.156.236.103 - - [25/Jul/2022:13:31:27 -0500] "GET /catalogoisis/imagenes/aceptar1.gif HTTP/1.1" 200 604
191.156.236.103 - - [25/Jul/2022:13:31:27 -0500] "GET /catalogoisis/imagenes/br1c2.gif HTTP/1.1" 200 297
191.156.236.103 - - [25/Jul/2022:13:31:27 -0500] "GET /catalogoisis/imagenes/br2c3.gif HTTP/1.1" 200 416
191.156.236.103 - - [25/Jul/2022:13:31:27 -0500] "GET /catalogoisis/imagenes/br2c2.gif HTTP/1.1" 200 302
191.156.236.103 - - [25/Jul/2022:13:31:27 -0500] "GET /catalogoisis/imagenes/br2c1.gif HTTP/1.1" 200 297
191.156.236.103 - - [25/Jul/2022:13:31:27 -0500] "GET /catalogoisis/imagenes/br3c1.gif HTTP/1.1" 200 177
191.156.236.103 - - [25/Jul/2022:13:31:27 -0500] "GET /catalogoisis/imagenes/br3c3.gif HTTP/1.1" 200 186
191.156.236.103 - - [25/Jul/2022:13:31:27 -0500] "GET /catalogoisis/imagenes/br3c2.gif HTTP/1.1" 200 285
191.156.236.103 - - [25/Jul/2022:13:31:27 -0500] "GET /catalogoisis/imagenes/Header.gif HTTP/1.1" 200 30313
191.156.236.103 - - [25/Jul/2022:13:31:28 -0500] "GET /favicon.ico HTTP/1.1" 200 7782
194.187.171.90 - - [25/Jul/2022:13:31:31 -0500] "GET /favicon.ico HTTP/1.1" 200 7782
216.245.221.92 - - [25/Jul/2022:13:31:59 -0500] "HEAD / HTTP/1.1" 200 -
181.63.220.121 - - [25/Jul/2022:13:32:17 -0500] "GET /BLA/resoluciones/RESOLUCIONES%202010/1731.pdf HTTP/1.1" 200 498479
181.63.220.121 - - [25/Jul/2022:13:32:18 -0500] "GET /BLA/resoluciones/RESOLUCIONES%202010/1732.pdf HTTP/1.1" 200 495699
181.63.220.121 - - [25/Jul/2022:13:32:20 -0500] "GET /BLA/resoluciones/RESOLUCIONES%202010/1733.pdf HTTP/1.1" 200 484315
181.63.220.121 - - [25/Jul/2022:13:32:21 -0500] "GET /BLA/resoluciones/RESOLUCIONES%202010/1734.pdf HTTP/1.1" 200 490857
181.63.220.121 - - [25/Jul/2022:13:32:22 -0500] "GET /BLA/resoluciones/RESOLUCIONES%202010/1735.pdf HTTP/1.1" 200 486887
181.63.220.121 - - [25/Jul/2022:13:32:23 -0500] "GET /BLA/resoluciones/RESOLUCIONES%202010/1736.pdf HTTP/1.1" 200 493281
181.63.220.121 - - [25/Jul/2022:13:32:24 -0500] "GET /BLA/resoluciones/RESOLUCIONES%202010/1737.pdf HTTP/1.1" 200 496703
181.63.220.121 - - [25/Jul/2022:13:32:25 -0500] "GET /BLA/resoluciones/RESOLUCIONES%202010/1738.pdf HTTP/1.1" 200 480303
181.63.220.121 - - [25/Jul/2022:13:32:26 -0500] "GET /BLA/resoluciones/RESOLUCIONES%202010/1739.pdf HTTP/1.1" 200 555029
181.63.220.121 - - [25/Jul/2022:13:32:28 -0500] "GET /BLA/resoluciones/RESOLUCIONES%202010/1740.pdf HTTP/1.1" 200 509141
181.63.220.121 - - [25/Jul/2022:13:32:29 -0500] "GET /BLA/resoluciones/RESOLUCIONES%202010/1741.pdf HTTP/1.1" 200 494483
181.63.220.121 - - [25/Jul/2022:13:32:30 -0500] "GET /BLA/resoluciones/RESOLUCIONES%202010/1742.pdf HTTP/1.1" 200 488439
181.63.220.121 - - [25/Jul/2022:13:32:31 -0500] "GET /BLA/resoluciones/RESOLUCIONES%202010/1743.pdf HTTP/1.1" 200 486999
181.63.220.121 - - [25/Jul/2022:13:32:32 -0500] "GET /BLA/resoluciones/RESOLUCIONES%202010/1744.pdf HTTP/1.1" 200 478366
181.63.220.121 - - [25/Jul/2022:13:32:34 -0500] "GET /BLA/resoluciones/RESOLUCIONES%202010/1745.pdf HTTP/1.1" 200 360084
201.245.192.253 - - [25/Jul/2022:13:32:35 -0500] "POST /sipse/faces/presentacion/financiero/solicitudProceso/consultarHistorialSolProceso.xhtml HTTP/1.1" 200 2703
181.63.220.121 - - [25/Jul/2022:13:32:35 -0500] "GET /BLA/resoluciones/RESOLUCIONES%202010/1746.pdf HTTP/1.1" 200 83729
201.245.192.253 - - [25/Jul/2022:13:32:36 -0500] "POST /sipse/faces/presentacion/financiero/solicitudProceso/consultarHistorialSolProceso.xhtml HTTP/1.1" 200 84577
201.245.192.253 - - [25/Jul/2022:13:32:36 -0500] "GET /sipse/faces/javax.faces.resource/theme.css?ln=primefaces-sipse HTTP/1.1" 304 -
201.245.192.253 - - [25/Jul/2022:13:32:36 -0500] "GET /sipse/faces/javax.faces.resource/layout/layout.css?ln=primefaces&v=4.0 HTTP/1.1" 304 -
201.245.192.253 - - [25/Jul/2022:13:32:36 -0500] "GET /sipse/faces/javax.faces.resource/primefaces.css?ln=primefaces&v=4.0 HTTP/1.1" 304 -
201.245.192.253 - - [25/Jul/2022:13:32:36 -0500] "GET /sipse/css/imagen/contrasena.png HTTP/1.1" 404 383
201.245.192.253 - - [25/Jul/2022:13:32:36 -0500] "GET /sipse/faces/javax.faces.resource/jquery/jquery.js?ln=primefaces&v=4.0 HTTP/1.1" 304 -
201.245.192.253 - - [25/Jul/2022:13:32:36 -0500] "GET /sipse/faces/javax.faces.resource/jquery/jquery-plugins.js?ln=primefaces&v=4.0 HTTP/1.1" 304 -
201.245.192.253 - - [25/Jul/2022:13:32:36 -0500] "GET /sipse/faces/javax.faces.resource/primefaces.js?ln=primefaces&v=4.0 HTTP/1.1" 304 -
201.245.192.253 - - [25/Jul/2022:13:32:36 -0500] "GET /sipse/faces/javax.faces.resource/layout/layout.js?ln=primefaces&v=4.0 HTTP/1.1" 304 -
201.245.192.253 - - [25/Jul/2022:13:32:36 -0500] "GET /sipse/faces/javax.faces.resource/images/ui-icons_898989_256x240.png?ln=primefaces-aristo HTTP/1.1" 304 -
181.63.220.121 - - [25/Jul/2022:13:32:36 -0500] "GET /BLA/resoluciones/RESOLUCIONES%202010/1747.pdf HTTP/1.1" 200 413514
181.63.220.121 - - [25/Jul/2022:13:32:38 -0500] "GET /BLA/resoluciones/RESOLUCIONES%202010/1748.pdf HTTP/1.1" 200 404414
181.63.220.121 - - [25/Jul/2022:13:32:39 -0500] "GET /BLA/resoluciones/RESOLUCIONES%202010/1749.pdf HTTP/1.1" 200 437428
201.245.192.253 - - [25/Jul/2022:13:32:40 -0500] "GET /sipse/faces/javax.faces.resource/images/ui-bg_flat_0_2d5972_40x100.png?ln=primefaces-aristo HTTP/1.1" 304 -
201.245.192.253 - - [25/Jul/2022:13:32:40 -0500] "POST /sipse/faces/presentacion/proyectos/proyecto/listarProyecto.xhtml HTTP/1.1" 200 163
201.245.192.253 - - [25/Jul/2022:13:32:40 -0500] "GET /sipse/faces/presentacion/proyectos/proyecto/proyecto.xhtml HTTP/1.1" 200 90168
201.245.192.253 - - [25/Jul/2022:13:32:41 -0500] "GET /sipse/faces/javax.faces.resource/primefaces.css?ln=primefaces&v=4.0 HTTP/1.1" 304 -
201.245.192.253 - - [25/Jul/2022:13:32:41 -0500] "GET /sipse/faces/javax.faces.resource/theme.css?ln=primefaces-sipse HTTP/1.1" 304 -
201.245.192.253 - - [25/Jul/2022:13:32:41 -0500] "GET /sipse/faces/javax.faces.resource/layout/layout.css?ln=primefaces&v=4.0 HTTP/1.1" 304 -
201.245.192.253 - - [25/Jul/2022:13:32:41 -0500] "GET /sipse/faces/javax.faces.resource/jquery/jquery-plugins.js?ln=primefaces&v=4.0 HTTP/1.1" 304 -
201.245.192.253 - - [25/Jul/2022:13:32:41 -0500] "GET /sipse/faces/javax.faces.resource/jquery/jquery.js?ln=primefaces&v=4.0 HTTP/1.1" 304 -
201.245.192.253 - - [25/Jul/2022:13:32:41 -0500] "GET /sipse/faces/javax.faces.resource/primefaces.js?ln=primefaces&v=4.0 HTTP/1.1" 304 -
201.245.192.253 - - [25/Jul/2022:13:32:41 -0500] "GET /sipse/faces/javax.faces.resource/layout/layout.js?ln=primefaces&v=4.0 HTTP/1.1" 304 -
201.245.192.253 - - [25/Jul/2022:13:32:41 -0500] "GET /sipse/css/imagen/contrasena.png HTTP/1.1" 404 383
201.245.192.253 - - [25/Jul/2022:13:32:41 -0500] "GET /sipse/faces/javax.faces.resource/images/ui-icons_898989_256x240.png?ln=primefaces-aristo HTTP/1.1" 304 -
201.245.192.253 - - [25/Jul/2022:13:32:41 -0500] "GET /sipse/faces/javax.faces.resource/images/ui-bg_flat_0_2d5972_40x100.png?ln=primefaces-aristo HTTP/1.1" 304 -
201.245.192.253 - - [25/Jul/2022:13:32:41 -0500] "POST /sipse/faces/presentacion/proyectos/proyecto/proyecto.xhtml HTTP/1.1" 200 3249
181.63.220.121 - - [25/Jul/2022:13:32:41 -0500] "GET /BLA/resoluciones/RESOLUCIONES%202010/1750.pdf HTTP/1.1" 200 95037
181.63.220.121 - - [25/Jul/2022:13:32:43 -0500] "GET /BLA/resoluciones/RESOLUCIONES%202010/1751.pdf HTTP/1.1" 200 377830
181.63.220.121 - - [25/Jul/2022:13:32:44 -0500] "GET /BLA/resoluciones/RESOLUCIONES%202010/1752.pdf HTTP/1.1" 200 497735
181.63.220.121 - - [25/Jul/2022:13:32:46 -0500] "GET /BLA/resoluciones/RESOLUCIONES%202010/1753.pdf HTTP/1.1" 200 520479
201.245.192.253 - - [25/Jul/2022:13:32:46 -0500] "POST /sipse/faces/presentacion/proyectos/proyecto/proyecto.xhtml HTTP/1.1" 200 43683
201.245.192.253 - - [25/Jul/2022:13:32:47 -0500] "GET /sipse/faces/javax.faces.resource/spacer/dot_clear.gif?ln=primefaces&v=4.0 HTTP/1.1" 304 -
201.245.192.253 - - [25/Jul/2022:13:32:47 -0500] "POST /sipse/faces/presentacion/proyectos/proyecto/proyecto.xhtml HTTP/1.1" 200 3949
181.63.220.121 - - [25/Jul/2022:13:32:48 -0500] "GET /BLA/resoluciones/RESOLUCIONES%202010/1754.pdf HTTP/1.1" 200 734126
181.63.220.121 - - [25/Jul/2022:13:32:50 -0500] "GET /BLA/resoluciones/RESOLUCIONES%202010/1755.pdf HTTP/1.1" 200 592068
201.245.192.253 - - [25/Jul/2022:13:32:50 -0500] "POST /sipse/faces/presentacion/proyectos/proyecto/proyecto.xhtml HTTP/1.1" 200 71385
181.63.220.121 - - [25/Jul/2022:13:32:53 -0500] "GET /BLA/resoluciones/RESOLUCIONES%202010/1756.pdf HTTP/1.1" 200 274663
181.63.220.121 - - [25/Jul/2022:13:32:55 -0500] "GET /BLA/resoluciones/RESOLUCIONES%202010/1757.pdf HTTP/1.1" 200 355611
181.63.220.121 - - [25/Jul/2022:13:32:57 -0500] "GET /BLA/resoluciones/RESOLUCIONES%202010/1758.pdf HTTP/1.1" 200 492553
181.63.220.121 - - [25/Jul/2022:13:32:59 -0500] "GET /BLA/resoluciones/RESOLUCIONES%202010/1759.pdf HTTP/1.1" 200 437538
181.63.220.121 - - [25/Jul/2022:13:33:01 -0500] "GET /BLA/resoluciones/RESOLUCIONES%202010/1760.pdf HTTP/1.1" 200 452645
181.63.220.121 - - [25/Jul/2022:13:33:05 -0500] "GET /BLA/resoluciones/RESOLUCIONES%202010/1761.pdf HTTP/1.1" 200 647958
181.63.220.121 - - [25/Jul/2022:13:33:08 -0500] "GET /BLA/resoluciones/RESOLUCIONES%202010/1762.pdf HTTP/1.1" 200 498555
181.63.220.121 - - [25/Jul/2022:13:33:09 -0500] "GET /BLA/resoluciones/RESOLUCIONES%202010/1763.pdf HTTP/1.1" 200 655422
181.63.220.121 - - [25/Jul/2022:13:33:11 -0500] "GET /BLA/resoluciones/RESOLUCIONES%202010/1764.pdf HTTP/1.1" 200 450831
181.53.12.106 - - [25/Jul/2022:13:33:45 -0500] "GET /mesa/contrasena.pdf HTTP/1.1" 200 443199
181.53.12.106 - - [25/Jul/2022:13:33:45 -0500] "GET /mesa/contrasena.pdf HTTP/1.1" 206 1
181.53.12.106 - - [25/Jul/2022:13:33:45 -0500] "GET /mesa/contrasena.pdf HTTP/1.1" 206 423031
201.245.192.253 - - [25/Jul/2022:13:34:44 -0500] "POST /kwsrmcab/Wsrmcab  HTTP/1.1" 200 213
173.252.127.3 - - [25/Jul/2022:13:35:14 -0500] "GET /images/negocios-verdes-mayo-2022.jpg HTTP/1.1" 200 48000
172.22.2.4 - - [25/Jul/2022:13:35:16 -0500] "GET /BLA/boletinlegal/actos.php HTTP/1.1" 200 9559
172.22.2.4 - - [25/Jul/2022:13:35:22 -0500] "GET /BLA/boletinlegal/favicon.ico HTTP/1.1" 404 1326
186.86.128.189 - - [25/Jul/2022:13:35:21 -0500] "GET /BLA/resoluciones/ HTTP/1.1" 200 13093
172.22.2.4 - - [25/Jul/2022:13:33:58 -0500] "HEAD /BLA/boletinlegal/ HTTP/1.1" 200 -
186.86.128.189 - - [25/Jul/2022:13:35:43 -0500] "GET /BLA/resoluciones/AUTOS%202021/0966.pdf HTTP/1.1" 200 357752
186.86.128.189 - - [25/Jul/2022:13:35:29 -0500] "GET /BLA/resoluciones/index.php?dir=AUTOS+2021%2F HTTP/1.1" 200 303051
186.86.128.189 - - [25/Jul/2022:13:36:07 -0500] "GET /BLA/resoluciones/index.php?dir=AUTOS+2021%2F HTTP/1.1" 200 391044
66.249.79.111 - - [25/Jul/2022:13:36:08 -0500] "-" 408 -
172.22.2.4 - - [25/Jul/2022:13:34:48 -0500] "GET /BLA/boletinlegal/ HTTP/1.1" 200 58122
181.63.220.121 - - [25/Jul/2022:13:36:56 -0500] "GET /BLA/resoluciones/RESOLUCIONES%202010/1765.pdf HTTP/1.1" 200 767998
181.63.220.121 - - [25/Jul/2022:13:36:57 -0500] "GET /BLA/resoluciones/RESOLUCIONES%202010/1766.pdf HTTP/1.1" 200 521957
181.63.220.121 - - [25/Jul/2022:13:36:58 -0500] "GET /BLA/resoluciones/RESOLUCIONES%202010/1767.pdf HTTP/1.1" 200 817349
216.245.221.92 - - [25/Jul/2022:13:36:59 -0500] "HEAD / HTTP/1.1" 200 -
181.63.220.121 - - [25/Jul/2022:13:36:59 -0500] "GET /BLA/resoluciones/RESOLUCIONES%202010/1768.pdf HTTP/1.1" 200 712348
181.63.220.121 - - [25/Jul/2022:13:37:00 -0500] "GET /BLA/resoluciones/RESOLUCIONES%202010/1769.pdf HTTP/1.1" 200 688544
181.63.220.121 - - [25/Jul/2022:13:37:02 -0500] "GET /BLA/resoluciones/RESOLUCIONES%202010/1770.pdf HTTP/1.1" 200 572141
181.63.220.121 - - [25/Jul/2022:13:37:04 -0500] "GET /BLA/resoluciones/RESOLUCIONES%202010/1771.pdf HTTP/1.1" 200 248691
181.63.220.121 - - [25/Jul/2022:13:37:05 -0500] "GET /BLA/resoluciones/RESOLUCIONES%202010/1772.pdf HTTP/1.1" 200 552838
181.63.220.121 - - [25/Jul/2022:13:37:06 -0500] "GET /BLA/resoluciones/RESOLUCIONES%202010/1773.pdf HTTP/1.1" 200 563798
185.7.214.104 - - [25/Jul/2022:13:37:07 -0500] "POST /Autodiscover/Autodiscover.xml HTTP/1.1" 404 1018
181.63.220.121 - - [25/Jul/2022:13:37:07 -0500] "GET /BLA/resoluciones/RESOLUCIONES%202010/1774.pdf HTTP/1.1" 200 562804
181.63.220.121 - - [25/Jul/2022:13:37:08 -0500] "GET /BLA/resoluciones/RESOLUCIONES%202010/1775.pdf HTTP/1.1" 200 566858
181.63.220.121 - - [25/Jul/2022:13:37:10 -0500] "GET /BLA/resoluciones/RESOLUCIONES%202010/1776.pdf HTTP/1.1" 200 542997
181.63.220.121 - - [25/Jul/2022:13:37:11 -0500] "GET /BLA/resoluciones/RESOLUCIONES%202010/1777.pdf HTTP/1.1" 200 544069
181.63.220.121 - - [25/Jul/2022:13:37:12 -0500] "GET /BLA/resoluciones/RESOLUCIONES%202010/1778.pdf HTTP/1.1" 200 543577
181.63.220.121 - - [25/Jul/2022:13:37:14 -0500] "GET /BLA/resoluciones/RESOLUCIONES%202010/1779.pdf HTTP/1.1" 200 554954
181.63.220.121 - - [25/Jul/2022:13:37:15 -0500] "GET /BLA/resoluciones/RESOLUCIONES%202010/1780.pdf HTTP/1.1" 200 565194
181.63.220.121 - - [25/Jul/2022:13:37:16 -0500] "GET /BLA/resoluciones/RESOLUCIONES%202010/1781.pdf HTTP/1.1" 200 538849
181.63.220.121 - - [25/Jul/2022:13:37:22 -0500] "GET /BLA/resoluciones/RESOLUCIONES%202010/1782.pdf HTTP/1.1" 200 555706
181.63.220.121 - - [25/Jul/2022:13:37:24 -0500] "GET /BLA/resoluciones/RESOLUCIONES%202010/1783.pdf HTTP/1.1" 200 559566
181.63.220.121 - - [25/Jul/2022:13:37:25 -0500] "GET /BLA/resoluciones/RESOLUCIONES%202010/1784.pdf HTTP/1.1" 200 544404
181.63.220.121 - - [25/Jul/2022:13:37:27 -0500] "GET /BLA/resoluciones/RESOLUCIONES%202010/1785.pdf HTTP/1.1" 200 538744
181.63.220.121 - - [25/Jul/2022:13:37:28 -0500] "GET /BLA/resoluciones/RESOLUCIONES%202010/1786.pdf HTTP/1.1" 200 561008
181.63.220.121 - - [25/Jul/2022:13:37:30 -0500] "GET /BLA/resoluciones/RESOLUCIONES%202010/1787.pdf HTTP/1.1" 200 562238
181.63.220.121 - - [25/Jul/2022:13:37:32 -0500] "GET /BLA/resoluciones/RESOLUCIONES%202010/1788.pdf HTTP/1.1" 200 567664
181.63.220.121 - - [25/Jul/2022:13:37:35 -0500] "GET /BLA/resoluciones/RESOLUCIONES%202010/1789.pdf HTTP/1.1" 200 540881
181.63.220.121 - - [25/Jul/2022:13:37:37 -0500] "GET /BLA/resoluciones/RESOLUCIONES%202010/1790.pdf HTTP/1.1" 200 411085
201.245.192.253 - - [25/Jul/2022:13:37:37 -0500] "POST /sipse/faces/presentacion/proyectos/proyecto/proyecto.xhtml HTTP/1.1" 200 10216
181.63.220.121 - - [25/Jul/2022:13:37:38 -0500] "GET /BLA/resoluciones/RESOLUCIONES%202010/1791.pdf HTTP/1.1" 200 493461
201.245.192.253 - - [25/Jul/2022:13:37:40 -0500] "POST /sipse/faces/presentacion/proyectos/proyecto/proyecto.xhtml HTTP/1.1" 200 71405
181.63.220.121 - - [25/Jul/2022:13:37:41 -0500] "GET /BLA/resoluciones/RESOLUCIONES%202010/1792.pdf HTTP/1.1" 200 495387
181.63.220.121 - - [25/Jul/2022:13:37:43 -0500] "GET /BLA/resoluciones/RESOLUCIONES%202010/1793.pdf HTTP/1.1" 200 489559
181.63.220.121 - - [25/Jul/2022:13:37:44 -0500] "GET /BLA/resoluciones/RESOLUCIONES%202010/1794.pdf HTTP/1.1" 200 478717
181.63.220.121 - - [25/Jul/2022:13:37:47 -0500] "GET /BLA/resoluciones/RESOLUCIONES%202010/1795.pdf HTTP/1.1" 200 481699
181.63.220.121 - - [25/Jul/2022:13:37:48 -0500] "GET /BLA/resoluciones/RESOLUCIONES%202010/1796.pdf HTTP/1.1" 200 483647
181.63.220.121 - - [25/Jul/2022:13:37:50 -0500] "GET /BLA/resoluciones/RESOLUCIONES%202010/1797.pdf HTTP/1.1" 200 479683
181.63.220.121 - - [25/Jul/2022:13:37:52 -0500] "GET /BLA/resoluciones/RESOLUCIONES%202010/1798.pdf HTTP/1.1" 200 520167
201.245.192.253 - - [25/Jul/2022:13:38:14 -0500] "GET /sipse/faces/index.xhtml HTTP/1.1" 200 677
201.245.192.253 - - [25/Jul/2022:13:38:14 -0500] "GET /sipse/faces/javax.faces.resource/theme.css?ln=primefaces-sipse HTTP/1.1" 304 -
201.245.192.253 - - [25/Jul/2022:13:38:14 -0500] "GET /sipse/faces/faces/autenticacion.xhtml HTTP/1.1" 200 12178
201.245.192.253 - - [25/Jul/2022:13:38:14 -0500] "GET /sipse/faces/javax.faces.resource/theme.css?ln=primefaces-sipse HTTP/1.1" 304 -
201.245.192.253 - - [25/Jul/2022:13:38:14 -0500] "GET /sipse/faces/javax.faces.resource/layout/layout.css?ln=primefaces&v=4.0 HTTP/1.1" 304 -
201.245.192.253 - - [25/Jul/2022:13:38:14 -0500] "GET /sipse/faces/javax.faces.resource/jquery/jquery-plugins.js?ln=primefaces&v=4.0 HTTP/1.1" 304 -
201.245.192.253 - - [25/Jul/2022:13:38:14 -0500] "GET /sipse/faces/javax.faces.resource/primefaces.css?ln=primefaces&v=4.0 HTTP/1.1" 304 -
201.245.192.253 - - [25/Jul/2022:13:38:14 -0500] "GET /sipse/faces/javax.faces.resource/primefaces.js?ln=primefaces&v=4.0 HTTP/1.1" 304 -
201.245.192.253 - - [25/Jul/2022:13:38:14 -0500] "GET /sipse/faces/javax.faces.resource/layout/layout.js?ln=primefaces&v=4.0 HTTP/1.1" 304 -
201.245.192.253 - - [25/Jul/2022:13:38:14 -0500] "GET /sipse/faces/javax.faces.resource/jquery/jquery.js?ln=primefaces&v=4.0 HTTP/1.1" 304 -
201.245.192.253 - - [25/Jul/2022:13:38:14 -0500] "GET /sipse/faces/javax.faces.resource/images/ui-icons_898989_256x240.png?ln=primefaces-aristo HTTP/1.1" 304 -
185.119.81.99 - - [25/Jul/2022:13:38:15 -0500] "GET /portaldeninos/wp-login.php HTTP/1.1" 200 2592
185.119.81.99 - - [25/Jul/2022:13:38:16 -0500] "POST /portaldeninos/wp-login.php HTTP/1.1" 200 3650
201.245.192.253 - - [25/Jul/2022:13:38:30 -0500] "POST /sipse/faces/autenticacion.xhtml HTTP/1.1" 200 2216
201.245.192.253 - - [25/Jul/2022:13:38:30 -0500] "GET /sipse/faces/javax.faces.resource/messages/messages.png?ln=primefaces&v=4.0 HTTP/1.1" 304 -
201.245.192.253 - - [25/Jul/2022:13:38:32 -0500] "POST /sipse/faces/autenticacion.xhtml HTTP/1.1" 200 16312
201.245.192.253 - - [25/Jul/2022:13:38:32 -0500] "GET /sipse/faces/javax.faces.resource/theme.css?ln=primefaces-sipse HTTP/1.1" 304 -
201.245.192.253 - - [25/Jul/2022:13:38:32 -0500] "GET /sipse/faces/javax.faces.resource/primefaces.css?ln=primefaces&v=4.0 HTTP/1.1" 304 -
201.245.192.253 - - [25/Jul/2022:13:38:32 -0500] "GET /sipse/faces/javax.faces.resource/layout/layout.css?ln=primefaces&v=4.0 HTTP/1.1" 304 -
201.245.192.253 - - [25/Jul/2022:13:38:32 -0500] "GET /sipse/faces/javax.faces.resource/jquery/jquery.js?ln=primefaces&v=4.0 HTTP/1.1" 304 -
201.245.192.253 - - [25/Jul/2022:13:38:33 -0500] "GET /sipse/faces/javax.faces.resource/jquery/jquery-plugins.js?ln=primefaces&v=4.0 HTTP/1.1" 304 -
201.245.192.253 - - [25/Jul/2022:13:38:33 -0500] "GET /sipse/faces/javax.faces.resource/primefaces.js?ln=primefaces&v=4.0 HTTP/1.1" 304 -
201.245.192.253 - - [25/Jul/2022:13:38:33 -0500] "GET /sipse/faces/javax.faces.resource/layout/layout.js?ln=primefaces&v=4.0 HTTP/1.1" 304 -
201.245.192.253 - - [25/Jul/2022:13:38:33 -0500] "GET /sipse/css/imagen/contrasena.png HTTP/1.1" 404 383
201.245.192.253 - - [25/Jul/2022:13:38:50 -0500] "GET /sipse/faces/javax.faces.resource/images/ui-bg_flat_0_2d5972_40x100.png?ln=primefaces-aristo HTTP/1.1" 304 -
201.245.192.253 - - [25/Jul/2022:13:38:50 -0500] "POST /sipse/faces/bienvenido.xhtml HTTP/1.1" 200 2658
201.245.192.253 - - [25/Jul/2022:13:38:51 -0500] "POST /sipse/faces/bienvenido.xhtml HTTP/1.1" 200 64635
201.245.192.253 - - [25/Jul/2022:13:38:52 -0500] "GET /sipse/faces/javax.faces.resource/primefaces.css?ln=primefaces&v=4.0 HTTP/1.1" 304 -
201.245.192.253 - - [25/Jul/2022:13:38:52 -0500] "GET /sipse/faces/javax.faces.resource/theme.css?ln=primefaces-sipse HTTP/1.1" 304 -
201.245.192.253 - - [25/Jul/2022:13:38:52 -0500] "GET /sipse/faces/javax.faces.resource/layout/layout.css?ln=primefaces&v=4.0 HTTP/1.1" 304 -
201.245.192.253 - - [25/Jul/2022:13:38:52 -0500] "GET /sipse/faces/javax.faces.resource/jquery/jquery.js?ln=primefaces&v=4.0 HTTP/1.1" 304 -
201.245.192.253 - - [25/Jul/2022:13:38:52 -0500] "GET /sipse/faces/javax.faces.resource/jquery/jquery-plugins.js?ln=primefaces&v=4.0 HTTP/1.1" 304 -
201.245.192.253 - - [25/Jul/2022:13:38:52 -0500] "GET /sipse/faces/javax.faces.resource/primefaces.js?ln=primefaces&v=4.0 HTTP/1.1" 304 -
201.245.192.253 - - [25/Jul/2022:13:38:52 -0500] "GET /sipse/faces/javax.faces.resource/layout/layout.js?ln=primefaces&v=4.0 HTTP/1.1" 304 -
201.245.192.253 - - [25/Jul/2022:13:38:52 -0500] "POST /sipse/faces/presentacion/financiero/solicitudProceso/listarSolicitudProceso.xhtml HTTP/1.1" 200 1560
181.63.220.121 - - [25/Jul/2022:13:38:52 -0500] "GET /BLA/resoluciones/RESOLUCIONES%202010/1799.pdf HTTP/1.1" 200 524629
181.63.220.121 - - [25/Jul/2022:13:38:54 -0500] "GET /BLA/resoluciones/RESOLUCIONES%202010/1800.pdf HTTP/1.1" 200 482801
181.63.220.121 - - [25/Jul/2022:13:38:55 -0500] "GET /BLA/resoluciones/RESOLUCIONES%202010/1801.pdf HTTP/1.1" 200 490693
181.63.220.121 - - [25/Jul/2022:13:38:57 -0500] "GET /BLA/resoluciones/RESOLUCIONES%202010/1802.pdf HTTP/1.1" 200 349246
181.63.220.121 - - [25/Jul/2022:13:39:00 -0500] "GET /BLA/resoluciones/RESOLUCIONES%202010/1803.pdf HTTP/1.1" 200 497951
181.63.220.121 - - [25/Jul/2022:13:39:01 -0500] "GET /BLA/resoluciones/RESOLUCIONES%202010/1804.pdf HTTP/1.1" 200 489071
181.63.220.121 - - [25/Jul/2022:13:39:04 -0500] "GET /BLA/resoluciones/RESOLUCIONES%202010/1805.pdf HTTP/1.1" 200 493773
201.245.192.253 - - [25/Jul/2022:13:39:07 -0500] "POST /sipse/faces/presentacion/financiero/solicitudProceso/listarSolicitudProceso.xhtml HTTP/1.1" 200 57983
181.63.220.121 - - [25/Jul/2022:13:39:08 -0500] "GET /BLA/resoluciones/RESOLUCIONES%202010/1806.pdf HTTP/1.1" 200 377302
201.245.192.253 - - [25/Jul/2022:13:39:08 -0500] "POST /sipse/faces/presentacion/financiero/solicitudProceso/listarSolicitudProceso.xhtml HTTP/1.1" 200 57983
201.245.192.253 - - [25/Jul/2022:13:39:08 -0500] "POST /sipse/faces/presentacion/financiero/solicitudProceso/listarSolicitudProceso.xhtml HTTP/1.1" 200 1560
201.245.192.253 - - [25/Jul/2022:13:39:08 -0500] "POST /sipse/faces/presentacion/financiero/solicitudProceso/listarSolicitudProceso.xhtml HTTP/1.1" 200 1556
181.63.220.121 - - [25/Jul/2022:13:39:11 -0500] "GET /BLA/resoluciones/RESOLUCIONES%202010/1807.pdf HTTP/1.1" 200 908247
181.63.220.121 - - [25/Jul/2022:13:39:13 -0500] "GET /BLA/resoluciones/RESOLUCIONES%202010/1808.pdf HTTP/1.1" 200 572031
181.63.220.121 - - [25/Jul/2022:13:39:14 -0500] "GET /BLA/resoluciones/RESOLUCIONES%202010/1809.pdf HTTP/1.1" 200 400502
181.63.220.121 - - [25/Jul/2022:13:39:16 -0500] "GET /BLA/resoluciones/RESOLUCIONES%202010/1810.pdf HTTP/1.1" 200 345100
181.63.220.121 - - [25/Jul/2022:13:39:19 -0500] "GET /BLA/resoluciones/RESOLUCIONES%202010/1811.pdf HTTP/1.1" 200 496861
181.63.220.121 - - [25/Jul/2022:13:39:20 -0500] "GET /BLA/resoluciones/RESOLUCIONES%202010/1812.pdf HTTP/1.1" 200 489195
181.63.220.121 - - [25/Jul/2022:13:39:21 -0500] "GET /BLA/resoluciones/RESOLUCIONES%202010/1813.pdf HTTP/1.1" 200 493361
181.63.220.121 - - [25/Jul/2022:13:39:22 -0500] "GET /BLA/resoluciones/RESOLUCIONES%202010/1814.pdf HTTP/1.1" 200 492311
181.63.220.121 - - [25/Jul/2022:13:39:24 -0500] "GET /BLA/resoluciones/RESOLUCIONES%202010/1815.pdf HTTP/1.1" 200 496451
181.63.220.121 - - [25/Jul/2022:13:39:25 -0500] "GET /BLA/resoluciones/RESOLUCIONES%202010/1816.pdf HTTP/1.1" 200 500317
181.63.220.121 - - [25/Jul/2022:13:39:27 -0500] "GET /BLA/resoluciones/RESOLUCIONES%202010/1817.pdf HTTP/1.1" 200 494649
181.63.220.121 - - [25/Jul/2022:13:39:28 -0500] "GET /BLA/resoluciones/RESOLUCIONES%202010/1818.pdf HTTP/1.1" 200 497651
181.63.220.121 - - [25/Jul/2022:13:39:29 -0500] "GET /BLA/resoluciones/RESOLUCIONES%202010/1819.pdf HTTP/1.1" 200 351500
181.63.220.121 - - [25/Jul/2022:13:39:31 -0500] "GET /BLA/resoluciones/RESOLUCIONES%202010/1820.pdf HTTP/1.1" 200 350984
181.63.220.121 - - [25/Jul/2022:13:39:34 -0500] "GET /BLA/resoluciones/RESOLUCIONES%202010/1821.pdf HTTP/1.1" 200 371572
181.63.220.121 - - [25/Jul/2022:13:39:36 -0500] "GET /BLA/resoluciones/RESOLUCIONES%202010/1822.pdf HTTP/1.1" 200 345070
181.63.220.121 - - [25/Jul/2022:13:39:39 -0500] "GET /BLA/resoluciones/RESOLUCIONES%202010/1823.pdf HTTP/1.1" 200 493977
181.63.220.121 - - [25/Jul/2022:13:39:40 -0500] "GET /BLA/resoluciones/RESOLUCIONES%202010/1824.pdf HTTP/1.1" 200 493949
181.63.220.121 - - [25/Jul/2022:13:39:42 -0500] "GET /BLA/resoluciones/RESOLUCIONES%202010/1825.pdf HTTP/1.1" 200 491035
181.63.220.121 - - [25/Jul/2022:13:39:44 -0500] "GET /BLA/resoluciones/RESOLUCIONES%202010/1826.pdf HTTP/1.1" 200 494829
201.245.192.253 - - [25/Jul/2022:13:39:42 -0500] "POST /kwsrmcab/Wsrmcab  HTTP/1.1" 200 213
181.63.220.121 - - [25/Jul/2022:13:39:46 -0500] "GET /BLA/resoluciones/RESOLUCIONES%202010/1827.pdf HTTP/1.1" 200 494577
181.63.220.121 - - [25/Jul/2022:13:39:47 -0500] "GET /BLA/resoluciones/RESOLUCIONES%202010/1828.pdf HTTP/1.1" 200 495907
181.63.220.121 - - [25/Jul/2022:13:39:49 -0500] "GET /BLA/resoluciones/RESOLUCIONES%202010/1829.pdf HTTP/1.1" 200 496146
181.63.220.121 - - [25/Jul/2022:13:39:52 -0500] "GET /BLA/resoluciones/RESOLUCIONES%202010/1830.pdf HTTP/1.1" 200 497793
181.63.220.121 - - [25/Jul/2022:13:39:54 -0500] "GET /BLA/resoluciones/RESOLUCIONES%202010/1831.pdf HTTP/1.1" 200 494239
186.147.227.227 - - [25/Jul/2022:13:40:12 -0500] "GET /sia/ HTTP/1.1" 200 2661
186.147.227.227 - - [25/Jul/2022:13:40:12 -0500] "GET /css/date_blue.css HTTP/1.1" 404 1254
186.147.227.227 - - [25/Jul/2022:13:40:12 -0500] "GET /css/fondos.css HTTP/1.1" 404 1254
186.147.227.227 - - [25/Jul/2022:13:40:12 -0500] "GET /css/textos.css HTTP/1.1" 404 1254
186.147.227.227 - - [25/Jul/2022:13:40:12 -0500] "GET /css/bordes.css HTTP/1.1" 404 1254
186.147.227.227 - - [25/Jul/2022:13:40:12 -0500] "GET /favicon.ico HTTP/1.1" 200 7782
181.136.73.35 - - [25/Jul/2022:13:40:16 -0500] "GET /BLA/resoluciones/index.php?dir=AUTOS+2014%2F HTTP/1.1" 200 875367
181.63.220.121 - - [25/Jul/2022:13:40:29 -0500] "GET /BLA/resoluciones/RESOLUCIONES%202010/1832.pdf HTTP/1.1" 200 496863
181.63.220.121 - - [25/Jul/2022:13:40:31 -0500] "GET /BLA/resoluciones/RESOLUCIONES%202010/1833.pdf HTTP/1.1" 200 526207
181.63.220.121 - - [25/Jul/2022:13:40:34 -0500] "GET /BLA/resoluciones/RESOLUCIONES%202010/1834.pdf HTTP/1.1" 200 489365
186.102.47.91 - - [25/Jul/2022:13:40:36 -0500] "OPTIONS /kwssiamovil/sm/setfile/f? HTTP/1.1" 200 13
181.63.220.121 - - [25/Jul/2022:13:40:36 -0500] "GET /BLA/resoluciones/RESOLUCIONES%202010/1835.pdf HTTP/1.1" 200 496569
186.102.47.91 - - [25/Jul/2022:13:40:36 -0500] "POST /kwssiamovil/sm/setfile/f? HTTP/1.1" 200 381
181.63.220.121 - - [25/Jul/2022:13:40:38 -0500] "GET /BLA/resoluciones/RESOLUCIONES%202010/1836.pdf HTTP/1.1" 200 494041
181.63.220.121 - - [25/Jul/2022:13:40:39 -0500] "GET /BLA/resoluciones/RESOLUCIONES%202010/1837.pdf HTTP/1.1" 200 492199
181.63.220.121 - - [25/Jul/2022:13:40:41 -0500] "GET /BLA/resoluciones/RESOLUCIONES%202010/1838.pdf HTTP/1.1" 200 500974
181.63.220.121 - - [25/Jul/2022:13:40:44 -0500] "GET /BLA/resoluciones/RESOLUCIONES%202010/1839.pdf HTTP/1.1" 200 93383
181.63.220.121 - - [25/Jul/2022:13:40:45 -0500] "GET /BLA/resoluciones/RESOLUCIONES%202010/1840.pdf HTTP/1.1" 200 89815
181.63.220.121 - - [25/Jul/2022:13:40:46 -0500] "GET /BLA/resoluciones/RESOLUCIONES%202010/1841.pdf HTTP/1.1" 200 500471
181.63.220.121 - - [25/Jul/2022:13:40:47 -0500] "GET /BLA/resoluciones/RESOLUCIONES%202010/1842.pdf HTTP/1.1" 200 494561
181.63.220.121 - - [25/Jul/2022:13:40:51 -0500] "GET /BLA/resoluciones/RESOLUCIONES%202010/1843.pdf HTTP/1.1" 200 413580
181.63.220.121 - - [25/Jul/2022:13:40:52 -0500] "GET /BLA/resoluciones/RESOLUCIONES%202010/1844.pdf HTTP/1.1" 200 490749
181.63.220.121 - - [25/Jul/2022:13:40:55 -0500] "GET /BLA/resoluciones/RESOLUCIONES%202010/1845.pdf HTTP/1.1" 200 401106
181.63.220.121 - - [25/Jul/2022:13:40:56 -0500] "GET /BLA/resoluciones/RESOLUCIONES%202010/1846.pdf HTTP/1.1" 200 373300
181.63.220.121 - - [25/Jul/2022:13:40:57 -0500] "GET /BLA/resoluciones/RESOLUCIONES%202010/1847.pdf HTTP/1.1" 200 548100
181.63.220.121 - - [25/Jul/2022:13:40:58 -0500] "GET /BLA/resoluciones/RESOLUCIONES%202010/1848.pdf HTTP/1.1" 200 387608
181.63.220.121 - - [25/Jul/2022:13:41:00 -0500] "GET /BLA/resoluciones/RESOLUCIONES%202010/1849.pdf HTTP/1.1" 200 441135
181.63.220.121 - - [25/Jul/2022:13:41:02 -0500] "GET /BLA/resoluciones/RESOLUCIONES%202010/1850.pdf HTTP/1.1" 200 495193
181.63.220.121 - - [25/Jul/2022:13:41:03 -0500] "GET /BLA/resoluciones/RESOLUCIONES%202010/1851.pdf HTTP/1.1" 200 489755
201.245.192.253 - - [25/Jul/2022:13:41:02 -0500] "POST /kwsrmcab/Wsrmcab HTTP/1.1" 200 46604
201.245.192.253 - - [25/Jul/2022:13:41:06 -0500] "POST /kwsrmcab/Wsrmcab HTTP/1.1" 200 45985
181.63.220.121 - - [25/Jul/2022:13:41:08 -0500] "GET /BLA/resoluciones/RESOLUCIONES%202010/1852.pdf HTTP/1.1" 200 1152213
181.63.220.121 - - [25/Jul/2022:13:41:10 -0500] "GET /BLA/resoluciones/RESOLUCIONES%202010/1853.pdf HTTP/1.1" 200 354541
181.63.220.121 - - [25/Jul/2022:13:41:12 -0500] "GET /BLA/resoluciones/RESOLUCIONES%202010/1854.pdf HTTP/1.1" 200 538709
