186.83.207.234 - - [25/Jul/2022:10:28:41 -0500] "GET /sipse/faces/javax.faces.resource/primefaces.css?ln=primefaces&v=4.0 HTTP/1.1" 304 -
186.83.207.234 - - [25/Jul/2022:10:28:41 -0500] "GET /sipse/faces/javax.faces.resource/layout/layout.js?ln=primefaces&v=4.0 HTTP/1.1" 304 -
186.83.207.234 - - [25/Jul/2022:10:28:41 -0500] "GET /sipse/faces/javax.faces.resource/jquery/jquery.js?ln=primefaces&v=4.0 HTTP/1.1" 304 -
186.83.207.234 - - [25/Jul/2022:10:28:41 -0500] "GET /sipse/faces/javax.faces.resource/layout/layout.css?ln=primefaces&v=4.0 HTTP/1.1" 304 -
186.83.207.234 - - [25/Jul/2022:10:28:42 -0500] "GET /sipse/faces/javax.faces.resource/jquery/jquery-plugins.js?ln=primefaces&v=4.0 HTTP/1.1" 304 -
186.83.207.234 - - [25/Jul/2022:10:28:42 -0500] "GET /sipse/faces/javax.faces.resource/primefaces.js?ln=primefaces&v=4.0 HTTP/1.1" 304 -
186.83.207.234 - - [25/Jul/2022:10:28:42 -0500] "GET /sipse/faces/javax.faces.resource/images/ui-icons_898989_256x240.png?ln=primefaces-aristo HTTP/1.1" 200 5355
207.46.13.20 - - [25/Jul/2022:10:28:44 -0500] "GET /galeria/galeria/jquery.fancybox.js?v=2.1.5 HTTP/1.1" 200 48706
172.22.2.4 - - [25/Jul/2022:10:28:45 -0500] "GET /BLA/boletinlegal/consulta_actos.php?tipo=resoluciones&no=2052&usuario=&sector=&fecha=2021&resuelve= HTTP/1.1" 200 1218
186.83.207.234 - - [25/Jul/2022:10:28:46 -0500] "GET /sipse/faces/javax.faces.resource/images/ui-bg_flat_0_2d5972_40x100.png?ln=primefaces-aristo HTTP/1.1" 304 -
186.83.207.234 - - [25/Jul/2022:10:28:46 -0500] "POST /sipse/faces/presentacion/financiero/solicitudProceso/consultarSolicitudProceso.xhtml HTTP/1.1" 200 5563
157.55.39.98 - - [25/Jul/2022:10:28:48 -0500] "GET /galeria/galeria/jquery.fancybox.css?v=2.1.5 HTTP/1.1" 200 4895
172.22.2.4 - - [25/Jul/2022:10:27:19 -0500] "HEAD /BLA/boletinlegal/ HTTP/1.1" 200 -
186.83.207.234 - - [25/Jul/2022:10:29:00 -0500] "POST /sipse/faces/presentacion/financiero/solicitudProceso/consultarSolicitudProceso.xhtml HTTP/1.1" 200 23954
186.83.207.234 - - [25/Jul/2022:10:29:00 -0500] "GET /sipse/faces/javax.faces.resource/jquery/jquery.js?ln=primefaces&v=4.0 HTTP/1.1" 304 -
186.83.207.234 - - [25/Jul/2022:10:29:00 -0500] "GET /sipse/faces/javax.faces.resource/jquery/jquery-plugins.js?ln=primefaces&v=4.0 HTTP/1.1" 304 -
186.83.207.234 - - [25/Jul/2022:10:29:01 -0500] "GET /sipse/faces/javax.faces.resource/primefaces.js?ln=primefaces&v=4.0 HTTP/1.1" 304 -
186.83.207.234 - - [25/Jul/2022:10:29:01 -0500] "GET /sipse/faces/javax.faces.resource/layout/layout.js?ln=primefaces&v=4.0 HTTP/1.1" 304 -
186.83.207.234 - - [25/Jul/2022:10:29:19 -0500] "POST /sipse/faces/presentacion/financiero/viabilidad/expedirViabilidad.xhtml HTTP/1.1" 200 125074
186.83.207.234 - - [25/Jul/2022:10:29:20 -0500] "GET /sipse/faces/javax.faces.resource/jquery/jquery.js?ln=primefaces&v=4.0 HTTP/1.1" 304 -
186.83.207.234 - - [25/Jul/2022:10:29:20 -0500] "GET /sipse/faces/javax.faces.resource/jquery/jquery-plugins.js?ln=primefaces&v=4.0 HTTP/1.1" 304 -
186.83.207.234 - - [25/Jul/2022:10:29:20 -0500] "GET /sipse/faces/javax.faces.resource/primefaces.js?ln=primefaces&v=4.0 HTTP/1.1" 304 -
186.83.207.234 - - [25/Jul/2022:10:29:20 -0500] "GET /sipse/faces/javax.faces.resource/layout/layout.js?ln=primefaces&v=4.0 HTTP/1.1" 304 -
186.155.70.107 - - [25/Jul/2022:10:29:24 -0500] "POST /appsia/controlador HTTP/1.1" 200 75819
186.83.207.234 - - [25/Jul/2022:10:29:34 -0500] "POST /sipse/faces/presentacion/financiero/solicitudProceso/consultarSolicitudProceso.xhtml HTTP/1.1" 200 48003
186.83.207.234 - - [25/Jul/2022:10:29:38 -0500] "GET /sipse/faces/javax.faces.resource/jquery/jquery.js?ln=primefaces&v=4.0 HTTP/1.1" 304 -
186.83.207.234 - - [25/Jul/2022:10:29:38 -0500] "GET /sipse/faces/javax.faces.resource/jquery/jquery-plugins.js?ln=primefaces&v=4.0 HTTP/1.1" 304 -
186.83.207.234 - - [25/Jul/2022:10:29:38 -0500] "GET /sipse/faces/javax.faces.resource/primefaces.js?ln=primefaces&v=4.0 HTTP/1.1" 304 -
186.83.207.234 - - [25/Jul/2022:10:29:38 -0500] "GET /sipse/faces/javax.faces.resource/layout/layout.js?ln=primefaces&v=4.0 HTTP/1.1" 304 -
186.83.207.234 - - [25/Jul/2022:10:29:38 -0500] "GET /sipse/faces/javax.faces.resource/messages/messages.png?ln=primefaces&v=4.0 HTTP/1.1" 200 27209
186.83.207.234 - - [25/Jul/2022:10:29:38 -0500] "POST /sipse/faces/presentacion/financiero/solicitudProceso/listarSolicitudProceso.xhtml HTTP/1.1" 200 1480
186.83.207.234 - - [25/Jul/2022:10:29:45 -0500] "POST /sipse/faces/presentacion/financiero/solicitudProceso/listarSolicitudProceso.xhtml HTTP/1.1" 200 123453
186.83.207.234 - - [25/Jul/2022:10:29:46 -0500] "GET /sipse/faces/javax.faces.resource/jquery/jquery.js?ln=primefaces&v=4.0 HTTP/1.1" 304 -
186.83.207.234 - - [25/Jul/2022:10:29:46 -0500] "GET /sipse/faces/javax.faces.resource/jquery/jquery-plugins.js?ln=primefaces&v=4.0 HTTP/1.1" 304 -
186.83.207.234 - - [25/Jul/2022:10:29:46 -0500] "GET /sipse/faces/javax.faces.resource/primefaces.js?ln=primefaces&v=4.0 HTTP/1.1" 304 -
186.83.207.234 - - [25/Jul/2022:10:29:46 -0500] "GET /sipse/faces/javax.faces.resource/layout/layout.js?ln=primefaces&v=4.0 HTTP/1.1" 304 -
172.22.2.4 - - [25/Jul/2022:10:28:09 -0500] "GET /BLA/boletinlegal/ HTTP/1.1" 200 55166
102.129.153.241 - - [25/Jul/2022:10:29:54 -0500] "GET / HTTP/1.1" 200 319
192.168.172.42 - - [25/Jul/2022:10:30:13 -0500] "GET /BLA/resoluciones/ HTTP/1.1" 200 13093
192.168.172.42 - - [25/Jul/2022:10:30:13 -0500] "GET /BLA/resoluciones/dlf/styles.css HTTP/1.1" 200 3049
192.168.172.42 - - [25/Jul/2022:10:30:13 -0500] "GET /BLA/resoluciones/dlf/folder.png HTTP/1.1" 200 410
192.168.172.42 - - [25/Jul/2022:10:30:13 -0500] "GET /favicon.ico HTTP/1.1" 200 7782
192.168.172.42 - - [25/Jul/2022:10:30:13 -0500] "GET /BLA/resoluciones/dlf/bg.gif HTTP/1.1" 200 54
192.168.172.42 - - [25/Jul/2022:10:30:15 -0500] "GET /BLA/resoluciones/dlf/dirup.png HTTP/1.1" 304 -
192.168.172.42 - - [25/Jul/2022:10:30:15 -0500] "GET /BLA/resoluciones/dlf/pdf.gif HTTP/1.1" 304 -
192.168.172.42 - - [25/Jul/2022:10:30:15 -0500] "GET /BLA/resoluciones/index.php?dir=RESOLUCIONES+2018%2F HTTP/1.1" 200 268886
201.245.192.253 - - [25/Jul/2022:10:30:24 -0500] "POST /kwsrmcab/Wsrmcab  HTTP/1.1" 200 213
192.168.172.42 - - [25/Jul/2022:10:30:31 -0500] "GET /BLA/resoluciones/RESOLUCIONES%202018/3991.pdf HTTP/1.1" 200 6041047
192.168.172.42 - - [25/Jul/2022:10:30:32 -0500] "GET /BLA/resoluciones/RESOLUCIONES%202018/3991.pdf HTTP/1.1" 206 11735
192.168.172.42 - - [25/Jul/2022:10:30:32 -0500] "GET /BLA/resoluciones/RESOLUCIONES%202018/3991.pdf HTTP/1.1" 206 65536
192.168.172.42 - - [25/Jul/2022:10:30:32 -0500] "GET /BLA/resoluciones/RESOLUCIONES%202018/3991.pdf HTTP/1.1" 206 65536
192.168.172.42 - - [25/Jul/2022:10:30:32 -0500] "GET /BLA/resoluciones/RESOLUCIONES%202018/3991.pdf HTTP/1.1" 206 65536
192.168.172.42 - - [25/Jul/2022:10:30:32 -0500] "GET /BLA/resoluciones/RESOLUCIONES%202018/3991.pdf HTTP/1.1" 206 65536
192.168.172.42 - - [25/Jul/2022:10:30:32 -0500] "GET /BLA/resoluciones/RESOLUCIONES%202018/3991.pdf HTTP/1.1" 206 65536
192.168.172.42 - - [25/Jul/2022:10:30:32 -0500] "GET /BLA/resoluciones/RESOLUCIONES%202018/3991.pdf HTTP/1.1" 206 65536
192.168.172.42 - - [25/Jul/2022:10:30:32 -0500] "GET /BLA/resoluciones/RESOLUCIONES%202018/3991.pdf HTTP/1.1" 206 65536
172.22.2.4 - - [25/Jul/2022:10:29:54 -0500] "GET /BLA/boletinlegal/ HTTP/1.1" 200 32715
192.168.172.42 - - [25/Jul/2022:10:30:35 -0500] "GET /BLA/resoluciones/RESOLUCIONES%202018/3991.pdf HTTP/1.1" 206 65536
192.168.172.42 - - [25/Jul/2022:10:30:35 -0500] "GET /BLA/resoluciones/RESOLUCIONES%202018/3991.pdf HTTP/1.1" 206 65536
192.168.172.42 - - [25/Jul/2022:10:30:35 -0500] "GET /BLA/resoluciones/RESOLUCIONES%202018/3991.pdf HTTP/1.1" 206 65536
192.168.172.42 - - [25/Jul/2022:10:30:35 -0500] "GET /BLA/resoluciones/RESOLUCIONES%202018/3991.pdf HTTP/1.1" 206 65536
179.32.134.108 - - [25/Jul/2022:10:30:34 -0500] "GET /BLA/resoluciones/index.php?dir=AUTOS+2014%2F HTTP/1.1" 200 875367
179.32.134.108 - - [25/Jul/2022:10:30:36 -0500] "GET /BLA/resoluciones/dlf/unknown.png HTTP/1.1" 200 266
179.32.134.108 - - [25/Jul/2022:10:30:38 -0500] "GET /BLA/resoluciones/AUTOS%202014/4544.pdf HTTP/1.1" 200 569615
172.22.2.4 - - [25/Jul/2022:10:30:39 -0500] "GET /BLA/boletinlegal/actos.php HTTP/1.1" 200 9559
172.22.2.4 - - [25/Jul/2022:10:30:40 -0500] "GET /BLA/boletinlegal/favicon.ico HTTP/1.1" 404 1326
172.22.2.4 - - [25/Jul/2022:10:30:42 -0500] "GET /BLA/boletinlegal/consulta_actos.php?tipo=resoluciones&no=&usuario=&sector=&fecha=2022&resuelve= HTTP/1.1" 200 306613
186.83.207.234 - - [25/Jul/2022:10:30:44 -0500] "POST /sipse/faces/presentacion/financiero/solicitudProceso/consultarSolicitudProceso.xhtml HTTP/1.1" 200 47511
186.83.207.234 - - [25/Jul/2022:10:30:45 -0500] "GET /sipse/faces/javax.faces.resource/jquery/jquery.js?ln=primefaces&v=4.0 HTTP/1.1" 304 -
186.83.207.234 - - [25/Jul/2022:10:30:45 -0500] "GET /sipse/faces/javax.faces.resource/jquery/jquery-plugins.js?ln=primefaces&v=4.0 HTTP/1.1" 304 -
186.83.207.234 - - [25/Jul/2022:10:30:45 -0500] "GET /sipse/faces/javax.faces.resource/primefaces.js?ln=primefaces&v=4.0 HTTP/1.1" 304 -
186.83.207.234 - - [25/Jul/2022:10:30:45 -0500] "GET /sipse/faces/javax.faces.resource/layout/layout.js?ln=primefaces&v=4.0 HTTP/1.1" 304 -
186.83.207.234 - - [25/Jul/2022:10:30:45 -0500] "POST /sipse/faces/presentacion/financiero/solicitudProceso/listarSolicitudProceso.xhtml HTTP/1.1" 200 40845
186.83.207.234 - - [25/Jul/2022:10:30:45 -0500] "POST /sipse/faces/presentacion/financiero/solicitudProceso/listarSolicitudProceso.xhtml HTTP/1.1" 200 40845
186.83.207.234 - - [25/Jul/2022:10:30:45 -0500] "POST /sipse/faces/presentacion/financiero/solicitudProceso/listarSolicitudProceso.xhtml HTTP/1.1" 200 40845
186.83.207.234 - - [25/Jul/2022:10:30:46 -0500] "POST /sipse/faces/presentacion/financiero/solicitudProceso/listarSolicitudProceso.xhtml HTTP/1.1" 200 40845
186.83.207.234 - - [25/Jul/2022:10:30:46 -0500] "POST /sipse/faces/presentacion/financiero/solicitudProceso/listarSolicitudProceso.xhtml HTTP/1.1" 200 1480
186.83.207.234 - - [25/Jul/2022:10:30:46 -0500] "POST /sipse/faces/presentacion/financiero/solicitudProceso/listarSolicitudProceso.xhtml HTTP/1.1" 200 1484
186.83.207.234 - - [25/Jul/2022:10:30:46 -0500] "POST /sipse/faces/presentacion/financiero/solicitudProceso/listarSolicitudProceso.xhtml HTTP/1.1" 200 1484
186.83.207.234 - - [25/Jul/2022:10:30:47 -0500] "POST /sipse/faces/presentacion/financiero/solicitudProceso/listarSolicitudProceso.xhtml HTTP/1.1" 200 1480
186.83.207.234 - - [25/Jul/2022:10:30:47 -0500] "POST /sipse/faces/presentacion/financiero/solicitudProceso/listarSolicitudProceso.xhtml HTTP/1.1" 200 1480
201.245.192.253 - - [25/Jul/2022:10:31:02 -0500] "POST /kwsrmcab/Wsrmcab HTTP/1.1" 200 46050
201.245.192.253 - - [25/Jul/2022:10:31:06 -0500] "POST /kwsrmcab/Wsrmcab HTTP/1.1" 200 44252
186.155.70.107 - - [25/Jul/2022:10:31:48 -0500] "POST /appsia/controlador HTTP/1.1" 200 7781
186.155.70.107 - - [25/Jul/2022:10:31:50 -0500] "POST /appsia/controlador HTTP/1.1" 200 5437
186.155.70.107 - - [25/Jul/2022:10:31:53 -0500] "POST /appsia/controlador HTTP/1.1" 200 4799
186.83.207.234 - - [25/Jul/2022:10:31:58 -0500] "POST /sipse/faces/presentacion/financiero/solicitudProceso/listarSolicitudProceso.xhtml HTTP/1.1" 200 123453
186.83.207.234 - - [25/Jul/2022:10:31:59 -0500] "GET /sipse/faces/javax.faces.resource/jquery/jquery.js?ln=primefaces&v=4.0 HTTP/1.1" 304 -
186.83.207.234 - - [25/Jul/2022:10:31:59 -0500] "GET /sipse/faces/javax.faces.resource/jquery/jquery-plugins.js?ln=primefaces&v=4.0 HTTP/1.1" 304 -
186.83.207.234 - - [25/Jul/2022:10:31:59 -0500] "GET /sipse/faces/javax.faces.resource/primefaces.js?ln=primefaces&v=4.0 HTTP/1.1" 304 -
186.83.207.234 - - [25/Jul/2022:10:31:59 -0500] "GET /sipse/faces/javax.faces.resource/layout/layout.js?ln=primefaces&v=4.0 HTTP/1.1" 304 -
216.245.221.92 - - [25/Jul/2022:10:32:00 -0500] "HEAD / HTTP/1.1" 200 -
185.7.214.104 - - [25/Jul/2022:10:32:04 -0500] "GET /index.php?s=/Index/\\think\\app/invokefunction&function=call_user_func_array&vars[0]=md5&vars[1][]=HelloThinkPHP21 HTTP/1.1" 404 1018
185.119.81.99 - - [25/Jul/2022:10:32:16 -0500] "GET /portaldeninos/wp-login.php HTTP/1.1" 200 2592
185.119.81.99 - - [25/Jul/2022:10:32:18 -0500] "POST /portaldeninos/wp-login.php HTTP/1.1" 200 3605
186.83.207.234 - - [25/Jul/2022:10:32:19 -0500] "POST /sipse/faces/presentacion/financiero/solicitudProceso/consultarSolicitudProceso.xhtml HTTP/1.1" 200 101195
157.55.39.161 - - [25/Jul/2022:10:33:05 -0500] "GET / HTTP/1.1" 200 319
200.14.238.174 - - [25/Jul/2022:10:33:12 -0500] "GET /galeria/galeria/jquery.fancybox.css?v=2.1.5 HTTP/1.1" 200 4895
200.14.238.174 - - [25/Jul/2022:10:33:12 -0500] "GET /BLA/boletinlegal/js/jquery.scrollShow.js HTTP/1.1" 200 4586
200.14.238.174 - - [25/Jul/2022:10:33:12 -0500] "GET /galeria/galeria/jquery.fancybox.js?v=2.1.5 HTTP/1.1" 200 48706
200.14.238.174 - - [25/Jul/2022:10:33:12 -0500] "GET /BLA/boletinlegal/notificaciones.php HTTP/1.1" 200 39413
200.14.238.174 - - [25/Jul/2022:10:33:12 -0500] "GET /BLA/boletinlegal/styles2.css HTTP/1.1" 200 1838
200.14.238.174 - - [25/Jul/2022:10:33:12 -0500] "GET /BLA/boletinlegal/js/jquery.scrollTo-min.js HTTP/1.1" 200 1150
200.14.238.174 - - [25/Jul/2022:10:33:12 -0500] "GET /BLA/boletinlegal/js/jquery.scrollShow.js HTTP/1.1" 200 4586
200.14.238.174 - - [25/Jul/2022:10:33:12 -0500] "GET /BLA/boletinlegal/images/pdf.gif HTTP/1.1" 200 567
200.14.238.174 - - [25/Jul/2022:10:33:12 -0500] "GET /BLA/boletinlegal/js/jquery.js HTTP/1.1" 200 57254
200.14.238.174 - - [25/Jul/2022:10:33:13 -0500] "GET /BLA/boletinlegal/images/menu_bg.jpg HTTP/1.1" 200 620
200.14.238.174 - - [25/Jul/2022:10:33:13 -0500] "GET /BLA/boletinlegal/images/background.gif HTTP/1.1" 200 -
172.22.2.4 - - [25/Jul/2022:10:33:16 -0500] "GET /BLA/boletinlegal/actos.php HTTP/1.1" 200 9559
186.102.30.83 - - [25/Jul/2022:10:33:19 -0500] "GET /kwssiamovil/sm/acme/a?s=U2FsdGVkX1+XALsEfroKwjqNp+dQ+ef3e/NMnRb0EDRHMloj0vaKLzL7ZkA+mZg/CUq0IeSaAaQEzPYgxDgXg3rRAOdNuVK6bnUVdCHZa+9NAkYNhsDIPelLMBj5EWg+JQ+0/6ts5Oxs7uTM/+hRE6xMV2udy99k8j0QyXcL6KOJy0Juu9k0kE2rbIUX6GHPitJiHECpxx+oKozdJsLRhe4sABwooJsJuyoLIpmAYchEz0XQEHf7e8v4yIeJS2aRky/7aiX75qX9QTv8AFDz8A==&u=U2FsdGVkX1/s0+O5/kMuw05EjVKwXoWKHc4gTNtmxS45dBySd9cM1TWJhasYWCut&y=U2FsdGVkX1/AQQjoby4d4ugJ9xJSbkyDlf4kZNzmlpWYVsYNBSjt6bl1KcD4bOGN HTTP/1.1" 200 25
186.102.30.83 - - [25/Jul/2022:10:33:20 -0500] "GET /kwssiamovil/sm/acme/a?s=U2FsdGVkX1/09yoDN6ovGZr3LgLZ60T6qB0dhqfdnu06RlZGDDcOTjMCx/xgl7Hmq5r4acZc2yJS8RzRuvmGwhk+nNuNk6gW3RX1aofI6qrlPpbWe8eiT5qgyQVdlmP6o8VMelhzjfvklBjEWbZ5BOfKXqEyULxr2vW69jg58LVbrR6ravualN08OLmxJuxYgvh66P3yV/jfhk8lo5jfJfO4IqpWg7a6jSPy5kVJHvCfPj16jtapuDtxciqcm7+YhYEmF2X5pSSfhI2l3Z9p/wAHbJoKn8GMQdLa0XdOYYFxYPdS/iNgPeGmvznsUAYnSk078/U5vr13uPgTw1He0yM09hH4vmHTjhV+oGsMq48Q3KPcXMGl0uMOZOUkPp2L8udio+SpMjssgfn67dyXkDE+QmSLBGBy/0H16b2l5votNsYS0Bq3liPAzd0frCqMBm2ma0OjyfLN6FiCQO0xHkTBcWP+IS16iP2n6R8QMAzZ2HnKi/AffYt2hveTgwxPcRKKMB5Ha0vj9WBX+GQxEWSF+I7AhYJab5xY+Fe1EmVP/X7nt+SNk0/OB+gKw+0p+59sJyub7F++rX0kasvSiet2v05wyo6dZjuUptswYdwXCVVkGTcjuC8wMEJhqp9aKKiwosTi3q1a0cJTORbuarphlgQHh+J0kvxeLDiWPkJSvhSmB5W2VTOg4u/861ehgsKoOBwgpQhhdy6rldDkeCHKxCQzZgkwIAMLjUBNqWzDmxpdu6ixvSeM/9e8AduhwZ8kEhMZ4aTTL4cg3je/78t+Az1fa1lZ8r/O7JiVHHTI23hEUHS1v1bMbAyBOLnhivuv3gRAFtysNdUYqHTJoJBp+2eq+WG0Uub9FlMt4ZKFda6T3e3pFWOgd6XRgkhjfUm2ERiWhO2cvy9+Tfwl4kk5nBK471vrCcPLGM1/Ah8O5vwYVRJ+fGvOMP7B8hTqcYibCuNXDBAIKzvZ6nDRf846TEl7Gy3QIhDR3WEjZMFpUpZ0jB+ZzcPX931tlDxBBJ0GmOSZJ4Ma0DUOfhk1iaH1RnZpWBFrHyM6Qn6+fgcYrZ91fjADteY4LApVzRuSKswkGq78xbApdH2ukbO8mxIKKuckyQxRYBoIA0PcOA05MQTGHlhkNvg7Fr3Ma6FPZDodgamGNqt0dmZkA/2Sh3tQ8UpwGi63G65rTaTF/WiwSiUpERBy8CgVkSFfOPIo/ZpJK7lO9SLsaALpYDVOv3woCzugwPNmvBuay9qFfwxgu1ilq/1G+b3R+JiSh+lokEuHRZq0a4dbtIvJUpskPTa94P7OUrDf5YoeM52lqseME/i2OBNbaghabxDEfg5bUjRcOQaKOx9kS1uIAlT6NtNoy2lu3sccSG2yPCDwTzUm1nN2aEVIwMjKM/lKWVFQuqQASHLTMDVRAD9kspfmmigm7SMyXCTa2gdYerlmRVPFfh9OXOkcWK89RqBj6WR1gyLJZSQqT70iwpIshjhQG77nHMROH8wGCjxP7yq5CBKjs6Ect3RxnBu+NTGncFUnVtqMLBEziYVqiCc252aRWI1KyoYkFMLvmGCh/mVvwZjrM6j8JhRbhx4xtAqAhAVGehObQCT21GPiBk5rHYnSwz5ukQ6fxYAofZlzJ9ef0E0dmGA6Enn/Jgg7q944ZdR6mEKMODG0oO4IcKXg9ccBgBaPe7V7wIVM6gAcUc+zeNNgBVjEcC1TyvygdOzZRFWengtyHFJZwkmABGqRkOY/u3i/icsUZ7x+Hdpa1yHhI/QKjncRARdof552N/oKivs51Exmy7dOPnXppCwcTcBNep+64O6WLHazrBCEHPFZXqUeJMXiKC3SHB3SJpHDeg7Yd8UlHYv35K2/8NVXVSqcTuWz23VR2T3G2Pr9uk3N+Xhvc9CDR3AI52CgPWxpUa2KdCz7u868q/3Q3R1vwoH/dggqpC5surL3FnF4pA6NEkIsEOCwBjWQzajzCNbJJ7YEcPDznrs+xIirisp7lGJB1PWceBko8y884mSnl4heBoCASWr3e8tndVzkB1kKvhxswO2GWgUJXJrNTM1XwNjc/xSo0EypqpVAPzBLyiJslI9444KVy1AFUNgYZ0NoDOsKpEoCoMOX5ZY3mpiqQVsKzxxnz5aaa907vys2hU3huiBpclvZOuFBAAB3mH5JcXwD0eroPWbhYZ47UwKGUX4NuqJy9pV+H5nlBF7ksPk6dnLysWrxQkKXFncRyQEGZzFfhxJ3iYkEcC1edpNOeaOcY9LZpl5J/2VmYpCNUx0oxQvveg6iknB58+jqslhz47WnJ1yqCIOKkxmB0ML5vDjGKIBknXloYG/yJYj2zvNvkKuAcM9BQcHKZO3oWKzbfnvHSOGdw4wRiWMW8nkVgJYZ9CNl1BCy5+Rc6XFn1C58G+d7Xyxp4SiQjTpi9K+T5vM95t9uJbj+dh04vk5JLMoTkgr4FIiv82mwLs/bL3I+jZmJJSvA2cFcguedINLF44kerXv15l211egi/ON9wPzW2+5Ja9HONxlzq23G16zyYfBuhclGQCltPfxReJIEuu+YRDO85v1/Y9sHh45PFu1UCEs6/VZnDGYOMHCxgqJWl7kqyq2vwNhUU1U2zrNlUguhVRd7DjfrtCMQBrEbE3WkgFvsPNq94AVJRIKUy3LJFFShdHHItNCX/zFgp7hExS4CAbqMFMtzwgbVtYegtXfH+bGjOV5sDnxVtbhU7mxuo24IM6OkS3rphV+DUzyoKpNV1SxqbkbQXFn+OdUXLPRUdVxxBzw44eLyzL1iiE0IPHTp0Lwc3mH+rYTAcSH6NfX3jEYHS3yIuPSow9Wt/q124InycXQhxBJZUS+3ZwYUih1CpWhOzAx6RVwzfKx4ptMuiN0Ay65+SslpAw4CxPTO9DjpHQW4OJoxgPb6IT3h5b2YXf9ykpz60ofM3Xq4Vf3oroh/r+j3SEnWFppJAX5ZcYX7scsmZNimafxMMEpipdJk85ySFevjgs/8S8AC7zaRvq2Thhkmsw3PqL5gYV2EyOU1kSnGy/QVJfeJ0HKD2GmwzTZzhLC+fpJqf8zECiQ2MEx7Pb9nrFGolvrDBtfWw0ome7F14RXF7ileyg4t1HRBHKJ1MBB8FbtEy1oIe0x+Dr7LlLaTHOWN3bNiqBLRZ35P3ZOcmFLenJNUBBhnomGdecfnedIHYZfrPl/XD6rK85/oR9jfY0c0SicUj9Rb6WHfQ0kueQxzzIa+6FJ+4CqiL8PVWSaZGyb3YoUHl5auc9ufp6+sKbUr/uOnTg2/DMlogntkNpkQcqoTo92xdjWLnAhqHm+Jja9FTVwlP29o5eE/9QH/GW6eHVlpErwRN9U4Vl//GvNVi6oVO4wGVkrjf/hs2h+e08BqteiUeCprkp5+oMmVjY5IEa7i6gcRujcSB9S3jXu0sNR/LrG0Qb9RCrL2YjI8r+JSG6Z3O73WCrbC9y5TQmBS1ckmIVcUlDasSSKFtmFX/brTEaOe+mTFQ6z9z2KZtAFSWG48DN5dkMRYWBSaPTsNzCfLwNkerFVGkUpih2a3izTpodgYkBg=&u=U2FsdGVkX1/s0+O5/kMuw05EjVKwXoWKHc4gTNtmxS45dBySd9cM1TWJhasYWCut&y=U2FsdGVkX1/AQQjoby4d4ugJ9xJSbkyDlf4kZNzmlpWYVsYNBSjt6bl1KcD4bOGN HTTP/1.1" 200 25
186.102.30.83 - - [25/Jul/2022:10:33:20 -0500] "GET /kwssiamovil/sm/acme/a?s=U2FsdGVkX1+6yaAcIHFpDSwixjcHP1BTdFwnRJ1iylWtM/lBFpIf55OKaiTkX9qhjvaiK6iJgqCal2aDZAbvjTMWeFJeMimxgBCoAbNdH1hIqO1Oz98GQdDTYy3HZyd9BoOpo6mkppjUSzh3JYC1ZQFVnJqvLwY4AhHD1n7pKX8=&u=U2FsdGVkX1/s0+O5/kMuw05EjVKwXoWKHc4gTNtmxS45dBySd9cM1TWJhasYWCut&y=U2FsdGVkX1/AQQjoby4d4ugJ9xJSbkyDlf4kZNzmlpWYVsYNBSjt6bl1KcD4bOGN HTTP/1.1" 200 25
186.102.30.83 - - [25/Jul/2022:10:33:20 -0500] "GET /kwssiamovil/sm/acme/a?s=U2FsdGVkX1+P7Papx+La3mOJEnbs8j8nfhsXoQHpTnRNwPv5IhFcmrGVpmSAfNMDUqM8gsV0HyEPBt8++Xt4/JREzF+52X6/sld863q2a2Fzpt6NbiC9GRWfthVg3ojy2DFcwIPl6AyCIUlBoHE5sdF2cJCQ3OixKyNBnG5WOUU=&u=U2FsdGVkX1/s0+O5/kMuw05EjVKwXoWKHc4gTNtmxS45dBySd9cM1TWJhasYWCut&y=U2FsdGVkX1/AQQjoby4d4ugJ9xJSbkyDlf4kZNzmlpWYVsYNBSjt6bl1KcD4bOGN HTTP/1.1" 200 25
186.102.30.83 - - [25/Jul/2022:10:33:20 -0500] "GET /kwssiamovil/sm/acme/a?s=U2FsdGVkX1/OJJjR4jacEGkUjwfFm3WqCJrdsTBnR4QGnDr4fD2EkFeyxPLPtEVZ6ej7A0Q6RFEfwlgw5GfcbvrSuIJt1ajexVksYpmBmGGSTH4QRbLPYKcvov4mls01ls8QtZ+Zf8n4ll6J1xF7UdtBZxnJt69sirQkPn7Gbmg=&u=U2FsdGVkX1/s0+O5/kMuw05EjVKwXoWKHc4gTNtmxS45dBySd9cM1TWJhasYWCut&y=U2FsdGVkX1/AQQjoby4d4ugJ9xJSbkyDlf4kZNzmlpWYVsYNBSjt6bl1KcD4bOGN HTTP/1.1" 200 25
186.102.30.83 - - [25/Jul/2022:10:33:21 -0500] "GET /kwssiamovil/sm/acme/a?s=U2FsdGVkX18F+SmqnamGscy0nhN/cEMqKqavlNFY+IXi7Je+GQXgdf5MzhscVhq7OiaGecWwiyPg6eFihkBzQeHupReJSxTp0sS3KNPNN14vzLflsY/o0m4f2Q76hm4mcf6S9jpOIO74VDVZeEKxYMj/Nm2iJIQkK7ucm44c2qoJvEXNwkRBVErGsGQEycFsQSA/p/ZznmDVFUehIkOdqg==&u=U2FsdGVkX1/s0+O5/kMuw05EjVKwXoWKHc4gTNtmxS45dBySd9cM1TWJhasYWCut&y=U2FsdGVkX1/AQQjoby4d4ugJ9xJSbkyDlf4kZNzmlpWYVsYNBSjt6bl1KcD4bOGN HTTP/1.1" 200 25
191.156.132.202 - - [25/Jul/2022:10:33:21 -0500] "GET /BLA/resoluciones/dlf/styles.css HTTP/1.1" 200 3049
191.156.132.202 - - [25/Jul/2022:10:33:21 -0500] "GET /BLA/resoluciones/ HTTP/1.1" 200 13093
191.156.132.202 - - [25/Jul/2022:10:33:22 -0500] "GET /BLA/resoluciones/dlf/folder.png HTTP/1.1" 200 410
191.156.132.202 - - [25/Jul/2022:10:33:22 -0500] "GET /BLA/resoluciones/dlf/bg.gif HTTP/1.1" 200 54
191.156.132.202 - - [25/Jul/2022:10:33:22 -0500] "GET /favicon.ico HTTP/1.1" 200 7782
191.156.132.202 - - [25/Jul/2022:10:33:25 -0500] "GET /BLA/resoluciones/dlf/dirup.png HTTP/1.1" 200 644
191.156.132.202 - - [25/Jul/2022:10:33:25 -0500] "GET /BLA/resoluciones/dlf/pdf.gif HTTP/1.1" 200 272
191.156.132.202 - - [25/Jul/2022:10:33:24 -0500] "GET /BLA/resoluciones/index.php?dir=AUTOS+2018%2F HTTP/1.1" 200 436111
186.102.30.83 - - [25/Jul/2022:10:33:40 -0500] "GET /kwssiamovil/sm/acme/u?s=U2FsdGVkX1905684u0y2BQxY29PBdmi6/UqOpHbiF3kIjdE1Im2UafMdMwOq6F8l5Sss4cFy7xUZ4PXPvHwJEGpp4VMVixvXY29ymtmHeEOiH5sfFCNp6EZeMwRl8QOAclPBQW8qmTaH7KHMFK7nJA==&u=U2FsdGVkX1/s0+O5/kMuw05EjVKwXoWKHc4gTNtmxS45dBySd9cM1TWJhasYWCut&y=U2FsdGVkX1/AQQjoby4d4ugJ9xJSbkyDlf4kZNzmlpWYVsYNBSjt6bl1KcD4bOGN HTTP/1.1" 200 60
191.156.132.202 - - [25/Jul/2022:10:33:42 -0500] "GET /BLA/resoluciones/AUTOS%202018/2194.pdf HTTP/1.1" 200 219109
172.22.2.4 - - [25/Jul/2022:10:34:05 -0500] "GET /BLA/boletinlegal/actos.php HTTP/1.1" 200 9559
172.22.2.4 - - [25/Jul/2022:10:34:05 -0500] "GET /BLA/boletinlegal/favicon.ico HTTP/1.1" 404 1326
186.80.52.14 - - [25/Jul/2022:10:34:07 -0500] "POST /sipse/faces/presentacion/financiero/solicitudProceso/consultarSolicitudProceso.xhtml HTTP/1.1" 200 36825
186.80.52.14 - - [25/Jul/2022:10:34:08 -0500] "GET /sipse/faces/javax.faces.resource/theme.css?ln=primefaces-sipse HTTP/1.1" 304 -
186.80.52.14 - - [25/Jul/2022:10:34:08 -0500] "GET /sipse/faces/javax.faces.resource/primefaces.css?ln=primefaces&v=4.0 HTTP/1.1" 304 -
186.80.52.14 - - [25/Jul/2022:10:34:08 -0500] "GET /sipse/faces/javax.faces.resource/layout/layout.css?ln=primefaces&v=4.0 HTTP/1.1" 304 -
186.80.52.14 - - [25/Jul/2022:10:34:08 -0500] "GET /sipse/faces/javax.faces.resource/jquery/jquery.js?ln=primefaces&v=4.0 HTTP/1.1" 304 -
186.80.52.14 - - [25/Jul/2022:10:34:08 -0500] "GET /sipse/faces/javax.faces.resource/jquery/jquery-plugins.js?ln=primefaces&v=4.0 HTTP/1.1" 304 -
186.80.52.14 - - [25/Jul/2022:10:34:08 -0500] "GET /sipse/faces/javax.faces.resource/primefaces.js?ln=primefaces&v=4.0 HTTP/1.1" 304 -
186.80.52.14 - - [25/Jul/2022:10:34:08 -0500] "GET /sipse/faces/javax.faces.resource/layout/layout.js?ln=primefaces&v=4.0 HTTP/1.1" 304 -
186.80.52.14 - - [25/Jul/2022:10:34:08 -0500] "POST /sipse/faces/presentacion/financiero/solicitudProceso/listarSolicitudProceso.xhtml HTTP/1.1" 200 30173
186.80.52.14 - - [25/Jul/2022:10:34:08 -0500] "POST /sipse/faces/presentacion/financiero/solicitudProceso/listarSolicitudProceso.xhtml HTTP/1.1" 200 30173
186.80.52.14 - - [25/Jul/2022:10:34:09 -0500] "POST /sipse/faces/presentacion/financiero/solicitudProceso/listarSolicitudProceso.xhtml HTTP/1.1" 200 1396
186.80.52.14 - - [25/Jul/2022:10:34:09 -0500] "POST /sipse/faces/presentacion/financiero/solicitudProceso/listarSolicitudProceso.xhtml HTTP/1.1" 200 1392
186.80.52.14 - - [25/Jul/2022:10:34:10 -0500] "POST /sipse/faces/presentacion/financiero/solicitudProceso/listarSolicitudProceso.xhtml HTTP/1.1" 200 1400
186.80.52.14 - - [25/Jul/2022:10:34:12 -0500] "POST /sipse/faces/presentacion/financiero/solicitudProceso/listarSolicitudProceso.xhtml HTTP/1.1" 200 14882
186.80.52.14 - - [25/Jul/2022:10:34:14 -0500] "POST /sipse/faces/presentacion/financiero/solicitudProceso/listarSolicitudProceso.xhtml HTTP/1.1" 200 146450
186.80.52.14 - - [25/Jul/2022:10:34:14 -0500] "GET /sipse/faces/javax.faces.resource/theme.css?ln=primefaces-sipse HTTP/1.1" 304 -
186.80.52.14 - - [25/Jul/2022:10:34:14 -0500] "GET /sipse/faces/javax.faces.resource/primefaces.css?ln=primefaces&v=4.0 HTTP/1.1" 304 -
186.80.52.14 - - [25/Jul/2022:10:34:14 -0500] "GET /sipse/faces/javax.faces.resource/layout/layout.css?ln=primefaces&v=4.0 HTTP/1.1" 304 -
186.80.52.14 - - [25/Jul/2022:10:34:14 -0500] "GET /sipse/faces/javax.faces.resource/jquery/jquery.js?ln=primefaces&v=4.0 HTTP/1.1" 304 -
186.80.52.14 - - [25/Jul/2022:10:34:14 -0500] "GET /sipse/faces/javax.faces.resource/jquery/jquery-plugins.js?ln=primefaces&v=4.0 HTTP/1.1" 304 -
186.80.52.14 - - [25/Jul/2022:10:34:14 -0500] "GET /sipse/faces/javax.faces.resource/primefaces.js?ln=primefaces&v=4.0 HTTP/1.1" 304 -
186.80.52.14 - - [25/Jul/2022:10:34:14 -0500] "GET /sipse/faces/javax.faces.resource/layout/layout.js?ln=primefaces&v=4.0 HTTP/1.1" 304 -
172.22.2.4 - - [25/Jul/2022:10:34:42 -0500] "GET /BLA/boletinlegal/consulta_actos.php?tipo=resoluciones&no=0695&usuario=&sector=&fecha=2022&resuelve= HTTP/1.1" 200 1118
172.22.2.4 - - [25/Jul/2022:10:33:58 -0500] "GET /BLA/boletinlegal/ HTTP/1.1" 200 24523
172.22.2.4 - - [25/Jul/2022:10:33:09 -0500] "HEAD /BLA/boletinlegal/ HTTP/1.1" 200 -
190.60.254.235 - - [25/Jul/2022:10:35:15 -0500] "GET /sipse/faces/faces/autenticacion.xhtml HTTP/1.1" 200 12491
190.60.254.235 - - [25/Jul/2022:10:35:15 -0500] "GET /sipse/faces/javax.faces.resource/layout/layout.css;jsessionid=LPMwd+ixy+q6mAbl2vJ4kFhn.undefined?ln=primefaces&v=4.0 HTTP/1.1" 200 542
190.60.254.235 - - [25/Jul/2022:10:35:16 -0500] "GET /sipse/css/custom_css_sg_prime_login.css HTTP/1.1" 200 443
190.60.254.235 - - [25/Jul/2022:10:35:16 -0500] "GET /sipse/css/custom_css_sg.css HTTP/1.1" 200 9694
190.60.254.235 - - [25/Jul/2022:10:35:16 -0500] "GET /sipse/faces/javax.faces.resource/theme.css?ln=primefaces-sipse HTTP/1.1" 304 -
190.60.254.235 - - [25/Jul/2022:10:35:15 -0500] "GET /sipse/faces/javax.faces.resource/primefaces.css;jsessionid=LPMwd+ixy+q6mAbl2vJ4kFhn.undefined?ln=primefaces&v=4.0 HTTP/1.1" 200 53295
190.60.254.235 - - [25/Jul/2022:10:35:16 -0500] "GET /sipse/js/disable_browser_buttons.js HTTP/1.1" 200 3230
190.60.254.235 - - [25/Jul/2022:10:35:16 -0500] "GET /sipse/js/funciones.js HTTP/1.1" 200 12592
190.60.254.235 - - [25/Jul/2022:10:35:16 -0500] "GET /sipse/faces/javax.faces.resource/jquery/jquery.js;jsessionid=LPMwd+ixy+q6mAbl2vJ4kFhn.undefined?ln=primefaces&v=4.0 HTTP/1.1" 200 105384
190.60.254.235 - - [25/Jul/2022:10:35:16 -0500] "GET /sipse/faces/javax.faces.resource/layout/layout.js;jsessionid=LPMwd+ixy+q6mAbl2vJ4kFhn.undefined?ln=primefaces&v=4.0 HTTP/1.1" 200 87560
190.60.254.235 - - [25/Jul/2022:10:35:16 -0500] "GET /sipse/faces/javax.faces.resource/primefaces.js;jsessionid=LPMwd+ixy+q6mAbl2vJ4kFhn.undefined?ln=primefaces&v=4.0 HTTP/1.1" 200 276924
190.60.254.235 - - [25/Jul/2022:10:35:16 -0500] "GET /sipse/faces/javax.faces.resource/jquery/jquery-plugins.js;jsessionid=LPMwd+ixy+q6mAbl2vJ4kFhn.undefined?ln=primefaces&v=4.0 HTTP/1.1" 200 220526
190.60.254.235 - - [25/Jul/2022:10:35:17 -0500] "GET /sipse/faces/javax.faces.resource/images/ui-icons_898989_256x240.png?ln=primefaces-aristo HTTP/1.1" 304 -
190.60.254.235 - - [25/Jul/2022:10:35:17 -0500] "GET /sipse/css/imagen/loginimg.png HTTP/1.1" 200 71635
190.60.254.235 - - [25/Jul/2022:10:35:17 -0500] "GET /sipse/css/imagen/logoSDG.png HTTP/1.1" 200 53064
190.60.254.235 - - [25/Jul/2022:10:35:17 -0500] "GET /sipse/faces/faces/index.xhtml HTTP/1.1" 200 677
190.60.254.235 - - [25/Jul/2022:10:35:17 -0500] "GET /sipse/faces/javax.faces.resource/theme.css?ln=primefaces-sipse HTTP/1.1" 304 -
190.60.254.235 - - [25/Jul/2022:10:35:17 -0500] "GET /sipse/faces/faces/faces/autenticacion.xhtml HTTP/1.1" 200 12169
190.60.254.235 - - [25/Jul/2022:10:35:17 -0500] "GET /sipse/faces/javax.faces.resource/theme.css?ln=primefaces-sipse HTTP/1.1" 304 -
190.60.254.235 - - [25/Jul/2022:10:35:17 -0500] "GET /sipse/faces/javax.faces.resource/primefaces.css?ln=primefaces&v=4.0 HTTP/1.1" 304 -
190.60.254.235 - - [25/Jul/2022:10:35:17 -0500] "GET /sipse/faces/javax.faces.resource/layout/layout.css?ln=primefaces&v=4.0 HTTP/1.1" 304 -
190.60.254.235 - - [25/Jul/2022:10:35:17 -0500] "GET /sipse/faces/javax.faces.resource/jquery/jquery.js?ln=primefaces&v=4.0 HTTP/1.1" 304 -
190.60.254.235 - - [25/Jul/2022:10:35:17 -0500] "GET /sipse/faces/javax.faces.resource/jquery/jquery-plugins.js?ln=primefaces&v=4.0 HTTP/1.1" 304 -
190.60.254.235 - - [25/Jul/2022:10:35:17 -0500] "GET /sipse/faces/javax.faces.resource/primefaces.js?ln=primefaces&v=4.0 HTTP/1.1" 304 -
190.60.254.235 - - [25/Jul/2022:10:35:18 -0500] "GET /sipse/faces/javax.faces.resource/layout/layout.js?ln=primefaces&v=4.0 HTTP/1.1" 304 -
186.83.207.234 - - [25/Jul/2022:10:35:19 -0500] "POST /sipse/faces/presentacion/financiero/solicitudProceso/consultarSolicitudProceso.xhtml HTTP/1.1" 200 169944
186.83.207.234 - - [25/Jul/2022:10:35:20 -0500] "GET /sipse/faces/javax.faces.resource/jquery/jquery.js?ln=primefaces&v=4.0 HTTP/1.1" 304 -
186.83.207.234 - - [25/Jul/2022:10:35:20 -0500] "GET /sipse/faces/javax.faces.resource/primefaces.css?ln=primefaces&v=4.0 HTTP/1.1" 304 -
186.83.207.234 - - [25/Jul/2022:10:35:20 -0500] "GET /sipse/faces/javax.faces.resource/primefaces.js?ln=primefaces&v=4.0 HTTP/1.1" 304 -
186.83.207.234 - - [25/Jul/2022:10:35:20 -0500] "GET /sipse/faces/javax.faces.resource/layout/layout.css?ln=primefaces&v=4.0 HTTP/1.1" 304 -
186.83.207.234 - - [25/Jul/2022:10:35:20 -0500] "GET /sipse/faces/javax.faces.resource/jquery/jquery-plugins.js?ln=primefaces&v=4.0 HTTP/1.1" 304 -
186.83.207.234 - - [25/Jul/2022:10:35:20 -0500] "GET /sipse/faces/javax.faces.resource/layout/layout.js?ln=primefaces&v=4.0 HTTP/1.1" 304 -
186.83.207.234 - - [25/Jul/2022:10:35:20 -0500] "GET /sipse/faces/javax.faces.resource/theme.css?ln=primefaces-sipse HTTP/1.1" 304 -
186.83.207.234 - - [25/Jul/2022:10:35:20 -0500] "GET /sipse/faces/javax.faces.resource/images/ui-icons_898989_256x240.png?ln=primefaces-aristo HTTP/1.1" 200 5355
186.83.207.234 - - [25/Jul/2022:10:35:25 -0500] "GET /sipse/faces/javax.faces.resource/images/ui-bg_flat_0_2d5972_40x100.png?ln=primefaces-aristo HTTP/1.1" 304 -
186.83.207.234 - - [25/Jul/2022:10:35:25 -0500] "POST /sipse/faces/presentacion/financiero/solicitudProceso/consultarSolicitudProceso.xhtml HTTP/1.1" 200 5563
201.245.192.253 - - [25/Jul/2022:10:35:23 -0500] "POST /kwsrmcab/Wsrmcab  HTTP/1.1" 200 213
186.155.70.107 - - [25/Jul/2022:10:35:31 -0500] "POST /appsia/controlador HTTP/1.1" 200 5437
186.155.70.107 - - [25/Jul/2022:10:35:33 -0500] "POST /appsia/controlador HTTP/1.1" 200 7781
186.80.52.14 - - [25/Jul/2022:10:35:34 -0500] "POST /sipse/faces/presentacion/financiero/solicitudProceso/consultarSolicitudProceso.xhtml HTTP/1.1" 200 6188
190.60.254.235 - - [25/Jul/2022:10:35:36 -0500] "POST /sipse/faces/autenticacion.xhtml HTTP/1.1" 200 2216
186.155.70.107 - - [25/Jul/2022:10:35:36 -0500] "POST /appsia/controlador HTTP/1.1" 200 6646
190.60.254.235 - - [25/Jul/2022:10:35:36 -0500] "GET /sipse/faces/javax.faces.resource/messages/messages.png?ln=primefaces&v=4.0 HTTP/1.1" 304 -
186.155.70.107 - - [25/Jul/2022:10:35:37 -0500] "POST /appsia/controlador HTTP/1.1" 200 10966
186.80.52.14 - - [25/Jul/2022:10:35:38 -0500] "POST /sipse/faces/presentacion/financiero/solicitudProceso/consultarSolicitudProceso.xhtml HTTP/1.1" 200 21144
186.80.52.14 - - [25/Jul/2022:10:35:39 -0500] "GET /sipse/faces/javax.faces.resource/theme.css?ln=primefaces-sipse HTTP/1.1" 304 -
186.80.52.14 - - [25/Jul/2022:10:35:39 -0500] "GET /sipse/faces/javax.faces.resource/primefaces.css?ln=primefaces&v=4.0 HTTP/1.1" 304 -
186.80.52.14 - - [25/Jul/2022:10:35:39 -0500] "GET /sipse/faces/javax.faces.resource/layout/layout.css?ln=primefaces&v=4.0 HTTP/1.1" 304 -
186.80.52.14 - - [25/Jul/2022:10:35:39 -0500] "GET /sipse/faces/javax.faces.resource/fileupload/fileupload.css?ln=primefaces&v=4.0 HTTP/1.1" 304 -
186.80.52.14 - - [25/Jul/2022:10:35:39 -0500] "GET /sipse/faces/javax.faces.resource/jquery/jquery-plugins.js?ln=primefaces&v=4.0 HTTP/1.1" 304 -
186.80.52.14 - - [25/Jul/2022:10:35:39 -0500] "GET /sipse/faces/javax.faces.resource/jquery/jquery.js?ln=primefaces&v=4.0 HTTP/1.1" 304 -
186.80.52.14 - - [25/Jul/2022:10:35:39 -0500] "GET /sipse/faces/javax.faces.resource/primefaces.js?ln=primefaces&v=4.0 HTTP/1.1" 304 -
186.80.52.14 - - [25/Jul/2022:10:35:39 -0500] "GET /sipse/faces/javax.faces.resource/layout/layout.js?ln=primefaces&v=4.0 HTTP/1.1" 304 -
186.80.52.14 - - [25/Jul/2022:10:35:39 -0500] "GET /sipse/faces/javax.faces.resource/fileupload/fileupload.js?ln=primefaces&v=4.0 HTTP/1.1" 304 -
186.80.52.14 - - [25/Jul/2022:10:35:39 -0500] "GET /sipse/faces/javax.faces.resource/images/ui-icons_898989_256x240.png?ln=primefaces-aristo HTTP/1.1" 304 -
186.80.52.14 - - [25/Jul/2022:10:35:39 -0500] "GET /sipse/css/imagen/contrasena.png HTTP/1.1" 404 383
172.22.2.4 - - [25/Jul/2022:10:33:59 -0500] "GET /BLA/boletinlegal/ HTTP/1.1" 200 55166
186.155.70.107 - - [25/Jul/2022:10:35:40 -0500] "POST /appsia/controlador HTTP/1.1" 200 75904
185.119.81.106 - - [25/Jul/2022:10:35:41 -0500] "GET /portaldeninos/wp-login.php HTTP/1.1" 200 2592
185.119.81.106 - - [25/Jul/2022:10:35:42 -0500] "POST /portaldeninos/wp-login.php HTTP/1.1" 200 3670
190.60.254.235 - - [25/Jul/2022:10:35:43 -0500] "GET /sipse/faces/javax.faces.resource/images/ui-icons_898989_256x240.png?ln=primefaces-aristo HTTP/1.1" 304 -
186.80.52.14 - - [25/Jul/2022:10:35:43 -0500] "GET /sipse/faces/javax.faces.resource/primefaces.css?ln=primefaces&v=4.0 HTTP/1.1" 304 -
186.80.52.14 - - [25/Jul/2022:10:35:43 -0500] "GET /sipse/faces/javax.faces.resource/layout/layout.css?ln=primefaces&v=4.0 HTTP/1.1" 304 -
186.80.52.14 - - [25/Jul/2022:10:35:43 -0500] "GET /sipse/faces/javax.faces.resource/theme.css?ln=primefaces-sipse HTTP/1.1" 304 -
186.80.52.14 - - [25/Jul/2022:10:35:43 -0500] "GET /sipse/faces/javax.faces.resource/jquery/jquery-plugins.js?ln=primefaces&v=4.0 HTTP/1.1" 304 -
186.80.52.14 - - [25/Jul/2022:10:35:43 -0500] "GET /sipse/faces/javax.faces.resource/jquery/jquery.js?ln=primefaces&v=4.0 HTTP/1.1" 304 -
186.80.52.14 - - [25/Jul/2022:10:35:43 -0500] "GET /sipse/faces/javax.faces.resource/primefaces.js?ln=primefaces&v=4.0 HTTP/1.1" 304 -
186.80.52.14 - - [25/Jul/2022:10:35:43 -0500] "GET /sipse/faces/javax.faces.resource/layout/layout.js?ln=primefaces&v=4.0 HTTP/1.1" 304 -
190.60.254.235 - - [25/Jul/2022:10:35:43 -0500] "POST /sipse/faces/autenticacion.xhtml HTTP/1.1" 200 16280
190.60.254.235 - - [25/Jul/2022:10:35:43 -0500] "GET /sipse/css/custom_css_sg_prime.css HTTP/1.1" 200 5201
190.60.254.235 - - [25/Jul/2022:10:35:43 -0500] "GET /sipse/faces/javax.faces.resource/theme.css?ln=primefaces-sipse HTTP/1.1" 304 -
186.80.52.14 - - [25/Jul/2022:10:35:42 -0500] "POST /sipse/faces/presentacion/sistema/anexos/cargarAnexoSolicitudProceso.xhtml HTTP/1.1" 200 194693
190.60.254.235 - - [25/Jul/2022:10:35:43 -0500] "GET /sipse/faces/javax.faces.resource/primefaces.css?ln=primefaces&v=4.0 HTTP/1.1" 304 -
186.80.52.14 - - [25/Jul/2022:10:35:43 -0500] "GET /sipse/faces/javax.faces.resource/images/ui-icons_898989_256x240.png?ln=primefaces-aristo HTTP/1.1" 304 -
190.60.254.235 - - [25/Jul/2022:10:35:43 -0500] "GET /sipse/faces/javax.faces.resource/layout/layout.css?ln=primefaces&v=4.0 HTTP/1.1" 304 -
190.60.254.235 - - [25/Jul/2022:10:35:43 -0500] "GET /sipse/js/jquery.min.js HTTP/1.1" 200 85582
190.60.254.235 - - [25/Jul/2022:10:35:44 -0500] "GET /sipse/faces/javax.faces.resource/jquery/jquery.js?ln=primefaces&v=4.0 HTTP/1.1" 304 -
190.60.254.235 - - [25/Jul/2022:10:35:44 -0500] "GET /sipse/faces/javax.faces.resource/jquery/jquery-plugins.js?ln=primefaces&v=4.0 HTTP/1.1" 304 -
190.60.254.235 - - [25/Jul/2022:10:35:44 -0500] "GET /sipse/faces/javax.faces.resource/primefaces.js?ln=primefaces&v=4.0 HTTP/1.1" 304 -
190.60.254.235 - - [25/Jul/2022:10:35:44 -0500] "GET /sipse/faces/javax.faces.resource/layout/layout.js?ln=primefaces&v=4.0 HTTP/1.1" 304 -
190.60.254.235 - - [25/Jul/2022:10:35:44 -0500] "GET /sipse/css/imagen/contrasena.png HTTP/1.1" 404 383
190.60.254.235 - - [25/Jul/2022:10:35:44 -0500] "GET /sipse/imagenes/cargando.gif HTTP/1.1" 200 36959
190.60.254.235 - - [25/Jul/2022:10:35:44 -0500] "GET /sipse/imagenes/logoAplicacion.jpg HTTP/1.1" 200 155084
190.60.254.235 - - [25/Jul/2022:10:35:46 -0500] "GET /sipse/faces/javax.faces.resource/images/ui-bg_flat_0_2d5972_40x100.png?ln=primefaces-aristo HTTP/1.1" 304 -
190.60.254.235 - - [25/Jul/2022:10:35:46 -0500] "POST /sipse/faces/bienvenido.xhtml HTTP/1.1" 200 9754
186.80.52.14 - - [25/Jul/2022:10:35:46 -0500] "POST /sipse/faces/presentacion/financiero/solicitudProceso/consultarSolicitudProceso.xhtml HTTP/1.1" 200 21144
186.80.52.14 - - [25/Jul/2022:10:35:46 -0500] "GET /sipse/faces/javax.faces.resource/theme.css?ln=primefaces-sipse HTTP/1.1" 304 -
186.80.52.14 - - [25/Jul/2022:10:35:46 -0500] "GET /sipse/faces/javax.faces.resource/primefaces.css?ln=primefaces&v=4.0 HTTP/1.1" 304 -
186.80.52.14 - - [25/Jul/2022:10:35:46 -0500] "GET /sipse/faces/javax.faces.resource/layout/layout.css?ln=primefaces&v=4.0 HTTP/1.1" 304 -
186.80.52.14 - - [25/Jul/2022:10:35:46 -0500] "GET /sipse/faces/javax.faces.resource/jquery/jquery.js?ln=primefaces&v=4.0 HTTP/1.1" 304 -
186.80.52.14 - - [25/Jul/2022:10:35:46 -0500] "GET /sipse/faces/javax.faces.resource/primefaces.js?ln=primefaces&v=4.0 HTTP/1.1" 304 -
186.80.52.14 - - [25/Jul/2022:10:35:46 -0500] "GET /sipse/faces/javax.faces.resource/jquery/jquery-plugins.js?ln=primefaces&v=4.0 HTTP/1.1" 304 -
186.80.52.14 - - [25/Jul/2022:10:35:46 -0500] "GET /sipse/faces/javax.faces.resource/fileupload/fileupload.css?ln=primefaces&v=4.0 HTTP/1.1" 304 -
186.80.52.14 - - [25/Jul/2022:10:35:46 -0500] "GET /sipse/faces/javax.faces.resource/layout/layout.js?ln=primefaces&v=4.0 HTTP/1.1" 304 -
186.80.52.14 - - [25/Jul/2022:10:35:46 -0500] "GET /sipse/faces/javax.faces.resource/fileupload/fileupload.js?ln=primefaces&v=4.0 HTTP/1.1" 304 -
186.83.207.234 - - [25/Jul/2022:10:35:47 -0500] "POST /sipse/faces/presentacion/financiero/solicitudProceso/consultarSolicitudProceso.xhtml HTTP/1.1" 200 23954
186.83.207.234 - - [25/Jul/2022:10:35:47 -0500] "GET /sipse/faces/javax.faces.resource/jquery/jquery.js?ln=primefaces&v=4.0 HTTP/1.1" 304 -
186.83.207.234 - - [25/Jul/2022:10:35:47 -0500] "GET /sipse/faces/javax.faces.resource/jquery/jquery-plugins.js?ln=primefaces&v=4.0 HTTP/1.1" 304 -
186.83.207.234 - - [25/Jul/2022:10:35:47 -0500] "GET /sipse/faces/javax.faces.resource/primefaces.js?ln=primefaces&v=4.0 HTTP/1.1" 304 -
186.83.207.234 - - [25/Jul/2022:10:35:47 -0500] "GET /sipse/faces/javax.faces.resource/layout/layout.js?ln=primefaces&v=4.0 HTTP/1.1" 304 -
190.60.254.235 - - [25/Jul/2022:10:35:49 -0500] "POST /sipse/faces/bienvenido.xhtml HTTP/1.1" 200 2658
186.80.52.14 - - [25/Jul/2022:10:35:50 -0500] "GET /sipse/faces/javax.faces.resource/theme.css?ln=primefaces-sipse HTTP/1.1" 304 -
186.80.52.14 - - [25/Jul/2022:10:35:50 -0500] "GET /sipse/faces/javax.faces.resource/primefaces.css?ln=primefaces&v=4.0 HTTP/1.1" 304 -
186.80.52.14 - - [25/Jul/2022:10:35:50 -0500] "GET /sipse/faces/javax.faces.resource/layout/layout.css?ln=primefaces&v=4.0 HTTP/1.1" 304 -
186.80.52.14 - - [25/Jul/2022:10:35:50 -0500] "GET /sipse/faces/javax.faces.resource/jquery/jquery.js?ln=primefaces&v=4.0 HTTP/1.1" 304 -
186.80.52.14 - - [25/Jul/2022:10:35:50 -0500] "GET /sipse/faces/javax.faces.resource/jquery/jquery-plugins.js?ln=primefaces&v=4.0 HTTP/1.1" 304 -
186.80.52.14 - - [25/Jul/2022:10:35:50 -0500] "GET /sipse/faces/javax.faces.resource/layout/layout.js?ln=primefaces&v=4.0 HTTP/1.1" 304 -
186.80.52.14 - - [25/Jul/2022:10:35:50 -0500] "GET /sipse/faces/javax.faces.resource/primefaces.js?ln=primefaces&v=4.0 HTTP/1.1" 304 -
186.80.52.14 - - [25/Jul/2022:10:35:50 -0500] "POST /sipse/faces/presentacion/sistema/anexos/cargarAnexoSolicitudProceso.xhtml HTTP/1.1" 200 196492
186.155.70.107 - - [25/Jul/2022:10:35:52 -0500] "POST /appsia/controlador HTTP/1.1" 200 7781
186.80.52.14 - - [25/Jul/2022:10:35:52 -0500] "GET /sipse/faces/javax.faces.resource/images/ui-icons_898989_256x240.png?ln=primefaces-aristo HTTP/1.1" 304 -
190.60.254.235 - - [25/Jul/2022:10:35:52 -0500] "POST /sipse/faces/bienvenido.xhtml HTTP/1.1" 200 64606
190.60.254.235 - - [25/Jul/2022:10:35:52 -0500] "GET /sipse/faces/javax.faces.resource/primefaces.css?ln=primefaces&v=4.0 HTTP/1.1" 304 -
190.60.254.235 - - [25/Jul/2022:10:35:52 -0500] "GET /sipse/faces/javax.faces.resource/theme.css?ln=primefaces-sipse HTTP/1.1" 304 -
190.60.254.235 - - [25/Jul/2022:10:35:52 -0500] "GET /sipse/faces/javax.faces.resource/layout/layout.css?ln=primefaces&v=4.0 HTTP/1.1" 304 -
190.60.254.235 - - [25/Jul/2022:10:35:53 -0500] "GET /sipse/faces/javax.faces.resource/jquery/jquery.js?ln=primefaces&v=4.0 HTTP/1.1" 304 -
190.60.254.235 - - [25/Jul/2022:10:35:53 -0500] "GET /sipse/faces/javax.faces.resource/jquery/jquery-plugins.js?ln=primefaces&v=4.0 HTTP/1.1" 304 -
190.60.254.235 - - [25/Jul/2022:10:35:53 -0500] "GET /sipse/faces/javax.faces.resource/primefaces.js?ln=primefaces&v=4.0 HTTP/1.1" 304 -
190.60.254.235 - - [25/Jul/2022:10:35:53 -0500] "GET /sipse/faces/javax.faces.resource/layout/layout.js?ln=primefaces&v=4.0 HTTP/1.1" 304 -
190.60.254.235 - - [25/Jul/2022:10:35:53 -0500] "POST /sipse/faces/presentacion/financiero/solicitudProceso/listarSolicitudProceso.xhtml HTTP/1.1" 200 1560
186.80.52.14 - - [25/Jul/2022:10:35:53 -0500] "GET /sipse/faces/javax.faces.resource/images/ui-bg_flat_0_2d5972_40x100.png?ln=primefaces-aristo HTTP/1.1" 304 -
186.155.70.107 - - [25/Jul/2022:10:35:56 -0500] "POST /appsia/controlador HTTP/1.1" 200 6646
186.80.52.14 - - [25/Jul/2022:10:35:53 -0500] "POST /sipse/faces/presentacion/financiero/solicitudProceso/consultarSolicitudProceso.xhtml HTTP/1.1" 200 37433
186.80.52.14 - - [25/Jul/2022:10:35:56 -0500] "GET /sipse/faces/javax.faces.resource/primefaces.css?ln=primefaces&v=4.0 HTTP/1.1" 304 -
186.80.52.14 - - [25/Jul/2022:10:35:56 -0500] "GET /sipse/faces/javax.faces.resource/theme.css?ln=primefaces-sipse HTTP/1.1" 304 -
186.80.52.14 - - [25/Jul/2022:10:35:56 -0500] "GET /sipse/faces/javax.faces.resource/layout/layout.css?ln=primefaces&v=4.0 HTTP/1.1" 304 -
186.80.52.14 - - [25/Jul/2022:10:35:56 -0500] "GET /sipse/faces/javax.faces.resource/jquery/jquery.js?ln=primefaces&v=4.0 HTTP/1.1" 304 -
186.80.52.14 - - [25/Jul/2022:10:35:56 -0500] "GET /sipse/faces/javax.faces.resource/jquery/jquery-plugins.js?ln=primefaces&v=4.0 HTTP/1.1" 304 -
186.80.52.14 - - [25/Jul/2022:10:35:56 -0500] "GET /sipse/faces/javax.faces.resource/primefaces.js?ln=primefaces&v=4.0 HTTP/1.1" 304 -
186.80.52.14 - - [25/Jul/2022:10:35:56 -0500] "GET /sipse/faces/javax.faces.resource/layout/layout.js?ln=primefaces&v=4.0 HTTP/1.1" 304 -
186.80.52.14 - - [25/Jul/2022:10:35:56 -0500] "GET /sipse/faces/javax.faces.resource/messages/messages.png?ln=primefaces&v=4.0 HTTP/1.1" 304 -
186.80.52.14 - - [25/Jul/2022:10:35:56 -0500] "POST /sipse/faces/presentacion/financiero/solicitudProceso/listarSolicitudProceso.xhtml HTTP/1.1" 200 1396
186.155.70.107 - - [25/Jul/2022:10:35:57 -0500] "POST /appsia/controlador HTTP/1.1" 200 10204
186.80.52.14 - - [25/Jul/2022:10:35:59 -0500] "POST /sipse/faces/presentacion/financiero/solicitudProceso/listarSolicitudProceso.xhtml HTTP/1.1" 200 41504
185.119.81.99 - - [25/Jul/2022:10:36:00 -0500] "GET /portaldeninos/wp-login.php HTTP/1.1" 200 2592
186.155.70.107 - - [25/Jul/2022:10:36:00 -0500] "POST /appsia/controlador HTTP/1.1" 200 75821
185.119.81.99 - - [25/Jul/2022:10:36:01 -0500] "POST /portaldeninos/wp-login.php HTTP/1.1" 200 3605
186.83.207.234 - - [25/Jul/2022:10:36:01 -0500] "POST /sipse/faces/presentacion/financiero/viabilidad/expedirViabilidad.xhtml HTTP/1.1" 200 125113
186.83.207.234 - - [25/Jul/2022:10:36:02 -0500] "GET /sipse/faces/javax.faces.resource/jquery/jquery.js?ln=primefaces&v=4.0 HTTP/1.1" 304 -
186.83.207.234 - - [25/Jul/2022:10:36:02 -0500] "GET /sipse/faces/javax.faces.resource/jquery/jquery-plugins.js?ln=primefaces&v=4.0 HTTP/1.1" 304 -
186.83.207.234 - - [25/Jul/2022:10:36:02 -0500] "GET /sipse/faces/javax.faces.resource/primefaces.js?ln=primefaces&v=4.0 HTTP/1.1" 304 -
186.83.207.234 - - [25/Jul/2022:10:36:02 -0500] "GET /sipse/faces/javax.faces.resource/layout/layout.js?ln=primefaces&v=4.0 HTTP/1.1" 304 -
186.155.70.107 - - [25/Jul/2022:10:36:09 -0500] "POST /appsia/controlador HTTP/1.1" 200 7781
186.83.207.234 - - [25/Jul/2022:10:36:11 -0500] "POST /sipse/faces/presentacion/financiero/solicitudProceso/consultarSolicitudProceso.xhtml HTTP/1.1" 200 45088
186.83.207.234 - - [25/Jul/2022:10:36:13 -0500] "GET /sipse/faces/javax.faces.resource/jquery/jquery.js?ln=primefaces&v=4.0 HTTP/1.1" 304 -
186.83.207.234 - - [25/Jul/2022:10:36:13 -0500] "GET /sipse/faces/javax.faces.resource/jquery/jquery-plugins.js?ln=primefaces&v=4.0 HTTP/1.1" 304 -
186.83.207.234 - - [25/Jul/2022:10:36:13 -0500] "GET /sipse/faces/javax.faces.resource/primefaces.js?ln=primefaces&v=4.0 HTTP/1.1" 304 -
186.83.207.234 - - [25/Jul/2022:10:36:13 -0500] "GET /sipse/faces/javax.faces.resource/layout/layout.js?ln=primefaces&v=4.0 HTTP/1.1" 304 -
186.83.207.234 - - [25/Jul/2022:10:36:13 -0500] "GET /sipse/faces/javax.faces.resource/messages/messages.png?ln=primefaces&v=4.0 HTTP/1.1" 304 -
186.83.207.234 - - [25/Jul/2022:10:36:14 -0500] "POST /sipse/faces/presentacion/financiero/solicitudProceso/listarSolicitudProceso.xhtml HTTP/1.1" 200 1468
173.252.87.11 - - [25/Jul/2022:10:36:20 -0500] "GET /mas-de-30-tinguas-fueron-liberadas-en-la-semana-de-los-humedales.html HTTP/1.1" 206 950
186.155.70.107 - - [25/Jul/2022:10:36:20 -0500] "POST /appsia/controlador HTTP/1.1" 200 6646
186.155.70.107 - - [25/Jul/2022:10:36:22 -0500] "POST /appsia/controlador HTTP/1.1" 200 10203
186.155.70.107 - - [25/Jul/2022:10:36:29 -0500] "POST /appsia/controlador HTTP/1.1" 200 75819
216.245.221.92 - - [25/Jul/2022:10:37:00 -0500] "HEAD / HTTP/1.1" 200 -
186.155.70.107 - - [25/Jul/2022:10:37:13 -0500] "POST /appsia/controlador HTTP/1.1" 200 7781
186.155.70.107 - - [25/Jul/2022:10:37:16 -0500] "POST /appsia/controlador HTTP/1.1" 200 6646
186.155.70.107 - - [25/Jul/2022:10:37:17 -0500] "POST /appsia/controlador HTTP/1.1" 200 10203
186.155.70.107 - - [25/Jul/2022:10:37:19 -0500] "POST /appsia/controlador HTTP/1.1" 200 75819
186.154.189.87 - - [25/Jul/2022:10:37:26 -0500] "GET /BLA/resoluciones/index.php?dir=AUTOS+2021%2F HTTP/1.1" 200 391044
186.154.189.87 - - [25/Jul/2022:10:37:29 -0500] "GET /BLA/resoluciones/index.php HTTP/1.1" 200 13093
186.154.189.87 - - [25/Jul/2022:10:37:29 -0500] "GET /favicon.ico HTTP/1.1" 200 7782
186.154.189.87 - - [25/Jul/2022:10:37:38 -0500] "GET /BLA/resoluciones/index.php?dir=AUTOS+2022%2F HTTP/1.1" 200 141750
172.22.2.4 - - [25/Jul/2022:10:36:19 -0500] "GET /BLA/boletinlegal/ HTTP/1.1" 200 63238
191.108.19.106 - - [25/Jul/2022:10:38:14 -0500] "GET /BLA/resoluciones/ HTTP/1.1" 200 13093
191.108.19.106 - - [25/Jul/2022:10:38:17 -0500] "GET /favicon.ico HTTP/1.1" 200 7782
191.108.19.106 - - [25/Jul/2022:10:38:20 -0500] "GET /BLA/resoluciones/index.php?dir=RESOLUCIONES+2019%2F HTTP/1.1" 200 242517
191.108.19.106 - - [25/Jul/2022:10:38:29 -0500] "GET /BLA/resoluciones/RESOLUCIONES%202019/2853.pdf HTTP/1.1" 200 276630
172.22.2.4 - - [25/Jul/2022:10:38:46 -0500] "GET /BLA/boletinlegal/consulta_actos.php?tipo=resoluciones&no=0699&usuario=&sector=&fecha=2022&resuelve= HTTP/1.1" 200 1143
172.22.2.4 - - [25/Jul/2022:10:38:59 -0500] "GET /BLA/boletinlegal/consulta_actos.php?tipo=resoluciones&no=0740&usuario=&sector=&fecha=2022&resuelve= HTTP/1.1" 200 1122
114.119.152.50 - - [25/Jul/2022:10:39:28 -0500] "-" 408 -
172.22.2.4 - - [25/Jul/2022:10:39:59 -0500] "GET /BLA/boletinlegal/consulta_actos.php?tipo=resoluciones&no=0897&usuario=&sector=&fecha=2022&resuelve= HTTP/1.1" 200 1131
172.22.2.4 - - [25/Jul/2022:10:40:03 -0500] "GET /BLA/boletinlegal/consulta_actos.php?tipo=resoluciones&no=0897&usuario=&sector=&fecha=2022&resuelve= HTTP/1.1" 200 1131
201.245.192.253 - - [25/Jul/2022:10:40:22 -0500] "POST /kwsrmcab/Wsrmcab  HTTP/1.1" 200 213
172.22.2.4 - - [25/Jul/2022:10:40:35 -0500] "GET /BLA/boletinlegal/consulta_actos.php?tipo=resoluciones&no=0950&usuario=&sector=&fecha=2022&resuelve= HTTP/1.1" 200 1120
40.77.167.65 - - [25/Jul/2022:10:40:38 -0500] "GET /BLA/resoluciones/RESOLUCIONES%202020/1392.pdf HTTP/1.1" 200 369611
172.22.2.4 - - [25/Jul/2022:10:38:59 -0500] "HEAD /BLA/boletinlegal/ HTTP/1.1" 200 -
172.22.2.4 - - [25/Jul/2022:10:40:42 -0500] "GET /BLA/boletinlegal/consulta_actos.php?tipo=resoluciones&no=0992&usuario=&sector=&fecha=2022&resuelve= HTTP/1.1" 200 626
172.22.2.4 - - [25/Jul/2022:10:40:43 -0500] "GET /BLA/boletinlegal/consulta_actos.php?tipo=resoluciones&no=0992&usuario=&sector=&fecha=2022&resuelve= HTTP/1.1" 200 626
172.22.2.4 - - [25/Jul/2022:10:40:48 -0500] "GET /BLA/boletinlegal/consulta_actos.php?tipo=resoluciones&no=0992&usuario=&sector=&fecha=2022&resuelve= HTTP/1.1" 200 626
172.22.2.4 - - [25/Jul/2022:10:40:48 -0500] "GET /BLA/boletinlegal/consulta_actos.php?tipo=resoluciones&no=0992&usuario=&sector=&fecha=2022&resuelve= HTTP/1.1" 200 626
172.22.2.4 - - [25/Jul/2022:10:41:00 -0500] "GET /BLA/boletinlegal/consulta_actos.php?tipo=resoluciones&no=0992&usuario=&sector=&fecha=2022&resuelve= HTTP/1.1" 200 626
172.22.2.4 - - [25/Jul/2022:10:41:00 -0500] "GET /BLA/boletinlegal/consulta_actos.php?tipo=resoluciones&no=0992&usuario=&sector=&fecha=2022&resuelve= HTTP/1.1" 200 626
172.22.2.4 - - [25/Jul/2022:10:41:01 -0500] "GET /BLA/boletinlegal/consulta_actos.php?tipo=resoluciones&no=0992&usuario=&sector=&fecha=2022&resuelve= HTTP/1.1" 200 626
186.146.43.20 - - [25/Jul/2022:10:41:04 -0500] "GET /galeria/galeria/jquery.fancybox.css?v=2.1.5 HTTP/1.1" 200 4895
186.146.43.20 - - [25/Jul/2022:10:41:04 -0500] "GET /BLA/boletinlegal/js/jquery.scrollShow.js HTTP/1.1" 200 4586
186.146.43.20 - - [25/Jul/2022:10:41:04 -0500] "GET /galeria/galeria/jquery.fancybox.js?v=2.1.5 HTTP/1.1" 200 48706
201.245.192.253 - - [25/Jul/2022:10:41:02 -0500] "POST /kwsrmcab/Wsrmcab HTTP/1.1" 200 46050
172.22.2.4 - - [25/Jul/2022:10:41:05 -0500] "GET /BLA/boletinlegal/consulta_actos.php?tipo=resoluciones&no=0992&usuario=&sector=&fecha=2021&resuelve= HTTP/1.1" 200 626
201.245.192.253 - - [25/Jul/2022:10:41:06 -0500] "POST /kwsrmcab/Wsrmcab HTTP/1.1" 200 44115
