172.22.2.4 - - [26/Jul/2022:05:37:35 -0500] "GET /BLA/boletinlegal/consulta_actos.php?tipo=resoluciones&no=&usuario=&sector=SILVICULTURA&fecha=2018&resuelve=Debida HTTP/1.1" 200 626
172.22.2.4 - - [26/Jul/2022:05:37:40 -0500] "GET /BLA/boletinlegal/consulta_actos.php?tipo=resoluciones&no=&usuario=&sector=SILVICULTURA&fecha=2022&resuelve=Debida HTTP/1.1" 200 626
172.22.2.4 - - [26/Jul/2022:05:37:47 -0500] "GET /BLA/boletinlegal/consulta_actos.php?tipo=resoluciones&no=&usuario=&sector=SILVICULTURA&fecha=2021&resuelve=Debida HTTP/1.1" 200 626
172.22.2.4 - - [26/Jul/2022:05:37:51 -0500] "GET /BLA/boletinlegal/consulta_actos.php?tipo=resoluciones&no=&usuario=&sector=SILVICULTURA&fecha=2020&resuelve=Debida HTTP/1.1" 200 626
172.22.2.4 - - [26/Jul/2022:05:37:56 -0500] "GET /BLA/boletinlegal/consulta_actos.php?tipo=resoluciones&no=&usuario=&sector=SILVICULTURA&fecha=2019&resuelve=Debida HTTP/1.1" 200 626
172.22.2.4 - - [26/Jul/2022:05:38:00 -0500] "GET /BLA/boletinlegal/consulta_actos.php?tipo=resoluciones&no=&usuario=&sector=SILVICULTURA&fecha=2018&resuelve=Debida HTTP/1.1" 200 626
172.22.2.4 - - [26/Jul/2022:05:38:05 -0500] "GET /BLA/boletinlegal/consulta_actos.php?tipo=resoluciones&no=&usuario=&sector=SILVICULTURA&fecha=2017&resuelve=Debida HTTP/1.1" 200 626
172.22.2.4 - - [26/Jul/2022:05:38:09 -0500] "GET /BLA/boletinlegal/consulta_actos.php?tipo=resoluciones&no=&usuario=&sector=SILVICULTURA&fecha=2016&resuelve=Debida HTTP/1.1" 200 626
172.22.2.4 - - [26/Jul/2022:05:38:13 -0500] "GET /BLA/boletinlegal/consulta_actos.php?tipo=resoluciones&no=&usuario=&sector=SILVICULTURA&fecha=2015&resuelve=Debida HTTP/1.1" 200 626
157.55.39.145 - - [26/Jul/2022:05:38:14 -0500] "GET /portaldeninos/wp-content/uploads/2020/11/C%C3%B3rdoba-B-768x432.jpg HTTP/1.1" 200 72634
172.22.2.4 - - [26/Jul/2022:05:38:17 -0500] "GET /BLA/boletinlegal/consulta_actos.php?tipo=resoluciones&no=&usuario=&sector=SILVICULTURA&fecha=2014&resuelve=Debida HTTP/1.1" 200 626
172.22.2.4 - - [26/Jul/2022:05:38:21 -0500] "GET /BLA/boletinlegal/consulta_actos.php?tipo=resoluciones&no=&usuario=&sector=SILVICULTURA&fecha=2013&resuelve=Debida HTTP/1.1" 200 626
172.22.2.4 - - [26/Jul/2022:05:38:26 -0500] "GET /BLA/boletinlegal/consulta_actos.php?tipo=resoluciones&no=&usuario=&sector=SILVICULTURA&fecha=2012&resuelve=Debida HTTP/1.1" 200 626
172.22.2.4 - - [26/Jul/2022:05:38:35 -0500] "GET /BLA/boletinlegal/consulta_actos.php?tipo=resoluciones&no=&usuario=&sector=VERTIMIENTOS&fecha=2012&resuelve=Debida HTTP/1.1" 200 626
172.22.2.4 - - [26/Jul/2022:05:38:40 -0500] "GET /BLA/boletinlegal/consulta_actos.php?tipo=resoluciones&no=&usuario=&sector=VERTIMIENTOS&fecha=2013&resuelve=Debida HTTP/1.1" 200 626
172.22.2.4 - - [26/Jul/2022:05:38:44 -0500] "GET /BLA/boletinlegal/consulta_actos.php?tipo=resoluciones&no=&usuario=&sector=VERTIMIENTOS&fecha=2014&resuelve=Debida HTTP/1.1" 200 626
172.22.2.4 - - [26/Jul/2022:05:38:48 -0500] "GET /BLA/boletinlegal/consulta_actos.php?tipo=resoluciones&no=&usuario=&sector=VERTIMIENTOS&fecha=2015&resuelve=Debida HTTP/1.1" 200 626
172.22.2.4 - - [26/Jul/2022:05:38:51 -0500] "GET /BLA/boletinlegal/consulta_actos.php?tipo=resoluciones&no=&usuario=&sector=VERTIMIENTOS&fecha=2015&resuelve=Debida HTTP/1.1" 200 626
172.22.2.4 - - [26/Jul/2022:05:38:55 -0500] "GET /BLA/boletinlegal/consulta_actos.php?tipo=resoluciones&no=&usuario=&sector=VERTIMIENTOS&fecha=2016&resuelve=Debida HTTP/1.1" 200 626
172.22.2.4 - - [26/Jul/2022:05:38:59 -0500] "GET /BLA/boletinlegal/consulta_actos.php?tipo=resoluciones&no=&usuario=&sector=VERTIMIENTOS&fecha=2017&resuelve=Debida HTTP/1.1" 200 626
172.22.2.4 - - [26/Jul/2022:05:39:02 -0500] "GET /BLA/boletinlegal/consulta_actos.php?tipo=resoluciones&no=&usuario=&sector=VERTIMIENTOS&fecha=2018&resuelve=Debida HTTP/1.1" 200 626
172.22.2.4 - - [26/Jul/2022:05:39:07 -0500] "GET /BLA/boletinlegal/consulta_actos.php?tipo=resoluciones&no=&usuario=&sector=VERTIMIENTOS&fecha=2019&resuelve=Debida HTTP/1.1" 200 626
172.22.2.4 - - [26/Jul/2022:05:39:11 -0500] "GET /BLA/boletinlegal/consulta_actos.php?tipo=resoluciones&no=&usuario=&sector=VERTIMIENTOS&fecha=2020&resuelve=Debida HTTP/1.1" 200 626
172.22.2.4 - - [26/Jul/2022:05:39:15 -0500] "GET /BLA/boletinlegal/consulta_actos.php?tipo=resoluciones&no=&usuario=&sector=VERTIMIENTOS&fecha=2020&resuelve=Debida HTTP/1.1" 200 626
172.22.2.4 - - [26/Jul/2022:05:39:20 -0500] "GET /BLA/boletinlegal/consulta_actos.php?tipo=resoluciones&no=&usuario=&sector=VERTIMIENTOS&fecha=2021&resuelve=Debida HTTP/1.1" 200 626
172.22.2.4 - - [26/Jul/2022:05:39:24 -0500] "GET /BLA/boletinlegal/consulta_actos.php?tipo=resoluciones&no=&usuario=&sector=VERTIMIENTOS&fecha=2022&resuelve=Debida HTTP/1.1" 200 626
172.22.2.4 - - [26/Jul/2022:05:39:33 -0500] "GET /BLA/boletinlegal/consulta_actos.php?tipo=resoluciones&no=&usuario=&sector=AIRE&fecha=2022&resuelve=Debida HTTP/1.1" 200 626
172.22.2.4 - - [26/Jul/2022:05:39:36 -0500] "GET /BLA/boletinlegal/consulta_actos.php?tipo=resoluciones&no=&usuario=&sector=AIRE&fecha=2021&resuelve=Debida HTTP/1.1" 200 626
172.22.2.4 - - [26/Jul/2022:05:40:48 -0500] "GET /BLA/boletinlegal/consulta_actos.php?tipo=resoluciones&no=&usuario=&sector=AIRE&fecha=2020&resuelve=Debida HTTP/1.1" 200 626
172.22.2.4 - - [26/Jul/2022:05:40:50 -0500] "GET /BLA/boletinlegal/consulta_actos.php?tipo=resoluciones&no=&usuario=&sector=AIRE&fecha=2020&resuelve=Debida HTTP/1.1" 200 626
172.22.2.4 - - [26/Jul/2022:05:40:53 -0500] "GET /BLA/boletinlegal/consulta_actos.php?tipo=resoluciones&no=&usuario=&sector=AIRE&fecha=2019&resuelve=Debida HTTP/1.1" 200 626
201.245.192.253 - - [26/Jul/2022:05:40:58 -0500] "POST /kwsrmcab/Wsrmcab HTTP/1.1" 200 45814
172.22.2.4 - - [26/Jul/2022:05:41:02 -0500] "GET /BLA/boletinlegal/consulta_actos.php?tipo=resoluciones&no=&usuario=&sector=AIRE&fecha=2018&resuelve=Debida HTTP/1.1" 200 626
201.245.192.253 - - [26/Jul/2022:05:41:02 -0500] "POST /kwsrmcab/Wsrmcab HTTP/1.1" 200 46761
172.22.2.4 - - [26/Jul/2022:05:41:09 -0500] "GET /BLA/boletinlegal/consulta_actos.php?tipo=resoluciones&no=&usuario=&sector=AIRE&fecha=2017&resuelve=Debida HTTP/1.1" 200 626
172.22.2.4 - - [26/Jul/2022:05:41:13 -0500] "GET /BLA/boletinlegal/consulta_actos.php?tipo=resoluciones&no=&usuario=&sector=AIRE&fecha=2016&resuelve=Debida HTTP/1.1" 200 626
172.22.2.4 - - [26/Jul/2022:05:41:17 -0500] "GET /BLA/boletinlegal/consulta_actos.php?tipo=resoluciones&no=&usuario=&sector=AIRE&fecha=2015&resuelve=Debida HTTP/1.1" 200 626
172.22.2.4 - - [26/Jul/2022:05:41:22 -0500] "GET /BLA/boletinlegal/consulta_actos.php?tipo=resoluciones&no=&usuario=&sector=AIRE&fecha=2014&resuelve=Debida HTTP/1.1" 200 626
172.22.2.4 - - [26/Jul/2022:05:41:25 -0500] "GET /BLA/boletinlegal/consulta_actos.php?tipo=resoluciones&no=&usuario=&sector=AIRE&fecha=2013&resuelve=Debida HTTP/1.1" 200 626
201.245.192.253 - - [26/Jul/2022:05:41:23 -0500] "POST /kwsrmcab/Wsrmcab  HTTP/1.1" 200 213
172.22.2.4 - - [26/Jul/2022:05:41:31 -0500] "GET /BLA/boletinlegal/consulta_actos.php?tipo=resoluciones&no=&usuario=&sector=AIRE&fecha=2012&resuelve=Debida HTTP/1.1" 200 626
172.22.2.4 - - [26/Jul/2022:05:41:38 -0500] "GET /BLA/boletinlegal/consulta_actos.php?tipo=resoluciones&no=&usuario=&sector=RUIDO&fecha=2012&resuelve=Debida HTTP/1.1" 200 626
172.22.2.4 - - [26/Jul/2022:05:41:42 -0500] "GET /BLA/boletinlegal/consulta_actos.php?tipo=resoluciones&no=&usuario=&sector=RUIDO&fecha=2013&resuelve=Debida HTTP/1.1" 200 626
172.22.2.4 - - [26/Jul/2022:05:41:46 -0500] "GET /BLA/boletinlegal/consulta_actos.php?tipo=resoluciones&no=&usuario=&sector=RUIDO&fecha=2014&resuelve=Debida HTTP/1.1" 200 626
172.22.2.4 - - [26/Jul/2022:05:41:49 -0500] "GET /BLA/boletinlegal/consulta_actos.php?tipo=resoluciones&no=&usuario=&sector=RUIDO&fecha=2015&resuelve=Debida HTTP/1.1" 200 626
172.22.2.4 - - [26/Jul/2022:05:41:53 -0500] "GET /BLA/boletinlegal/consulta_actos.php?tipo=resoluciones&no=&usuario=&sector=RUIDO&fecha=2016&resuelve=Debida HTTP/1.1" 200 626
216.245.221.92 - - [26/Jul/2022:05:41:57 -0500] "HEAD / HTTP/1.1" 200 -
172.22.2.4 - - [26/Jul/2022:05:41:57 -0500] "GET /BLA/boletinlegal/consulta_actos.php?tipo=resoluciones&no=&usuario=&sector=RUIDO&fecha=2016&resuelve=Debida HTTP/1.1" 200 626
172.22.2.4 - - [26/Jul/2022:05:42:01 -0500] "GET /BLA/boletinlegal/consulta_actos.php?tipo=resoluciones&no=&usuario=&sector=RUIDO&fecha=2017&resuelve=Debida HTTP/1.1" 200 626
172.22.2.4 - - [26/Jul/2022:05:42:05 -0500] "GET /BLA/boletinlegal/consulta_actos.php?tipo=resoluciones&no=&usuario=&sector=RUIDO&fecha=2018&resuelve=Debida HTTP/1.1" 200 626
172.22.2.4 - - [26/Jul/2022:05:42:10 -0500] "GET /BLA/boletinlegal/consulta_actos.php?tipo=resoluciones&no=&usuario=&sector=RUIDO&fecha=2018&resuelve=Debida HTTP/1.1" 200 626
172.22.2.4 - - [26/Jul/2022:05:42:14 -0500] "GET /BLA/boletinlegal/consulta_actos.php?tipo=resoluciones&no=&usuario=&sector=RUIDO&fecha=2019&resuelve=Debida HTTP/1.1" 200 626
172.22.2.4 - - [26/Jul/2022:05:40:37 -0500] "HEAD /BLA/boletinlegal/ HTTP/1.1" 200 -
172.22.2.4 - - [26/Jul/2022:05:41:27 -0500] "GET /BLA/boletinlegal/ HTTP/1.1" 200 57719
172.22.2.4 - - [26/Jul/2022:05:43:47 -0500] "GET /BLA/boletinlegal/Circulares/2011/Circular%20No.%207%20del%2023%20de%20Diciembre%20de%202011.pdf HTTP/1.1" 304 -
207.46.13.218 - - [26/Jul/2022:05:44:37 -0500] "GET /BLA/resoluciones/RESOLUCIONES%202022/0196.pdf HTTP/1.1" 200 333152
77.88.5.217 - - [26/Jul/2022:05:45:55 -0500] "-" 408 -
201.245.192.253 - - [26/Jul/2022:05:46:22 -0500] "POST /kwsrmcab/Wsrmcab  HTTP/1.1" 200 213
216.245.221.92 - - [26/Jul/2022:05:46:57 -0500] "HEAD / HTTP/1.1" 200 -
172.22.2.4 - - [26/Jul/2022:05:47:10 -0500] "GET /BLA/boletinlegal/ HTTP/1.1" 200 24523
172.22.2.4 - - [26/Jul/2022:05:46:27 -0500] "HEAD /BLA/boletinlegal/ HTTP/1.1" 200 -
40.77.167.65 - - [26/Jul/2022:05:48:21 -0500] "GET /BLA/resoluciones/AUTOS%202018/6561.pdf HTTP/1.1" 304 -
172.22.2.4 - - [26/Jul/2022:05:47:17 -0500] "GET /BLA/boletinlegal/ HTTP/1.1" 200 53997
210.108.70.119 - - [26/Jul/2022:05:49:22 -0500] "GET /portaldeninos/ HTTP/1.1" 200 14393
66.249.79.113 - - [26/Jul/2022:05:50:34 -0500] "-" 408 -
201.245.192.253 - - [26/Jul/2022:05:51:21 -0500] "POST /kwsrmcab/Wsrmcab  HTTP/1.1" 200 213
216.245.221.92 - - [26/Jul/2022:05:51:57 -0500] "HEAD / HTTP/1.1" 200 -
172.22.2.4 - - [26/Jul/2022:05:52:17 -0500] "HEAD /BLA/boletinlegal/ HTTP/1.1" 200 -
185.7.214.104 - - [26/Jul/2022:05:54:39 -0500] "GET /vendor/phpunit/phpunit/src/Util/PHP/eval-stdin.php HTTP/1.1" 404 1018
172.22.2.4 - - [26/Jul/2022:05:53:07 -0500] "GET /BLA/boletinlegal/ HTTP/1.1" 200 58569
93.158.161.49 - - [26/Jul/2022:05:56:04 -0500] "-" 408 -
201.245.192.253 - - [26/Jul/2022:05:56:20 -0500] "POST /kwsrmcab/Wsrmcab  HTTP/1.1" 200 213
216.245.221.92 - - [26/Jul/2022:05:56:57 -0500] "HEAD / HTTP/1.1" 200 -
172.22.2.4 - - [26/Jul/2022:05:58:07 -0500] "HEAD /BLA/boletinlegal/ HTTP/1.1" 200 -
172.22.2.4 - - [26/Jul/2022:05:58:57 -0500] "GET /BLA/boletinlegal/ HTTP/1.1" 200 60275
201.245.192.253 - - [26/Jul/2022:06:01:19 -0500] "POST /kwsrmcab/Wsrmcab  HTTP/1.1" 200 213
66.220.149.16 - - [26/Jul/2022:06:01:43 -0500] "GET /images/reciclaton-mayo-3-mayo.jpg HTTP/1.1" 200 278453
185.119.81.99 - - [26/Jul/2022:06:01:55 -0500] "GET /portaldeninos/wp-login.php HTTP/1.1" 200 2592
185.119.81.99 - - [26/Jul/2022:06:01:56 -0500] "POST /portaldeninos/wp-login.php HTTP/1.1" 200 3650
216.245.221.92 - - [26/Jul/2022:06:01:57 -0500] "HEAD / HTTP/1.1" 200 -
157.55.39.98 - - [26/Jul/2022:06:05:15 -0500] "GET /BLA/resoluciones/AUTOS%202021/6227.pdf HTTP/1.1" 304 -
172.22.2.4 - - [26/Jul/2022:06:03:57 -0500] "HEAD /BLA/boletinlegal/ HTTP/1.1" 200 -
201.245.192.253 - - [26/Jul/2022:06:06:18 -0500] "POST /kwsrmcab/Wsrmcab  HTTP/1.1" 200 213
172.22.2.4 - - [26/Jul/2022:06:04:47 -0500] "GET /BLA/boletinlegal/ HTTP/1.1" 200 57719
216.245.221.92 - - [26/Jul/2022:06:06:57 -0500] "HEAD / HTTP/1.1" 200 -
77.88.5.225 - - [26/Jul/2022:06:09:24 -0500] "-" 408 -
201.245.192.253 - - [26/Jul/2022:06:11:17 -0500] "POST /kwsrmcab/Wsrmcab  HTTP/1.1" 200 213
172.22.2.4 - - [26/Jul/2022:06:09:47 -0500] "HEAD /BLA/boletinlegal/ HTTP/1.1" 200 -
216.245.221.92 - - [26/Jul/2022:06:11:57 -0500] "HEAD / HTTP/1.1" 200 -
172.22.2.4 - - [26/Jul/2022:06:10:37 -0500] "GET /BLA/boletinlegal/ HTTP/1.1" 200 60275
207.46.13.20 - - [26/Jul/2022:06:13:13 -0500] "GET /BLA/resoluciones/RESOLUCIONES%202018/3771.pdf HTTP/1.1" 304 -
66.249.79.150 - - [26/Jul/2022:06:15:11 -0500] "-" 408 -
201.245.192.253 - - [26/Jul/2022:06:16:16 -0500] "POST /kwsrmcab/Wsrmcab  HTTP/1.1" 200 213
216.245.221.92 - - [26/Jul/2022:06:16:57 -0500] "HEAD / HTTP/1.1" 200 -
185.7.214.104 - - [26/Jul/2022:06:17:15 -0500] "GET /solr/admin/info/system?wt=json HTTP/1.1" 404 1018
172.22.2.4 - - [26/Jul/2022:06:15:37 -0500] "HEAD /BLA/boletinlegal/ HTTP/1.1" 200 -
172.22.2.4 - - [26/Jul/2022:06:16:27 -0500] "GET /BLA/boletinlegal/ HTTP/1.1" 200 58569
173.252.107.10 - - [26/Jul/2022:06:19:03 -0500] "GET /engativa-tendra-jornada-de-recoleccion-de-llantas-este-miercoles.html HTTP/1.1" 206 933
93.158.161.72 - - [26/Jul/2022:06:20:45 -0500] "-" 408 -
201.245.192.253 - - [26/Jul/2022:06:20:58 -0500] "POST /kwsrmcab/Wsrmcab HTTP/1.1" 200 46156
201.245.192.253 - - [26/Jul/2022:06:21:02 -0500] "POST /kwsrmcab/Wsrmcab HTTP/1.1" 200 46772
201.245.192.253 - - [26/Jul/2022:06:21:15 -0500] "POST /kwsrmcab/Wsrmcab  HTTP/1.1" 200 213
216.245.221.92 - - [26/Jul/2022:06:21:57 -0500] "HEAD / HTTP/1.1" 200 -
45.33.80.237 - - [26/Jul/2022:06:22:31 -0500] "GET /galeria/galeria/jquery.fancybox.css?v=2.1.5 HTTP/1.1" 200 4895
45.33.80.237 - - [26/Jul/2022:06:22:31 -0500] "GET /BLA/boletinlegal/js/jquery.scrollShow.js HTTP/1.1" 200 4586
45.33.80.237 - - [26/Jul/2022:06:22:31 -0500] "GET /galeria/galeria/jquery.fancybox.js?v=2.1.5 HTTP/1.1" 200 48706
172.22.2.4 - - [26/Jul/2022:06:21:27 -0500] "HEAD /BLA/boletinlegal/ HTTP/1.1" 200 -
172.22.2.4 - - [26/Jul/2022:06:22:17 -0500] "GET /BLA/boletinlegal/ HTTP/1.1" 200 56726
185.7.214.104 - - [26/Jul/2022:06:25:02 -0500] "-" 408 -
185.119.81.102 - - [26/Jul/2022:06:25:32 -0500] "GET /portaldeninos/wp-login.php HTTP/1.1" 200 2592
185.119.81.102 - - [26/Jul/2022:06:25:33 -0500] "POST /portaldeninos/wp-login.php HTTP/1.1" 200 3650
201.245.192.253 - - [26/Jul/2022:06:26:13 -0500] "POST /kwsrmcab/Wsrmcab  HTTP/1.1" 200 213
216.245.221.92 - - [26/Jul/2022:06:26:57 -0500] "HEAD / HTTP/1.1" 200 -
172.22.2.4 - - [26/Jul/2022:06:27:17 -0500] "HEAD /BLA/boletinlegal/ HTTP/1.1" 200 -
172.22.2.4 - - [26/Jul/2022:06:28:07 -0500] "GET /BLA/boletinlegal/ HTTP/1.1" 200 60275
77.88.5.164 - - [26/Jul/2022:06:30:45 -0500] "-" 408 -
201.245.192.253 - - [26/Jul/2022:06:30:58 -0500] "POST /kwsrmcab/Wsrmcab HTTP/1.1" 200 46156
201.245.192.253 - - [26/Jul/2022:06:31:02 -0500] "POST /kwsrmcab/Wsrmcab HTTP/1.1" 200 46772
201.245.192.253 - - [26/Jul/2022:06:31:12 -0500] "POST /kwsrmcab/Wsrmcab  HTTP/1.1" 200 213
216.245.221.92 - - [26/Jul/2022:06:31:57 -0500] "HEAD / HTTP/1.1" 200 -
128.14.141.34 - - [26/Jul/2022:06:32:27 -0500] "GET /portaldeninos/ HTTP/1.1" 200 109662
172.22.2.4 - - [26/Jul/2022:06:33:27 -0500] "GET /BLA/boletinlegal/jurisprudencia/analisis/ANALISIST-672-14.docx HTTP/1.1" 304 -
130.44.215.124 - - [26/Jul/2022:06:34:13 -0500] "GET /galeria/galeria/fotos/diaSC6Peq.jpg HTTP/1.1" 200 17665
172.22.2.4 - - [26/Jul/2022:06:33:07 -0500] "HEAD /BLA/boletinlegal/ HTTP/1.1" 200 -
130.44.215.105 - - [26/Jul/2022:06:35:03 -0500] "GET /galeria/galeria/fotos/diaSC6Peq.jpg HTTP/1.1" 200 17665
172.22.2.4 - - [26/Jul/2022:06:33:57 -0500] "GET /BLA/boletinlegal/ HTTP/1.1" 200 60275
201.245.192.253 - - [26/Jul/2022:06:36:11 -0500] "POST /kwsrmcab/Wsrmcab  HTTP/1.1" 200 213
216.245.221.92 - - [26/Jul/2022:06:36:57 -0500] "HEAD / HTTP/1.1" 200 -
172.22.2.4 - - [26/Jul/2022:06:39:00 -0500] "GET /BLA/boletinlegal/conceptos.php HTTP/1.1" 200 7443
172.22.2.4 - - [26/Jul/2022:06:38:57 -0500] "HEAD /BLA/boletinlegal/ HTTP/1.1" 200 -
172.22.2.4 - - [26/Jul/2022:06:39:02 -0500] "GET /BLA/boletinlegal/ HTTP/1.1" 200 50389
207.46.13.20 - - [26/Jul/2022:06:40:54 -0500] "GET /BLA/resoluciones/RESOLUCIONES%202022/0383.pdf HTTP/1.1" 304 -
201.245.192.253 - - [26/Jul/2022:06:40:58 -0500] "POST /kwsrmcab/Wsrmcab HTTP/1.1" 200 46156
201.245.192.253 - - [26/Jul/2022:06:41:02 -0500] "POST /kwsrmcab/Wsrmcab HTTP/1.1" 200 46772
201.245.192.253 - - [26/Jul/2022:06:41:10 -0500] "POST /kwsrmcab/Wsrmcab  HTTP/1.1" 200 213
172.22.2.4 - - [26/Jul/2022:06:39:47 -0500] "GET /BLA/boletinlegal/ HTTP/1.1" 200 53997
216.245.221.92 - - [26/Jul/2022:06:41:57 -0500] "HEAD / HTTP/1.1" 200 -
185.7.214.104 - - [26/Jul/2022:06:42:10 -0500] "GET /index.php?s=/Index/\\think\\app/invokefunction&function=call_user_func_array&vars[0]=md5&vars[1][]=HelloThinkPHP21 HTTP/1.1" 404 1018
93.158.161.50 - - [26/Jul/2022:06:44:06 -0500] "-" 408 -
198.74.59.35 - - [26/Jul/2022:06:44:36 -0500] "GET /galeria/galeria/jquery.fancybox.css?v=2.1.5 HTTP/1.1" 200 4895
198.74.59.35 - - [26/Jul/2022:06:44:36 -0500] "GET /BLA/boletinlegal/js/jquery.scrollShow.js HTTP/1.1" 200 4586
198.74.59.35 - - [26/Jul/2022:06:44:36 -0500] "GET /galeria/galeria/jquery.fancybox.js?v=2.1.5 HTTP/1.1" 200 48706
190.27.57.211 - - [26/Jul/2022:06:45:28 -0500] "GET /BLA/resoluciones/index.php?dir=RESOLUCIONES+2012%2F HTTP/1.1" 200 140066
201.245.192.253 - - [26/Jul/2022:06:46:08 -0500] "POST /kwsrmcab/Wsrmcab  HTTP/1.1" 200 213
172.22.2.4 - - [26/Jul/2022:06:44:47 -0500] "HEAD /BLA/boletinlegal/ HTTP/1.1" 200 -
216.245.221.92 - - [26/Jul/2022:06:46:57 -0500] "HEAD / HTTP/1.1" 200 -
172.22.2.4 - - [26/Jul/2022:06:45:37 -0500] "GET /BLA/boletinlegal/ HTTP/1.1" 200 53634
201.245.192.253 - - [26/Jul/2022:06:51:08 -0500] "POST /kwsrmcab/Wsrmcab  HTTP/1.1" 200 213
216.245.221.92 - - [26/Jul/2022:06:51:57 -0500] "HEAD / HTTP/1.1" 200 -
172.22.2.4 - - [26/Jul/2022:06:50:37 -0500] "HEAD /BLA/boletinlegal/ HTTP/1.1" 200 -
172.22.2.4 - - [26/Jul/2022:06:51:27 -0500] "GET /BLA/boletinlegal/ HTTP/1.1" 200 60275
69.171.251.16 - - [26/Jul/2022:06:53:39 -0500] "GET /bogota-ya-cuenta-mas-de-70-negocios-verdes-verificados.html HTTP/1.1" 206 992
207.46.13.92 - - [26/Jul/2022:06:54:29 -0500] "GET /portaldeninos/wp-content/uploads/2021/11/cronica-mujer-junio-29-junio-ambiente-300x159.png HTTP/1.1" 200 105399
77.88.5.163 - - [26/Jul/2022:06:54:42 -0500] "-" 408 -
201.245.192.253 - - [26/Jul/2022:06:56:07 -0500] "POST /kwsrmcab/Wsrmcab  HTTP/1.1" 200 213
173.252.107.1 - - [26/Jul/2022:06:56:51 -0500] "GET /images/mercados-campesinos-5-mayo.jpg HTTP/1.1" 200 95848
216.245.221.92 - - [26/Jul/2022:06:56:57 -0500] "HEAD / HTTP/1.1" 200 -
172.22.2.4 - - [26/Jul/2022:06:56:27 -0500] "HEAD /BLA/boletinlegal/ HTTP/1.1" 200 -
185.119.81.102 - - [26/Jul/2022:06:58:35 -0500] "GET /portaldeninos/wp-login.php HTTP/1.1" 200 2592
185.119.81.102 - - [26/Jul/2022:06:58:36 -0500] "POST /portaldeninos/wp-login.php HTTP/1.1" 200 3605
172.22.2.4 - - [26/Jul/2022:06:57:17 -0500] "GET /BLA/boletinlegal/ HTTP/1.1" 200 58157
172.22.2.4 - - [26/Jul/2022:07:00:36 -0500] "GET /BLA/boletinlegal/jurisprudencia/analisis/Analisis%20jurisprudencial%20Sentencia%20C-366-11.doc HTTP/1.1" 304 -
201.245.192.253 - - [26/Jul/2022:07:01:06 -0500] "POST /kwsrmcab/Wsrmcab  HTTP/1.1" 200 213
172.22.2.4 - - [26/Jul/2022:07:00:06 -0500] "GET /BLA/boletinlegal/ HTTP/1.1" 200 63696
172.22.2.4 - - [26/Jul/2022:07:01:46 -0500] "GET /BLA/boletinlegal/favicon.ico HTTP/1.1" 404 1308
216.245.221.92 - - [26/Jul/2022:07:01:57 -0500] "HEAD / HTTP/1.1" 200 -
172.22.2.4 - - [26/Jul/2022:07:02:17 -0500] "HEAD /BLA/boletinlegal/ HTTP/1.1" 200 -
172.22.2.4 - - [26/Jul/2022:07:03:07 -0500] "GET /BLA/boletinlegal/ HTTP/1.1" 200 58569
201.245.192.253 - - [26/Jul/2022:07:06:05 -0500] "POST /kwsrmcab/Wsrmcab  HTTP/1.1" 200 213
173.252.83.9 - - [26/Jul/2022:07:06:44 -0500] "GET /images/pieza-mujeres-reverdecen-4-abril.jpg HTTP/1.1" 200 48916
216.245.221.92 - - [26/Jul/2022:07:06:57 -0500] "HEAD / HTTP/1.1" 200 -
77.88.5.252 - - [26/Jul/2022:07:08:02 -0500] "-" 408 -
172.22.2.4 - - [26/Jul/2022:07:08:07 -0500] "HEAD /BLA/boletinlegal/ HTTP/1.1" 200 -
163.123.143.71 - - [26/Jul/2022:07:09:56 -0500] "POST /boaform/admin/formLogin HTTP/1.1" 404 1186
172.22.2.4 - - [26/Jul/2022:07:08:57 -0500] "GET /BLA/boletinlegal/ HTTP/1.1" 200 54350
201.245.192.253 - - [26/Jul/2022:07:11:03 -0500] "POST /kwsrmcab/Wsrmcab  HTTP/1.1" 200 213
216.245.221.92 - - [26/Jul/2022:07:11:57 -0500] "HEAD / HTTP/1.1" 200 -
66.249.73.84 - - [26/Jul/2022:07:13:17 -0500] "-" 408 -
172.22.2.4 - - [26/Jul/2022:07:13:57 -0500] "HEAD /BLA/boletinlegal/ HTTP/1.1" 200 -
201.245.192.253 - - [26/Jul/2022:07:16:02 -0500] "POST /kwsrmcab/Wsrmcab  HTTP/1.1" 200 213
101.68.211.3 - - [26/Jul/2022:07:16:16 -0500] "-" 408 -
172.22.2.4 - - [26/Jul/2022:07:14:47 -0500] "GET /BLA/boletinlegal/ HTTP/1.1" 200 60275
216.245.221.92 - - [26/Jul/2022:07:16:56 -0500] "HEAD / HTTP/1.1" 200 -
190.26.37.245 - - [26/Jul/2022:07:17:01 -0500] "GET /kwssiamovil/sm/ldap/au?x=U2FsdGVkX1/9nTuhbtfb8Idq7W+DsR2Tud3MpwgSMt8TOTBv/ic0xOrzv3sBayHa&y=U2FsdGVkX1/XCAcoWi7tQ8IWGBhGodJBXXz6cGMBpUUAASfA6NdGHL4XipHKyaxQ HTTP/1.1" 200 30
190.26.37.245 - - [26/Jul/2022:07:17:01 -0500] "GET /kwssiamovil/sm/acme/s?s=U2FsdGVkX18nuaDo4fS9gBk0Dpb7pgOELp3qyXzSQQUSzdFs0yiwCpr39KByJ6IqgYP0I3dZ1QEn56R3x4jEKOE0Mi1ImQKzZHaUfPXt6dE=&u=U2FsdGVkX1+DFENgowY+oYKkxYjr+1am8w7aa5Zv0AjVMOSxh62psf4lPrAlInxs&y=U2FsdGVkX1/XCAcoWi7tQ8IWGBhGodJBXXz6cGMBpUUAASfA6NdGHL4XipHKyaxQ HTTP/1.1" 200 97
190.26.37.245 - - [26/Jul/2022:07:17:01 -0500] "GET /kwssiamovil/sm/acme/s?s=U2FsdGVkX1+5bUVWbeh+lKrWXVs5BXoNioOag+V5TgUFeB7AErj2my8x1GtawNk4ojzWqTwCs0KCwO1U2RQR8/HTW1DdhSI7QmyNVZQZdyVzHrja97aQxpercmV8tQ1HycSqkT72R7iaAqwicjGePf7OPccmjXUm2GkRbFnNM73QqEGe48NuV3KpWQHMeZieWRn6mScM1xPkvC3Tf2sARAOzZJoRe82maxcEN7f+w/Xra6dbpQDFy1eo/g8fw65khgsBr8ph+nCpOfz3HyMWTx9UW6H8o5qMtu0rb0MzuLOFNOxoGkMIZcrfVX8FowR0B/SSreBIeuj64c+9zwGoDM15w/dRstcwoiZU0ErTrZYeh4RlflQDEmR1SH9ogycLllk83HHkxMqIfHybX8cHou/RPCofW7hRe0KcE/tOQY+V6V0e5AFT3ewKq3KHpwLXg6dD0SHIxbmPVfv+6R0rvmanBY0LI91QxiDVws4Emn14unTzh9qlXEVPrCl0Q2PNiIKyuzUnHVVV989UZr1+Rir9RsyCyi65BZH8k3q45jTUgYu3XRJBurpkGJkeKvbRYyMDRpEXYJHuPjvFZ4kkVp3fIZNfsjaOlDhN6smZDbnyGp/OWRe0IwHihTHq4IiDBWiE/gjzvqUmxT8KMV5h7+Br756KNpzE1af3bVUN099EuR6H700ouqN35cdB5r/1WLAphqdBtt70vqNUwHfXWuo7Xe/ZAdUQHaSHgi0ISHHFtrlo/gKMoXiRZkKJ9EYJlfg3GfJdqnvG24//weQhXt8LmPJl6C+UexmWIpcumApXR955pbw+unGr9kBrikNfr5822yvffoXUpUCfSxWJWrPeCXGwBrH7uK98hpQihjOUogDAw5S1jr3VpsOW35cJ7tQcx5x9RA48R+cmsTtDTA28e0ZfSZQz9J6akEpHI7aXlWpNKnV1zkcQYOxFp6jB78UISP+sX0eeoSfoZAOm+Jood+Nx3nkzKEM3XPb4T9ZpHcLQdQ4g5vgWMcDr5nhbl0J16EsuosHIoKjiHCxOGZbf5GtS7T9gTwCg+KBOF03lskT8koWbsxQv5W34p/FeMwPItucejIs4NkPyyWUnMoV+Jg7+gY1FkJ1eGw9Vm7vI8OrzLxzEBOqipYsaOfkYOUc6HxC5cTuc0/j5Ti89q6xSoz0SzfLulS4F6FfJH9U4Xuw7aJnSBpqwi2OUmEg+/ku319ZtnnieekBINFoj9d4E/MnzUE/D7nD/Kq2CNiHGb5ICLveqnwAeXDpcKBs61TOsk/axvSOxXOmcTZyHzbx/7ME6cHoTuxZQy/WKz75E+DAjeZrzqp5/j1p63GI7N0aBBp9DMmxIiw3yGLjypiMXs3t+aeT9FKRYjBeaKeM=&u=U2FsdGVkX1+DFENgowY+oYKkxYjr+1am8w7aa5Zv0AjVMOSxh62psf4lPrAlInxs&y=U2FsdGVkX1/XCAcoWi7tQ8IWGBhGodJBXXz6cGMBpUUAASfA6NdGHL4XipHKyaxQ HTTP/1.1" 200 3477
190.26.37.245 - - [26/Jul/2022:07:17:02 -0500] "GET /kwssiamovil/sm/acme/s?s=U2FsdGVkX197q+w8JVd6fAur3rkYYO2niAjQ5yGteZquSzSOH2fEjfdYSdpLG1cX8XYX2sGEpxg15uRL941B8wLnyC2+OzTOLMjx81XDZYE+/yfXD5+icc6jszISJ7sHDOpYeMrDghTbX5VQomymqpjPtBTGcTiODg8Is56qVmbv4C/bl6Hcu8lQ9T5qZTRCEZnM+YzLmDB8ftStaMw9LTUxSw/SuZaCdybAimxKDg/ECvF76pRnfNgfv68nYetHoSZ9zKAwasEdGN1HsUHY8Y4/ebtmUzhGo1lhDRotoFo=&u=U2FsdGVkX1+DFENgowY+oYKkxYjr+1am8w7aa5Zv0AjVMOSxh62psf4lPrAlInxs&y=U2FsdGVkX1/XCAcoWi7tQ8IWGBhGodJBXXz6cGMBpUUAASfA6NdGHL4XipHKyaxQ HTTP/1.1" 200 176
190.26.37.245 - - [26/Jul/2022:07:17:02 -0500] "GET /kwssiamovil/sm/cjson/pre?f=1&x=U2FsdGVkX1/9nTuhbtfb8Idq7W+DsR2Tud3MpwgSMt8TOTBv/ic0xOrzv3sBayHa HTTP/1.1" 200 30992
172.22.2.4 - - [26/Jul/2022:07:17:08 -0500] "GET /BLA/boletinlegal/actos.php HTTP/1.1" 200 9559
172.22.2.4 - - [26/Jul/2022:07:17:09 -0500] "GET /BLA/boletinlegal/styles2.css HTTP/1.1" 200 1838
172.22.2.4 - - [26/Jul/2022:07:17:09 -0500] "GET /BLA/boletinlegal/js/jquery1.js HTTP/1.1" 200 29846
172.22.2.4 - - [26/Jul/2022:07:17:09 -0500] "GET /BLA/boletinlegal/style.css HTTP/1.1" 200 9406
172.22.2.4 - - [26/Jul/2022:07:17:09 -0500] "GET /BLA/boletinlegal/js/lib.js HTTP/1.1" 200 6474
172.22.2.4 - - [26/Jul/2022:07:17:09 -0500] "GET /BLA/boletinlegal/niceforms-default.css HTTP/1.1" 200 6694
172.22.2.4 - - [26/Jul/2022:07:17:09 -0500] "GET /BLA/boletinlegal/js/ajax_actos.js HTTP/1.1" 200 1322
172.22.2.4 - - [26/Jul/2022:07:17:09 -0500] "GET /BLA/boletinlegal/niceforms.js HTTP/1.1" 200 22876
172.22.2.4 - - [26/Jul/2022:07:17:09 -0500] "GET /BLA/boletinlegal/js/popup.js HTTP/1.1" 200 1270
172.22.2.4 - - [26/Jul/2022:07:17:09 -0500] "GET /BLA/boletinlegal/images/cabezote%20BLEGAL.jpg HTTP/1.1" 200 118164
172.22.2.4 - - [26/Jul/2022:07:17:09 -0500] "GET /BLA/boletinlegal/images/subscribe-icon-big.png HTTP/1.1" 200 47702
172.22.2.4 - - [26/Jul/2022:07:17:09 -0500] "GET /BLA/boletinlegal/images/historia.png HTTP/1.1" 200 52775
172.22.2.4 - - [26/Jul/2022:07:17:09 -0500] "GET /BLA/boletinlegal/images/menu_bg.jpg HTTP/1.1" 200 620
172.22.2.4 - - [26/Jul/2022:07:17:09 -0500] "GET /BLA/boletinlegal/images/body_bg.jpg HTTP/1.1" 200 1601
172.22.2.4 - - [26/Jul/2022:07:17:09 -0500] "GET /BLA/boletinlegal/images/menu_rght.gif HTTP/1.1" 200 1627
172.22.2.4 - - [26/Jul/2022:07:17:09 -0500] "GET /BLA/boletinlegal/images/hover.jpg HTTP/1.1" 200 640
172.22.2.4 - - [26/Jul/2022:07:17:09 -0500] "GET /BLA/boletinlegal/images/tel.png HTTP/1.1" 200 14477
172.22.2.4 - - [26/Jul/2022:07:17:09 -0500] "GET /BLA/boletinlegal/images/menu_lft.gif HTTP/1.1" 200 1713
172.22.2.4 - - [26/Jul/2022:07:17:09 -0500] "GET /BLA/boletinlegal/images/text.jpg HTTP/1.1" 200 568
172.22.2.4 - - [26/Jul/2022:07:17:09 -0500] "GET /BLA/boletinlegal/images/footer_bg.jpg HTTP/1.1" 200 586
172.22.2.4 - - [26/Jul/2022:07:17:09 -0500] "GET /BLA/boletinlegal/images/icono-email.png HTTP/1.1" 200 5544
172.22.2.4 - - [26/Jul/2022:07:17:09 -0500] "GET /BLA/boletinlegal/images/footer_bg_l.jpg HTTP/1.1" 200 776
172.22.2.4 - - [26/Jul/2022:07:17:09 -0500] "GET /BLA/boletinlegal/images/green-yellow-blue-pink-th.png HTTP/1.1" 200 7394
172.22.2.4 - - [26/Jul/2022:07:17:09 -0500] "GET /BLA/boletinlegal/images/abajo.png HTTP/1.1" 200 96676
172.22.2.4 - - [26/Jul/2022:07:17:09 -0500] "GET /BLA/boletinlegal/img/0.png HTTP/1.1" 200 110
172.22.2.4 - - [26/Jul/2022:07:17:09 -0500] "GET /BLA/boletinlegal/img/button.png HTTP/1.1" 200 43241
172.22.2.4 - - [26/Jul/2022:07:17:09 -0500] "GET /BLA/boletinlegal/img/button-left.png HTTP/1.1" 200 57071
172.22.2.4 - - [26/Jul/2022:07:17:09 -0500] "GET /BLA/boletinlegal/img/select-left.png HTTP/1.1" 200 263
172.22.2.4 - - [26/Jul/2022:07:17:09 -0500] "GET /BLA/boletinlegal/img/select-right.png HTTP/1.1" 200 44019
172.22.2.4 - - [26/Jul/2022:07:17:09 -0500] "GET /BLA/boletinlegal/img/button-right.png HTTP/1.1" 200 57878
77.88.5.218 - - [26/Jul/2022:07:18:02 -0500] "-" 408 -
18.207.229.203 - - [26/Jul/2022:07:19:54 -0500] "HEAD /en-semana-santa-no-uses-palmas-ni-traigas-o-consumas-animales-silvestres.html HTTP/1.1" 200 -
201.245.192.253 - - [26/Jul/2022:07:20:58 -0500] "POST /kwsrmcab/Wsrmcab HTTP/1.1" 200 46175
201.245.192.253 - - [26/Jul/2022:07:21:01 -0500] "POST /kwsrmcab/Wsrmcab  HTTP/1.1" 200 213
201.245.192.253 - - [26/Jul/2022:07:21:02 -0500] "POST /kwsrmcab/Wsrmcab HTTP/1.1" 200 46789
172.22.2.4 - - [26/Jul/2022:07:19:47 -0500] "HEAD /BLA/boletinlegal/ HTTP/1.1" 200 -
216.245.221.92 - - [26/Jul/2022:07:21:57 -0500] "HEAD / HTTP/1.1" 200 -
172.22.2.4 - - [26/Jul/2022:07:21:57 -0500] "GET /BLA/boletinlegal/actos.php HTTP/1.1" 200 9559
172.22.2.4 - - [26/Jul/2022:07:22:04 -0500] "GET /BLA/boletinlegal/consulta_actos.php?tipo=autos&no=0612&usuario=&sector=&fecha=2017&resuelve= HTTP/1.1" 200 1021
186.30.73.41 - - [26/Jul/2022:07:22:05 -0500] "GET /BLA/resoluciones/ HTTP/1.1" 200 13093
186.30.73.41 - - [26/Jul/2022:07:22:07 -0500] "GET /BLA/resoluciones/index.php?dir=AUTOS+2017%2F HTTP/1.1" 200 457064
172.22.2.4 - - [26/Jul/2022:07:20:37 -0500] "GET /BLA/boletinlegal/ HTTP/1.1" 200 58569
186.30.73.41 - - [26/Jul/2022:07:22:22 -0500] "GET /BLA/resoluciones/AUTOS%202017/0612.pdf HTTP/1.1" 200 541229
77.88.5.43 - - [26/Jul/2022:07:22:59 -0500] "-" 408 -
77.88.5.235 - - [26/Jul/2022:07:23:05 -0500] "-" 408 -
93.158.161.37 - - [26/Jul/2022:07:23:11 -0500] "-" 408 -
77.88.5.129 - - [26/Jul/2022:07:23:16 -0500] "-" 408 -
77.88.5.243 - - [26/Jul/2022:07:23:31 -0500] "-" 408 -
77.88.5.241 - - [26/Jul/2022:07:23:46 -0500] "-" 408 -
77.88.5.81 - - [26/Jul/2022:07:24:16 -0500] "-" 408 -
93.158.161.6 - - [26/Jul/2022:07:25:16 -0500] "-" 408 -
201.245.192.253 - - [26/Jul/2022:07:26:00 -0500] "POST /kwsrmcab/Wsrmcab  HTTP/1.1" 200 213
216.245.221.92 - - [26/Jul/2022:07:26:56 -0500] "HEAD / HTTP/1.1" 200 -
172.22.2.4 - - [26/Jul/2022:07:25:37 -0500] "HEAD /BLA/boletinlegal/ HTTP/1.1" 200 -
173.252.107.116 - - [26/Jul/2022:07:27:59 -0500] "GET /images/Junio%2002-experiencias-jardines-verticales-sda.jpeg HTTP/1.1" 200 31171
172.22.2.4 - - [26/Jul/2022:07:26:27 -0500] "GET /BLA/boletinlegal/ HTTP/1.1" 200 58157
93.158.161.74 - - [26/Jul/2022:07:29:24 -0500] "-" 408 -
172.22.2.4 - - [26/Jul/2022:07:28:57 -0500] "GET /BLA/boletinlegal/ HTTP/1.1" 200 32715
185.119.81.106 - - [26/Jul/2022:07:30:53 -0500] "GET /portaldeninos/wp-login.php HTTP/1.1" 200 2592
185.119.81.106 - - [26/Jul/2022:07:30:54 -0500] "POST /portaldeninos/wp-login.php HTTP/1.1" 200 3670
201.245.192.253 - - [26/Jul/2022:07:30:58 -0500] "POST /kwsrmcab/Wsrmcab HTTP/1.1" 200 46175
201.245.192.253 - - [26/Jul/2022:07:30:59 -0500] "POST /kwsrmcab/Wsrmcab  HTTP/1.1" 200 213
201.245.192.253 - - [26/Jul/2022:07:31:02 -0500] "POST /kwsrmcab/Wsrmcab HTTP/1.1" 200 46789
93.158.161.2 - - [26/Jul/2022:07:31:24 -0500] "-" 408 -
216.245.221.92 - - [26/Jul/2022:07:31:56 -0500] "HEAD / HTTP/1.1" 200 -
186.102.62.73 - - [26/Jul/2022:07:33:02 -0500] "OPTIONS /kwssiamovil/sm/setfile/f? HTTP/1.1" 200 13
186.102.62.73 - - [26/Jul/2022:07:33:02 -0500] "POST /kwssiamovil/sm/setfile/f? HTTP/1.1" 200 381
172.22.2.4 - - [26/Jul/2022:07:31:27 -0500] "HEAD /BLA/boletinlegal/ HTTP/1.1" 200 -
186.102.62.73 - - [26/Jul/2022:07:33:13 -0500] "GET /kwssiamovil/sm/acme/a?s=U2FsdGVkX18qY601Zup2SJF7faSSo0OkY9qMdEF4Vdd1AgVR/5PmgyTmTSsWxvQKdHB0VnyevyfbS9TBbq+c0SQqQ4Vq7SuFvM0hV3eK9Jh17VRv3uTv+GeqgHB0tKRMfsPpoLkImxuHFbO76XBtFya7892+RLzQdhFKWjtEXrti3Ght3AZLZeDRd+m4N47NKOqjrNgP9Y5uuh5dLO94aia0M90DFMb8u+5h21hAfErE6klxpFGTXw3mzP9nLAg2dSIZrSepVdqfXm+0MeTkYA==&u=U2FsdGVkX18X9mKDgmCD32XdiXGupsqolQjOU9tuR9o=&y=U2FsdGVkX1+498ML3q0zdwLccRsyVxbnXQn9AWl+7VU= HTTP/1.1" 200 25
186.102.62.73 - - [26/Jul/2022:07:33:13 -0500] "GET /kwssiamovil/sm/acme/a?s=U2FsdGVkX18jvp0kTptB69ikjibtgG1h6nbio7jCwZFPGdg0pb1j94VuK+C9BF/uDHWU/vOU6eoZthjBiK4S/iuhJGfAGqyyXAg7W/a+y+zBvrmHfqO+moc8zgFMvkrH8Td9QGH98XtskFNdmcbYm1bUFBL5bxs9bUsX4YR7UV8f+7UlXnP2uNJDUyADve0424wwvb58YJjG/Ccas/ALxB4T+8flLq9mQUZ5298cyXdIP3mEV0ASELgtJHQUedqJp/KgW5XGmbxxj36CYe5GWILorJxT0oaPKIsF6X6waGSAoOam3cFL2Z447vErwHVxwBmLSmzWoLa9Y0hMOFtbmJur//GFrMymXOhkg6sClIwcJEhf4OJ5SAMpTSdlE+faQdZcsVnsqfRsILvoZK62PFxaOpOxxY18gkjvDntTcmPy5UdWzov+MCelcO8TFbG6HW1UiIJtBlc7IZtPKrt2SX0CC9w7+YUyl8JnPwM7H+oh4V0FC2cneDoJUBZqL5H8S0fr6V/XR04QEtNZfnIICUvXB8R1ni7Qxp+HbzxqRp5sZsnHpoLGzdPX9y/r7Hewksichgkjd4uBuxr/FqTzHHw8eX2Poq0jUXNIXMCY7zkZZ41opUvgmTrh4wPRhPBmhoqfzMZ0+A8WRvsPj7M8hzGtFASYTIl6/OuDT9HDpKwM7bCyPynTvkOk6IDYoUQwoIhodAHhqnNbDL1cANlIZJD0wUkK7Ha+raiB0aowQvhhbzO84hwDJiZUE1B4VDYmStVpys+MphrgnsSCC0xnMCU4ZwUSZXpdQYNet/ADRKSFl5nCPiVxS8HNbTSflEAGQQrWF1nZdsCz945aELwgUZXpTBZrXzj9NTrKtAwhkD4l3bb+68PZ/QRyHogYL9j8oj5uz3QEUvgHFes+EYOhJakWD6rv7ap52bjdWgnzbObz4EnTg+ORFafQGjgREcNjTnHZZZQWbz39eLfX8a0aXQPv4s5Bk30OFn/LQF9Av4HtJ8w1CHJzXy2lEnCgmyXAU7I6S3nitNvOOq/aJRBlVszrVpZkaGmCur9lUc2hm2UPeubyNzlFhtAnWa0Wxlta2a3hn4RUZq1u8rQHZ4fHDYEP3QWbkM5pt0DciqhL2XZJkYYd0ELUxSr08Z4E7Tkn4BdtHXQbRQh0p/mluxSwzUEXy3cONvtzjaQuJnW2nPxQUIyxdlW6th23HK/BzL92UqJJ2Wpbl3jdmGY4A+tgKLtpQxwTSEJGOEGkzLrPS1oe3gPns48gqDrJUn6p29aqslA6/7r6kYUcEHHwLA/weKCFFX3jKokPCU8shithTxWP1kLPcQrvAOXxna8NF6PkNvzNqROGi2mOGR79UL8qM96VndpHa/7UCjgxWwr4sWkV7dD3HcE3l6ay5hwL4JyHkgIjq5CHl4SgfnbLh9lzv9f0TEG54Mk+vp4/Y9+h5LTRbs/KUfJYDY3Ltz4AJf2l77P98bVdD7twG0IXyb+wOHR1gDmR35GhxMgk2/qJ9YsvFBPB78uSLJBvmHvWd7uBiR1c8hM0yE8nFwl/AfLlUcMKov6BBhvq0pQfT+W1MYy1GFS/wiGuMaQ68DJJ0HSFMIz2mkoPsau+5rmeL1Pl3PGIAE+oWFTfi3zcFt9inSnYTdLytsI35IFtyvH7Y0eqHRSO0YXGVY0jG1XHINKImRxTMNZDgcS4MqshiVGCWdB4wXj+ISwCr3ttsWLzEpBGgUez6tGQUnj9f9fnGUHeofGGGeHDhXQto8yfZmXg1O9dFpNzMMnopQFf26zZuF8ompPTaf1DhDA4uJSHSvdS5w==&u=U2FsdGVkX18X9mKDgmCD32XdiXGupsqolQjOU9tuR9o=&y=U2FsdGVkX1+498ML3q0zdwLccRsyVxbnXQn9AWl+7VU= HTTP/1.1" 200 25
186.102.62.73 - - [26/Jul/2022:07:33:14 -0500] "GET /kwssiamovil/sm/acme/a?s=U2FsdGVkX1+IWM7GHQ8TWxtunZLwsnv+k6pPqEIH9YlmYrzkkSJ2xlcfBQ9DSsntctT30uKdX3SpR2YCBLhijzhRrtMrxz96bdCJARm6x/Xl5c6VDm971FC8xKL3BmVnLDf0c+HpQLQrH4JWN7UlSIT9RHj1FOA+1phgE9ddVGY=&u=U2FsdGVkX18X9mKDgmCD32XdiXGupsqolQjOU9tuR9o=&y=U2FsdGVkX1+498ML3q0zdwLccRsyVxbnXQn9AWl+7VU= HTTP/1.1" 200 25
186.102.62.73 - - [26/Jul/2022:07:33:14 -0500] "GET /kwssiamovil/sm/acme/a?s=U2FsdGVkX1/MVDRIWPqxy1BFKC9VIwr2S14B//FDaJUup936Fh/9jL3NG8QdQ51jHv7yPczGejSz8mX8BLvPVagoy6bSgu7FNF0r8wd6TJMryIUWEa4+yT2w/EDXvjL8fw+d/6IntMqzGoj9yQKkobsQSytFzkh6oe9t+JQInbI=&u=U2FsdGVkX18X9mKDgmCD32XdiXGupsqolQjOU9tuR9o=&y=U2FsdGVkX1+498ML3q0zdwLccRsyVxbnXQn9AWl+7VU= HTTP/1.1" 200 25
186.102.62.73 - - [26/Jul/2022:07:33:14 -0500] "GET /kwssiamovil/sm/acme/a?s=U2FsdGVkX19f6D5SODvTVOUMdugKaW0AiMUVFdPNmqOzrU2X5fLKgoB5ZkWPuNG7PEaz7qfLFCEHOjJt0b3XBJUMTPde4UHbY17fnZ4Pt6vlMp6usv8wNaHVsu6agSQ7v7Q0qiEc58x3mbO/Cg4yXKpMCOKu8iU5GpQoEoqCybE=&u=U2FsdGVkX18X9mKDgmCD32XdiXGupsqolQjOU9tuR9o=&y=U2FsdGVkX1+498ML3q0zdwLccRsyVxbnXQn9AWl+7VU= HTTP/1.1" 200 25
186.102.62.73 - - [26/Jul/2022:07:33:14 -0500] "GET /kwssiamovil/sm/acme/a?s=U2FsdGVkX191zP6Q+5hjeTO6G3T7V9kx9ze7Aow2M4ax9rl8HX06jZb/KriliS4LPFsR+8hWSQ8VodLIgPSExTsPAR1xrq5oYA6a1d+ePlUHtd2U3ax/T4gj1x/P6Jmnf9MS7elAGNlGB8NMmhoG0DcPkmIrGVGkA8GaTIih54vEUostciu+B5IabJn0V7jy&u=U2FsdGVkX18X9mKDgmCD32XdiXGupsqolQjOU9tuR9o=&y=U2FsdGVkX1+498ML3q0zdwLccRsyVxbnXQn9AWl+7VU= HTTP/1.1" 200 25
186.102.62.73 - - [26/Jul/2022:07:33:15 -0500] "GET /kwssiamovil/sm/acme/a?s=U2FsdGVkX18nBh5VmgpZP4QY42nvLWbCTpdQm87nspvcnZwt6NuZYI9jTMQIrhHbq77IBNjO/VdpPFL+hpp39gdcUlFovmSiFfOzHqK2wAiXU8Smx3ikA+4HSgcruTqfJ+urrCVTBTC0sU7xrjBPwPutB/vVXYIP9djP/9jN7ORZKkY4T0i6qsQhg6oT8Cu8nYux/58zA61PwrFD+7JQiw==&u=U2FsdGVkX18X9mKDgmCD32XdiXGupsqolQjOU9tuR9o=&y=U2FsdGVkX1+498ML3q0zdwLccRsyVxbnXQn9AWl+7VU= HTTP/1.1" 200 25
186.102.62.73 - - [26/Jul/2022:07:33:15 -0500] "GET /kwssiamovil/sm/acme/a?s=U2FsdGVkX1/t0HkW56YiHK1eCLY3yNYC2UPttbp3tvF3kRapwZi6pCvKMpqzeMptUMa4gsDlEuavqbs5NTOxku2oHOcZNcKgJQDGleQW1XuOeer8af8Cyt3NdUTnsUOqp79inbLs+R7WEtUj+LXQEaZsQLPXlVcRnlLHZE2CawTsh81WGgQOAO14TeR7bx0i&u=U2FsdGVkX18X9mKDgmCD32XdiXGupsqolQjOU9tuR9o=&y=U2FsdGVkX1+498ML3q0zdwLccRsyVxbnXQn9AWl+7VU= HTTP/1.1" 200 25
172.22.2.4 - - [26/Jul/2022:07:32:17 -0500] "GET /BLA/boletinlegal/ HTTP/1.1" 200 55624
143.92.32.39 - - [26/Jul/2022:07:34:34 -0500] "GET /map/baidumap.xml HTTP/1.1" 404 1143
77.88.5.244 - - [26/Jul/2022:07:35:13 -0500] "-" 408 -
172.22.2.4 - - [26/Jul/2022:07:35:07 -0500] "GET /BLA/boletinlegal/ HTTP/1.1" 200 20427
172.22.2.4 - - [26/Jul/2022:07:35:07 -0500] "GET /BLA/boletinlegal/ HTTP/1.1" 200 32715
201.245.192.253 - - [26/Jul/2022:07:35:57 -0500] "POST /kwsrmcab/Wsrmcab  HTTP/1.1" 200 213
216.245.221.92 - - [26/Jul/2022:07:36:56 -0500] "HEAD / HTTP/1.1" 200 -
172.22.2.4 - - [26/Jul/2022:07:37:17 -0500] "HEAD /BLA/boletinlegal/ HTTP/1.1" 200 -
172.22.2.4 - - [26/Jul/2022:07:38:05 -0500] "GET /BLA/boletinlegal/ HTTP/1.1" 200 44037
172.22.2.4 - - [26/Jul/2022:07:38:07 -0500] "GET /BLA/boletinlegal/ HTTP/1.1" 200 44037
93.158.161.49 - - [26/Jul/2022:07:40:13 -0500] "-" 408 -
201.245.192.253 - - [26/Jul/2022:07:40:57 -0500] "POST /kwsrmcab/Wsrmcab  HTTP/1.1" 200 213
201.245.192.253 - - [26/Jul/2022:07:40:57 -0500] "POST /kwsrmcab/Wsrmcab HTTP/1.1" 200 46175
201.245.192.253 - - [26/Jul/2022:07:41:01 -0500] "GET /kwsrmcab/Wsrmcab?wsdl HTTP/1.1" 200 6948
201.245.192.253 - - [26/Jul/2022:07:41:02 -0500] "POST /kwsrmcab/Wsrmcab HTTP/1.1" 200 46789
216.245.221.92 - - [26/Jul/2022:07:41:56 -0500] "HEAD / HTTP/1.1" 200 -
34.147.89.36 - - [26/Jul/2022:07:43:50 -0500] "GET / HTTP/1.1" 200 319
186.102.18.37 - - [26/Jul/2022:07:44:11 -0500] "GET /catalogoisis/ HTTP/1.1" 200 8575
186.102.18.37 - - [26/Jul/2022:07:44:11 -0500] "GET /catalogoisis/Css/Busqueda.css HTTP/1.1" 200 1995
186.102.18.37 - - [26/Jul/2022:07:44:11 -0500] "GET /catalogoisis/Js/LimpiarCombinada.js HTTP/1.1" 200 207
186.102.18.37 - - [26/Jul/2022:07:44:11 -0500] "GET /catalogoisis/Js/Go.js HTTP/1.1" 200 364
186.102.18.37 - - [26/Jul/2022:07:44:11 -0500] "GET /catalogoisis/Js/AceptarLimpiar.js HTTP/1.1" 200 331
186.102.18.37 - - [26/Jul/2022:07:44:11 -0500] "GET /catalogoisis/Js/Cookies.js HTTP/1.1" 200 1369
186.102.18.37 - - [26/Jul/2022:07:44:11 -0500] "GET /catalogoisis/Js/Remote.js HTTP/1.1" 200 436
186.102.18.37 - - [26/Jul/2022:07:44:11 -0500] "GET /catalogoisis/Js/CriterioCombinada.js HTTP/1.1" 200 1843
186.102.18.37 - - [26/Jul/2022:07:44:11 -0500] "GET /catalogoisis/Js/Numero.js HTTP/1.1" 200 398
186.102.18.37 - - [26/Jul/2022:07:44:11 -0500] "GET /catalogoisis/Js/Enter.js HTTP/1.1" 200 1208
186.102.18.37 - - [26/Jul/2022:07:44:12 -0500] "GET /catalogoisis/imagenes/br1c1.gif HTTP/1.1" 200 172
186.102.18.37 - - [26/Jul/2022:07:44:12 -0500] "GET /catalogoisis/imagenes/br1c3.gif HTTP/1.1" 200 302
186.102.18.37 - - [26/Jul/2022:07:44:12 -0500] "GET /catalogoisis/imagenes/aceptar1.gif HTTP/1.1" 200 604
186.102.18.37 - - [26/Jul/2022:07:44:12 -0500] "GET /catalogoisis/imagenes/Turnbo1.gif HTTP/1.1" 200 227
186.102.18.37 - - [26/Jul/2022:07:44:12 -0500] "GET /catalogoisis/imagenes/limpiar1.gif HTTP/1.1" 200 606
186.102.18.37 - - [26/Jul/2022:07:44:12 -0500] "GET /catalogoisis/imagenes/br3c1.gif HTTP/1.1" 200 177
186.102.18.37 - - [26/Jul/2022:07:44:12 -0500] "GET /catalogoisis/imagenes/br3c2.gif HTTP/1.1" 200 285
186.102.18.37 - - [26/Jul/2022:07:44:12 -0500] "GET /catalogoisis/imagenes/br3c3.gif HTTP/1.1" 200 186
186.102.18.37 - - [26/Jul/2022:07:44:12 -0500] "GET /catalogoisis/imagenes/br1c2.gif HTTP/1.1" 200 297
186.102.18.37 - - [26/Jul/2022:07:44:12 -0500] "GET /catalogoisis/imagenes/Header.gif HTTP/1.1" 200 30313
186.102.18.37 - - [26/Jul/2022:07:44:12 -0500] "GET /catalogoisis/imagenes/br2c1.gif HTTP/1.1" 200 297
186.102.18.37 - - [26/Jul/2022:07:44:12 -0500] "GET /catalogoisis/imagenes/br2c2.gif HTTP/1.1" 200 302
186.102.18.37 - - [26/Jul/2022:07:44:12 -0500] "GET /catalogoisis/imagenes/br2c3.gif HTTP/1.1" 200 416
186.102.18.37 - - [26/Jul/2022:07:44:12 -0500] "GET /favicon.ico HTTP/1.1" 200 7782
172.22.2.4 - - [26/Jul/2022:07:43:07 -0500] "HEAD /BLA/boletinlegal/ HTTP/1.1" 200 -
199.59.150.180 - - [26/Jul/2022:07:45:02 -0500] "GET /en-este-pot-se-le-da-la-relevancia-que-merece-a-la-emergencia-climatica-y-la-proteccion-de-la-estructura-ecologica-principal-carolina-urrutia.html HTTP/1.1" 200 1047
199.59.150.183 - - [26/Jul/2022:07:45:02 -0500] "GET /images/pot-humedales-2-octubre.jpg HTTP/1.1" 200 53089
199.59.150.182 - - [26/Jul/2022:07:45:17 -0500] "GET /images/pot-humedales-2-octubre.jpg HTTP/1.1" 200 53089
185.119.81.99 - - [26/Jul/2022:07:45:24 -0500] "GET /portaldeninos/wp-login.php HTTP/1.1" 200 2592
185.119.81.99 - - [26/Jul/2022:07:45:25 -0500] "POST /portaldeninos/wp-login.php HTTP/1.1" 200 3605
172.22.2.4 - - [26/Jul/2022:07:43:57 -0500] "GET /BLA/boletinlegal/ HTTP/1.1" 200 57719
201.245.192.253 - - [26/Jul/2022:07:45:56 -0500] "POST /kwsrmcab/Wsrmcab  HTTP/1.1" 200 213
185.7.214.104 - - [26/Jul/2022:07:46:55 -0500] "GET /?a=fetch&content=<php>die(@md5(HelloThinkCMF))</php> HTTP/1.1" 200 319
216.245.221.92 - - [26/Jul/2022:07:46:56 -0500] "HEAD / HTTP/1.1" 200 -
172.22.2.4 - - [26/Jul/2022:07:45:27 -0500] "GET /BLA/boletinlegal/index.php HTTP/1.1" 200 62766
64.62.197.227 - - [26/Jul/2022:07:47:07 -0500] "GET / HTTP/1.1" 200 319
77.88.5.6 - - [26/Jul/2022:07:48:13 -0500] "-" 408 -
66.249.73.127 - - [26/Jul/2022:07:48:35 -0500] "-" 408 -
186.102.60.210 - - [26/Jul/2022:07:50:26 -0500] "GET /kwssiamovil/sm/ldap/au?x=U2FsdGVkX18q3tJK9P+OpaFetvEQ9xTZiVHgk3bMpQmwsIkv5e7PfHN4Pgphgc1d&y=U2FsdGVkX19daw8PbXIzucp09GXgivRGrJ2Kl3YEgrLtLFrFEzcXdO1OD6HkY8D2 HTTP/1.1" 200 30
186.102.60.210 - - [26/Jul/2022:07:50:26 -0500] "GET /kwssiamovil/sm/acme/s?s=U2FsdGVkX1+0wEASW54OPSMmSSrELd8FvdVSmzKLWV7K89aOwS33AGB6al2I0GNzcZbsMl6mbwC2uhFIFy1/0ifYztWU0jR53vnK17OX4Tk=&u=U2FsdGVkX1+1mYluHYKvx01j+biF4y+ynDzsa9VU7jCIncab2r2YAbb2P5qtqy7y&y=U2FsdGVkX19daw8PbXIzucp09GXgivRGrJ2Kl3YEgrLtLFrFEzcXdO1OD6HkY8D2 HTTP/1.1" 200 97
186.102.60.210 - - [26/Jul/2022:07:50:26 -0500] "GET /kwssiamovil/sm/acme/s?s=U2FsdGVkX18rjk41c1qDPiB7JIBvaibU7qGu6M4Kk3wwglu1TCcAOOMOPS1m7W5dVYHsnWiuqzVMFp8w1Osx4F1M4N4glhSPSrxHbsKdXGLEnn9Zva9ELPe+TYOo4KHS+g/EuqbnfyyAo1NOeCBE4r1WbPWW5+rKY2JjsSfvugZCVY2wHSuQOT5hrizY1VghgBj37d2ONNM3O/vGQn5dML+eLZD5qnNBUEHbMpVPOLp1rARf9TDSDz3TaYrQJBoLEx5odVMb4B7Tom5miJBc/s+GJH56EiGOYLB3NWqPHGgl4dUzpTeBvDdXeAgqs5OudNG+W4sI8NClKQv2xVPfX0h4zVeF4sKU5J6PGKN8pxttR5vOtey+movLBTZ7KYrzAp4q1sWwxHOwfa4RL7NLruS9wcjM3u4za+TAkr+lUoSPyC4Oy4HDRANSpOPPj9QC+i6TSzqFVXNp5saqtnwdsXtcnAFV/OwRkTCusXjSYGzoy8hKq4L87Qa4fv9Ub1VAPdsqutcfv4icwyckP7MYbQVk73uvPZf++VOA6WtK+rfLHvtoOZ5FwKId+LP3gOa1YRj5xttvKPQzM1yx/H3ylR0iUiOu8du6MiiwKbNNACNXIDnaJq9dQZWP5ULLAYU+2ri0hCA+InmD06FWgT7/UXnuuBGKjGqFkmV4XcjGmy9L8KziGg3GqB0jN4rH6U7sD5so8fXEVIRbp+z09PxzJ4g/u5lEZh5yQA13nG/Xm2OVBiwPOpwVqSfTBeEQroMWpfDWXCV7fkFsr5De2K1w3XjdpKfo6NbgLgPhivIhOnQP7T/R0N9Dv2W3tWtnf7TDL8kc19d3/MYBjXYd9RijGIOvjn4JlDes03Q80hcVOCpkY1X3GAIcAgoSnF5KacNHdJYKl8Smakja8HN9E4tkRMsI3R8mKCUYQb6HKU3Ow0Zl3TmidbgHSd9ZNAllQVoSMAb1l/HYTimZ60Wo5utiR/fNnM/QVoldhL8au3LzDafMogxpDCH3nnRHS9jDzAQn/6AK/8gM2iix13lJFXE9FKb/XFFfZ43nM8z1Izw5UlkQNBzhdGryzlovtH7+t4qLmTzmMkI5L1ui39DfORRk3VV5YjSiuT3mK7mnXWvc7ZHtMHbB9y4+4aSsuZp60/R2QJRw4tlUN/qwQR9KwqPfuGYXEeVrCXEYQ54GMW5DPTFhKHv+0TXauurYj3n3DKkC2YrfWUWl8YHALbhVecsRLDNpic9mACcEh4b/BgQnXHV6SNPWpiLpAzg/w+EaLUgsAoE754yVLevUo4ehRM2f/8Y0VUvonBlsX62znQ5EE4VKXOXXBAIsX/prlUwNlNYv/2ra6wY9XbVhtWquVfHhz6ZgoMKlNy/co2mInrJf36M=&u=U2FsdGVkX1+1mYluHYKvx01j+biF4y+ynDzsa9VU7jCIncab2r2YAbb2P5qtqy7y&y=U2FsdGVkX19daw8PbXIzucp09GXgivRGrJ2Kl3YEgrLtLFrFEzcXdO1OD6HkY8D2 HTTP/1.1" 200 7149
186.102.60.210 - - [26/Jul/2022:07:50:26 -0500] "GET /kwssiamovil/sm/acme/s?s=U2FsdGVkX1+1J0qgaKEqJBt+TseN5RfNmDC1HfGmfTfYcrwy+iQyjEnxjjyO/mtj9Ux0aq1hGmhs8CLuzLRAOK6lpJkQorIXQ1jaarbMg30wWENClrHwwshUzM4IeTm0aybkwW3dtiGze646b6C4XhTClxI+urlThF04P3IW5+d0p7mU9xxS1JHwT2l6j6b+VAYnPHslycMI4JbuLyr3MsIq+hig5Peu4eGByfS5xk+Tnm6Crikj0b+PeusH8zhy611ebEFuNrMe1l/m2VqEWD5J+7MKshpQWZk1ndQt8zA=&u=U2FsdGVkX1+1mYluHYKvx01j+biF4y+ynDzsa9VU7jCIncab2r2YAbb2P5qtqy7y&y=U2FsdGVkX19daw8PbXIzucp09GXgivRGrJ2Kl3YEgrLtLFrFEzcXdO1OD6HkY8D2 HTTP/1.1" 200 176
186.102.60.210 - - [26/Jul/2022:07:50:26 -0500] "GET /kwssiamovil/sm/cjson/pre?f=1&x=U2FsdGVkX18q3tJK9P+OpaFetvEQ9xTZiVHgk3bMpQmwsIkv5e7PfHN4Pgphgc1d HTTP/1.1" 200 30992
172.22.2.4 - - [26/Jul/2022:07:48:57 -0500] "HEAD /BLA/boletinlegal/ HTTP/1.1" 200 -
64.62.197.239 - - [26/Jul/2022:07:50:54 -0500] "GET /favicon.ico HTTP/1.1" 200 7782
201.245.192.253 - - [26/Jul/2022:07:50:55 -0500] "POST /kwsrmcab/Wsrmcab  HTTP/1.1" 200 213
172.22.2.4 - - [26/Jul/2022:07:49:47 -0500] "GET /BLA/boletinlegal/ HTTP/1.1" 200 60275
216.245.221.92 - - [26/Jul/2022:07:51:56 -0500] "HEAD / HTTP/1.1" 200 -
186.102.48.130 - - [26/Jul/2022:07:52:04 -0500] "GET /kwssiamovil/sm/ldap/au?x=U2FsdGVkX19n5ZDUoyELMMsP4qYnw9bP3W0GFiRpTmmS0NmJCnxztCNEvA14SQX0&y=U2FsdGVkX196PqoDoW/0Y/mcPUkGgmsTfljSa7ZzV0vn2oBs5HX79UNuJDGAD7es HTTP/1.1" 200 30
186.102.48.130 - - [26/Jul/2022:07:52:04 -0500] "GET /kwssiamovil/sm/acme/s?s=U2FsdGVkX19DWlzyS1kAMZ+/1zyKqAEOhFPSdASuH5FnGLGgPWGyZZnPKoD7kKrVi0cteMXk68ymHrV3KJfWG9nNB4Sku3Hct5uiCRlXp1Y=&u=U2FsdGVkX1+jjYXkDMk7usVyw/koAxCUSm0GAyBDJWU=&y=U2FsdGVkX196PqoDoW/0Y/mcPUkGgmsTfljSa7ZzV0vn2oBs5HX79UNuJDGAD7es HTTP/1.1" 200 97
186.102.48.130 - - [26/Jul/2022:07:52:04 -0500] "GET /kwssiamovil/sm/acme/s?s=U2FsdGVkX19PCSwnJTtvUIpzNK7aga22eNFEyqoqSKWG8Lkp00ayf8JX7OU1wwGUpiavVS/4mHfGyQcW63V8PQu5HXeyL8fHkTvQTe9f5jMobz4ZMXc5DaNmh2tYsskOx09pSBmx5UJADetEYz5J9Gbz3DsH1St0C+9oHZYEm6hNIPIePESfKYvZCilOvlZqFKGS99qEzZh2ULNMsF70NLZyUNd3HLhgBg6+XTgT+MbTIRhfU//n2am0mh+tFUHd0PcvuuMo4Ag2csZ0CFeYaOUMGuqtp6fvowZH2aj0c0eoyNnAJ7swEAuWO21zowAqZR1pCEJWtyPJ0hRe547cZM6DF6muHl1Q2yHOM09Y+St2WQ0OvA39mIPtlOO+tasadQ8EY0Vw6D3SbDQZzKLXmCejFQiqX8imZyI3ee7HyxTLjBZ5AIo9q2gZQUfEy6Opa8o8RYnLYt8Hbceqyk7bAooox4avUhOm9tI8jFi9+hpwvkTGyycx8aJBAInfyR3O1mts1/XLKy/sZ+MhSXZZ9F0xhaHVPjGVu0Vw/WfxI3rqZWSv7TTMj6ekHoddBSWK2X70iAxSReamVVRxT0SJDUnE1UtX+nOZKUtrdiRW1L1K5t2UT4BXtGRdmgGR+xZH81ZqVOkSJfaiifVKy1NSfoCXRVSF1Lqh2mRtjus3Eq0qAsdjnxNfAwEleEg8DM594O7+jou94nHD3Vr4qzUVTHWRpHQ2aVad0+v0ujsZqZT5n88CK6n6ZwwZn3HZo7jvqo84lx5BhEgx6qCeynhvMn6EumH5JlIxVEwzbKymjqYbhkV1bSlyg6o87O8xtcCF7sUcGquvgwJhytAv95T/fp8IGrvIfuD680nmY4ftOAqdsKg51ljs4FUH53fbiYpQ2ozgkA5M9IWPxDk/2g7CkKYbp8HSeIyCPAaR8irecPEPg5jMIBpGUSzPDQ4XJGV/CJ535B/mORZgzs24Yu4wZ7THfDgUTrama6ImceUhFlNUb+r+vFzG0IQOKen9dJYeQerrCmmyGCEDNoBcUB44CILRqQNIm1kSpjEZgZEqZAg2kfB5g2RxAiwxAu1pvXDsmki/bMXtJvQHH+maqk168TM84ELqUQZKvA+cTNMlzoPLPCeBcnF8K6fzctpOMsxW95vwKNOBDdZumXswLVOtCAiTcKM/OnSYAwAQQWPTEsGtznL3r0xsACF3iRPw9xp/YrmcsJdgIXrus+mXXFKUDSCXjvaWUZ9f6UbHbDLQu7lh8jM+UJ55+NVvMYU4xNaf0P0KJJCRphqHSUx2F0bN5qAPnp3CecVOjy3hiXoyM+h8cM6gK1KsSnkN1MuuAygAJWqTj61S4rzwBWQr65Go5bLBF28t7TF5rKVnSu9e2dY=&u=U2FsdGVkX1+jjYXkDMk7usVyw/koAxCUSm0GAyBDJWU=&y=U2FsdGVkX196PqoDoW/0Y/mcPUkGgmsTfljSa7ZzV0vn2oBs5HX79UNuJDGAD7es HTTP/1.1" 200 735
186.102.48.130 - - [26/Jul/2022:07:52:04 -0500] "GET /kwssiamovil/sm/acme/s?s=U2FsdGVkX18VKqGcS0QdLxOraAQEK+ytzrq/MX7k3ZFKUxX5x/F5t9YditjytWq/eWmbkeTx1L8IZ3giDEMsxrlg4Dt98YtTH71odpcP0EvsvfLOtoCdVUeg9dE0Gh33rldTgLHs5pNj+iPqguWeQDsuOH5JDSl6u+7HGSqtxDpK5KsafJjTFwsYxLO2bCCNGaktleuvStDHMKZWygRfBuHhRufOagHL0qQ8RGfhXR/EVxBwfd0OqbIWpC0hHx79RztY256KrS0XMEPO8UsW9znh2/GSGLKYFS051NNGJOk=&u=U2FsdGVkX1+jjYXkDMk7usVyw/koAxCUSm0GAyBDJWU=&y=U2FsdGVkX196PqoDoW/0Y/mcPUkGgmsTfljSa7ZzV0vn2oBs5HX79UNuJDGAD7es HTTP/1.1" 200 176
186.102.48.130 - - [26/Jul/2022:07:52:04 -0500] "GET /kwssiamovil/sm/cjson/pre?f=1&x=U2FsdGVkX19n5ZDUoyELMMsP4qYnw9bP3W0GFiRpTmmS0NmJCnxztCNEvA14SQX0 HTTP/1.1" 200 30992
207.46.13.14 - - [26/Jul/2022:07:52:27 -0500] "GET /portaldeninos/parque-mirador-de-los-nevados/ HTTP/1.1" 200 90056
185.119.81.102 - - [26/Jul/2022:07:52:30 -0500] "GET /portaldeninos/wp-login.php HTTP/1.1" 200 2592
185.119.81.102 - - [26/Jul/2022:07:52:31 -0500] "POST /portaldeninos/wp-login.php HTTP/1.1" 200 3650
207.46.13.14 - - [26/Jul/2022:07:52:39 -0500] "GET /portaldeninos/parque-mirador-de-los-nevados/ HTTP/1.1" 200 90056
109.237.103.9 - - [26/Jul/2022:07:53:04 -0500] "GET /.env HTTP/1.1" 404 1018
109.237.103.9 - - [26/Jul/2022:07:53:05 -0500] "\x16\x03\x01\x01D\x01" 400 226
172.22.2.4 - - [26/Jul/2022:07:55:24 -0500] "GET /BLA/boletinlegal/favicon.ico HTTP/1.1" 404 1496
201.245.192.253 - - [26/Jul/2022:07:55:54 -0500] "POST /kwsrmcab/Wsrmcab  HTTP/1.1" 200 213
172.22.2.4 - - [26/Jul/2022:07:54:46 -0500] "HEAD /BLA/boletinlegal/ HTTP/1.1" 200 -
186.102.60.210 - - [26/Jul/2022:07:56:38 -0500] "GET /kwssiamovil/sm/acme/a?s=U2FsdGVkX19SVVmtkD5OIHEWwKkJ2B6wH4yL1ru5NKpf2OSgl3TFjsfrkLJV7sJflkpeWNeoMAIoh+SegZP+RAIxB+OopGmPYu8MHOdPhd/cJI/pBW72F36j/IJModZxV4fJDMLp2NSuE+JDMoDvJlT5jmtCpiB/yKT+JvFv4S/WyoCPb+8MJK5sbsXjumL4tZgeBeUF8H5idcYaVVHIW7YlKlElXGTpxzY1Bfmjjh8vrBl/6q8qem80O24VxDZmNygUKxqMw/ccXkglfWn4eQ==&u=U2FsdGVkX1+1mYluHYKvx01j+biF4y+ynDzsa9VU7jCIncab2r2YAbb2P5qtqy7y&y=U2FsdGVkX19daw8PbXIzucp09GXgivRGrJ2Kl3YEgrLtLFrFEzcXdO1OD6HkY8D2 HTTP/1.1" 200 25
186.102.60.210 - - [26/Jul/2022:07:56:39 -0500] "GET /kwssiamovil/sm/acme/a?s=U2FsdGVkX186O/rKuKOJybhiIqwHU345GdS3VKV6xmeEegZyun46jo8ZemUu8xV+k3uFw2K+M8a0zuO3LjpxN8Yz4eUt3riWgft5qmaXWlolmPGr2x498pvJwS78KM2R8gq9ob8ZoG8+YNIWD2JBHM9z4kiN6Lyp3NqAmwBPMYt1lxE6npsODpqc1KGxzvnPFUy2AysZ+s4ohRACbslKCYxRaB0wqwoYEE21ZeYO5kUNNyOB2ALZx9nG3U1pwpMX+irOOh6O/R4NShUq9IkHPDZo+URCnWvL6FmNBgQH3X46rJchF+cxHwKEZ7R7VvNQRqy+FGcwrnXXgecOc3Rnz/6je0efzcjC99thN50nILf5WuyelHlmCS05K9Yv0/iNCaBdj3N9sSsBoQBLS2puEq3Ya8kN3rCe1EsBTq47qY5AvDkMNeffQERGa3bzL742NQklwJTp5oN4qsCgcYZVU/12xeIEcnqXm24FbcyDInxsWaNM2m7uGf/sahMvz6zsNKVKhXLBk4kWnBZ+GrLkCiW2ZTBo7LFE1/VAeVkUZ/QgPs16BaP0yZc1/upS1ssvoVCa191SXY7F/vjXOxmtfrkHzgDyzOOcXBdsPLDyjWyEnQS/eqLCFZKzy3KKKl+pfD4xi6TxJitLGRA7+dToL4GfJVp9s7qN2Y9SlQLoEpzPu0uuItNlY8XUrY1Gvfb6t8pedtcW0v+Ta3o+cYERqHZZXy48Eb6fZ29cK7ND+1NtAKG3UiZIYcBLPaoJoeWMFhtimYWfsRG8qbO4bRyo2bYkha3Aj8uVBOFNLrRJm6r/VFWd94L0Hax/K/jrFWFkQEL/fie+WBo1meom0egUzkQTZViUacPKyEufQDwzG54rReNBrRCWWI673+ehVho/nko1YSvEZSg6BAvzzru2BMeMUmylBLbR/2t+oY3Dddrv6+4hfafsEWDCvh/FHz/6LCRR0rH316US/wdbYJ2OIT00QMB7a62UKcs6b72lXJloj1/7J82fvKT8NK6e+R2NunwHu6lwXSRf5Y+hD9COWmtLS04yebLwGnXVB8QK5zAyIHua2Sf/5+QO/rs+0gFBBD6UXoPyK5P50pMCiSCLiaHVj2dSTwX8RlnE3YgxRHUPThfRjY1H+2t4Rkt8DhUpxoLuK5U5LtFi4zpOiIg9Gr8oADmvbpYFRMtUsZevG6qzCv9hnb/dXYVt5+a5yFKiTj3UaOX3CvIuWxwMqLasDg==&u=U2FsdGVkX1+1mYluHYKvx01j+biF4y+ynDzsa9VU7jCIncab2r2YAbb2P5qtqy7y&y=U2FsdGVkX19daw8PbXIzucp09GXgivRGrJ2Kl3YEgrLtLFrFEzcXdO1OD6HkY8D2 HTTP/1.1" 200 25
186.102.60.210 - - [26/Jul/2022:07:56:39 -0500] "GET /kwssiamovil/sm/acme/a?s=U2FsdGVkX1/PFNiD59BYHsAhL8UaGQzZdlMcrFBpqHCxsmghcRsUi30HlvEnzqXFU9xlIc2kqVJuHUfrjeWIh5w4IGmtOtV34xxFSFB4Ckk+TWY1AKJirFAAGLwuld/qEF8CSNBboMNiy8r+sGLGWdk61b59H8RRx1pCpaIxxMM=&u=U2FsdGVkX1+1mYluHYKvx01j+biF4y+ynDzsa9VU7jCIncab2r2YAbb2P5qtqy7y&y=U2FsdGVkX19daw8PbXIzucp09GXgivRGrJ2Kl3YEgrLtLFrFEzcXdO1OD6HkY8D2 HTTP/1.1" 200 25
186.102.60.210 - - [26/Jul/2022:07:56:39 -0500] "GET /kwssiamovil/sm/acme/a?s=U2FsdGVkX18fFWsSkvvoLuUqAW3/EyVwvbHOYQzLI3Jvmdn+TF+rYSOAcjIxmIEKoTneMf5NlHBJkQMC8ftHrjzloBpY2QrhkKce38B035F6qN7F5dx4i3A5lkOnwG/mrpODR1CT8rE6///kY1DMUOlMFITweasQO3LAgEMaGPs=&u=U2FsdGVkX1+1mYluHYKvx01j+biF4y+ynDzsa9VU7jCIncab2r2YAbb2P5qtqy7y&y=U2FsdGVkX19daw8PbXIzucp09GXgivRGrJ2Kl3YEgrLtLFrFEzcXdO1OD6HkY8D2 HTTP/1.1" 200 25
