172.22.2.4 - - [08/Aug/2022:05:55:08 -0500] "GET /BLA/boletinlegal/ HTTP/1.1" 200 32715
157.211.155.184 - - [08/Aug/2022:05:56:43 -0500] "GET / HTTP/1.1" 200 319
172.22.2.4 - - [08/Aug/2022:05:55:26 -0500] "HEAD /BLA/boletinlegal/ HTTP/1.1" 200 -
186.102.4.141 - - [08/Aug/2022:05:57:43 -0500] "GET /kwssiamovil/sm/acme/u?s=U2FsdGVkX18z3qk2H0gN3IhG5FZY2suffDrK5dxmK1fviPH6RG20oC5hPLPgfrJsmyj9EnhtMnw52v+Z2zFWyVPF+oGG2mT9ewgcwnMM6U3l/YDgMs0L3sHKTjdyycvXlZJZF9mITeja7P1kuJS3XQ==&u=U2FsdGVkX19O2tOofm+rQma5hDXzfvnaUoMW/w9LpnM=&y=U2FsdGVkX18S5guxGnHLiqt8YZ6MIjW7uOlwBHQQEmx/kYNJPZkuC58PZVLzt+6B HTTP/1.1" 200 60
172.22.2.4 - - [08/Aug/2022:05:56:17 -0500] "GET /BLA/boletinlegal/ HTTP/1.1" 200 60272
186.102.4.141 - - [08/Aug/2022:05:58:03 -0500] "GET /kwssiamovil/sm/acme/u?s=U2FsdGVkX19Y/NErmFAcanx/gNnjhzSpNreHs50eLTu2gEEQ5RK5OEv4tR6s03zJB5L05W+Kk2tgOEfJe7ftgGgd06UrJbpn3i1Oa6a+SlkeCMaTHSfBAWwOkU3or3nSzTk77xIDFv73fRuo07BsvQ==&u=U2FsdGVkX19O2tOofm+rQma5hDXzfvnaUoMW/w9LpnM=&y=U2FsdGVkX18S5guxGnHLiqt8YZ6MIjW7uOlwBHQQEmx/kYNJPZkuC58PZVLzt+6B HTTP/1.1" 200 60
172.22.2.4 - - [08/Aug/2022:05:58:04 -0500] "GET /BLA/boletinlegal/Circulares/2012/Circular%20No.%2014%20del%2011%20de%20Septiembre%20de%202012.pdf HTTP/1.1" 304 -
172.22.2.4 - - [08/Aug/2022:05:58:34 -0500] "GET /BLA/boletinlegal/conceptos.php HTTP/1.1" 200 7443
173.252.87.21 - - [08/Aug/2022:05:58:44 -0500] "GET /images/mercados-campesinos-5-mayo.jpg HTTP/1.1" 200 95848
186.102.4.141 - - [08/Aug/2022:05:58:53 -0500] "GET /kwssiamovil/sm/acme/u?s=U2FsdGVkX1/5zPs3Hr3yFiernjEUS4wc/luDsGsfyANzN7e46wka69OA+ukFX3rHEkuRTy0toph52eiSvxvxN/ffiEch0SSRVSWSMtznRWowJEdNCHr4z5828ayFXsNyh4YsJ0cN0RQshzyVEnLniA==&u=U2FsdGVkX19O2tOofm+rQma5hDXzfvnaUoMW/w9LpnM=&y=U2FsdGVkX18S5guxGnHLiqt8YZ6MIjW7uOlwBHQQEmx/kYNJPZkuC58PZVLzt+6B HTTP/1.1" 200 60
185.7.214.104 - - [08/Aug/2022:05:59:23 -0500] "POST /cgi-bin/.%2e/.%2e/.%2e/.%2e/bin/sh HTTP/1.1" 400 945
34.77.127.183 - - [08/Aug/2022:05:59:31 -0500] "GET / HTTP/1.1" 200 319
216.245.221.92 - - [08/Aug/2022:05:59:39 -0500] "HEAD / HTTP/1.1" 200 -
172.22.2.4 - - [08/Aug/2022:05:58:34 -0500] "GET /BLA/boletinlegal/ HTTP/1.1" 200 63198
201.245.192.253 - - [08/Aug/2022:06:00:19 -0500] "POST /kwsrmcab/Wsrmcab  HTTP/1.1" 200 44251
172.22.2.4 - - [08/Aug/2022:06:01:08 -0500] "GET /BLA/boletinlegal/actos.php HTTP/1.1" 200 9559
172.22.2.4 - - [08/Aug/2022:06:01:09 -0500] "GET /BLA/boletinlegal/favicon.ico HTTP/1.1" 404 1326
172.22.2.4 - - [08/Aug/2022:06:01:19 -0500] "GET /BLA/boletinlegal/consulta_actos.php?tipo=autos&no=2166&usuario=&sector=&fecha=2016&resuelve= HTTP/1.1" 200 1072
207.46.13.14 - - [08/Aug/2022:06:02:24 -0500] "GET /portaldeninos/ HTTP/1.1" 200 110281
207.46.13.14 - - [08/Aug/2022:06:02:34 -0500] "GET /portaldeninos/ HTTP/1.1" 200 110281
172.22.2.4 - - [08/Aug/2022:06:01:06 -0500] "GET /BLA/boletinlegal/ HTTP/1.1" 200 51174
172.22.2.4 - - [08/Aug/2022:06:01:16 -0500] "HEAD /BLA/boletinlegal/ HTTP/1.1" 200 -
172.22.2.4 - - [08/Aug/2022:06:02:07 -0500] "GET /BLA/boletinlegal/ HTTP/1.1" 200 53631
216.245.221.92 - - [08/Aug/2022:06:04:39 -0500] "HEAD / HTTP/1.1" 200 -
201.245.192.253 - - [08/Aug/2022:06:05:18 -0500] "POST /kwsrmcab/Wsrmcab  HTTP/1.1" 200 44251
172.22.2.4 - - [08/Aug/2022:06:05:29 -0500] "GET /BLA/boletinlegal/style.css HTTP/1.1" 200 9406
172.22.2.4 - - [08/Aug/2022:06:05:30 -0500] "GET /BLA/boletinlegal/styles2.css HTTP/1.1" 200 1838
172.22.2.4 - - [08/Aug/2022:06:05:30 -0500] "GET /BLA/boletinlegal/js/jquery.js HTTP/1.1" 200 57254
172.22.2.4 - - [08/Aug/2022:06:05:30 -0500] "GET /BLA/boletinlegal/js/jquery.scrollTo-min.js HTTP/1.1" 200 1150
172.22.2.4 - - [08/Aug/2022:06:05:30 -0500] "GET /BLA/boletinlegal/js/jquery.scrollShow.js HTTP/1.1" 200 4586
172.22.2.4 - - [08/Aug/2022:06:05:30 -0500] "GET /BLA/boletinlegal/images/cabezote%20BLEGAL.jpg HTTP/1.1" 200 118164
172.22.2.4 - - [08/Aug/2022:06:05:30 -0500] "GET /BLA/boletinlegal/images/subscribe-icon-big.png HTTP/1.1" 200 47702
172.22.2.4 - - [08/Aug/2022:06:05:30 -0500] "GET /BLA/boletinlegal/images/historia.png HTTP/1.1" 200 52775
172.22.2.4 - - [08/Aug/2022:06:05:31 -0500] "GET /BLA/boletinlegal/images/registro-usuarios.png HTTP/1.1" 200 8106
172.22.2.4 - - [08/Aug/2022:06:05:31 -0500] "GET /BLA/boletinlegal/images/arr_l.jpg HTTP/1.1" 200 1979
172.22.2.4 - - [08/Aug/2022:06:05:31 -0500] "GET /BLA/boletinlegal/images/screen_1.png HTTP/1.1" 200 202547
172.22.2.4 - - [08/Aug/2022:06:05:31 -0500] "GET /BLA/boletinlegal/images/launch.jpg HTTP/1.1" 200 14577
172.22.2.4 - - [08/Aug/2022:06:05:31 -0500] "GET /BLA/boletinlegal/images/body_bg.jpg HTTP/1.1" 200 1601
172.22.2.4 - - [08/Aug/2022:06:05:31 -0500] "GET /BLA/boletinlegal/images/menu_lft.gif HTTP/1.1" 200 1713
172.22.2.4 - - [08/Aug/2022:06:05:32 -0500] "GET /BLA/boletinlegal/images/menu_rght.gif HTTP/1.1" 200 1627
172.22.2.4 - - [08/Aug/2022:06:05:32 -0500] "GET /BLA/boletinlegal/images/bg_top.jpg HTTP/1.1" 200 522
172.22.2.4 - - [08/Aug/2022:06:05:32 -0500] "GET /BLA/boletinlegal/images/menu_bg.jpg HTTP/1.1" 200 620
172.22.2.4 - - [08/Aug/2022:06:05:32 -0500] "GET /BLA/boletinlegal/images/text.jpg HTTP/1.1" 200 568
172.22.2.4 - - [08/Aug/2022:06:05:32 -0500] "GET /BLA/boletinlegal/images/hover.jpg HTTP/1.1" 200 640
172.22.2.4 - - [08/Aug/2022:06:05:36 -0500] "GET /BLA/boletinlegal/images/screen_3.png HTTP/1.1" 200 210620
172.22.2.4 - - [08/Aug/2022:06:05:36 -0500] "GET /BLA/boletinlegal/images/screen_5.png HTTP/1.1" 200 368876
172.22.2.4 - - [08/Aug/2022:06:05:36 -0500] "GET /BLA/boletinlegal/images/screen_2.png HTTP/1.1" 200 362502
172.22.2.4 - - [08/Aug/2022:06:05:37 -0500] "GET /BLA/boletinlegal/images/arr_r.jpg HTTP/1.1" 200 1998
172.22.2.4 - - [08/Aug/2022:06:05:37 -0500] "GET /BLA/boletinlegal/images/footer_bg.jpg HTTP/1.1" 200 586
172.22.2.4 - - [08/Aug/2022:06:05:44 -0500] "GET /BLA/boletinlegal/images/pdf.gif HTTP/1.1" 200 567
185.7.214.104 - - [08/Aug/2022:06:06:34 -0500] "GET / HTTP/1.1" 200 319
172.22.2.4 - - [08/Aug/2022:06:05:29 -0500] "GET /BLA/boletinlegal/ HTTP/1.1" 200 63198
172.22.2.4 - - [08/Aug/2022:06:07:09 -0500] "GET /BLA/boletinlegal/favicon.ico HTTP/1.1" 404 1308
172.22.2.4 - - [08/Aug/2022:06:07:15 -0500] "GET /BLA/boletinlegal/images/background.gif HTTP/1.1" 200 -
172.22.2.4 - - [08/Aug/2022:06:07:27 -0500] "GET /BLA/boletinlegal/ HTTP/1.1" 200 24523
157.55.39.145 - - [08/Aug/2022:06:08:44 -0500] "GET /portaldeninos/humedal-torca-y-guaymaral-2/ HTTP/1.1" 200 88086
172.22.2.4 - - [08/Aug/2022:06:07:07 -0500] "HEAD /BLA/boletinlegal/ HTTP/1.1" 200 -
157.55.39.145 - - [08/Aug/2022:06:09:04 -0500] "GET /portaldeninos/wp-content/themes/betheme/js/menu.js?ver=20.9.6 HTTP/1.1" 200 2449
207.46.13.14 - - [08/Aug/2022:06:09:04 -0500] "GET /portaldeninos/wp-content/themes/betheme/assets/jplayer/jplayer.min.js?ver=20.9.6 HTTP/1.1" 200 52702
207.46.13.148 - - [08/Aug/2022:06:09:05 -0500] "GET /portaldeninos/wp-content/plugins/gallery-videos/CSS/Total-Soft-Gallery-Video-Widget.css?ver=4.9.8 HTTP/1.1" 200 51554
157.55.39.145 - - [08/Aug/2022:06:09:06 -0500] "GET /portaldeninos/wp-includes/js/jquery/ui/mouse.min.js?ver=1.11.4 HTTP/1.1" 200 3148
207.46.13.148 - - [08/Aug/2022:06:09:07 -0500] "GET /portaldeninos/wp-content/plugins/gallery-videos/JS/modernizr.custom.js?ver=4.9.8 HTTP/1.1" 200 9019
207.46.13.164 - - [08/Aug/2022:06:09:07 -0500] "GET /portaldeninos/wp-content/plugins/gallery-videos/CSS/totalsoft.css?ver=4.9.8 HTTP/1.1" 200 40622
207.46.13.14 - - [08/Aug/2022:06:09:07 -0500] "GET /portaldeninos/wp-content/themes/betheme/js/plugins.js?ver=20.9.6 HTTP/1.1" 200 197151
157.55.39.145 - - [08/Aug/2022:06:09:10 -0500] "GET /portaldeninos/wp-includes/js/jquery/ui/tabs.min.js?ver=1.11.4 HTTP/1.1" 200 12110
207.46.13.164 - - [08/Aug/2022:06:09:10 -0500] "GET /portaldeninos/wp-content/themes/betheme/assets/ui/jquery.ui.all.css?ver=20.9.6 HTTP/1.1" 200 18765
207.46.13.14 - - [08/Aug/2022:06:09:09 -0500] "GET /portaldeninos/wp-includes/js/jquery/ui/sortable.min.js?ver=1.11.4 HTTP/1.1" 200 24899
207.46.13.148 - - [08/Aug/2022:06:09:10 -0500] "GET /portaldeninos/wp-content/themes/betheme/assets/jplayer/css/jplayer.blue.monday.css?ver=20.9.6 HTTP/1.1" 200 9834
157.55.39.145 - - [08/Aug/2022:06:09:13 -0500] "GET /portaldeninos/wp-includes/js/jquery/ui/widget.min.js?ver=1.11.4 HTTP/1.1" 200 6908
207.46.13.164 - - [08/Aug/2022:06:09:13 -0500] "GET /portaldeninos/wp-content/themes/betheme/css/layout.css?ver=20.9.6 HTTP/1.1" 200 116639
207.46.13.148 - - [08/Aug/2022:06:09:13 -0500] "GET /portaldeninos/wp-content/themes/betheme/css/base.css?ver=20.9.6 HTTP/1.1" 200 57283
207.46.13.14 - - [08/Aug/2022:06:09:13 -0500] "GET /portaldeninos/wp-includes/js/wp-emoji-release.min.js?ver=4.9.8 HTTP/1.1" 200 12026
157.55.39.108 - - [08/Aug/2022:06:09:15 -0500] "GET /portaldeninos/wp-content/themes/betheme/assets/animations/animations.min.js?ver=20.9.6 HTTP/1.1" 200 1896
207.46.13.164 - - [08/Aug/2022:06:09:16 -0500] "GET /portaldeninos/wp-content/themes/betheme/js/scripts.js?ver=20.9.6 HTTP/1.1" 200 77162
207.46.13.148 - - [08/Aug/2022:06:09:16 -0500] "GET /portaldeninos/wp-content/themes/betheme/css/responsive.css?ver=20.9.6 HTTP/1.1" 200 55740
157.55.39.108 - - [08/Aug/2022:06:09:18 -0500] "GET /portaldeninos/wp-content/themes/betheme/css/shortcodes.css?ver=20.9.6 HTTP/1.1" 200 138889
207.46.13.164 - - [08/Aug/2022:06:09:19 -0500] "GET /portaldeninos/wp-content/uploads/useanyfont/uaf.css?ver=1589905315 HTTP/1.1" 200 408
207.46.13.148 - - [08/Aug/2022:06:09:19 -0500] "GET /portaldeninos/wp-includes/js/jquery/jquery-migrate.min.js?ver=1.4.1 HTTP/1.1" 200 10056
157.55.39.50 - - [08/Aug/2022:06:09:20 -0500] "GET /portaldeninos/wp-content/plugins/gallery-videos/JS/Total-Soft-Gallery-Video-Widget.js?ver=4.9.8 HTTP/1.1" 200 80264
157.55.39.108 - - [08/Aug/2022:06:09:21 -0500] "GET /portaldeninos/wp-content/themes/betheme/style.css?ver=20.9.6 HTTP/1.1" 200 287
207.46.13.164 - - [08/Aug/2022:06:09:22 -0500] "GET /portaldeninos/wp-includes/js/jquery/jquery.js?ver=1.12.4 HTTP/1.1" 200 97184
157.55.39.50 - - [08/Aug/2022:06:09:23 -0500] "GET /portaldeninos/wp-content/themes/betheme/assets/animations/animations.min.css?ver=20.9.6 HTTP/1.1" 200 58508
157.55.39.108 - - [08/Aug/2022:06:09:24 -0500] "GET /portaldeninos/wp-includes/js/jquery/ui/core.min.js?ver=1.11.4 HTTP/1.1" 200 4000
157.55.39.50 - - [08/Aug/2022:06:09:26 -0500] "GET /portaldeninos/wp-includes/js/jquery/ui/accordion.min.js?ver=1.11.4 HTTP/1.1" 200 8584
157.55.39.50 - - [08/Aug/2022:06:09:29 -0500] "GET /portaldeninos/wp-includes/js/wp-embed.min.js?ver=4.9.8 HTTP/1.1" 200 1398
172.22.2.4 - - [08/Aug/2022:06:07:57 -0500] "GET /BLA/boletinlegal/ HTTP/1.1" 200 54347
216.245.221.92 - - [08/Aug/2022:06:09:39 -0500] "HEAD / HTTP/1.1" 200 -
201.245.192.253 - - [08/Aug/2022:06:10:16 -0500] "POST /kwsrmcab/Wsrmcab  HTTP/1.1" 200 44251
172.22.2.4 - - [08/Aug/2022:06:12:56 -0500] "HEAD /BLA/boletinlegal/ HTTP/1.1" 200 -
216.245.221.92 - - [08/Aug/2022:06:14:39 -0500] "HEAD / HTTP/1.1" 200 -
201.245.192.253 - - [08/Aug/2022:06:15:15 -0500] "POST /kwsrmcab/Wsrmcab  HTTP/1.1" 200 44251
172.22.2.4 - - [08/Aug/2022:06:13:47 -0500] "GET /BLA/boletinlegal/ HTTP/1.1" 200 58566
172.22.2.4 - - [08/Aug/2022:06:15:57 -0500] "GET /BLA/boletinlegal/normativa.php HTTP/1.1" 200 8326
172.22.2.4 - - [08/Aug/2022:06:15:57 -0500] "GET /BLA/boletinlegal/styles2.css HTTP/1.1" 200 1838
172.22.2.4 - - [08/Aug/2022:06:15:58 -0500] "GET /BLA/boletinlegal/niceforms-default.css HTTP/1.1" 200 6694
172.22.2.4 - - [08/Aug/2022:06:15:58 -0500] "GET /BLA/boletinlegal/niceforms.js HTTP/1.1" 200 22876
172.22.2.4 - - [08/Aug/2022:06:15:58 -0500] "GET /BLA/boletinlegal/style.css HTTP/1.1" 200 9406
172.22.2.4 - - [08/Aug/2022:06:15:58 -0500] "GET /BLA/boletinlegal/js/ajax_normativa.js HTTP/1.1" 200 1154
172.22.2.4 - - [08/Aug/2022:06:15:58 -0500] "GET /BLA/boletinlegal/images/cabezote%20BLEGAL.jpg HTTP/1.1" 200 118164
172.22.2.4 - - [08/Aug/2022:06:15:58 -0500] "GET /BLA/boletinlegal/images/subscribe-icon-big.png HTTP/1.1" 200 47702
172.22.2.4 - - [08/Aug/2022:06:15:58 -0500] "GET /BLA/boletinlegal/images/historia.png HTTP/1.1" 200 52775
172.22.2.4 - - [08/Aug/2022:06:15:59 -0500] "GET /BLA/boletinlegal/images/bg_top.jpg HTTP/1.1" 200 522
172.22.2.4 - - [08/Aug/2022:06:15:59 -0500] "GET /BLA/boletinlegal/images/body_bg.jpg HTTP/1.1" 200 1601
172.22.2.4 - - [08/Aug/2022:06:15:59 -0500] "GET /BLA/boletinlegal/images/footer_bg.jpg HTTP/1.1" 200 586
172.22.2.4 - - [08/Aug/2022:06:15:59 -0500] "GET /BLA/boletinlegal/images/menu_rght.gif HTTP/1.1" 200 1627
172.22.2.4 - - [08/Aug/2022:06:15:59 -0500] "GET /BLA/boletinlegal/images/text.jpg HTTP/1.1" 200 568
172.22.2.4 - - [08/Aug/2022:06:15:59 -0500] "GET /BLA/boletinlegal/images/hover.jpg HTTP/1.1" 200 640
172.22.2.4 - - [08/Aug/2022:06:15:59 -0500] "GET /BLA/boletinlegal/images/menu_lft.gif HTTP/1.1" 200 1713
172.22.2.4 - - [08/Aug/2022:06:15:59 -0500] "GET /BLA/boletinlegal/images/registro-usuarios.png HTTP/1.1" 200 8106
172.22.2.4 - - [08/Aug/2022:06:15:59 -0500] "GET /BLA/boletinlegal/images/abajo.png HTTP/1.1" 200 96676
172.22.2.4 - - [08/Aug/2022:06:15:59 -0500] "GET /BLA/boletinlegal/images/tel.png HTTP/1.1" 200 14477
172.22.2.4 - - [08/Aug/2022:06:15:59 -0500] "GET /BLA/boletinlegal/images/menu_bg.jpg HTTP/1.1" 200 620
172.22.2.4 - - [08/Aug/2022:06:15:59 -0500] "GET /BLA/boletinlegal/images/icono-email.png HTTP/1.1" 200 5544
172.22.2.4 - - [08/Aug/2022:06:15:59 -0500] "GET /BLA/boletinlegal/images/footer_bg_l.jpg HTTP/1.1" 200 776
172.22.2.4 - - [08/Aug/2022:06:15:59 -0500] "GET /BLA/boletinlegal/img/0.png HTTP/1.1" 200 110
172.22.2.4 - - [08/Aug/2022:06:15:59 -0500] "GET /BLA/boletinlegal/img/select-left.png HTTP/1.1" 200 263
172.22.2.4 - - [08/Aug/2022:06:15:59 -0500] "GET /BLA/boletinlegal/img/select-right.png HTTP/1.1" 200 44019
172.22.2.4 - - [08/Aug/2022:06:16:00 -0500] "GET /BLA/boletinlegal/img/button-left.png HTTP/1.1" 200 57071
172.22.2.4 - - [08/Aug/2022:06:16:00 -0500] "GET /BLA/boletinlegal/favicon.ico HTTP/1.1" 404 1334
172.22.2.4 - - [08/Aug/2022:06:16:00 -0500] "GET /BLA/boletinlegal/img/button.png HTTP/1.1" 200 43241
172.22.2.4 - - [08/Aug/2022:06:16:00 -0500] "GET /BLA/boletinlegal/img/button-right.png HTTP/1.1" 200 57878
172.22.2.4 - - [08/Aug/2022:06:16:11 -0500] "GET /BLA/boletinlegal/conceptos.php HTTP/1.1" 200 7443
172.22.2.4 - - [08/Aug/2022:06:16:12 -0500] "GET /BLA/boletinlegal/js/ajax_conceptos.js HTTP/1.1" 200 1326
157.55.39.84 - - [08/Aug/2022:06:16:23 -0500] "GET /forest/ HTTP/1.1" 200 12041
172.22.2.4 - - [08/Aug/2022:06:16:29 -0500] "GET /BLA/boletinlegal/actos.php HTTP/1.1" 200 9559
172.22.2.4 - - [08/Aug/2022:06:16:29 -0500] "GET /BLA/boletinlegal/js/ajax_actos.js HTTP/1.1" 200 1322
172.22.2.4 - - [08/Aug/2022:06:16:30 -0500] "GET /BLA/boletinlegal/js/lib.js HTTP/1.1" 200 6474
172.22.2.4 - - [08/Aug/2022:06:16:30 -0500] "GET /BLA/boletinlegal/js/popup.js HTTP/1.1" 200 1270
172.22.2.4 - - [08/Aug/2022:06:16:30 -0500] "GET /BLA/boletinlegal/images/green-yellow-blue-pink-th.png HTTP/1.1" 200 7394
172.22.2.4 - - [08/Aug/2022:06:16:31 -0500] "GET /BLA/boletinlegal/js/jquery1.js HTTP/1.1" 200 29846
34.91.222.15 - - [08/Aug/2022:06:18:12 -0500] "GET / HTTP/1.1" 200 319
216.245.221.92 - - [08/Aug/2022:06:19:39 -0500] "HEAD / HTTP/1.1" 200 -
201.245.192.253 - - [08/Aug/2022:06:19:56 -0500] "POST /kwsrmcab/Wsrmcab HTTP/1.1" 200 47676
201.245.192.253 - - [08/Aug/2022:06:20:00 -0500] "POST /kwsrmcab/Wsrmcab HTTP/1.1" 200 47224
185.119.81.102 - - [08/Aug/2022:06:20:09 -0500] "GET /portaldeninos/wp-login.php HTTP/1.1" 200 2592
185.119.81.102 - - [08/Aug/2022:06:20:10 -0500] "POST /portaldeninos/wp-login.php HTTP/1.1" 200 3605
201.245.192.253 - - [08/Aug/2022:06:20:13 -0500] "POST /kwsrmcab/Wsrmcab  HTTP/1.1" 200 44251
172.22.2.4 - - [08/Aug/2022:06:18:46 -0500] "HEAD /BLA/boletinlegal/ HTTP/1.1" 200 -
172.22.2.4 - - [08/Aug/2022:06:19:37 -0500] "GET /BLA/boletinlegal/ HTTP/1.1" 200 58154
216.245.221.92 - - [08/Aug/2022:06:24:39 -0500] "HEAD / HTTP/1.1" 200 -
52.7.154.214 - - [08/Aug/2022:06:24:45 -0500] "GET /appsia/images/logo_bogota_p.png HTTP/1.1" 200 14951
52.7.154.214 - - [08/Aug/2022:06:24:45 -0500] "GET /appsia/images/cabezoteHojaVida.png HTTP/1.1" 200 32493
40.77.188.247 - - [08/Aug/2022:06:24:59 -0500] "GET /portaldeninos/wp-content/themes/betheme/fonts/mfn-icons.woff?93978679 HTTP/1.1" 200 80932
201.245.192.253 - - [08/Aug/2022:06:25:12 -0500] "POST /kwsrmcab/Wsrmcab  HTTP/1.1" 200 44251
172.22.2.4 - - [08/Aug/2022:06:24:36 -0500] "HEAD /BLA/boletinlegal/ HTTP/1.1" 200 -
172.22.2.4 - - [08/Aug/2022:06:25:27 -0500] "GET /BLA/boletinlegal/ HTTP/1.1" 200 60272
172.22.2.4 - - [08/Aug/2022:06:29:00 -0500] "GET /BLA/boletinlegal/ HTTP/1.1" 200 20427
216.245.221.92 - - [08/Aug/2022:06:29:39 -0500] "HEAD / HTTP/1.1" 200 -
201.245.192.253 - - [08/Aug/2022:06:29:56 -0500] "POST /kwsrmcab/Wsrmcab HTTP/1.1" 200 47676
201.245.192.253 - - [08/Aug/2022:06:30:00 -0500] "POST /kwsrmcab/Wsrmcab HTTP/1.1" 200 47224
201.245.192.253 - - [08/Aug/2022:06:30:12 -0500] "POST /kwsrmcab/Wsrmcab  HTTP/1.1" 200 44251
190.27.57.211 - - [08/Aug/2022:06:31:01 -0500] "GET /BLA/resoluciones/index.php?dir=RESOLUCIONES+2016%2F HTTP/1.1" 200 170796
40.77.167.65 - - [08/Aug/2022:06:31:17 -0500] "GET /BLA/resoluciones/AUTOS%202021/2545.pdf HTTP/1.1" 200 524402
172.22.2.4 - - [08/Aug/2022:06:30:26 -0500] "HEAD /BLA/boletinlegal/ HTTP/1.1" 200 -
172.22.2.4 - - [08/Aug/2022:06:31:17 -0500] "GET /BLA/boletinlegal/ HTTP/1.1" 200 54814
66.249.73.97 - - [08/Aug/2022:06:33:05 -0500] "-" 408 -
216.245.221.92 - - [08/Aug/2022:06:34:39 -0500] "HEAD / HTTP/1.1" 200 -
201.245.192.253 - - [08/Aug/2022:06:35:10 -0500] "POST /kwsrmcab/Wsrmcab  HTTP/1.1" 200 44251
191.156.190.243 - - [08/Aug/2022:06:37:16 -0500] "GET /galeria/galeria/jquery.fancybox.js?v=2.1.5 HTTP/1.1" 200 48706
191.156.184.41 - - [08/Aug/2022:06:37:16 -0500] "GET /galeria/galeria/jquery.fancybox.css?v=2.1.5 HTTP/1.1" 200 4895
191.156.179.155 - - [08/Aug/2022:06:37:16 -0500] "GET /BLA/boletinlegal/js/jquery.scrollShow.js HTTP/1.1" 200 4586
172.22.2.4 - - [08/Aug/2022:06:36:16 -0500] "HEAD /BLA/boletinlegal/ HTTP/1.1" 200 -
172.22.2.4 - - [08/Aug/2022:06:37:07 -0500] "GET /BLA/boletinlegal/ HTTP/1.1" 200 57716
216.245.221.92 - - [08/Aug/2022:06:39:39 -0500] "HEAD / HTTP/1.1" 200 -
201.245.192.253 - - [08/Aug/2022:06:39:56 -0500] "POST /kwsrmcab/Wsrmcab HTTP/1.1" 200 47676
201.245.192.253 - - [08/Aug/2022:06:39:59 -0500] "POST /kwsrmcab/Wsrmcab HTTP/1.1" 200 47224
201.245.192.253 - - [08/Aug/2022:06:40:09 -0500] "POST /kwsrmcab/Wsrmcab  HTTP/1.1" 200 44251
66.249.73.127 - - [08/Aug/2022:06:40:27 -0500] "-" 408 -
191.95.134.35 - - [08/Aug/2022:06:41:56 -0500] "GET /con-camaras-trampa-y-otras-metodologias-secretaria-de-ambiente-evalua-la-fauna-y-flora-de-bogota.html HTTP/1.1" 200 1096
207.46.13.20 - - [08/Aug/2022:06:42:56 -0500] "GET / HTTP/1.1" 200 319
172.22.2.4 - - [08/Aug/2022:06:42:06 -0500] "HEAD /BLA/boletinlegal/ HTTP/1.1" 200 -
172.22.2.4 - - [08/Aug/2022:06:42:57 -0500] "GET /BLA/boletinlegal/ HTTP/1.1" 200 58154
216.245.221.92 - - [08/Aug/2022:06:44:39 -0500] "HEAD / HTTP/1.1" 200 -
201.245.192.253 - - [08/Aug/2022:06:45:09 -0500] "POST /kwsrmcab/Wsrmcab  HTTP/1.1" 200 44251
172.22.2.4 - - [08/Aug/2022:06:47:13 -0500] "GET /BLA/boletinlegal/conceptos.php HTTP/1.1" 200 7443
172.22.2.4 - - [08/Aug/2022:06:47:13 -0500] "GET /BLA/boletinlegal/styles2.css HTTP/1.1" 200 1838
172.22.2.4 - - [08/Aug/2022:06:47:13 -0500] "GET /BLA/boletinlegal/js/ajax_conceptos.js HTTP/1.1" 200 1326
172.22.2.4 - - [08/Aug/2022:06:47:13 -0500] "GET /BLA/boletinlegal/niceforms-default.css HTTP/1.1" 200 6694
172.22.2.4 - - [08/Aug/2022:06:47:13 -0500] "GET /BLA/boletinlegal/style.css HTTP/1.1" 200 9406
172.22.2.4 - - [08/Aug/2022:06:47:13 -0500] "GET /BLA/boletinlegal/niceforms.js HTTP/1.1" 200 22876
172.22.2.4 - - [08/Aug/2022:06:47:13 -0500] "GET /BLA/boletinlegal/images/cabezote%20BLEGAL.jpg HTTP/1.1" 200 118164
172.22.2.4 - - [08/Aug/2022:06:47:13 -0500] "GET /BLA/boletinlegal/images/subscribe-icon-big.png HTTP/1.1" 200 47702
172.22.2.4 - - [08/Aug/2022:06:47:13 -0500] "GET /BLA/boletinlegal/images/historia.png HTTP/1.1" 200 52775
172.22.2.4 - - [08/Aug/2022:06:47:14 -0500] "GET /BLA/boletinlegal/images/registro-usuarios.png HTTP/1.1" 200 8106
172.22.2.4 - - [08/Aug/2022:06:47:14 -0500] "GET /BLA/boletinlegal/images/abajo.png HTTP/1.1" 200 96676
172.22.2.4 - - [08/Aug/2022:06:47:14 -0500] "GET /BLA/boletinlegal/images/tel.png HTTP/1.1" 200 14477
173.252.107.21 - - [08/Aug/2022:06:47:14 -0500] "GET /en-semana-santa-no-uses-palmas-ni-traigas-o-consumas-animales-silvestres.html HTTP/1.1" 206 959
172.22.2.4 - - [08/Aug/2022:06:47:14 -0500] "GET /BLA/boletinlegal/images/icono-email.png HTTP/1.1" 200 5544
172.22.2.4 - - [08/Aug/2022:06:47:14 -0500] "GET /BLA/boletinlegal/images/body_bg.jpg HTTP/1.1" 200 1601
172.22.2.4 - - [08/Aug/2022:06:47:14 -0500] "GET /BLA/boletinlegal/images/footer_bg.jpg HTTP/1.1" 200 586
172.22.2.4 - - [08/Aug/2022:06:47:14 -0500] "GET /BLA/boletinlegal/images/menu_bg.jpg HTTP/1.1" 200 620
172.22.2.4 - - [08/Aug/2022:06:47:14 -0500] "GET /BLA/boletinlegal/images/hover.jpg HTTP/1.1" 200 640
172.22.2.4 - - [08/Aug/2022:06:47:14 -0500] "GET /BLA/boletinlegal/images/menu_rght.gif HTTP/1.1" 200 1627
172.22.2.4 - - [08/Aug/2022:06:47:14 -0500] "GET /BLA/boletinlegal/images/menu_lft.gif HTTP/1.1" 200 1713
172.22.2.4 - - [08/Aug/2022:06:47:14 -0500] "GET /BLA/boletinlegal/images/bg_top.jpg HTTP/1.1" 200 522
172.22.2.4 - - [08/Aug/2022:06:47:14 -0500] "GET /BLA/boletinlegal/images/text.jpg HTTP/1.1" 200 568
172.22.2.4 - - [08/Aug/2022:06:47:14 -0500] "GET /BLA/boletinlegal/images/footer_bg_l.jpg HTTP/1.1" 200 776
172.22.2.4 - - [08/Aug/2022:06:47:15 -0500] "GET /BLA/boletinlegal/img/0.png HTTP/1.1" 200 110
172.22.2.4 - - [08/Aug/2022:06:47:15 -0500] "GET /BLA/boletinlegal/img/select-left.png HTTP/1.1" 200 263
172.22.2.4 - - [08/Aug/2022:06:47:15 -0500] "GET /BLA/boletinlegal/img/select-right.png HTTP/1.1" 200 44019
172.22.2.4 - - [08/Aug/2022:06:47:15 -0500] "GET /BLA/boletinlegal/img/button-right.png HTTP/1.1" 200 57878
172.22.2.4 - - [08/Aug/2022:06:47:15 -0500] "GET /BLA/boletinlegal/img/button-left.png HTTP/1.1" 200 57071
172.22.2.4 - - [08/Aug/2022:06:47:15 -0500] "GET /BLA/boletinlegal/img/button.png HTTP/1.1" 200 43241
172.22.2.4 - - [08/Aug/2022:06:47:15 -0500] "GET /BLA/boletinlegal/favicon.ico HTTP/1.1" 404 1334
172.22.2.4 - - [08/Aug/2022:06:47:18 -0500] "GET /BLA/boletinlegal/consulta_conceptos.php?no=&solicitante=&radicado_entrada=&fecha_concepto=2022&objeto= HTTP/1.1" 200 16324
172.22.2.4 - - [08/Aug/2022:06:47:18 -0500] "GET /BLA/boletinlegal/images/pdf.gif HTTP/1.1" 200 567
172.22.2.4 - - [08/Aug/2022:06:47:18 -0500] "GET /BLA/boletinlegal/images/background.gif HTTP/1.1" 200 -
192.241.221.106 - - [08/Aug/2022:06:47:30 -0500] "GET /portal/redlion HTTP/1.1" 404 1018
157.55.39.98 - - [08/Aug/2022:06:47:37 -0500] "GET /sipse/faces/faces/autenticacion.xhtml HTTP/1.1" 200 12491
172.22.2.4 - - [08/Aug/2022:06:47:54 -0500] "GET /BLA/boletinlegal/js/jquery.js HTTP/1.1" 200 57254
172.22.2.4 - - [08/Aug/2022:06:47:55 -0500] "GET /BLA/boletinlegal/js/jquery.scrollTo-min.js HTTP/1.1" 200 1150
172.22.2.4 - - [08/Aug/2022:06:47:55 -0500] "GET /BLA/boletinlegal/js/jquery.scrollShow.js HTTP/1.1" 200 4586
172.22.2.4 - - [08/Aug/2022:06:47:55 -0500] "GET /BLA/boletinlegal/images/arr_l.jpg HTTP/1.1" 200 1979
172.22.2.4 - - [08/Aug/2022:06:47:55 -0500] "GET /BLA/boletinlegal/images/screen_1.png HTTP/1.1" 200 202547
172.22.2.4 - - [08/Aug/2022:06:47:55 -0500] "GET /BLA/boletinlegal/images/launch.jpg HTTP/1.1" 200 14577
172.22.2.4 - - [08/Aug/2022:06:48:02 -0500] "GET /BLA/boletinlegal/images/screen_2.png HTTP/1.1" 200 362502
172.22.2.4 - - [08/Aug/2022:06:48:02 -0500] "GET /BLA/boletinlegal/images/screen_3.png HTTP/1.1" 200 210620
172.22.2.4 - - [08/Aug/2022:06:48:02 -0500] "GET /BLA/boletinlegal/images/screen_5.png HTTP/1.1" 200 368876
172.22.2.4 - - [08/Aug/2022:06:48:02 -0500] "GET /BLA/boletinlegal/images/arr_r.jpg HTTP/1.1" 200 1998
172.22.2.4 - - [08/Aug/2022:06:48:18 -0500] "GET /BLA/boletinlegal/actos.php HTTP/1.1" 200 9559
172.22.2.4 - - [08/Aug/2022:06:48:18 -0500] "GET /BLA/boletinlegal/js/ajax_actos.js HTTP/1.1" 200 1322
172.22.2.4 - - [08/Aug/2022:06:48:18 -0500] "GET /BLA/boletinlegal/js/lib.js HTTP/1.1" 200 6474
172.22.2.4 - - [08/Aug/2022:06:48:19 -0500] "GET /BLA/boletinlegal/js/popup.js HTTP/1.1" 200 1270
172.22.2.4 - - [08/Aug/2022:06:48:19 -0500] "GET /BLA/boletinlegal/js/jquery1.js HTTP/1.1" 200 29846
172.22.2.4 - - [08/Aug/2022:06:48:19 -0500] "GET /BLA/boletinlegal/images/green-yellow-blue-pink-th.png HTTP/1.1" 200 7394
172.22.2.4 - - [08/Aug/2022:06:48:25 -0500] "GET /BLA/boletinlegal/consulta_actos.php?tipo=resoluciones&no=&usuario=&sector=&fecha=2022&resuelve= HTTP/1.1" 200 334263
207.46.13.14 - - [08/Aug/2022:06:48:39 -0500] "GET /portaldeninos/ HTTP/1.1" 200 110281
172.22.2.4 - - [08/Aug/2022:06:47:54 -0500] "GET /BLA/boletinlegal/index.php HTTP/1.1" 200 36811
190.39.84.191 - - [08/Aug/2022:06:49:15 -0500] "GET /BLA/resoluciones/RESOLUCIONES%202022/4267. HTTP/1.1" 404 1120
190.39.84.191 - - [08/Aug/2022:06:49:15 -0500] "GET /favicon.ico HTTP/1.1" 200 7782
172.22.2.4 - - [08/Aug/2022:06:49:18 -0500] "GET /BLA/boletinlegal/actos.php HTTP/1.1" 200 9559
172.22.2.4 - - [08/Aug/2022:06:49:23 -0500] "GET /BLA/boletinlegal/consulta_actos.php?tipo=resoluciones&no=&usuario=&sector=&fecha=2022&resuelve= HTTP/1.1" 200 334263
190.39.84.191 - - [08/Aug/2022:06:49:25 -0500] "GET /BLA/resoluciones/RESOLUCIONES%202022/4267. HTTP/1.1" 404 1120
192.241.213.25 - - [08/Aug/2022:06:49:27 -0500] "GET /actuator/health HTTP/1.1" 404 1018
172.22.2.4 - - [08/Aug/2022:06:47:56 -0500] "HEAD /BLA/boletinlegal/ HTTP/1.1" 200 -
216.245.221.92 - - [08/Aug/2022:06:49:39 -0500] "HEAD / HTTP/1.1" 200 -
201.245.192.253 - - [08/Aug/2022:06:50:08 -0500] "POST /kwsrmcab/Wsrmcab  HTTP/1.1" 200 44251
172.22.2.4 - - [08/Aug/2022:06:48:47 -0500] "GET /BLA/boletinlegal/ HTTP/1.1" 200 59819
157.55.39.98 - - [08/Aug/2022:06:50:46 -0500] "GET /sipse/faces/faces/autenticacion.xhtml HTTP/1.1" 200 12491
172.22.2.4 - - [08/Aug/2022:06:51:02 -0500] "GET /BLA/boletinlegal/normativa.php HTTP/1.1" 200 8326
172.22.2.4 - - [08/Aug/2022:06:51:02 -0500] "GET /BLA/boletinlegal/js/ajax_normativa.js HTTP/1.1" 200 1154
172.22.2.4 - - [08/Aug/2022:06:51:02 -0500] "GET /BLA/boletinlegal/styles2.css HTTP/1.1" 200 1838
172.22.2.4 - - [08/Aug/2022:06:51:02 -0500] "GET /BLA/boletinlegal/niceforms.js HTTP/1.1" 200 22876
172.22.2.4 - - [08/Aug/2022:06:51:02 -0500] "GET /BLA/boletinlegal/niceforms-default.css HTTP/1.1" 200 6694
172.22.2.4 - - [08/Aug/2022:06:51:02 -0500] "GET /BLA/boletinlegal/style.css HTTP/1.1" 200 9406
172.22.2.4 - - [08/Aug/2022:06:51:03 -0500] "GET /BLA/boletinlegal/images/historia.png HTTP/1.1" 200 52775
172.22.2.4 - - [08/Aug/2022:06:51:03 -0500] "GET /BLA/boletinlegal/images/cabezote%20BLEGAL.jpg HTTP/1.1" 200 118164
172.22.2.4 - - [08/Aug/2022:06:51:03 -0500] "GET /BLA/boletinlegal/images/subscribe-icon-big.png HTTP/1.1" 200 47702
172.22.2.4 - - [08/Aug/2022:06:51:03 -0500] "GET /BLA/boletinlegal/images/abajo.png HTTP/1.1" 200 96676
172.22.2.4 - - [08/Aug/2022:06:51:03 -0500] "GET /BLA/boletinlegal/images/registro-usuarios.png HTTP/1.1" 200 8106
172.22.2.4 - - [08/Aug/2022:06:51:03 -0500] "GET /BLA/boletinlegal/images/bg_top.jpg HTTP/1.1" 200 522
172.22.2.4 - - [08/Aug/2022:06:51:03 -0500] "GET /BLA/boletinlegal/images/body_bg.jpg HTTP/1.1" 200 1601
172.22.2.4 - - [08/Aug/2022:06:51:03 -0500] "GET /BLA/boletinlegal/images/menu_rght.gif HTTP/1.1" 200 1627
172.22.2.4 - - [08/Aug/2022:06:51:03 -0500] "GET /BLA/boletinlegal/images/menu_lft.gif HTTP/1.1" 200 1713
172.22.2.4 - - [08/Aug/2022:06:51:03 -0500] "GET /BLA/boletinlegal/images/footer_bg.jpg HTTP/1.1" 200 586
172.22.2.4 - - [08/Aug/2022:06:51:03 -0500] "GET /BLA/boletinlegal/images/menu_bg.jpg HTTP/1.1" 200 620
172.22.2.4 - - [08/Aug/2022:06:51:03 -0500] "GET /BLA/boletinlegal/images/text.jpg HTTP/1.1" 200 568
172.22.2.4 - - [08/Aug/2022:06:51:03 -0500] "GET /BLA/boletinlegal/images/hover.jpg HTTP/1.1" 200 640
172.22.2.4 - - [08/Aug/2022:06:51:03 -0500] "GET /BLA/boletinlegal/images/footer_bg_l.jpg HTTP/1.1" 200 776
172.22.2.4 - - [08/Aug/2022:06:51:04 -0500] "GET /BLA/boletinlegal/images/tel.png HTTP/1.1" 200 14477
172.22.2.4 - - [08/Aug/2022:06:51:04 -0500] "GET /BLA/boletinlegal/images/icono-email.png HTTP/1.1" 200 5544
172.22.2.4 - - [08/Aug/2022:06:51:04 -0500] "GET /BLA/boletinlegal/img/select-right.png HTTP/1.1" 200 44019
172.22.2.4 - - [08/Aug/2022:06:51:04 -0500] "GET /BLA/boletinlegal/img/button-left.png HTTP/1.1" 200 57071
172.22.2.4 - - [08/Aug/2022:06:51:04 -0500] "GET /BLA/boletinlegal/img/0.png HTTP/1.1" 200 110
172.22.2.4 - - [08/Aug/2022:06:51:04 -0500] "GET /BLA/boletinlegal/img/select-left.png HTTP/1.1" 200 263
172.22.2.4 - - [08/Aug/2022:06:51:04 -0500] "GET /BLA/boletinlegal/img/button.png HTTP/1.1" 200 43241
172.22.2.4 - - [08/Aug/2022:06:51:04 -0500] "GET /BLA/boletinlegal/img/button-right.png HTTP/1.1" 200 57878
172.22.2.4 - - [08/Aug/2022:06:51:04 -0500] "GET /BLA/boletinlegal/favicon.ico HTTP/1.1" 404 1334
172.22.2.4 - - [08/Aug/2022:06:51:14 -0500] "GET /BLA/boletinlegal/actos.php HTTP/1.1" 200 9559
172.22.2.4 - - [08/Aug/2022:06:51:14 -0500] "GET /BLA/boletinlegal/js/lib.js HTTP/1.1" 200 6474
172.22.2.4 - - [08/Aug/2022:06:51:14 -0500] "GET /BLA/boletinlegal/js/ajax_actos.js HTTP/1.1" 200 1322
172.22.2.4 - - [08/Aug/2022:06:51:14 -0500] "GET /BLA/boletinlegal/js/popup.js HTTP/1.1" 200 1270
172.22.2.4 - - [08/Aug/2022:06:51:14 -0500] "GET /BLA/boletinlegal/images/green-yellow-blue-pink-th.png HTTP/1.1" 200 7394
172.22.2.4 - - [08/Aug/2022:06:51:14 -0500] "GET /BLA/boletinlegal/js/jquery1.js HTTP/1.1" 200 29846
199.231.185.251 - - [08/Aug/2022:06:51:46 -0500] "GET / HTTP/1.1" 200 319
172.22.2.4 - - [08/Aug/2022:06:54:08 -0500] "GET /BLA/boletinlegal/ HTTP/1.1" 200 20427
216.245.221.92 - - [08/Aug/2022:06:54:39 -0500] "HEAD / HTTP/1.1" 200 -
201.245.192.253 - - [08/Aug/2022:06:55:06 -0500] "POST /kwsrmcab/Wsrmcab  HTTP/1.1" 200 44251
172.22.2.4 - - [08/Aug/2022:06:53:46 -0500] "HEAD /BLA/boletinlegal/ HTTP/1.1" 200 -
172.22.2.4 - - [08/Aug/2022:06:54:37 -0500] "GET /BLA/boletinlegal/ HTTP/1.1" 200 58154
185.7.214.104 - - [08/Aug/2022:06:57:54 -0500] "GET /actuator/gateway/routes HTTP/1.1" 404 1018
185.119.81.99 - - [08/Aug/2022:06:58:12 -0500] "GET /portaldeninos/wp-login.php HTTP/1.1" 200 2592
185.119.81.99 - - [08/Aug/2022:06:58:13 -0500] "POST /portaldeninos/wp-login.php HTTP/1.1" 200 3670
172.22.2.4 - - [08/Aug/2022:06:58:28 -0500] "GET /BLA/boletinlegal/actos.php HTTP/1.1" 200 9559
172.22.2.4 - - [08/Aug/2022:06:58:38 -0500] "GET /BLA/boletinlegal/consulta_actos.php?tipo=autos&no=&usuario=&sector=&fecha=2022&resuelve=Honorarios HTTP/1.1" 200 626
172.22.2.4 - - [08/Aug/2022:06:58:44 -0500] "GET /BLA/boletinlegal/consulta_actos.php?tipo=autos&no=&usuario=&sector=&fecha=2022&resuelve=Honorarios HTTP/1.1" 200 626
172.22.2.4 - - [08/Aug/2022:06:58:52 -0500] "GET /BLA/boletinlegal/consulta_actos.php?tipo=autos&no=&usuario=&sector=&fecha=2022&resuelve=Honorarios HTTP/1.1" 200 626
172.22.2.4 - - [08/Aug/2022:06:59:00 -0500] "GET /BLA/boletinlegal/consulta_actos.php?tipo=autos&no=&usuario=&sector=&fecha=2021&resuelve=Honorarios HTTP/1.1" 200 626
172.22.2.4 - - [08/Aug/2022:06:59:09 -0500] "GET /BLA/boletinlegal/consulta_actos.php?tipo=autos&no=&usuario=&sector=COMPETENCIA&fecha=2021&resuelve=Honorarios HTTP/1.1" 200 626
172.22.2.4 - - [08/Aug/2022:06:59:14 -0500] "GET /BLA/boletinlegal/consulta_actos.php?tipo=autos&no=&usuario=&sector=COMPETENCIA&fecha=2021&resuelve= HTTP/1.1" 200 17750
172.22.2.4 - - [08/Aug/2022:06:59:14 -0500] "GET /BLA/boletinlegal/images/pdf.gif HTTP/1.1" 200 567
172.22.2.4 - - [08/Aug/2022:06:59:14 -0500] "GET /BLA/boletinlegal/images/background.gif HTTP/1.1" 200 -
216.245.221.92 - - [08/Aug/2022:06:59:39 -0500] "HEAD / HTTP/1.1" 200 -
201.245.192.253 - - [08/Aug/2022:07:00:06 -0500] "POST /kwsrmcab/Wsrmcab  HTTP/1.1" 200 44251
207.46.13.20 - - [08/Aug/2022:07:00:37 -0500] "GET /BLA/resoluciones/index.php?dir=RESOLUCIONES+2017%2F HTTP/1.1" 200 281896
207.46.13.20 - - [08/Aug/2022:07:00:39 -0500] "GET /BLA/resoluciones/index.php?dir=RESOLUCIONES+2007%2F HTTP/1.1" 200 35450
172.22.2.4 - - [08/Aug/2022:06:59:36 -0500] "HEAD /BLA/boletinlegal/ HTTP/1.1" 200 -
172.22.2.4 - - [08/Aug/2022:07:00:27 -0500] "GET /BLA/boletinlegal/ HTTP/1.1" 200 51621
172.22.2.4 - - [08/Aug/2022:07:00:50 -0500] "GET /BLA/boletinlegal/index.php HTTP/1.1" 200 53631
216.245.221.92 - - [08/Aug/2022:07:04:39 -0500] "HEAD / HTTP/1.1" 200 -
201.245.192.253 - - [08/Aug/2022:07:05:04 -0500] "POST /kwsrmcab/Wsrmcab  HTTP/1.1" 200 44251
172.22.2.4 - - [08/Aug/2022:07:05:26 -0500] "HEAD /BLA/boletinlegal/ HTTP/1.1" 200 -
172.22.2.4 - - [08/Aug/2022:07:06:17 -0500] "GET /BLA/boletinlegal/ HTTP/1.1" 200 57716
216.245.221.92 - - [08/Aug/2022:07:09:39 -0500] "HEAD / HTTP/1.1" 200 -
201.245.192.253 - - [08/Aug/2022:07:10:04 -0500] "POST /kwsrmcab/Wsrmcab  HTTP/1.1" 200 44251
172.22.2.4 - - [08/Aug/2022:07:11:16 -0500] "HEAD /BLA/boletinlegal/ HTTP/1.1" 200 -
172.22.2.4 - - [08/Aug/2022:07:12:07 -0500] "GET /BLA/boletinlegal/ HTTP/1.1" 200 60272
216.245.221.92 - - [08/Aug/2022:07:14:39 -0500] "HEAD / HTTP/1.1" 200 -
201.245.192.253 - - [08/Aug/2022:07:15:02 -0500] "POST /kwsrmcab/Wsrmcab  HTTP/1.1" 200 44251
172.22.2.4 - - [08/Aug/2022:07:17:06 -0500] "HEAD /BLA/boletinlegal/ HTTP/1.1" 200 -
185.119.81.99 - - [08/Aug/2022:07:18:54 -0500] "GET /portaldeninos/wp-login.php HTTP/1.1" 200 2592
185.119.81.99 - - [08/Aug/2022:07:18:55 -0500] "POST /portaldeninos/wp-login.php HTTP/1.1" 200 3650
172.22.2.4 - - [08/Aug/2022:07:17:57 -0500] "GET /BLA/boletinlegal/ HTTP/1.1" 200 56005
216.245.221.92 - - [08/Aug/2022:07:19:39 -0500] "HEAD / HTTP/1.1" 200 -
201.245.192.253 - - [08/Aug/2022:07:19:55 -0500] "POST /kwsrmcab/Wsrmcab HTTP/1.1" 200 47826
201.245.192.253 - - [08/Aug/2022:07:19:59 -0500] "POST /kwsrmcab/Wsrmcab HTTP/1.1" 200 47214
201.245.192.253 - - [08/Aug/2022:07:20:01 -0500] "POST /kwsrmcab/Wsrmcab  HTTP/1.1" 200 44251
172.22.2.4 - - [08/Aug/2022:07:21:32 -0500] "GET /BLA/boletinlegal/solr/ HTTP/1.1" 404 1018
172.22.2.4 - - [08/Aug/2022:07:22:56 -0500] "HEAD /BLA/boletinlegal/ HTTP/1.1" 200 -
216.245.221.92 - - [08/Aug/2022:07:24:39 -0500] "HEAD / HTTP/1.1" 200 -
201.245.192.253 - - [08/Aug/2022:07:25:00 -0500] "POST /kwsrmcab/Wsrmcab  HTTP/1.1" 200 44251
172.22.2.4 - - [08/Aug/2022:07:23:46 -0500] "GET /BLA/boletinlegal/ HTTP/1.1" 200 58154
185.119.81.96 - - [08/Aug/2022:07:29:33 -0500] "GET /portaldeninos/wp-login.php HTTP/1.1" 200 2592
185.119.81.96 - - [08/Aug/2022:07:29:35 -0500] "POST /portaldeninos/wp-login.php HTTP/1.1" 200 3650
216.245.221.92 - - [08/Aug/2022:07:29:39 -0500] "HEAD / HTTP/1.1" 200 -
207.46.13.20 - - [08/Aug/2022:07:29:49 -0500] "GET /BLA/boletinlegal/Circulares/2018/Circular%20No.%2011%20del%2024%20de%20Septiembre%20de%202018.pdf HTTP/1.1" 304 -
201.245.192.253 - - [08/Aug/2022:07:29:55 -0500] "POST /kwsrmcab/Wsrmcab HTTP/1.1" 200 47826
201.245.192.253 - - [08/Aug/2022:07:29:57 -0500] "POST /kwsrmcab/Wsrmcab  HTTP/1.1" 200 44251
201.245.192.253 - - [08/Aug/2022:07:29:59 -0500] "POST /kwsrmcab/Wsrmcab HTTP/1.1" 200 47214
172.22.2.4 - - [08/Aug/2022:07:28:46 -0500] "HEAD /BLA/boletinlegal/ HTTP/1.1" 200 -
172.22.2.4 - - [08/Aug/2022:07:29:37 -0500] "GET /BLA/boletinlegal/ HTTP/1.1" 200 60865
181.58.186.188 - - [08/Aug/2022:07:32:19 -0500] "GET /kwssiamovil/sm/des/ldap/au?x=U2FsdGVkX1/NY6IJ3LxOM5wc7QZiXaI64ae4YrIVAexE9X3XUPBc9ySbEMxGdxqN&y=U2FsdGVkX19I3KJyyTnbuSfVf+HjwAAhixEiGeFzY8LhPobo0LrmZ0P1vF3+7k+J HTTP/1.1" 200 31
181.58.186.188 - - [08/Aug/2022:07:32:31 -0500] "GET /kwssiamovil/sm/des/ldap/au?x=U2FsdGVkX1+Ozpl2VfwKsGCWCAjFwiq2hKx6uW+/ewgoI2uD73unUF33tHcMjULp&y=U2FsdGVkX1/Zdv+2NmWCWOVOSD+QobY87+4ERYinC6TKXesvcrr+0oNtGvleTpey HTTP/1.1" 200 30
181.58.186.188 - - [08/Aug/2022:07:32:31 -0500] "GET /kwssiamovil/sm/des/acme/s?s=U2FsdGVkX18TgcxgFwr2F+Hz8pE0R5IOHPFxODadrbYyr71f5TYu4o+gxYy2NPYywG8XuGVRvpfOcC99Jxwpwb9onSJDrr7xar64crV6ogY=&u=U2FsdGVkX1+8gf9H/g3s6Ix8FHOV9BEPqvTHihHA8GI=&y=U2FsdGVkX1/Zdv+2NmWCWOVOSD+QobY87+4ERYinC6TKXesvcrr+0oNtGvleTpey HTTP/1.1" 200 97
181.58.186.188 - - [08/Aug/2022:07:32:31 -0500] "GET /kwssiamovil/sm/des/acme/s?s=U2FsdGVkX1/vK6QhpVyBL2g48FWIqTBSst1Ur/HxscZDKpZlWvkxKwc03dGfzEfu420RmdU/EV0uquU5br1WWbXZEMR49eeBWppiGqheRhjSc73BK5k3hEEgud+b2tL2uP1gegwErd/wLE2KI5pLhddJY66rwf7CX4Uziv9Lg4CM05I8ZyeeF75AkS9nNd7L5SIqJRovf/+/P18iC0uvkm7xVwG/LyWH6P+ZMHM/m6ruy333sWkxPWB8drX8i2DhQyCkLSpYXx/40ewbr9m7mg+jjM1MPmuwhF0CJGss12fm8Cq0vuFQYqJ2uzzHH2XIhYbBP+GEOXysGazKUi2uGJpQBn8NbFpyFxZVZuKbLUTEt7ibojSAYB+eKN38NTWZzdCm1WjFMUi72s7OYsJfWsnDWRL4z2BUbmePoCfDJ6cDMZB00YkuPEGxehr6geY3loAkZyXbTJfVq2w1JGgE98No3AwuxZNzxRA2iLO/q45LGXjapt7wSFzG8vKU/1Y9VPV26UrAJaGdjpZ4L6CYlmNtqiGZgdKlwTi2eU4y8cUvbPGSPaJphvm4UfSAVokrbtIRBoBkBfWwfJMJF1n2HEQ5KJdDrQNLtYRAJRFfDgAmBDF9hcgEsvIcNiatrfFwh7Wq1NVJelVdjW78my+xJWUepFLgiETHr2QtiGf2UZ7N+Yafv+i1XnRLGruoogyiPvW98gEFXWlQ9MY3hA3zqB6YzpH3VGaRXXIRrGGcrhFzpc2qJfcrC1esQ8BBEpiHaB0r7pnCbrTP0Ciep/ahMG3nESprbhV4l7WIRmhcesKZaWhFaSakZDg5RHCuKWc9nOVYadUr5HMMaBc23yyJJBUSM333+6/O6iPgushgDTCkyYsg9IHO6ibgNES2IWlaA2aC5oYFjgZbNJXvR41ZEm13jE0qP9QCcleP/jLJuphFahKlQMRv+pdo5Iz2qwge0AktFzgsYMk8hNV5IjsAwiorTpb0E2c7DAra/TIGHnzxCehfEq/88YaRh9Op+u5f4drZOK21/N53KWo2WIsnUaExful2Ns2ZjDFt58VT+NGqADCPAbuTkvEtLuE7irwJugdSHiNMCPIojXrp8PEzYC0bcXXo59RBgA2Auvbzi80KZia3Ty/FUjK5+EQg7QxY6qDdiEOCw4WaKO+E/ZiUAlTVmz8251PMo1lyeRPnj4IUM+mOiYcWawDc+oqx0h3Z2x4T0TsEzNbU3Gu0OXNona6v0S4EEjiJrk+IYkKbAKPt+xDaDr5qSo0XqE5dYz6nggEG9bJjZtaW11fo3mdkkU/sDluxIAZcDuqr/lqC3gNIVehR0W2QW5pRrtEsr/BDqTks6iyT+c4KSbS3I/mXHc5DuAGEO6TPHjXsFmc/QrE=&u=U2FsdGVkX1+8gf9H/g3s6Ix8FHOV9BEPqvTHihHA8GI=&y=U2FsdGVkX1/Zdv+2NmWCWOVOSD+QobY87+4ERYinC6TKXesvcrr+0oNtGvleTpey HTTP/1.1" 200 542
181.58.186.188 - - [08/Aug/2022:07:32:32 -0500] "GET /kwssiamovil/sm/des/ldap/au?x=U2FsdGVkX18qOIsiGYA26tV6oWVStrmTqTRI0Gn4rrKjroEIow4r4ZbCyx7xT8Vg&y=U2FsdGVkX18Ib4pYgbYFABbmKhaxX00LBbawb9VoRSMrWR0S5HcoV65VpEmMQ3lp HTTP/1.1" 200 30
181.58.186.188 - - [08/Aug/2022:07:32:32 -0500] "GET /kwssiamovil/sm/des/acme/s?s=U2FsdGVkX19xVNIjJBkkLaUYgmJ8sCzFh9Rnt7/cAsYRFteoocLpgVaRV9+gwCEt0SUfsiVnxpI+vUSnMAvsbdpUrylLI/J8IrIke2fVnna2P9rnMVZUO2LK+BPDQEi+PerNrgbZq3cc+g4371JqiKfmBQSMMWPRBiTmy/2SkLdRNNlLBAMLl+bJ9fRRMXb72+e1V0NHFemMBLeufegIryu/X/gOppo/ew+Vg/LEwZ+HVce55TCKwieYCMbcW/4NCpw/ZXtzQXFAdxiijHXT08M2iycWNxTlWUyc+F9ukYsvMSez1AhW8d6/v/bsM/KmNxX0DHZvucNtAVvct4cpUQ==&u=U2FsdGVkX1+8gf9H/g3s6Ix8FHOV9BEPqvTHihHA8GI=&y=U2FsdGVkX1/Zdv+2NmWCWOVOSD+QobY87+4ERYinC6TKXesvcrr+0oNtGvleTpey HTTP/1.1" 200 194
181.58.186.188 - - [08/Aug/2022:07:32:32 -0500] "GET /kwssiamovil/sm/des/acme/s?s=U2FsdGVkX1+BoUNbuOEZJ20J5/ERJkTCYO05SJ5mjDVhkYnpXbYJmg7rCJGRi9KsiY2XFnErMAm4I9BpM8e8UbKkBEkGRoXdcGYrgwz3tv0=&u=U2FsdGVkX1/cjUwbV3L60sidoyXAe4XVE9obsmFPv9Y=&y=U2FsdGVkX18Ib4pYgbYFABbmKhaxX00LBbawb9VoRSMrWR0S5HcoV65VpEmMQ3lp HTTP/1.1" 200 97
181.58.186.188 - - [08/Aug/2022:07:32:32 -0500] "GET /kwssiamovil/sm/des/acme/s?s=U2FsdGVkX1/IiGYGW/GZFnXxJuqkDJFJHgUo/aOfICV8S1IXWUwEAsJPGkQryPKbsJ3dNH+2n1xk8raeMC2kMIXBIWHjZod2ylYZmTlsuiNpLjqlheN9TILQopgnQ3kw5xs6sN4UY2t+i34VOACRDMp9YeYvUPFFCTbPJvcWreFYIUcCPWKGvypr+2/nwvNEv7Gj5aZ4KJKvJAAa5fMHpB5xy4WCCyhMWao39UAhlOy8BqE+Lc0uHci4VYnLti7nDqY0rWXcMmHWd1o5waydUA8arU/jxROFQKCyv2Y8HYaUh5rEZ8gAS7wBlRABd7Rbd1Tp+XwhOBKwNAXPcXvf53YRAnE73fCTzHvYGveKnSS9PEfD5T6hKjMGb2Zci29JTU6spL87ddcBqWFT+MOKqWLVzzAh13q5vF7RYHhQOOyDlko79J0pS8uC/NH3m5HWIEiypBhEConk3UOnkO9183Rsd93pxhefzoXJc9zuibtGZroJAjys1LbgNUbNxlTzEi/6slXm1ztzdJiXwkqrDyNjhXO50aVKxOanmmppliind1p5WBAq5aXmNXGg+41zpxijLwhm95dUIodb5TvG0MekBN4iFpwI8S/4FAF5PFNv4mlBu9Fg9t0/rbJLrK86eGYYXhZ/bkul0hxOFFECT5gAqYTV27WyaUfRu2zpnL/+c+EuVeaDKFi2vbanMi9+LlZ5kaO922tAYYMiSUeEu+8NiFXVrdaUPjmcNF8R8BB4jsDIrZCbyZwK9ZBpySxrwam9T1DmHIt8p2JNQp1vpRGaeze+LtnfbBrCtWOv65v7UiesxZDafVbqrF9pspq1cvGW+Wv8anT0FU8u0yXHsA5smqtBMZhy/InBsc1G7NBlD7o8sBMClfI07dYk2YOJPt8L2PCwh62J1yukg6o8LlA0Ji7VU0d0XH3DGJkVWu4S9zNeNz5Ud718V2YUQtZ9VJWzF/UxlneFT7y0utnOTA/jMmtWva4NzzeT03WPhwytvkvhHaVC3Sdw28zvN7RBp1v750McZTCvMZl1kUV6UJ+pNNlcA+nqiH0MO7pcheyndu1A6gXvVX1bD5A6OX+XHZUv7Ij6aIpOYMkiAYJv6j1xJVkYOdwMey/+/QAZwDiNsfBW8mDmElIoRyCb6WVhYpNogntr5/xk94HvIGniN7hEHlx+H3knSw5b2Zqsc21+7hOJ7iq4w1AbovuWZlOpshXiKJyRgFu4XkcLEsINRJ9HAT1uZoJC0XY5IolTuI9SN8InKxzmCEot6DdB2aqpNADtMOIDhDylwbwktI1LlHonHnEW2H8+gIgUZYBjlnG7nefr7L5l2E3etMonbjaDi6BkB/TcXX7JdA/0H0IJ+dkPgwk5hjZQzqPvS+YssYo=&u=U2FsdGVkX1/cjUwbV3L60sidoyXAe4XVE9obsmFPv9Y=&y=U2FsdGVkX18Ib4pYgbYFABbmKhaxX00LBbawb9VoRSMrWR0S5HcoV65VpEmMQ3lp HTTP/1.1" 200 542
181.58.186.188 - - [08/Aug/2022:07:32:32 -0500] "GET /kwssiamovil/sm/des/acme/s?s=U2FsdGVkX19rogXmz2kzYGacc64p/8d+QBlfalH0mnqzRONAiotJKYM0nwLnubDQZUqyzn+hn4cM1EmNR3fXPPllCRr/pPMBew9+i847YN550TbUYjVvpHhODyvGCAAuH/dcCRxVMumIAdUfINhGNmUTkmXrAXcPxAV/i40ybyQLbl2unZ2Aos/vaBqqDY9IibNAZXUvyYol4Hd70hfLN9mTsyVBXy8/4A6OhAVoxxg9pBRU6FjLt2t5UQfOEYUAgHtvcfGgo71sU/mSP497cLPnbEUcugVV26sL6g88f+cmq4CFnTJUvQfx9Ue5QNylLxampyzv5XZ32RLAAkEJdA==&u=U2FsdGVkX1/cjUwbV3L60sidoyXAe4XVE9obsmFPv9Y=&y=U2FsdGVkX18Ib4pYgbYFABbmKhaxX00LBbawb9VoRSMrWR0S5HcoV65VpEmMQ3lp HTTP/1.1" 200 194
181.58.186.188 - - [08/Aug/2022:07:32:32 -0500] "GET /kwssiamovil/sm/des/cjson/pre?f=9&x=U2FsdGVkX18qOIsiGYA26tV6oWVStrmTqTRI0Gn4rrKjroEIow4r4ZbCyx7xT8Vg HTTP/1.1" 200 21414
181.58.186.188 - - [08/Aug/2022:07:32:32 -0500] "GET /kwssiamovil/sm/des/cjson/pre?f=9&x=U2FsdGVkX1+Ozpl2VfwKsGCWCAjFwiq2hKx6uW+/ewgoI2uD73unUF33tHcMjULp HTTP/1.1" 200 14478
103.216.201.101 - - [08/Aug/2022:07:33:49 -0500] "GET /BLA/resoluciones/AUTOS%202015/3286.pdf HTTP/1.1" 200 804387
103.216.201.101 - - [08/Aug/2022:07:33:53 -0500] "GET /favicon.ico HTTP/1.1" 200 7782
103.216.201.101 - - [08/Aug/2022:07:33:56 -0500] "GET /BLA/resoluciones/AUTOS%202015/3286.pdf HTTP/1.1" 200 804387
103.216.201.101 - - [08/Aug/2022:07:33:58 -0500] "GET /favicon.ico HTTP/1.1" 200 7782
45.95.55.5 - - [08/Aug/2022:07:34:00 -0500] "GET / HTTP/1.1" 200 319
216.245.221.92 - - [08/Aug/2022:07:34:39 -0500] "HEAD / HTTP/1.1" 200 -
201.245.192.253 - - [08/Aug/2022:07:34:56 -0500] "POST /kwsrmcab/Wsrmcab  HTTP/1.1" 200 44251
24.56.246.144 - - [08/Aug/2022:07:36:12 -0500] "GET / HTTP/1.1" 200 319
172.22.2.4 - - [08/Aug/2022:07:34:36 -0500] "HEAD /BLA/boletinlegal/ HTTP/1.1" 200 -
172.22.2.4 - - [08/Aug/2022:07:35:27 -0500] "GET /BLA/boletinlegal/ HTTP/1.1" 200 58566
172.22.2.4 - - [08/Aug/2022:07:36:48 -0500] "GET /BLA/boletinlegal/ HTTP/1.1" 200 36811
50.54.130.20 - - [08/Aug/2022:07:39:06 -0500] "HEAD / HTTP/1.1" 200 -
50.54.130.20 - - [08/Aug/2022:07:39:06 -0500] "GET /wp-login.php HTTP/1.1" 404 1241
50.54.130.20 - - [08/Aug/2022:07:39:07 -0500] "GET /wordpress/wp-login.php HTTP/1.1" 404 1241
50.54.130.20 - - [08/Aug/2022:07:39:08 -0500] "GET /blog/wp-login.php HTTP/1.1" 404 1241
50.54.130.20 - - [08/Aug/2022:07:39:08 -0500] "GET /wp/wp-login.php HTTP/1.1" 404 1241
186.116.214.108 - - [08/Aug/2022:07:39:11 -0500] "GET /forest/ HTTP/1.1" 200 12041
186.116.214.108 - - [08/Aug/2022:07:39:18 -0500] "POST /forest/index.php HTTP/1.1" 200 12268
216.245.221.92 - - [08/Aug/2022:07:39:39 -0500] "HEAD / HTTP/1.1" 200 -
201.245.192.253 - - [08/Aug/2022:07:39:56 -0500] "POST /kwsrmcab/Wsrmcab HTTP/1.1" 200 47826
201.245.192.253 - - [08/Aug/2022:07:39:56 -0500] "POST /kwsrmcab/Wsrmcab  HTTP/1.1" 200 44251
201.245.192.253 - - [08/Aug/2022:07:40:00 -0500] "POST /kwsrmcab/Wsrmcab HTTP/1.1" 200 47214
186.116.214.108 - - [08/Aug/2022:07:41:28 -0500] "GET /forest/ HTTP/1.1" 200 12041
186.116.214.108 - - [08/Aug/2022:07:41:33 -0500] "POST /forest/index.php HTTP/1.1" 200 12268
172.22.2.4 - - [08/Aug/2022:07:40:26 -0500] "HEAD /BLA/boletinlegal/ HTTP/1.1" 200 -
172.22.2.4 - - [08/Aug/2022:07:41:16 -0500] "GET /BLA/boletinlegal/ HTTP/1.1" 200 60865
157.55.39.168 - - [08/Aug/2022:07:43:10 -0500] "GET /BLA/resoluciones/ HTTP/1.1" 200 13093
157.55.39.98 - - [08/Aug/2022:07:43:11 -0500] "GET /bla/resoluciones/resoluciones%202012/1337.pdf HTTP/1.1" 200 882952
216.245.221.92 - - [08/Aug/2022:07:44:39 -0500] "HEAD / HTTP/1.1" 200 -
201.245.192.253 - - [08/Aug/2022:07:44:56 -0500] "POST /kwsrmcab/Wsrmcab  HTTP/1.1" 200 44251
167.248.133.60 - - [08/Aug/2022:07:47:52 -0500] "GET / HTTP/1.1" 200 319
167.248.133.60 - - [08/Aug/2022:07:47:52 -0500] "GET / HTTP/1.1" 200 319
167.248.133.60 - - [08/Aug/2022:07:47:52 -0500] "PRI * HTTP/2.0" 400 946
172.22.2.4 - - [08/Aug/2022:07:46:16 -0500] "HEAD /BLA/boletinlegal/ HTTP/1.1" 200 -
172.22.2.4 - - [08/Aug/2022:07:47:06 -0500] "GET /BLA/boletinlegal/ HTTP/1.1" 200 57366
172.22.2.4 - - [08/Aug/2022:07:48:15 -0500] "GET /BLA/boletinlegal/ HTTP/1.1" 200 32715
216.245.221.92 - - [08/Aug/2022:07:49:39 -0500] "HEAD / HTTP/1.1" 200 -
201.245.192.253 - - [08/Aug/2022:07:49:55 -0500] "POST /kwsrmcab/Wsrmcab  HTTP/1.1" 200 44251
172.22.2.4 - - [08/Aug/2022:07:52:06 -0500] "HEAD /BLA/boletinlegal/ HTTP/1.1" 200 -
172.22.2.4 - - [08/Aug/2022:07:52:56 -0500] "GET /BLA/boletinlegal/ HTTP/1.1" 200 60272
216.245.221.92 - - [08/Aug/2022:07:54:39 -0500] "HEAD / HTTP/1.1" 200 -
201.245.192.253 - - [08/Aug/2022:07:54:53 -0500] "POST /kwsrmcab/Wsrmcab  HTTP/1.1" 200 44251
172.22.2.4 - - [08/Aug/2022:07:57:56 -0500] "HEAD /BLA/boletinlegal/ HTTP/1.1" 200 -
216.245.221.92 - - [08/Aug/2022:07:59:39 -0500] "HEAD / HTTP/1.1" 200 -
201.245.192.253 - - [08/Aug/2022:07:59:53 -0500] "POST /kwsrmcab/Wsrmcab  HTTP/1.1" 200 44251
199.16.157.180 - - [08/Aug/2022:08:00:05 -0500] "GET /mas-de-34-000-tramites-y-servicios-ambientales-se-han-atendido-por-la-ventanilla-virtual.html HTTP/1.1" 200 875
199.16.157.183 - - [08/Aug/2022:08:00:05 -0500] "GET /images/pieza-tramites-servicios-ventanilla-virtual.jpg HTTP/1.1" 200 39260
172.22.2.4 - - [08/Aug/2022:07:58:46 -0500] "GET /BLA/boletinlegal/ HTTP/1.1" 200 47814
157.55.39.168 - - [08/Aug/2022:08:01:02 -0500] "GET /BLA/resoluciones/AUTOS%202022/1419.pdf HTTP/1.1" 304 -
66.249.73.100 - - [08/Aug/2022:08:01:19 -0500] "-" 408 -
172.22.2.4 - - [08/Aug/2022:08:03:25 -0500] "GET /BLA/boletinlegal/Circulares/2017/Circular%20No.%202%20del%201%20de%20Septiembre%20de%202017.pdf HTTP/1.1" 304 -
216.245.221.92 - - [08/Aug/2022:08:04:39 -0500] "HEAD / HTTP/1.1" 200 -
201.245.192.253 - - [08/Aug/2022:08:04:52 -0500] "POST /kwsrmcab/Wsrmcab  HTTP/1.1" 200 44251
181.56.107.175 - - [08/Aug/2022:08:05:16 -0500] "GET /forest/ HTTP/1.1" 200 12041
172.22.2.4 - - [08/Aug/2022:08:03:46 -0500] "HEAD /BLA/boletinlegal/ HTTP/1.1" 200 -
181.56.107.175 - - [08/Aug/2022:08:05:55 -0500] "POST /forest/index.php HTTP/1.1" 200 12268
172.22.2.4 - - [08/Aug/2022:08:04:36 -0500] "GET /BLA/boletinlegal/ HTTP/1.1" 200 60272
185.119.81.103 - - [08/Aug/2022:08:07:18 -0500] "GET /portaldeninos/wp-login.php HTTP/1.1" 200 2592
185.119.81.103 - - [08/Aug/2022:08:07:19 -0500] "POST /portaldeninos/wp-login.php HTTP/1.1" 200 3605
58.250.125.143 - - [08/Aug/2022:08:09:24 -0500] "GET / HTTP/1.1" 200 319
216.245.221.92 - - [08/Aug/2022:08:09:39 -0500] "HEAD / HTTP/1.1" 200 -
201.245.192.253 - - [08/Aug/2022:08:09:50 -0500] "POST /kwsrmcab/Wsrmcab  HTTP/1.1" 200 44251
172.22.2.4 - - [08/Aug/2022:08:09:36 -0500] "HEAD /BLA/boletinlegal/ HTTP/1.1" 200 -
185.119.81.102 - - [08/Aug/2022:08:11:28 -0500] "GET /portaldeninos/wp-login.php HTTP/1.1" 200 2592
185.119.81.102 - - [08/Aug/2022:08:11:29 -0500] "POST /portaldeninos/wp-login.php HTTP/1.1" 200 3605
190.253.169.140 - - [08/Aug/2022:08:11:51 -0500] "GET /forest/ HTTP/1.1" 200 12041
190.253.169.140 - - [08/Aug/2022:08:12:00 -0500] "POST /forest/index.php HTTP/1.1" 200 12268
172.22.2.4 - - [08/Aug/2022:08:10:26 -0500] "GET /BLA/boletinlegal/ HTTP/1.1" 200 58946
216.245.221.92 - - [08/Aug/2022:08:14:39 -0500] "HEAD / HTTP/1.1" 200 -
201.245.192.253 - - [08/Aug/2022:08:14:49 -0500] "POST /kwsrmcab/Wsrmcab  HTTP/1.1" 200 44251
172.22.2.4 - - [08/Aug/2022:08:15:26 -0500] "HEAD /BLA/boletinlegal/ HTTP/1.1" 200 -
172.22.2.4 - - [08/Aug/2022:08:16:16 -0500] "GET /BLA/boletinlegal/ HTTP/1.1" 200 58154
172.22.2.4 - - [08/Aug/2022:08:18:23 -0500] "GET /BLA/boletinlegal/jurisprudencia/analisis/CUADRO%20SENTENCIA%20T-299%20DE%202008.doc HTTP/1.1" 200 40960
216.245.221.92 - - [08/Aug/2022:08:19:39 -0500] "HEAD / HTTP/1.1" 200 -
201.245.192.253 - - [08/Aug/2022:08:19:48 -0500] "POST /kwsrmcab/Wsrmcab  HTTP/1.1" 200 44251
201.245.192.253 - - [08/Aug/2022:08:19:56 -0500] "POST /kwsrmcab/Wsrmcab HTTP/1.1" 200 47832
201.245.192.253 - - [08/Aug/2022:08:20:00 -0500] "POST /kwsrmcab/Wsrmcab HTTP/1.1" 200 47224
186.119.103.217 - - [08/Aug/2022:08:20:12 -0500] "GET /sipse/faces/index.xhtml HTTP/1.1" 200 677
186.119.103.217 - - [08/Aug/2022:08:20:12 -0500] "GET /sipse/faces/javax.faces.resource/theme.css?ln=primefaces-sipse HTTP/1.1" 304 -
186.119.103.217 - - [08/Aug/2022:08:20:12 -0500] "GET /sipse/faces/faces/autenticacion.xhtml HTTP/1.1" 200 12169
186.119.103.217 - - [08/Aug/2022:08:20:12 -0500] "GET /sipse/js/disable_browser_buttons.js HTTP/1.1" 304 -
186.119.103.217 - - [08/Aug/2022:08:20:12 -0500] "GET /sipse/js/funciones.js HTTP/1.1" 304 -
186.119.103.217 - - [08/Aug/2022:08:20:12 -0500] "GET /sipse/css/custom_css_sg.css HTTP/1.1" 304 -
186.119.103.217 - - [08/Aug/2022:08:20:12 -0500] "GET /sipse/faces/javax.faces.resource/jquery/jquery.js?ln=primefaces&v=4.0 HTTP/1.1" 304 -
186.119.103.217 - - [08/Aug/2022:08:20:12 -0500] "GET /sipse/faces/javax.faces.resource/layout/layout.css?ln=primefaces&v=4.0 HTTP/1.1" 304 -
186.119.103.217 - - [08/Aug/2022:08:20:12 -0500] "GET /sipse/css/custom_css_sg_prime_login.css HTTP/1.1" 304 -
186.119.103.217 - - [08/Aug/2022:08:20:12 -0500] "GET /sipse/faces/javax.faces.resource/primefaces.css?ln=primefaces&v=4.0 HTTP/1.1" 304 -
186.119.103.217 - - [08/Aug/2022:08:20:12 -0500] "GET /sipse/faces/javax.faces.resource/theme.css?ln=primefaces-sipse HTTP/1.1" 304 -
186.119.103.217 - - [08/Aug/2022:08:20:12 -0500] "GET /sipse/faces/javax.faces.resource/jquery/jquery-plugins.js?ln=primefaces&v=4.0 HTTP/1.1" 304 -
186.119.103.217 - - [08/Aug/2022:08:20:12 -0500] "GET /sipse/faces/javax.faces.resource/primefaces.js?ln=primefaces&v=4.0 HTTP/1.1" 304 -
