201.245.192.253 - - [08/Aug/2022:15:39:34 -0500] "GET /sipse/faces/javax.faces.resource/jquery/jquery.js?ln=primefaces&v=4.0 HTTP/1.1" 304 -
201.245.192.253 - - [08/Aug/2022:15:39:34 -0500] "GET /sipse/faces/javax.faces.resource/primefaces.js?ln=primefaces&v=4.0 HTTP/1.1" 304 -
201.245.192.253 - - [08/Aug/2022:15:39:34 -0500] "GET /sipse/faces/javax.faces.resource/layout/layout.js?ln=primefaces&v=4.0 HTTP/1.1" 304 -
201.245.192.253 - - [08/Aug/2022:15:39:33 -0500] "GET /sipse/faces/presentacion/financiero/solicitudAnulacion/solicitudAnulacion.xhtml HTTP/1.1" 200 53695
201.245.192.253 - - [08/Aug/2022:15:39:34 -0500] "POST /sipse/faces/presentacion/financiero/solicitudAnulacion/solicitudAnulacion.xhtml HTTP/1.1" 200 30805
186.148.168.245 - - [08/Aug/2022:15:39:36 -0500] "POST /sipsesda/faces/vista/administracion/funcionario/registrarFuncionario.jspx?_afPfm=1 HTTP/1.1" 200 32640
201.245.192.253 - - [08/Aug/2022:15:39:37 -0500] "POST /sipse/faces/presentacion/financiero/solicitudAnulacion/solicitudAnulacion.xhtml HTTP/1.1" 200 29016
201.245.192.253 - - [08/Aug/2022:15:39:37 -0500] "GET /sipse/faces/javax.faces.resource/theme.css?ln=primefaces-sipse HTTP/1.1" 304 -
201.245.192.253 - - [08/Aug/2022:15:39:37 -0500] "GET /sipse/faces/javax.faces.resource/primefaces.css?ln=primefaces&v=4.0 HTTP/1.1" 304 -
201.245.192.253 - - [08/Aug/2022:15:39:37 -0500] "GET /sipse/faces/javax.faces.resource/layout/layout.css?ln=primefaces&v=4.0 HTTP/1.1" 304 -
201.245.192.253 - - [08/Aug/2022:15:39:37 -0500] "GET /sipse/faces/javax.faces.resource/jquery/jquery.js?ln=primefaces&v=4.0 HTTP/1.1" 304 -
201.245.192.253 - - [08/Aug/2022:15:39:37 -0500] "GET /sipse/faces/javax.faces.resource/jquery/jquery-plugins.js?ln=primefaces&v=4.0 HTTP/1.1" 304 -
201.245.192.253 - - [08/Aug/2022:15:39:37 -0500] "GET /sipse/faces/javax.faces.resource/primefaces.js?ln=primefaces&v=4.0 HTTP/1.1" 304 -
201.245.192.253 - - [08/Aug/2022:15:39:37 -0500] "GET /sipse/faces/javax.faces.resource/layout/layout.js?ln=primefaces&v=4.0 HTTP/1.1" 304 -
216.245.221.92 - - [08/Aug/2022:15:39:38 -0500] "HEAD / HTTP/1.1" 200 -
186.148.168.245 - - [08/Aug/2022:15:39:39 -0500] "POST /sipsesda/faces/vista/administracion/funcionario/listadoFuncionario.jspx HTTP/1.1" 200 32095
201.245.192.253 - - [08/Aug/2022:15:39:40 -0500] "POST /sipse/faces/presentacion/financiero/solicitudProceso/solicitudProcesoOtrosPagos.xhtml HTTP/1.1" 200 34213
201.245.192.253 - - [08/Aug/2022:15:39:40 -0500] "GET /sipse/faces/javax.faces.resource/theme.css?ln=primefaces-sipse HTTP/1.1" 304 -
201.245.192.253 - - [08/Aug/2022:15:39:40 -0500] "GET /sipse/faces/javax.faces.resource/layout/layout.css?ln=primefaces&v=4.0 HTTP/1.1" 304 -
201.245.192.253 - - [08/Aug/2022:15:39:40 -0500] "GET /sipse/faces/javax.faces.resource/primefaces.css?ln=primefaces&v=4.0 HTTP/1.1" 304 -
201.245.192.253 - - [08/Aug/2022:15:39:40 -0500] "GET /sipse/faces/javax.faces.resource/jquery/jquery.js?ln=primefaces&v=4.0 HTTP/1.1" 304 -
201.245.192.253 - - [08/Aug/2022:15:39:40 -0500] "GET /sipse/faces/javax.faces.resource/jquery/jquery-plugins.js?ln=primefaces&v=4.0 HTTP/1.1" 304 -
201.245.192.253 - - [08/Aug/2022:15:39:40 -0500] "GET /sipse/faces/javax.faces.resource/primefaces.js?ln=primefaces&v=4.0 HTTP/1.1" 304 -
201.245.192.253 - - [08/Aug/2022:15:39:40 -0500] "GET /sipse/faces/javax.faces.resource/layout/layout.js?ln=primefaces&v=4.0 HTTP/1.1" 304 -
201.245.192.253 - - [08/Aug/2022:15:39:40 -0500] "GET /sipse/faces/javax.faces.resource/images/ui-icons_898989_256x240.png?ln=primefaces-aristo HTTP/1.1" 304 -
201.245.192.253 - - [08/Aug/2022:15:39:40 -0500] "POST /sipse/faces/presentacion/financiero/solicitudProceso/listarSolicitudProceso.xhtml HTTP/1.1" 200 27554
186.148.168.245 - - [08/Aug/2022:15:39:40 -0500] "POST /sipsesda/faces/vista/administracion/funcionario/listadoFuncionario.jspx HTTP/1.1" 200 32412
201.245.192.253 - - [08/Aug/2022:15:39:40 -0500] "POST /sipse/faces/presentacion/financiero/solicitudProceso/listarSolicitudProceso.xhtml HTTP/1.1" 200 1372
201.245.192.253 - - [08/Aug/2022:15:39:40 -0500] "POST /sipse/faces/presentacion/financiero/solicitudProceso/listarSolicitudProceso.xhtml HTTP/1.1" 200 1380
186.148.168.245 - - [08/Aug/2022:15:39:44 -0500] "POST /sipsesda/faces/vista/administracion/funcionario/listadoFuncionario.jspx HTTP/1.1" 200 32399
186.148.168.245 - - [08/Aug/2022:15:39:49 -0500] "POST /sipsesda/faces/vista/administracion/funcionario/listadoFuncionario.jspx HTTP/1.1" 200 32581
201.245.192.253 - - [08/Aug/2022:15:39:51 -0500] "GET /sipse/faces/index.xhtml HTTP/1.1" 200 677
201.245.192.253 - - [08/Aug/2022:15:39:51 -0500] "GET /sipse/faces/javax.faces.resource/theme.css?ln=primefaces-sipse HTTP/1.1" 304 -
201.245.192.253 - - [08/Aug/2022:15:39:51 -0500] "GET /sipse/faces/faces/autenticacion.xhtml HTTP/1.1" 200 12169
201.245.192.253 - - [08/Aug/2022:15:39:51 -0500] "GET /sipse/faces/javax.faces.resource/primefaces.css?ln=primefaces&v=4.0 HTTP/1.1" 304 -
201.245.192.253 - - [08/Aug/2022:15:39:51 -0500] "GET /sipse/faces/javax.faces.resource/theme.css?ln=primefaces-sipse HTTP/1.1" 304 -
201.245.192.253 - - [08/Aug/2022:15:39:51 -0500] "GET /sipse/faces/javax.faces.resource/layout/layout.css?ln=primefaces&v=4.0 HTTP/1.1" 304 -
201.245.192.253 - - [08/Aug/2022:15:39:51 -0500] "GET /sipse/faces/javax.faces.resource/jquery/jquery.js?ln=primefaces&v=4.0 HTTP/1.1" 304 -
201.245.192.253 - - [08/Aug/2022:15:39:51 -0500] "GET /sipse/faces/javax.faces.resource/jquery/jquery-plugins.js?ln=primefaces&v=4.0 HTTP/1.1" 304 -
201.245.192.253 - - [08/Aug/2022:15:39:51 -0500] "GET /sipse/faces/javax.faces.resource/primefaces.js?ln=primefaces&v=4.0 HTTP/1.1" 304 -
201.245.192.253 - - [08/Aug/2022:15:39:51 -0500] "GET /sipse/faces/javax.faces.resource/layout/layout.js?ln=primefaces&v=4.0 HTTP/1.1" 304 -
201.245.192.253 - - [08/Aug/2022:15:39:51 -0500] "GET /sipse/faces/javax.faces.resource/images/ui-icons_898989_256x240.png?ln=primefaces-aristo HTTP/1.1" 304 -
186.148.168.245 - - [08/Aug/2022:15:39:50 -0500] "POST /sipsesda/faces/vista/administracion/funcionario/listadoFuncionario.jspx HTTP/1.1" 200 21392
201.245.192.253 - - [08/Aug/2022:15:39:54 -0500] "POST /kwsrmcab/Wsrmcab HTTP/1.1" 200 47517
201.245.192.253 - - [08/Aug/2022:15:39:58 -0500] "POST /kwsrmcab/Wsrmcab HTTP/1.1" 200 47535
201.245.192.253 - - [08/Aug/2022:15:40:10 -0500] "GET /kwsrmcab/Wsrmcab?wsdl HTTP/1.1" 200 6948
172.22.2.4 - - [08/Aug/2022:15:40:20 -0500] "GET /BLA/boletinlegal/Circulares/2022/CIRCULAR%20No.%2000005%20DEL%2030%20DE%20JUNIO%20DEL%202022.pdf HTTP/1.1" 404 1218
201.245.192.253 - - [08/Aug/2022:15:40:22 -0500] "POST /kwsrmcab/Wsrmcab HTTP/1.1" 200 213
172.22.2.4 - - [08/Aug/2022:15:38:45 -0500] "HEAD /BLA/boletinlegal/ HTTP/1.1" 200 -
172.22.2.4 - - [08/Aug/2022:15:40:26 -0500] "GET /BLA/boletinlegal/Circulares/2019/.pdf HTTP/1.1" 404 1218
186.148.168.245 - - [08/Aug/2022:15:40:27 -0500] "POST /sipsesda/faces/vista/administracion/funcionario/registrarFuncionario.jspx?_afPfm=2 HTTP/1.1" 200 32644
186.148.168.245 - - [08/Aug/2022:15:40:28 -0500] "POST /sipsesda/faces/vista/administracion/funcionario/listadoFuncionario.jspx HTTP/1.1" 200 32095
186.148.168.245 - - [08/Aug/2022:15:40:30 -0500] "POST /sipsesda/faces/vista/administracion/funcionario/listadoFuncionario.jspx HTTP/1.1" 200 32553
186.148.168.245 - - [08/Aug/2022:15:40:32 -0500] "POST /sipsesda/faces/vista/administracion/funcionario/listadoFuncionario.jspx HTTP/1.1" 200 18227
172.22.2.4 - - [08/Aug/2022:15:40:35 -0500] "GET /BLA/boletinlegal/Circulares/2012/Circular%20No.%2010%20del%2026%20de%20Enero%20de%202012.pdf HTTP/1.1" 404 1218
66.249.73.127 - - [08/Aug/2022:15:40:40 -0500] "-" 408 -
201.245.192.253 - - [08/Aug/2022:15:40:43 -0500] "POST /kwsrmcab/Wsrmcab HTTP/1.1" 200 213
172.22.2.4 - - [08/Aug/2022:15:41:01 -0500] "GET /BLA/boletinlegal/images/screen_1.png HTTP/1.1" 200 202547
185.119.81.102 - - [08/Aug/2022:15:41:04 -0500] "GET /portaldeninos/wp-login.php HTTP/1.1" 200 2592
172.22.2.4 - - [08/Aug/2022:15:41:04 -0500] "GET /BLA/boletinlegal/actos.php HTTP/1.1" 200 9559
185.119.81.102 - - [08/Aug/2022:15:41:05 -0500] "POST /portaldeninos/wp-login.php HTTP/1.1" 200 3670
186.144.234.173 - - [08/Aug/2022:15:41:06 -0500] "GET /BLA/resoluciones/ HTTP/1.1" 200 13093
201.245.192.253 - - [08/Aug/2022:15:41:04 -0500] "POST /kwsrmcab/Wsrmcab HTTP/1.1" 200 44524
172.22.2.4 - - [08/Aug/2022:15:39:35 -0500] "GET /BLA/boletinlegal/ HTTP/1.1" 200 57716
186.144.234.173 - - [08/Aug/2022:15:41:18 -0500] "GET /BLA/resoluciones/index.php?dir=RESOLUCIONES+2009%2F HTTP/1.1" 200 1694101
157.55.39.98 - - [08/Aug/2022:15:41:35 -0500] "GET /BLA/boletinlegal/Directivas/2011/Directiva%20No.%202%20del%2017%20de%20Mayo%20de%202011.pdf HTTP/1.1" 200 495382
172.22.2.4 - - [08/Aug/2022:15:41:01 -0500] "GET /BLA/boletinlegal/ HTTP/1.1" 200 24523
186.148.168.245 - - [08/Aug/2022:15:42:01 -0500] "POST /sipsesda/faces/vista/administracion/funcionario/registrarFuncionario.jspx?_afPfm=3 HTTP/1.1" 200 32598
186.148.168.245 - - [08/Aug/2022:15:42:02 -0500] "POST /sipsesda/faces/vista/administracion/funcionario/listadoFuncionario.jspx HTTP/1.1" 200 32095
201.245.192.253 - - [08/Aug/2022:15:42:04 -0500] "POST /kwsrmcab/Wsrmcab HTTP/1.1" 200 44524
186.148.168.245 - - [08/Aug/2022:15:42:08 -0500] "POST /sipsesda/faces/vista/administracion/funcionario/listadoFuncionario.jspx HTTP/1.1" 200 32598
186.148.168.245 - - [08/Aug/2022:15:42:09 -0500] "POST /sipsesda/faces/vista/administracion/funcionario/listadoFuncionario.jspx HTTP/1.1" 200 17724
186.144.234.173 - - [08/Aug/2022:15:42:09 -0500] "GET /BLA/resoluciones/RESOLUCIONES%202009/3779.pdf HTTP/1.1" 200 12167111
172.22.2.4 - - [08/Aug/2022:15:42:12 -0500] "GET /BLA/boletinlegal/actos.php HTTP/1.1" 200 9559
201.245.192.253 - - [08/Aug/2022:15:42:23 -0500] "POST /kwsrmcab/Wsrmcab HTTP/1.1" 200 47014
172.22.2.4 - - [08/Aug/2022:15:42:07 -0500] "GET /BLA/boletinlegal/ HTTP/1.1" 200 24523
186.148.168.245 - - [08/Aug/2022:15:42:41 -0500] "POST /sipsesda/faces/vista/administracion/funcionario/registrarFuncionario.jspx?_afPfm=4 HTTP/1.1" 200 32647
201.245.192.253 - - [08/Aug/2022:15:42:40 -0500] "POST /kwsrmcab/Wsrmcab HTTP/1.1" 200 46704
172.22.2.4 - - [08/Aug/2022:15:42:53 -0500] "GET /BLA/boletinlegal/consulta_actos.php?tipo=resoluciones&no=5294&usuario=&sector=&fecha=2021&resuelve= HTTP/1.1" 200 626
186.148.168.245 - - [08/Aug/2022:15:43:05 -0500] "POST /sipsesda/faces/vista/administracion/funcionario/listadoFuncionario.jspx HTTP/1.1" 200 32099
186.145.91.234 - - [08/Aug/2022:15:43:11 -0500] "POST /sipse/faces/presentacion/financiero/solicitudProceso/consultarSolicitudProceso.xhtml HTTP/1.1" 200 39101
186.145.91.234 - - [08/Aug/2022:15:43:13 -0500] "GET /sipse/faces/javax.faces.resource/theme.css?ln=primefaces-sipse HTTP/1.1" 304 -
186.145.91.234 - - [08/Aug/2022:15:43:13 -0500] "GET /sipse/faces/javax.faces.resource/layout/layout.css?ln=primefaces&v=4.0 HTTP/1.1" 304 -
186.145.91.234 - - [08/Aug/2022:15:43:13 -0500] "GET /sipse/faces/javax.faces.resource/primefaces.css?ln=primefaces&v=4.0 HTTP/1.1" 304 -
186.145.91.234 - - [08/Aug/2022:15:43:13 -0500] "GET /sipse/faces/javax.faces.resource/jquery/jquery.js?ln=primefaces&v=4.0 HTTP/1.1" 304 -
186.145.91.234 - - [08/Aug/2022:15:43:13 -0500] "GET /sipse/faces/javax.faces.resource/jquery/jquery-plugins.js?ln=primefaces&v=4.0 HTTP/1.1" 304 -
186.145.91.234 - - [08/Aug/2022:15:43:13 -0500] "GET /sipse/faces/javax.faces.resource/primefaces.js?ln=primefaces&v=4.0 HTTP/1.1" 304 -
186.145.91.234 - - [08/Aug/2022:15:43:13 -0500] "GET /sipse/faces/javax.faces.resource/layout/layout.js?ln=primefaces&v=4.0 HTTP/1.1" 304 -
186.148.168.245 - - [08/Aug/2022:15:43:13 -0500] "POST /sipsesda/faces/vista/administracion/funcionario/listadoFuncionario.jspx HTTP/1.1" 200 32559
186.145.91.234 - - [08/Aug/2022:15:43:14 -0500] "POST /sipse/faces/presentacion/financiero/solicitudProceso/listarSolicitudProceso.xhtml HTTP/1.1" 200 32422
186.145.91.234 - - [08/Aug/2022:15:43:14 -0500] "POST /sipse/faces/presentacion/financiero/solicitudProceso/listarSolicitudProceso.xhtml HTTP/1.1" 200 32422
186.145.91.234 - - [08/Aug/2022:15:43:14 -0500] "POST /sipse/faces/presentacion/financiero/solicitudProceso/listarSolicitudProceso.xhtml HTTP/1.1" 200 32422
186.145.91.234 - - [08/Aug/2022:15:43:15 -0500] "POST /sipse/faces/presentacion/financiero/solicitudProceso/listarSolicitudProceso.xhtml HTTP/1.1" 200 1420
186.145.91.234 - - [08/Aug/2022:15:43:15 -0500] "POST /sipse/faces/presentacion/financiero/solicitudProceso/listarSolicitudProceso.xhtml HTTP/1.1" 200 1424
186.145.91.234 - - [08/Aug/2022:15:43:15 -0500] "POST /sipse/faces/presentacion/financiero/solicitudProceso/listarSolicitudProceso.xhtml HTTP/1.1" 200 1424
186.145.91.234 - - [08/Aug/2022:15:43:15 -0500] "POST /sipse/faces/presentacion/financiero/solicitudProceso/listarSolicitudProceso.xhtml HTTP/1.1" 200 1424
201.245.192.253 - - [08/Aug/2022:15:43:14 -0500] "POST /kwsrmcab/Wsrmcab  HTTP/1.1" 200 44251
172.22.2.4 - - [08/Aug/2022:15:43:18 -0500] "GET /BLA/boletinlegal/consulta_actos.php?tipo=resoluciones&no=5295&usuario=&sector=&fecha=2021&resuelve= HTTP/1.1" 200 626
172.22.2.4 - - [08/Aug/2022:15:43:18 -0500] "GET /BLA/boletinlegal/consulta_actos.php?tipo=resoluciones&no=5295&usuario=&sector=&fecha=2021&resuelve= HTTP/1.1" 200 626
172.22.2.4 - - [08/Aug/2022:15:43:23 -0500] "GET /BLA/boletinlegal/consulta_actos.php?tipo=resoluciones&no=5295&usuario=&sector=&fecha=2020&resuelve= HTTP/1.1" 200 626
172.22.2.4 - - [08/Aug/2022:15:43:26 -0500] "GET /BLA/boletinlegal/consulta_actos.php?tipo=resoluciones&no=5295&usuario=&sector=&fecha=2022&resuelve= HTTP/1.1" 200 626
186.145.91.234 - - [08/Aug/2022:15:43:25 -0500] "POST /sipse/faces/presentacion/financiero/solicitudProceso/listarSolicitudProceso.xhtml HTTP/1.1" 200 125085
186.145.91.234 - - [08/Aug/2022:15:43:27 -0500] "GET /sipse/faces/javax.faces.resource/theme.css?ln=primefaces-sipse HTTP/1.1" 304 -
186.145.91.234 - - [08/Aug/2022:15:43:27 -0500] "GET /sipse/faces/javax.faces.resource/primefaces.css?ln=primefaces&v=4.0 HTTP/1.1" 304 -
186.145.91.234 - - [08/Aug/2022:15:43:27 -0500] "GET /sipse/faces/javax.faces.resource/layout/layout.css?ln=primefaces&v=4.0 HTTP/1.1" 304 -
186.145.91.234 - - [08/Aug/2022:15:43:27 -0500] "GET /sipse/faces/javax.faces.resource/jquery/jquery.js?ln=primefaces&v=4.0 HTTP/1.1" 304 -
186.145.91.234 - - [08/Aug/2022:15:43:27 -0500] "GET /sipse/faces/javax.faces.resource/jquery/jquery-plugins.js?ln=primefaces&v=4.0 HTTP/1.1" 304 -
186.145.91.234 - - [08/Aug/2022:15:43:27 -0500] "GET /sipse/faces/javax.faces.resource/primefaces.js?ln=primefaces&v=4.0 HTTP/1.1" 304 -
186.145.91.234 - - [08/Aug/2022:15:43:27 -0500] "GET /sipse/faces/javax.faces.resource/layout/layout.js?ln=primefaces&v=4.0 HTTP/1.1" 304 -
172.22.2.4 - - [08/Aug/2022:15:43:27 -0500] "GET /BLA/boletinlegal/actos.php HTTP/1.1" 200 9559
172.22.2.4 - - [08/Aug/2022:15:43:37 -0500] "GET /BLA/boletinlegal/consulta_actos.php?tipo=autos&no=&usuario=&sector=&fecha=2022&resuelve=ordena%20el%20pago HTTP/1.1" 200 626
172.22.2.4 - - [08/Aug/2022:15:43:39 -0500] "GET /BLA/boletinlegal/consulta_actos.php?tipo=resoluciones&no=5295&usuario=&sector=&fecha=2022&resuelve= HTTP/1.1" 200 626
186.148.168.245 - - [08/Aug/2022:15:43:39 -0500] "POST /sipsesda/faces/vista/administracion/funcionario/listadoFuncionario.jspx HTTP/1.1" 200 19650
172.22.2.4 - - [08/Aug/2022:15:43:42 -0500] "GET /BLA/boletinlegal/consulta_actos.php?tipo=resoluciones&no=5295&usuario=&sector=&fecha=2021&resuelve= HTTP/1.1" 200 626
172.22.2.4 - - [08/Aug/2022:15:43:42 -0500] "GET /BLA/boletinlegal/consulta_actos.php?tipo=resoluciones&no=5295&usuario=&sector=&fecha=2021&resuelve= HTTP/1.1" 200 626
172.22.2.4 - - [08/Aug/2022:15:43:43 -0500] "GET /BLA/boletinlegal/consulta_actos.php?tipo=resoluciones&no=5295&usuario=&sector=&fecha=2021&resuelve= HTTP/1.1" 200 626
172.22.2.4 - - [08/Aug/2022:15:43:45 -0500] "GET /BLA/boletinlegal/consulta_actos.php?tipo=resoluciones&no=5295&usuario=&sector=&fecha=2020&resuelve= HTTP/1.1" 200 626
172.22.2.4 - - [08/Aug/2022:15:43:48 -0500] "GET /BLA/boletinlegal/consulta_actos.php?tipo=resoluciones&no=5295&usuario=&sector=&fecha=2019&resuelve= HTTP/1.1" 200 626
69.63.184.2 - - [08/Aug/2022:15:43:53 -0500] "GET /engativa-tendra-jornada-de-recoleccion-de-llantas-este-miercoles.html HTTP/1.1" 206 933
172.22.2.4 - - [08/Aug/2022:15:43:55 -0500] "GET /BLA/boletinlegal/consulta_actos.php?tipo=resoluciones&no=&usuario=&sector=&fecha=2022&resuelve=orden%20el%20pago HTTP/1.1" 200 626
172.22.2.4 - - [08/Aug/2022:15:44:14 -0500] "GET /BLA/boletinlegal/consulta_actos.php?tipo=resoluciones&no=&usuario=&sector=&fecha=2022&resuelve=ORDENA%20EL%20PAGO HTTP/1.1" 200 1058
172.22.2.4 - - [08/Aug/2022:15:44:14 -0500] "GET /BLA/boletinlegal/images/pdf.gif HTTP/1.1" 200 567
186.148.168.245 - - [08/Aug/2022:15:44:17 -0500] "POST /sipsesda/faces/vista/administracion/funcionario/registrarFuncionario.jspx?_afPfm=5 HTTP/1.1" 200 32610
186.148.168.245 - - [08/Aug/2022:15:44:18 -0500] "POST /sipsesda/faces/vista/administracion/funcionario/listadoFuncionario.jspx HTTP/1.1" 200 32099
186.28.29.14 - - [08/Aug/2022:15:44:21 -0500] "GET /BLA/resoluciones/RESOLUCIONES%202022/0957.pdf HTTP/1.1" 200 541396
186.148.168.245 - - [08/Aug/2022:15:44:24 -0500] "POST /sipsesda/faces/vista/administracion/funcionario/listadoFuncionario.jspx HTTP/1.1" 200 32604
186.148.168.245 - - [08/Aug/2022:15:44:25 -0500] "POST /sipsesda/faces/vista/administracion/funcionario/listadoFuncionario.jspx HTTP/1.1" 200 18423
172.22.2.4 - - [08/Aug/2022:15:44:30 -0500] "GET /BLA/boletinlegal/style.css HTTP/1.1" 200 9406
172.22.2.4 - - [08/Aug/2022:15:44:30 -0500] "GET /BLA/boletinlegal/styles2.css HTTP/1.1" 200 1838
172.22.2.4 - - [08/Aug/2022:15:44:30 -0500] "GET /BLA/boletinlegal/js/jquery.js HTTP/1.1" 200 57254
172.22.2.4 - - [08/Aug/2022:15:44:30 -0500] "GET /BLA/boletinlegal/js/jquery.scrollTo-min.js HTTP/1.1" 200 1150
172.22.2.4 - - [08/Aug/2022:15:44:30 -0500] "GET /BLA/boletinlegal/js/jquery.scrollShow.js HTTP/1.1" 200 4586
172.22.2.4 - - [08/Aug/2022:15:44:30 -0500] "GET /BLA/boletinlegal/images/cabezote%20BLEGAL.jpg HTTP/1.1" 200 118164
172.22.2.4 - - [08/Aug/2022:15:44:30 -0500] "GET /BLA/boletinlegal/images/subscribe-icon-big.png HTTP/1.1" 200 47702
172.22.2.4 - - [08/Aug/2022:15:44:30 -0500] "GET /BLA/boletinlegal/images/historia.png HTTP/1.1" 200 52775
172.22.2.4 - - [08/Aug/2022:15:44:30 -0500] "GET /BLA/boletinlegal/images/registro-usuarios.png HTTP/1.1" 200 8106
172.22.2.4 - - [08/Aug/2022:15:44:30 -0500] "GET /BLA/boletinlegal/images/arr_l.jpg HTTP/1.1" 200 1979
172.22.2.4 - - [08/Aug/2022:15:44:30 -0500] "GET /BLA/boletinlegal/images/screen_1.png HTTP/1.1" 200 202547
172.22.2.4 - - [08/Aug/2022:15:44:30 -0500] "GET /BLA/boletinlegal/images/launch.jpg HTTP/1.1" 200 14577
172.22.2.4 - - [08/Aug/2022:15:44:31 -0500] "GET /BLA/boletinlegal/images/menu_lft.gif HTTP/1.1" 200 1713
172.22.2.4 - - [08/Aug/2022:15:44:31 -0500] "GET /BLA/boletinlegal/images/menu_rght.gif HTTP/1.1" 200 1627
172.22.2.4 - - [08/Aug/2022:15:44:31 -0500] "GET /BLA/boletinlegal/images/bg_top.jpg HTTP/1.1" 200 522
172.22.2.4 - - [08/Aug/2022:15:44:31 -0500] "GET /BLA/boletinlegal/images/body_bg.jpg HTTP/1.1" 200 1601
172.22.2.4 - - [08/Aug/2022:15:44:31 -0500] "GET /BLA/boletinlegal/images/menu_bg.jpg HTTP/1.1" 200 620
172.22.2.4 - - [08/Aug/2022:15:44:31 -0500] "GET /BLA/boletinlegal/images/hover.jpg HTTP/1.1" 200 640
172.22.2.4 - - [08/Aug/2022:15:44:31 -0500] "GET /BLA/boletinlegal/images/text.jpg HTTP/1.1" 200 568
172.22.2.4 - - [08/Aug/2022:15:44:32 -0500] "GET /BLA/boletinlegal/actos.php HTTP/1.1" 200 9559
190.25.117.185 - - [08/Aug/2022:15:44:34 -0500] "GET /BLA/resoluciones/ HTTP/1.1" 200 13093
172.22.2.4 - - [08/Aug/2022:15:44:35 -0500] "GET /BLA/boletinlegal/normativa.php HTTP/1.1" 200 8326
172.22.2.4 - - [08/Aug/2022:15:44:35 -0500] "GET /BLA/boletinlegal/js/ajax_normativa.js HTTP/1.1" 200 1154
172.22.2.4 - - [08/Aug/2022:15:44:35 -0500] "GET /BLA/boletinlegal/niceforms.js HTTP/1.1" 200 22876
172.22.2.4 - - [08/Aug/2022:15:44:35 -0500] "GET /BLA/boletinlegal/niceforms-default.css HTTP/1.1" 200 6694
172.22.2.4 - - [08/Aug/2022:15:44:35 -0500] "GET /BLA/boletinlegal/images/abajo.png HTTP/1.1" 200 96676
172.22.2.4 - - [08/Aug/2022:15:44:35 -0500] "GET /BLA/boletinlegal/images/tel.png HTTP/1.1" 200 14477
172.22.2.4 - - [08/Aug/2022:15:44:35 -0500] "GET /BLA/boletinlegal/images/icono-email.png HTTP/1.1" 200 5544
172.22.2.4 - - [08/Aug/2022:15:44:35 -0500] "GET /BLA/boletinlegal/images/footer_bg.jpg HTTP/1.1" 200 586
172.22.2.4 - - [08/Aug/2022:15:44:35 -0500] "GET /BLA/boletinlegal/images/footer_bg_l.jpg HTTP/1.1" 200 776
172.22.2.4 - - [08/Aug/2022:15:44:35 -0500] "GET /BLA/boletinlegal/img/0.png HTTP/1.1" 200 110
172.22.2.4 - - [08/Aug/2022:15:44:35 -0500] "GET /BLA/boletinlegal/img/select-left.png HTTP/1.1" 200 263
172.22.2.4 - - [08/Aug/2022:15:44:35 -0500] "GET /BLA/boletinlegal/img/select-right.png HTTP/1.1" 200 44019
172.22.2.4 - - [08/Aug/2022:15:44:35 -0500] "GET /BLA/boletinlegal/img/button-left.png HTTP/1.1" 200 57071
172.22.2.4 - - [08/Aug/2022:15:44:35 -0500] "GET /BLA/boletinlegal/img/button.png HTTP/1.1" 200 43241
172.22.2.4 - - [08/Aug/2022:15:44:35 -0500] "GET /BLA/boletinlegal/img/button-right.png HTTP/1.1" 200 57878
172.22.2.4 - - [08/Aug/2022:15:44:35 -0500] "GET /BLA/boletinlegal/favicon.ico HTTP/1.1" 404 1334
190.25.117.185 - - [08/Aug/2022:15:44:36 -0500] "GET /BLA/resoluciones/index.php?dir=RESOLUCIONES+2000%2F HTTP/1.1" 200 27659
172.22.2.4 - - [08/Aug/2022:15:44:37 -0500] "GET /BLA/boletinlegal/images/screen_2.png HTTP/1.1" 200 362502
172.22.2.4 - - [08/Aug/2022:15:44:37 -0500] "GET /BLA/boletinlegal/images/screen_3.png HTTP/1.1" 200 210620
172.22.2.4 - - [08/Aug/2022:15:44:37 -0500] "GET /BLA/boletinlegal/images/screen_5.png HTTP/1.1" 200 368876
172.22.2.4 - - [08/Aug/2022:15:44:37 -0500] "GET /BLA/boletinlegal/images/arr_r.jpg HTTP/1.1" 200 1998
216.245.221.92 - - [08/Aug/2022:15:44:38 -0500] "HEAD / HTTP/1.1" 200 -
186.148.168.245 - - [08/Aug/2022:15:44:41 -0500] "POST /sipsesda/faces/vista/administracion/funcionario/registrarFuncionario.jspx?_afPfm=6 HTTP/1.1" 200 32667
172.22.2.4 - - [08/Aug/2022:15:44:46 -0500] "GET /BLA/boletinlegal/images/pdf.gif HTTP/1.1" 200 567
186.148.168.245 - - [08/Aug/2022:15:44:50 -0500] "POST /sipsesda/faces/vista/administracion/funcionario/listadoFuncionario.jspx HTTP/1.1" 200 32099
190.25.117.185 - - [08/Aug/2022:15:44:50 -0500] "GET /BLA/resoluciones/RESOLUCIONES%202000/2000%20600-649.tif HTTP/1.1" 200 6324287
172.22.2.4 - - [08/Aug/2022:15:44:51 -0500] "GET /BLA/boletinlegal/consulta_normativa.php?tipo=Resolucion&sector=Aire&ano=&resuelve=IVP HTTP/1.1" 200 454
186.148.168.245 - - [08/Aug/2022:15:44:55 -0500] "POST /sipsesda/faces/vista/administracion/funcionario/listadoFuncionario.jspx HTTP/1.1" 200 32592
186.148.168.245 - - [08/Aug/2022:15:44:56 -0500] "POST /sipsesda/faces/vista/administracion/funcionario/listadoFuncionario.jspx HTTP/1.1" 200 17721
186.148.168.245 - - [08/Aug/2022:15:45:14 -0500] "POST /sipsesda/faces/vista/administracion/funcionario/registrarFuncionario.jspx?_afPfm=7 HTTP/1.1" 200 32641
186.148.168.245 - - [08/Aug/2022:15:45:15 -0500] "POST /sipsesda/faces/vista/administracion/funcionario/listadoFuncionario.jspx HTTP/1.1" 200 32099
186.148.168.245 - - [08/Aug/2022:15:45:22 -0500] "POST /sipsesda/faces/vista/administracion/funcionario/listadoFuncionario.jspx HTTP/1.1" 200 32613
186.148.168.245 - - [08/Aug/2022:15:45:24 -0500] "POST /sipsesda/faces/vista/administracion/funcionario/listadoFuncionario.jspx HTTP/1.1" 200 17734
186.148.168.245 - - [08/Aug/2022:15:45:37 -0500] "POST /sipsesda/faces/vista/administracion/funcionario/registrarFuncionario.jspx?_afPfm=8 HTTP/1.1" 200 32664
172.22.2.4 - - [08/Aug/2022:15:45:45 -0500] "GET /BLA/boletinlegal/consulta_actos.php?tipo=resoluciones&no=&usuario=&sector=&fecha=2021&resuelve=ORDENA%20EL%20PAGO HTTP/1.1" 200 1108
186.148.168.245 - - [08/Aug/2022:15:45:47 -0500] "POST /sipsesda/faces/vista/administracion/funcionario/listadoFuncionario.jspx HTTP/1.1" 200 32099
186.28.29.14 - - [08/Aug/2022:15:45:50 -0500] "GET /BLA/resoluciones/RESOLUCIONES%202021/4329.pdf HTTP/1.1" 200 341980
186.148.168.245 - - [08/Aug/2022:15:45:57 -0500] "POST /sipsesda/faces/vista/administracion/funcionario/listadoFuncionario.jspx HTTP/1.1" 200 32550
186.148.168.245 - - [08/Aug/2022:15:45:58 -0500] "POST /sipsesda/faces/vista/administracion/funcionario/listadoFuncionario.jspx HTTP/1.1" 200 19627
172.22.2.4 - - [08/Aug/2022:15:44:29 -0500] "GET /BLA/boletinlegal/ HTTP/1.1" 200 53994
186.145.91.234 - - [08/Aug/2022:15:46:10 -0500] "POST /sipse/faces/presentacion/financiero/solicitudProceso/consultarSolicitudProceso.xhtml HTTP/1.1" 200 5507
186.148.168.245 - - [08/Aug/2022:15:46:13 -0500] "POST /sipsesda/faces/vista/administracion/funcionario/registrarFuncionario.jspx?_afPfm=9 HTTP/1.1" 200 32600
172.22.2.4 - - [08/Aug/2022:15:44:35 -0500] "HEAD /BLA/boletinlegal/ HTTP/1.1" 200 -
186.148.168.245 - - [08/Aug/2022:15:46:33 -0500] "POST /sipsesda/faces/vista/administracion/funcionario/listadoFuncionario.jspx HTTP/1.1" 200 32099
172.22.2.4 - - [08/Aug/2022:15:46:34 -0500] "GET /BLA/boletinlegal/jurisprudencia/analisis/AnalisisC-035-16.docx HTTP/1.1" 304 -
186.148.168.245 - - [08/Aug/2022:15:46:38 -0500] "POST /sipsesda/faces/vista/administracion/funcionario/listadoFuncionario.jspx HTTP/1.1" 200 32591
186.148.168.245 - - [08/Aug/2022:15:46:39 -0500] "POST /sipsesda/faces/vista/administracion/funcionario/listadoFuncionario.jspx HTTP/1.1" 200 18136
172.22.2.4 - - [08/Aug/2022:15:45:25 -0500] "GET /BLA/boletinlegal/ HTTP/1.1" 200 55621
186.148.168.245 - - [08/Aug/2022:15:47:09 -0500] "POST /sipsesda/faces/vista/administracion/funcionario/registrarFuncionario.jspx?_afPfm=a HTTP/1.1" 200 32641
186.148.168.245 - - [08/Aug/2022:15:47:10 -0500] "POST /sipsesda/faces/vista/administracion/funcionario/listadoFuncionario.jspx HTTP/1.1" 200 32099
186.148.168.245 - - [08/Aug/2022:15:47:16 -0500] "POST /sipsesda/faces/vista/administracion/funcionario/listadoFuncionario.jspx HTTP/1.1" 200 32613
186.148.168.245 - - [08/Aug/2022:15:47:18 -0500] "POST /sipsesda/faces/vista/administracion/funcionario/listadoFuncionario.jspx HTTP/1.1" 200 17736
172.22.2.4 - - [08/Aug/2022:15:47:24 -0500] "GET /BLA/boletinlegal/Directivas/2013/Directiva%20No.%202%20del%2004%20de%20Abril%20de%202013.pdf HTTP/1.1" 304 -
172.22.2.4 - - [08/Aug/2022:15:47:25 -0500] "GET /BLA/boletinlegal/consulta_normativa.php?tipo=Resolucion&sector=Aire&ano=&resuelve=IVP HTTP/1.1" 200 454
186.148.168.245 - - [08/Aug/2022:15:47:41 -0500] "POST /sipsesda/faces/vista/administracion/funcionario/registrarFuncionario.jspx?_afPfm=b HTTP/1.1" 200 32660
186.148.168.245 - - [08/Aug/2022:15:47:42 -0500] "POST /sipsesda/faces/vista/administracion/funcionario/listadoFuncionario.jspx HTTP/1.1" 200 32099
186.148.168.245 - - [08/Aug/2022:15:47:47 -0500] "POST /sipsesda/faces/vista/administracion/funcionario/listadoFuncionario.jspx HTTP/1.1" 200 32557
186.148.168.245 - - [08/Aug/2022:15:47:48 -0500] "POST /sipsesda/faces/vista/administracion/funcionario/listadoFuncionario.jspx HTTP/1.1" 200 18991
66.249.73.127 - - [08/Aug/2022:15:47:52 -0500] "-" 408 -
172.22.2.4 - - [08/Aug/2022:15:47:54 -0500] "GET /BLA/boletinlegal/normativa.php HTTP/1.1" 200 8326
186.148.168.245 - - [08/Aug/2022:15:48:16 -0500] "POST /sipsesda/faces/vista/administracion/funcionario/registrarFuncionario.jspx?_afPfm=c HTTP/1.1" 200 32608
201.245.192.253 - - [08/Aug/2022:15:48:13 -0500] "POST /kwsrmcab/Wsrmcab  HTTP/1.1" 200 44251
186.148.168.245 - - [08/Aug/2022:15:48:17 -0500] "POST /sipsesda/faces/vista/administracion/funcionario/listadoFuncionario.jspx HTTP/1.1" 200 32099
172.22.2.4 - - [08/Aug/2022:15:48:20 -0500] "GET /BLA/boletinlegal/consulta_normativa.php?tipo=Resolucion&sector=fauna&ano=2021&resuelve= HTTP/1.1" 200 454
172.22.2.4 - - [08/Aug/2022:15:48:22 -0500] "GET /BLA/boletinlegal/consulta_normativa.php?tipo=Resolucion&sector=fauna&ano=2021&resuelve= HTTP/1.1" 200 454
186.148.168.245 - - [08/Aug/2022:15:48:25 -0500] "POST /sipsesda/faces/vista/administracion/funcionario/listadoFuncionario.jspx HTTP/1.1" 200 11256
172.22.2.4 - - [08/Aug/2022:15:48:30 -0500] "GET /BLA/boletinlegal/consulta_normativa.php?tipo=Resolucion&sector=flora&ano=2021&resuelve= HTTP/1.1" 200 454
172.22.2.4 - - [08/Aug/2022:15:48:34 -0500] "GET /BLA/boletinlegal/normativa.php HTTP/1.1" 200 8326
186.148.168.245 - - [08/Aug/2022:15:48:38 -0500] "POST /sipsesda/faces/vista/administracion/funcionario/registrarFuncionario.jspx?_afPfm=d HTTP/1.1" 200 32099
172.22.2.4 - - [08/Aug/2022:15:48:38 -0500] "GET /BLA/boletinlegal/normativa.php HTTP/1.1" 200 8326
172.22.2.4 - - [08/Aug/2022:15:48:39 -0500] "GET /BLA/boletinlegal/conceptos.php HTTP/1.1" 200 7443
172.22.2.4 - - [08/Aug/2022:15:48:39 -0500] "GET /BLA/boletinlegal/js/ajax_conceptos.js HTTP/1.1" 200 1326
186.148.168.245 - - [08/Aug/2022:15:48:42 -0500] "POST /sipsesda/faces/vista/administracion/funcionario/listadoFuncionario.jspx HTTP/1.1" 200 32595
186.148.168.245 - - [08/Aug/2022:15:48:43 -0500] "POST /sipsesda/faces/vista/administracion/funcionario/listadoFuncionario.jspx HTTP/1.1" 200 17725
172.22.2.4 - - [08/Aug/2022:15:48:45 -0500] "GET /BLA/boletinlegal/conceptos.php HTTP/1.1" 200 7443
172.22.2.4 - - [08/Aug/2022:15:48:52 -0500] "GET /BLA/boletinlegal/consulta_conceptos.php?no=&solicitante=&radicado_entrada=&fecha_concepto=2021&objeto=IVP HTTP/1.1" 200 570
172.22.2.4 - - [08/Aug/2022:15:48:56 -0500] "GET /BLA/boletinlegal/consulta_conceptos.php?no=&solicitante=&radicado_entrada=&fecha_concepto=2020&objeto=IVP HTTP/1.1" 200 570
172.22.2.4 - - [08/Aug/2022:15:48:59 -0500] "GET /BLA/boletinlegal/consulta_conceptos.php?no=&solicitante=&radicado_entrada=&fecha_concepto=2020&objeto=IVP HTTP/1.1" 200 570
172.22.2.4 - - [08/Aug/2022:15:49:02 -0500] "GET /BLA/boletinlegal/consulta_conceptos.php?no=&solicitante=&radicado_entrada=&fecha_concepto=2019&objeto=IVP HTTP/1.1" 200 570
186.148.168.245 - - [08/Aug/2022:15:49:05 -0500] "POST /sipsesda/faces/vista/administracion/funcionario/registrarFuncionario.jspx?_afPfm=e HTTP/1.1" 200 32642
186.148.168.245 - - [08/Aug/2022:15:49:05 -0500] "POST /sipsesda/faces/vista/administracion/funcionario/listadoFuncionario.jspx HTTP/1.1" 200 32099
172.22.2.4 - - [08/Aug/2022:15:48:35 -0500] "GET /BLA/boletinlegal/index.php HTTP/1.1" 200 24523
186.148.168.245 - - [08/Aug/2022:15:49:10 -0500] "POST /sipsesda/faces/vista/administracion/funcionario/listadoFuncionario.jspx HTTP/1.1" 200 32915
186.148.168.245 - - [08/Aug/2022:15:49:17 -0500] "POST /sipsesda/faces/vista/administracion/funcionario/listadoFuncionario.jspx HTTP/1.1" 200 19875
172.22.2.4 - - [08/Aug/2022:15:49:25 -0500] "GET /BLA/boletinlegal/jurisprudencia/analisis/AnalisisT-095-16.docx HTTP/1.1" 200 20284
172.22.2.4 - - [08/Aug/2022:15:49:32 -0500] "GET /BLA/boletinlegal/consulta_conceptos.php?no=&solicitante=&radicado_entrada=&fecha_concepto=2019&objeto=compensaci%F3n%20por%20tala%20de%20arbolad HTTP/1.1" 200 570
172.22.2.4 - - [08/Aug/2022:15:49:36 -0500] "GET /BLA/boletinlegal/consulta_conceptos.php?no=&solicitante=&radicado_entrada=&fecha_concepto=2020&objeto=compensaci%F3n%20por%20tala%20de%20arbolad HTTP/1.1" 200 570
186.148.168.245 - - [08/Aug/2022:15:49:37 -0500] "POST /sipsesda/faces/vista/administracion/funcionario/registrarFuncionario.jspx?_afPfm=f HTTP/1.1" 200 32962
216.245.221.92 - - [08/Aug/2022:15:49:38 -0500] "HEAD / HTTP/1.1" 200 -
186.148.168.245 - - [08/Aug/2022:15:49:38 -0500] "POST /sipsesda/faces/vista/administracion/funcionario/listadoFuncionario.jspx HTTP/1.1" 200 32099
186.102.78.187 - - [08/Aug/2022:15:49:39 -0500] "GET /kwssiamovil/sm/des/ldap/au?x=U2FsdGVkX1/ZjYTPsVKZmCZbGdS+Bt/cTxFS0AEeAVWvkOmNtr2NGnsgoq/QmlsY&y=U2FsdGVkX1+JeVzTE0OLLTQZ4pEPHVWc3oeGDI9FLqQ= HTTP/1.1" 200 30
172.22.2.4 - - [08/Aug/2022:15:49:40 -0500] "GET /BLA/boletinlegal/consulta_conceptos.php?no=&solicitante=&radicado_entrada=&fecha_concepto=2021&objeto=compensaci%F3n%20por%20tala%20de%20arbolad HTTP/1.1" 200 570
186.148.168.245 - - [08/Aug/2022:15:49:42 -0500] "POST /sipsesda/faces/vista/administracion/funcionario/listadoFuncionario.jspx HTTP/1.1" 200 32587
172.22.2.4 - - [08/Aug/2022:15:49:44 -0500] "GET /BLA/boletinlegal/consulta_conceptos.php?no=&solicitante=&radicado_entrada=&fecha_concepto=2022&objeto=compensaci%F3n%20por%20tala%20de%20arbolad HTTP/1.1" 200 570
186.148.168.245 - - [08/Aug/2022:15:49:44 -0500] "POST /sipsesda/faces/vista/administracion/funcionario/listadoFuncionario.jspx HTTP/1.1" 200 21011
172.22.2.4 - - [08/Aug/2022:15:49:49 -0500] "GET /BLA/boletinlegal/consulta_conceptos.php?no=&solicitante=&radicado_entrada=&fecha_concepto=2015&objeto=compensaci%F3n%20por%20tala%20de%20arbolad HTTP/1.1" 200 570
172.22.2.4 - - [08/Aug/2022:15:49:53 -0500] "GET /BLA/boletinlegal/consulta_conceptos.php?no=&solicitante=&radicado_entrada=&fecha_concepto=2015&objeto=compensaci%F3n HTTP/1.1" 200 570
172.22.2.4 - - [08/Aug/2022:15:49:58 -0500] "GET /BLA/boletinlegal/consulta_conceptos.php?no=&solicitante=&radicado_entrada=&fecha_concepto=2016&objeto=compensaci%F3n HTTP/1.1" 200 570
186.148.168.245 - - [08/Aug/2022:15:50:01 -0500] "POST /sipsesda/faces/vista/administracion/funcionario/registrarFuncionario.jspx?_afPfm=10 HTTP/1.1" 200 32644
172.22.2.4 - - [08/Aug/2022:15:50:02 -0500] "GET /BLA/boletinlegal/consulta_conceptos.php?no=&solicitante=&radicado_entrada=&fecha_concepto=2017&objeto=compensaci%F3n HTTP/1.1" 200 570
186.148.168.245 - - [08/Aug/2022:15:50:02 -0500] "POST /sipsesda/faces/vista/administracion/funcionario/listadoFuncionario.jspx HTTP/1.1" 200 32099
172.22.2.4 - - [08/Aug/2022:15:50:06 -0500] "GET /BLA/boletinlegal/consulta_conceptos.php?no=&solicitante=&radicado_entrada=&fecha_concepto=2018&objeto=compensaci%F3n HTTP/1.1" 200 570
172.22.2.4 - - [08/Aug/2022:15:50:09 -0500] "GET /BLA/boletinlegal/consulta_conceptos.php?no=&solicitante=&radicado_entrada=&fecha_concepto=2019&objeto=compensaci%F3n HTTP/1.1" 200 570
186.148.168.245 - - [08/Aug/2022:15:50:09 -0500] "POST /sipsesda/faces/vista/administracion/funcionario/listadoFuncionario.jspx HTTP/1.1" 200 32599
186.148.168.245 - - [08/Aug/2022:15:50:10 -0500] "POST /sipsesda/faces/vista/administracion/funcionario/listadoFuncionario.jspx HTTP/1.1" 200 17732
172.22.2.4 - - [08/Aug/2022:15:50:14 -0500] "GET /BLA/boletinlegal/consulta_conceptos.php?no=&solicitante=&radicado_entrada=&fecha_concepto=2017&objeto=compensaci%F3n HTTP/1.1" 200 570
172.22.2.4 - - [08/Aug/2022:15:50:16 -0500] "GET /BLA/boletinlegal/conceptos.php HTTP/1.1" 200 7443
172.22.2.4 - - [08/Aug/2022:15:50:20 -0500] "GET /BLA/boletinlegal/consulta_conceptos.php?no=&solicitante=&radicado_entrada=&fecha_concepto=2017&objeto=compensaci%F3n HTTP/1.1" 200 570
186.102.58.187 - - [08/Aug/2022:15:50:54 -0500] "GET /kwssiamovil/sm/ldap/au?x=U2FsdGVkX1/n6yB5nG0VVPWbza21+XggQOxlttcoMSOaQBeQfi35RgN9Oe/fLPXk&y=U2FsdGVkX1+OiPqaoIqu6EtIc33pXbG2CkrBFJ/XkCJLTkyRcVmGyRiZRIhl5iVd HTTP/1.1" 200 30
186.102.58.187 - - [08/Aug/2022:15:50:54 -0500] "GET /kwssiamovil/sm/acme/s?s=U2FsdGVkX196C++i1Td/VsLA0bS+qfJ+4bmM1fSbbml8Xpo4UJwStEwhbezIYtIFFjAxWx+jXqtsfYvC3AKTrHy0JNFsL6amlJ2ZM37v8O0=&u=U2FsdGVkX196Quatsb46AP35FM0fI7YIy7JNe4n99bo=&y=U2FsdGVkX1+OiPqaoIqu6EtIc33pXbG2CkrBFJ/XkCJLTkyRcVmGyRiZRIhl5iVd HTTP/1.1" 200 97
186.102.58.187 - - [08/Aug/2022:15:50:55 -0500] "GET /kwssiamovil/sm/acme/s?s=U2FsdGVkX1/57/tNr177Ks6k96n5cXc6TtsHAcT6SFQk5taKstVnWmYrlRLu92/BDjJiYKa4nxL/FWfE8oYkPkbv56mOlpvafx7si35vnsgQFOzEBLuaGOMX0Wngsvg5+xpCjgIa5ZzSQ9nlYMAUTBaBuqSurp44p6hOiFeZ1HHMfXLliFAko49t154SofHjUie23v8HZZ4bLiybx+GOOXoTXbURY3OlrSfifexZqRMNv2pjTmXeOk/pviBi+t/zWWv9wp+yzlHX8H5Xf4Z0jzOzqfJo2DNYhBYpBQBV598z4e9n2ujqvpStpX7jatL1bhDePShtWXUemnzLwAPwhvyPL6Tt6FPlL0CPU175VZEtdq226KuN9Br7Boyc80omcIm6EmlnzX9ngklCbtiRUnXaewLqM/rFgyO12SiWVuhSFK3zlO1AtV2M4jG/HpcTPvtrMe5rVFRK+VYjC66pWTKPEQrOjPRSaZiOkTXW3W3Bd42qieEVIrvKd0yqVIQMFh+bIUZQ2Qkme+eHHvkKlKf3pE5SCR5B+7XWEhxoYSJomRzlGXNCBmMAJabak+NOwf1bzvht5pya/YzhglChBsRWSpFgCYYtvblCh7i0kMkRvQ4rU5ObSz2p9XVlXY+DzW3zXbJCXk50ROdcXC1UZcUXK86Pr75atX3B5bRxbkQKgaTigGLP34g+fwbiZ4JXWyKAZczd+n8Bt76V/VK6LL+j54ojKOqIsIFzHKiutklo7pusdIy83lzTo11n+TygiSfyhYZEFPGt12Ff0eBPz+0G2GYLKdiBf6LQk7Rv5ilD3xcQg/esrKjtRLNBytoT5PG7DXmti3C9pdXYW2WF9+/MgjIMIPvh3teF6dYakGb1LItZPQrlXMkbeQrfu41jnOTQ8dPONdaPEAANqaS9wW63fkKLbG+WvvhAay6kXVkrkYPGnyE5udSL5DgssmxfU/TUYJ/1N8yVxcbLaT0KMA42N64YhBIkK0Q3I0AvQENPYSjBxEXYmMCHWWJ5kYmX+sjh/5gTAEnjw3hM3qVGmU1oFBp6CCyJ4aDvwb0I+wxglHZfHfIWa6v+b+s6ePkjcXwOTOiSuBIHhFhy2pWM3ceqPazIsoY4NCcOpeOCQSsA1U3xCdd2rfKmF9zTOtgP5mRY0hOF1FUr2/dxOuMZbrwZdZK6ZsubOIY5hVckqccImBHAJXxC9sCSMflcuc1ubSq3JNLe2zVqf4JDsavujTaK4NaLqnu2+uaL9TSlDNBE7a0i2HjX1fYCdVecG7nuYUApvN8KGySgpb/Hv9+uTYMACAnrxlFlzjoq1sR4g/r1IUOvkKjiA032FouXDI2X3HDMx+p8EztvdgFnRAyO07al9Qq47wxflxYHH26ItzY=&u=U2FsdGVkX196Quatsb46AP35FM0fI7YIy7JNe4n99bo=&y=U2FsdGVkX1+OiPqaoIqu6EtIc33pXbG2CkrBFJ/XkCJLTkyRcVmGyRiZRIhl5iVd HTTP/1.1" 200 1695
186.102.58.187 - - [08/Aug/2022:15:50:55 -0500] "GET /kwssiamovil/sm/acme/s?s=U2FsdGVkX1/eIq/UoRnQInpopyQ8ErIDjaX0X8cYExhN9gcwKLganvdd8N9U3JQx8qia9iUwY9KPUWFD5Cy/HtBQjfDQVHUxHrlkhG/Y+8KdvQJz32cTwKsODeqUO89Fv5q+J8tQZsYScKN/ARy+e8NvOWdS0H3BdXWEUyGli9i4U6pIL+irCFRv3f8euhIKq4DjgH0sBrGdzE7jjmDPhE2JPTdthT0cThsMdHt11Dglemp87PckkyXq4jljcDWo8wnVjiyU4U48p+Od6wa8RYJ7wg/MYEURZkZWqGGwh5s=&u=U2FsdGVkX196Quatsb46AP35FM0fI7YIy7JNe4n99bo=&y=U2FsdGVkX1+OiPqaoIqu6EtIc33pXbG2CkrBFJ/XkCJLTkyRcVmGyRiZRIhl5iVd HTTP/1.1" 200 176
186.102.58.187 - - [08/Aug/2022:15:50:55 -0500] "GET /kwssiamovil/sm/cjson/pre?f=1&x=U2FsdGVkX1/n6yB5nG0VVPWbza21+XggQOxlttcoMSOaQBeQfi35RgN9Oe/fLPXk HTTP/1.1" 200 30992
172.22.2.4 - - [08/Aug/2022:15:50:59 -0500] "GET /BLA/boletinlegal/Directivas/2011/Directiva%20No.%206%20del%208%20de%20Septiembre%20de%202011.pdf HTTP/1.1" 304 -
172.22.2.4 - - [08/Aug/2022:15:51:39 -0500] "GET /BLA/boletinlegal/docs/manual/search/ HTTP/1.1" 404 1037
172.22.2.4 - - [08/Aug/2022:15:50:25 -0500] "HEAD /BLA/boletinlegal/ HTTP/1.1" 200 -
186.102.78.187 - - [08/Aug/2022:15:52:54 -0500] "OPTIONS /kwssiamovil/sm/des/setfile/f? HTTP/1.1" 200 13
172.22.2.4 - - [08/Aug/2022:15:51:15 -0500] "GET /BLA/boletinlegal/ HTTP/1.1" 200 60865
201.245.192.253 - - [08/Aug/2022:15:53:15 -0500] "POST /kwsrmcab/Wsrmcab  HTTP/1.1" 200 44251
186.102.78.187 - - [08/Aug/2022:15:52:54 -0500] "POST /kwssiamovil/sm/des/setfile/f? HTTP/1.1" 200 380
186.102.78.187 - - [08/Aug/2022:15:53:30 -0500] "OPTIONS /kwssiamovil/sm/des/setfile/f? HTTP/1.1" 200 13
186.102.78.187 - - [08/Aug/2022:15:53:30 -0500] "POST /kwssiamovil/sm/des/setfile/f? HTTP/1.1" 200 380
66.249.73.127 - - [08/Aug/2022:15:53:38 -0500] "-" 408 -
186.155.127.35 - - [08/Aug/2022:15:53:46 -0500] "GET /catalogoisis/ HTTP/1.1" 200 8575
186.155.127.35 - - [08/Aug/2022:15:53:46 -0500] "GET /catalogoisis/Css/Busqueda.css HTTP/1.1" 200 1995
186.155.127.35 - - [08/Aug/2022:15:53:46 -0500] "GET /catalogoisis/Js/Remote.js HTTP/1.1" 200 436
186.155.127.35 - - [08/Aug/2022:15:53:46 -0500] "GET /catalogoisis/Js/AceptarLimpiar.js HTTP/1.1" 200 331
186.155.127.35 - - [08/Aug/2022:15:53:46 -0500] "GET /catalogoisis/Js/CriterioCombinada.js HTTP/1.1" 200 1843
186.155.127.35 - - [08/Aug/2022:15:53:46 -0500] "GET /catalogoisis/Js/Numero.js HTTP/1.1" 200 398
186.155.127.35 - - [08/Aug/2022:15:53:46 -0500] "GET /catalogoisis/Js/LimpiarCombinada.js HTTP/1.1" 200 207
186.155.127.35 - - [08/Aug/2022:15:53:46 -0500] "GET /catalogoisis/Js/Go.js HTTP/1.1" 200 364
186.155.127.35 - - [08/Aug/2022:15:53:46 -0500] "GET /catalogoisis/Js/Cookies.js HTTP/1.1" 200 1369
186.155.127.35 - - [08/Aug/2022:15:53:46 -0500] "GET /catalogoisis/Js/Enter.js HTTP/1.1" 200 1208
186.155.127.35 - - [08/Aug/2022:15:53:46 -0500] "GET /catalogoisis/imagenes/br1c1.gif HTTP/1.1" 200 172
186.155.127.35 - - [08/Aug/2022:15:53:46 -0500] "GET /catalogoisis/imagenes/Turnbo1.gif HTTP/1.1" 200 227
186.155.127.35 - - [08/Aug/2022:15:53:46 -0500] "GET /catalogoisis/imagenes/limpiar1.gif HTTP/1.1" 200 606
186.155.127.35 - - [08/Aug/2022:15:53:46 -0500] "GET /catalogoisis/imagenes/aceptar1.gif HTTP/1.1" 200 604
186.155.127.35 - - [08/Aug/2022:15:53:46 -0500] "GET /catalogoisis/imagenes/br1c3.gif HTTP/1.1" 200 302
186.155.127.35 - - [08/Aug/2022:15:53:46 -0500] "GET /catalogoisis/imagenes/Header.gif HTTP/1.1" 200 30313
186.155.127.35 - - [08/Aug/2022:15:53:46 -0500] "GET /catalogoisis/imagenes/br3c1.gif HTTP/1.1" 200 177
186.155.127.35 - - [08/Aug/2022:15:53:46 -0500] "GET /catalogoisis/imagenes/br3c2.gif HTTP/1.1" 200 285
186.155.127.35 - - [08/Aug/2022:15:53:46 -0500] "GET /catalogoisis/imagenes/br3c3.gif HTTP/1.1" 200 186
186.155.127.35 - - [08/Aug/2022:15:53:46 -0500] "GET /catalogoisis/imagenes/br1c2.gif HTTP/1.1" 200 297
186.155.127.35 - - [08/Aug/2022:15:53:46 -0500] "GET /catalogoisis/imagenes/br2c1.gif HTTP/1.1" 200 297
186.155.127.35 - - [08/Aug/2022:15:53:46 -0500] "GET /catalogoisis/imagenes/br2c2.gif HTTP/1.1" 200 302
186.155.127.35 - - [08/Aug/2022:15:53:46 -0500] "GET /catalogoisis/imagenes/br2c3.gif HTTP/1.1" 200 416
186.155.127.35 - - [08/Aug/2022:15:53:46 -0500] "GET /favicon.ico HTTP/1.1" 200 7782
157.55.39.84 - - [08/Aug/2022:15:54:09 -0500] "GET /sipse/faces/javax.faces.resource/primefaces.js;jsessionid=16fdvxtklih+akcnzf7p++no.undefined?ln=primefaces&amp;v=4.0 HTTP/1.1" 200 276924
201.245.192.253 - - [08/Aug/2022:15:54:17 -0500] "GET /sipse/faces/index.xhtml HTTP/1.1" 200 677
201.245.192.253 - - [08/Aug/2022:15:54:26 -0500] "GET /sipse/faces/javax.faces.resource/theme.css?ln=primefaces-sipse HTTP/1.1" 304 -
201.245.192.253 - - [08/Aug/2022:15:54:27 -0500] "GET /sipse/faces/javax.faces.resource/theme.css?ln=primefaces-sipse HTTP/1.1" 304 -
201.245.192.253 - - [08/Aug/2022:15:54:27 -0500] "GET /sipse/faces/javax.faces.resource/layout/layout.css?ln=primefaces&v=4.0 HTTP/1.1" 304 -
201.245.192.253 - - [08/Aug/2022:15:54:27 -0500] "GET /sipse/faces/javax.faces.resource/jquery/jquery.js?ln=primefaces&v=4.0 HTTP/1.1" 304 -
201.245.192.253 - - [08/Aug/2022:15:54:27 -0500] "GET /sipse/faces/javax.faces.resource/primefaces.css?ln=primefaces&v=4.0 HTTP/1.1" 304 -
201.245.192.253 - - [08/Aug/2022:15:54:26 -0500] "GET /sipse/faces/faces/autenticacion.xhtml HTTP/1.1" 200 12169
201.245.192.253 - - [08/Aug/2022:15:54:27 -0500] "GET /sipse/faces/javax.faces.resource/primefaces.js?ln=primefaces&v=4.0 HTTP/1.1" 304 -
201.245.192.253 - - [08/Aug/2022:15:54:27 -0500] "GET /sipse/faces/javax.faces.resource/jquery/jquery-plugins.js?ln=primefaces&v=4.0 HTTP/1.1" 304 -
201.245.192.253 - - [08/Aug/2022:15:54:27 -0500] "GET /sipse/faces/javax.faces.resource/layout/layout.js?ln=primefaces&v=4.0 HTTP/1.1" 304 -
201.245.192.253 - - [08/Aug/2022:15:54:27 -0500] "GET /sipse/faces/javax.faces.resource/images/ui-icons_898989_256x240.png?ln=primefaces-aristo HTTP/1.1" 304 -
186.102.58.187 - - [08/Aug/2022:15:54:33 -0500] "GET /kwssiamovil/sm/ldap/au?x=U2FsdGVkX1/I+cPDwxW54exqFgUCjqpMjClNEsOkyktlbw6MUCZ54ZU99IeYSv4k&y=U2FsdGVkX18JxD5QZ3j9qc7fN1KeYEhaN6mCFTm4WA0bHbP/qprD96JHyMFdd5h0 HTTP/1.1" 200 31
216.245.221.92 - - [08/Aug/2022:15:54:38 -0500] "HEAD / HTTP/1.1" 200 -
186.28.29.14 - - [08/Aug/2022:15:54:44 -0500] "GET /BLA/resoluciones/ HTTP/1.1" 200 13093
201.245.192.253 - - [08/Aug/2022:15:54:45 -0500] "GET /sipse/faces/index.xhtml HTTP/1.1" 200 677
201.245.192.253 - - [08/Aug/2022:15:54:45 -0500] "GET /sipse/faces/javax.faces.resource/theme.css?ln=primefaces-sipse HTTP/1.1" 304 -
201.245.192.253 - - [08/Aug/2022:15:54:45 -0500] "GET /sipse/faces/faces/autenticacion.xhtml HTTP/1.1" 200 12169
201.245.192.253 - - [08/Aug/2022:15:54:45 -0500] "GET /sipse/js/disable_browser_buttons.js HTTP/1.1" 304 -
201.245.192.253 - - [08/Aug/2022:15:54:45 -0500] "GET /sipse/css/custom_css_sg.css HTTP/1.1" 304 -
201.245.192.253 - - [08/Aug/2022:15:54:45 -0500] "GET /sipse/css/custom_css_sg_prime_login.css HTTP/1.1" 304 -
201.245.192.253 - - [08/Aug/2022:15:54:45 -0500] "GET /sipse/faces/javax.faces.resource/theme.css?ln=primefaces-sipse HTTP/1.1" 304 -
201.245.192.253 - - [08/Aug/2022:15:54:45 -0500] "GET /sipse/faces/javax.faces.resource/primefaces.css?ln=primefaces&v=4.0 HTTP/1.1" 304 -
201.245.192.253 - - [08/Aug/2022:15:54:45 -0500] "GET /sipse/faces/javax.faces.resource/layout/layout.css?ln=primefaces&v=4.0 HTTP/1.1" 304 -
201.245.192.253 - - [08/Aug/2022:15:54:45 -0500] "GET /sipse/js/funciones.js HTTP/1.1" 304 -
201.245.192.253 - - [08/Aug/2022:15:54:45 -0500] "GET /sipse/faces/javax.faces.resource/jquery/jquery.js?ln=primefaces&v=4.0 HTTP/1.1" 304 -
201.245.192.253 - - [08/Aug/2022:15:54:45 -0500] "GET /sipse/faces/javax.faces.resource/jquery/jquery-plugins.js?ln=primefaces&v=4.0 HTTP/1.1" 304 -
201.245.192.253 - - [08/Aug/2022:15:54:45 -0500] "GET /sipse/faces/javax.faces.resource/primefaces.js?ln=primefaces&v=4.0 HTTP/1.1" 304 -
201.245.192.253 - - [08/Aug/2022:15:54:45 -0500] "GET /sipse/faces/javax.faces.resource/layout/layout.js?ln=primefaces&v=4.0 HTTP/1.1" 304 -
201.245.192.253 - - [08/Aug/2022:15:54:45 -0500] "GET /sipse/css/imagen/logoSDG.png HTTP/1.1" 304 -
201.245.192.253 - - [08/Aug/2022:15:54:45 -0500] "GET /sipse/css/imagen/loginimg.png HTTP/1.1" 304 -
201.245.192.253 - - [08/Aug/2022:15:54:46 -0500] "GET /sipse/faces/javax.faces.resource/images/ui-icons_898989_256x240.png?ln=primefaces-aristo HTTP/1.1" 304 -
201.245.192.253 - - [08/Aug/2022:15:54:48 -0500] "POST /sipse/faces/autenticacion.xhtml HTTP/1.1" 200 2213
201.245.192.253 - - [08/Aug/2022:15:54:49 -0500] "GET /sipse/faces/javax.faces.resource/messages/messages.png?ln=primefaces&v=4.0 HTTP/1.1" 304 -
201.245.192.253 - - [08/Aug/2022:15:54:50 -0500] "POST /sipse/faces/autenticacion.xhtml HTTP/1.1" 200 16280
201.245.192.253 - - [08/Aug/2022:15:54:51 -0500] "GET /sipse/css/custom_css_sg_prime.css HTTP/1.1" 304 -
201.245.192.253 - - [08/Aug/2022:15:54:51 -0500] "GET /sipse/faces/javax.faces.resource/primefaces.css?ln=primefaces&v=4.0 HTTP/1.1" 304 -
201.245.192.253 - - [08/Aug/2022:15:54:51 -0500] "GET /sipse/faces/javax.faces.resource/theme.css?ln=primefaces-sipse HTTP/1.1" 304 -
201.245.192.253 - - [08/Aug/2022:15:54:51 -0500] "GET /sipse/faces/javax.faces.resource/layout/layout.css?ln=primefaces&v=4.0 HTTP/1.1" 304 -
201.245.192.253 - - [08/Aug/2022:15:54:51 -0500] "GET /sipse/js/jquery.min.js HTTP/1.1" 304 -
201.245.192.253 - - [08/Aug/2022:15:54:51 -0500] "GET /sipse/faces/javax.faces.resource/jquery/jquery.js?ln=primefaces&v=4.0 HTTP/1.1" 304 -
201.245.192.253 - - [08/Aug/2022:15:54:51 -0500] "GET /sipse/faces/javax.faces.resource/jquery/jquery-plugins.js?ln=primefaces&v=4.0 HTTP/1.1" 304 -
201.245.192.253 - - [08/Aug/2022:15:54:51 -0500] "GET /sipse/faces/javax.faces.resource/primefaces.js?ln=primefaces&v=4.0 HTTP/1.1" 304 -
201.245.192.253 - - [08/Aug/2022:15:54:51 -0500] "GET /sipse/faces/javax.faces.resource/layout/layout.js?ln=primefaces&v=4.0 HTTP/1.1" 304 -
201.245.192.253 - - [08/Aug/2022:15:54:51 -0500] "GET /sipse/css/imagen/contrasena.png HTTP/1.1" 404 383
201.245.192.253 - - [08/Aug/2022:15:54:51 -0500] "GET /sipse/imagenes/cargando.gif HTTP/1.1" 304 -
201.245.192.253 - - [08/Aug/2022:15:54:51 -0500] "GET /sipse/imagenes/logoAplicacion.jpg HTTP/1.1" 304 -
201.245.192.253 - - [08/Aug/2022:15:54:52 -0500] "GET /sipse/faces/javax.faces.resource/images/ui-bg_flat_0_2d5972_40x100.png?ln=primefaces-aristo HTTP/1.1" 304 -
201.245.192.253 - - [08/Aug/2022:15:54:52 -0500] "POST /sipse/faces/bienvenido.xhtml HTTP/1.1" 200 2658
186.28.29.14 - - [08/Aug/2022:15:54:52 -0500] "GET /BLA/resoluciones/index.php?dir=RESOLUCIONES+2017%2F HTTP/1.1" 200 281896
186.102.58.187 - - [08/Aug/2022:15:54:53 -0500] "GET /kwssiamovil/sm/ldap/au?x=U2FsdGVkX18/cBRmpfjGoRKB2XXWopGk0o8/kyYp4yZJpOPnrUcWVC+3UQbm+qy1&y=U2FsdGVkX190Qqgkx0GZp7NwsAo2e3Nz6KVxJldofzDYmFTyz5DO0jxH+oayNtVE HTTP/1.1" 200 30
186.102.58.187 - - [08/Aug/2022:15:54:53 -0500] "GET /kwssiamovil/sm/acme/s?s=U2FsdGVkX19FMHD/xSt2R9yaSU33JELgLzOpCIB0b0SHdU6GWeyVPlbwsQsVL6KCF+In/DN5Uk/XwCHKPECHBZBcXjsrTvnjjKGdcKNwQDM=&u=U2FsdGVkX18xeCtUHj0vo/UxZryuKaSFbht7ls5iLWo=&y=U2FsdGVkX190Qqgkx0GZp7NwsAo2e3Nz6KVxJldofzDYmFTyz5DO0jxH+oayNtVE HTTP/1.1" 200 97
186.102.58.187 - - [08/Aug/2022:15:54:53 -0500] "GET /kwssiamovil/sm/acme/s?s=U2FsdGVkX1+KyL5OwxhlM2VtSrjkBLVKtZZ3WDo+HEJenWCnqJ96k/sIYRWlaAWipHRT5yKYGt6hSvMlccMeTI7mVS3ZoMc8kuvqVzcpxHTOW6LN8elE0R4CImksWt22hsCtqzsSoE/N0bNx9qTtJUkmkdQcwJrYkMnp94mcWJPGAl0ENUqB4/D+NbyKhXNmxWJg8hVhcHwR9TIkqMyX/6uFz4soDUgHUxrHKvFMQ0KSP7+mPjrPaYY76l7gJEho8xfgDAHw7VfnFrCYhbLEs7bNaPhaksNoAfpi4Saa1Dm+RPaJ/9ctziFlqUP9DQXwVbaElv8wSlcaZLju+4GAzkhQoMZGQKj5KEmNBUM1vL8kSrU59cPNK5ZaDvYWFhz4K0IXI/HdEXJvuRFCLvEH++K6qDbadpd1ZxTrrfZudAaeozEDS7nyaa2xJHMdYCLAzB1SEMQqEtY0nBbqi1oMYUDfmxJ1Y0tnnYWManRA51rPjFbpKA4aWvDO13waHcIWwsiKs1yyq1Sw8vGPviXddKEogpSJACnhHu4bFRVV3mjtZaLG1kFEW/bzsNRDD3PbyMHg6fw07VmHyrQH+g3NLQwuPaL77Z3i2AF2AjNvjVKs+qx7LUjD8LPShMhtwGD6B6NDOYk71yyjvJDKMdax03vfh87oUVjJvSresl/z3s2bO46JcWrMC8K9Oq19XQoMbcZRceWHBXNRh+tp15+KNN9tGeloSyGBK7WKG8bUr4B/ZN5bpKFXrzEU8zU9g7eYPOV/JErQgrcBnsUG+MDT2QKJTH46ZlJldGXtoBOCUS/H0VKjtOGhE7aca5IqaBsvlwsCfuux2WIdMqhEPaozg4q3JGHs3O8gF4TP3ScpaJrvrtSxU21od2fyWW24eqxhQY3tSqpEZCWHuuVwJ9Hv1IGkLDY8kqrIIQI0B8HdTBkBVb6B1vfIcol0yrHwpbkAd8Slgj8ezDHl5lw/PdcMBx8c4WU4MOmU28vRIRMoWO7FFVb75kUwx75+u9fIr7idyqjytD9HDjEsFRwP0qY/umgCai3c1/6k0F/YEjV3aZlibhjxi5wRhvyqhU9nvX0NjRkgAECGrOkcRBLBiFwtlzXj48LQzfREs+hzcw8d9x9Q3QSbmjWwvoLQDjG4AVFuZoHvJPV8Dg5tphSY6Nu1k0/skrtX/lBptf0ZRB/bEgzWi1+Q8720yCQmc5oUyvHLf0UYd9+mrI+HOWcHI41PXdPsjRIoUMKVqd7m3ObDwSJ01Vj9c+E8GVi7XrC7Ta1mqEvAF5wM8P2uFgrjG988NTdBje+7n3LbIHq/MECJGKfYE5dhl32sNo5jekjhSBFkfvywbF0CPnd88lJHBns0vaUW1DU38g1iVA2t0hfUvkE=&u=U2FsdGVkX18xeCtUHj0vo/UxZryuKaSFbht7ls5iLWo=&y=U2FsdGVkX190Qqgkx0GZp7NwsAo2e3Nz6KVxJldofzDYmFTyz5DO0jxH+oayNtVE HTTP/1.1" 200 1695
