201.244.27.185 - - [10/Aug/2022:02:00:49 -0500] "GET /sipse/faces/javax.faces.resource/primefaces.css;jsessionid=oCtfyFVuUZaHxjwGksLs4wJv.undefined?ln=primefaces&v=4.0 HTTP/1.1" 200 53295
201.244.27.185 - - [10/Aug/2022:02:00:49 -0500] "GET /sipse/faces/javax.faces.resource/primefaces.js;jsessionid=oCtfyFVuUZaHxjwGksLs4wJv.undefined?ln=primefaces&v=4.0 HTTP/1.1" 200 276924
201.244.27.185 - - [10/Aug/2022:02:00:50 -0500] "GET /sipse/css/imagen/logoSDG.png HTTP/1.1" 200 53064
201.244.27.185 - - [10/Aug/2022:02:00:50 -0500] "GET /sipse/faces/javax.faces.resource/images/ui-icons_898989_256x240.png?ln=primefaces-aristo HTTP/1.1" 304 -
201.244.27.185 - - [10/Aug/2022:02:00:50 -0500] "GET /sipse/css/imagen/loginimg.png HTTP/1.1" 200 71635
201.244.27.185 - - [10/Aug/2022:02:00:50 -0500] "GET /sipse/faces/faces/faces/faces/faces/faces/faces/faces/faces/faces/faces/index.xhtml HTTP/1.1" 200 677
201.244.27.185 - - [10/Aug/2022:02:00:51 -0500] "GET /sipse/faces/javax.faces.resource/theme.css?ln=primefaces-sipse HTTP/1.1" 304 -
201.244.27.185 - - [10/Aug/2022:02:00:52 -0500] "GET /sipse/faces/faces/faces/faces/faces/faces/faces/faces/faces/faces/faces/faces/autenticacion.xhtml HTTP/1.1" 200 12175
201.244.27.185 - - [10/Aug/2022:02:00:53 -0500] "GET /sipse/faces/javax.faces.resource/theme.css?ln=primefaces-sipse HTTP/1.1" 304 -
201.244.27.185 - - [10/Aug/2022:02:00:53 -0500] "GET /sipse/faces/javax.faces.resource/primefaces.css?ln=primefaces&v=4.0 HTTP/1.1" 304 -
201.244.27.185 - - [10/Aug/2022:02:00:53 -0500] "GET /sipse/faces/javax.faces.resource/layout/layout.css?ln=primefaces&v=4.0 HTTP/1.1" 304 -
201.244.27.185 - - [10/Aug/2022:02:00:53 -0500] "GET /sipse/faces/javax.faces.resource/jquery/jquery-plugins.js?ln=primefaces&v=4.0 HTTP/1.1" 304 -
201.244.27.185 - - [10/Aug/2022:02:00:53 -0500] "GET /sipse/faces/javax.faces.resource/jquery/jquery.js?ln=primefaces&v=4.0 HTTP/1.1" 304 -
201.244.27.185 - - [10/Aug/2022:02:00:53 -0500] "GET /sipse/faces/javax.faces.resource/layout/layout.js?ln=primefaces&v=4.0 HTTP/1.1" 304 -
201.244.27.185 - - [10/Aug/2022:02:00:53 -0500] "GET /sipse/faces/javax.faces.resource/primefaces.js?ln=primefaces&v=4.0 HTTP/1.1" 304 -
201.244.27.185 - - [10/Aug/2022:02:00:53 -0500] "GET /sipse/faces/javax.faces.resource/images/ui-icons_898989_256x240.png?ln=primefaces-aristo HTTP/1.1" 200 5355
201.244.27.185 - - [10/Aug/2022:02:01:00 -0500] "POST /sipse/faces/autenticacion.xhtml HTTP/1.1" 200 2212
201.244.27.185 - - [10/Aug/2022:02:01:00 -0500] "GET /sipse/faces/javax.faces.resource/messages/messages.png?ln=primefaces&v=4.0 HTTP/1.1" 200 27209
201.244.27.185 - - [10/Aug/2022:02:01:02 -0500] "POST /sipse/faces/autenticacion.xhtml HTTP/1.1" 200 16317
201.244.27.185 - - [10/Aug/2022:02:01:02 -0500] "GET /sipse/css/custom_css_sg_prime.css HTTP/1.1" 200 5201
201.244.27.185 - - [10/Aug/2022:02:01:02 -0500] "GET /sipse/js/jquery.min.js HTTP/1.1" 304 -
201.244.27.185 - - [10/Aug/2022:02:01:02 -0500] "GET /sipse/faces/javax.faces.resource/jquery/jquery.js?ln=primefaces&v=4.0 HTTP/1.1" 304 -
201.244.27.185 - - [10/Aug/2022:02:01:02 -0500] "GET /sipse/faces/javax.faces.resource/jquery/jquery-plugins.js?ln=primefaces&v=4.0 HTTP/1.1" 304 -
201.244.27.185 - - [10/Aug/2022:02:01:02 -0500] "GET /sipse/faces/javax.faces.resource/primefaces.js?ln=primefaces&v=4.0 HTTP/1.1" 304 -
201.244.27.185 - - [10/Aug/2022:02:01:02 -0500] "GET /sipse/faces/javax.faces.resource/layout/layout.js?ln=primefaces&v=4.0 HTTP/1.1" 304 -
201.244.27.185 - - [10/Aug/2022:02:01:02 -0500] "GET /sipse/imagenes/cargando.gif HTTP/1.1" 304 -
201.244.27.185 - - [10/Aug/2022:02:01:02 -0500] "GET /sipse/imagenes/logoAplicacion.jpg HTTP/1.1" 304 -
201.244.27.185 - - [10/Aug/2022:02:01:02 -0500] "GET /sipse/css/imagen/contrasena.png HTTP/1.1" 404 383
201.244.27.185 - - [10/Aug/2022:02:01:06 -0500] "GET /sipse/faces/javax.faces.resource/images/ui-bg_flat_0_2d5972_40x100.png?ln=primefaces-aristo HTTP/1.1" 304 -
201.244.27.185 - - [10/Aug/2022:02:01:06 -0500] "POST /sipse/faces/bienvenido.xhtml HTTP/1.1" 200 2658
201.244.27.185 - - [10/Aug/2022:02:01:08 -0500] "POST /sipse/faces/bienvenido.xhtml HTTP/1.1" 200 2073
201.244.27.185 - - [10/Aug/2022:02:01:10 -0500] "POST /sipse/faces/bienvenido.xhtml HTTP/1.1" 200 40800
201.244.27.185 - - [10/Aug/2022:02:01:10 -0500] "GET /sipse/faces/javax.faces.resource/jquery/jquery.js?ln=primefaces&v=4.0 HTTP/1.1" 304 -
201.244.27.185 - - [10/Aug/2022:02:01:10 -0500] "GET /sipse/faces/javax.faces.resource/jquery/jquery-plugins.js?ln=primefaces&v=4.0 HTTP/1.1" 304 -
201.244.27.185 - - [10/Aug/2022:02:01:10 -0500] "GET /sipse/faces/javax.faces.resource/primefaces.js?ln=primefaces&v=4.0 HTTP/1.1" 304 -
201.244.27.185 - - [10/Aug/2022:02:01:10 -0500] "GET /sipse/faces/javax.faces.resource/layout/layout.js?ln=primefaces&v=4.0 HTTP/1.1" 304 -
201.244.27.185 - - [10/Aug/2022:02:01:20 -0500] "POST /sipse/faces/presentacion/financiero/solicitudProceso/consultar.xhtml HTTP/1.1" 200 12864
66.249.73.127 - - [10/Aug/2022:02:01:24 -0500] "-" 408 -
185.119.81.103 - - [10/Aug/2022:02:01:37 -0500] "GET /portaldeninos/wp-login.php HTTP/1.1" 200 2592
185.119.81.103 - - [10/Aug/2022:02:01:38 -0500] "POST /portaldeninos/wp-login.php HTTP/1.1" 200 3605
201.244.27.185 - - [10/Aug/2022:02:01:40 -0500] "POST /sipse/faces/presentacion/financiero/solicitudProceso/consultar.xhtml HTTP/1.1" 200 156455
201.244.27.185 - - [10/Aug/2022:02:01:46 -0500] "GET /sipse/faces/javax.faces.resource/jquery/jquery.js?ln=primefaces&v=4.0 HTTP/1.1" 304 -
201.244.27.185 - - [10/Aug/2022:02:01:46 -0500] "GET /sipse/faces/javax.faces.resource/jquery/jquery-plugins.js?ln=primefaces&v=4.0 HTTP/1.1" 304 -
201.244.27.185 - - [10/Aug/2022:02:01:46 -0500] "GET /sipse/faces/javax.faces.resource/primefaces.js?ln=primefaces&v=4.0 HTTP/1.1" 304 -
201.244.27.185 - - [10/Aug/2022:02:01:46 -0500] "GET /sipse/faces/javax.faces.resource/layout/layout.js?ln=primefaces&v=4.0 HTTP/1.1" 304 -
66.249.73.86 - - [10/Aug/2022:02:02:08 -0500] "-" 408 -
201.244.27.185 - - [10/Aug/2022:02:02:12 -0500] "POST /sipse/faces/presentacion/financiero/solicitudProceso/consultarSolicitudProceso.xhtml HTTP/1.1" 200 2491103
216.245.221.92 - - [10/Aug/2022:02:05:23 -0500] "HEAD / HTTP/1.1" 200 -
201.245.192.253 - - [10/Aug/2022:02:05:23 -0500] "POST /kwsrmcab/Wsrmcab  HTTP/1.1" 200 213
172.22.2.4 - - [10/Aug/2022:02:03:49 -0500] "HEAD /BLA/boletinlegal/ HTTP/1.1" 200 -
172.22.2.4 - - [10/Aug/2022:02:04:39 -0500] "GET /BLA/boletinlegal/ HTTP/1.1" 200 58154
201.244.27.185 - - [10/Aug/2022:02:06:39 -0500] "GET /sipse/faces/faces/faces/faces/faces/faces/faces/faces/faces/faces/faces/index.xhtml HTTP/1.1" 200 677
201.244.27.185 - - [10/Aug/2022:02:06:42 -0500] "GET /sipse/faces/faces/faces/faces/faces/faces/faces/faces/faces/faces/faces/faces/autenticacion.xhtml HTTP/1.1" 200 12497
201.244.27.185 - - [10/Aug/2022:02:06:42 -0500] "GET /sipse/faces/javax.faces.resource/theme.css?ln=primefaces-sipse HTTP/1.1" 304 -
201.244.27.185 - - [10/Aug/2022:02:06:42 -0500] "GET /sipse/faces/javax.faces.resource/layout/layout.css;jsessionid=Iz9WDZn6y-V9mLcBvmtcLG5K.undefined?ln=primefaces&v=4.0 HTTP/1.1" 200 542
201.244.27.185 - - [10/Aug/2022:02:06:42 -0500] "GET /sipse/faces/javax.faces.resource/jquery/jquery-plugins.js;jsessionid=Iz9WDZn6y-V9mLcBvmtcLG5K.undefined?ln=primefaces&v=4.0 HTTP/1.1" 200 220526
201.244.27.185 - - [10/Aug/2022:02:06:42 -0500] "GET /sipse/faces/javax.faces.resource/primefaces.css;jsessionid=Iz9WDZn6y-V9mLcBvmtcLG5K.undefined?ln=primefaces&v=4.0 HTTP/1.1" 200 53295
201.244.27.185 - - [10/Aug/2022:02:06:42 -0500] "GET /sipse/faces/javax.faces.resource/layout/layout.js;jsessionid=Iz9WDZn6y-V9mLcBvmtcLG5K.undefined?ln=primefaces&v=4.0 HTTP/1.1" 200 87560
201.244.27.185 - - [10/Aug/2022:02:06:42 -0500] "GET /sipse/faces/javax.faces.resource/jquery/jquery.js;jsessionid=Iz9WDZn6y-V9mLcBvmtcLG5K.undefined?ln=primefaces&v=4.0 HTTP/1.1" 200 105384
201.244.27.185 - - [10/Aug/2022:02:06:42 -0500] "GET /sipse/faces/javax.faces.resource/primefaces.js;jsessionid=Iz9WDZn6y-V9mLcBvmtcLG5K.undefined?ln=primefaces&v=4.0 HTTP/1.1" 200 276924
201.244.27.185 - - [10/Aug/2022:02:06:42 -0500] "GET /sipse/faces/javax.faces.resource/images/ui-icons_898989_256x240.png?ln=primefaces-aristo HTTP/1.1" 304 -
185.119.81.99 - - [10/Aug/2022:02:07:16 -0500] "GET /portaldeninos/wp-login.php HTTP/1.1" 200 2592
185.119.81.99 - - [10/Aug/2022:02:07:17 -0500] "POST /portaldeninos/wp-login.php HTTP/1.1" 200 3605
66.249.73.127 - - [10/Aug/2022:02:08:14 -0500] "-" 408 -
185.119.81.106 - - [10/Aug/2022:02:08:20 -0500] "GET /portaldeninos/wp-login.php HTTP/1.1" 200 2592
185.119.81.106 - - [10/Aug/2022:02:08:21 -0500] "POST /portaldeninos/wp-login.php HTTP/1.1" 200 3650
65.49.20.67 - - [10/Aug/2022:02:09:20 -0500] "GET /favicon.ico HTTP/1.1" 200 7782
172.22.2.4 - - [10/Aug/2022:02:10:20 -0500] "GET /BLA/boletinlegal/norma_menu.php HTTP/1.1" 200 6318
216.245.221.92 - - [10/Aug/2022:02:10:23 -0500] "HEAD / HTTP/1.1" 200 -
201.245.192.253 - - [10/Aug/2022:02:10:22 -0500] "POST /kwsrmcab/Wsrmcab  HTTP/1.1" 200 213
172.22.2.4 - - [10/Aug/2022:02:09:39 -0500] "HEAD /BLA/boletinlegal/ HTTP/1.1" 200 -
172.22.2.4 - - [10/Aug/2022:02:10:29 -0500] "GET /BLA/boletinlegal/ HTTP/1.1" 200 58154
66.249.73.127 - - [10/Aug/2022:02:14:30 -0500] "-" 408 -
40.77.167.65 - - [10/Aug/2022:02:14:31 -0500] "GET /BLA/resoluciones/RESOLUCIONES%202000/2000%201350-1399.tif HTTP/1.1" 200 5177378
172.22.2.4 - - [10/Aug/2022:02:14:49 -0500] "GET /BLA/boletinlegal/.env HTTP/1.1" 404 1018
185.119.81.103 - - [10/Aug/2022:02:15:14 -0500] "GET /portaldeninos/wp-login.php HTTP/1.1" 200 2592
185.119.81.103 - - [10/Aug/2022:02:15:15 -0500] "POST /portaldeninos/wp-login.php HTTP/1.1" 200 3605
216.245.221.92 - - [10/Aug/2022:02:15:23 -0500] "HEAD / HTTP/1.1" 200 -
172.22.2.4 - - [10/Aug/2022:02:14:50 -0500] "POST /BLA/boletinlegal/ HTTP/1.1" 200 24523
201.245.192.253 - - [10/Aug/2022:02:15:21 -0500] "POST /kwsrmcab/Wsrmcab  HTTP/1.1" 200 213
173.252.111.22 - - [10/Aug/2022:02:17:09 -0500] "GET /images/pieza-grafica-semana-ambiental-30.jpg HTTP/1.1" 200 38850
172.22.2.4 - - [10/Aug/2022:02:15:29 -0500] "HEAD /BLA/boletinlegal/ HTTP/1.1" 200 -
172.22.2.4 - - [10/Aug/2022:02:16:19 -0500] "GET /BLA/boletinlegal/ HTTP/1.1" 200 60272
201.245.192.253 - - [10/Aug/2022:02:19:46 -0500] "POST /kwsrmcab/Wsrmcab HTTP/1.1" 200 46611
201.245.192.253 - - [10/Aug/2022:02:19:50 -0500] "POST /kwsrmcab/Wsrmcab HTTP/1.1" 200 47511
66.249.73.127 - - [10/Aug/2022:02:20:19 -0500] "-" 408 -
201.245.192.253 - - [10/Aug/2022:02:20:19 -0500] "POST /kwsrmcab/Wsrmcab  HTTP/1.1" 200 213
216.245.221.92 - - [10/Aug/2022:02:20:23 -0500] "HEAD / HTTP/1.1" 200 -
172.22.2.4 - - [10/Aug/2022:02:21:19 -0500] "HEAD /BLA/boletinlegal/ HTTP/1.1" 200 -
172.22.2.4 - - [10/Aug/2022:02:22:09 -0500] "GET /BLA/boletinlegal/ HTTP/1.1" 200 58566
201.245.192.253 - - [10/Aug/2022:02:25:18 -0500] "POST /kwsrmcab/Wsrmcab  HTTP/1.1" 200 213
216.245.221.92 - - [10/Aug/2022:02:25:23 -0500] "HEAD / HTTP/1.1" 200 -
66.249.73.127 - - [10/Aug/2022:02:26:10 -0500] "-" 408 -
172.22.2.4 - - [10/Aug/2022:02:25:49 -0500] "GET /BLA/boletinlegal/ HTTP/1.1" 200 61436
157.55.39.108 - - [10/Aug/2022:02:27:50 -0500] "GET /portaldeninos/2021/05/17/en-el-dia-mundial-del-reciclaje-la-secretaria-de-ambiente-recuerda-la-importancia-de-separar-residuos-y-aprovecharlos/ HTTP/1.1" 200 132838
207.46.13.14 - - [10/Aug/2022:02:28:10 -0500] "GET /portaldeninos/wp-content/themes/betheme/fonts/mfn-icons.ttf?93978679 HTTP/1.1" 200 124684
207.46.13.148 - - [10/Aug/2022:02:28:11 -0500] "GET /portaldeninos/wp-includes/js/comment-reply.min.js?ver=4.9.8 HTTP/1.1" 200 1078
157.55.39.145 - - [10/Aug/2022:02:28:17 -0500] "GET /portaldeninos/wp-content/themes/betheme/js/menu.js?ver=20.9.6 HTTP/1.1" 200 2449
172.22.2.4 - - [10/Aug/2022:02:27:09 -0500] "HEAD /BLA/boletinlegal/ HTTP/1.1" 200 -
172.22.2.4 - - [10/Aug/2022:02:27:59 -0500] "GET /BLA/boletinlegal/ HTTP/1.1" 200 59819
201.245.192.253 - - [10/Aug/2022:02:29:47 -0500] "POST /kwsrmcab/Wsrmcab HTTP/1.1" 200 46611
201.245.192.253 - - [10/Aug/2022:02:29:51 -0500] "POST /kwsrmcab/Wsrmcab HTTP/1.1" 200 47511
201.245.192.253 - - [10/Aug/2022:02:30:17 -0500] "POST /kwsrmcab/Wsrmcab  HTTP/1.1" 200 213
216.245.221.92 - - [10/Aug/2022:02:30:23 -0500] "HEAD / HTTP/1.1" 200 -
34.90.117.156 - - [10/Aug/2022:02:31:42 -0500] "GET / HTTP/1.1" 200 319
66.249.73.127 - - [10/Aug/2022:02:33:32 -0500] "-" 408 -
172.22.2.4 - - [10/Aug/2022:02:32:59 -0500] "HEAD /BLA/boletinlegal/ HTTP/1.1" 200 -
172.22.2.4 - - [10/Aug/2022:02:34:22 -0500] "GET /BLA/boletinlegal/ HTTP/1.1" 200 24523
201.245.192.253 - - [10/Aug/2022:02:35:16 -0500] "POST /kwsrmcab/Wsrmcab  HTTP/1.1" 200 213
216.245.221.92 - - [10/Aug/2022:02:35:23 -0500] "HEAD / HTTP/1.1" 200 -
172.22.2.4 - - [10/Aug/2022:02:33:49 -0500] "GET /BLA/boletinlegal/ HTTP/1.1" 200 51621
207.46.13.188 - - [10/Aug/2022:02:37:49 -0500] "GET /BLA/resoluciones/RESOLUCIONES%202018/1521.pdf HTTP/1.1" 304 -
66.249.73.127 - - [10/Aug/2022:02:39:14 -0500] "-" 408 -
192.241.235.221 - - [10/Aug/2022:02:39:41 -0500] "MGLNDD_190.27.245.106_80" 501 953
201.245.192.253 - - [10/Aug/2022:02:39:47 -0500] "POST /kwsrmcab/Wsrmcab HTTP/1.1" 200 46611
201.245.192.253 - - [10/Aug/2022:02:39:51 -0500] "POST /kwsrmcab/Wsrmcab HTTP/1.1" 200 47511
201.245.192.253 - - [10/Aug/2022:02:40:15 -0500] "POST /kwsrmcab/Wsrmcab  HTTP/1.1" 200 213
216.245.221.92 - - [10/Aug/2022:02:40:23 -0500] "HEAD / HTTP/1.1" 200 -
172.22.2.4 - - [10/Aug/2022:02:38:49 -0500] "HEAD /BLA/boletinlegal/ HTTP/1.1" 200 -
172.22.2.4 - - [10/Aug/2022:02:39:39 -0500] "GET /BLA/boletinlegal/ HTTP/1.1" 200 58154
40.77.167.65 - - [10/Aug/2022:02:42:34 -0500] "GET /BLA/resoluciones/RESOLUCIONES%202022/0202.pdf HTTP/1.1" 200 333055
66.249.73.127 - - [10/Aug/2022:02:44:57 -0500] "-" 408 -
201.245.192.253 - - [10/Aug/2022:02:45:14 -0500] "POST /kwsrmcab/Wsrmcab  HTTP/1.1" 200 213
216.245.221.92 - - [10/Aug/2022:02:45:23 -0500] "HEAD / HTTP/1.1" 200 -
172.22.2.4 - - [10/Aug/2022:02:44:39 -0500] "HEAD /BLA/boletinlegal/ HTTP/1.1" 200 -
172.22.2.4 - - [10/Aug/2022:02:44:56 -0500] "OPTIONS /BLA/boletinlegal/ HTTP/1.1" 200 50037
172.22.2.4 - - [10/Aug/2022:02:45:29 -0500] "GET /BLA/boletinlegal/ HTTP/1.1" 200 51174
172.22.2.4 - - [10/Aug/2022:02:47:55 -0500] "GET /BLA/boletinlegal/Directivas/2017/Directiva%20No.%2002%20del%2017%20de%20Enero%20de%202017.pdf HTTP/1.1" 200 3521427
185.119.81.106 - - [10/Aug/2022:02:49:14 -0500] "GET /portaldeninos/wp-login.php HTTP/1.1" 200 2592
185.119.81.106 - - [10/Aug/2022:02:49:15 -0500] "POST /portaldeninos/wp-login.php HTTP/1.1" 200 3605
201.245.192.253 - - [10/Aug/2022:02:50:13 -0500] "POST /kwsrmcab/Wsrmcab  HTTP/1.1" 200 213
185.119.81.97 - - [10/Aug/2022:02:50:20 -0500] "GET /portaldeninos/wp-login.php HTTP/1.1" 200 2592
185.119.81.97 - - [10/Aug/2022:02:50:21 -0500] "POST /portaldeninos/wp-login.php HTTP/1.1" 200 3605
216.245.221.92 - - [10/Aug/2022:02:50:23 -0500] "HEAD / HTTP/1.1" 200 -
185.119.81.99 - - [10/Aug/2022:02:51:29 -0500] "GET /portaldeninos/wp-login.php HTTP/1.1" 200 2592
185.119.81.99 - - [10/Aug/2022:02:51:30 -0500] "POST /portaldeninos/wp-login.php HTTP/1.1" 200 3605
66.249.73.127 - - [10/Aug/2022:02:52:04 -0500] "-" 408 -
172.22.2.4 - - [10/Aug/2022:02:50:29 -0500] "HEAD /BLA/boletinlegal/ HTTP/1.1" 200 -
172.22.2.4 - - [10/Aug/2022:02:51:19 -0500] "GET /BLA/boletinlegal/ HTTP/1.1" 200 60272
201.245.192.253 - - [10/Aug/2022:02:55:12 -0500] "POST /kwsrmcab/Wsrmcab  HTTP/1.1" 200 213
216.245.221.92 - - [10/Aug/2022:02:55:23 -0500] "HEAD / HTTP/1.1" 200 -
207.46.13.188 - - [10/Aug/2022:02:56:39 -0500] "GET /BLA/resoluciones/RESOLUCIONES%202000/2000%202100-2149.tif HTTP/1.1" 200 5864086
172.22.2.4 - - [10/Aug/2022:02:56:19 -0500] "HEAD /BLA/boletinlegal/ HTTP/1.1" 200 -
64.62.197.230 - - [10/Aug/2022:02:58:33 -0500] "GET /favicon.ico HTTP/1.1" 200 7782
172.22.2.4 - - [10/Aug/2022:02:57:09 -0500] "GET /BLA/boletinlegal/ HTTP/1.1" 200 60272
66.249.73.127 - - [10/Aug/2022:02:59:18 -0500] "-" 408 -
64.225.1.218 - - [10/Aug/2022:03:00:02 -0500] "GET /portaldeninos/ HTTP/1.1" 200 110281
201.245.192.253 - - [10/Aug/2022:03:00:11 -0500] "POST /kwsrmcab/Wsrmcab  HTTP/1.1" 200 213
216.245.221.92 - - [10/Aug/2022:03:00:23 -0500] "HEAD / HTTP/1.1" 200 -
207.46.13.20 - - [10/Aug/2022:03:02:00 -0500] "GET /BLA/resoluciones/RESOLUCIONES%202000/2000%202650-2699.tif HTTP/1.1" 200 3086633
69.63.184.4 - - [10/Aug/2022:03:03:43 -0500] "GET /distrito-declara-alerta-ambiental-por-calidad-del-aire-y-apoyara-extincion-de-incendios-en-la-amazonia.html HTTP/1.1" 206 928
172.22.2.4 - - [10/Aug/2022:03:02:09 -0500] "HEAD /BLA/boletinlegal/ HTTP/1.1" 200 -
172.22.2.4 - - [10/Aug/2022:03:02:59 -0500] "GET /BLA/boletinlegal/ HTTP/1.1" 200 59819
66.249.73.127 - - [10/Aug/2022:03:05:00 -0500] "-" 408 -
201.245.192.253 - - [10/Aug/2022:03:05:09 -0500] "POST /kwsrmcab/Wsrmcab  HTTP/1.1" 200 213
216.245.221.92 - - [10/Aug/2022:03:05:23 -0500] "HEAD / HTTP/1.1" 200 -
65.154.226.220 - - [10/Aug/2022:03:05:42 -0500] "GET /portaldeninos/wp-includes/js/wp-emoji-release.min.js?ver=4.9.8 HTTP/1.1" 200 12026
65.154.226.220 - - [10/Aug/2022:03:05:46 -0500] "GET /portaldeninos/wp-content/plugins/google-analytics-for-wordpress/assets/js/frontend-gtag.min.js?ver=8.5.0 HTTP/1.1" 200 11801
65.154.226.220 - - [10/Aug/2022:03:05:47 -0500] "GET /portaldeninos/wp-includes/js/jquery/jquery.js?ver=1.12.4 HTTP/1.1" 200 97184
65.154.226.220 - - [10/Aug/2022:03:05:49 -0500] "GET /portaldeninos/wp-includes/js/jquery/jquery-migrate.min.js?ver=1.4.1 HTTP/1.1" 200 10056
65.154.226.220 - - [10/Aug/2022:03:05:50 -0500] "GET /portaldeninos/wp-includes/js/jquery/ui/core.min.js?ver=1.11.4 HTTP/1.1" 200 4000
65.154.226.220 - - [10/Aug/2022:03:05:50 -0500] "GET /portaldeninos/wp-content/plugins/gallery-videos/JS/modernizr.custom.js?ver=4.9.8 HTTP/1.1" 200 9019
65.154.226.220 - - [10/Aug/2022:03:05:50 -0500] "GET /portaldeninos/wp-content/plugins/gallery-videos/JS/Total-Soft-Gallery-Video-Widget.js?ver=4.9.8 HTTP/1.1" 200 80264
65.154.226.220 - - [10/Aug/2022:03:05:51 -0500] "GET /portaldeninos/wp-includes/js/jquery/ui/widget.min.js?ver=1.11.4 HTTP/1.1" 200 6908
65.154.226.220 - - [10/Aug/2022:03:05:52 -0500] "GET /portaldeninos/wp-includes/js/jquery/ui/mouse.min.js?ver=1.11.4 HTTP/1.1" 200 3148
65.154.226.220 - - [10/Aug/2022:03:05:52 -0500] "GET /portaldeninos/wp-includes/js/jquery/ui/sortable.min.js?ver=1.11.4 HTTP/1.1" 200 24899
65.154.226.220 - - [10/Aug/2022:03:05:52 -0500] "GET /portaldeninos/wp-includes/js/jquery/ui/tabs.min.js?ver=1.11.4 HTTP/1.1" 200 12110
65.154.226.220 - - [10/Aug/2022:03:05:53 -0500] "GET /portaldeninos/wp-includes/js/jquery/ui/accordion.min.js?ver=1.11.4 HTTP/1.1" 200 8584
65.154.226.220 - - [10/Aug/2022:03:05:53 -0500] "GET /portaldeninos/wp-content/themes/betheme/js/plugins.js?ver=20.9.6 HTTP/1.1" 200 197151
65.154.226.220 - - [10/Aug/2022:03:05:55 -0500] "GET /portaldeninos/wp-content/themes/betheme/js/menu.js?ver=20.9.6 HTTP/1.1" 200 2449
65.154.226.220 - - [10/Aug/2022:03:05:56 -0500] "GET /portaldeninos/wp-content/themes/betheme/assets/animations/animations.min.js?ver=20.9.6 HTTP/1.1" 200 1896
65.154.226.220 - - [10/Aug/2022:03:05:56 -0500] "GET /portaldeninos/wp-content/themes/betheme/assets/jplayer/jplayer.min.js?ver=20.9.6 HTTP/1.1" 200 52702
65.154.226.220 - - [10/Aug/2022:03:05:57 -0500] "GET /portaldeninos/wp-content/themes/betheme/js/scripts.js?ver=20.9.6 HTTP/1.1" 200 77162
65.154.226.220 - - [10/Aug/2022:03:05:57 -0500] "GET /portaldeninos/wp-includes/js/wp-embed.min.js?ver=4.9.8 HTTP/1.1" 200 1398
172.22.2.4 - - [10/Aug/2022:03:07:59 -0500] "HEAD /BLA/boletinlegal/ HTTP/1.1" 200 -
201.245.192.253 - - [10/Aug/2022:03:10:08 -0500] "POST /kwsrmcab/Wsrmcab  HTTP/1.1" 200 213
216.245.221.92 - - [10/Aug/2022:03:10:23 -0500] "HEAD / HTTP/1.1" 200 -
172.22.2.4 - - [10/Aug/2022:03:08:49 -0500] "GET /BLA/boletinlegal/ HTTP/1.1" 200 60272
66.249.73.127 - - [10/Aug/2022:03:11:05 -0500] "-" 408 -
172.22.2.4 - - [10/Aug/2022:03:13:36 -0500] "GET /BLA/boletinlegal/vendor/phpunit/phpunit/src/Util/PHP/eval-stdin.php HTTP/1.1" 404 1038
157.55.39.23 - - [10/Aug/2022:03:13:58 -0500] "-" 408 -
157.55.39.84 - - [10/Aug/2022:03:14:48 -0500] "GET /BLA/resoluciones/AUTOS%202022/2073.pdf HTTP/1.1" 200 3939358
201.245.192.253 - - [10/Aug/2022:03:15:07 -0500] "POST /kwsrmcab/Wsrmcab  HTTP/1.1" 200 213
216.245.221.92 - - [10/Aug/2022:03:15:23 -0500] "HEAD / HTTP/1.1" 200 -
172.22.2.4 - - [10/Aug/2022:03:13:49 -0500] "HEAD /BLA/boletinlegal/ HTTP/1.1" 200 -
172.22.2.4 - - [10/Aug/2022:03:14:39 -0500] "GET /BLA/boletinlegal/ HTTP/1.1" 200 60272
201.245.192.253 - - [10/Aug/2022:03:19:46 -0500] "POST /kwsrmcab/Wsrmcab HTTP/1.1" 200 46913
201.245.192.253 - - [10/Aug/2022:03:19:50 -0500] "POST /kwsrmcab/Wsrmcab HTTP/1.1" 200 47498
66.249.73.127 - - [10/Aug/2022:03:19:59 -0500] "-" 408 -
201.245.192.253 - - [10/Aug/2022:03:20:06 -0500] "POST /kwsrmcab/Wsrmcab  HTTP/1.1" 200 213
216.245.221.92 - - [10/Aug/2022:03:20:23 -0500] "HEAD / HTTP/1.1" 200 -
172.22.2.4 - - [10/Aug/2022:03:19:39 -0500] "HEAD /BLA/boletinlegal/ HTTP/1.1" 200 -
172.22.2.4 - - [10/Aug/2022:03:20:29 -0500] "GET /BLA/boletinlegal/ HTTP/1.1" 200 60272
201.245.192.253 - - [10/Aug/2022:03:25:05 -0500] "POST /kwsrmcab/Wsrmcab  HTTP/1.1" 200 213
216.245.221.92 - - [10/Aug/2022:03:25:23 -0500] "HEAD / HTTP/1.1" 200 -
172.22.2.4 - - [10/Aug/2022:03:25:29 -0500] "HEAD /BLA/boletinlegal/ HTTP/1.1" 200 -
172.22.2.4 - - [10/Aug/2022:03:26:19 -0500] "GET /BLA/boletinlegal/ HTTP/1.1" 200 58154
66.249.73.127 - - [10/Aug/2022:03:29:11 -0500] "-" 408 -
201.245.192.253 - - [10/Aug/2022:03:29:46 -0500] "POST /kwsrmcab/Wsrmcab HTTP/1.1" 200 46913
201.245.192.253 - - [10/Aug/2022:03:29:51 -0500] "POST /kwsrmcab/Wsrmcab HTTP/1.1" 200 47498
201.245.192.253 - - [10/Aug/2022:03:30:04 -0500] "POST /kwsrmcab/Wsrmcab  HTTP/1.1" 200 213
216.245.221.92 - - [10/Aug/2022:03:30:23 -0500] "HEAD / HTTP/1.1" 200 -
172.22.2.4 - - [10/Aug/2022:03:31:19 -0500] "HEAD /BLA/boletinlegal/ HTTP/1.1" 200 -
172.22.2.4 - - [10/Aug/2022:03:32:09 -0500] "GET /BLA/boletinlegal/ HTTP/1.1" 200 59310
201.245.192.253 - - [10/Aug/2022:03:35:03 -0500] "POST /kwsrmcab/Wsrmcab  HTTP/1.1" 200 213
216.245.221.92 - - [10/Aug/2022:03:35:23 -0500] "HEAD / HTTP/1.1" 200 -
207.46.13.188 - - [10/Aug/2022:03:35:23 -0500] "GET /BLA/resoluciones/RESOLUCIONES%202000/2000%202050-2099.tif HTTP/1.1" 200 4179547
207.46.13.188 - - [10/Aug/2022:03:37:33 -0500] "GET /BLA/resoluciones/RESOLUCIONES%202000/2000%202350-2399.tif HTTP/1.1" 200 4845966
172.22.2.4 - - [10/Aug/2022:03:37:09 -0500] "HEAD /BLA/boletinlegal/ HTTP/1.1" 200 -
172.22.2.4 - - [10/Aug/2022:03:37:59 -0500] "GET /BLA/boletinlegal/ HTTP/1.1" 200 60865
201.245.192.253 - - [10/Aug/2022:03:39:46 -0500] "POST /kwsrmcab/Wsrmcab HTTP/1.1" 200 46913
201.245.192.253 - - [10/Aug/2022:03:39:50 -0500] "POST /kwsrmcab/Wsrmcab HTTP/1.1" 200 47498
201.245.192.253 - - [10/Aug/2022:03:40:02 -0500] "POST /kwsrmcab/Wsrmcab  HTTP/1.1" 200 213
157.55.39.98 - - [10/Aug/2022:03:40:14 -0500] "GET /BLA/resoluciones/RESOLUCIONES%202000/2000%201500-1549.tif HTTP/1.1" 200 4831289
216.245.221.92 - - [10/Aug/2022:03:40:23 -0500] "HEAD / HTTP/1.1" 200 -
157.55.39.117 - - [10/Aug/2022:03:40:39 -0500] "GET /galeria/galeria/fotos/Entrenube4G.jpg HTTP/1.1" 200 171047
66.249.73.127 - - [10/Aug/2022:03:40:57 -0500] "-" 408 -
207.46.13.188 - - [10/Aug/2022:03:41:05 -0500] "GET /bla/resoluciones/resoluciones%202012/1146.pdf HTTP/1.1" 304 -
172.22.2.4 - - [10/Aug/2022:03:42:59 -0500] "HEAD /BLA/boletinlegal/ HTTP/1.1" 200 -
201.245.192.253 - - [10/Aug/2022:03:45:01 -0500] "POST /kwsrmcab/Wsrmcab  HTTP/1.1" 200 213
216.245.221.92 - - [10/Aug/2022:03:45:23 -0500] "HEAD / HTTP/1.1" 200 -
172.22.2.4 - - [10/Aug/2022:03:43:49 -0500] "GET /BLA/boletinlegal/ HTTP/1.1" 200 60272
185.119.81.106 - - [10/Aug/2022:03:45:40 -0500] "GET /portaldeninos/wp-login.php HTTP/1.1" 200 2592
185.119.81.106 - - [10/Aug/2022:03:45:41 -0500] "POST /portaldeninos/wp-login.php HTTP/1.1" 200 3605
172.22.2.4 - - [10/Aug/2022:03:49:45 -0500] "GET /BLA/boletinlegal/robots.txt HTTP/1.1" 404 1038
172.22.2.4 - - [10/Aug/2022:03:49:46 -0500] "GET /BLA/boletinlegal/actos.php HTTP/1.1" 200 9559
201.245.192.253 - - [10/Aug/2022:03:50:00 -0500] "POST /kwsrmcab/Wsrmcab  HTTP/1.1" 200 213
216.245.221.92 - - [10/Aug/2022:03:50:23 -0500] "HEAD / HTTP/1.1" 200 -
172.22.2.4 - - [10/Aug/2022:03:48:49 -0500] "HEAD /BLA/boletinlegal/ HTTP/1.1" 200 -
172.22.2.4 - - [10/Aug/2022:03:49:39 -0500] "GET /BLA/boletinlegal/ HTTP/1.1" 200 60272
185.119.81.103 - - [10/Aug/2022:03:53:11 -0500] "GET /portaldeninos/wp-login.php HTTP/1.1" 200 2592
185.119.81.103 - - [10/Aug/2022:03:53:12 -0500] "POST /portaldeninos/wp-login.php HTTP/1.1" 200 3605
92.118.39.88 - - [10/Aug/2022:03:54:16 -0500] "GET / HTTP/1.1" 200 319
201.245.192.253 - - [10/Aug/2022:03:54:58 -0500] "POST /kwsrmcab/Wsrmcab  HTTP/1.1" 200 213
216.245.221.92 - - [10/Aug/2022:03:55:23 -0500] "HEAD / HTTP/1.1" 200 -
172.22.2.4 - - [10/Aug/2022:03:54:39 -0500] "HEAD /BLA/boletinlegal/ HTTP/1.1" 200 -
172.22.2.4 - - [10/Aug/2022:03:55:29 -0500] "GET /BLA/boletinlegal/ HTTP/1.1" 200 58154
154.89.5.216 - - [10/Aug/2022:03:57:35 -0500] "GET / HTTP/1.0" 200 319
193.142.147.7 - - [10/Aug/2022:03:58:03 -0500] "\x03" 400 226
193.142.147.7 - - [10/Aug/2022:03:58:03 -0500] "\x03" 400 226
207.46.13.20 - - [10/Aug/2022:03:59:06 -0500] "GET /BLA/resoluciones/RESOLUCIONES%202000/2000%20200-249.tif HTTP/1.1" 200 6293319
201.245.192.253 - - [10/Aug/2022:03:59:57 -0500] "POST /kwsrmcab/Wsrmcab  HTTP/1.1" 200 213
216.245.221.92 - - [10/Aug/2022:04:00:23 -0500] "HEAD / HTTP/1.1" 200 -
172.22.2.4 - - [10/Aug/2022:04:00:29 -0500] "HEAD /BLA/boletinlegal/ HTTP/1.1" 200 -
172.22.2.4 - - [10/Aug/2022:04:01:19 -0500] "GET /BLA/boletinlegal/ HTTP/1.1" 200 60272
69.63.189.120 - - [10/Aug/2022:04:03:45 -0500] "GET /reporte-calidad-del-aire-jueves.html HTTP/1.1" 206 750
69.63.189.2 - - [10/Aug/2022:04:04:35 -0500] "GET /negocios-verdes-de-bogota-se-reuniran-este-fin-de-semana-en-el-centro-comercial-el-retiro.html HTTP/1.1" 206 902
201.245.192.253 - - [10/Aug/2022:04:04:56 -0500] "POST /kwsrmcab/Wsrmcab  HTTP/1.1" 200 213
216.245.221.92 - - [10/Aug/2022:04:05:23 -0500] "HEAD / HTTP/1.1" 200 -
172.22.2.4 - - [10/Aug/2022:04:05:55 -0500] "GET /BLA/boletinlegal/Circulares/2019/Circular%20No.%200015%20del%2003%20de%20Octubre%20de%202019.pdf HTTP/1.1" 304 -
185.119.81.106 - - [10/Aug/2022:04:06:05 -0500] "GET /portaldeninos/wp-login.php HTTP/1.1" 200 2592
185.119.81.106 - - [10/Aug/2022:04:06:06 -0500] "POST /portaldeninos/wp-login.php HTTP/1.1" 200 3605
157.55.39.170 - - [10/Aug/2022:04:07:37 -0500] "-" 408 -
172.22.2.4 - - [10/Aug/2022:04:06:19 -0500] "HEAD /BLA/boletinlegal/ HTTP/1.1" 200 -
107.182.129.137 - - [10/Aug/2022:04:08:02 -0500] "POST /boaform/admin/formLogin HTTP/1.1" 404 1186
69.63.184.3 - - [10/Aug/2022:04:08:16 -0500] "GET /secretaria-de-ambiente-firma-dos-nuevos-pagos-por-servicios-ambientales-que-permitiran-conservar-36-hectareas-en-usme.html HTTP/1.1" 206 1048
173.252.127.10 - - [10/Aug/2022:04:08:17 -0500] "GET /images/acuerdos-enero-19.jpg HTTP/1.1" 200 56694
173.252.83.16 - - [10/Aug/2022:04:08:18 -0500] "GET /images/nueva-jornada-reciclaton-ambiente-cajas-12-noviembre.jpg HTTP/1.1" 200 479427
172.22.2.4 - - [10/Aug/2022:04:07:09 -0500] "GET /BLA/boletinlegal/ HTTP/1.1" 200 53994
201.245.192.253 - - [10/Aug/2022:04:09:56 -0500] "POST /kwsrmcab/Wsrmcab  HTTP/1.1" 200 213
216.245.221.92 - - [10/Aug/2022:04:10:23 -0500] "HEAD / HTTP/1.1" 200 -
172.22.2.4 - - [10/Aug/2022:04:12:00 -0500] "GET /BLA/boletinlegal/jurisprudencia/analisis/AnalisisT-606-15.docx HTTP/1.1" 200 26698
172.22.2.4 - - [10/Aug/2022:04:12:09 -0500] "HEAD /BLA/boletinlegal/ HTTP/1.1" 200 -
128.14.134.134 - - [10/Aug/2022:04:14:01 -0500] "GET /portaldeninos/ HTTP/1.1" 200 110281
172.22.2.4 - - [10/Aug/2022:04:12:59 -0500] "GET /BLA/boletinlegal/ HTTP/1.1" 200 58566
201.245.192.253 - - [10/Aug/2022:04:14:55 -0500] "POST /kwsrmcab/Wsrmcab  HTTP/1.1" 200 213
216.245.221.92 - - [10/Aug/2022:04:15:23 -0500] "HEAD / HTTP/1.1" 200 -
157.55.39.84 - - [10/Aug/2022:04:18:26 -0500] "GET /BLA/resoluciones/RESOLUCIONES%202017/1912.pdf HTTP/1.1" 304 -
185.119.81.103 - - [10/Aug/2022:04:18:43 -0500] "GET /portaldeninos/wp-login.php HTTP/1.1" 200 2592
185.119.81.103 - - [10/Aug/2022:04:18:44 -0500] "POST /portaldeninos/wp-login.php HTTP/1.1" 200 3650
172.22.2.4 - - [10/Aug/2022:04:17:59 -0500] "HEAD /BLA/boletinlegal/ HTTP/1.1" 200 -
172.22.2.4 - - [10/Aug/2022:04:19:45 -0500] "GET /BLA/boletinlegal/Directivas/2017/Directiva%20No.%2001%20del%2027%20de%20Junio%20de%202018.pdf HTTP/1.1" 304 -
201.245.192.253 - - [10/Aug/2022:04:19:46 -0500] "POST /kwsrmcab/Wsrmcab HTTP/1.1" 200 46604
201.245.192.253 - - [10/Aug/2022:04:19:50 -0500] "POST /kwsrmcab/Wsrmcab HTTP/1.1" 200 47512
201.245.192.253 - - [10/Aug/2022:04:19:55 -0500] "POST /kwsrmcab/Wsrmcab  HTTP/1.1" 200 213
216.245.221.92 - - [10/Aug/2022:04:20:23 -0500] "HEAD / HTTP/1.1" 200 -
172.22.2.4 - - [10/Aug/2022:04:18:49 -0500] "GET /BLA/boletinlegal/ HTTP/1.1" 200 56367
185.119.81.103 - - [10/Aug/2022:04:22:02 -0500] "GET /portaldeninos/wp-login.php HTTP/1.1" 200 2592
185.119.81.103 - - [10/Aug/2022:04:22:04 -0500] "POST /portaldeninos/wp-login.php HTTP/1.1" 200 3670
157.55.39.98 - - [10/Aug/2022:04:22:08 -0500] "GET /BLA/resoluciones/AUTOS%202018/2507.pdf HTTP/1.1" 304 -
207.46.13.188 - - [10/Aug/2022:04:22:30 -0500] "GET /BLA/boletinlegal/documentos-importantes.php HTTP/1.1" 200 4822
40.77.167.65 - - [10/Aug/2022:04:22:43 -0500] "GET /BLA/boletinlegal/js/ajax_documentos.js HTTP/1.1" 200 1155
157.55.39.117 - - [10/Aug/2022:04:22:43 -0500] "GET /BLA/boletinlegal/niceforms-default.css HTTP/1.1" 200 6694
157.55.39.117 - - [10/Aug/2022:04:22:46 -0500] "GET /BLA/boletinlegal/styles2.css HTTP/1.1" 200 1838
207.46.13.188 - - [10/Aug/2022:04:22:47 -0500] "GET /BLA/boletinlegal/ajax.js HTTP/1.1" 200 577
207.46.13.188 - - [10/Aug/2022:04:22:50 -0500] "GET /BLA/boletinlegal/niceforms.js HTTP/1.1" 200 22876
201.245.192.253 - - [10/Aug/2022:04:24:53 -0500] "POST /kwsrmcab/Wsrmcab  HTTP/1.1" 200 213
172.105.77.209 - - [10/Aug/2022:04:25:21 -0500] "GET /0bef HTTP/1.0" 404 1019
216.245.221.92 - - [10/Aug/2022:04:25:23 -0500] "HEAD / HTTP/1.1" 200 -
172.22.2.4 - - [10/Aug/2022:04:23:49 -0500] "HEAD /BLA/boletinlegal/ HTTP/1.1" 200 -
172.22.2.4 - - [10/Aug/2022:04:24:39 -0500] "GET /BLA/boletinlegal/ HTTP/1.1" 200 60272
201.245.192.253 - - [10/Aug/2022:04:29:46 -0500] "POST /kwsrmcab/Wsrmcab HTTP/1.1" 200 46604
201.245.192.253 - - [10/Aug/2022:04:29:50 -0500] "POST /kwsrmcab/Wsrmcab HTTP/1.1" 200 47512
201.245.192.253 - - [10/Aug/2022:04:29:51 -0500] "POST /kwsrmcab/Wsrmcab  HTTP/1.1" 200 213
185.119.81.99 - - [10/Aug/2022:04:30:14 -0500] "GET /portaldeninos/wp-login.php HTTP/1.1" 200 2592
185.119.81.99 - - [10/Aug/2022:04:30:15 -0500] "POST /portaldeninos/wp-login.php HTTP/1.1" 200 3650
216.245.221.92 - - [10/Aug/2022:04:30:23 -0500] "HEAD / HTTP/1.1" 200 -
172.22.2.4 - - [10/Aug/2022:04:29:39 -0500] "HEAD /BLA/boletinlegal/ HTTP/1.1" 200 -
172.22.2.4 - - [10/Aug/2022:04:30:29 -0500] "GET /BLA/boletinlegal/ HTTP/1.1" 200 58154
172.22.2.4 - - [10/Aug/2022:04:32:51 -0500] "GET /BLA/boletinlegal/favicon.ico HTTP/1.1" 404 1038
201.245.192.253 - - [10/Aug/2022:04:34:50 -0500] "POST /kwsrmcab/Wsrmcab  HTTP/1.1" 200 213
216.245.221.92 - - [10/Aug/2022:04:35:22 -0500] "HEAD / HTTP/1.1" 200 -
23.251.102.74 - - [10/Aug/2022:04:35:34 -0500] "GET / HTTP/1.1" 200 319
23.251.102.74 - - [10/Aug/2022:04:35:34 -0500] "GET /showLogin.cc HTTP/1.1" 404 1018
172.22.2.4 - - [10/Aug/2022:04:35:29 -0500] "HEAD /BLA/boletinlegal/ HTTP/1.1" 200 -
172.22.2.4 - - [10/Aug/2022:04:36:19 -0500] "GET /BLA/boletinlegal/ HTTP/1.1" 200 54814
40.77.188.117 - - [10/Aug/2022:04:38:39 -0500] "GET /BLA/boletinlegal/style.css HTTP/1.1" 200 9406
201.245.192.253 - - [10/Aug/2022:04:39:47 -0500] "POST /kwsrmcab/Wsrmcab HTTP/1.1" 200 46604
201.245.192.253 - - [10/Aug/2022:04:39:49 -0500] "POST /kwsrmcab/Wsrmcab  HTTP/1.1" 200 213
201.245.192.253 - - [10/Aug/2022:04:39:51 -0500] "POST /kwsrmcab/Wsrmcab HTTP/1.1" 200 47512
216.245.221.92 - - [10/Aug/2022:04:40:23 -0500] "HEAD / HTTP/1.1" 200 -
185.119.81.97 - - [10/Aug/2022:04:41:27 -0500] "GET /portaldeninos/wp-login.php HTTP/1.1" 200 2592
185.119.81.97 - - [10/Aug/2022:04:41:28 -0500] "POST /portaldeninos/wp-login.php HTTP/1.1" 200 3605
172.22.2.4 - - [10/Aug/2022:04:41:19 -0500] "HEAD /BLA/boletinlegal/ HTTP/1.1" 200 -
172.22.2.4 - - [10/Aug/2022:04:42:09 -0500] "GET /BLA/boletinlegal/ HTTP/1.1" 200 58566
65.154.226.220 - - [10/Aug/2022:04:44:26 -0500] "GET /portaldeninos/wp-includes/js/wp-emoji-release.min.js?ver=4.9.8 HTTP/1.1" 200 12026
65.154.226.220 - - [10/Aug/2022:04:44:27 -0500] "GET /portaldeninos/wp-content/plugins/google-analytics-for-wordpress/assets/js/frontend-gtag.min.js?ver=8.5.0 HTTP/1.1" 200 11801
65.154.226.220 - - [10/Aug/2022:04:44:27 -0500] "GET /portaldeninos/wp-includes/js/jquery/jquery.js?ver=1.12.4 HTTP/1.1" 200 97184
65.154.226.220 - - [10/Aug/2022:04:44:28 -0500] "GET /portaldeninos/wp-includes/js/jquery/jquery-migrate.min.js?ver=1.4.1 HTTP/1.1" 200 10056
65.154.226.220 - - [10/Aug/2022:04:44:28 -0500] "GET /portaldeninos/wp-includes/js/jquery/ui/core.min.js?ver=1.11.4 HTTP/1.1" 200 4000
65.154.226.220 - - [10/Aug/2022:04:44:29 -0500] "GET /portaldeninos/wp-content/plugins/gallery-videos/JS/modernizr.custom.js?ver=4.9.8 HTTP/1.1" 200 9019
65.154.226.220 - - [10/Aug/2022:04:44:29 -0500] "GET /portaldeninos/wp-content/plugins/gallery-videos/JS/Total-Soft-Gallery-Video-Widget.js?ver=4.9.8 HTTP/1.1" 200 80264
65.154.226.220 - - [10/Aug/2022:04:44:29 -0500] "GET /portaldeninos/wp-includes/js/jquery/ui/widget.min.js?ver=1.11.4 HTTP/1.1" 200 6908
65.154.226.220 - - [10/Aug/2022:04:44:30 -0500] "GET /portaldeninos/wp-includes/js/jquery/ui/mouse.min.js?ver=1.11.4 HTTP/1.1" 200 3148
65.154.226.220 - - [10/Aug/2022:04:44:30 -0500] "GET /portaldeninos/wp-includes/js/jquery/ui/sortable.min.js?ver=1.11.4 HTTP/1.1" 200 24899
65.154.226.220 - - [10/Aug/2022:04:44:30 -0500] "GET /portaldeninos/wp-includes/js/jquery/ui/tabs.min.js?ver=1.11.4 HTTP/1.1" 200 12110
65.154.226.220 - - [10/Aug/2022:04:44:31 -0500] "GET /portaldeninos/wp-includes/js/jquery/ui/accordion.min.js?ver=1.11.4 HTTP/1.1" 200 8584
65.154.226.220 - - [10/Aug/2022:04:44:31 -0500] "GET /portaldeninos/wp-content/themes/betheme/js/plugins.js?ver=20.9.6 HTTP/1.1" 200 197151
65.154.226.220 - - [10/Aug/2022:04:44:33 -0500] "GET /portaldeninos/wp-content/themes/betheme/js/menu.js?ver=20.9.6 HTTP/1.1" 200 2449
65.154.226.220 - - [10/Aug/2022:04:44:34 -0500] "GET /portaldeninos/wp-content/themes/betheme/assets/animations/animations.min.js?ver=20.9.6 HTTP/1.1" 200 1896
65.154.226.220 - - [10/Aug/2022:04:44:34 -0500] "GET /portaldeninos/wp-content/themes/betheme/assets/jplayer/jplayer.min.js?ver=20.9.6 HTTP/1.1" 200 52702
65.154.226.220 - - [10/Aug/2022:04:44:35 -0500] "GET /portaldeninos/wp-content/themes/betheme/js/scripts.js?ver=20.9.6 HTTP/1.1" 200 77162
65.154.226.220 - - [10/Aug/2022:04:44:35 -0500] "GET /portaldeninos/wp-includes/js/wp-embed.min.js?ver=4.9.8 HTTP/1.1" 200 1398
201.245.192.253 - - [10/Aug/2022:04:44:48 -0500] "POST /kwsrmcab/Wsrmcab  HTTP/1.1" 200 213
172.22.2.4 - - [10/Aug/2022:04:44:52 -0500] "GET /BLA/boletinlegal/favicon.ico HTTP/1.1" 404 1018
172.22.2.4 - - [10/Aug/2022:04:44:40 -0500] "GET /BLA/boletinlegal/ HTTP/1.1" 200 32715
216.245.221.92 - - [10/Aug/2022:04:45:22 -0500] "HEAD / HTTP/1.1" 200 -
66.45.229.155 - - [10/Aug/2022:04:47:06 -0500] "GET / HTTP/1.1" 200 319
172.22.2.4 - - [10/Aug/2022:04:47:09 -0500] "HEAD /BLA/boletinlegal/ HTTP/1.1" 200 -
172.22.2.4 - - [10/Aug/2022:04:47:59 -0500] "GET /BLA/boletinlegal/ HTTP/1.1" 200 60272
201.245.192.253 - - [10/Aug/2022:04:49:46 -0500] "POST /kwsrmcab/Wsrmcab  HTTP/1.1" 200 213
194.93.0.40 - - [10/Aug/2022:04:50:16 -0500] "-" 408 -
216.245.221.92 - - [10/Aug/2022:04:50:22 -0500] "HEAD / HTTP/1.1" 200 -
172.22.2.4 - - [10/Aug/2022:04:50:55 -0500] "GET /BLA/boletinlegal/jurisprudencia/analisis/Analisis%20Sentencia%20T-1077,%202%20corregida.doc HTTP/1.1" 200 47616
172.22.2.4 - - [10/Aug/2022:04:52:59 -0500] "HEAD /BLA/boletinlegal/ HTTP/1.1" 200 -
201.245.192.253 - - [10/Aug/2022:04:54:46 -0500] "POST /kwsrmcab/Wsrmcab  HTTP/1.1" 200 213
216.245.221.92 - - [10/Aug/2022:04:55:22 -0500] "HEAD / HTTP/1.1" 200 -
172.22.2.4 - - [10/Aug/2022:04:53:49 -0500] "GET /BLA/boletinlegal/ HTTP/1.1" 200 60272
190.26.48.53 - - [10/Aug/2022:04:57:34 -0500] "GET /BLA/resoluciones/ HTTP/1.1" 200 13093
190.26.48.53 - - [10/Aug/2022:04:57:45 -0500] "GET /BLA/resoluciones/index.php?dir=AUTOS+2021%2F HTTP/1.1" 200 391860
201.245.192.253 - - [10/Aug/2022:04:59:45 -0500] "POST /kwsrmcab/Wsrmcab  HTTP/1.1" 200 213
216.245.221.92 - - [10/Aug/2022:05:00:22 -0500] "HEAD / HTTP/1.1" 200 -
172.22.2.4 - - [10/Aug/2022:04:58:49 -0500] "HEAD /BLA/boletinlegal/ HTTP/1.1" 200 -
172.22.2.4 - - [10/Aug/2022:04:59:39 -0500] "GET /BLA/boletinlegal/ HTTP/1.1" 200 60272
201.245.192.253 - - [10/Aug/2022:05:04:44 -0500] "POST /kwsrmcab/Wsrmcab  HTTP/1.1" 200 213
216.245.221.92 - - [10/Aug/2022:05:05:22 -0500] "HEAD / HTTP/1.1" 200 -
172.22.2.4 - - [10/Aug/2022:05:04:39 -0500] "HEAD /BLA/boletinlegal/ HTTP/1.1" 200 -
185.119.81.103 - - [10/Aug/2022:05:06:21 -0500] "GET /portaldeninos/wp-login.php HTTP/1.1" 200 2592
185.119.81.103 - - [10/Aug/2022:05:06:23 -0500] "POST /portaldeninos/wp-login.php HTTP/1.1" 200 3605
172.22.2.4 - - [10/Aug/2022:05:05:29 -0500] "GET /BLA/boletinlegal/ HTTP/1.1" 200 60272
34.91.139.84 - - [10/Aug/2022:05:07:33 -0500] "GET / HTTP/1.1" 200 319
40.77.167.65 - - [10/Aug/2022:05:08:49 -0500] "GET /bla/resoluciones/resoluciones%202008/0441.pdf HTTP/1.1" 200 226742
201.245.192.253 - - [10/Aug/2022:05:09:44 -0500] "POST /kwsrmcab/Wsrmcab  HTTP/1.1" 200 213
216.245.221.92 - - [10/Aug/2022:05:10:22 -0500] "HEAD / HTTP/1.1" 200 -
172.22.2.4 - - [10/Aug/2022:05:10:29 -0500] "HEAD /BLA/boletinlegal/ HTTP/1.1" 200 -
172.22.2.4 - - [10/Aug/2022:05:11:19 -0500] "GET /BLA/boletinlegal/ HTTP/1.1" 200 57366
89.187.175.246 - - [10/Aug/2022:05:13:27 -0500] "GET /wp-login.php HTTP/1.1" 404 1018
89.187.175.246 - - [10/Aug/2022:05:13:29 -0500] "GET /wp-login.php HTTP/1.1" 404 1035
172.22.2.4 - - [10/Aug/2022:05:13:30 -0500] "GET /BLA/boletinlegal/wp-login.php HTTP/1.1" 404 1038
201.245.192.253 - - [10/Aug/2022:05:14:43 -0500] "POST /kwsrmcab/Wsrmcab  HTTP/1.1" 200 213
216.245.221.92 - - [10/Aug/2022:05:15:22 -0500] "HEAD / HTTP/1.1" 200 -
172.22.2.4 - - [10/Aug/2022:05:17:07 -0500] "GET /BLA/boletinlegal/Circulares/2013/Circular%20No.%204%20del%2005%20de%20junio%20de%202013.pdf HTTP/1.1" 304 -
172.22.2.4 - - [10/Aug/2022:05:16:18 -0500] "HEAD /BLA/boletinlegal/ HTTP/1.1" 200 -
172.22.2.4 - - [10/Aug/2022:05:17:09 -0500] "GET /BLA/boletinlegal/ HTTP/1.1" 200 60865
113.207.6.244 - - [10/Aug/2022:05:19:34 -0500] "GET /galeria/galeria/fotos/Capellania2P.jpg HTTP/1.1" 200 35380
201.245.192.253 - - [10/Aug/2022:05:19:43 -0500] "POST /kwsrmcab/Wsrmcab  HTTP/1.1" 200 213
201.245.192.253 - - [10/Aug/2022:05:19:46 -0500] "POST /kwsrmcab/Wsrmcab HTTP/1.1" 200 46732
201.245.192.253 - - [10/Aug/2022:05:19:50 -0500] "POST /kwsrmcab/Wsrmcab HTTP/1.1" 200 47502
216.245.221.92 - - [10/Aug/2022:05:20:22 -0500] "HEAD / HTTP/1.1" 200 -
185.119.81.99 - - [10/Aug/2022:05:21:33 -0500] "GET /portaldeninos/wp-login.php HTTP/1.1" 200 2592
185.119.81.99 - - [10/Aug/2022:05:21:34 -0500] "POST /portaldeninos/wp-login.php HTTP/1.1" 200 3605
172.22.2.4 - - [10/Aug/2022:05:23:10 -0500] "GET /BLA/boletinlegal/robots.txt HTTP/1.1" 404 1038
172.22.2.4 - - [10/Aug/2022:05:23:10 -0500] "GET /BLA/boletinlegal/documentos-importantes.php HTTP/1.1" 200 4822
172.22.2.4 - - [10/Aug/2022:05:22:09 -0500] "HEAD /BLA/boletinlegal/ HTTP/1.1" 200 -
172.22.2.4 - - [10/Aug/2022:05:22:59 -0500] "GET /BLA/boletinlegal/ HTTP/1.1" 200 58154
201.245.192.253 - - [10/Aug/2022:05:24:42 -0500] "POST /kwsrmcab/Wsrmcab  HTTP/1.1" 200 213
216.245.221.92 - - [10/Aug/2022:05:25:22 -0500] "HEAD / HTTP/1.1" 200 -
185.119.81.103 - - [10/Aug/2022:05:25:52 -0500] "GET /portaldeninos/wp-login.php HTTP/1.1" 200 2592
185.119.81.103 - - [10/Aug/2022:05:25:53 -0500] "POST /portaldeninos/wp-login.php HTTP/1.1" 200 3650
172.22.2.4 - - [10/Aug/2022:05:27:38 -0500] "GET /BLA/boletinlegal/normativa.php HTTP/1.1" 200 8326
172.22.2.4 - - [10/Aug/2022:05:27:58 -0500] "HEAD /BLA/boletinlegal/ HTTP/1.1" 200 -
201.245.192.253 - - [10/Aug/2022:05:29:41 -0500] "POST /kwsrmcab/Wsrmcab  HTTP/1.1" 200 213
201.245.192.253 - - [10/Aug/2022:05:29:46 -0500] "POST /kwsrmcab/Wsrmcab HTTP/1.1" 200 46732
201.245.192.253 - - [10/Aug/2022:05:29:50 -0500] "POST /kwsrmcab/Wsrmcab HTTP/1.1" 200 47502
64.124.8.50 - - [10/Aug/2022:05:30:16 -0500] "GET /portaldeninos/ HTTP/1.1" 200 110281
216.245.221.92 - - [10/Aug/2022:05:30:22 -0500] "HEAD / HTTP/1.1" 200 -
172.22.2.4 - - [10/Aug/2022:05:28:49 -0500] "GET /BLA/boletinlegal/ HTTP/1.1" 200 60272
172.22.2.4 - - [10/Aug/2022:05:31:15 -0500] "GET /BLA/boletinlegal/sugerencias.php HTTP/1.1" 200 8615
201.245.192.253 - - [10/Aug/2022:05:34:40 -0500] "POST /kwsrmcab/Wsrmcab  HTTP/1.1" 200 213
216.245.221.92 - - [10/Aug/2022:05:35:22 -0500] "HEAD / HTTP/1.1" 200 -
172.22.2.4 - - [10/Aug/2022:05:33:48 -0500] "HEAD /BLA/boletinlegal/ HTTP/1.1" 200 -
172.22.2.4 - - [10/Aug/2022:05:34:39 -0500] "GET /BLA/boletinlegal/ HTTP/1.1" 200 58154
34.140.248.32 - - [10/Aug/2022:05:37:17 -0500] "GET / HTTP/1.1" 200 319
201.245.192.253 - - [10/Aug/2022:05:39:39 -0500] "POST /kwsrmcab/Wsrmcab  HTTP/1.1" 200 213
201.245.192.253 - - [10/Aug/2022:05:39:46 -0500] "POST /kwsrmcab/Wsrmcab HTTP/1.1" 200 46732
201.245.192.253 - - [10/Aug/2022:05:39:50 -0500] "POST /kwsrmcab/Wsrmcab HTTP/1.1" 200 47502
172.22.2.4 - - [10/Aug/2022:05:39:55 -0500] "GET /BLA/boletinlegal/jurisprudencia.php HTTP/1.1" 200 17573
216.245.221.92 - - [10/Aug/2022:05:40:22 -0500] "HEAD / HTTP/1.1" 200 -
207.46.13.188 - - [10/Aug/2022:05:41:14 -0500] "GET /BLA/resoluciones/RESOLUCIONES%202000/2000%201200-1249.tif HTTP/1.1" 200 4148361
172.22.2.4 - - [10/Aug/2022:05:39:38 -0500] "HEAD /BLA/boletinlegal/ HTTP/1.1" 200 -
172.22.2.4 - - [10/Aug/2022:05:40:29 -0500] "GET /BLA/boletinlegal/ HTTP/1.1" 200 60272
185.119.81.102 - - [10/Aug/2022:05:43:46 -0500] "GET /portaldeninos/wp-login.php HTTP/1.1" 200 2592
185.119.81.102 - - [10/Aug/2022:05:43:48 -0500] "POST /portaldeninos/wp-login.php HTTP/1.1" 200 3605
201.245.192.253 - - [10/Aug/2022:05:44:38 -0500] "POST /kwsrmcab/Wsrmcab  HTTP/1.1" 200 213
216.245.221.92 - - [10/Aug/2022:05:45:22 -0500] "HEAD / HTTP/1.1" 200 -
207.46.13.20 - - [10/Aug/2022:05:46:56 -0500] "GET /Residuos/impresion/files/guia_impresion-lit.pdf HTTP/1.1" 304 -
172.22.2.4 - - [10/Aug/2022:05:45:28 -0500] "HEAD /BLA/boletinlegal/ HTTP/1.1" 200 -
172.22.2.4 - - [10/Aug/2022:05:46:19 -0500] "GET /BLA/boletinlegal/ HTTP/1.1" 200 58566
23.100.232.233 - - [10/Aug/2022:05:49:27 -0500] "GET /galeria/galeria/jquery.fancybox.js?v=2.1.5 HTTP/1.1" 200 48706
23.100.232.233 - - [10/Aug/2022:05:49:27 -0500] "GET /galeria/galeria/jquery.fancybox.css?v=2.1.5 HTTP/1.1" 200 4895
201.245.192.253 - - [10/Aug/2022:05:49:36 -0500] "POST /kwsrmcab/Wsrmcab  HTTP/1.1" 200 213
216.245.221.92 - - [10/Aug/2022:05:50:22 -0500] "HEAD / HTTP/1.1" 200 -
143.244.187.88 - - [10/Aug/2022:05:52:29 -0500] "GET /portaldeninos//wp-includes/wlwmanifest.xml HTTP/1.1" 200 1045
143.244.187.88 - - [10/Aug/2022:05:52:45 -0500] "GET /portaldeninos//wp-json/wp/v2/users/ HTTP/1.1" 200 1366
143.244.187.88 - - [10/Aug/2022:05:52:46 -0500] "POST /portaldeninos//xmlrpc.php HTTP/1.1" 200 413
143.244.187.88 - - [10/Aug/2022:05:52:46 -0500] "POST /portaldeninos//xmlrpc.php HTTP/1.1" 200 413
143.244.187.88 - - [10/Aug/2022:05:52:47 -0500] "POST /portaldeninos//xmlrpc.php HTTP/1.1" 200 413
143.244.187.88 - - [10/Aug/2022:05:52:47 -0500] "POST /portaldeninos//xmlrpc.php HTTP/1.1" 200 413
143.244.187.88 - - [10/Aug/2022:05:52:48 -0500] "POST /portaldeninos//xmlrpc.php HTTP/1.1" 200 413
143.244.187.88 - - [10/Aug/2022:05:52:49 -0500] "POST /portaldeninos//xmlrpc.php HTTP/1.1" 200 413
143.244.187.88 - - [10/Aug/2022:05:52:49 -0500] "POST /portaldeninos//xmlrpc.php HTTP/1.1" 200 413
143.244.187.88 - - [10/Aug/2022:05:52:50 -0500] "POST /portaldeninos//xmlrpc.php HTTP/1.1" 200 413
143.244.187.88 - - [10/Aug/2022:05:52:51 -0500] "POST /portaldeninos//xmlrpc.php HTTP/1.1" 200 413
143.244.187.88 - - [10/Aug/2022:05:52:51 -0500] "POST /portaldeninos//xmlrpc.php HTTP/1.1" 200 413
143.244.187.88 - - [10/Aug/2022:05:52:52 -0500] "POST /portaldeninos//xmlrpc.php HTTP/1.1" 200 413
143.244.187.88 - - [10/Aug/2022:05:52:53 -0500] "POST /portaldeninos//xmlrpc.php HTTP/1.1" 200 413
143.244.187.88 - - [10/Aug/2022:05:52:53 -0500] "POST /portaldeninos//xmlrpc.php HTTP/1.1" 200 413
143.244.187.88 - - [10/Aug/2022:05:52:54 -0500] "POST /portaldeninos//xmlrpc.php HTTP/1.1" 200 413
143.244.187.88 - - [10/Aug/2022:05:52:54 -0500] "POST /portaldeninos//xmlrpc.php HTTP/1.1" 200 413
143.244.187.88 - - [10/Aug/2022:05:52:55 -0500] "POST /portaldeninos//xmlrpc.php HTTP/1.1" 200 413
143.244.187.88 - - [10/Aug/2022:05:52:56 -0500] "POST /portaldeninos//xmlrpc.php HTTP/1.1" 200 413
143.244.187.88 - - [10/Aug/2022:05:52:56 -0500] "POST /portaldeninos//xmlrpc.php HTTP/1.1" 200 413
143.244.187.88 - - [10/Aug/2022:05:52:57 -0500] "POST /portaldeninos//xmlrpc.php HTTP/1.1" 200 413
143.244.187.88 - - [10/Aug/2022:05:52:57 -0500] "POST /portaldeninos//xmlrpc.php HTTP/1.1" 200 413
143.244.187.88 - - [10/Aug/2022:05:52:58 -0500] "POST /portaldeninos//xmlrpc.php HTTP/1.1" 200 413
172.22.2.4 - - [10/Aug/2022:05:51:18 -0500] "HEAD /BLA/boletinlegal/ HTTP/1.1" 200 -
143.244.187.88 - - [10/Aug/2022:05:52:58 -0500] "POST /portaldeninos//xmlrpc.php HTTP/1.1" 200 413
143.244.187.88 - - [10/Aug/2022:05:52:59 -0500] "POST /portaldeninos//xmlrpc.php HTTP/1.1" 200 413
143.244.187.88 - - [10/Aug/2022:05:52:59 -0500] "POST /portaldeninos//xmlrpc.php HTTP/1.1" 200 413
143.244.187.88 - - [10/Aug/2022:05:53:00 -0500] "POST /portaldeninos//xmlrpc.php HTTP/1.1" 200 413
143.244.187.88 - - [10/Aug/2022:05:53:00 -0500] "POST /portaldeninos//xmlrpc.php HTTP/1.1" 200 413
143.244.187.88 - - [10/Aug/2022:05:53:01 -0500] "POST /portaldeninos//xmlrpc.php HTTP/1.1" 200 413
143.244.187.88 - - [10/Aug/2022:05:53:02 -0500] "POST /portaldeninos//xmlrpc.php HTTP/1.1" 200 413
143.244.187.88 - - [10/Aug/2022:05:53:02 -0500] "POST /portaldeninos//xmlrpc.php HTTP/1.1" 200 413
143.244.187.88 - - [10/Aug/2022:05:53:03 -0500] "POST /portaldeninos//xmlrpc.php HTTP/1.1" 200 413
143.244.187.88 - - [10/Aug/2022:05:53:03 -0500] "POST /portaldeninos//xmlrpc.php HTTP/1.1" 200 413
143.244.187.88 - - [10/Aug/2022:05:53:04 -0500] "POST /portaldeninos//xmlrpc.php HTTP/1.1" 200 413
143.244.187.88 - - [10/Aug/2022:05:53:04 -0500] "POST /portaldeninos//xmlrpc.php HTTP/1.1" 200 413
143.244.187.88 - - [10/Aug/2022:05:53:05 -0500] "POST /portaldeninos//xmlrpc.php HTTP/1.1" 200 413
143.244.187.88 - - [10/Aug/2022:05:53:06 -0500] "POST /portaldeninos//xmlrpc.php HTTP/1.1" 200 413
143.244.187.88 - - [10/Aug/2022:05:53:06 -0500] "POST /portaldeninos//xmlrpc.php HTTP/1.1" 200 413
143.244.187.88 - - [10/Aug/2022:05:53:07 -0500] "POST /portaldeninos//xmlrpc.php HTTP/1.1" 200 413
143.244.187.88 - - [10/Aug/2022:05:53:07 -0500] "POST /portaldeninos//xmlrpc.php HTTP/1.1" 200 413
143.244.187.88 - - [10/Aug/2022:05:53:08 -0500] "POST /portaldeninos//xmlrpc.php HTTP/1.1" 200 413
143.244.187.88 - - [10/Aug/2022:05:53:08 -0500] "POST /portaldeninos//xmlrpc.php HTTP/1.1" 200 413
143.244.187.88 - - [10/Aug/2022:05:53:09 -0500] "POST /portaldeninos//xmlrpc.php HTTP/1.1" 200 413
143.244.187.88 - - [10/Aug/2022:05:53:09 -0500] "POST /portaldeninos//xmlrpc.php HTTP/1.1" 200 413
143.244.187.88 - - [10/Aug/2022:05:53:10 -0500] "POST /portaldeninos//xmlrpc.php HTTP/1.1" 200 413
143.244.187.88 - - [10/Aug/2022:05:53:11 -0500] "POST /portaldeninos//xmlrpc.php HTTP/1.1" 200 413
143.244.187.88 - - [10/Aug/2022:05:53:11 -0500] "POST /portaldeninos//xmlrpc.php HTTP/1.1" 200 413
143.244.187.88 - - [10/Aug/2022:05:53:12 -0500] "POST /portaldeninos//xmlrpc.php HTTP/1.1" 200 413
143.244.187.88 - - [10/Aug/2022:05:53:12 -0500] "POST /portaldeninos//xmlrpc.php HTTP/1.1" 200 413
143.244.187.88 - - [10/Aug/2022:05:53:13 -0500] "POST /portaldeninos//xmlrpc.php HTTP/1.1" 200 413
143.244.187.88 - - [10/Aug/2022:05:53:13 -0500] "POST /portaldeninos//xmlrpc.php HTTP/1.1" 200 413
143.244.187.88 - - [10/Aug/2022:05:53:14 -0500] "POST /portaldeninos//xmlrpc.php HTTP/1.1" 200 413
143.244.187.88 - - [10/Aug/2022:05:53:14 -0500] "POST /portaldeninos//xmlrpc.php HTTP/1.1" 200 413
143.244.187.88 - - [10/Aug/2022:05:53:15 -0500] "POST /portaldeninos//xmlrpc.php HTTP/1.1" 200 413
143.244.187.88 - - [10/Aug/2022:05:53:15 -0500] "POST /portaldeninos//xmlrpc.php HTTP/1.1" 200 413
143.244.187.88 - - [10/Aug/2022:05:53:16 -0500] "POST /portaldeninos//xmlrpc.php HTTP/1.1" 200 413
143.244.187.88 - - [10/Aug/2022:05:53:16 -0500] "POST /portaldeninos//xmlrpc.php HTTP/1.1" 200 413
143.244.187.88 - - [10/Aug/2022:05:53:17 -0500] "POST /portaldeninos//xmlrpc.php HTTP/1.1" 200 413
143.244.187.88 - - [10/Aug/2022:05:53:17 -0500] "POST /portaldeninos//xmlrpc.php HTTP/1.1" 200 403
143.244.187.88 - - [10/Aug/2022:05:53:18 -0500] "POST /portaldeninos//xmlrpc.php HTTP/1.1" 200 403
143.244.187.88 - - [10/Aug/2022:05:53:18 -0500] "POST /portaldeninos//xmlrpc.php HTTP/1.1" 200 413
143.244.187.88 - - [10/Aug/2022:05:53:19 -0500] "POST /portaldeninos//xmlrpc.php HTTP/1.1" 200 413
143.244.187.88 - - [10/Aug/2022:05:53:19 -0500] "POST /portaldeninos//xmlrpc.php HTTP/1.1" 200 413
143.244.187.88 - - [10/Aug/2022:05:53:20 -0500] "POST /portaldeninos//xmlrpc.php HTTP/1.1" 200 413
143.244.187.88 - - [10/Aug/2022:05:53:20 -0500] "POST /portaldeninos//xmlrpc.php HTTP/1.1" 200 413
143.244.187.88 - - [10/Aug/2022:05:53:21 -0500] "POST /portaldeninos//xmlrpc.php HTTP/1.1" 200 403
