!C99Shell v. 1.0 pre-release build #13!

Software: Apache. PHP/5.5.15 

uname -a: Windows NT SVR-DMZ 6.1 build 7600 (Windows Server 2008 R2 Enterprise Edition) i586 

SYSTEM 

Safe-mode: OFF (not secure)

E:\nuevo\apache\logs\   drwxrwxrwx
Free 7.34 GB of 239.26 GB (3.07%)
Detected drives: [ a ] [ c ] [ d ] [ e ] [ f ]
Home    Back    Forward    UPDIR    Refresh    Search    Buffer    Encoder    Tools    Proc.    FTP brute    Sec.    SQL    PHP-code    Update    Feedback    Self remove    Logout    


Viewing file:     access.2022.08.10.log (2.76 MB)      -rw-rw-rw-
Select action/file-type:
(+) | (+) | (+) | Code (+) | Session (+) | (+) | SDB (+) | (+) | (+) | (+) | (+) | (+) |
216.245.221.92 - - [10/Aug/2022:00:00:23 -0500] "HEAD / HTTP/1.1" 200 -
201.245.192.253 - - [10/Aug/2022:00:01:44 -0500] "POST /kwsrmcab/Wsrmcab  HTTP/1.1" 200 44251
185.119.81.99 - - [10/Aug/2022:00:01:51 -0500] "GET /portaldeninos/wp-login.php HTTP/1.1" 200 2592
185.119.81.99 - - [10/Aug/2022:00:01:52 -0500] "POST /portaldeninos/wp-login.php HTTP/1.1" 200 3650
172.22.2.4 - - [10/Aug/2022:00:01:19 -0500] "HEAD /BLA/boletinlegal/ HTTP/1.1" 200 -
172.22.2.4 - - [10/Aug/2022:00:02:09 -0500] "GET /BLA/boletinlegal/ HTTP/1.1" 200 58154
186.102.28.2 - - [10/Aug/2022:00:04:45 -0500] "GET /kwssiamovil/sm/acme/a?s=U2FsdGVkX1+y6fgw1q2rGB4Hb4+rDUge234EIriXu23KASeeba1GovR3Ie8WPH1h5zTGccy2iQBUBG/lKlelSx1nYRv1LEBKH6ZkdkALbCg3ykbN5tmAHwRZP+qeQx9i5UNGZFUMIQV3SKjzHCX4dVM0cHkl0mnBGHL4gGL87oNIkbT6xxfdpZb8Xf9RuexG/1OnKao7Gov9nAnV/1qexFVL+GZX1oA9mQfRAIxYkQ58eKD0YIRWNsUbjD/4UQcWid7TZFzpsDofm4kP4qfq4w==&u=U2FsdGVkX1/xBFp65bMPbm8QyHPPB2EOdBN6WWcSn++QXRzhGoae3jQCs8PTmhqe&y=U2FsdGVkX1+msSqYKJcPO532HBN3XEe+g+UbhRwVG+6EULxmIul7UMo5WgI5YJlu HTTP/1.1" 200 25
186.102.28.2 - - [10/Aug/2022:00:04:45 -0500] "GET /kwssiamovil/sm/acme/a?s=U2FsdGVkX1+euOs8EOzE3YE1ZPEIpJShl7wtoSYsNH2jMgQUnB7ulAhq8wKyddwfyqozA/8kavAASVG2ox8mjvkakh9qBaiB3Nlb6hne5dgCnxUdYaET2KcnR2ObcrJm0hj5VMQYHaUBEg+Rizvv2ss8yIUTqDgNtBNbbicHrkXpzg45MEmKVMY5a5OvxuZv0Ya7iIUhZyr76kwwf4WrcWMmuurXcSjZ0hv1Uzxmjb7DTuooVM+HMmjPNoDGHsNfdcFlwunE2hT0ZRjyUpc37VnUm4hgy+ogYyN2E6HfdCF2Gqm/UKbn1BdzCvpcIjobiy4IRb/pk/9fNLdP+VKTmZHKrVCdM6cu7ABDbnkblDtzI6AMTvf/InNJ+SCTfu5EOjf3Fa/RXdPTLQmr3efweFW7xkOwgGHpM4tFwrznpcSeqdAlE17f5rSypXHimgn9rlvQ655qFnakjXQD4x9E/CJz/otr5bC8sOBc/zRdPUD4CMSvpJvt7Xg1Fgmj5GP7XrZm+jRdsLOZxt1/6NxRirGbKnmY/91TiZsqkczru9iWg0FP0duWnsMVpstF4iw1kLUhzDYf+QPAuVkNJkpZtqBV1eoBeLSMjgdkEVRJ8Dzf/sXUhylwDx00hWzGKVrW28czthzMGpk8OcqxgSf9LkWt4yZZ2zNIeHeV42xyiPHx6aDltskIU67EOkSDFAf/k6M1AomfaZ0F12QU/N3bUoiBzK0Gj/YCNK+y8fBCIz8RVowY6v4xp6GN+p5sDAByla/k4fU1OW7BDUAge03jLA9k6Oi8hxNCxDRQTnDsECWYA6lfDfuRbASghKnJGzk2HIpPIyXV+HVIKhhr26zkCEWGdYT4/6hcncEL1PWe+33qw1nMPts8OUQ87JHwsterHi0XOcr1NPM599f4Y9Te5A+ifSi4GIhb3Q0jAz7tOf6bQuqcqw5MbSFmgnwnXgF/BRjyfMEAJlOQrAM+ZTJZifdjhXD7eEIue2EuxOOP5ozWuAk002MjQfeI0Tsh78faWKbGFMAyA/7D9Z9WHAm/YBYHtUL52+MjseM5b+YBnKwEBpidPeAIZGN+tUtrW7YWl2XWP6+IUVcGekdyZT6wCVfeMmWDiCLhAkqPZjJ8OjWnEUbzI+LF5a9QjQQYssER7ZPoaOG9U4Q6oCWSWQp0SEEohkyNS2obUn7uHbhO5yJiV/dZ/OHdDT5ZmuwRwlpJzopUgNlVvA5xV2zPAPQYSG1JqOr5thT8S3W8pcsGuQQFcYZtomqjPgDlHa8GGAqT20QNE340grn290mroBwFwBhbaryHfpFmrSiOm25cLE5TXcnNlHus1vO3aEVm1vqnsEvhlGPlWkdPFk6Dg/VNB2APNJhzR0q0M/yLfvVZiPYx02RnbRKBRxYPg0xAv4B/JlaxspAU46nEhzO1dU9r5wGA6IE8EaH5viS36RRrjHOZ9PlMnkGALDQdD/RguuFLRzoWxHgq5mQdwsIigSG/w8NW7AxlAulNWX7h2lcWrfJfNjYtxgyu6yY+OE42BdbOdaZYIWj/wio7HBg+f0vo+eq/lPB6xOoTv+M/DAuLDpuE6kYWCEMgy2VYv03dwLKh4oUvuNTBpzS59FJYTXko2mfGnTfA7XMKiHF8HoclZEDYUYSEIy0cqo8T8DhmiAJxgXVIlLm7C63weg6bLoAoHouiSjlk46y3YksEq3V2HOvJZyllWThpjaCHLN8LBMpICNegHp4pVZTG0GRYactAc8s2hjRENXBeBKEd3w+XxgZJ64JpwPRORzrrL5VS6RQOWY0Fi08VcKudkGUReydT2U8fjGGVjBI8cvcvSwILdtw7DR3zLQc/Ex6E52guUW8F0+akCDmxzz0d4+TTeMY6BA==&u=U2FsdGVkX1/xBFp65bMPbm8QyHPPB2EOdBN6WWcSn++QXRzhGoae3jQCs8PTmhqe&y=U2FsdGVkX1+msSqYKJcPO532HBN3XEe+g+UbhRwVG+6EULxmIul7UMo5WgI5YJlu HTTP/1.1" 200 25
186.102.28.2 - - [10/Aug/2022:00:04:45 -0500] "GET /kwssiamovil/sm/acme/a?s=U2FsdGVkX1+BCQqT7WzL77wB2gelyrAR63ctAn3TXReL2ncbOL+DNLsgLGh1MpX1R7mlDXO/1v6b5Q2AjiNjiCL25NGknlTwUPe73t22xIQIUpBZZl6gPyyYe4NOH/iWvz9gbEAriQc7bnvnTOWUk3xdSQp/VZr/NKOUfRzlAkI=&u=U2FsdGVkX1/xBFp65bMPbm8QyHPPB2EOdBN6WWcSn++QXRzhGoae3jQCs8PTmhqe&y=U2FsdGVkX1+msSqYKJcPO532HBN3XEe+g+UbhRwVG+6EULxmIul7UMo5WgI5YJlu HTTP/1.1" 200 25
186.102.28.2 - - [10/Aug/2022:00:04:46 -0500] "GET /kwssiamovil/sm/acme/a?s=U2FsdGVkX1/As6Z2sNlGtWC1BEWdE8kgJ5/y8nlgHc6yTER50TJ/U6m7oA6fKK/VenXF6Wspd4JVZTApcpTKla9oWl7gz82RIXdjCPV6r2ZOu4sdAaBYbovJv5LVhiKh7NwRzSAk7RN2/DhunTfgKaIQMY5smrYBQW/OQ8HiOZk=&u=U2FsdGVkX1/xBFp65bMPbm8QyHPPB2EOdBN6WWcSn++QXRzhGoae3jQCs8PTmhqe&y=U2FsdGVkX1+msSqYKJcPO532HBN3XEe+g+UbhRwVG+6EULxmIul7UMo5WgI5YJlu HTTP/1.1" 200 25
186.102.28.2 - - [10/Aug/2022:00:04:46 -0500] "GET /kwssiamovil/sm/acme/a?s=U2FsdGVkX180z/HFA1XqawmEwPsCsbeFHympr6c+nZhnpNN//XQ7F9xqJLjFQ5LRZFiWLWa/WDVFt95mP52/DrWa1+h5DYvqG7zxFaxQP4IGCgglJlXXHIIxtVnnP5P6EhhWx1VRW6yad7OnYd8r//qXjAKT4+OYa5PFHOQGyL4=&u=U2FsdGVkX1/xBFp65bMPbm8QyHPPB2EOdBN6WWcSn++QXRzhGoae3jQCs8PTmhqe&y=U2FsdGVkX1+msSqYKJcPO532HBN3XEe+g+UbhRwVG+6EULxmIul7UMo5WgI5YJlu HTTP/1.1" 200 25
186.102.28.2 - - [10/Aug/2022:00:04:46 -0500] "GET /kwssiamovil/sm/acme/a?s=U2FsdGVkX19lod7ZAjLH3TvvgMp3zbtbVqbqmF2On9M6Fv2HHXc/kw6i6iZGEKADUYRDqTq80mfV05YXSXpKBisJgnBFOqrwXAPIP29TTMEefQ9qXliEmQL3VPL0u+wM89iFiI7bilcaxY7aa3SwQQQZ4e0mbaYdbNsI68o+ojkFQf5jEtYgtaqSi16jZnlx&u=U2FsdGVkX1/xBFp65bMPbm8QyHPPB2EOdBN6WWcSn++QXRzhGoae3jQCs8PTmhqe&y=U2FsdGVkX1+msSqYKJcPO532HBN3XEe+g+UbhRwVG+6EULxmIul7UMo5WgI5YJlu HTTP/1.1" 200 25
216.245.221.92 - - [10/Aug/2022:00:05:23 -0500] "HEAD / HTTP/1.1" 200 -
201.245.192.253 - - [10/Aug/2022:00:06:42 -0500] "POST /kwsrmcab/Wsrmcab  HTTP/1.1" 200 213
201.245.192.253 - - [10/Aug/2022:00:07:43 -0500] "POST /kwsrmcab/Wsrmcab  HTTP/1.1" 200 213
201.245.192.253 - - [10/Aug/2022:00:08:46 -0500] "POST /kwsrmcab/Wsrmcab  HTTP/1.1" 200 213
172.22.2.4 - - [10/Aug/2022:00:07:09 -0500] "HEAD /BLA/boletinlegal/ HTTP/1.1" 200 -
64.124.8.32 - - [10/Aug/2022:00:09:16 -0500] "-" 408 -
172.22.2.4 - - [10/Aug/2022:00:07:59 -0500] "GET /BLA/boletinlegal/ HTTP/1.1" 200 56005
201.245.192.253 - - [10/Aug/2022:00:09:47 -0500] "POST /kwsrmcab/Wsrmcab  HTTP/1.1" 200 213
216.245.221.92 - - [10/Aug/2022:00:10:23 -0500] "HEAD / HTTP/1.1" 200 -
172.22.2.4 - - [10/Aug/2022:00:10:33 -0500] "GET /BLA/boletinlegal/jurisprudencia.php HTTP/1.1" 200 17573
201.245.192.253 - - [10/Aug/2022:00:10:49 -0500] "POST /kwsrmcab/Wsrmcab  HTTP/1.1" 200 213
152.61.192.232 - - [10/Aug/2022:00:12:53 -0500] "GET / HTTP/1.1" 200 319
172.22.2.4 - - [10/Aug/2022:00:12:59 -0500] "HEAD /BLA/boletinlegal/ HTTP/1.1" 200 -
216.245.221.92 - - [10/Aug/2022:00:15:23 -0500] "HEAD / HTTP/1.1" 200 -
172.22.2.4 - - [10/Aug/2022:00:13:49 -0500] "GET /BLA/boletinlegal/ HTTP/1.1" 200 52868
201.245.192.253 - - [10/Aug/2022:00:15:51 -0500] "POST /kwsrmcab/Wsrmcab  HTTP/1.1" 200 213
152.61.128.50 - - [10/Aug/2022:00:18:38 -0500] "GET / HTTP/1.1" 200 319
201.245.192.253 - - [10/Aug/2022:00:19:47 -0500] "POST /kwsrmcab/Wsrmcab HTTP/1.1" 200 46740
201.245.192.253 - - [10/Aug/2022:00:19:51 -0500] "POST /kwsrmcab/Wsrmcab HTTP/1.1" 200 47361
216.245.221.92 - - [10/Aug/2022:00:20:23 -0500] "HEAD / HTTP/1.1" 200 -
172.22.2.4 - - [10/Aug/2022:00:18:49 -0500] "HEAD /BLA/boletinlegal/ HTTP/1.1" 200 -
154.89.5.75 - - [10/Aug/2022:00:20:46 -0500] "GET / HTTP/1.0" 200 319
201.245.192.253 - - [10/Aug/2022:00:20:50 -0500] "POST /kwsrmcab/Wsrmcab  HTTP/1.1" 200 213
172.22.2.4 - - [10/Aug/2022:00:19:39 -0500] "GET /BLA/boletinlegal/ HTTP/1.1" 200 58566
191.156.63.5 - - [10/Aug/2022:00:22:45 -0500] "GET /portaldeninos/wp-content/uploads/useanyfont/uaf.css?ver=1589905315 HTTP/1.1" 200 408
191.156.53.24 - - [10/Aug/2022:00:22:45 -0500] "GET /portaldeninos/wp-content/themes/betheme/style.css?ver=20.9.6 HTTP/1.1" 200 287
191.156.60.56 - - [10/Aug/2022:00:22:45 -0500] "GET /portaldeninos/wp-content/plugins/gallery-videos/CSS/Total-Soft-Gallery-Video-Widget.css?ver=4.9.8 HTTP/1.1" 200 51554
191.156.63.5 - - [10/Aug/2022:00:22:45 -0500] "GET /portaldeninos/wp-content/plugins/gallery-videos/CSS/totalsoft.css?ver=4.9.8 HTTP/1.1" 200 40622
191.156.48.128 - - [10/Aug/2022:00:22:45 -0500] "GET /portaldeninos/wp-content/themes/betheme/css/base.css?ver=20.9.6 HTTP/1.1" 200 57283
191.156.63.5 - - [10/Aug/2022:00:22:45 -0500] "GET /portaldeninos/wp-content/themes/betheme/assets/animations/animations.min.css?ver=20.9.6 HTTP/1.1" 200 58508
191.156.63.5 - - [10/Aug/2022:00:22:45 -0500] "GET /portaldeninos/wp-content/themes/betheme/assets/jplayer/css/jplayer.blue.monday.css?ver=20.9.6 HTTP/1.1" 200 9834
191.156.48.128 - - [10/Aug/2022:00:22:45 -0500] "GET /portaldeninos/wp-content/themes/betheme/css/layout.css?ver=20.9.6 HTTP/1.1" 200 116639
191.156.60.56 - - [10/Aug/2022:00:22:45 -0500] "GET /portaldeninos/wp-content/themes/betheme/assets/ui/jquery.ui.all.css?ver=20.9.6 HTTP/1.1" 200 18765
191.156.53.24 - - [10/Aug/2022:00:22:45 -0500] "GET /portaldeninos/wp-content/themes/betheme/css/shortcodes.css?ver=20.9.6 HTTP/1.1" 200 138889
191.156.63.5 - - [10/Aug/2022:00:22:45 -0500] "GET /portaldeninos/wp-content/plugins/google-analytics-for-wordpress/assets/js/frontend-gtag.min.js?ver=8.5.0 HTTP/1.1" 200 11801
191.156.60.56 - - [10/Aug/2022:00:22:45 -0500] "GET /portaldeninos/wp-includes/js/jquery/ui/core.min.js?ver=1.11.4 HTTP/1.1" 200 4000
191.156.53.24 - - [10/Aug/2022:00:22:45 -0500] "GET /portaldeninos/wp-content/plugins/gallery-videos/JS/modernizr.custom.js?ver=4.9.8 HTTP/1.1" 200 9019
191.156.63.5 - - [10/Aug/2022:00:22:45 -0500] "GET /portaldeninos/wp-includes/js/jquery/jquery-migrate.min.js?ver=1.4.1 HTTP/1.1" 200 10056
191.156.48.128 - - [10/Aug/2022:00:22:45 -0500] "GET /portaldeninos/wp-content/themes/betheme/css/responsive.css?ver=20.9.6 HTTP/1.1" 200 55740
191.156.53.24 - - [10/Aug/2022:00:22:45 -0500] "GET /portaldeninos/wp-includes/js/jquery/ui/mouse.min.js?ver=1.11.4 HTTP/1.1" 200 3148
191.156.60.56 - - [10/Aug/2022:00:22:45 -0500] "GET /portaldeninos/wp-includes/js/jquery/ui/widget.min.js?ver=1.11.4 HTTP/1.1" 200 6908
191.156.53.24 - - [10/Aug/2022:00:22:45 -0500] "GET /portaldeninos/wp-includes/js/jquery/ui/accordion.min.js?ver=1.11.4 HTTP/1.1" 200 8584
191.156.63.5 - - [10/Aug/2022:00:22:45 -0500] "GET /portaldeninos/wp-content/plugins/gallery-videos/JS/Total-Soft-Gallery-Video-Widget.js?ver=4.9.8 HTTP/1.1" 200 80264
191.156.48.128 - - [10/Aug/2022:00:22:45 -0500] "GET /portaldeninos/wp-includes/js/jquery/ui/tabs.min.js?ver=1.11.4 HTTP/1.1" 200 12110
191.156.53.24 - - [10/Aug/2022:00:22:45 -0500] "GET /portaldeninos/wp-content/themes/betheme/js/menu.js?ver=20.9.6 HTTP/1.1" 200 2449
191.156.48.128 - - [10/Aug/2022:00:22:45 -0500] "GET /portaldeninos/wp-includes/js/jquery/jquery.js?ver=1.12.4 HTTP/1.1" 200 97184
191.156.63.5 - - [10/Aug/2022:00:22:45 -0500] "GET /portaldeninos/wp-includes/js/jquery/ui/sortable.min.js?ver=1.11.4 HTTP/1.1" 200 24899
191.156.48.128 - - [10/Aug/2022:00:22:45 -0500] "GET /portaldeninos/wp-includes/js/wp-embed.min.js?ver=4.9.8 HTTP/1.1" 200 1398
191.156.63.5 - - [10/Aug/2022:00:22:45 -0500] "GET /portaldeninos/wp-content/themes/betheme/assets/animations/animations.min.js?ver=20.9.6 HTTP/1.1" 200 1896
191.156.60.56 - - [10/Aug/2022:00:22:45 -0500] "GET /portaldeninos/wp-content/themes/betheme/js/plugins.js?ver=20.9.6 HTTP/1.1" 200 197151
191.156.53.24 - - [10/Aug/2022:00:22:45 -0500] "GET /portaldeninos/wp-content/themes/betheme/js/scripts.js?ver=20.9.6 HTTP/1.1" 200 77162
191.156.48.128 - - [10/Aug/2022:00:22:45 -0500] "GET /portaldeninos/wp-content/themes/betheme/assets/jplayer/jplayer.min.js?ver=20.9.6 HTTP/1.1" 200 52702
191.156.48.128 - - [10/Aug/2022:00:22:46 -0500] "GET /portaldeninos/wp-content/themes/betheme/images/box_shadow.png HTTP/1.1" 200 108
191.156.63.5 - - [10/Aug/2022:00:22:46 -0500] "GET /portaldeninos/wp-includes/js/wp-emoji-release.min.js?ver=4.9.8 HTTP/1.1" 200 12026
191.156.63.5 - - [10/Aug/2022:00:22:46 -0500] "GET /portaldeninos/wp-content/themes/betheme/fonts/mfn-icons.woff?93978679 HTTP/1.1" 200 80932
191.156.58.17 - - [10/Aug/2022:00:22:46 -0500] "GET /portaldeninos/wp-content/themes/betheme/fonts/mfn-icons.ttf?93978679 HTTP/1.1" 200 105529
157.55.39.84 - - [10/Aug/2022:00:23:32 -0500] "GET /BLA/resoluciones/AUTOS%202015/1418.pdf HTTP/1.1" 200 513241
185.119.81.103 - - [10/Aug/2022:00:24:29 -0500] "GET /portaldeninos/wp-login.php HTTP/1.1" 200 2592
185.119.81.103 - - [10/Aug/2022:00:24:30 -0500] "POST /portaldeninos/wp-login.php HTTP/1.1" 200 3650
66.249.73.127 - - [10/Aug/2022:00:25:13 -0500] "-" 408 -
216.245.221.92 - - [10/Aug/2022:00:25:23 -0500] "HEAD / HTTP/1.1" 200 -
185.119.81.99 - - [10/Aug/2022:00:25:49 -0500] "GET /portaldeninos/wp-login.php HTTP/1.1" 200 2592
185.119.81.99 - - [10/Aug/2022:00:25:50 -0500] "POST /portaldeninos/wp-login.php HTTP/1.1" 200 3605
201.245.192.253 - - [10/Aug/2022:00:25:49 -0500] "POST /kwsrmcab/Wsrmcab  HTTP/1.1" 200 213
185.119.81.101 - - [10/Aug/2022:00:26:03 -0500] "GET /portaldeninos/wp-login.php HTTP/1.1" 200 2592
185.119.81.101 - - [10/Aug/2022:00:26:04 -0500] "POST /portaldeninos/wp-login.php HTTP/1.1" 200 3605
181.56.168.186 - - [10/Aug/2022:00:26:05 -0500] "GET /galeria/nivo-slider/demo/convocatorias.html? HTTP/1.1" 200 3464
172.22.2.4 - - [10/Aug/2022:00:24:39 -0500] "HEAD /BLA/boletinlegal/ HTTP/1.1" 200 -
181.56.168.186 - - [10/Aug/2022:00:26:35 -0500] "GET /silvicultura/1.pdf HTTP/1.1" 200 334952
181.56.168.186 - - [10/Aug/2022:00:26:36 -0500] "GET /silvicultura/6.pdf HTTP/1.1" 200 215404
172.22.2.4 - - [10/Aug/2022:00:25:30 -0500] "GET /BLA/boletinlegal/ HTTP/1.1" 200 44887
181.56.168.186 - - [10/Aug/2022:00:27:12 -0500] "GET /transparencia/General%20Asignado/? HTTP/1.1" 200 43125
181.56.168.186 - - [10/Aug/2022:00:27:13 -0500] "GET /transparencia/financiera/? HTTP/1.1" 200 74307
172.22.2.4 - - [10/Aug/2022:00:25:50 -0500] "GET /BLA/boletinlegal/ HTTP/1.1" 200 49092
185.119.81.99 - - [10/Aug/2022:00:28:33 -0500] "GET /portaldeninos/wp-login.php HTTP/1.1" 200 2592
185.119.81.99 - - [10/Aug/2022:00:28:34 -0500] "POST /portaldeninos/wp-login.php HTTP/1.1" 200 3650
201.245.192.253 - - [10/Aug/2022:00:29:47 -0500] "POST /kwsrmcab/Wsrmcab HTTP/1.1" 200 46740
201.245.192.253 - - [10/Aug/2022:00:29:54 -0500] "POST /kwsrmcab/Wsrmcab HTTP/1.1" 200 47361
216.245.221.92 - - [10/Aug/2022:00:30:23 -0500] "HEAD / HTTP/1.1" 200 -
201.245.192.253 - - [10/Aug/2022:00:30:47 -0500] "POST /kwsrmcab/Wsrmcab  HTTP/1.1" 200 213
66.249.73.127 - - [10/Aug/2022:00:31:39 -0500] "-" 408 -
172.22.2.4 - - [10/Aug/2022:00:30:29 -0500] "HEAD /BLA/boletinlegal/ HTTP/1.1" 200 -
172.22.2.4 - - [10/Aug/2022:00:31:19 -0500] "GET /BLA/boletinlegal/ HTTP/1.1" 200 60272
200.114.47.10 - - [10/Aug/2022:00:33:40 -0500] "-" 408 -
216.245.221.92 - - [10/Aug/2022:00:35:23 -0500] "HEAD / HTTP/1.1" 200 -
201.245.192.253 - - [10/Aug/2022:00:35:46 -0500] "POST /kwsrmcab/Wsrmcab  HTTP/1.1" 200 213
172.22.2.4 - - [10/Aug/2022:00:36:19 -0500] "HEAD /BLA/boletinlegal/ HTTP/1.1" 200 -
66.249.73.127 - - [10/Aug/2022:00:38:01 -0500] "-" 408 -
66.249.73.84 - - [10/Aug/2022:00:38:40 -0500] "-" 408 -
172.22.2.4 - - [10/Aug/2022:00:37:09 -0500] "GET /BLA/boletinlegal/ HTTP/1.1" 200 58946
40.77.167.101 - - [10/Aug/2022:00:39:26 -0500] "-" 408 -
201.245.192.253 - - [10/Aug/2022:00:39:48 -0500] "POST /kwsrmcab/Wsrmcab HTTP/1.1" 200 46740
201.245.192.253 - - [10/Aug/2022:00:39:51 -0500] "POST /kwsrmcab/Wsrmcab HTTP/1.1" 200 47361
216.245.221.92 - - [10/Aug/2022:00:40:23 -0500] "HEAD / HTTP/1.1" 200 -
201.245.192.253 - - [10/Aug/2022:00:40:42 -0500] "POST /kwsrmcab/Wsrmcab  HTTP/1.1" 200 213
186.102.28.2 - - [10/Aug/2022:00:41:20 -0500] "GET /kwssiamovil/sm/acme/a?s=U2FsdGVkX1/iSSgzN0MgVAQRM5X0e8TWu+xu4lPIu5UXXyE5f4KEwcLPJ3KNZ4Dqu2kfiVQGnvaBBMcDLtzWafQR4XRBv8xtMK4DZjSoSmcjmPOP2VemGXG2Rt/ZvxApCYyY8tFljSf2pzxB4kpGL6VMXHg23yKTf+JIlFM9wOK9ejISbK4hE2QRF69IGYsWjq6eiUTMQRLUcjl0Gx8NjFgo4q48eAn4E7a7qTrp1byEp1bQwKnBZoMOgV2EW0JkUZGrjhBkpUqejnAqA/pXng==&u=U2FsdGVkX1/xBFp65bMPbm8QyHPPB2EOdBN6WWcSn++QXRzhGoae3jQCs8PTmhqe&y=U2FsdGVkX1+msSqYKJcPO532HBN3XEe+g+UbhRwVG+6EULxmIul7UMo5WgI5YJlu HTTP/1.1" 200 25
186.102.28.2 - - [10/Aug/2022:00:41:20 -0500] "GET /kwssiamovil/sm/acme/a?s=U2FsdGVkX199MNUWy7JYOOFg8VfWQbrgPmbmAC2aKAL9xD6XOsUxvJbSawEpOkzefDSr8m2peaeiUgh/KYibm3WmOrFpBj3BHugUM1WHIcqOtOdSmhSp41D5GRMmJt1WoRWmi7zY93fqfEyBaSDccKaGMZ+OoytfEEi7EQXU7ic6ZobzTsHCGqtFLeykusXmMNeJhcN2WIqP0Y5YLAR47rVec+PXaOl0uaiEz4Wi7MLgLkZGl5taULGYFN3pEcG/p0+9GItTznHUcDP0NV10CqNqoIoxc3PkFEOBjQOzI6oRyCfVORbI1eIQo26B3++gZ3Sjm/ByrSO/0xaNWDskWiDkgtQGCJ+ofd+8i8+oH/hGHjizU1HQXJV22Blih0KzvA8QHEfyWq0698kxQcCCWGCDfe88E/pEqDGA8EU7BXUMi+LSE8ZWZ+n37NUUV2yw/xmQ5uKdJNKTxZhSZTQLUbD97PbCPrmVxqcivxl+KS87f16PvEvQP5v91eKcwSFNjJyTHPfrs4KOiMri/GRCWXz0o0s8PFaYh9ogq8qQGzRRSjN1mVKh8XhEFTRPa9F7HtkZjLCZCspSrUy2SIsxJX+DDBiBHpjF7sdLgHL+FAAKC99wVu1glMpglzfxi3HGTZzUriOmSgJSdtQR4Gz5chOkuPbIO8WuMHvmEMtaAAxL+nFqD0WM/Mv3dmlyNjCDg0wfTy7x9GqnUoyg+U2+HH5phfNcdFSA9Zj5VIRjRPn6EyLJh/w/1ZOT0RB1qCb2woJvF1lAjlUI9wIU15YzMucUBXzbRhRvThhwpITvG7O6n2HcmMtabewstwcYXVaS4gUKYBehjT/pUlNNBY1968udNcJQ+NktyXocDg3Lxlxlcau4AVjywcmWnUbRsEOLp5fM5saJdvHDFYrL0TDROfLm4wx/scIbEXrdLayEByAJE21Vk9DU94oDkJiLvJ9xCQXLmPNSUOBiwd3mx+bdfnQB+xWlr6Jn8pIu+4dUF8FeO1VIp3cBV+rxz5QsePMj6LD+2YV92b492MZspAcVsoR9m78fqCnV9chq50qYlKEnei4vrZILk4N0M54MM8rj0H+TH6XQx1d2wFFt6OLaBy2pnprO/1PElvrNebXVLmK1xWNf5Fd22NMIvW+WZTXYvZ5nRJNCdVvIbgx+bytrD3T6s1hAValEXgFXq7PkHTIsY55XBiXr9FIc8NDvJTgm3UE4Twi+DPitOd69v4OklKQd0A6LhDvDhcg5/mKlWxMdBNC/YkHxn3BtTuYLbDZdf79TPwGhO/hn/+ARZCdxNBTbP7OqWDsiw4LvoVvrXK64CytbeyK7PaGnhbuv+gLUsWt2cD9eY2na1Cl/72TvLy801zEZx2Ztxq+lM2tlZv2T9mUsrfM/U0WP21zL5hVmd6mQJ6L5GXtrxc0vdnvaWji9EjZccvEwRLS+oaIsy+JUK9zbX5MhCwLmtV4K/iSmO4c7jtCFUR2vNE2ekdRsN4Z3EylTacprOEzq7fRuiBb7sUcxtPjnVdoPAoukg0V1RY4VPb03CXEFAjlyLr3LWRFcXCyIyqrUEJqN3WPywAo3HAvqy4H+BWQEjhhO/jcOsleyDTOucb/+vScYQ7OfN+LpRNfocm9YsGFM4h4peSsea8SMp0h93/YYRzVLdl6rjrM6Zn1U9mOrRF/x5XcGGzGZcdSTFe7Ir0LYPNyrIF/WQ3gh+MDazuWp0ANqQ0RFKFePk250fTn2Y6olimHEJC65AnwVjzjXKs2VE3rmbnG1uvteTxB1YdukpAonRIsACNmIYUp4SuDptO+LObLRdz+NQ551cOJGKQq0iAmHO5472k/v/4kPljF6XkbJd8tdu8RMk+lLzXBwqf6OUQ/r/udUKODx1JhXrQxpxot+5wzyHwCbxHJCHLajlwDWsnIhmXVLmTWE1zlIx9LJctbhtT319YOyWjXBoi6ua/CpucxzPLM1TePMNGx5bDsmbWpKrvSqU+eV7BYtdAFiOeS2G8Ls9HMoy2sdQjL2wBEKbE5xYdjIfQVs6ptzC1EuJRG7i4L6gdOKrvV18OE1tY4FN9AYtrb6KtsSaZ8Q+kdj2G2z431hnjTlVnQ+ijZbOJdcXcEmo1ktT5OeXuMjcDL1Dq4bPtChaTiF2XrZK8H8B0gB8B6UZ54+Em17ZhRDJnBJaE1iPqUW3s8mB+sLygYUnQddMxoyAje9747oPobmMLM2SnV/FRBIXkerSY5oQ9aY0VVkmxD/w03SX5Ho0GxgkhczTHIR2qI8UdIILVDs5l0wsJRbr0lgTQxOXKje7kb620CAKlmk+If66mJ9EaqhAswTkcUY+noFLm7RGnKfOeo5M7JSMtBT6bDVIB2rNBMSallObxKQZ1Auc4OP4PW2/361oxL7xewGmi860Hw1H17AYNsaHU6H8IEiRv/Z+Mlo6JDHnJWitEi3NtCMBCmyccUyD+kRhf+cqfOypAiH0w4=&u=U2FsdGVkX1/xBFp65bMPbm8QyHPPB2EOdBN6WWcSn++QXRzhGoae3jQCs8PTmhqe&y=U2FsdGVkX1+msSqYKJcPO532HBN3XEe+g+UbhRwVG+6EULxmIul7UMo5WgI5YJlu HTTP/1.1" 200 25
186.102.28.2 - - [10/Aug/2022:00:41:21 -0500] "GET /kwssiamovil/sm/acme/a?s=U2FsdGVkX19ylCkUGDhCSBwncwAYSfYwyQ2XceSgDlIxIn1OA90pCwubksU9pU4K2EIgawGfbLmMZnzddhaDJov4kAS/MkaE6gX/Pgyrnaenf7FSA0qB39dVYtiD1DZRVCkAU7tX0/6ebz8agAzZ3so/mKasWLb3tEwFjQRmUvo=&u=U2FsdGVkX1/xBFp65bMPbm8QyHPPB2EOdBN6WWcSn++QXRzhGoae3jQCs8PTmhqe&y=U2FsdGVkX1+msSqYKJcPO532HBN3XEe+g+UbhRwVG+6EULxmIul7UMo5WgI5YJlu HTTP/1.1" 200 25
186.102.28.2 - - [10/Aug/2022:00:41:21 -0500] "GET /kwssiamovil/sm/acme/a?s=U2FsdGVkX1/Uu+p2WYNa9rPCHQkcr6TKF4D7FHa54OaIadZL7/nLUekwe6U6eFjMdzdHTSfn8AsKclx5tJutNt7oubzbPTXNf8hotXs2KHIjnzroVR0Kqd00f9mb4FFLQWTJ4TNH0y0+QV9cqYOYqyjHvh2yP6tR1geqTjXXW5g=&u=U2FsdGVkX1/xBFp65bMPbm8QyHPPB2EOdBN6WWcSn++QXRzhGoae3jQCs8PTmhqe&y=U2FsdGVkX1+msSqYKJcPO532HBN3XEe+g+UbhRwVG+6EULxmIul7UMo5WgI5YJlu HTTP/1.1" 200 25
186.102.28.2 - - [10/Aug/2022:00:41:21 -0500] "GET /kwssiamovil/sm/acme/a?s=U2FsdGVkX1/TqIHnLZe++viTsZ3xsZDo2ftM0FkidTEbCi89Nuk0r+Ka7Sv0Ga66RBsqK2F/ykn203de4XSZxFh0d6OhMT+jat949UaazWHcg1A7DzJH8H26bDX3uY2pOeRdgbpbAZPD1RA99tUVwr4PZb+0cVWFdX3oCZX6UEU=&u=U2FsdGVkX1/xBFp65bMPbm8QyHPPB2EOdBN6WWcSn++QXRzhGoae3jQCs8PTmhqe&y=U2FsdGVkX1+msSqYKJcPO532HBN3XEe+g+UbhRwVG+6EULxmIul7UMo5WgI5YJlu HTTP/1.1" 200 25
186.102.28.2 - - [10/Aug/2022:00:41:21 -0500] "GET /kwssiamovil/sm/acme/a?s=U2FsdGVkX18g3kl7FxEzmsvk7cnHSVMtdGKL3xLuBhofkC/Lf8v0TIO0x4ubIN6oqHmFFKtjjDixhpxbLY+PcocNrQ7GMzqrLTV0O57c5t3M9QV/lhkcOlpx5SPQJUKztHYsTQsR5cif3BI8+ObdAgpEfGNJukHIoTP6bVYuuUH+tVUxmFz17H0j/cE4GIBo&u=U2FsdGVkX1/xBFp65bMPbm8QyHPPB2EOdBN6WWcSn++QXRzhGoae3jQCs8PTmhqe&y=U2FsdGVkX1+msSqYKJcPO532HBN3XEe+g+UbhRwVG+6EULxmIul7UMo5WgI5YJlu HTTP/1.1" 200 25
207.46.13.20 - - [10/Aug/2022:00:42:48 -0500] "GET /BLA/resoluciones/RESOLUCIONES%202020/0472.pdf HTTP/1.1" 304 -
207.46.13.14 - - [10/Aug/2022:00:43:31 -0500] "GET /portaldeninos/ HTTP/1.1" 200 110281
172.22.2.4 - - [10/Aug/2022:00:41:55 -0500] "GET /BLA/boletinlegal/ HTTP/1.1" 200 53281
157.55.39.50 - - [10/Aug/2022:00:43:46 -0500] "GET /portaldeninos/wp-content/plugins/gallery-videos/JS/Total-Soft-Gallery-Video-Widget.js?ver=4.9.8 HTTP/1.1" 200 80264
157.55.39.50 - - [10/Aug/2022:00:43:48 -0500] "GET /portaldeninos/wp-content/themes/betheme/assets/animations/animations.min.css?ver=20.9.6 HTTP/1.1" 200 58508
172.22.2.4 - - [10/Aug/2022:00:42:09 -0500] "HEAD /BLA/boletinlegal/ HTTP/1.1" 200 -
157.55.39.108 - - [10/Aug/2022:00:43:50 -0500] "GET /portaldeninos/wp-content/themes/betheme/assets/animations/animations.min.js?ver=20.9.6 HTTP/1.1" 200 1896
157.55.39.50 - - [10/Aug/2022:00:43:51 -0500] "GET /portaldeninos/wp-includes/js/jquery/ui/accordion.min.js?ver=1.11.4 HTTP/1.1" 200 8584
207.46.13.148 - - [10/Aug/2022:00:43:51 -0500] "GET /portaldeninos/wp-content/plugins/gallery-videos/CSS/Total-Soft-Gallery-Video-Widget.css?ver=4.9.8 HTTP/1.1" 200 51554
207.46.13.14 - - [10/Aug/2022:00:43:51 -0500] "GET /portaldeninos/wp-content/themes/betheme/assets/jplayer/jplayer.min.js?ver=20.9.6 HTTP/1.1" 200 52702
207.46.13.148 - - [10/Aug/2022:00:43:53 -0500] "GET /portaldeninos/wp-content/plugins/gallery-videos/JS/modernizr.custom.js?ver=4.9.8 HTTP/1.1" 200 9019
157.55.39.108 - - [10/Aug/2022:00:43:52 -0500] "GET /portaldeninos/wp-content/themes/betheme/css/shortcodes.css?ver=20.9.6 HTTP/1.1" 200 138889
157.55.39.50 - - [10/Aug/2022:00:43:54 -0500] "GET /portaldeninos/wp-includes/js/wp-embed.min.js?ver=4.9.8 HTTP/1.1" 200 1398
207.46.13.14 - - [10/Aug/2022:00:43:53 -0500] "GET /portaldeninos/wp-content/themes/betheme/js/plugins.js?ver=20.9.6 HTTP/1.1" 200 197151
157.55.39.108 - - [10/Aug/2022:00:43:55 -0500] "GET /portaldeninos/wp-content/themes/betheme/style.css?ver=20.9.6 HTTP/1.1" 200 287
207.46.13.148 - - [10/Aug/2022:00:43:56 -0500] "GET /portaldeninos/wp-content/plugins/popup-maker/assets/css/site.min.css?ver=1.8.14 HTTP/1.1" 200 8260
207.46.13.14 - - [10/Aug/2022:00:43:56 -0500] "GET /portaldeninos/wp-includes/js/jquery/ui/sortable.min.js?ver=1.11.4 HTTP/1.1" 200 24899
207.46.13.164 - - [10/Aug/2022:00:43:58 -0500] "GET /portaldeninos/wp-content/plugins/gallery-videos/CSS/totalsoft.css?ver=4.9.8 HTTP/1.1" 200 40622
207.46.13.148 - - [10/Aug/2022:00:43:59 -0500] "GET /portaldeninos/wp-content/themes/betheme/assets/jplayer/css/jplayer.blue.monday.css?ver=20.9.6 HTTP/1.1" 200 9834
207.46.13.14 - - [10/Aug/2022:00:43:59 -0500] "GET /portaldeninos/wp-includes/js/wp-emoji-release.min.js?ver=4.9.8 HTTP/1.1" 200 12026
207.46.13.164 - - [10/Aug/2022:00:44:01 -0500] "GET /portaldeninos/wp-content/themes/betheme/assets/ui/jquery.ui.all.css?ver=20.9.6 HTTP/1.1" 200 18765
207.46.13.148 - - [10/Aug/2022:00:44:02 -0500] "GET /portaldeninos/wp-content/themes/betheme/css/base.css?ver=20.9.6 HTTP/1.1" 200 57283
207.46.13.164 - - [10/Aug/2022:00:44:04 -0500] "GET /portaldeninos/wp-content/themes/betheme/css/layout.css?ver=20.9.6 HTTP/1.1" 200 116639
207.46.13.148 - - [10/Aug/2022:00:44:05 -0500] "GET /portaldeninos/wp-content/themes/betheme/css/responsive.css?ver=20.9.6 HTTP/1.1" 200 55740
157.55.39.145 - - [10/Aug/2022:00:44:07 -0500] "GET /portaldeninos/wp-content/plugins/popup-maker/assets/js/site.min.js?defer&ver=1.8.14 HTTP/1.1" 200 48457
207.46.13.164 - - [10/Aug/2022:00:44:07 -0500] "GET /portaldeninos/wp-content/themes/betheme/js/scripts.js?ver=20.9.6 HTTP/1.1" 200 77162
207.46.13.148 - - [10/Aug/2022:00:44:08 -0500] "GET /portaldeninos/wp-includes/js/jquery/jquery-migrate.min.js?ver=1.4.1 HTTP/1.1" 200 10056
157.55.39.145 - - [10/Aug/2022:00:44:09 -0500] "GET /portaldeninos/wp-content/themes/betheme/js/menu.js?ver=20.9.6 HTTP/1.1" 200 2449
207.46.13.164 - - [10/Aug/2022:00:44:10 -0500] "GET /portaldeninos/wp-content/uploads/useanyfont/uaf.css?ver=1589905315 HTTP/1.1" 200 408
207.46.13.148 - - [10/Aug/2022:00:44:11 -0500] "GET /portaldeninos/wp-includes/js/jquery/ui/position.min.js?ver=1.11.4 HTTP/1.1" 200 6527
207.46.13.164 - - [10/Aug/2022:00:44:13 -0500] "GET /portaldeninos/wp-includes/js/jquery/jquery.js?ver=1.12.4 HTTP/1.1" 200 97184
157.55.39.145 - - [10/Aug/2022:00:44:12 -0500] "GET /portaldeninos/wp-content/uploads/2022/01/Conoce-lo-que-hace-la-Secretar%C3%ADa-de-Ambiente.mp4 HTTP/1.1" 200 6599959
157.55.39.145 - - [10/Aug/2022:00:44:37 -0500] "GET /portaldeninos/wp-includes/js/jquery/ui/mouse.min.js?ver=1.11.4 HTTP/1.1" 200 3148
157.55.39.108 - - [10/Aug/2022:00:43:58 -0500] "GET /portaldeninos/wp-content/uploads/2019/06/CabezoteAMBIENTIC.mp4 HTTP/1.1" 200 10762525
157.55.39.108 - - [10/Aug/2022:00:44:39 -0500] "GET /portaldeninos/wp-includes/js/jquery/ui/core.min.js?ver=1.11.4 HTTP/1.1" 200 4000
172.22.2.4 - - [10/Aug/2022:00:42:59 -0500] "GET /BLA/boletinlegal/ HTTP/1.1" 200 57366
157.55.39.145 - - [10/Aug/2022:00:44:40 -0500] "GET /portaldeninos/wp-includes/js/jquery/ui/tabs.min.js?ver=1.11.4 HTTP/1.1" 200 12110
157.55.39.145 - - [10/Aug/2022:00:44:43 -0500] "GET /portaldeninos/wp-includes/js/jquery/ui/widget.min.js?ver=1.11.4 HTTP/1.1" 200 6908
157.55.39.84 - - [10/Aug/2022:00:45:03 -0500] "GET /BLA/resoluciones/RESOLUCIONES%202000/2000%202200-2249.tif HTTP/1.1" 200 5297231
216.245.221.92 - - [10/Aug/2022:00:45:23 -0500] "HEAD / HTTP/1.1" 200 -
201.245.192.253 - - [10/Aug/2022:00:45:41 -0500] "POST /kwsrmcab/Wsrmcab  HTTP/1.1" 200 213
157.55.39.98 - - [10/Aug/2022:00:49:38 -0500] "GET /BLA/resoluciones/AUTOS%202021/5780.pdf HTTP/1.1" 200 355865
172.22.2.4 - - [10/Aug/2022:00:47:59 -0500] "HEAD /BLA/boletinlegal/ HTTP/1.1" 200 -
216.245.221.92 - - [10/Aug/2022:00:50:23 -0500] "HEAD / HTTP/1.1" 200 -
172.22.2.4 - - [10/Aug/2022:00:48:49 -0500] "GET /BLA/boletinlegal/ HTTP/1.1" 200 60272
201.245.192.253 - - [10/Aug/2022:00:50:39 -0500] "POST /kwsrmcab/Wsrmcab  HTTP/1.1" 200 213
66.249.73.127 - - [10/Aug/2022:00:52:03 -0500] "-" 408 -
95.25.71.103 - - [10/Aug/2022:00:52:17 -0500] "GET /silvicultura/6.pdf HTTP/1.1" 200 215404
216.245.221.92 - - [10/Aug/2022:00:55:23 -0500] "HEAD / HTTP/1.1" 200 -
172.22.2.4 - - [10/Aug/2022:00:53:49 -0500] "HEAD /BLA/boletinlegal/ HTTP/1.1" 200 -
201.245.192.253 - - [10/Aug/2022:00:55:38 -0500] "POST /kwsrmcab/Wsrmcab  HTTP/1.1" 200 213
172.22.2.4 - - [10/Aug/2022:00:54:39 -0500] "GET /BLA/boletinlegal/ HTTP/1.1" 200 59819
40.77.167.65 - - [10/Aug/2022:00:57:54 -0500] "GET /catalogoisis/ HTTP/1.1" 200 8575
152.61.192.232 - - [10/Aug/2022:00:57:56 -0500] "GET /arcgis/services/Calidad_del_Agua_WQI/MapServer/WMSServer?request=GetCapabilities&service=WMS HTTP/1.1" 503 1020
152.61.192.232 - - [10/Aug/2022:00:57:57 -0500] "GET /arcgis/services/Calidad_del_Agua_WQI/MapServer/WMSServer?SERVICE=WMS&REQUEST=GetCapabilities HTTP/1.1" 503 1020
152.61.192.232 - - [10/Aug/2022:00:57:57 -0500] "GET /arcgis/services/Calidad_del_Agua_WQI/MapServer/WMSServer?WMTVER=1.0.0&REQUEST=capabilities HTTP/1.1" 503 1020
40.77.139.74 - - [10/Aug/2022:00:59:45 -0500] "GET /portaldeninos/wp-content/themes/betheme/fonts/mfn-icons.woff?93978679 HTTP/1.1" 200 80932
40.77.139.74 - - [10/Aug/2022:00:59:46 -0500] "GET /portaldeninos/wp-json/pum/v1/analytics/?event=open&pid=1126&_cache=1660111074777 HTTP/1.1" 204 -
216.245.221.92 - - [10/Aug/2022:01:00:23 -0500] "HEAD / HTTP/1.1" 200 -
201.245.192.253 - - [10/Aug/2022:01:00:36 -0500] "POST /kwsrmcab/Wsrmcab  HTTP/1.1" 200 213
172.22.2.4 - - [10/Aug/2022:00:59:39 -0500] "HEAD /BLA/boletinlegal/ HTTP/1.1" 200 -
172.22.2.4 - - [10/Aug/2022:01:00:29 -0500] "GET /BLA/boletinlegal/ HTTP/1.1" 200 60865
216.245.221.92 - - [10/Aug/2022:01:05:23 -0500] "HEAD / HTTP/1.1" 200 -
201.245.192.253 - - [10/Aug/2022:01:05:36 -0500] "POST /kwsrmcab/Wsrmcab  HTTP/1.1" 200 213
172.22.2.4 - - [10/Aug/2022:01:05:29 -0500] "HEAD /BLA/boletinlegal/ HTTP/1.1" 200 -
152.61.128.50 - - [10/Aug/2022:01:07:10 -0500] "GET /arcgis/services/Calidad_del_Agua_WQI/MapServer/WMSServer?request=GetCapabilities&service=WMS HTTP/1.1" 503 1020
152.61.128.50 - - [10/Aug/2022:01:07:11 -0500] "GET /arcgis/services/Calidad_del_Agua_WQI/MapServer/WMSServer?SERVICE=WMS&REQUEST=GetCapabilities HTTP/1.1" 503 1020
152.61.128.50 - - [10/Aug/2022:01:07:11 -0500] "GET /arcgis/services/Calidad_del_Agua_WQI/MapServer/WMSServer?WMTVER=1.0.0&REQUEST=capabilities HTTP/1.1" 503 1020
31.7.58.162 - - [10/Aug/2022:01:07:14 -0500] "POST /boaform/admin/formLogin HTTP/1.1" 404 1186
172.22.2.4 - - [10/Aug/2022:01:06:19 -0500] "GET /BLA/boletinlegal/ HTTP/1.1" 200 60865
66.249.73.100 - - [10/Aug/2022:01:09:46 -0500] "-" 408 -
216.245.221.92 - - [10/Aug/2022:01:10:23 -0500] "HEAD / HTTP/1.1" 200 -
201.245.192.253 - - [10/Aug/2022:01:10:35 -0500] "POST /kwsrmcab/Wsrmcab  HTTP/1.1" 200 213
172.22.2.4 - - [10/Aug/2022:01:10:59 -0500] "GET /BLA/boletinlegal/robots.txt HTTP/1.1" 404 1038
172.22.2.4 - - [10/Aug/2022:01:10:59 -0500] "GET /BLA/boletinlegal/ HTTP/1.1" 200 54814
172.22.2.4 - - [10/Aug/2022:01:11:19 -0500] "HEAD /BLA/boletinlegal/ HTTP/1.1" 200 -
172.22.2.4 - - [10/Aug/2022:01:12:09 -0500] "GET /BLA/boletinlegal/ HTTP/1.1" 200 53281
157.55.39.23 - - [10/Aug/2022:01:14:37 -0500] "-" 408 -
216.245.221.92 - - [10/Aug/2022:01:15:23 -0500] "HEAD / HTTP/1.1" 200 -
201.245.192.253 - - [10/Aug/2022:01:15:33 -0500] "POST /kwsrmcab/Wsrmcab  HTTP/1.1" 200 213
66.249.73.127 - - [10/Aug/2022:01:16:24 -0500] "-" 408 -
172.22.2.4 - - [10/Aug/2022:01:16:26 -0500] "GET /BLA/boletinlegal/conceptos.php HTTP/1.1" 200 7443
172.22.2.4 - - [10/Aug/2022:01:17:09 -0500] "HEAD /BLA/boletinlegal/ HTTP/1.1" 200 -
172.22.2.4 - - [10/Aug/2022:01:17:59 -0500] "GET /BLA/boletinlegal/ HTTP/1.1" 200 60272
201.245.192.253 - - [10/Aug/2022:01:19:47 -0500] "POST /kwsrmcab/Wsrmcab HTTP/1.1" 200 46752
201.245.192.253 - - [10/Aug/2022:01:19:56 -0500] "POST /kwsrmcab/Wsrmcab HTTP/1.1" 200 47497
216.245.221.92 - - [10/Aug/2022:01:20:23 -0500] "HEAD / HTTP/1.1" 200 -
201.245.192.253 - - [10/Aug/2022:01:20:32 -0500] "POST /kwsrmcab/Wsrmcab  HTTP/1.1" 200 213
205.169.39.138 - - [10/Aug/2022:01:22:20 -0500] "GET /portaldeninos/wp-includes/js/wp-emoji-release.min.js?ver=4.9.8 HTTP/1.1" 200 12026
205.169.39.138 - - [10/Aug/2022:01:22:26 -0500] "GET /portaldeninos/wp-content/plugins/google-analytics-for-wordpress/assets/js/frontend-gtag.min.js?ver=8.5.0 HTTP/1.1" 200 11801
205.169.39.138 - - [10/Aug/2022:01:22:27 -0500] "GET /portaldeninos/wp-includes/js/jquery/jquery.js?ver=1.12.4 HTTP/1.1" 200 97184
205.169.39.138 - - [10/Aug/2022:01:22:29 -0500] "GET /portaldeninos/wp-includes/js/jquery/jquery-migrate.min.js?ver=1.4.1 HTTP/1.1" 200 10056
205.169.39.138 - - [10/Aug/2022:01:22:30 -0500] "GET /portaldeninos/wp-includes/js/jquery/ui/core.min.js?ver=1.11.4 HTTP/1.1" 200 4000
205.169.39.138 - - [10/Aug/2022:01:22:30 -0500] "GET /portaldeninos/wp-content/plugins/gallery-videos/JS/modernizr.custom.js?ver=4.9.8 HTTP/1.1" 200 9019
205.169.39.138 - - [10/Aug/2022:01:22:31 -0500] "GET /portaldeninos/wp-content/plugins/gallery-videos/JS/Total-Soft-Gallery-Video-Widget.js?ver=4.9.8 HTTP/1.1" 200 80264
205.169.39.138 - - [10/Aug/2022:01:22:32 -0500] "GET /portaldeninos/wp-includes/js/jquery/ui/widget.min.js?ver=1.11.4 HTTP/1.1" 200 6908
205.169.39.138 - - [10/Aug/2022:01:22:32 -0500] "GET /portaldeninos/wp-includes/js/jquery/ui/mouse.min.js?ver=1.11.4 HTTP/1.1" 200 3148
205.169.39.138 - - [10/Aug/2022:01:22:32 -0500] "GET /portaldeninos/wp-includes/js/jquery/ui/sortable.min.js?ver=1.11.4 HTTP/1.1" 200 24899
205.169.39.138 - - [10/Aug/2022:01:22:33 -0500] "GET /portaldeninos/wp-includes/js/jquery/ui/tabs.min.js?ver=1.11.4 HTTP/1.1" 200 12110
205.169.39.138 - - [10/Aug/2022:01:22:33 -0500] "GET /portaldeninos/wp-includes/js/jquery/ui/accordion.min.js?ver=1.11.4 HTTP/1.1" 200 8584
205.169.39.138 - - [10/Aug/2022:01:22:33 -0500] "GET /portaldeninos/wp-content/themes/betheme/js/plugins.js?ver=20.9.6 HTTP/1.1" 200 197151
205.169.39.138 - - [10/Aug/2022:01:22:38 -0500] "GET /portaldeninos/wp-content/themes/betheme/js/menu.js?ver=20.9.6 HTTP/1.1" 200 2449
205.169.39.138 - - [10/Aug/2022:01:22:38 -0500] "GET /portaldeninos/wp-content/themes/betheme/assets/animations/animations.min.js?ver=20.9.6 HTTP/1.1" 200 1896
205.169.39.138 - - [10/Aug/2022:01:22:38 -0500] "GET /portaldeninos/wp-content/themes/betheme/assets/jplayer/jplayer.min.js?ver=20.9.6 HTTP/1.1" 200 52702
205.169.39.138 - - [10/Aug/2022:01:22:39 -0500] "GET /portaldeninos/wp-content/themes/betheme/js/scripts.js?ver=20.9.6 HTTP/1.1" 200 77162
205.169.39.138 - - [10/Aug/2022:01:22:40 -0500] "GET /portaldeninos/wp-includes/js/wp-embed.min.js?ver=4.9.8 HTTP/1.1" 200 1398
172.22.2.4 - - [10/Aug/2022:01:22:59 -0500] "HEAD /BLA/boletinlegal/ HTTP/1.1" 200 -
216.245.221.92 - - [10/Aug/2022:01:25:23 -0500] "HEAD / HTTP/1.1" 200 -
172.22.2.4 - - [10/Aug/2022:01:23:49 -0500] "GET /BLA/boletinlegal/ HTTP/1.1" 200 59819
201.245.192.253 - - [10/Aug/2022:01:25:31 -0500] "POST /kwsrmcab/Wsrmcab  HTTP/1.1" 200 213
185.119.81.103 - - [10/Aug/2022:01:27:24 -0500] "GET /portaldeninos/wp-login.php HTTP/1.1" 200 2592
185.119.81.103 - - [10/Aug/2022:01:27:25 -0500] "POST /portaldeninos/wp-login.php HTTP/1.1" 200 3650
66.249.73.127 - - [10/Aug/2022:01:28:01 -0500] "-" 408 -
200.114.51.7 - - [10/Aug/2022:01:28:51 -0500] "-" 408 -
201.245.192.253 - - [10/Aug/2022:01:29:46 -0500] "POST /kwsrmcab/Wsrmcab HTTP/1.1" 200 46752
201.245.192.253 - - [10/Aug/2022:01:29:50 -0500] "POST /kwsrmcab/Wsrmcab HTTP/1.1" 200 47497
207.46.13.20 - - [10/Aug/2022:01:30:11 -0500] "GET /BLA/resoluciones/RESOLUCIONES%202000/2000%20300-349.tif HTTP/1.1" 200 3930622
216.245.221.92 - - [10/Aug/2022:01:30:23 -0500] "HEAD / HTTP/1.1" 200 -
172.22.2.4 - - [10/Aug/2022:01:28:49 -0500] "HEAD /BLA/boletinlegal/ HTTP/1.1" 200 -
201.245.192.253 - - [10/Aug/2022:01:30:31 -0500] "POST /kwsrmcab/Wsrmcab  HTTP/1.1" 200 213
185.119.81.102 - - [10/Aug/2022:01:30:49 -0500] "GET /portaldeninos/wp-login.php HTTP/1.1" 200 2592
185.119.81.102 - - [10/Aug/2022:01:30:50 -0500] "POST /portaldeninos/wp-login.php HTTP/1.1" 200 3605
172.22.2.4 - - [10/Aug/2022:01:29:39 -0500] "GET /BLA/boletinlegal/ HTTP/1.1" 200 56723
207.46.13.148 - - [10/Aug/2022:01:31:55 -0500] "GET /portaldeninos/wp-content/uploads/2020/11/La-Conejera-B-133x75.jpg HTTP/1.1" 200 4673
157.55.39.145 - - [10/Aug/2022:01:34:23 -0500] "GET / HTTP/1.1" 200 4720
216.245.221.92 - - [10/Aug/2022:01:35:23 -0500] "HEAD / HTTP/1.1" 200 -
201.245.192.253 - - [10/Aug/2022:01:35:30 -0500] "POST /kwsrmcab/Wsrmcab  HTTP/1.1" 200 213
66.249.73.127 - - [10/Aug/2022:01:35:48 -0500] "-" 408 -
172.22.2.4 - - [10/Aug/2022:01:35:58 -0500] "GET /BLA/boletinlegal/Directivas/2019/Directiva%20No.%200001%20del%2011%20de%20junio%20de%202019.pdf HTTP/1.1" 304 -
172.22.2.4 - - [10/Aug/2022:01:34:39 -0500] "HEAD /BLA/boletinlegal/ HTTP/1.1" 200 -
172.22.2.4 - - [10/Aug/2022:01:35:29 -0500] "GET /BLA/boletinlegal/ HTTP/1.1" 200 58566
172.22.2.4 - - [10/Aug/2022:01:38:09 -0500] "GET /BLA/boletinlegal/actos.php HTTP/1.1" 200 9559
172.22.2.4 - - [10/Aug/2022:01:38:21 -0500] "GET /BLA/boletinlegal/js/jquery1.js HTTP/1.1" 200 29846
172.22.2.4 - - [10/Aug/2022:01:38:22 -0500] "GET /BLA/boletinlegal/js/ajax_actos.js HTTP/1.1" 200 1322
172.22.2.4 - - [10/Aug/2022:01:38:24 -0500] "GET /BLA/boletinlegal/js/popup.js HTTP/1.1" 200 1270
172.22.2.4 - - [10/Aug/2022:01:38:25 -0500] "GET /BLA/boletinlegal/js/lib.js HTTP/1.1" 200 6474
172.22.2.4 - - [10/Aug/2022:01:38:26 -0500] "GET /BLA/boletinlegal/styles2.css HTTP/1.1" 200 1838
201.245.192.253 - - [10/Aug/2022:01:39:47 -0500] "POST /kwsrmcab/Wsrmcab HTTP/1.1" 200 46752
201.245.192.253 - - [10/Aug/2022:01:39:53 -0500] "POST /kwsrmcab/Wsrmcab HTTP/1.1" 200 47497
216.245.221.92 - - [10/Aug/2022:01:40:23 -0500] "HEAD / HTTP/1.1" 200 -
201.245.192.253 - - [10/Aug/2022:01:40:28 -0500] "POST /kwsrmcab/Wsrmcab  HTTP/1.1" 200 213
205.169.39.111 - - [10/Aug/2022:01:41:41 -0500] "GET /portaldeninos/wp-includes/js/wp-emoji-release.min.js?ver=4.9.8 HTTP/1.1" 200 12026
205.169.39.111 - - [10/Aug/2022:01:41:42 -0500] "GET /portaldeninos/wp-content/plugins/google-analytics-for-wordpress/assets/js/frontend-gtag.min.js?ver=8.5.0 HTTP/1.1" 200 11801
205.169.39.111 - - [10/Aug/2022:01:41:42 -0500] "GET /portaldeninos/wp-includes/js/jquery/jquery.js?ver=1.12.4 HTTP/1.1" 200 97184
205.169.39.111 - - [10/Aug/2022:01:41:43 -0500] "GET /portaldeninos/wp-includes/js/jquery/jquery-migrate.min.js?ver=1.4.1 HTTP/1.1" 200 10056
205.169.39.111 - - [10/Aug/2022:01:41:44 -0500] "GET /portaldeninos/wp-includes/js/jquery/ui/core.min.js?ver=1.11.4 HTTP/1.1" 200 4000
205.169.39.111 - - [10/Aug/2022:01:41:44 -0500] "GET /portaldeninos/wp-content/plugins/gallery-videos/JS/modernizr.custom.js?ver=4.9.8 HTTP/1.1" 200 9019
205.169.39.111 - - [10/Aug/2022:01:41:44 -0500] "GET /portaldeninos/wp-content/plugins/gallery-videos/JS/Total-Soft-Gallery-Video-Widget.js?ver=4.9.8 HTTP/1.1" 200 80264
205.169.39.111 - - [10/Aug/2022:01:41:45 -0500] "GET /portaldeninos/wp-includes/js/jquery/ui/widget.min.js?ver=1.11.4 HTTP/1.1" 200 6908
205.169.39.111 - - [10/Aug/2022:01:41:45 -0500] "GET /portaldeninos/wp-includes/js/jquery/ui/mouse.min.js?ver=1.11.4 HTTP/1.1" 200 3148
205.169.39.111 - - [10/Aug/2022:01:41:46 -0500] "GET /portaldeninos/wp-includes/js/jquery/ui/sortable.min.js?ver=1.11.4 HTTP/1.1" 200 24899
205.169.39.111 - - [10/Aug/2022:01:41:47 -0500] "GET /portaldeninos/wp-includes/js/jquery/ui/tabs.min.js?ver=1.11.4 HTTP/1.1" 200 12110
205.169.39.111 - - [10/Aug/2022:01:41:47 -0500] "GET /portaldeninos/wp-includes/js/jquery/ui/accordion.min.js?ver=1.11.4 HTTP/1.1" 200 8584
205.169.39.111 - - [10/Aug/2022:01:41:47 -0500] "GET /portaldeninos/wp-content/themes/betheme/js/plugins.js?ver=20.9.6 HTTP/1.1" 200 197151
205.169.39.111 - - [10/Aug/2022:01:41:49 -0500] "GET /portaldeninos/wp-content/themes/betheme/js/menu.js?ver=20.9.6 HTTP/1.1" 200 2449
205.169.39.111 - - [10/Aug/2022:01:41:49 -0500] "GET /portaldeninos/wp-content/themes/betheme/assets/animations/animations.min.js?ver=20.9.6 HTTP/1.1" 200 1896
66.249.73.127 - - [10/Aug/2022:01:41:49 -0500] "-" 408 -
205.169.39.111 - - [10/Aug/2022:01:41:49 -0500] "GET /portaldeninos/wp-content/themes/betheme/assets/jplayer/jplayer.min.js?ver=20.9.6 HTTP/1.1" 200 52702
205.169.39.111 - - [10/Aug/2022:01:41:50 -0500] "GET /portaldeninos/wp-content/themes/betheme/js/scripts.js?ver=20.9.6 HTTP/1.1" 200 77162
205.169.39.111 - - [10/Aug/2022:01:41:50 -0500] "GET /portaldeninos/wp-includes/js/wp-embed.min.js?ver=4.9.8 HTTP/1.1" 200 1398
172.22.2.4 - - [10/Aug/2022:01:40:29 -0500] "HEAD /BLA/boletinlegal/ HTTP/1.1" 200 -
65.154.226.170 - - [10/Aug/2022:01:42:44 -0500] "GET /portaldeninos/wp-content/uploads/useanyfont/uaf.css?ver=1589905315 HTTP/1.1" 200 408
65.154.226.170 - - [10/Aug/2022:01:42:44 -0500] "GET /portaldeninos/wp-content/themes/betheme/style.css?ver=20.9.6 HTTP/1.1" 200 287
65.154.226.170 - - [10/Aug/2022:01:42:44 -0500] "GET /portaldeninos/wp-content/plugins/gallery-videos/CSS/totalsoft.css?ver=4.9.8 HTTP/1.1" 200 40622
65.154.226.170 - - [10/Aug/2022:01:42:44 -0500] "GET /portaldeninos/wp-content/themes/betheme/css/base.css?ver=20.9.6 HTTP/1.1" 200 57283
65.154.226.170 - - [10/Aug/2022:01:42:44 -0500] "GET /portaldeninos/wp-content/plugins/gallery-videos/CSS/Total-Soft-Gallery-Video-Widget.css?ver=4.9.8 HTTP/1.1" 200 51554
65.154.226.170 - - [10/Aug/2022:01:42:45 -0500] "GET /portaldeninos/wp-content/themes/betheme/assets/animations/animations.min.css?ver=20.9.6 HTTP/1.1" 200 58508
65.154.226.170 - - [10/Aug/2022:01:42:46 -0500] "GET /portaldeninos/wp-content/themes/betheme/assets/jplayer/css/jplayer.blue.monday.css?ver=20.9.6 HTTP/1.1" 200 9834
65.154.226.170 - - [10/Aug/2022:01:42:45 -0500] "GET /portaldeninos/wp-content/themes/betheme/assets/ui/jquery.ui.all.css?ver=20.9.6 HTTP/1.1" 200 18765
65.154.226.170 - - [10/Aug/2022:01:42:44 -0500] "GET /portaldeninos/wp-content/themes/betheme/css/layout.css?ver=20.9.6 HTTP/1.1" 200 116639
65.154.226.170 - - [10/Aug/2022:01:42:46 -0500] "GET /portaldeninos/wp-includes/js/jquery/jquery-migrate.min.js?ver=1.4.1 HTTP/1.1" 200 10056
65.154.226.170 - - [10/Aug/2022:01:42:45 -0500] "GET /portaldeninos/wp-content/themes/betheme/css/shortcodes.css?ver=20.9.6 HTTP/1.1" 200 138889
65.154.226.170 - - [10/Aug/2022:01:42:46 -0500] "GET /portaldeninos/wp-content/plugins/google-analytics-for-wordpress/assets/js/frontend-gtag.min.js?ver=8.5.0 HTTP/1.1" 200 11801
65.154.226.170 - - [10/Aug/2022:01:42:46 -0500] "GET /portaldeninos/wp-content/themes/betheme/css/responsive.css?ver=20.9.6 HTTP/1.1" 200 55740
65.154.226.170 - - [10/Aug/2022:01:42:49 -0500] "GET /portaldeninos/wp-includes/js/jquery/ui/core.min.js?ver=1.11.4 HTTP/1.1" 200 4000
65.154.226.170 - - [10/Aug/2022:01:42:49 -0500] "GET /portaldeninos/wp-content/plugins/gallery-videos/JS/modernizr.custom.js?ver=4.9.8 HTTP/1.1" 200 9019
65.154.226.170 - - [10/Aug/2022:01:42:50 -0500] "GET /portaldeninos/wp-includes/js/jquery/ui/widget.min.js?ver=1.11.4 HTTP/1.1" 200 6908
65.154.226.170 - - [10/Aug/2022:01:42:50 -0500] "GET /portaldeninos/wp-includes/js/jquery/ui/mouse.min.js?ver=1.11.4 HTTP/1.1" 200 3148
65.154.226.170 - - [10/Aug/2022:01:42:51 -0500] "GET /portaldeninos/wp-includes/js/jquery/ui/accordion.min.js?ver=1.11.4 HTTP/1.1" 200 8584
65.154.226.170 - - [10/Aug/2022:01:42:50 -0500] "GET /portaldeninos/wp-content/plugins/gallery-videos/JS/Total-Soft-Gallery-Video-Widget.js?ver=4.9.8 HTTP/1.1" 200 80264
65.154.226.170 - - [10/Aug/2022:01:42:51 -0500] "GET /portaldeninos/wp-content/themes/betheme/js/menu.js?ver=20.9.6 HTTP/1.1" 200 2449
65.154.226.170 - - [10/Aug/2022:01:42:51 -0500] "GET /portaldeninos/wp-includes/js/jquery/ui/tabs.min.js?ver=1.11.4 HTTP/1.1" 200 12110
65.154.226.170 - - [10/Aug/2022:01:42:51 -0500] "GET /portaldeninos/wp-includes/js/jquery/ui/sortable.min.js?ver=1.11.4 HTTP/1.1" 200 24899
65.154.226.170 - - [10/Aug/2022:01:42:51 -0500] "GET /portaldeninos/wp-content/themes/betheme/assets/animations/animations.min.js?ver=20.9.6 HTTP/1.1" 200 1896
65.154.226.170 - - [10/Aug/2022:01:42:52 -0500] "GET /portaldeninos/wp-includes/js/wp-embed.min.js?ver=4.9.8 HTTP/1.1" 200 1398
65.154.226.170 - - [10/Aug/2022:01:42:52 -0500] "GET /portaldeninos/wp-includes/js/wp-emoji-release.min.js?ver=4.9.8 HTTP/1.1" 200 12026
65.154.226.170 - - [10/Aug/2022:01:42:52 -0500] "GET /portaldeninos/wp-content/themes/betheme/assets/jplayer/jplayer.min.js?ver=20.9.6 HTTP/1.1" 200 52702
65.154.226.170 - - [10/Aug/2022:01:42:52 -0500] "GET /portaldeninos/wp-content/themes/betheme/js/scripts.js?ver=20.9.6 HTTP/1.1" 200 77162
65.154.226.170 - - [10/Aug/2022:01:42:46 -0500] "GET /portaldeninos/wp-includes/js/jquery/jquery.js?ver=1.12.4 HTTP/1.1" 200 97184
65.154.226.170 - - [10/Aug/2022:01:42:53 -0500] "GET /portaldeninos/wp-content/themes/betheme/images/box_shadow.png HTTP/1.1" 200 108
65.154.226.170 - - [10/Aug/2022:01:42:53 -0500] "GET /portaldeninos/wp-content/themes/betheme/fonts/mfn-icons.woff?93978679 HTTP/1.1" 200 80932
65.154.226.170 - - [10/Aug/2022:01:42:54 -0500] "GET /portaldeninos/wp-content/themes/betheme/fonts/mfn-icons.ttf?93978679 HTTP/1.1" 200 124684
65.154.226.170 - - [10/Aug/2022:01:42:51 -0500] "GET /portaldeninos/wp-content/themes/betheme/js/plugins.js?ver=20.9.6 HTTP/1.1" 200 197151
172.22.2.4 - - [10/Aug/2022:01:41:19 -0500] "GET /BLA/boletinlegal/ HTTP/1.1" 200 58154
69.171.249.22 - - [10/Aug/2022:01:44:39 -0500] "GET /conoce-que-es-el-plan-institucional-de-gestion-ambiental-y-como-implementarlo.html HTTP/1.1" 206 929
66.102.8.57 - - [10/Aug/2022:01:45:02 -0500] "GET /galeria/galeria/fotos/Movilizacion13G.jpg HTTP/1.1" 200 120282
216.245.221.92 - - [10/Aug/2022:01:45:23 -0500] "HEAD / HTTP/1.1" 200 -
201.245.192.253 - - [10/Aug/2022:01:45:27 -0500] "POST /kwsrmcab/Wsrmcab  HTTP/1.1" 200 213
205.169.39.201 - - [10/Aug/2022:01:46:40 -0500] "GET /portaldeninos/wp-includes/js/wp-emoji-release.min.js?ver=4.9.8 HTTP/1.1" 200 12026
205.169.39.201 - - [10/Aug/2022:01:46:44 -0500] "GET /portaldeninos/wp-content/plugins/google-analytics-for-wordpress/assets/js/frontend-gtag.min.js?ver=8.5.0 HTTP/1.1" 200 11801
205.169.39.201 - - [10/Aug/2022:01:46:45 -0500] "GET /portaldeninos/wp-includes/js/jquery/jquery.js?ver=1.12.4 HTTP/1.1" 200 97184
205.169.39.201 - - [10/Aug/2022:01:46:47 -0500] "GET /portaldeninos/wp-includes/js/jquery/jquery-migrate.min.js?ver=1.4.1 HTTP/1.1" 200 10056
205.169.39.201 - - [10/Aug/2022:01:46:47 -0500] "GET /portaldeninos/wp-includes/js/jquery/ui/core.min.js?ver=1.11.4 HTTP/1.1" 200 4000
205.169.39.201 - - [10/Aug/2022:01:46:47 -0500] "GET /portaldeninos/wp-content/plugins/gallery-videos/JS/modernizr.custom.js?ver=4.9.8 HTTP/1.1" 200 9019
205.169.39.201 - - [10/Aug/2022:01:46:47 -0500] "GET /portaldeninos/wp-content/plugins/gallery-videos/JS/Total-Soft-Gallery-Video-Widget.js?ver=4.9.8 HTTP/1.1" 200 80264
205.169.39.201 - - [10/Aug/2022:01:46:48 -0500] "GET /portaldeninos/wp-includes/js/jquery/ui/widget.min.js?ver=1.11.4 HTTP/1.1" 200 6908
205.169.39.201 - - [10/Aug/2022:01:46:48 -0500] "GET /portaldeninos/wp-includes/js/jquery/ui/mouse.min.js?ver=1.11.4 HTTP/1.1" 200 3148
205.169.39.201 - - [10/Aug/2022:01:46:48 -0500] "GET /portaldeninos/wp-includes/js/jquery/ui/sortable.min.js?ver=1.11.4 HTTP/1.1" 200 24899
205.169.39.201 - - [10/Aug/2022:01:46:49 -0500] "GET /portaldeninos/wp-includes/js/jquery/ui/tabs.min.js?ver=1.11.4 HTTP/1.1" 200 12110
205.169.39.201 - - [10/Aug/2022:01:46:49 -0500] "GET /portaldeninos/wp-includes/js/jquery/ui/accordion.min.js?ver=1.11.4 HTTP/1.1" 200 8584
205.169.39.201 - - [10/Aug/2022:01:46:49 -0500] "GET /portaldeninos/wp-content/themes/betheme/js/plugins.js?ver=20.9.6 HTTP/1.1" 200 197151
205.169.39.201 - - [10/Aug/2022:01:46:51 -0500] "GET /portaldeninos/wp-content/themes/betheme/js/menu.js?ver=20.9.6 HTTP/1.1" 200 2449
205.169.39.201 - - [10/Aug/2022:01:46:51 -0500] "GET /portaldeninos/wp-content/themes/betheme/assets/animations/animations.min.js?ver=20.9.6 HTTP/1.1" 200 1896
205.169.39.201 - - [10/Aug/2022:01:46:51 -0500] "GET /portaldeninos/wp-content/themes/betheme/assets/jplayer/jplayer.min.js?ver=20.9.6 HTTP/1.1" 200 52702
205.169.39.201 - - [10/Aug/2022:01:46:51 -0500] "GET /portaldeninos/wp-content/themes/betheme/js/scripts.js?ver=20.9.6 HTTP/1.1" 200 77162
205.169.39.201 - - [10/Aug/2022:01:46:52 -0500] "GET /portaldeninos/wp-includes/js/wp-embed.min.js?ver=4.9.8 HTTP/1.1" 200 1398
66.249.73.127 - - [10/Aug/2022:01:47:48 -0500] "-" 408 -
172.22.2.4 - - [10/Aug/2022:01:46:19 -0500] "HEAD /BLA/boletinlegal/ HTTP/1.1" 200 -
172.22.2.4 - - [10/Aug/2022:01:47:09 -0500] "GET /BLA/boletinlegal/ HTTP/1.1" 200 58154
216.245.221.92 - - [10/Aug/2022:01:50:23 -0500] "HEAD / HTTP/1.1" 200 -
201.245.192.253 - - [10/Aug/2022:01:50:26 -0500] "POST /kwsrmcab/Wsrmcab  HTTP/1.1" 200 213
172.22.2.4 - - [10/Aug/2022:01:52:09 -0500] "HEAD /BLA/boletinlegal/ HTTP/1.1" 200 -
172.22.2.4 - - [10/Aug/2022:01:53:55 -0500] "GET /BLA/boletinlegal/Circulares/2022/CIRCULAR%20No.%2000004%20DEL%2019%20DE%20MAYO%20DEL%202022.pdf HTTP/1.1" 304 -
66.249.73.127 - - [10/Aug/2022:01:54:16 -0500] "-" 408 -
172.22.2.4 - - [10/Aug/2022:01:52:59 -0500] "GET /BLA/boletinlegal/ HTTP/1.1" 200 54347
216.245.221.92 - - [10/Aug/2022:01:55:23 -0500] "HEAD / HTTP/1.1" 200 -
201.245.192.253 - - [10/Aug/2022:01:55:25 -0500] "POST /kwsrmcab/Wsrmcab  HTTP/1.1" 200 213
172.22.2.4 - - [10/Aug/2022:01:57:01 -0500] "GET /BLA/boletinlegal/jurisprudencia/analisis/AnalisisT-606-15.docx HTTP/1.1" 304 -
172.22.2.4 - - [10/Aug/2022:01:57:59 -0500] "HEAD /BLA/boletinlegal/ HTTP/1.1" 200 -
172.22.2.4 - - [10/Aug/2022:02:00:13 -0500] "GET /BLA/boletinlegal/showLogin.cc HTTP/1.1" 404 1018
216.245.221.92 - - [10/Aug/2022:02:00:23 -0500] "HEAD / HTTP/1.1" 200 -
201.245.192.253 - - [10/Aug/2022:02:00:24 -0500] "POST /kwsrmcab/Wsrmcab  HTTP/1.1" 200 213
172.22.2.4 - - [10/Aug/2022:01:58:49 -0500] "GET /BLA/boletinlegal/ HTTP/1.1" 200 56367
172.22.2.4 - - [10/Aug/2022:01:59:58 -0500] "GET /BLA/boletinlegal/ HTTP/1.1" 200 24523
201.244.27.185 - - [10/Aug/2022:02:00:48 -0500] "GET /sipse/faces/faces/faces/faces/faces/faces/faces/faces/faces/faces/faces/autenticacion.xhtml HTTP/1.1" 200 12497
201.244.27.185 - - [10/Aug/2022:02:00:49 -0500] "GET /sipse/js/disable_browser_buttons.js HTTP/1.1" 304 -
201.244.27.185 - - [10/Aug/2022:02:00:49 -0500] "GET /sipse/css/custom_css_sg.css HTTP/1.1" 200 9694
201.244.27.185 - - [10/Aug/2022:02:00:49 -0500] "GET /sipse/css/custom_css_sg_prime_login.css HTTP/1.1" 200 443
201.244.27.185 - - [10/Aug/2022:02:00:49 -0500] "GET /sipse/js/funciones.js HTTP/1.1" 304 -
201.244.27.185 - - [10/Aug/2022:02:00:49 -0500] "GET /sipse/faces/javax.faces.resource/theme.css?ln=primefaces-sipse HTTP/1.1" 200 50058
201.244.27.185 - - [10/Aug/2022:02:00:49 -0500] "GET /sipse/faces/javax.faces.resource/jquery/jquery.js;jsessionid=oCtfyFVuUZaHxjwGksLs4wJv.undefined?ln=primefaces&v=4.0 HTTP/1.1" 200 105384
201.244.27.185 - - [10/Aug/2022:02:00:50 -0500] "GET /sipse/faces/javax.faces.resource/layout/layout.css;jsessionid=oCtfyFVuUZaHxjwGksLs4wJv.undefined?ln=primefaces&v=4.0 HTTP/1.1" 200 542
201.244.27.185 - - [10/Aug/2022:02:00:49 -0500] "GET /sipse/faces/javax.faces.resource/jquery/jquery-plugins.js;jsessionid=oCtfyFVuUZaHxjwGksLs4wJv.undefined?ln=primefaces&v=4.0 HTTP/1.1" 200 220526
201.244.27.185 - - [10/Aug/2022:02:00:49 -0500] "GET /sipse/faces/javax.faces.resource/layout/layout.js;jsessionid=oCtfyFVuUZaHxjwGksLs4wJv.undefined?ln=primefaces&v=4.0 HTTP/1.1" 200 87560
