191.108.13.182 - - [23/Aug/2022:11:03:07 -0500] "GET /sipse/faces/javax.faces.resource/theme.css?ln=primefaces-sipse HTTP/1.1" 304 -
191.108.13.182 - - [23/Aug/2022:11:03:08 -0500] "GET /sipse/faces/faces/faces/autenticacion.xhtml HTTP/1.1" 200 12179
191.108.13.182 - - [23/Aug/2022:11:03:08 -0500] "GET /sipse/faces/javax.faces.resource/theme.css?ln=primefaces-sipse HTTP/1.1" 304 -
191.108.13.182 - - [23/Aug/2022:11:03:08 -0500] "GET /sipse/faces/javax.faces.resource/primefaces.css?ln=primefaces&v=4.0 HTTP/1.1" 304 -
191.108.13.182 - - [23/Aug/2022:11:03:08 -0500] "GET /sipse/faces/javax.faces.resource/layout/layout.css?ln=primefaces&v=4.0 HTTP/1.1" 304 -
191.108.13.182 - - [23/Aug/2022:11:03:08 -0500] "GET /sipse/faces/javax.faces.resource/jquery/jquery.js?ln=primefaces&v=4.0 HTTP/1.1" 304 -
191.108.13.182 - - [23/Aug/2022:11:03:08 -0500] "GET /sipse/faces/javax.faces.resource/jquery/jquery-plugins.js?ln=primefaces&v=4.0 HTTP/1.1" 304 -
191.108.13.182 - - [23/Aug/2022:11:03:08 -0500] "GET /sipse/faces/javax.faces.resource/primefaces.js?ln=primefaces&v=4.0 HTTP/1.1" 304 -
191.108.13.182 - - [23/Aug/2022:11:03:08 -0500] "GET /sipse/faces/javax.faces.resource/layout/layout.js?ln=primefaces&v=4.0 HTTP/1.1" 304 -
168.176.10.101 - - [23/Aug/2022:11:03:08 -0500] "GET /BLA/resoluciones/index.php?dir=Notificaciones%2FRESOLUCIONES+2021%2F HTTP/1.1" 200 115427
191.108.13.182 - - [23/Aug/2022:11:03:10 -0500] "GET /sipse/faces/javax.faces.resource/images/ui-icons_898989_256x240.png?ln=primefaces-aristo HTTP/1.1" 304 -
191.108.13.182 - - [23/Aug/2022:11:03:18 -0500] "POST /sipse/faces/autenticacion.xhtml HTTP/1.1" 200 2223
191.108.13.182 - - [23/Aug/2022:11:03:18 -0500] "GET /sipse/faces/javax.faces.resource/messages/messages.png?ln=primefaces&v=4.0 HTTP/1.1" 304 -
168.176.10.101 - - [23/Aug/2022:11:03:19 -0500] "GET /BLA/resoluciones/Notificaciones/RESOLUCIONES%202021/1696.pdf HTTP/1.1" 200 332158
191.108.13.182 - - [23/Aug/2022:11:03:19 -0500] "POST /sipse/faces/autenticacion.xhtml HTTP/1.1" 200 16356
191.108.13.182 - - [23/Aug/2022:11:03:19 -0500] "GET /sipse/css/custom_css_sg_prime.css HTTP/1.1" 304 -
191.108.13.182 - - [23/Aug/2022:11:03:19 -0500] "GET /sipse/js/jquery.min.js HTTP/1.1" 304 -
191.108.13.182 - - [23/Aug/2022:11:03:20 -0500] "GET /sipse/faces/javax.faces.resource/jquery/jquery.js?ln=primefaces&v=4.0 HTTP/1.1" 304 -
191.108.13.182 - - [23/Aug/2022:11:03:20 -0500] "GET /sipse/faces/javax.faces.resource/jquery/jquery-plugins.js?ln=primefaces&v=4.0 HTTP/1.1" 304 -
191.108.13.182 - - [23/Aug/2022:11:03:20 -0500] "GET /sipse/faces/javax.faces.resource/primefaces.js?ln=primefaces&v=4.0 HTTP/1.1" 304 -
191.108.13.182 - - [23/Aug/2022:11:03:20 -0500] "GET /sipse/faces/javax.faces.resource/layout/layout.js?ln=primefaces&v=4.0 HTTP/1.1" 304 -
191.108.13.182 - - [23/Aug/2022:11:03:20 -0500] "GET /sipse/css/imagen/contrasena.png HTTP/1.1" 404 383
191.108.13.182 - - [23/Aug/2022:11:03:20 -0500] "GET /sipse/imagenes/cargando.gif HTTP/1.1" 304 -
191.108.13.182 - - [23/Aug/2022:11:03:20 -0500] "GET /sipse/imagenes/logoAplicacion.jpg HTTP/1.1" 304 -
191.108.13.182 - - [23/Aug/2022:11:03:22 -0500] "GET /sipse/faces/javax.faces.resource/images/ui-bg_flat_0_2d5972_40x100.png?ln=primefaces-aristo HTTP/1.1" 304 -
191.108.13.182 - - [23/Aug/2022:11:03:22 -0500] "POST /sipse/faces/bienvenido.xhtml HTTP/1.1" 200 2073
191.108.13.182 - - [23/Aug/2022:11:03:27 -0500] "POST /sipse/faces/bienvenido.xhtml HTTP/1.1" 200 6185
185.119.81.109 - - [23/Aug/2022:11:03:29 -0500] "GET /portaldeninos/wp-login.php HTTP/1.1" 200 2592
185.119.81.109 - - [23/Aug/2022:11:03:30 -0500] "POST /portaldeninos/wp-login.php HTTP/1.1" 200 3605
191.108.13.182 - - [23/Aug/2022:11:03:32 -0500] "POST /sipse/faces/bienvenido.xhtml HTTP/1.1" 200 34707
191.108.13.182 - - [23/Aug/2022:11:03:32 -0500] "GET /sipse/faces/javax.faces.resource/jquery/jquery.js?ln=primefaces&v=4.0 HTTP/1.1" 304 -
191.108.13.182 - - [23/Aug/2022:11:03:32 -0500] "GET /sipse/faces/javax.faces.resource/jquery/jquery-plugins.js?ln=primefaces&v=4.0 HTTP/1.1" 304 -
191.108.13.182 - - [23/Aug/2022:11:03:32 -0500] "GET /sipse/faces/javax.faces.resource/primefaces.js?ln=primefaces&v=4.0 HTTP/1.1" 304 -
191.108.13.182 - - [23/Aug/2022:11:03:32 -0500] "GET /sipse/faces/javax.faces.resource/layout/layout.js?ln=primefaces&v=4.0 HTTP/1.1" 304 -
168.176.10.101 - - [23/Aug/2022:11:03:33 -0500] "GET /BLA/resoluciones/index.php?dir=Notificaciones%2F HTTP/1.1" 200 10351
168.176.10.101 - - [23/Aug/2022:11:03:44 -0500] "GET /BLA/resoluciones/index.php?dir=Notificaciones%2FREGISTROS+2021%2F HTTP/1.1" 200 20015
191.108.13.182 - - [23/Aug/2022:11:04:01 -0500] "POST /sipse/faces/presentacion/sistema/reporte/listarReportes.xhtml HTTP/1.1" 200 26642
168.176.10.101 - - [23/Aug/2022:11:04:01 -0500] "GET /BLA/resoluciones/index.php?dir=Notificaciones%2FAUTOS+2021%2F HTTP/1.1" 200 198820
191.108.13.182 - - [23/Aug/2022:11:04:01 -0500] "POST /sipse/faces/presentacion/sistema/reporte/listarReportes.xhtml HTTP/1.1" 200 26642
191.108.13.182 - - [23/Aug/2022:11:04:05 -0500] "POST /sipse/faces/presentacion/sistema/reporte/listarReportes.xhtml HTTP/1.1" 200 23598
191.108.13.182 - - [23/Aug/2022:11:04:05 -0500] "GET /sipse/faces/javax.faces.resource/theme.css?ln=primefaces-sipse HTTP/1.1" 304 -
191.108.13.182 - - [23/Aug/2022:11:04:05 -0500] "GET /sipse/faces/javax.faces.resource/primefaces.css?ln=primefaces&v=4.0 HTTP/1.1" 304 -
191.108.13.182 - - [23/Aug/2022:11:04:05 -0500] "GET /sipse/faces/javax.faces.resource/jquery/jquery.js?ln=primefaces&v=4.0 HTTP/1.1" 304 -
191.108.13.182 - - [23/Aug/2022:11:04:05 -0500] "GET /sipse/faces/javax.faces.resource/primefaces.js?ln=primefaces&v=4.0 HTTP/1.1" 304 -
191.108.13.182 - - [23/Aug/2022:11:04:05 -0500] "GET /sipse/faces/javax.faces.resource/jquery/jquery-plugins.js?ln=primefaces&v=4.0 HTTP/1.1" 304 -
191.108.13.182 - - [23/Aug/2022:11:04:05 -0500] "GET /sipse/faces/javax.faces.resource/layout/layout.css?ln=primefaces&v=4.0 HTTP/1.1" 304 -
191.108.13.182 - - [23/Aug/2022:11:04:05 -0500] "GET /sipse/faces/javax.faces.resource/layout/layout.js?ln=primefaces&v=4.0 HTTP/1.1" 304 -
191.108.13.182 - - [23/Aug/2022:11:04:05 -0500] "GET /sipse/faces/javax.faces.resource/images/ui-icons_898989_256x240.png?ln=primefaces-aristo HTTP/1.1" 304 -
191.108.13.182 - - [23/Aug/2022:11:04:05 -0500] "GET /sipse/css/imagen/contrasena.png HTTP/1.1" 404 383
168.176.10.101 - - [23/Aug/2022:11:04:06 -0500] "GET /BLA/resoluciones/index.php?dir=Notificaciones%2FAUTOS+2021%2F HTTP/1.1" 200 198820
201.245.192.253 - - [23/Aug/2022:11:04:19 -0500] "POST /kwsrmcab/Wsrmcab  HTTP/1.1" 200 46805
168.176.10.101 - - [23/Aug/2022:11:04:32 -0500] "GET /BLA/resoluciones/index.php?dir=Notificaciones%2FREGISTROS+2021%2F HTTP/1.1" 200 20015
168.176.10.101 - - [23/Aug/2022:11:04:41 -0500] "GET /BLA/resoluciones/index.php?dir=Notificaciones%2FRESOLUCIONES+2021%2F HTTP/1.1" 200 115427
186.102.85.148 - - [23/Aug/2022:11:04:54 -0500] "OPTIONS /kwssiamovil/sm/setfile/f? HTTP/1.1" 200 13
172.22.2.4 - - [23/Aug/2022:11:03:16 -0500] "HEAD /BLA/boletinlegal/ HTTP/1.1" 200 -
186.102.85.148 - - [23/Aug/2022:11:04:54 -0500] "POST /kwssiamovil/sm/setfile/f? HTTP/1.1" 200 381
186.102.85.148 - - [23/Aug/2022:11:04:58 -0500] "OPTIONS /kwssiamovil/sm/setfile/f? HTTP/1.1" 200 13
186.102.85.148 - - [23/Aug/2022:11:04:58 -0500] "POST /kwssiamovil/sm/setfile/f? HTTP/1.1" 200 381
186.102.85.148 - - [23/Aug/2022:11:05:02 -0500] "OPTIONS /kwssiamovil/sm/setfile/f? HTTP/1.1" 200 13
186.102.85.148 - - [23/Aug/2022:11:05:02 -0500] "POST /kwssiamovil/sm/setfile/f? HTTP/1.1" 200 381
186.102.85.148 - - [23/Aug/2022:11:05:06 -0500] "OPTIONS /kwssiamovil/sm/setfile/f? HTTP/1.1" 200 13
186.102.85.148 - - [23/Aug/2022:11:05:06 -0500] "POST /kwssiamovil/sm/setfile/f? HTTP/1.1" 200 381
186.102.85.148 - - [23/Aug/2022:11:05:09 -0500] "OPTIONS /kwssiamovil/sm/setfile/f? HTTP/1.1" 200 13
186.102.85.148 - - [23/Aug/2022:11:05:09 -0500] "POST /kwssiamovil/sm/setfile/f? HTTP/1.1" 200 381
186.102.85.148 - - [23/Aug/2022:11:05:14 -0500] "OPTIONS /kwssiamovil/sm/setfile/f? HTTP/1.1" 200 13
168.176.10.101 - - [23/Aug/2022:11:05:14 -0500] "GET /BLA/resoluciones/index.php?dir=Notificaciones%2FRESOLUCIONES+2019%2F HTTP/1.1" 200 39276
186.102.85.148 - - [23/Aug/2022:11:05:14 -0500] "POST /kwssiamovil/sm/setfile/f? HTTP/1.1" 200 381
186.102.85.148 - - [23/Aug/2022:11:05:17 -0500] "OPTIONS /kwssiamovil/sm/setfile/f? HTTP/1.1" 200 13
186.102.85.148 - - [23/Aug/2022:11:05:17 -0500] "POST /kwssiamovil/sm/setfile/f? HTTP/1.1" 200 381
186.102.85.148 - - [23/Aug/2022:11:05:21 -0500] "OPTIONS /kwssiamovil/sm/setfile/f? HTTP/1.1" 200 13
186.102.85.148 - - [23/Aug/2022:11:05:21 -0500] "POST /kwssiamovil/sm/setfile/f? HTTP/1.1" 200 381
186.102.85.148 - - [23/Aug/2022:11:05:24 -0500] "OPTIONS /kwssiamovil/sm/setfile/f? HTTP/1.1" 200 13
186.102.85.148 - - [23/Aug/2022:11:05:24 -0500] "POST /kwssiamovil/sm/setfile/f? HTTP/1.1" 200 381
172.22.2.1 - - [23/Aug/2022:10:59:01 -0500] "GET /reportes_sipse/sdg/ServletFirma?solicitud=17928 HTTP/1.1" 200 -
168.176.10.101 - - [23/Aug/2022:11:05:28 -0500] "GET /BLA/resoluciones/index.php?dir=Notificaciones/RESOLUCIONES%202019/&sort=name&order=desc HTTP/1.1" 200 39275
186.102.85.148 - - [23/Aug/2022:11:05:28 -0500] "OPTIONS /kwssiamovil/sm/setfile/f? HTTP/1.1" 200 13
168.176.10.101 - - [23/Aug/2022:11:05:29 -0500] "GET /BLA/resoluciones/index.php?dir=Notificaciones/RESOLUCIONES%202019/&sort=name&order=asc HTTP/1.1" 200 39276
186.102.85.148 - - [23/Aug/2022:11:05:29 -0500] "POST /kwssiamovil/sm/setfile/f? HTTP/1.1" 200 381
186.102.85.148 - - [23/Aug/2022:11:05:33 -0500] "OPTIONS /kwssiamovil/sm/setfile/f? HTTP/1.1" 200 13
186.102.85.148 - - [23/Aug/2022:11:05:33 -0500] "POST /kwssiamovil/sm/setfile/f? HTTP/1.1" 200 381
186.102.85.148 - - [23/Aug/2022:11:05:36 -0500] "OPTIONS /kwssiamovil/sm/setfile/f? HTTP/1.1" 200 13
168.176.10.101 - - [23/Aug/2022:11:05:39 -0500] "GET /BLA/resoluciones/index.php?dir=Notificaciones%2F HTTP/1.1" 200 10351
186.102.85.148 - - [23/Aug/2022:11:05:36 -0500] "POST /kwssiamovil/sm/setfile/f? HTTP/1.1" 200 381
168.176.10.101 - - [23/Aug/2022:11:05:42 -0500] "GET /BLA/resoluciones/index.php HTTP/1.1" 200 13093
172.22.2.4 - - [23/Aug/2022:11:04:06 -0500] "GET /BLA/boletinlegal/ HTTP/1.1" 200 59819
168.176.10.101 - - [23/Aug/2022:11:05:56 -0500] "GET /BLA/resoluciones/index.php?dir=RESOLUCIONES+2021%2F HTTP/1.1" 200 415657
92.118.39.88 - - [23/Aug/2022:11:06:16 -0500] "GET / HTTP/1.1" 200 319
168.176.10.101 - - [23/Aug/2022:11:06:22 -0500] "GET /BLA/resoluciones/index.php?dir=RESOLUCIONES+2021%2F HTTP/1.1" 200 415657
168.176.10.101 - - [23/Aug/2022:11:06:49 -0500] "GET /BLA/resoluciones/index.php?dir=AUTOS+2021%2F HTTP/1.1" 200 392675
186.86.33.44 - - [23/Aug/2022:11:06:52 -0500] "GET /appsia/controlador HTTP/1.1" 200 4799
186.86.33.44 - - [23/Aug/2022:11:06:53 -0500] "GET /appsia/css/estilos.css HTTP/1.1" 200 4804
186.86.33.44 - - [23/Aug/2022:11:06:53 -0500] "GET /appsia/images/cabezoteHojaVida.png HTTP/1.1" 200 32493
186.86.33.44 - - [23/Aug/2022:11:06:53 -0500] "GET /appsia/scripts/validarIngreso.js HTTP/1.1" 200 851
186.86.33.44 - - [23/Aug/2022:11:06:53 -0500] "GET /appsia/images/logo_bogota_p.png HTTP/1.1" 200 14951
186.86.33.44 - - [23/Aug/2022:11:06:53 -0500] "GET /favicon.ico HTTP/1.1" 200 7782
216.245.221.92 - - [23/Aug/2022:11:07:05 -0500] "HEAD / HTTP/1.1" 200 -
191.108.13.182 - - [23/Aug/2022:11:07:23 -0500] "GET /sipse/faces/javax.faces.resource/images/ui-bg_flat_0_2d5972_40x100.png?ln=primefaces-aristo HTTP/1.1" 304 -
191.108.13.182 - - [23/Aug/2022:11:07:23 -0500] "POST /sipse/faces/presentacion/sistema/reporte/ventanaVerReporteParametros.xhtml HTTP/1.1" 200 34707
191.108.13.182 - - [23/Aug/2022:11:07:24 -0500] "GET /sipse/faces/javax.faces.resource/jquery/jquery.js?ln=primefaces&v=4.0 HTTP/1.1" 304 -
191.108.13.182 - - [23/Aug/2022:11:07:24 -0500] "GET /sipse/faces/javax.faces.resource/jquery/jquery-plugins.js?ln=primefaces&v=4.0 HTTP/1.1" 304 -
191.108.13.182 - - [23/Aug/2022:11:07:24 -0500] "GET /sipse/faces/javax.faces.resource/primefaces.js?ln=primefaces&v=4.0 HTTP/1.1" 304 -
191.108.13.182 - - [23/Aug/2022:11:07:24 -0500] "GET /sipse/faces/javax.faces.resource/layout/layout.js?ln=primefaces&v=4.0 HTTP/1.1" 304 -
168.176.10.101 - - [23/Aug/2022:11:07:27 -0500] "GET /BLA/resoluciones/index.php HTTP/1.1" 200 13093
168.176.10.101 - - [23/Aug/2022:11:07:30 -0500] "GET /BLA/resoluciones/index.php?dir=RESOLUCIONES+2019%2F HTTP/1.1" 200 243707
172.22.2.4 - - [23/Aug/2022:11:07:34 -0500] "GET /BLA/boletinlegal/consulta_actos.php?tipo=resoluciones&no=0287&usuario=&sector=&fecha=2020&resuelve= HTTP/1.1" 200 1067
191.108.13.182 - - [23/Aug/2022:11:07:39 -0500] "POST /sipse/faces/presentacion/sistema/reporte/listarReportes.xhtml HTTP/1.1" 200 2171
168.176.10.101 - - [23/Aug/2022:11:07:59 -0500] "GET /BLA/resoluciones/index.php?dir=RESOLUCIONES%202019/&sort=date&order=asc HTTP/1.1" 200 243707
168.176.10.101 - - [23/Aug/2022:11:08:02 -0500] "GET /BLA/resoluciones/index.php?dir=RESOLUCIONES%202019/&sort=date&order=desc HTTP/1.1" 200 243706
191.108.13.182 - - [23/Aug/2022:11:07:40 -0500] "POST /sipse/faces/presentacion/sistema/reporte/listarReportes.xhtml HTTP/1.1" 200 72992
191.108.13.182 - - [23/Aug/2022:11:08:05 -0500] "GET /sipse/faces/javax.faces.resource/jquery/jquery.js?ln=primefaces&v=4.0 HTTP/1.1" 304 -
191.108.13.182 - - [23/Aug/2022:11:08:05 -0500] "GET /sipse/faces/javax.faces.resource/jquery/jquery-plugins.js?ln=primefaces&v=4.0 HTTP/1.1" 304 -
191.108.13.182 - - [23/Aug/2022:11:08:05 -0500] "GET /sipse/faces/javax.faces.resource/primefaces.js?ln=primefaces&v=4.0 HTTP/1.1" 304 -
191.108.13.182 - - [23/Aug/2022:11:08:05 -0500] "GET /sipse/faces/javax.faces.resource/layout/layout.js?ln=primefaces&v=4.0 HTTP/1.1" 304 -
191.108.13.182 - - [23/Aug/2022:11:08:05 -0500] "POST /sipse/faces/presentacion/proyectos/proyecto/listarConsultarProyectos.xhtml HTTP/1.1" 200 66278
168.176.10.101 - - [23/Aug/2022:11:08:09 -0500] "GET /BLA/resoluciones/index.php HTTP/1.1" 200 13093
168.176.10.101 - - [23/Aug/2022:11:08:16 -0500] "GET /BLA/resoluciones/index.php?dir=2018%2F HTTP/1.1" 200 1608
191.108.13.182 - - [23/Aug/2022:11:08:11 -0500] "POST /sipse/faces/presentacion/proyectos/proyecto/listarConsultarProyectos.xhtml HTTP/1.1" 200 82335
191.108.13.182 - - [23/Aug/2022:11:08:16 -0500] "GET /sipse/faces/javax.faces.resource/jquery/jquery.js?ln=primefaces&v=4.0 HTTP/1.1" 304 -
191.108.13.182 - - [23/Aug/2022:11:08:16 -0500] "GET /sipse/faces/javax.faces.resource/jquery/jquery-plugins.js?ln=primefaces&v=4.0 HTTP/1.1" 304 -
191.108.13.182 - - [23/Aug/2022:11:08:16 -0500] "GET /sipse/faces/javax.faces.resource/primefaces.js?ln=primefaces&v=4.0 HTTP/1.1" 304 -
191.108.13.182 - - [23/Aug/2022:11:08:16 -0500] "GET /sipse/faces/javax.faces.resource/layout/layout.js?ln=primefaces&v=4.0 HTTP/1.1" 304 -
191.108.13.182 - - [23/Aug/2022:11:08:17 -0500] "POST /sipse/faces/presentacion/proyectos/proyecto/proyecto.xhtml HTTP/1.1" 200 2615
191.108.13.182 - - [23/Aug/2022:11:08:17 -0500] "POST /sipse/faces/presentacion/proyectos/proyecto/proyecto.xhtml HTTP/1.1" 200 3229
168.176.10.101 - - [23/Aug/2022:11:08:17 -0500] "GET /BLA/resoluciones/index.php?dir= HTTP/1.1" 200 13093
168.176.10.101 - - [23/Aug/2022:11:08:22 -0500] "GET /BLA/resoluciones/index.php?dir=Decretos%2F HTTP/1.1" 200 6804
168.176.10.101 - - [23/Aug/2022:11:08:24 -0500] "GET /BLA/resoluciones/index.php?dir=Decretos%2F HTTP/1.1" 200 6804
168.176.10.101 - - [23/Aug/2022:11:08:25 -0500] "GET /BLA/resoluciones/index.php HTTP/1.1" 200 13093
191.108.13.182 - - [23/Aug/2022:11:08:25 -0500] "POST /sipse/faces/presentacion/proyectos/proyecto/proyecto.xhtml HTTP/1.1" 200 30129
191.108.13.182 - - [23/Aug/2022:11:08:26 -0500] "GET /sipse/faces/javax.faces.resource/jquery/jquery.js?ln=primefaces&v=4.0 HTTP/1.1" 304 -
191.108.13.182 - - [23/Aug/2022:11:08:26 -0500] "GET /sipse/faces/javax.faces.resource/jquery/jquery-plugins.js?ln=primefaces&v=4.0 HTTP/1.1" 304 -
191.108.13.182 - - [23/Aug/2022:11:08:26 -0500] "GET /sipse/faces/javax.faces.resource/primefaces.js?ln=primefaces&v=4.0 HTTP/1.1" 304 -
191.108.13.182 - - [23/Aug/2022:11:08:26 -0500] "GET /sipse/faces/javax.faces.resource/layout/layout.js?ln=primefaces&v=4.0 HTTP/1.1" 304 -
191.108.13.182 - - [23/Aug/2022:11:08:26 -0500] "POST /sipse/faces/presentacion/proyectos/proyecto/listarProyecto.xhtml HTTP/1.1" 200 72992
191.108.13.182 - - [23/Aug/2022:11:08:26 -0500] "GET /sipse/faces/javax.faces.resource/jquery/jquery.js?ln=primefaces&v=4.0 HTTP/1.1" 304 -
191.108.13.182 - - [23/Aug/2022:11:08:26 -0500] "GET /sipse/faces/javax.faces.resource/jquery/jquery-plugins.js?ln=primefaces&v=4.0 HTTP/1.1" 304 -
191.108.13.182 - - [23/Aug/2022:11:08:26 -0500] "GET /sipse/faces/javax.faces.resource/primefaces.js?ln=primefaces&v=4.0 HTTP/1.1" 304 -
191.108.13.182 - - [23/Aug/2022:11:08:26 -0500] "GET /sipse/faces/javax.faces.resource/layout/layout.js?ln=primefaces&v=4.0 HTTP/1.1" 304 -
191.108.13.182 - - [23/Aug/2022:11:08:26 -0500] "POST /sipse/faces/presentacion/proyectos/proyecto/listarConsultarProyectos.xhtml HTTP/1.1" 200 66278
191.108.13.182 - - [23/Aug/2022:11:08:27 -0500] "POST /sipse/faces/presentacion/proyectos/proyecto/listarConsultarProyectos.xhtml HTTP/1.1" 200 66278
168.176.10.101 - - [23/Aug/2022:11:08:28 -0500] "GET /BLA/resoluciones/index.php?dir=RESOLUCIONES+CONJUNTAS%2F HTTP/1.1" 200 4762
168.176.10.101 - - [23/Aug/2022:11:08:35 -0500] "GET /BLA/resoluciones/index.php HTTP/1.1" 200 12235
168.176.10.101 - - [23/Aug/2022:11:08:35 -0500] "GET /BLA/resoluciones/index.php HTTP/1.1" 200 13093
168.176.10.101 - - [23/Aug/2022:11:08:38 -0500] "GET /BLA/resoluciones/index.php?dir=RESOLUCIONES+2021%2F HTTP/1.1" 200 415657
191.108.13.182 - - [23/Aug/2022:11:08:40 -0500] "POST /sipse/faces/presentacion/proyectos/proyecto/listarConsultarProyectos.xhtml HTTP/1.1" 200 44832
186.102.85.148 - - [23/Aug/2022:11:08:38 -0500] "POST /kwssiamovil/sm/setfile/f? HTTP/1.1" 200 381
186.102.85.148 - - [23/Aug/2022:11:08:42 -0500] "OPTIONS /kwssiamovil/sm/setfile/f? HTTP/1.1" 200 13
186.102.85.148 - - [23/Aug/2022:11:08:42 -0500] "POST /kwssiamovil/sm/setfile/f? HTTP/1.1" 200 381
186.102.85.148 - - [23/Aug/2022:11:08:45 -0500] "OPTIONS /kwssiamovil/sm/setfile/f? HTTP/1.1" 200 13
191.108.13.182 - - [23/Aug/2022:11:08:45 -0500] "POST /sipse/faces/presentacion/proyectos/proyecto/listarConsultarProyectos.xhtml HTTP/1.1" 200 4239
186.102.85.148 - - [23/Aug/2022:11:08:45 -0500] "POST /kwssiamovil/sm/setfile/f? HTTP/1.1" 200 381
186.102.85.148 - - [23/Aug/2022:11:08:48 -0500] "OPTIONS /kwssiamovil/sm/setfile/f? HTTP/1.1" 200 13
186.102.85.148 - - [23/Aug/2022:11:08:49 -0500] "POST /kwssiamovil/sm/setfile/f? HTTP/1.1" 200 381
186.102.85.148 - - [23/Aug/2022:11:08:51 -0500] "OPTIONS /kwssiamovil/sm/setfile/f? HTTP/1.1" 200 13
186.102.85.148 - - [23/Aug/2022:11:08:52 -0500] "POST /kwssiamovil/sm/setfile/f? HTTP/1.1" 200 381
186.102.85.148 - - [23/Aug/2022:11:08:55 -0500] "OPTIONS /kwssiamovil/sm/setfile/f? HTTP/1.1" 200 13
191.108.13.182 - - [23/Aug/2022:11:08:48 -0500] "POST /sipse/faces/presentacion/proyectos/proyecto/listarConsultarProyectos.xhtml HTTP/1.1" 200 81121
191.108.13.182 - - [23/Aug/2022:11:08:58 -0500] "GET /sipse/faces/javax.faces.resource/jquery/jquery.js?ln=primefaces&v=4.0 HTTP/1.1" 304 -
191.108.13.182 - - [23/Aug/2022:11:08:58 -0500] "GET /sipse/faces/javax.faces.resource/jquery/jquery-plugins.js?ln=primefaces&v=4.0 HTTP/1.1" 304 -
191.108.13.182 - - [23/Aug/2022:11:08:58 -0500] "GET /sipse/faces/javax.faces.resource/primefaces.js?ln=primefaces&v=4.0 HTTP/1.1" 304 -
191.108.13.182 - - [23/Aug/2022:11:08:58 -0500] "GET /sipse/faces/javax.faces.resource/layout/layout.js?ln=primefaces&v=4.0 HTTP/1.1" 304 -
186.102.85.148 - - [23/Aug/2022:11:08:55 -0500] "POST /kwssiamovil/sm/setfile/f? HTTP/1.1" 200 381
191.108.13.182 - - [23/Aug/2022:11:08:58 -0500] "POST /sipse/faces/presentacion/proyectos/proyecto/proyecto.xhtml HTTP/1.1" 200 3229
186.102.85.148 - - [23/Aug/2022:11:08:59 -0500] "OPTIONS /kwssiamovil/sm/setfile/f? HTTP/1.1" 200 13
186.102.85.148 - - [23/Aug/2022:11:08:59 -0500] "POST /kwssiamovil/sm/setfile/f? HTTP/1.1" 200 381
186.102.85.148 - - [23/Aug/2022:11:09:03 -0500] "OPTIONS /kwssiamovil/sm/setfile/f? HTTP/1.1" 200 13
186.102.85.148 - - [23/Aug/2022:11:09:04 -0500] "POST /kwssiamovil/sm/setfile/f? HTTP/1.1" 200 381
186.102.85.148 - - [23/Aug/2022:11:09:08 -0500] "OPTIONS /kwssiamovil/sm/setfile/f? HTTP/1.1" 200 13
201.245.192.253 - - [23/Aug/2022:11:09:19 -0500] "POST /kwsrmcab/Wsrmcab  HTTP/1.1" 200 46805
186.28.217.91 - - [23/Aug/2022:11:09:23 -0500] "GET /sipsesda/faces/faces/faces/faces/faces/faces/faces/login.jspx HTTP/1.1" 200 7848
186.28.217.91 - - [23/Aug/2022:11:09:23 -0500] "GET /sipsesda/js/disable_browser_buttons.js;jsessionid=ac16012b22b8056bb758c5ad4b73aa4f95e6a158ca72.e34Lc3uRbN4Oc40Nai0 HTTP/1.1" 200 2767
186.28.217.91 - - [23/Aug/2022:11:09:23 -0500] "GET /sipsesda/js/funciones.js;jsessionid=ac16012b22b8056bb758c5ad4b73aa4f95e6a158ca72.e34Lc3uRbN4Oc40Nai0 HTTP/1.1" 200 36377
186.28.217.91 - - [23/Aug/2022:11:09:23 -0500] "GET /sipsesda/adf/styles/cache/segobdis16-desktop-10_1_3_4_0-gecko.css;jsessionid=ac16012b22b8056bb758c5ad4b73aa4f95e6a158ca72.e34Lc3uRbN4Oc40Nai0 HTTP/1.1" 200 57778
186.28.217.91 - - [23/Aug/2022:11:09:23 -0500] "GET /sipsesda/adf/jsLibs/Common10_1_3_4_0.js;jsessionid=ac16012b22b8056bb758c5ad4b73aa4f95e6a158ca72.e34Lc3uRbN4Oc40Nai0 HTTP/1.1" 200 132959
186.28.217.91 - - [23/Aug/2022:11:09:23 -0500] "GET /sipsesda/adf/images/t.gif;jsessionid=ac16012b22b8056bb758c5ad4b73aa4f95e6a158ca72.e34Lc3uRbN4Oc40Nai0 HTTP/1.1" 200 86
186.28.217.91 - - [23/Aug/2022:11:09:23 -0500] "GET /sipsesda/imagenes/encabezado.jpg;jsessionid=ac16012b22b8056bb758c5ad4b73aa4f95e6a158ca72.e34Lc3uRbN4Oc40Nai0 HTTP/1.1" 200 18018
186.28.217.91 - - [23/Aug/2022:11:09:23 -0500] "GET /sipsesda/faces/faces/faces/faces/faces/faces/faces/faces/index.jsp HTTP/1.1" 200 1477
186.28.217.91 - - [23/Aug/2022:11:09:24 -0500] "GET /sipsesda/faces/faces/faces/faces/faces/faces/faces/faces/faces/login.jspx HTTP/1.1" 200 6860
186.28.217.91 - - [23/Aug/2022:11:09:24 -0500] "GET /sipsesda/adf/images/t.gif HTTP/1.1" 200 86
186.28.217.91 - - [23/Aug/2022:11:09:27 -0500] "POST /sipsesda/faces/login.jspx HTTP/1.1" 200 5685
201.245.192.253 - - [23/Aug/2022:11:09:30 -0500] "GET /sipse/faces/index.xhtml HTTP/1.1" 200 677
201.245.192.253 - - [23/Aug/2022:11:09:30 -0500] "GET /sipse/faces/javax.faces.resource/theme.css?ln=primefaces-sipse HTTP/1.1" 304 -
201.245.192.253 - - [23/Aug/2022:11:09:30 -0500] "GET /sipse/faces/faces/autenticacion.xhtml HTTP/1.1" 200 12185
201.245.192.253 - - [23/Aug/2022:11:09:30 -0500] "GET /sipse/faces/javax.faces.resource/theme.css?ln=primefaces-sipse HTTP/1.1" 304 -
201.245.192.253 - - [23/Aug/2022:11:09:30 -0500] "GET /sipse/faces/javax.faces.resource/layout/layout.css?ln=primefaces&v=4.0 HTTP/1.1" 304 -
201.245.192.253 - - [23/Aug/2022:11:09:30 -0500] "GET /sipse/faces/javax.faces.resource/primefaces.js?ln=primefaces&v=4.0 HTTP/1.1" 304 -
201.245.192.253 - - [23/Aug/2022:11:09:30 -0500] "GET /sipse/faces/javax.faces.resource/jquery/jquery-plugins.js?ln=primefaces&v=4.0 HTTP/1.1" 304 -
201.245.192.253 - - [23/Aug/2022:11:09:30 -0500] "GET /sipse/faces/javax.faces.resource/primefaces.css?ln=primefaces&v=4.0 HTTP/1.1" 304 -
201.245.192.253 - - [23/Aug/2022:11:09:30 -0500] "GET /sipse/faces/javax.faces.resource/jquery/jquery.js?ln=primefaces&v=4.0 HTTP/1.1" 304 -
201.245.192.253 - - [23/Aug/2022:11:09:30 -0500] "GET /sipse/faces/javax.faces.resource/layout/layout.js?ln=primefaces&v=4.0 HTTP/1.1" 304 -
201.245.192.253 - - [23/Aug/2022:11:09:30 -0500] "GET /sipse/faces/javax.faces.resource/images/ui-icons_898989_256x240.png?ln=primefaces-aristo HTTP/1.1" 304 -
201.245.192.253 - - [23/Aug/2022:11:09:32 -0500] "POST /sipse/faces/autenticacion.xhtml HTTP/1.1" 200 2221
201.245.192.253 - - [23/Aug/2022:11:09:32 -0500] "GET /sipse/faces/javax.faces.resource/messages/messages.png?ln=primefaces&v=4.0 HTTP/1.1" 304 -
201.245.192.253 - - [23/Aug/2022:11:09:32 -0500] "POST /sipse/faces/autenticacion.xhtml HTTP/1.1" 200 16381
201.245.192.253 - - [23/Aug/2022:11:09:33 -0500] "GET /sipse/faces/javax.faces.resource/theme.css?ln=primefaces-sipse HTTP/1.1" 304 -
201.245.192.253 - - [23/Aug/2022:11:09:33 -0500] "GET /sipse/faces/javax.faces.resource/primefaces.css?ln=primefaces&v=4.0 HTTP/1.1" 304 -
201.245.192.253 - - [23/Aug/2022:11:09:33 -0500] "GET /sipse/faces/javax.faces.resource/layout/layout.css?ln=primefaces&v=4.0 HTTP/1.1" 304 -
186.28.217.91 - - [23/Aug/2022:11:09:32 -0500] "POST /sipsesda/faces/vista/sistema/seleccionRol.jspx HTTP/1.1" 200 32814
201.245.192.253 - - [23/Aug/2022:11:09:33 -0500] "GET /sipse/faces/javax.faces.resource/jquery/jquery.js?ln=primefaces&v=4.0 HTTP/1.1" 304 -
201.245.192.253 - - [23/Aug/2022:11:09:33 -0500] "GET /sipse/faces/javax.faces.resource/jquery/jquery-plugins.js?ln=primefaces&v=4.0 HTTP/1.1" 304 -
201.245.192.253 - - [23/Aug/2022:11:09:33 -0500] "GET /sipse/faces/javax.faces.resource/primefaces.js?ln=primefaces&v=4.0 HTTP/1.1" 304 -
201.245.192.253 - - [23/Aug/2022:11:09:33 -0500] "GET /sipse/faces/javax.faces.resource/layout/layout.js?ln=primefaces&v=4.0 HTTP/1.1" 304 -
201.245.192.253 - - [23/Aug/2022:11:09:33 -0500] "GET /sipse/css/imagen/contrasena.png HTTP/1.1" 404 383
186.28.217.91 - - [23/Aug/2022:11:09:33 -0500] "GET /sipsesda/imagenes/logoAplicacion.jpg HTTP/1.1" 200 155084
201.245.192.253 - - [23/Aug/2022:11:09:34 -0500] "GET /sipse/faces/javax.faces.resource/images/ui-bg_flat_0_2d5972_40x100.png?ln=primefaces-aristo HTTP/1.1" 304 -
201.245.192.253 - - [23/Aug/2022:11:09:34 -0500] "POST /sipse/faces/bienvenido.xhtml HTTP/1.1" 200 2658
186.28.217.91 - - [23/Aug/2022:11:09:34 -0500] "GET /sipsesda/faces/imagenes/vinetaAbajo.gif HTTP/1.1" 200 72
186.28.217.91 - - [23/Aug/2022:11:09:34 -0500] "GET /sipsesda/faces/imagenes/vinetaDerecha.gif HTTP/1.1" 200 107
191.108.13.182 - - [23/Aug/2022:11:09:40 -0500] "POST /sipse/faces/presentacion/proyectos/proyecto/proyecto.xhtml HTTP/1.1" 200 30119
191.108.13.182 - - [23/Aug/2022:11:09:40 -0500] "GET /sipse/faces/javax.faces.resource/jquery/jquery.js?ln=primefaces&v=4.0 HTTP/1.1" 304 -
191.108.13.182 - - [23/Aug/2022:11:09:40 -0500] "GET /sipse/faces/javax.faces.resource/jquery/jquery-plugins.js?ln=primefaces&v=4.0 HTTP/1.1" 304 -
191.108.13.182 - - [23/Aug/2022:11:09:40 -0500] "GET /sipse/faces/javax.faces.resource/primefaces.js?ln=primefaces&v=4.0 HTTP/1.1" 304 -
191.108.13.182 - - [23/Aug/2022:11:09:40 -0500] "GET /sipse/faces/javax.faces.resource/layout/layout.js?ln=primefaces&v=4.0 HTTP/1.1" 304 -
191.108.13.182 - - [23/Aug/2022:11:09:40 -0500] "POST /sipse/faces/presentacion/proyectos/proyecto/listarProyecto.xhtml HTTP/1.1" 200 23425
186.28.217.91 - - [23/Aug/2022:11:09:40 -0500] "GET /sipsesda/faces/vista/sistema/cargarMenu.jspx?accionMenu=listadoFuncionario&menuID=18 HTTP/1.1" 200 33021
186.28.217.91 - - [23/Aug/2022:11:09:40 -0500] "POST /sipsesda/faces/vista/sistema/cargarMenu.jspx HTTP/1.1" 200 36916
191.108.13.182 - - [23/Aug/2022:11:09:40 -0500] "POST /sipse/faces/presentacion/proyectos/proyecto/listarProyecto.xhtml HTTP/1.1" 200 23425
191.108.13.182 - - [23/Aug/2022:11:09:41 -0500] "POST /sipse/faces/presentacion/proyectos/proyecto/listarProyecto.xhtml HTTP/1.1" 200 23425
201.245.192.253 - - [23/Aug/2022:11:09:34 -0500] "POST /sipse/faces/bienvenido.xhtml HTTP/1.1" 200 64844
201.245.192.253 - - [23/Aug/2022:11:09:41 -0500] "GET /sipse/faces/javax.faces.resource/primefaces.css?ln=primefaces&v=4.0 HTTP/1.1" 304 -
201.245.192.253 - - [23/Aug/2022:11:09:41 -0500] "GET /sipse/faces/javax.faces.resource/theme.css?ln=primefaces-sipse HTTP/1.1" 304 -
201.245.192.253 - - [23/Aug/2022:11:09:41 -0500] "GET /sipse/faces/javax.faces.resource/layout/layout.css?ln=primefaces&v=4.0 HTTP/1.1" 304 -
201.245.192.253 - - [23/Aug/2022:11:09:41 -0500] "GET /sipse/faces/javax.faces.resource/jquery/jquery.js?ln=primefaces&v=4.0 HTTP/1.1" 304 -
201.245.192.253 - - [23/Aug/2022:11:09:41 -0500] "GET /sipse/faces/javax.faces.resource/jquery/jquery-plugins.js?ln=primefaces&v=4.0 HTTP/1.1" 304 -
201.245.192.253 - - [23/Aug/2022:11:09:41 -0500] "GET /sipse/faces/javax.faces.resource/primefaces.js?ln=primefaces&v=4.0 HTTP/1.1" 304 -
201.245.192.253 - - [23/Aug/2022:11:09:41 -0500] "GET /sipse/faces/javax.faces.resource/layout/layout.js?ln=primefaces&v=4.0 HTTP/1.1" 304 -
191.108.13.182 - - [23/Aug/2022:11:09:41 -0500] "POST /sipse/faces/presentacion/proyectos/proyecto/listarProyecto.xhtml HTTP/1.1" 200 23425
191.108.13.182 - - [23/Aug/2022:11:09:41 -0500] "POST /sipse/faces/presentacion/proyectos/proyecto/listarProyecto.xhtml HTTP/1.1" 200 23425
191.108.13.182 - - [23/Aug/2022:11:09:41 -0500] "POST /sipse/faces/presentacion/proyectos/proyecto/listarProyecto.xhtml HTTP/1.1" 200 23425
191.108.13.182 - - [23/Aug/2022:11:09:42 -0500] "POST /sipse/faces/presentacion/proyectos/proyecto/listarProyecto.xhtml HTTP/1.1" 200 72992
191.108.13.182 - - [23/Aug/2022:11:09:43 -0500] "GET /sipse/faces/javax.faces.resource/jquery/jquery.js?ln=primefaces&v=4.0 HTTP/1.1" 304 -
191.108.13.182 - - [23/Aug/2022:11:09:43 -0500] "GET /sipse/faces/javax.faces.resource/jquery/jquery-plugins.js?ln=primefaces&v=4.0 HTTP/1.1" 304 -
191.108.13.182 - - [23/Aug/2022:11:09:43 -0500] "GET /sipse/faces/javax.faces.resource/primefaces.js?ln=primefaces&v=4.0 HTTP/1.1" 304 -
191.108.13.182 - - [23/Aug/2022:11:09:43 -0500] "GET /sipse/faces/javax.faces.resource/layout/layout.js?ln=primefaces&v=4.0 HTTP/1.1" 304 -
191.108.13.182 - - [23/Aug/2022:11:09:43 -0500] "POST /sipse/faces/presentacion/proyectos/proyecto/listarConsultarProyectos.xhtml HTTP/1.1" 200 66278
191.108.13.182 - - [23/Aug/2022:11:09:43 -0500] "POST /sipse/faces/presentacion/proyectos/proyecto/listarConsultarProyectos.xhtml HTTP/1.1" 200 66278
191.108.13.182 - - [23/Aug/2022:11:09:44 -0500] "POST /sipse/faces/presentacion/proyectos/proyecto/listarConsultarProyectos.xhtml HTTP/1.1" 200 66278
191.108.13.182 - - [23/Aug/2022:11:09:44 -0500] "POST /sipse/faces/presentacion/proyectos/proyecto/listarConsultarProyectos.xhtml HTTP/1.1" 200 66278
191.108.13.182 - - [23/Aug/2022:11:09:44 -0500] "POST /sipse/faces/presentacion/proyectos/proyecto/listarConsultarProyectos.xhtml HTTP/1.1" 200 66278
191.108.13.182 - - [23/Aug/2022:11:09:45 -0500] "POST /sipse/faces/presentacion/proyectos/proyecto/listarConsultarProyectos.xhtml HTTP/1.1" 200 66278
191.108.13.182 - - [23/Aug/2022:11:09:45 -0500] "POST /sipse/faces/presentacion/proyectos/proyecto/listarConsultarProyectos.xhtml HTTP/1.1" 200 66278
201.245.192.253 - - [23/Aug/2022:11:09:41 -0500] "POST /sipse/faces/presentacion/financiero/solicitudProceso/listarSolicitudProceso.xhtml HTTP/1.1" 200 1552
201.245.192.253 - - [23/Aug/2022:11:09:48 -0500] "POST /sipse/faces/presentacion/financiero/solicitudProceso/listarSolicitudProceso.xhtml HTTP/1.1" 200 14892
201.245.192.253 - - [23/Aug/2022:11:09:49 -0500] "POST /sipse/faces/presentacion/financiero/solicitudProceso/listarSolicitudProceso.xhtml HTTP/1.1" 200 154321
201.245.192.253 - - [23/Aug/2022:11:09:51 -0500] "GET /sipse/faces/javax.faces.resource/layout/layout.css?ln=primefaces&v=4.0 HTTP/1.1" 304 -
201.245.192.253 - - [23/Aug/2022:11:09:51 -0500] "GET /sipse/faces/javax.faces.resource/theme.css?ln=primefaces-sipse HTTP/1.1" 304 -
201.245.192.253 - - [23/Aug/2022:11:09:51 -0500] "GET /sipse/faces/javax.faces.resource/primefaces.css?ln=primefaces&v=4.0 HTTP/1.1" 304 -
201.245.192.253 - - [23/Aug/2022:11:09:51 -0500] "GET /sipse/faces/javax.faces.resource/jquery/jquery.js?ln=primefaces&v=4.0 HTTP/1.1" 304 -
201.245.192.253 - - [23/Aug/2022:11:09:51 -0500] "GET /sipse/faces/javax.faces.resource/jquery/jquery-plugins.js?ln=primefaces&v=4.0 HTTP/1.1" 304 -
201.245.192.253 - - [23/Aug/2022:11:09:51 -0500] "GET /sipse/faces/javax.faces.resource/primefaces.js?ln=primefaces&v=4.0 HTTP/1.1" 304 -
201.245.192.253 - - [23/Aug/2022:11:09:51 -0500] "GET /sipse/faces/javax.faces.resource/layout/layout.js?ln=primefaces&v=4.0 HTTP/1.1" 304 -
201.245.192.253 - - [23/Aug/2022:11:09:51 -0500] "GET /sipse/faces/javax.faces.resource/dynamiccontent.properties?ln=primefaces&pfdrid=XjOR5%2F%2FfPAZAuY9TpWQeCiM0BhlXxYRBGKi%2FQcXXfeA%3D&pfdrid_c=false HTTP/1.1" 500 383
186.28.217.91 - - [23/Aug/2022:11:09:52 -0500] "POST /sipsesda/faces/vista/administracion/funcionario/listadoFuncionario.jspx HTTP/1.1" 200 37702
186.28.217.91 - - [23/Aug/2022:11:09:56 -0500] "POST /sipsesda/faces/vista/administracion/funcionario/listadoFuncionario.jspx HTTP/1.1" 200 18686
201.245.192.253 - - [23/Aug/2022:11:09:56 -0500] "POST /sipse/faces/presentacion/financiero/solicitudProceso/consultarSolicitudProceso.xhtml HTTP/1.1" 200 115790
186.28.217.91 - - [23/Aug/2022:11:10:01 -0500] "POST /sipsesda/faces/vista/administracion/funcionario/registrarFuncionario.jspx?_afPfm=1 HTTP/1.1" 200 14752
186.28.217.91 - - [23/Aug/2022:11:10:01 -0500] "GET /sipsesda/adf/images/dfb.gif HTTP/1.1" 200 194
186.28.217.91 - - [23/Aug/2022:11:10:06 -0500] "POST /sipsesda/faces/vista/administracion/dependenciaFuncionario/registrarDependenciaFuncionario.jspx?_afPfm=1.1 HTTP/1.1" 200 18694
186.102.85.148 - - [23/Aug/2022:11:09:08 -0500] "POST /kwssiamovil/sm/setfile/f? HTTP/1.1" 400 1022
191.108.13.182 - - [23/Aug/2022:11:10:18 -0500] "POST /sipse/faces/presentacion/proyectos/proyecto/listarConsultarProyectos.xhtml HTTP/1.1" 200 81121
191.108.13.182 - - [23/Aug/2022:11:10:24 -0500] "GET /sipse/faces/javax.faces.resource/jquery/jquery.js?ln=primefaces&v=4.0 HTTP/1.1" 304 -
191.108.13.182 - - [23/Aug/2022:11:10:24 -0500] "GET /sipse/faces/javax.faces.resource/jquery/jquery-plugins.js?ln=primefaces&v=4.0 HTTP/1.1" 304 -
191.108.13.182 - - [23/Aug/2022:11:10:24 -0500] "GET /sipse/faces/javax.faces.resource/primefaces.js?ln=primefaces&v=4.0 HTTP/1.1" 304 -
191.108.13.182 - - [23/Aug/2022:11:10:24 -0500] "GET /sipse/faces/javax.faces.resource/layout/layout.js?ln=primefaces&v=4.0 HTTP/1.1" 304 -
191.108.13.182 - - [23/Aug/2022:11:10:24 -0500] "POST /sipse/faces/presentacion/proyectos/proyecto/proyecto.xhtml HTTP/1.1" 200 3229
191.108.13.182 - - [23/Aug/2022:11:10:38 -0500] "POST /sipse/faces/presentacion/proyectos/proyecto/proyecto.xhtml HTTP/1.1" 200 18734
191.108.13.182 - - [23/Aug/2022:11:10:45 -0500] "POST /sipse/faces/presentacion/proyectos/proyecto/proyecto.xhtml HTTP/1.1" 200 7146
191.108.13.182 - - [23/Aug/2022:11:10:45 -0500] "POST /sipse/faces/presentacion/proyectos/proyecto/proyecto.xhtml HTTP/1.1" 200 3207
172.22.2.4 - - [23/Aug/2022:11:09:06 -0500] "HEAD /BLA/boletinlegal/ HTTP/1.1" 200 -
65.154.226.168 - - [23/Aug/2022:11:10:48 -0500] "GET /portaldeninos/wp-content/uploads/useanyfont/uaf.css?ver=1589905315 HTTP/1.1" 200 408
65.154.226.168 - - [23/Aug/2022:11:10:48 -0500] "GET /portaldeninos/wp-content/themes/betheme/style.css?ver=20.9.6 HTTP/1.1" 200 287
65.154.226.168 - - [23/Aug/2022:11:10:48 -0500] "GET /portaldeninos/wp-content/plugins/gallery-videos/CSS/Total-Soft-Gallery-Video-Widget.css?ver=4.9.8 HTTP/1.1" 200 51554
65.154.226.168 - - [23/Aug/2022:11:10:48 -0500] "GET /portaldeninos/wp-content/plugins/gallery-videos/CSS/totalsoft.css?ver=4.9.8 HTTP/1.1" 200 40622
65.154.226.168 - - [23/Aug/2022:11:10:48 -0500] "GET /portaldeninos/wp-content/themes/betheme/css/base.css?ver=20.9.6 HTTP/1.1" 200 57283
65.154.226.168 - - [23/Aug/2022:11:10:48 -0500] "GET /portaldeninos/wp-content/themes/betheme/assets/animations/animations.min.css?ver=20.9.6 HTTP/1.1" 200 58508
65.154.226.168 - - [23/Aug/2022:11:10:49 -0500] "GET /portaldeninos/wp-content/themes/betheme/assets/jplayer/css/jplayer.blue.monday.css?ver=20.9.6 HTTP/1.1" 200 9834
65.154.226.168 - - [23/Aug/2022:11:10:49 -0500] "GET /portaldeninos/wp-content/themes/betheme/assets/ui/jquery.ui.all.css?ver=20.9.6 HTTP/1.1" 200 18765
65.154.226.168 - - [23/Aug/2022:11:10:48 -0500] "GET /portaldeninos/wp-content/themes/betheme/css/layout.css?ver=20.9.6 HTTP/1.1" 200 116639
65.154.226.168 - - [23/Aug/2022:11:10:49 -0500] "GET /portaldeninos/wp-includes/js/jquery/jquery-migrate.min.js?ver=1.4.1 HTTP/1.1" 200 10056
65.154.226.168 - - [23/Aug/2022:11:10:48 -0500] "GET /portaldeninos/wp-content/themes/betheme/css/shortcodes.css?ver=20.9.6 HTTP/1.1" 200 138889
65.154.226.168 - - [23/Aug/2022:11:10:49 -0500] "GET /portaldeninos/wp-content/themes/betheme/css/responsive.css?ver=20.9.6 HTTP/1.1" 200 55740
65.154.226.168 - - [23/Aug/2022:11:10:49 -0500] "GET /portaldeninos/wp-includes/js/jquery/ui/core.min.js?ver=1.11.4 HTTP/1.1" 200 4000
65.154.226.168 - - [23/Aug/2022:11:10:49 -0500] "GET /portaldeninos/wp-content/plugins/google-analytics-for-wordpress/assets/js/frontend-gtag.min.js?ver=8.5.0 HTTP/1.1" 200 11801
65.154.226.168 - - [23/Aug/2022:11:10:49 -0500] "GET /portaldeninos/wp-content/plugins/gallery-videos/JS/modernizr.custom.js?ver=4.9.8 HTTP/1.1" 200 9019
65.154.226.168 - - [23/Aug/2022:11:10:49 -0500] "GET /portaldeninos/wp-includes/js/jquery/ui/mouse.min.js?ver=1.11.4 HTTP/1.1" 200 3148
65.154.226.168 - - [23/Aug/2022:11:10:49 -0500] "GET /portaldeninos/wp-includes/js/jquery/ui/widget.min.js?ver=1.11.4 HTTP/1.1" 200 6908
65.154.226.168 - - [23/Aug/2022:11:10:50 -0500] "GET /portaldeninos/wp-includes/js/jquery/ui/accordion.min.js?ver=1.11.4 HTTP/1.1" 200 8584
65.154.226.168 - - [23/Aug/2022:11:10:49 -0500] "GET /portaldeninos/wp-includes/js/jquery/ui/tabs.min.js?ver=1.11.4 HTTP/1.1" 200 12110
65.154.226.168 - - [23/Aug/2022:11:10:49 -0500] "GET /portaldeninos/wp-content/plugins/gallery-videos/JS/Total-Soft-Gallery-Video-Widget.js?ver=4.9.8 HTTP/1.1" 200 80264
65.154.226.168 - - [23/Aug/2022:11:10:49 -0500] "GET /portaldeninos/wp-includes/js/jquery/ui/sortable.min.js?ver=1.11.4 HTTP/1.1" 200 24899
65.154.226.168 - - [23/Aug/2022:11:10:50 -0500] "GET /portaldeninos/wp-content/themes/betheme/js/menu.js?ver=20.9.6 HTTP/1.1" 200 2449
65.154.226.168 - - [23/Aug/2022:11:10:50 -0500] "GET /portaldeninos/wp-content/themes/betheme/assets/animations/animations.min.js?ver=20.9.6 HTTP/1.1" 200 1896
65.154.226.168 - - [23/Aug/2022:11:10:49 -0500] "GET /portaldeninos/wp-includes/js/jquery/jquery.js?ver=1.12.4 HTTP/1.1" 200 97184
65.154.226.168 - - [23/Aug/2022:11:10:50 -0500] "GET /portaldeninos/wp-includes/js/wp-embed.min.js?ver=4.9.8 HTTP/1.1" 200 1398
65.154.226.168 - - [23/Aug/2022:11:10:50 -0500] "GET /portaldeninos/wp-includes/js/wp-emoji-release.min.js?ver=4.9.8 HTTP/1.1" 200 12026
65.154.226.168 - - [23/Aug/2022:11:10:50 -0500] "GET /portaldeninos/wp-content/themes/betheme/images/box_shadow.png HTTP/1.1" 200 108
65.154.226.168 - - [23/Aug/2022:11:10:50 -0500] "GET /portaldeninos/wp-content/themes/betheme/assets/jplayer/jplayer.min.js?ver=20.9.6 HTTP/1.1" 200 52702
65.154.226.168 - - [23/Aug/2022:11:10:50 -0500] "GET /portaldeninos/wp-content/themes/betheme/js/plugins.js?ver=20.9.6 HTTP/1.1" 200 197151
65.154.226.168 - - [23/Aug/2022:11:10:50 -0500] "GET /portaldeninos/wp-content/themes/betheme/js/scripts.js?ver=20.9.6 HTTP/1.1" 200 77162
65.154.226.168 - - [23/Aug/2022:11:10:50 -0500] "GET /portaldeninos/wp-content/themes/betheme/fonts/mfn-icons.woff?93978679 HTTP/1.1" 200 80932
65.154.226.168 - - [23/Aug/2022:11:10:51 -0500] "GET /portaldeninos/wp-content/themes/betheme/fonts/mfn-icons.ttf?93978679 HTTP/1.1" 200 88353
191.108.13.182 - - [23/Aug/2022:11:10:51 -0500] "POST /sipse/faces/presentacion/proyectos/proyecto/proyecto.xhtml HTTP/1.1" 200 7142
191.108.13.182 - - [23/Aug/2022:11:10:52 -0500] "POST /sipse/faces/presentacion/proyectos/proyecto/proyecto.xhtml HTTP/1.1" 200 3207
191.108.13.182 - - [23/Aug/2022:11:11:05 -0500] "POST /sipse/faces/presentacion/proyectos/proyecto/proyecto.xhtml HTTP/1.1" 200 7142
191.108.13.182 - - [23/Aug/2022:11:11:05 -0500] "POST /sipse/faces/presentacion/proyectos/proyecto/proyecto.xhtml HTTP/1.1" 200 3203
191.108.13.182 - - [23/Aug/2022:11:11:06 -0500] "POST /sipse/faces/presentacion/proyectos/proyecto/proyecto.xhtml HTTP/1.1" 200 7146
191.108.13.182 - - [23/Aug/2022:11:11:06 -0500] "POST /sipse/faces/presentacion/proyectos/proyecto/proyecto.xhtml HTTP/1.1" 200 3207
186.102.85.148 - - [23/Aug/2022:11:11:26 -0500] "POST /kwssiamovil/sm/setfile/f? HTTP/1.1" 200 381
186.102.85.148 - - [23/Aug/2022:11:11:29 -0500] "OPTIONS /kwssiamovil/sm/setfile/f? HTTP/1.1" 200 13
186.102.85.148 - - [23/Aug/2022:11:11:29 -0500] "POST /kwssiamovil/sm/setfile/f? HTTP/1.1" 200 381
186.102.85.148 - - [23/Aug/2022:11:11:32 -0500] "OPTIONS /kwssiamovil/sm/setfile/f? HTTP/1.1" 200 13
186.102.85.148 - - [23/Aug/2022:11:11:32 -0500] "POST /kwssiamovil/sm/setfile/f? HTTP/1.1" 200 381
186.102.85.148 - - [23/Aug/2022:11:11:35 -0500] "OPTIONS /kwssiamovil/sm/setfile/f? HTTP/1.1" 200 13
172.22.2.4 - - [23/Aug/2022:11:09:56 -0500] "GET /BLA/boletinlegal/ HTTP/1.1" 200 56367
186.102.85.148 - - [23/Aug/2022:11:11:35 -0500] "POST /kwssiamovil/sm/setfile/f? HTTP/1.1" 200 381
186.102.85.148 - - [23/Aug/2022:11:11:43 -0500] "OPTIONS /kwssiamovil/sm/setfile/f? HTTP/1.1" 200 13
186.102.85.148 - - [23/Aug/2022:11:11:43 -0500] "POST /kwssiamovil/sm/setfile/f? HTTP/1.1" 200 381
186.102.85.148 - - [23/Aug/2022:11:11:48 -0500] "OPTIONS /kwssiamovil/sm/setfile/f? HTTP/1.1" 200 13
186.102.85.148 - - [23/Aug/2022:11:11:48 -0500] "POST /kwssiamovil/sm/setfile/f? HTTP/1.1" 200 381
186.102.85.148 - - [23/Aug/2022:11:11:52 -0500] "OPTIONS /kwssiamovil/sm/setfile/f? HTTP/1.1" 200 13
186.102.85.148 - - [23/Aug/2022:11:11:52 -0500] "POST /kwssiamovil/sm/setfile/f? HTTP/1.1" 200 381
186.102.85.148 - - [23/Aug/2022:11:11:55 -0500] "GET /kwssiamovil/sm/acme/a?s=U2FsdGVkX1+EkLs/vck81N3MxWkx6oalz/Kc2XHj4AsL9FyxQash3w6IUsa/Oe2ZVU3XsVTD8gy5VzkfzEgAo24nlY8HZ8xGoY6TRCtRBz+/adtsjKaJuRhC9BgOG0f7o9oqRylgLCFGbDmdazsUKBCVybs64+Wzii6GWTEkSdRJ12BSg0DMW00HV1ddORmbDbgIinB+7CtNSBO6D+617NiCxCkhB64TLZXn13m/4u150FrYs2wDEq8s2EHg748tbZ0h1IRdBq86hJEq9Qmh2w==&u=U2FsdGVkX18Ksvznq/a4sEjLM2V/kaaVs0vhQrcZ9b4=&y=U2FsdGVkX18Bqmc/ka8c5ABCKOrB9C8xcvlQ1Ddfkvx/r32K73++jos80mLCanbJ HTTP/1.1" 200 25
186.102.85.148 - - [23/Aug/2022:11:11:56 -0500] "OPTIONS /kwssiamovil/sm/setfile/f? HTTP/1.1" 200 13
186.102.85.148 - - [23/Aug/2022:11:11:56 -0500] "GET /kwssiamovil/sm/acme/a?s=U2FsdGVkX18i7aT71S/h3ov1Vmlgp2GRgftqlPtxCuPuIANOq2lG6QeyC//YH+jq8dXrW/xiu3iFOdZQLsW5cOAeWDHh1Oyg25MkD+TsWnO8LLdAbVmjBlVg7vaVAETuvvZhyy3L3ckZWIHRp+visU1VqWqLQQuyFoGEBDsWlinme0bMHxjgzMsgBMrJJ/cqb638p8mozlYmuh6dXikbOKhCvEUqgDz05GCdldxpsjPd+lz7dF8uVdyXyMs6gW5fc0go8NM6zSpWMu4S0fDK+FgNzaA1IqE589AminVZ1VvY/dVIQ79aYv4195nCNWxmP8yx3IHnIQiT2GUXtgV4/DQE8eDW0mfMHEXaLqprKPvAcwQpxk7ikDbpWdJebccf3kpdVtQk9wYdHhteR5DX4FWxur1q3GHgPXIzhnVkXrFy0dTZECiUpvGRYV7RtF7Dw29JD7MDjb8fQ8Vp55I4AZft+5n5gW1bhN0tgbnXleUfM5yhsqqSELH9lsbg2NEpiZ76Y3X2Z8zTGW8N3tRTmfaPixO3FvYPZFhraceGOM7IXOP7qEkB84CnNgmDT8tQjBURxFAoD0rMDZ9fhnhqFmIivulqxRMmgDeQq/86rEaUeLYVyOtA+NzME0oxcQkxSRGGIM5VE4g7ueNlfHPlby9e9Nvnu8iOrV1vhCU9py5ii/dqkd3NbkbXMvmJJ9rv&u=U2FsdGVkX18Ksvznq/a4sEjLM2V/kaaVs0vhQrcZ9b4=&y=U2FsdGVkX18Bqmc/ka8c5ABCKOrB9C8xcvlQ1Ddfkvx/r32K73++jos80mLCanbJ HTTP/1.1" 200 25
186.102.85.148 - - [23/Aug/2022:11:11:56 -0500] "GET /kwssiamovil/sm/acme/a?s=U2FsdGVkX19Wah7MkbHyg0ds69PvrGFcEssfWygkHq3/muwwJPImkSn7eF/RfYrBU1C3bX9m9XIQNPkwuAAuO6OHwhrHSxcpxww3ZpRGdgdLcb8On4HANliQynWhWPAqx4/4sM9h0IyQqf4QVjbqgPAOUbY/0ZWMWF/AmW9jxhg=&u=U2FsdGVkX18Ksvznq/a4sEjLM2V/kaaVs0vhQrcZ9b4=&y=U2FsdGVkX18Bqmc/ka8c5ABCKOrB9C8xcvlQ1Ddfkvx/r32K73++jos80mLCanbJ HTTP/1.1" 200 25
186.102.85.148 - - [23/Aug/2022:11:11:57 -0500] "GET /kwssiamovil/sm/acme/a?s=U2FsdGVkX1+2m6vbhImgzlDYFT6VtTwUCFC+wpY70D/8nOg/w6R13d8TXspqAsulgslZGvmc02GwS7N4hj854LYsM89yd/j8KU6Djd3KH9evh/xkjRZ/XxgotRZBrunwqT4DsX+KWS4M8n9dbFWSJoIJ70jlU8GuHN8s33rXj3I=&u=U2FsdGVkX18Ksvznq/a4sEjLM2V/kaaVs0vhQrcZ9b4=&y=U2FsdGVkX18Bqmc/ka8c5ABCKOrB9C8xcvlQ1Ddfkvx/r32K73++jos80mLCanbJ HTTP/1.1" 200 25
186.102.85.148 - - [23/Aug/2022:11:11:57 -0500] "GET /kwssiamovil/sm/acme/a?s=U2FsdGVkX19k0ODR1gGuNxCA9eTFLAM6xnxAjhmWLAH7PavazUm3xp8lPj0BQIj8KtgKCAUIFOfGkbANSUHDsQcAvVE2OSypPYEj5dw2S6Hsgd+YZ7mJHLJwgp1FCYgBiqGkMu2qgvEk/Il4i7Qwx5ZCKvUyW2FCRCrN1hKj3Ps=&u=U2FsdGVkX18Ksvznq/a4sEjLM2V/kaaVs0vhQrcZ9b4=&y=U2FsdGVkX18Bqmc/ka8c5ABCKOrB9C8xcvlQ1Ddfkvx/r32K73++jos80mLCanbJ HTTP/1.1" 200 25
186.102.85.148 - - [23/Aug/2022:11:11:57 -0500] "GET /kwssiamovil/sm/acme/a?s=U2FsdGVkX1/aO5gpDn2MS7GZl4WTKrpWjDkxJH0Skdak4EbKiVcSRHXngCGfSZBLHAazj0CuyDE4S5sGBf6RNyUQIZ4HR/kHByskK/7c8Meh2zk5ambk6YUETYfGz16cv/fZCOnAGV7yVumCpGLERFoQIZE+C0XUM+7HxKOfnjLVGzU9ogvAWhgD+w4ae69H&u=U2FsdGVkX18Ksvznq/a4sEjLM2V/kaaVs0vhQrcZ9b4=&y=U2FsdGVkX18Bqmc/ka8c5ABCKOrB9C8xcvlQ1Ddfkvx/r32K73++jos80mLCanbJ HTTP/1.1" 200 25
186.102.85.148 - - [23/Aug/2022:11:11:58 -0500] "GET /kwssiamovil/sm/acme/a?s=U2FsdGVkX1+FRUNXxzh4vY6QFrL+YiV+C/TE6/YZCf4rsWyB0ge0VOEjewGb62Ofg2KEhYesclAKE6RJeo0FhbMD7IZJLEyEmYkyo1wG66BmlpVMozsUuAYFqMc4KPmhgkR8WRhZzhTlVVOFRUopE4Y5eaTRWoDm9Iruw3uaUoRV2HAhx26u5ZvRsqWItXghJDmGzq+1gM42z4/YQG/fwA==&u=U2FsdGVkX18Ksvznq/a4sEjLM2V/kaaVs0vhQrcZ9b4=&y=U2FsdGVkX18Bqmc/ka8c5ABCKOrB9C8xcvlQ1Ddfkvx/r32K73++jos80mLCanbJ HTTP/1.1" 200 25
186.102.85.148 - - [23/Aug/2022:11:11:58 -0500] "GET /kwssiamovil/sm/acme/a?s=U2FsdGVkX198mU8/+ElYmjY4rfrSXR/4PxrqllpdrpPCMYrdgH/+MWNdYi1K5grKTqv6MgV9W1F5dW0DrKIbhQmNY/3v1CY420ya3Fr6I9jR0T3VjxoypWd2yOq5IPBZo+JCeOwV6JPRr0PbK3oloMRJD89t6fNpxe04Pp3Shg4w2gcgZGJ/oiNoZs35ktlQ&u=U2FsdGVkX18Ksvznq/a4sEjLM2V/kaaVs0vhQrcZ9b4=&y=U2FsdGVkX18Bqmc/ka8c5ABCKOrB9C8xcvlQ1Ddfkvx/r32K73++jos80mLCanbJ HTTP/1.1" 200 25
186.102.85.148 - - [23/Aug/2022:11:11:56 -0500] "POST /kwssiamovil/sm/setfile/f? HTTP/1.1" 200 381
186.102.85.148 - - [23/Aug/2022:11:11:58 -0500] "GET /kwssiamovil/sm/acme/a?s=U2FsdGVkX18wzdythPIYljkXwAmXKDL+vehCiT7/3pQNg0Yo9SP6NRIBrXJly21W7lCQwK+fpUHrKL0LgtVLnIughH11jGwS8JADoqHMFpMPkGstlzLFFFiuHfzSX/eNReJ/lNDJpAotbtNs8e/8AlleUqqjbd2CZ6y1eRJiwSm1Ch/2MPLAkqJ+zcFzlOl/06yk+BWb3XJOgSkqTbGDCg==&u=U2FsdGVkX18Ksvznq/a4sEjLM2V/kaaVs0vhQrcZ9b4=&y=U2FsdGVkX18Bqmc/ka8c5ABCKOrB9C8xcvlQ1Ddfkvx/r32K73++jos80mLCanbJ HTTP/1.1" 200 25
186.102.85.148 - - [23/Aug/2022:11:11:58 -0500] "GET /kwssiamovil/sm/acme/a?s=U2FsdGVkX1998NQeQKJ2ylk6Xm1RNlcOzMTdHnjZyNJRyfIrCWqe03GD7+fI9TVnPM90+bN65BVlVcH030mwK1RlYJQBEv3DcmNX+puGCzaIRXS8AnWjmvg47EG2baIj00GrGl421jkQ+Slervz8wMWSop7zIje9B6AD/X8T3LGKRBP7OjBKEEIoyD0ahotA&u=U2FsdGVkX18Ksvznq/a4sEjLM2V/kaaVs0vhQrcZ9b4=&y=U2FsdGVkX18Bqmc/ka8c5ABCKOrB9C8xcvlQ1Ddfkvx/r32K73++jos80mLCanbJ HTTP/1.1" 200 25
186.102.85.148 - - [23/Aug/2022:11:11:59 -0500] "OPTIONS /kwssiamovil/sm/setfile/f? HTTP/1.1" 200 13
207.46.13.186 - - [23/Aug/2022:11:11:59 -0500] "GET /sipse/faces/autenticacion.xhtml HTTP/1.1" 200 12501
186.102.85.148 - - [23/Aug/2022:11:11:59 -0500] "GET /kwssiamovil/sm/acme/a?s=U2FsdGVkX1/qiE0Ean41aF8x/T0jFGM1S0KMgxUIcj4UXbibt9zL4GM0105wcVcDmKAjKKCFaiCK0SZPzT0CVdjzWSXh4WdWLDUcunP7VAGZMO6y7AauNmLPXrfbFZqn750z9NKZyQhMBCpjW44hvLHU72xRR9TCpePsR5ba+X09HH52Ioh23Q6TsNmvggorsQfwAOVJSP8k17QohWzDUw==&u=U2FsdGVkX18Ksvznq/a4sEjLM2V/kaaVs0vhQrcZ9b4=&y=U2FsdGVkX18Bqmc/ka8c5ABCKOrB9C8xcvlQ1Ddfkvx/r32K73++jos80mLCanbJ HTTP/1.1" 200 25
186.102.85.148 - - [23/Aug/2022:11:11:59 -0500] "GET /kwssiamovil/sm/acme/a?s=U2FsdGVkX19lkEtgUXL/o7nfostWlbESS3fTz2t/dWiFS57uFQ1Rh7g5zI86pgww4ctJz8Cb0iqiKX9wfZScnfvbA6vCmBQvEbGCcXaFMo4cJAjbMMj1t27R1nDpID+LfUlPRvXQci6WxIu+ZL80xmMQ7jnIiK6qWdKAuB2dHbDu1SwgI+LvbXh6NDDJ/hlC&u=U2FsdGVkX18Ksvznq/a4sEjLM2V/kaaVs0vhQrcZ9b4=&y=U2FsdGVkX18Bqmc/ka8c5ABCKOrB9C8xcvlQ1Ddfkvx/r32K73++jos80mLCanbJ HTTP/1.1" 200 25
186.102.85.148 - - [23/Aug/2022:11:12:00 -0500] "GET /kwssiamovil/sm/acme/a?s=U2FsdGVkX19JQ1J4V2YTfO6fgmQZiRiYcBjRf1fUD/W9d8cMbLovy2P0OX4Ap0zJ4Ustj6ARI+w/81NXYyTKIsNA7LcH0pc8jTk0wtVxNhnzFTemaeM/GnKXiCkK3EyJEOPagj/Q9YCmO0ha0KcOVA1trvCABdWza1JYiwRp07c0klZ4kIGD+XtVKZS3OWiKKNkrN1I4CFhU6yJ+3gMCdg==&u=U2FsdGVkX18Ksvznq/a4sEjLM2V/kaaVs0vhQrcZ9b4=&y=U2FsdGVkX18Bqmc/ka8c5ABCKOrB9C8xcvlQ1Ddfkvx/r32K73++jos80mLCanbJ HTTP/1.1" 200 25
186.102.85.148 - - [23/Aug/2022:11:12:00 -0500] "GET /kwssiamovil/sm/acme/a?s=U2FsdGVkX1/35XU1kS348J5aKrrsSESjRif63Wz/9ky81m5We5ctdx2PjFwkNogU395J69aqGK2BN4vI2q8XlJwV3EqaD10Bv96w/bhvoawyHc/FxY6vuNBX68Y88zkNppp92rUbAlrTzYJcFiLBBMnbgSM5einMzVc5B2obYpz5bZCoi1GIRVkxGUrn/bPN&u=U2FsdGVkX18Ksvznq/a4sEjLM2V/kaaVs0vhQrcZ9b4=&y=U2FsdGVkX18Bqmc/ka8c5ABCKOrB9C8xcvlQ1Ddfkvx/r32K73++jos80mLCanbJ HTTP/1.1" 200 25
186.102.85.148 - - [23/Aug/2022:11:12:00 -0500] "GET /kwssiamovil/sm/acme/a?s=U2FsdGVkX19wzcyy9OreEwq2KoM42hHYF1BDGcgbph5TRgVXeXkV/kxaosi5xD8DQuaasmf8T9FZa6mnSpb5lhhso9cy1hsBAjE5XMsX8dcv627tbDaUJ9srPfG+4ePFtRIR3isZBYngePS565MwkiLu68+Ttdl+YphFfc8SHyzVsWZ15pIgIxmDcS0YoIeFTDgSHjm1kcJ3AkR+11JzOQ==&u=U2FsdGVkX18Ksvznq/a4sEjLM2V/kaaVs0vhQrcZ9b4=&y=U2FsdGVkX18Bqmc/ka8c5ABCKOrB9C8xcvlQ1Ddfkvx/r32K73++jos80mLCanbJ HTTP/1.1" 200 25
186.102.85.148 - - [23/Aug/2022:11:12:00 -0500] "GET /kwssiamovil/sm/acme/a?s=U2FsdGVkX19BQw123QtN+KwX1Tk7qZ9Qrx/ndaK3QeAjwCF2uSx8y3/pMVWCw9DB7WERxEk3MaQ+1gYLfaYpd6NqjH4D9KTFFpQqx0auuyf/I+wsSVNr0MpZra/9wZOCw8EthaMUA5G4dI7vSSw8M+jJk5kdtgwVg5LTdjcOOqeVQ8xcWEH0g+9SbYGLB+8Q&u=U2FsdGVkX18Ksvznq/a4sEjLM2V/kaaVs0vhQrcZ9b4=&y=U2FsdGVkX18Bqmc/ka8c5ABCKOrB9C8xcvlQ1Ddfkvx/r32K73++jos80mLCanbJ HTTP/1.1" 200 25
186.102.85.148 - - [23/Aug/2022:11:12:01 -0500] "GET /kwssiamovil/sm/acme/a?s=U2FsdGVkX1/aUkf215DGUz8A/3o7g0qjHTzHe18UgMhRv1rnlB9ewUxqDwGDcrpZY2QmvqgC98phB2vb5o7dyfLH9k3V3CPd275L1s/aEXdbbYQtF4rIRBkcrJnVlQQzr4vBpQMbxmz6okYvvcwwyLlUW598lqzLt4vZm5MGtJGpzvMqyoNdwl8XSQMlwoh+TS+tLbUS6kus9RkUrQml0w==&u=U2FsdGVkX18Ksvznq/a4sEjLM2V/kaaVs0vhQrcZ9b4=&y=U2FsdGVkX18Bqmc/ka8c5ABCKOrB9C8xcvlQ1Ddfkvx/r32K73++jos80mLCanbJ HTTP/1.1" 200 25
186.102.85.148 - - [23/Aug/2022:11:12:01 -0500] "GET /kwssiamovil/sm/acme/a?s=U2FsdGVkX18ImuTdiv9EJKGqIiPY/78/jNT5o6pxX9KRHAoMim6FE6p2RXKSBOZ0a9cyBYTsgzUGLS3BV0DeSbHrr0KsAO3mfxEJybxVsf0Pbchfj3AhhKKKUOsYJHRkzghbFF1aoA8bsXh1vOT05ODk8hCDKYfOdi5mGXpVzhUWHi5u6NZBT98V/Th4D8uX&u=U2FsdGVkX18Ksvznq/a4sEjLM2V/kaaVs0vhQrcZ9b4=&y=U2FsdGVkX18Bqmc/ka8c5ABCKOrB9C8xcvlQ1Ddfkvx/r32K73++jos80mLCanbJ HTTP/1.1" 200 25
