173.231.60.194 - - [23/Aug/2022:06:32:22 -0500] "GET /BLA/resoluciones/index.php?dir=RESOLUCIONES%202005%2FRES%202005%202851-2900%2F&sort=name&order=asc HTTP/1.1" 200 12156
173.231.60.194 - - [23/Aug/2022:06:32:38 -0500] "GET /BLA/resoluciones/index.php?dir=RESOLUCIONES%202005%2FRES%202005%202901-2950%2F&sort=name&order=asc HTTP/1.1" 200 12331
66.240.236.109 - - [23/Aug/2022:06:32:46 -0500] "GET / HTTP/1.1" 200 319
173.231.60.194 - - [23/Aug/2022:06:32:51 -0500] "GET /BLA/resoluciones/index.php?dir=RESOLUCIONES%202005%2FRES%202005%201651-1700%2F&sort=date&order=desc HTTP/1.1" 200 13376
173.231.60.194 - - [23/Aug/2022:06:33:02 -0500] "GET /BLA/resoluciones/index.php?dir=RESOLUCIONES%202005%2FRES%202005%201651-1700%2F&sort=size&order=desc HTTP/1.1" 200 13376
173.231.60.194 - - [23/Aug/2022:06:33:14 -0500] "GET /BLA/resoluciones/index.php?dir=RESOLUCIONES%202005%2FRES%202005%201701-1750%2F&sort=date&order=desc HTTP/1.1" 200 13376
173.231.60.194 - - [23/Aug/2022:06:33:26 -0500] "GET /BLA/resoluciones/index.php?dir=RESOLUCIONES%202005%2FRES%202005%201701-1750%2F&sort=size&order=desc HTTP/1.1" 200 13376
173.231.60.194 - - [23/Aug/2022:06:33:39 -0500] "GET /BLA/resoluciones/index.php?dir=RESOLUCIONES%202005%2FRES%202005%201751-1800%2F&sort=date&order=desc HTTP/1.1" 200 12367
172.22.2.4 - - [23/Aug/2022:06:33:18 -0500] "GET /BLA/boletinlegal/ HTTP/1.1" 200 20427
173.231.60.194 - - [23/Aug/2022:06:33:52 -0500] "GET /BLA/resoluciones/index.php?dir=RESOLUCIONES%202005%2FRES%202005%201751-1800%2F&sort=size&order=desc HTTP/1.1" 200 12367
173.231.60.194 - - [23/Aug/2022:06:34:04 -0500] "GET /BLA/resoluciones/index.php?dir=RESOLUCIONES%202005%2FRES%202005%201801-1850%2F&sort=date&order=desc HTTP/1.1" 200 12361
173.231.60.194 - - [23/Aug/2022:06:34:26 -0500] "GET /BLA/resoluciones/index.php?dir=RESOLUCIONES%202005%2FRES%202005%201801-1850%2F&sort=size&order=desc HTTP/1.1" 200 12361
173.231.60.194 - - [23/Aug/2022:06:34:38 -0500] "GET /BLA/resoluciones/index.php?dir=RESOLUCIONES%202005%2FRES%202005%201851-1900%2F&sort=date&order=desc HTTP/1.1" 200 12355
173.231.60.194 - - [23/Aug/2022:06:34:50 -0500] "GET /BLA/resoluciones/index.php?dir=RESOLUCIONES%202005%2FRES%202005%201851-1900%2F&sort=size&order=desc HTTP/1.1" 200 12355
173.231.60.194 - - [23/Aug/2022:06:35:11 -0500] "GET /BLA/resoluciones/index.php?dir=RESOLUCIONES%202005%2FRES%202005%201901-1950%2F&sort=date&order=desc HTTP/1.1" 200 12363
201.245.192.253 - - [23/Aug/2022:06:35:19 -0500] "POST /kwsrmcab/Wsrmcab  HTTP/1.1" 200 46805
173.231.60.194 - - [23/Aug/2022:06:35:27 -0500] "GET /BLA/resoluciones/index.php?dir=RESOLUCIONES%202005%2FRES%202005%201901-1950%2F&sort=size&order=desc HTTP/1.1" 200 12363
173.231.60.194 - - [23/Aug/2022:06:35:39 -0500] "GET /BLA/resoluciones/index.php?dir=RESOLUCIONES%202005%2FRES%202005%201951-2000%2F&sort=date&order=desc HTTP/1.1" 200 12358
172.22.2.4 - - [23/Aug/2022:06:34:57 -0500] "HEAD /BLA/boletinlegal/ HTTP/1.1" 200 -
216.245.221.92 - - [23/Aug/2022:06:37:06 -0500] "HEAD / HTTP/1.1" 200 -
172.22.2.4 - - [23/Aug/2022:06:35:47 -0500] "GET /BLA/boletinlegal/ HTTP/1.1" 200 58566
201.245.192.253 - - [23/Aug/2022:06:39:44 -0500] "POST /kwsrmcab/Wsrmcab HTTP/1.1" 200 42938
201.245.192.253 - - [23/Aug/2022:06:39:48 -0500] "POST /kwsrmcab/Wsrmcab HTTP/1.1" 200 43768
201.245.192.253 - - [23/Aug/2022:06:40:18 -0500] "POST /kwsrmcab/Wsrmcab  HTTP/1.1" 200 46805
185.119.81.101 - - [23/Aug/2022:06:42:03 -0500] "GET /portaldeninos/wp-login.php HTTP/1.1" 200 2592
185.119.81.101 - - [23/Aug/2022:06:42:04 -0500] "POST /portaldeninos/wp-login.php HTTP/1.1" 200 3650
216.245.221.92 - - [23/Aug/2022:06:42:06 -0500] "HEAD / HTTP/1.1" 200 -
172.22.2.4 - - [23/Aug/2022:06:40:47 -0500] "HEAD /BLA/boletinlegal/ HTTP/1.1" 200 -
66.249.73.127 - - [23/Aug/2022:06:42:34 -0500] "-" 408 -
172.22.2.4 - - [23/Aug/2022:06:41:37 -0500] "GET /BLA/boletinlegal/ HTTP/1.1" 200 57716
201.245.192.253 - - [23/Aug/2022:06:45:17 -0500] "POST /kwsrmcab/Wsrmcab  HTTP/1.1" 200 46805
201.245.192.253 - - [23/Aug/2022:06:45:39 -0500] "GET /sipse/faces/faces/autenticacion.xhtml HTTP/1.1" 200 12501
201.245.192.253 - - [23/Aug/2022:06:45:40 -0500] "GET /sipse/css/custom_css_sg_prime_login.css HTTP/1.1" 304 -
201.245.192.253 - - [23/Aug/2022:06:45:40 -0500] "GET /sipse/css/custom_css_sg.css HTTP/1.1" 304 -
201.245.192.253 - - [23/Aug/2022:06:45:40 -0500] "GET /sipse/faces/javax.faces.resource/layout/layout.css;jsessionid=IsaICH8B-wwGj8g2qTBkIOUy.undefined?ln=primefaces&v=4.0 HTTP/1.1" 200 542
201.245.192.253 - - [23/Aug/2022:06:45:40 -0500] "GET /sipse/faces/javax.faces.resource/theme.css?ln=primefaces-sipse HTTP/1.1" 304 -
201.245.192.253 - - [23/Aug/2022:06:45:40 -0500] "GET /sipse/js/disable_browser_buttons.js HTTP/1.1" 304 -
201.245.192.253 - - [23/Aug/2022:06:45:40 -0500] "GET /sipse/js/funciones.js HTTP/1.1" 304 -
201.245.192.253 - - [23/Aug/2022:06:45:40 -0500] "GET /sipse/faces/javax.faces.resource/jquery/jquery.js;jsessionid=IsaICH8B-wwGj8g2qTBkIOUy.undefined?ln=primefaces&v=4.0 HTTP/1.1" 200 105384
201.245.192.253 - - [23/Aug/2022:06:45:40 -0500] "GET /sipse/faces/javax.faces.resource/primefaces.css;jsessionid=IsaICH8B-wwGj8g2qTBkIOUy.undefined?ln=primefaces&v=4.0 HTTP/1.1" 200 53295
201.245.192.253 - - [23/Aug/2022:06:45:40 -0500] "GET /sipse/faces/javax.faces.resource/layout/layout.js;jsessionid=IsaICH8B-wwGj8g2qTBkIOUy.undefined?ln=primefaces&v=4.0 HTTP/1.1" 200 87560
201.245.192.253 - - [23/Aug/2022:06:45:40 -0500] "GET /sipse/faces/javax.faces.resource/jquery/jquery-plugins.js;jsessionid=IsaICH8B-wwGj8g2qTBkIOUy.undefined?ln=primefaces&v=4.0 HTTP/1.1" 200 220526
201.245.192.253 - - [23/Aug/2022:06:45:40 -0500] "GET /sipse/faces/javax.faces.resource/primefaces.js;jsessionid=IsaICH8B-wwGj8g2qTBkIOUy.undefined?ln=primefaces&v=4.0 HTTP/1.1" 200 276924
201.245.192.253 - - [23/Aug/2022:06:45:40 -0500] "GET /sipse/css/imagen/logoSDG.png HTTP/1.1" 304 -
201.245.192.253 - - [23/Aug/2022:06:45:40 -0500] "GET /sipse/css/imagen/loginimg.png HTTP/1.1" 304 -
201.245.192.253 - - [23/Aug/2022:06:45:40 -0500] "GET /sipse/faces/javax.faces.resource/images/ui-icons_898989_256x240.png?ln=primefaces-aristo HTTP/1.1" 304 -
201.245.192.253 - - [23/Aug/2022:06:45:40 -0500] "GET /sipse/faces/faces/index.xhtml HTTP/1.1" 200 677
201.245.192.253 - - [23/Aug/2022:06:45:40 -0500] "GET /sipse/faces/javax.faces.resource/theme.css?ln=primefaces-sipse HTTP/1.1" 304 -
201.245.192.253 - - [23/Aug/2022:06:45:40 -0500] "GET /sipse/faces/faces/faces/autenticacion.xhtml HTTP/1.1" 200 12179
201.245.192.253 - - [23/Aug/2022:06:45:40 -0500] "GET /sipse/faces/javax.faces.resource/theme.css?ln=primefaces-sipse HTTP/1.1" 304 -
201.245.192.253 - - [23/Aug/2022:06:45:40 -0500] "GET /sipse/faces/javax.faces.resource/layout/layout.css?ln=primefaces&v=4.0 HTTP/1.1" 304 -
201.245.192.253 - - [23/Aug/2022:06:45:40 -0500] "GET /sipse/faces/javax.faces.resource/primefaces.js?ln=primefaces&v=4.0 HTTP/1.1" 304 -
201.245.192.253 - - [23/Aug/2022:06:45:40 -0500] "GET /sipse/faces/javax.faces.resource/jquery/jquery.js?ln=primefaces&v=4.0 HTTP/1.1" 304 -
201.245.192.253 - - [23/Aug/2022:06:45:40 -0500] "GET /sipse/faces/javax.faces.resource/primefaces.css?ln=primefaces&v=4.0 HTTP/1.1" 304 -
201.245.192.253 - - [23/Aug/2022:06:45:40 -0500] "GET /sipse/faces/javax.faces.resource/layout/layout.js?ln=primefaces&v=4.0 HTTP/1.1" 304 -
201.245.192.253 - - [23/Aug/2022:06:45:40 -0500] "GET /sipse/faces/javax.faces.resource/jquery/jquery-plugins.js?ln=primefaces&v=4.0 HTTP/1.1" 304 -
201.245.192.253 - - [23/Aug/2022:06:45:44 -0500] "POST /sipse/faces/autenticacion.xhtml HTTP/1.1" 200 11256
201.245.192.253 - - [23/Aug/2022:06:45:44 -0500] "GET /sipse/css/custom_css_sg_prime.css HTTP/1.1" 304 -
201.245.192.253 - - [23/Aug/2022:06:45:44 -0500] "GET /sipse/faces/javax.faces.resource/theme.css?ln=primefaces-sipse HTTP/1.1" 304 -
201.245.192.253 - - [23/Aug/2022:06:45:44 -0500] "GET /sipse/faces/javax.faces.resource/layout/layout.css?ln=primefaces&v=4.0 HTTP/1.1" 304 -
201.245.192.253 - - [23/Aug/2022:06:45:44 -0500] "GET /sipse/faces/javax.faces.resource/jquery/jquery.js?ln=primefaces&v=4.0 HTTP/1.1" 304 -
201.245.192.253 - - [23/Aug/2022:06:45:44 -0500] "GET /sipse/faces/javax.faces.resource/primefaces.css?ln=primefaces&v=4.0 HTTP/1.1" 304 -
201.245.192.253 - - [23/Aug/2022:06:45:44 -0500] "GET /sipse/faces/javax.faces.resource/jquery/jquery-plugins.js?ln=primefaces&v=4.0 HTTP/1.1" 304 -
201.245.192.253 - - [23/Aug/2022:06:45:44 -0500] "GET /sipse/faces/javax.faces.resource/primefaces.js?ln=primefaces&v=4.0 HTTP/1.1" 304 -
201.245.192.253 - - [23/Aug/2022:06:45:44 -0500] "GET /sipse/faces/javax.faces.resource/layout/layout.js?ln=primefaces&v=4.0 HTTP/1.1" 304 -
201.245.192.253 - - [23/Aug/2022:06:45:44 -0500] "GET /sipse/faces/javax.faces.resource/messages/messages.png?ln=primefaces&v=4.0 HTTP/1.1" 304 -
201.245.192.253 - - [23/Aug/2022:06:45:45 -0500] "GET /sipse/faces/javax.faces.resource/images/ui-icons_898989_256x240.png?ln=primefaces-aristo HTTP/1.1" 304 -
201.245.192.253 - - [23/Aug/2022:06:45:46 -0500] "POST /sipse/faces/presentacion/sistema/seguridad/seleccionRol.xhtml HTTP/1.1" 200 5624
201.245.192.253 - - [23/Aug/2022:06:45:47 -0500] "POST /sipse/faces/presentacion/sistema/seguridad/seleccionRol.xhtml HTTP/1.1" 200 15154
201.245.192.253 - - [23/Aug/2022:06:45:47 -0500] "GET /sipse/faces/javax.faces.resource/theme.css?ln=primefaces-sipse HTTP/1.1" 304 -
201.245.192.253 - - [23/Aug/2022:06:45:47 -0500] "GET /sipse/faces/javax.faces.resource/layout/layout.css?ln=primefaces&v=4.0 HTTP/1.1" 304 -
201.245.192.253 - - [23/Aug/2022:06:45:47 -0500] "GET /sipse/faces/javax.faces.resource/primefaces.css?ln=primefaces&v=4.0 HTTP/1.1" 304 -
201.245.192.253 - - [23/Aug/2022:06:45:47 -0500] "GET /sipse/js/jquery.min.js HTTP/1.1" 304 -
201.245.192.253 - - [23/Aug/2022:06:45:47 -0500] "GET /sipse/faces/javax.faces.resource/jquery/jquery.js?ln=primefaces&v=4.0 HTTP/1.1" 304 -
201.245.192.253 - - [23/Aug/2022:06:45:47 -0500] "GET /sipse/faces/javax.faces.resource/jquery/jquery-plugins.js?ln=primefaces&v=4.0 HTTP/1.1" 304 -
201.245.192.253 - - [23/Aug/2022:06:45:47 -0500] "GET /sipse/faces/javax.faces.resource/primefaces.js?ln=primefaces&v=4.0 HTTP/1.1" 304 -
201.245.192.253 - - [23/Aug/2022:06:45:47 -0500] "GET /sipse/faces/javax.faces.resource/layout/layout.js?ln=primefaces&v=4.0 HTTP/1.1" 304 -
201.245.192.253 - - [23/Aug/2022:06:45:47 -0500] "GET /sipse/imagenes/cargando.gif HTTP/1.1" 304 -
201.245.192.253 - - [23/Aug/2022:06:45:47 -0500] "GET /sipse/imagenes/logoAplicacion.jpg HTTP/1.1" 304 -
201.245.192.253 - - [23/Aug/2022:06:45:47 -0500] "GET /sipse/css/imagen/contrasena.png HTTP/1.1" 404 383
201.245.192.253 - - [23/Aug/2022:06:45:49 -0500] "GET /sipse/faces/javax.faces.resource/images/ui-bg_flat_0_2d5972_40x100.png?ln=primefaces-aristo HTTP/1.1" 304 -
201.245.192.253 - - [23/Aug/2022:06:45:49 -0500] "POST /sipse/faces/bienvenido.xhtml HTTP/1.1" 200 3843
201.245.192.253 - - [23/Aug/2022:06:45:49 -0500] "POST /sipse/faces/bienvenido.xhtml HTTP/1.1" 200 63803
201.245.192.253 - - [23/Aug/2022:06:45:51 -0500] "GET /sipse/faces/javax.faces.resource/primefaces.css?ln=primefaces&v=4.0 HTTP/1.1" 304 -
201.245.192.253 - - [23/Aug/2022:06:45:51 -0500] "GET /sipse/faces/javax.faces.resource/theme.css?ln=primefaces-sipse HTTP/1.1" 304 -
201.245.192.253 - - [23/Aug/2022:06:45:51 -0500] "GET /sipse/faces/javax.faces.resource/layout/layout.css?ln=primefaces&v=4.0 HTTP/1.1" 304 -
201.245.192.253 - - [23/Aug/2022:06:45:51 -0500] "GET /sipse/faces/javax.faces.resource/jquery/jquery.js?ln=primefaces&v=4.0 HTTP/1.1" 304 -
201.245.192.253 - - [23/Aug/2022:06:45:51 -0500] "GET /sipse/faces/javax.faces.resource/jquery/jquery-plugins.js?ln=primefaces&v=4.0 HTTP/1.1" 304 -
201.245.192.253 - - [23/Aug/2022:06:45:51 -0500] "GET /sipse/faces/javax.faces.resource/primefaces.js?ln=primefaces&v=4.0 HTTP/1.1" 304 -
201.245.192.253 - - [23/Aug/2022:06:45:51 -0500] "GET /sipse/faces/javax.faces.resource/layout/layout.js?ln=primefaces&v=4.0 HTTP/1.1" 304 -
201.245.192.253 - - [23/Aug/2022:06:45:51 -0500] "POST /sipse/faces/presentacion/financiero/solicitudProceso/listarSolicitudProceso.xhtml HTTP/1.1" 200 1552
201.245.192.253 - - [23/Aug/2022:06:45:55 -0500] "POST /sipse/faces/presentacion/financiero/solicitudProceso/listarSolicitudProceso.xhtml HTTP/1.1" 200 125364
201.245.192.253 - - [23/Aug/2022:06:45:56 -0500] "GET /sipse/faces/javax.faces.resource/theme.css?ln=primefaces-sipse HTTP/1.1" 304 -
201.245.192.253 - - [23/Aug/2022:06:45:56 -0500] "GET /sipse/faces/javax.faces.resource/primefaces.css?ln=primefaces&v=4.0 HTTP/1.1" 304 -
201.245.192.253 - - [23/Aug/2022:06:45:56 -0500] "GET /sipse/faces/javax.faces.resource/layout/layout.css?ln=primefaces&v=4.0 HTTP/1.1" 304 -
201.245.192.253 - - [23/Aug/2022:06:45:56 -0500] "GET /sipse/faces/javax.faces.resource/jquery/jquery.js?ln=primefaces&v=4.0 HTTP/1.1" 304 -
201.245.192.253 - - [23/Aug/2022:06:45:56 -0500] "GET /sipse/faces/javax.faces.resource/jquery/jquery-plugins.js?ln=primefaces&v=4.0 HTTP/1.1" 304 -
201.245.192.253 - - [23/Aug/2022:06:45:56 -0500] "GET /sipse/faces/javax.faces.resource/primefaces.js?ln=primefaces&v=4.0 HTTP/1.1" 304 -
201.245.192.253 - - [23/Aug/2022:06:45:56 -0500] "GET /sipse/faces/javax.faces.resource/layout/layout.js?ln=primefaces&v=4.0 HTTP/1.1" 304 -
216.245.221.92 - - [23/Aug/2022:06:47:06 -0500] "HEAD / HTTP/1.1" 200 -
172.22.2.4 - - [23/Aug/2022:06:46:37 -0500] "HEAD /BLA/boletinlegal/ HTTP/1.1" 200 -
40.77.167.53 - - [23/Aug/2022:06:48:21 -0500] "GET /portaldeninos/wp-content/uploads/2022/04/banner-p%C3%A1gina-de-ni%C3%B1os-libro-digital-abril-150x7.jpg HTTP/1.1" 404 75240
172.22.2.4 - - [23/Aug/2022:06:47:27 -0500] "GET /BLA/boletinlegal/ HTTP/1.1" 200 60272
201.245.192.253 - - [23/Aug/2022:06:50:16 -0500] "POST /kwsrmcab/Wsrmcab  HTTP/1.1" 200 46805
192.241.205.209 - - [23/Aug/2022:06:50:50 -0500] "GET /portal/redlion HTTP/1.1" 404 1018
192.241.208.47 - - [23/Aug/2022:06:51:00 -0500] "GET /actuator/health HTTP/1.1" 404 1018
185.119.81.109 - - [23/Aug/2022:06:52:02 -0500] "GET /portaldeninos/wp-login.php HTTP/1.1" 200 2592
185.119.81.109 - - [23/Aug/2022:06:52:03 -0500] "POST /portaldeninos/wp-login.php HTTP/1.1" 200 3650
216.245.221.92 - - [23/Aug/2022:06:52:06 -0500] "HEAD / HTTP/1.1" 200 -
181.53.236.214 - - [23/Aug/2022:06:52:19 -0500] "GET /appsia/controlador HTTP/1.1" 200 4799
181.53.236.214 - - [23/Aug/2022:06:52:19 -0500] "GET /appsia/scripts/validarIngreso.js HTTP/1.1" 200 851
181.53.236.214 - - [23/Aug/2022:06:52:19 -0500] "GET /appsia/images/logo_bogota_p.png HTTP/1.1" 200 14951
181.53.236.214 - - [23/Aug/2022:06:52:19 -0500] "GET /appsia/images/cabezoteHojaVida.png HTTP/1.1" 200 32493
181.53.236.214 - - [23/Aug/2022:06:52:34 -0500] "POST /appsia/controlador HTTP/1.1" 200 5437
181.53.236.214 - - [23/Aug/2022:06:52:38 -0500] "POST /appsia/controlador HTTP/1.1" 200 22469
181.53.236.214 - - [23/Aug/2022:06:52:38 -0500] "GET /appsia/images/logo_escudo.png HTTP/1.1" 200 36965
181.53.236.214 - - [23/Aug/2022:06:53:14 -0500] "POST /appsia/controlador HTTP/1.1" 200 5437
181.53.236.214 - - [23/Aug/2022:06:53:18 -0500] "POST /appsia/controlador HTTP/1.1" 200 7793
181.53.236.214 - - [23/Aug/2022:06:53:28 -0500] "POST /appsia/controlador HTTP/1.1" 200 5252
181.53.236.214 - - [23/Aug/2022:06:53:30 -0500] "GET /appsia/controlador?comando=ingresarMenuPrincipal&id=51748090&funcionario=CARMENZA.GIRALDO+GIRALDO+SALAZAR&desde=51748090&hasta=51748090&version=51748090&accion=Regresar HTTP/1.1" 200 5437
181.53.236.214 - - [23/Aug/2022:06:53:32 -0500] "POST /appsia/controlador HTTP/1.1" 200 7793
181.53.236.214 - - [23/Aug/2022:06:53:39 -0500] "POST /appsia/controlador HTTP/1.1" 200 6658
181.53.236.214 - - [23/Aug/2022:06:53:45 -0500] "GET /appsia/controlador?comando=regresar&id=51748090&funcionario=CARMENZA.GIRALDO+GIRALDO+SALAZAR&desde=51748090&hasta=51748090&version=51748090 HTTP/1.1" 200 7793
181.53.236.214 - - [23/Aug/2022:06:53:54 -0500] "POST /appsia/controlador HTTP/1.1" 200 6658
181.53.236.214 - - [23/Aug/2022:06:53:56 -0500] "POST /appsia/controlador HTTP/1.1" 200 12026
172.22.2.4 - - [23/Aug/2022:06:52:27 -0500] "HEAD /BLA/boletinlegal/ HTTP/1.1" 200 -
172.22.2.4 - - [23/Aug/2022:06:54:27 -0500] "GET /BLA/boletinlegal/Directivas/2016/Directiva%20No.%2001%20del%2012%20de%20Abril%20de%202016.pdf HTTP/1.1" 200 868354
172.22.2.4 - - [23/Aug/2022:06:53:17 -0500] "GET /BLA/boletinlegal/ HTTP/1.1" 200 56723
201.245.192.253 - - [23/Aug/2022:06:55:15 -0500] "POST /kwsrmcab/Wsrmcab  HTTP/1.1" 200 46805
185.119.81.101 - - [23/Aug/2022:06:55:51 -0500] "GET /portaldeninos/wp-login.php HTTP/1.1" 200 2592
185.119.81.101 - - [23/Aug/2022:06:55:52 -0500] "POST /portaldeninos/wp-login.php HTTP/1.1" 200 3670
216.245.221.92 - - [23/Aug/2022:06:57:06 -0500] "HEAD / HTTP/1.1" 200 -
172.22.2.4 - - [23/Aug/2022:06:58:17 -0500] "HEAD /BLA/boletinlegal/ HTTP/1.1" 200 -
201.245.192.253 - - [23/Aug/2022:07:00:14 -0500] "POST /kwsrmcab/Wsrmcab  HTTP/1.1" 200 46805
172.22.2.4 - - [23/Aug/2022:06:59:07 -0500] "GET /BLA/boletinlegal/ HTTP/1.1" 200 59819
216.245.221.92 - - [23/Aug/2022:07:02:05 -0500] "HEAD / HTTP/1.1" 200 -
207.46.13.45 - - [23/Aug/2022:07:03:17 -0500] "GET /forest/ HTTP/1.1" 200 12041
172.22.2.4 - - [23/Aug/2022:07:03:44 -0500] "GET /BLA/boletinlegal/robots.txt HTTP/1.1" 404 1018
173.252.107.6 - - [23/Aug/2022:07:04:55 -0500] "GET /images/lluvias-arboles-4-junio.jpeg HTTP/1.1" 200 117524
173.252.107.6 - - [23/Aug/2022:07:04:56 -0500] "GET /images/empresas-industrias-forestales-1-junio.jpg HTTP/1.1" 200 44019
173.252.107.13 - - [23/Aug/2022:07:04:56 -0500] "GET /images/pieza-grafica-semana-ambiental-30.jpg HTTP/1.1" 200 38850
173.252.107.13 - - [23/Aug/2022:07:04:57 -0500] "GET /images/energia-eficiencia-26-mayo.jpg HTTP/1.1" 200 46417
173.252.107.6 - - [23/Aug/2022:07:04:57 -0500] "GET /images/facebook-live-ivc-MAYO27.png HTTP/1.1" 200 480404
173.252.107.13 - - [23/Aug/2022:07:04:58 -0500] "GET /images/la-vieja-mayo-24.jpg HTTP/1.1" 200 58217
173.252.107.6 - - [23/Aug/2022:07:04:58 -0500] "GET /images/jardines-verticales-plantas-24-mayo.jpg HTTP/1.1" 200 148288
173.252.107.8 - - [23/Aug/2022:07:04:58 -0500] "GET /images/jornadas-llantas-usadas-23-mayo.jpg HTTP/1.1" 200 148376
173.252.107.13 - - [23/Aug/2022:07:04:58 -0500] "GET /images/visita-suspension-humedal-techo-24-mayo.jpg HTTP/1.1" 200 57365
201.245.192.253 - - [23/Aug/2022:07:05:13 -0500] "POST /kwsrmcab/Wsrmcab  HTTP/1.1" 200 46805
172.22.2.4 - - [23/Aug/2022:07:04:07 -0500] "HEAD /BLA/boletinlegal/ HTTP/1.1" 200 -
172.22.2.4 - - [23/Aug/2022:07:04:57 -0500] "GET /BLA/boletinlegal/ HTTP/1.1" 200 59819
216.245.221.92 - - [23/Aug/2022:07:07:05 -0500] "HEAD / HTTP/1.1" 200 -
172.22.2.4 - - [23/Aug/2022:07:07:36 -0500] "GET /BLA/boletinlegal/remote/login HTTP/1.1" 404 1018
66.249.72.143 - - [23/Aug/2022:07:07:42 -0500] "-" 408 -
172.22.2.4 - - [23/Aug/2022:07:07:45 -0500] "POST /BLA/boletinlegal/vendor/phpunit/phpunit/src/Util/PHP/eval-stdin.php HTTP/1.1" 404 1018
201.245.192.253 - - [23/Aug/2022:07:10:12 -0500] "POST /kwsrmcab/Wsrmcab  HTTP/1.1" 200 46805
207.46.13.186 - - [23/Aug/2022:07:10:46 -0500] "GET /galeria/galeria/fotos/diaSC2.jpg HTTP/1.1" 200 169077
172.22.2.4 - - [23/Aug/2022:07:09:57 -0500] "HEAD /BLA/boletinlegal/ HTTP/1.1" 200 -
216.245.221.92 - - [23/Aug/2022:07:12:06 -0500] "HEAD / HTTP/1.1" 200 -
172.22.2.4 - - [23/Aug/2022:07:10:47 -0500] "GET /BLA/boletinlegal/ HTTP/1.1" 200 60272
13.66.139.13 - - [23/Aug/2022:07:12:28 -0500] "-" 408 -
172.22.2.4 - - [23/Aug/2022:07:13:40 -0500] "GET /BLA/boletinlegal/ HTTP/1.1" 200 36811
201.245.192.253 - - [23/Aug/2022:07:15:11 -0500] "POST /kwsrmcab/Wsrmcab  HTTP/1.1" 200 46805
139.177.178.220 - - [23/Aug/2022:07:16:16 -0500] "GET /portaldeninos/ HTTP/1.1" 200 110281
139.177.178.220 - - [23/Aug/2022:07:16:18 -0500] "GET /favicon.ico HTTP/1.1" 200 7782
139.177.178.220 - - [23/Aug/2022:07:16:21 -0500] "GET /portaldeninos/wp-includes/js/jquery/jquery-migrate.min.js?ver=1.4.1 HTTP/1.1" 200 10056
139.177.178.220 - - [23/Aug/2022:07:16:21 -0500] "GET /portaldeninos/wp-includes/js/jquery/ui/core.min.js?ver=1.11.4 HTTP/1.1" 200 4000
139.177.178.220 - - [23/Aug/2022:07:16:21 -0500] "GET /portaldeninos/wp-content/plugins/gallery-videos/JS/modernizr.custom.js?ver=4.9.8 HTTP/1.1" 200 9019
139.177.178.220 - - [23/Aug/2022:07:16:19 -0500] "GET /portaldeninos/ HTTP/1.1" 200 110281
139.177.178.220 - - [23/Aug/2022:07:16:20 -0500] "GET /portaldeninos/wp-content/plugins/google-analytics-for-wordpress/assets/js/frontend-gtag.min.js?ver=8.5.0 HTTP/1.1" 200 11801
139.177.178.220 - - [23/Aug/2022:07:16:21 -0500] "GET /portaldeninos/wp-includes/js/jquery/ui/widget.min.js?ver=1.11.4 HTTP/1.1" 200 6908
139.177.178.220 - - [23/Aug/2022:07:16:21 -0500] "GET /portaldeninos/wp-includes/js/jquery/ui/mouse.min.js?ver=1.11.4 HTTP/1.1" 200 3148
139.177.178.220 - - [23/Aug/2022:07:16:21 -0500] "GET /portaldeninos/wp-content/plugins/gallery-videos/JS/Total-Soft-Gallery-Video-Widget.js?ver=4.9.8 HTTP/1.1" 200 80264
139.177.178.220 - - [23/Aug/2022:07:16:21 -0500] "GET /portaldeninos/wp-includes/js/wp-emoji-release.min.js?ver=4.9.8 HTTP/1.1" 200 12026
139.177.178.220 - - [23/Aug/2022:07:16:21 -0500] "GET /portaldeninos/wp-includes/js/jquery/jquery.js?ver=1.12.4 HTTP/1.1" 200 97184
139.177.178.220 - - [23/Aug/2022:07:16:21 -0500] "GET /portaldeninos/wp-includes/js/jquery/ui/tabs.min.js?ver=1.11.4 HTTP/1.1" 200 12110
139.177.178.220 - - [23/Aug/2022:07:16:21 -0500] "GET /portaldeninos/wp-includes/js/jquery/ui/sortable.min.js?ver=1.11.4 HTTP/1.1" 200 24899
139.177.178.220 - - [23/Aug/2022:07:16:22 -0500] "GET /portaldeninos/wp-content/themes/betheme/js/menu.js?ver=20.9.6 HTTP/1.1" 200 2449
139.177.178.220 - - [23/Aug/2022:07:16:22 -0500] "GET /portaldeninos/wp-includes/js/jquery/ui/accordion.min.js?ver=1.11.4 HTTP/1.1" 200 8584
139.177.178.220 - - [23/Aug/2022:07:16:22 -0500] "GET /portaldeninos/wp-content/themes/betheme/assets/animations/animations.min.js?ver=20.9.6 HTTP/1.1" 200 1896
139.177.178.220 - - [23/Aug/2022:07:16:22 -0500] "GET /portaldeninos/wp-includes/js/jquery/ui/position.min.js?ver=1.11.4 HTTP/1.1" 200 6527
139.177.178.220 - - [23/Aug/2022:07:16:22 -0500] "GET /portaldeninos/wp-includes/js/wp-embed.min.js?ver=4.9.8 HTTP/1.1" 200 1398
139.177.178.220 - - [23/Aug/2022:07:16:22 -0500] "GET /portaldeninos/wp-content/themes/betheme/assets/jplayer/jplayer.min.js?ver=20.9.6 HTTP/1.1" 200 52702
139.177.178.220 - - [23/Aug/2022:07:16:22 -0500] "GET /portaldeninos/wp-content/themes/betheme/js/scripts.js?ver=20.9.6 HTTP/1.1" 200 77162
139.177.178.220 - - [23/Aug/2022:07:16:22 -0500] "GET /portaldeninos/wp-content/plugins/popup-maker/assets/js/site.min.js?defer&ver=1.8.14 HTTP/1.1" 200 48457
139.177.178.220 - - [23/Aug/2022:07:16:22 -0500] "GET /portaldeninos/wp-content/themes/betheme/js/plugins.js?ver=20.9.6 HTTP/1.1" 200 197151
216.245.221.92 - - [23/Aug/2022:07:17:05 -0500] "HEAD / HTTP/1.1" 200 -
185.119.81.109 - - [23/Aug/2022:07:17:20 -0500] "GET /portaldeninos/wp-login.php HTTP/1.1" 200 2592
185.119.81.109 - - [23/Aug/2022:07:17:21 -0500] "POST /portaldeninos/wp-login.php HTTP/1.1" 200 3670
172.22.2.4 - - [23/Aug/2022:07:15:47 -0500] "HEAD /BLA/boletinlegal/ HTTP/1.1" 200 -
66.249.72.141 - - [23/Aug/2022:07:17:40 -0500] "-" 408 -
172.22.2.4 - - [23/Aug/2022:07:16:37 -0500] "GET /BLA/boletinlegal/ HTTP/1.1" 200 56005
201.245.192.253 - - [23/Aug/2022:07:19:44 -0500] "POST /kwsrmcab/Wsrmcab HTTP/1.1" 200 43113
201.245.192.253 - - [23/Aug/2022:07:19:48 -0500] "POST /kwsrmcab/Wsrmcab HTTP/1.1" 200 43610
95.108.213.55 - - [23/Aug/2022:07:19:53 -0500] "-" 408 -
5.45.207.116 - - [23/Aug/2022:07:19:58 -0500] "-" 408 -
87.250.224.152 - - [23/Aug/2022:07:20:04 -0500] "-" 408 -
5.45.207.149 - - [23/Aug/2022:07:20:09 -0500] "-" 408 -
201.245.192.253 - - [23/Aug/2022:07:20:09 -0500] "POST /kwsrmcab/Wsrmcab  HTTP/1.1" 200 46805
157.55.39.108 - - [23/Aug/2022:07:20:14 -0500] "GET /portaldeninos/wp-content/uploads/2022/04/banner-p%C3%A1gina-de-ni%C3%B1os-libro-digital-abril-768x38.jpg HTTP/1.1" 404 75240
5.255.253.145 - - [23/Aug/2022:07:20:24 -0500] "-" 408 -
213.180.203.77 - - [23/Aug/2022:07:20:39 -0500] "-" 408 -
95.108.213.73 - - [23/Aug/2022:07:21:09 -0500] "-" 408 -
207.46.13.51 - - [23/Aug/2022:07:21:57 -0500] "GET /portaldeninos/ HTTP/1.1" 200 110281
216.245.221.92 - - [23/Aug/2022:07:22:05 -0500] "HEAD / HTTP/1.1" 200 -
87.250.224.165 - - [23/Aug/2022:07:22:09 -0500] "-" 408 -
5.255.253.130 - - [23/Aug/2022:07:23:09 -0500] "-" 408 -
172.22.2.4 - - [23/Aug/2022:07:21:37 -0500] "HEAD /BLA/boletinlegal/ HTTP/1.1" 200 -
172.22.2.4 - - [23/Aug/2022:07:22:27 -0500] "GET /BLA/boletinlegal/ HTTP/1.1" 200 58154
87.250.224.69 - - [23/Aug/2022:07:25:09 -0500] "-" 408 -
201.245.192.253 - - [23/Aug/2022:07:25:08 -0500] "POST /kwsrmcab/Wsrmcab  HTTP/1.1" 200 46805
216.245.221.92 - - [23/Aug/2022:07:27:05 -0500] "HEAD / HTTP/1.1" 200 -
5.255.253.133 - - [23/Aug/2022:07:28:09 -0500] "-" 408 -
172.22.2.4 - - [23/Aug/2022:07:27:27 -0500] "HEAD /BLA/boletinlegal/ HTTP/1.1" 200 -
185.119.81.98 - - [23/Aug/2022:07:29:09 -0500] "GET /portaldeninos/wp-login.php HTTP/1.1" 200 2592
185.119.81.98 - - [23/Aug/2022:07:29:10 -0500] "POST /portaldeninos/wp-login.php HTTP/1.1" 200 3605
201.245.192.253 - - [23/Aug/2022:07:29:44 -0500] "POST /kwsrmcab/Wsrmcab HTTP/1.1" 200 43113
201.245.192.253 - - [23/Aug/2022:07:29:48 -0500] "POST /kwsrmcab/Wsrmcab HTTP/1.1" 200 43610
172.22.2.4 - - [23/Aug/2022:07:28:17 -0500] "GET /BLA/boletinlegal/ HTTP/1.1" 200 59819
191.156.190.215 - - [23/Aug/2022:07:30:05 -0500] "GET /BLA/boletinlegal/actos.php HTTP/1.1" 200 9559
191.156.190.215 - - [23/Aug/2022:07:30:06 -0500] "GET /BLA/boletinlegal/styles2.css HTTP/1.1" 200 1838
191.156.184.235 - - [23/Aug/2022:07:30:06 -0500] "GET /BLA/boletinlegal/js/ajax_actos.js HTTP/1.1" 200 1322
191.156.184.235 - - [23/Aug/2022:07:30:06 -0500] "GET /BLA/boletinlegal/niceforms.js HTTP/1.1" 200 22876
191.156.184.235 - - [23/Aug/2022:07:30:07 -0500] "GET /BLA/boletinlegal/niceforms-default.css HTTP/1.1" 200 6694
191.156.190.215 - - [23/Aug/2022:07:30:07 -0500] "GET /BLA/boletinlegal/style.css HTTP/1.1" 200 9406
191.156.184.235 - - [23/Aug/2022:07:30:07 -0500] "GET /BLA/boletinlegal/js/lib.js HTTP/1.1" 200 6474
191.156.184.235 - - [23/Aug/2022:07:30:07 -0500] "GET /BLA/boletinlegal/js/popup.js HTTP/1.1" 200 1270
191.156.190.215 - - [23/Aug/2022:07:30:08 -0500] "GET /BLA/boletinlegal/js/jquery1.js HTTP/1.1" 200 29846
191.156.184.235 - - [23/Aug/2022:07:30:09 -0500] "GET /BLA/boletinlegal/images/cabezote%20BLEGAL.jpg HTTP/1.1" 200 118164
201.245.192.253 - - [23/Aug/2022:07:30:07 -0500] "POST /kwsrmcab/Wsrmcab  HTTP/1.1" 200 46805
191.156.190.215 - - [23/Aug/2022:07:30:22 -0500] "GET /BLA/boletinlegal/images/historia.png HTTP/1.1" 200 52775
191.156.184.235 - - [23/Aug/2022:07:30:22 -0500] "GET /BLA/boletinlegal/images/subscribe-icon-big.png HTTP/1.1" 200 47702
191.156.184.235 - - [23/Aug/2022:07:30:22 -0500] "GET /BLA/boletinlegal/images/registro-usuarios.png HTTP/1.1" 200 8106
191.156.190.215 - - [23/Aug/2022:07:30:30 -0500] "GET /BLA/boletinlegal/images/body_bg.jpg HTTP/1.1" 200 1601
191.156.184.235 - - [23/Aug/2022:07:30:30 -0500] "GET /BLA/boletinlegal/images/footer_bg.jpg HTTP/1.1" 200 586
191.156.184.235 - - [23/Aug/2022:07:30:30 -0500] "GET /BLA/boletinlegal/images/menu_lft.gif HTTP/1.1" 200 1713
191.156.190.215 - - [23/Aug/2022:07:30:32 -0500] "GET /BLA/boletinlegal/images/menu_bg.jpg HTTP/1.1" 200 620
191.156.184.235 - - [23/Aug/2022:07:30:32 -0500] "GET /BLA/boletinlegal/images/bg_top.jpg HTTP/1.1" 200 522
191.156.184.235 - - [23/Aug/2022:07:30:32 -0500] "GET /BLA/boletinlegal/images/menu_rght.gif HTTP/1.1" 200 1627
191.156.184.235 - - [23/Aug/2022:07:30:34 -0500] "GET /BLA/boletinlegal/images/text.jpg HTTP/1.1" 200 568
191.156.190.215 - - [23/Aug/2022:07:30:34 -0500] "GET /BLA/boletinlegal/images/abajo.png HTTP/1.1" 200 96676
191.156.184.235 - - [23/Aug/2022:07:30:34 -0500] "GET /BLA/boletinlegal/images/hover.jpg HTTP/1.1" 200 640
191.156.184.235 - - [23/Aug/2022:07:30:35 -0500] "GET /BLA/boletinlegal/images/tel.png HTTP/1.1" 200 14477
191.156.184.235 - - [23/Aug/2022:07:30:35 -0500] "GET /BLA/boletinlegal/images/green-yellow-blue-pink-th.png HTTP/1.1" 200 7394
191.156.184.235 - - [23/Aug/2022:07:30:35 -0500] "GET /BLA/boletinlegal/images/icono-email.png HTTP/1.1" 200 5544
191.156.184.235 - - [23/Aug/2022:07:30:35 -0500] "GET /BLA/boletinlegal/images/footer_bg_l.jpg HTTP/1.1" 200 776
191.156.190.215 - - [23/Aug/2022:07:30:37 -0500] "GET /BLA/boletinlegal/img/select-right.png HTTP/1.1" 200 44019
191.156.184.235 - - [23/Aug/2022:07:30:37 -0500] "GET /BLA/boletinlegal/img/0.png HTTP/1.1" 200 110
191.156.184.235 - - [23/Aug/2022:07:30:37 -0500] "GET /BLA/boletinlegal/img/select-left.png HTTP/1.1" 200 263
191.156.190.215 - - [23/Aug/2022:07:30:38 -0500] "GET /BLA/boletinlegal/img/button.png HTTP/1.1" 200 43241
191.156.184.235 - - [23/Aug/2022:07:30:38 -0500] "GET /BLA/boletinlegal/img/button-left.png HTTP/1.1" 200 57071
191.156.184.235 - - [23/Aug/2022:07:30:39 -0500] "GET /BLA/boletinlegal/img/button-right.png HTTP/1.1" 200 57878
207.46.13.45 - - [23/Aug/2022:07:31:21 -0500] "GET /menu/js/jquery.mousewheel.js HTTP/1.1" 404 1018
216.245.221.92 - - [23/Aug/2022:07:32:05 -0500] "HEAD / HTTP/1.1" 200 -
173.231.60.194 - - [23/Aug/2022:07:34:16 -0500] "GET /BLA/resoluciones/index.php?dir=RESOLUCIONES%202005%2FRES%202005%201951-2000%2F&sort=size&order=desc HTTP/1.1" 200 12358
173.231.60.194 - - [23/Aug/2022:07:34:25 -0500] "GET /BLA/resoluciones/index.php?dir=RESOLUCIONES%202005%2FRES%202005%202001-2050%2F&sort=date&order=desc HTTP/1.1" 200 12357
173.231.60.194 - - [23/Aug/2022:07:34:38 -0500] "GET /BLA/resoluciones/index.php?dir=RESOLUCIONES%202005%2FRES%202005%202001-2050%2F&sort=size&order=desc HTTP/1.1" 200 12357
173.231.60.194 - - [23/Aug/2022:07:34:46 -0500] "GET /BLA/resoluciones/index.php?dir=RESOLUCIONES%202005%2FRES%202005%202051-2100%2F&sort=date&order=desc HTTP/1.1" 200 12351
172.22.2.4 - - [23/Aug/2022:07:33:17 -0500] "HEAD /BLA/boletinlegal/ HTTP/1.1" 200 -
173.231.60.194 - - [23/Aug/2022:07:34:56 -0500] "GET /BLA/resoluciones/index.php?dir=RESOLUCIONES%202005%2FRES%202005%202051-2100%2F&sort=size&order=desc HTTP/1.1" 200 12351
173.231.60.194 - - [23/Aug/2022:07:35:08 -0500] "GET /BLA/resoluciones/index.php?dir=RESOLUCIONES%202005%2FRES%202005%202101-2150%2F&sort=date&order=desc HTTP/1.1" 200 12345
201.245.192.253 - - [23/Aug/2022:07:35:06 -0500] "POST /kwsrmcab/Wsrmcab  HTTP/1.1" 200 46805
173.231.60.194 - - [23/Aug/2022:07:35:16 -0500] "GET /BLA/resoluciones/index.php?dir=RESOLUCIONES%202005%2FRES%202005%202101-2150%2F&sort=size&order=desc HTTP/1.1" 200 12345
173.231.60.194 - - [23/Aug/2022:07:35:26 -0500] "GET /BLA/resoluciones/index.php?dir=RESOLUCIONES%202005%2FRES%202005%202151-2200%2F&sort=date&order=desc HTTP/1.1" 200 16990
191.156.187.149 - - [23/Aug/2022:07:35:38 -0500] "GET /BLA/resoluciones/RESOLUCIONES%202019/3832.pdf HTTP/1.1" 200 874018
191.156.177.90 - - [23/Aug/2022:07:35:40 -0500] "GET /favicon.ico HTTP/1.1" 200 7782
173.231.60.194 - - [23/Aug/2022:07:35:40 -0500] "GET /BLA/resoluciones/index.php?dir=RESOLUCIONES%202005%2FRES%202005%202151-2200%2F&sort=size&order=desc HTTP/1.1" 200 12454
172.22.2.4 - - [23/Aug/2022:07:34:07 -0500] "GET /BLA/boletinlegal/ HTTP/1.1" 200 58154
173.231.60.194 - - [23/Aug/2022:07:35:52 -0500] "GET /BLA/resoluciones/index.php?dir=RESOLUCIONES%202005%2FRES%202005%202201-2250%2F&sort=date&order=desc HTTP/1.1" 200 12362
173.231.60.194 - - [23/Aug/2022:07:36:02 -0500] "GET /BLA/resoluciones/index.php?dir=RESOLUCIONES%202005%2FRES%202005%202201-2250%2F&sort=size&order=desc HTTP/1.1" 200 12362
173.231.60.194 - - [23/Aug/2022:07:36:14 -0500] "GET /BLA/resoluciones/index.php?dir=RESOLUCIONES%202005%2FRES%202005%202251-2300%2F&sort=date&order=desc HTTP/1.1" 200 12352
173.231.60.194 - - [23/Aug/2022:07:36:22 -0500] "GET /BLA/resoluciones/index.php?dir=RESOLUCIONES%202005%2FRES%202005%202251-2300%2F&sort=size&order=desc HTTP/1.1" 200 12352
173.231.60.194 - - [23/Aug/2022:07:36:34 -0500] "GET /BLA/resoluciones/index.php?dir=RESOLUCIONES%202005%2FRES%202005%202301-2350%2F&sort=date&order=desc HTTP/1.1" 200 12368
173.231.60.194 - - [23/Aug/2022:07:36:44 -0500] "GET /BLA/resoluciones/index.php?dir=RESOLUCIONES%202005%2FRES%202005%202301-2350%2F&sort=size&order=desc HTTP/1.1" 200 12368
173.231.60.194 - - [23/Aug/2022:07:36:54 -0500] "GET /BLA/resoluciones/index.php?dir=RESOLUCIONES%202005%2FRES%202005%202351-2400%2F&sort=date&order=desc HTTP/1.1" 200 12365
173.231.60.194 - - [23/Aug/2022:07:37:04 -0500] "GET /BLA/resoluciones/index.php?dir=RESOLUCIONES%202005%2FRES%202005%202351-2400%2F&sort=size&order=desc HTTP/1.1" 200 12365
216.245.221.92 - - [23/Aug/2022:07:37:05 -0500] "HEAD / HTTP/1.1" 200 -
173.231.60.194 - - [23/Aug/2022:07:37:13 -0500] "GET /BLA/resoluciones/index.php?dir=RESOLUCIONES%202005%2FRES%202005%202401-2450%2F&sort=date&order=desc HTTP/1.1" 200 12360
173.231.60.194 - - [23/Aug/2022:07:37:22 -0500] "GET /BLA/resoluciones/index.php?dir=RESOLUCIONES%202005%2FRES%202005%202401-2450%2F&sort=size&order=desc HTTP/1.1" 200 12360
173.231.60.194 - - [23/Aug/2022:07:37:33 -0500] "GET /BLA/resoluciones/index.php?dir=RESOLUCIONES%202005%2FRES%202005%202451-2500%2F&sort=date&order=desc HTTP/1.1" 200 12369
173.231.60.194 - - [23/Aug/2022:07:37:46 -0500] "GET /BLA/resoluciones/index.php?dir=RESOLUCIONES%202005%2FRES%202005%202451-2500%2F&sort=size&order=desc HTTP/1.1" 200 12369
173.231.60.194 - - [23/Aug/2022:07:37:58 -0500] "GET /BLA/resoluciones/index.php?dir=RESOLUCIONES%202005%2FRES%202005%202501-2550%2F&sort=date&order=desc HTTP/1.1" 200 12364
173.231.60.194 - - [23/Aug/2022:07:38:09 -0500] "GET /BLA/resoluciones/index.php?dir=RESOLUCIONES%202005%2FRES%202005%202501-2550%2F&sort=size&order=desc HTTP/1.1" 200 12364
173.231.60.194 - - [23/Aug/2022:07:38:21 -0500] "GET /BLA/resoluciones/index.php?dir=RESOLUCIONES%202005%2FRES%202005%202551-2600%2F&sort=date&order=desc HTTP/1.1" 200 12366
173.231.60.194 - - [23/Aug/2022:07:38:29 -0500] "GET /BLA/resoluciones/index.php?dir=RESOLUCIONES%202005%2FRES%202005%202551-2600%2F&sort=size&order=desc HTTP/1.1" 200 12366
185.119.81.105 - - [23/Aug/2022:07:38:38 -0500] "GET /portaldeninos/wp-login.php HTTP/1.1" 200 2592
185.119.81.105 - - [23/Aug/2022:07:38:39 -0500] "POST /portaldeninos/wp-login.php HTTP/1.1" 200 3605
173.231.60.194 - - [23/Aug/2022:07:38:42 -0500] "GET /BLA/resoluciones/index.php?dir=RESOLUCIONES%202005%2FRES%202005%202601-2650%2F&sort=date&order=desc HTTP/1.1" 200 12160
173.231.60.194 - - [23/Aug/2022:07:38:56 -0500] "GET /BLA/resoluciones/index.php?dir=RESOLUCIONES%202005%2FRES%202005%202601-2650%2F&sort=size&order=desc HTTP/1.1" 200 12160
173.231.60.194 - - [23/Aug/2022:07:39:04 -0500] "GET /BLA/resoluciones/index.php?dir=RESOLUCIONES%202005%2FRES%202005%202651-2700%2F&sort=date&order=desc HTTP/1.1" 200 12368
173.231.60.194 - - [23/Aug/2022:07:39:16 -0500] "GET /BLA/resoluciones/index.php?dir=RESOLUCIONES%202005%2FRES%202005%202651-2700%2F&sort=size&order=desc HTTP/1.1" 200 12368
173.231.60.194 - - [23/Aug/2022:07:39:26 -0500] "GET /BLA/resoluciones/index.php?dir=RESOLUCIONES%202005%2FRES%202005%202751-2800%2F&sort=date&order=desc HTTP/1.1" 200 12344
173.231.60.194 - - [23/Aug/2022:07:39:35 -0500] "GET /BLA/resoluciones/index.php?dir=RESOLUCIONES%202005%2FRES%202005%202751-2800%2F&sort=size&order=desc HTTP/1.1" 200 12344
173.231.60.194 - - [23/Aug/2022:07:39:46 -0500] "GET /BLA/resoluciones/index.php?dir=RESOLUCIONES%202005%2FRES%202005%202801-2850%2F&sort=date&order=desc HTTP/1.1" 200 11938
201.245.192.253 - - [23/Aug/2022:07:39:44 -0500] "POST /kwsrmcab/Wsrmcab HTTP/1.1" 200 43113
201.245.192.253 - - [23/Aug/2022:07:39:48 -0500] "POST /kwsrmcab/Wsrmcab HTTP/1.1" 200 43610
173.231.60.194 - - [23/Aug/2022:07:39:54 -0500] "GET /BLA/resoluciones/index.php?dir=RESOLUCIONES%202005%2FRES%202005%202801-2850%2F&sort=size&order=desc HTTP/1.1" 200 11938
173.231.60.194 - - [23/Aug/2022:07:40:01 -0500] "GET /BLA/resoluciones/index.php?dir=RESOLUCIONES%202005%2FRES%202005%202851-2900%2F&sort=date&order=desc HTTP/1.1" 200 12155
201.245.192.253 - - [23/Aug/2022:07:40:04 -0500] "POST /kwsrmcab/Wsrmcab  HTTP/1.1" 200 46805
173.231.60.194 - - [23/Aug/2022:07:40:12 -0500] "GET /BLA/resoluciones/index.php?dir=RESOLUCIONES%202005%2FRES%202005%202851-2900%2F&sort=size&order=desc HTTP/1.1" 200 12155
173.231.60.194 - - [23/Aug/2022:07:40:21 -0500] "GET /BLA/resoluciones/index.php?dir=RESOLUCIONES%202005%2FRES%202005%202901-2950%2F&sort=date&order=desc HTTP/1.1" 200 12330
173.231.60.194 - - [23/Aug/2022:07:40:28 -0500] "GET /BLA/resoluciones/index.php?dir=RESOLUCIONES%202005%2FRES%202005%202901-2950%2F&sort=size&order=desc HTTP/1.1" 200 12330
173.231.60.194 - - [23/Aug/2022:07:40:37 -0500] "GET /BLA/resoluciones/index.php?dir=RESOLUCIONES%202005%2FRES%202005%202951-3000%2F&sort=name&order=asc HTTP/1.1" 200 11937
172.22.2.4 - - [23/Aug/2022:07:39:07 -0500] "HEAD /BLA/boletinlegal/ HTTP/1.1" 200 -
173.231.60.194 - - [23/Aug/2022:07:40:47 -0500] "GET /BLA/resoluciones/index.php?dir=RESOLUCIONES%202005%2FRES%202005%203001-3050%2F&sort=name&order=asc HTTP/1.1" 200 12364
173.231.60.194 - - [23/Aug/2022:07:40:54 -0500] "GET /BLA/resoluciones/index.php?dir=RESOLUCIONES%202005%2FRES%202005%203051-3100%2F&sort=name&order=asc HTTP/1.1" 200 12360
173.231.60.194 - - [23/Aug/2022:07:41:03 -0500] "GET /BLA/resoluciones/index.php?dir=RESOLUCIONES%202005%2FRES%202005%203101-3150%2F&sort=name&order=asc HTTP/1.1" 200 12367
173.231.60.194 - - [23/Aug/2022:07:41:10 -0500] "GET /BLA/resoluciones/index.php?dir=RESOLUCIONES%202005%2FRES%202005%203151-3180%2F&sort=name&order=asc HTTP/1.1" 200 8263
173.231.60.194 - - [23/Aug/2022:07:41:19 -0500] "GET /BLA/resoluciones/index.php?dir=RESOLUCIONES%202003%2FRES%202003%201851--1900%2F&sort=name&order=asc HTTP/1.1" 200 12206
186.102.19.107 - - [23/Aug/2022:07:41:28 -0500] "GET /kwssiamovil/sm/acme/u?s=U2FsdGVkX19Gt+nmOC3AzAcjBAxZiaq/1cskpwtPXZcKlR3Yj2jNgxyu3xvgVuzWr2840LODLr3EgOHiYnonO3+VEhOmB8MXYlpj5hZvK5Jr4MHAtnoDyKwE3+QZtFO9kQHmiX8kFev09kZapk6PjQ==&u=U2FsdGVkX184OA/i5HCLPLPoLz4Y256XaKxpkYFQc9U=&y=U2FsdGVkX1+pEhnUGP1/3GY/Fbd5eOC9t8oN2QLWTxHuV+hfOF6d/XGsVOo1xOFF HTTP/1.1" 200 60
173.231.60.194 - - [23/Aug/2022:07:41:33 -0500] "GET /BLA/resoluciones/index.php?dir=RESOLUCIONES%202005%2FANEXO%20RES%202643-2005%2F&sort=name&order=asc HTTP/1.1" 200 2446
172.22.2.4 - - [23/Aug/2022:07:39:57 -0500] "GET /BLA/boletinlegal/ HTTP/1.1" 200 58154
173.231.60.194 - - [23/Aug/2022:07:41:45 -0500] "GET /BLA/resoluciones/index.php?dir=RESOLUCIONES%202005%2FRES%202005%202701%20-2750%2F&sort=name&order=asc HTTP/1.1" 200 12404
173.231.60.194 - - [23/Aug/2022:07:41:58 -0500] "GET /BLA/resoluciones/index.php?dir=RESOLUCIONES%202005%2FRES%202005%202701%20-2750%2F&sort=date&order=desc HTTP/1.1" 200 12403
216.245.221.92 - - [23/Aug/2022:07:42:05 -0500] "HEAD / HTTP/1.1" 200 -
173.231.60.194 - - [23/Aug/2022:07:42:06 -0500] "GET /BLA/resoluciones/index.php?dir=RESOLUCIONES%202005%2FRES%202005%202701%20-2750%2F&sort=size&order=desc HTTP/1.1" 200 12403
173.231.60.194 - - [23/Aug/2022:07:42:16 -0500] "GET /BLA/resoluciones/index.php?dir=RESOLUCIONES%202007%2FRES%202007%201%20AL%20100%2F&sort=name&order=asc HTTP/1.1" 200 26175
173.231.60.194 - - [23/Aug/2022:07:42:26 -0500] "GET /BLA/resoluciones/index.php?dir=RESOLUCIONES%202006%2FRES%202006%201001-1050%2F&sort=name&order=asc HTTP/1.1" 200 12341
173.231.60.194 - - [23/Aug/2022:07:42:36 -0500] "GET /BLA/resoluciones/index.php?dir=RESOLUCIONES%202006%2FRES%202006%201051-1100%2F&sort=name&order=asc HTTP/1.1" 200 12369
186.102.66.130 - - [23/Aug/2022:07:42:54 -0500] "GET /kwssiamovil/sm/ldap/au?x=U2FsdGVkX1+P+pUVmpAiZcif+mwTaUGrRWw31hYw1TDy3phbTLgVFdn+W/x8ZMuy&y=U2FsdGVkX18/f+Xz9+PGneZFJwrc2ncafDXKUEcsdvA= HTTP/1.1" 200 30
186.102.66.130 - - [23/Aug/2022:07:42:54 -0500] "GET /kwssiamovil/sm/acme/s?s=U2FsdGVkX19H9Su1wuyS19Fwg9CoMLfKjwcFdkfjL/cFbWkFmG4LyeN8GKjCDKO0ljFsRvNoM5/gyySnRRtPk88yC/DTRSvS+JjYEF4dyeU=&u=U2FsdGVkX1/CGT8o3xfr8RldIw43x4KePh2HvrCVAmg=&y=U2FsdGVkX18/f+Xz9+PGneZFJwrc2ncafDXKUEcsdvA= HTTP/1.1" 200 97
186.102.66.130 - - [23/Aug/2022:07:42:54 -0500] "GET /kwssiamovil/sm/acme/s?s=U2FsdGVkX1/Mq/ns0tPkx1LyapwmlVDKmMogms1vAch4pn3niEWjC8GOJ+/hkvIGbq19skeMgnc0yzTJHFIzggxo7LlSKR6NNu1h5osotCfbU5GVT8VK9G9z5/XdMx2vJ3UCAaWDylkRQxA21vN7dTlItcttodujEFNM+wc/hXUNBCg4sEbfKmCOVWlhs74XMF/qBr90xOFLCiAnw+QlvpUJsmmRLCbbnP8Z7JIHBlztvOWG/0MeaMmYJum/ssBD9vvDpXUetf545TjeJ4gaJGSrDDMQ14TB9JfX8p0xKnJmas7WtqoGvPQS9DiWWPxE0bksB0F7pnSffdDl9EuIb5UcMfwvh3hRLdyDhX5WgvJTAMFKo7hlPSD4nHpwxWB4dN68hXQWfglrSKouiIAJ9wp42psUcdzOOYAJRpb+e53+HLG5zd5tlUti4X4nlkpEd0xMq1VCYOQWqxLs/4xe2UdZpJ5w5Sv38c0nV1XGmhOzKOcGBlkX34Uj2umdeTu+CX9h6OFWMMoKJMse45LgwMZDdPDK9/iRRo0ZFkPPhJmyfwd4YT5WraXONQKX//6crVKlqRWXvc+T559W+oIWKOhGmZkNqUCEHsveZZcCY7YQMoKJzq0uuVB8IjzzrkcDbxuP07X3pysvJZAGYZCiZH6ui3ZR+XGfz7zHhuc4CjxjVcWB7+LiLafc+oDnxWhLppt8VHGIo4L94+b/WXOa9J92Wznv0Soppgmd1lS5vDdbiyGVkm2Muwvw5P79VlWE8v63qQ98LrZZHC3xp+D9ycNsNGeN4ckRoXzhQzpGZuFrpOXghBRaHrWYSAh66Y8AKgca0sFbdwussqJEIGOzUhx9FfWWWP4cDOSQrypWY8wFbJTTco5xgkwGnsuWF+Q47schjdjDEtubERQ7Mwj/GewXczk1wq226CxdiRL56ryYEd//1mZG6PXfuaikA19v3z4005a/6nby87djGRlfInT7sv3+Sq1l8hnkPHB4aNw5v9R6qB9i2O+qJD3q9uHdaxF4LwS26RIpm/vOvCZ06kWVD+u7fBLY71BPDXnW6ISosLy0r1OaDuwWLJV0Fe9RJBRG2BrY17B5d3JAoQ/augN9ZT+F7DIYLtVx2W+QDW9T2tm2LgQI1Xi2m4F0Cy9RU8THKGZRPqI5bn/0xNr+rykCJNLry76dmxi8iziu5I9sTqWEf4Lhfv3xwm58vLXInmk1hzNcQOmkZvc8Qyh/6LM5+V1D0j3OlZgAbuAcXwVfN+WOE0/xrfgvhyqRIwDXD4qNNa8A5NF/wn1gdgw1HIvB+/n+A4G/scAfLjllunlPjmI8umHLA6gkF0sBqqQLKTnngaqY1R1bRbzLp1I9Rke2Kgk443iuNOaOWzD5glc=&u=U2FsdGVkX1/CGT8o3xfr8RldIw43x4KePh2HvrCVAmg=&y=U2FsdGVkX18/f+Xz9+PGneZFJwrc2ncafDXKUEcsdvA= HTTP/1.1" 200 394
186.102.66.130 - - [23/Aug/2022:07:42:54 -0500] "GET /kwssiamovil/sm/acme/s?s=U2FsdGVkX1+vhNx/JVMmL4vpuzJumg5UU/NNf6amHJxsgnYVZ1DjE/It7BNb9ECjcgEyc4aDyBqVlhMAmA+qc60GCBiMB/gWUyjGMo/gtBjXY40+H8BJkvbAqivbyxhFZkKDtYlBRVpOe5XTC0H0E7LlHTZswPZf7v8MJiB0H5sB1XBns0BY3GSRdLlsaqqYgAGwFmCa1prgZQl03xLPe+FJeQsAw4ifBXehCI4unCe1aLfEzkqCwJOTju49GI7rc+jufI9PEOUmPgNe0KsOg0y9hLidm0Jp/tvBYudEs6c=&u=U2FsdGVkX1/CGT8o3xfr8RldIw43x4KePh2HvrCVAmg=&y=U2FsdGVkX18/f+Xz9+PGneZFJwrc2ncafDXKUEcsdvA= HTTP/1.1" 200 176
185.119.81.105 - - [23/Aug/2022:07:42:55 -0500] "GET /portaldeninos/wp-login.php HTTP/1.1" 200 2592
186.102.66.130 - - [23/Aug/2022:07:42:55 -0500] "GET /kwssiamovil/sm/cjson/pre?f=1&x=U2FsdGVkX1+P+pUVmpAiZcif+mwTaUGrRWw31hYw1TDy3phbTLgVFdn+W/x8ZMuy HTTP/1.1" 200 30992
185.119.81.105 - - [23/Aug/2022:07:42:56 -0500] "POST /portaldeninos/wp-login.php HTTP/1.1" 200 3650
143.92.32.156 - - [23/Aug/2022:07:44:51 -0500] "GET / HTTP/1.1" 200 319
201.245.192.253 - - [23/Aug/2022:07:45:03 -0500] "POST /kwsrmcab/Wsrmcab  HTTP/1.1" 200 46805
172.22.2.4 - - [23/Aug/2022:07:46:15 -0500] "GET /BLA/boletinlegal/actos.php HTTP/1.1" 200 9559
172.22.2.4 - - [23/Aug/2022:07:46:20 -0500] "GET /BLA/boletinlegal/consulta_actos.php?tipo=autos&no=4060&usuario=&sector=&fecha=2022&resuelve= HTTP/1.1" 200 626
172.22.2.4 - - [23/Aug/2022:07:46:22 -0500] "GET /BLA/boletinlegal/consulta_actos.php?tipo=autos&no=4060&usuario=&sector=&fecha=2022&resuelve= HTTP/1.1" 200 626
172.22.2.4 - - [23/Aug/2022:07:46:22 -0500] "GET /BLA/boletinlegal/consulta_actos.php?tipo=autos&no=4060&usuario=&sector=&fecha=2022&resuelve= HTTP/1.1" 200 626
172.22.2.4 - - [23/Aug/2022:07:46:23 -0500] "GET /BLA/boletinlegal/consulta_actos.php?tipo=autos&no=4060&usuario=&sector=&fecha=2022&resuelve= HTTP/1.1" 200 626
172.22.2.4 - - [23/Aug/2022:07:44:57 -0500] "HEAD /BLA/boletinlegal/ HTTP/1.1" 200 -
172.22.2.4 - - [23/Aug/2022:07:46:39 -0500] "GET /BLA/boletinlegal/consulta_actos.php?tipo=resoluciones&no=2183&usuario=&sector=&fecha=2022&resuelve= HTTP/1.1" 200 1114
216.245.221.92 - - [23/Aug/2022:07:47:05 -0500] "HEAD / HTTP/1.1" 200 -
172.22.2.4 - - [23/Aug/2022:07:47:08 -0500] "GET /BLA/boletinlegal/consulta_actos.php?tipo=autos&no=4224&usuario=&sector=&fecha=2022&resuelve= HTTP/1.1" 200 1114
172.22.2.4 - - [23/Aug/2022:07:47:22 -0500] "GET /BLA/boletinlegal/consulta_actos.php?tipo=autos&no=4229&usuario=&sector=&fecha=2022&resuelve= HTTP/1.1" 200 1130
172.22.2.4 - - [23/Aug/2022:07:45:47 -0500] "GET /BLA/boletinlegal/ HTTP/1.1" 200 53994
172.22.2.4 - - [23/Aug/2022:07:47:37 -0500] "GET /BLA/boletinlegal/consulta_actos.php?tipo=autos&no=3707&usuario=&sector=&fecha=2022&resuelve= HTTP/1.1" 200 1117
173.252.87.12 - - [23/Aug/2022:07:47:37 -0500] "GET /images/jardines-verticales-plantas-24-mayo.jpg HTTP/1.1" 200 148288
172.22.2.4 - - [23/Aug/2022:07:48:13 -0500] "GET /BLA/boletinlegal/consulta_actos.php?tipo=autos&no=1738&usuario=&sector=&fecha=2022&resuelve= HTTP/1.1" 200 626
172.22.2.4 - - [23/Aug/2022:07:48:19 -0500] "GET /BLA/boletinlegal/actos.php HTTP/1.1" 200 9559
172.22.2.4 - - [23/Aug/2022:07:48:37 -0500] "GET /BLA/boletinlegal/images/screen_2.png HTTP/1.1" 200 362502
172.22.2.4 - - [23/Aug/2022:07:48:37 -0500] "GET /BLA/boletinlegal/images/screen_5.png HTTP/1.1" 200 368876
172.22.2.4 - - [23/Aug/2022:07:48:37 -0500] "GET /BLA/boletinlegal/images/screen_3.png HTTP/1.1" 200 210620
172.22.2.4 - - [23/Aug/2022:07:48:37 -0500] "GET /BLA/boletinlegal/images/arr_r.jpg HTTP/1.1" 200 1998
172.22.2.4 - - [23/Aug/2022:07:48:39 -0500] "GET /BLA/boletinlegal/actos.php HTTP/1.1" 200 9559
172.22.2.4 - - [23/Aug/2022:07:48:53 -0500] "GET /BLA/boletinlegal/consulta_actos.php?tipo=autos&no=3899&usuario=&sector=&fecha=2022&resuelve= HTTP/1.1" 200 1125
172.22.2.4 - - [23/Aug/2022:07:48:27 -0500] "GET /BLA/boletinlegal/ HTTP/1.1" 200 20427
172.22.2.4 - - [23/Aug/2022:07:49:03 -0500] "GET /BLA/boletinlegal/consulta_actos.php?tipo=autos&no=4097&usuario=&sector=&fecha=2022&resuelve= HTTP/1.1" 200 1120
172.22.2.4 - - [23/Aug/2022:07:48:28 -0500] "GET /BLA/boletinlegal/index.php HTTP/1.1" 200 32715
172.22.2.4 - - [23/Aug/2022:07:49:15 -0500] "GET /BLA/boletinlegal/consulta_actos.php?tipo=autos&no=4053&usuario=&sector=&fecha=2022&resuelve= HTTP/1.1" 200 1133
172.22.2.4 - - [23/Aug/2022:07:49:26 -0500] "GET /BLA/boletinlegal/consulta_actos.php?tipo=autos&no=3900&usuario=&sector=&fecha=2022&resuelve= HTTP/1.1" 200 1122
172.22.2.4 - - [23/Aug/2022:07:49:37 -0500] "GET /BLA/boletinlegal/consulta_actos.php?tipo=autos&no=4233&usuario=&sector=&fecha=2022&resuelve= HTTP/1.1" 200 1123
172.22.2.4 - - [23/Aug/2022:07:49:48 -0500] "GET /BLA/boletinlegal/consulta_actos.php?tipo=autos&no=3767&usuario=&sector=&fecha=2022&resuelve= HTTP/1.1" 200 1134
172.22.2.4 - - [23/Aug/2022:07:49:59 -0500] "GET /BLA/boletinlegal/consulta_actos.php?tipo=autos&no=3643&usuario=&sector=&fecha=2022&resuelve= HTTP/1.1" 200 1111
201.245.192.253 - - [23/Aug/2022:07:50:03 -0500] "POST /kwsrmcab/Wsrmcab  HTTP/1.1" 200 46805
172.22.2.4 - - [23/Aug/2022:07:50:10 -0500] "GET /BLA/boletinlegal/consulta_actos.php?tipo=autos&no=3689&usuario=&sector=&fecha=2022&resuelve= HTTP/1.1" 200 1115
172.22.2.4 - - [23/Aug/2022:07:50:21 -0500] "GET /BLA/boletinlegal/consulta_actos.php?tipo=autos&no=3579&usuario=&sector=&fecha=2022&resuelve= HTTP/1.1" 200 1111
172.22.2.4 - - [23/Aug/2022:07:50:32 -0500] "GET /BLA/boletinlegal/consulta_actos.php?tipo=autos&no=3693&usuario=&sector=&fecha=2022&resuelve= HTTP/1.1" 200 1132
172.22.2.4 - - [23/Aug/2022:07:50:42 -0500] "GET /BLA/boletinlegal/consulta_actos.php?tipo=autos&no=3802&usuario=&sector=&fecha=2022&resuelve= HTTP/1.1" 200 1135
172.22.2.4 - - [23/Aug/2022:07:50:52 -0500] "GET /BLA/boletinlegal/consulta_actos.php?tipo=autos&no=4227&usuario=&sector=&fecha=2022&resuelve= HTTP/1.1" 200 1131
172.22.2.4 - - [23/Aug/2022:07:51:01 -0500] "GET /BLA/boletinlegal/consulta_actos.php?tipo=autos&no=4095&usuario=&sector=&fecha=2022&resuelve= HTTP/1.1" 200 1122
172.22.2.4 - - [23/Aug/2022:07:51:13 -0500] "GET /BLA/boletinlegal/consulta_actos.php?tipo=autos&no=4081&usuario=&sector=&fecha=2022&resuelve= HTTP/1.1" 200 1112
172.22.2.4 - - [23/Aug/2022:07:51:24 -0500] "GET /BLA/boletinlegal/consulta_actos.php?tipo=autos&no=4242&usuario=&sector=&fecha=2022&resuelve= HTTP/1.1" 200 1119
172.22.2.4 - - [23/Aug/2022:07:51:36 -0500] "GET /BLA/boletinlegal/consulta_actos.php?tipo=autos&no=4226&usuario=&sector=&fecha=2022&resuelve= HTTP/1.1" 200 1117
172.22.2.4 - - [23/Aug/2022:07:51:47 -0500] "GET /BLA/boletinlegal/consulta_actos.php?tipo=autos&no=3685&usuario=&sector=&fecha=2022&resuelve= HTTP/1.1" 200 1124
172.22.2.4 - - [23/Aug/2022:07:52:00 -0500] "GET /BLA/boletinlegal/consulta_actos.php?tipo=autos&no=4228&usuario=&sector=&fecha=2022&resuelve= HTTP/1.1" 200 626
172.22.2.4 - - [23/Aug/2022:07:52:01 -0500] "GET /BLA/boletinlegal/consulta_actos.php?tipo=autos&no=4228&usuario=&sector=&fecha=2022&resuelve= HTTP/1.1" 200 626
172.22.2.4 - - [23/Aug/2022:07:52:01 -0500] "GET /BLA/boletinlegal/consulta_actos.php?tipo=autos&no=4228&usuario=&sector=&fecha=2022&resuelve= HTTP/1.1" 200 626
216.245.221.92 - - [23/Aug/2022:07:52:05 -0500] "HEAD / HTTP/1.1" 200 -
5.161.139.243 - - [23/Aug/2022:07:52:06 -0500] "GET /BLA/resoluciones/AUTOS%202022/2194.pdf HTTP/1.1" 200 366019
172.22.2.4 - - [23/Aug/2022:07:52:07 -0500] "GET /BLA/boletinlegal/consulta_actos.php?tipo=autos&no=3768&usuario=&sector=&fecha=2022&resuelve= HTTP/1.1" 200 626
172.22.2.4 - - [23/Aug/2022:07:52:07 -0500] "GET /BLA/boletinlegal/consulta_actos.php?tipo=autos&no=3768&usuario=&sector=&fecha=2022&resuelve= HTTP/1.1" 200 626
172.22.2.4 - - [23/Aug/2022:07:52:07 -0500] "GET /BLA/boletinlegal/consulta_actos.php?tipo=autos&no=3768&usuario=&sector=&fecha=2022&resuelve= HTTP/1.1" 200 626
172.22.2.4 - - [23/Aug/2022:07:52:14 -0500] "GET /BLA/boletinlegal/consulta_actos.php?tipo=autos&no=3657&usuario=&sector=&fecha=2022&resuelve= HTTP/1.1" 200 1115
172.22.2.4 - - [23/Aug/2022:07:50:46 -0500] "HEAD /BLA/boletinlegal/ HTTP/1.1" 200 -
172.22.2.4 - - [23/Aug/2022:07:52:43 -0500] "GET /BLA/boletinlegal/consulta_actos.php?tipo=autos&no=3623&usuario=&sector=&fecha=2022&resuelve= HTTP/1.1" 200 1118
