186.80.52.74 - - [23/Aug/2022:08:33:02 -0500] "GET /sipse/faces/javax.faces.resource/primefaces.js?ln=primefaces&v=4.0 HTTP/1.1" 304 -
186.80.52.74 - - [23/Aug/2022:08:33:02 -0500] "GET /sipse/faces/javax.faces.resource/layout/layout.js?ln=primefaces&v=4.0 HTTP/1.1" 304 -
186.80.52.74 - - [23/Aug/2022:08:33:02 -0500] "POST /sipse/faces/presentacion/financiero/solicitudProceso/listarSolicitudProceso.xhtml HTTP/1.1" 200 57709
186.80.52.74 - - [23/Aug/2022:08:33:03 -0500] "POST /sipse/faces/presentacion/financiero/solicitudProceso/listarSolicitudProceso.xhtml HTTP/1.1" 200 57709
186.80.52.74 - - [23/Aug/2022:08:33:03 -0500] "POST /sipse/faces/presentacion/financiero/solicitudProceso/listarSolicitudProceso.xhtml HTTP/1.1" 200 1552
186.80.52.74 - - [23/Aug/2022:08:33:04 -0500] "POST /sipse/faces/presentacion/financiero/solicitudProceso/listarSolicitudProceso.xhtml HTTP/1.1" 200 1544
186.80.52.74 - - [23/Aug/2022:08:33:05 -0500] "POST /sipse/faces/presentacion/financiero/solicitudProceso/listarSolicitudProceso.xhtml HTTP/1.1" 200 1556
172.22.2.4 - - [23/Aug/2022:08:31:36 -0500] "HEAD /BLA/boletinlegal/ HTTP/1.1" 200 -
201.245.192.253 - - [23/Aug/2022:08:33:22 -0500] "GET /sipse/faces/index.xhtml HTTP/1.1" 200 677
201.245.192.253 - - [23/Aug/2022:08:33:22 -0500] "GET /sipse/faces/javax.faces.resource/theme.css?ln=primefaces-sipse HTTP/1.1" 304 -
201.245.192.253 - - [23/Aug/2022:08:33:22 -0500] "GET /sipse/faces/faces/autenticacion.xhtml HTTP/1.1" 200 12179
201.245.192.253 - - [23/Aug/2022:08:33:22 -0500] "GET /sipse/js/disable_browser_buttons.js HTTP/1.1" 304 -
201.245.192.253 - - [23/Aug/2022:08:33:22 -0500] "GET /sipse/js/funciones.js HTTP/1.1" 304 -
201.245.192.253 - - [23/Aug/2022:08:33:22 -0500] "GET /sipse/css/custom_css_sg.css HTTP/1.1" 304 -
201.245.192.253 - - [23/Aug/2022:08:33:22 -0500] "GET /sipse/css/custom_css_sg_prime_login.css HTTP/1.1" 304 -
201.245.192.253 - - [23/Aug/2022:08:33:22 -0500] "GET /sipse/faces/javax.faces.resource/layout/layout.css?ln=primefaces&v=4.0 HTTP/1.1" 304 -
201.245.192.253 - - [23/Aug/2022:08:33:22 -0500] "GET /sipse/faces/javax.faces.resource/jquery/jquery.js?ln=primefaces&v=4.0 HTTP/1.1" 304 -
201.245.192.253 - - [23/Aug/2022:08:33:22 -0500] "GET /sipse/faces/javax.faces.resource/primefaces.css?ln=primefaces&v=4.0 HTTP/1.1" 304 -
201.245.192.253 - - [23/Aug/2022:08:33:22 -0500] "GET /sipse/faces/javax.faces.resource/theme.css?ln=primefaces-sipse HTTP/1.1" 304 -
201.245.192.253 - - [23/Aug/2022:08:33:22 -0500] "GET /sipse/faces/javax.faces.resource/jquery/jquery-plugins.js?ln=primefaces&v=4.0 HTTP/1.1" 304 -
201.245.192.253 - - [23/Aug/2022:08:33:22 -0500] "GET /sipse/faces/javax.faces.resource/primefaces.js?ln=primefaces&v=4.0 HTTP/1.1" 304 -
201.245.192.253 - - [23/Aug/2022:08:33:22 -0500] "GET /sipse/faces/javax.faces.resource/layout/layout.js?ln=primefaces&v=4.0 HTTP/1.1" 304 -
201.245.192.253 - - [23/Aug/2022:08:33:22 -0500] "GET /sipse/css/imagen/logoSDG.png HTTP/1.1" 304 -
201.245.192.253 - - [23/Aug/2022:08:33:22 -0500] "GET /sipse/css/imagen/loginimg.png HTTP/1.1" 304 -
201.245.192.253 - - [23/Aug/2022:08:33:22 -0500] "GET /sipse/faces/javax.faces.resource/images/ui-icons_898989_256x240.png?ln=primefaces-aristo HTTP/1.1" 304 -
181.53.236.214 - - [23/Aug/2022:08:33:24 -0500] "-" 408 -
186.98.88.160 - - [23/Aug/2022:08:33:31 -0500] "GET /sipse/faces/faces/index.xhtml HTTP/1.1" 200 677
186.98.88.160 - - [23/Aug/2022:08:33:31 -0500] "GET /sipse/faces/javax.faces.resource/theme.css?ln=primefaces-sipse HTTP/1.1" 304 -
186.98.88.160 - - [23/Aug/2022:08:33:32 -0500] "GET /sipse/faces/faces/faces/autenticacion.xhtml HTTP/1.1" 200 12179
186.98.88.160 - - [23/Aug/2022:08:33:32 -0500] "GET /sipse/js/funciones.js HTTP/1.1" 304 -
186.98.88.160 - - [23/Aug/2022:08:33:32 -0500] "GET /sipse/js/disable_browser_buttons.js HTTP/1.1" 304 -
186.98.88.160 - - [23/Aug/2022:08:33:32 -0500] "GET /sipse/faces/javax.faces.resource/layout/layout.css?ln=primefaces&v=4.0 HTTP/1.1" 304 -
186.98.88.160 - - [23/Aug/2022:08:33:32 -0500] "GET /sipse/css/custom_css_sg_prime_login.css HTTP/1.1" 304 -
186.98.88.160 - - [23/Aug/2022:08:33:32 -0500] "GET /sipse/css/custom_css_sg.css HTTP/1.1" 304 -
186.98.88.160 - - [23/Aug/2022:08:33:32 -0500] "GET /sipse/faces/javax.faces.resource/jquery/jquery.js?ln=primefaces&v=4.0 HTTP/1.1" 304 -
186.98.88.160 - - [23/Aug/2022:08:33:32 -0500] "GET /sipse/faces/javax.faces.resource/primefaces.css?ln=primefaces&v=4.0 HTTP/1.1" 304 -
186.98.88.160 - - [23/Aug/2022:08:33:32 -0500] "GET /sipse/faces/javax.faces.resource/theme.css?ln=primefaces-sipse HTTP/1.1" 304 -
186.98.88.160 - - [23/Aug/2022:08:33:32 -0500] "GET /sipse/faces/javax.faces.resource/primefaces.js?ln=primefaces&v=4.0 HTTP/1.1" 304 -
186.98.88.160 - - [23/Aug/2022:08:33:32 -0500] "GET /sipse/faces/javax.faces.resource/jquery/jquery-plugins.js?ln=primefaces&v=4.0 HTTP/1.1" 304 -
186.98.88.160 - - [23/Aug/2022:08:33:32 -0500] "GET /sipse/faces/javax.faces.resource/layout/layout.js?ln=primefaces&v=4.0 HTTP/1.1" 304 -
186.98.88.160 - - [23/Aug/2022:08:33:32 -0500] "GET /sipse/css/imagen/logoSDG.png HTTP/1.1" 304 -
186.98.88.160 - - [23/Aug/2022:08:33:32 -0500] "GET /sipse/css/imagen/loginimg.png HTTP/1.1" 304 -
186.98.88.160 - - [23/Aug/2022:08:33:32 -0500] "GET /sipse/faces/javax.faces.resource/images/ui-icons_898989_256x240.png?ln=primefaces-aristo HTTP/1.1" 304 -
181.53.236.214 - - [23/Aug/2022:08:33:34 -0500] "-" 408 -
186.98.88.160 - - [23/Aug/2022:08:33:35 -0500] "POST /sipse/faces/autenticacion.xhtml HTTP/1.1" 200 2224
186.98.88.160 - - [23/Aug/2022:08:33:35 -0500] "GET /sipse/faces/javax.faces.resource/messages/messages.png?ln=primefaces&v=4.0 HTTP/1.1" 304 -
186.80.52.74 - - [23/Aug/2022:08:33:34 -0500] "POST /sipse/faces/presentacion/financiero/solicitudProceso/listarSolicitudProceso.xhtml HTTP/1.1" 200 131802
186.80.52.74 - - [23/Aug/2022:08:33:35 -0500] "GET /sipse/faces/javax.faces.resource/theme.css?ln=primefaces-sipse HTTP/1.1" 304 -
186.80.52.74 - - [23/Aug/2022:08:33:35 -0500] "GET /sipse/faces/javax.faces.resource/primefaces.css?ln=primefaces&v=4.0 HTTP/1.1" 304 -
186.80.52.74 - - [23/Aug/2022:08:33:35 -0500] "GET /sipse/faces/javax.faces.resource/layout/layout.css?ln=primefaces&v=4.0 HTTP/1.1" 304 -
186.80.52.74 - - [23/Aug/2022:08:33:35 -0500] "GET /sipse/faces/javax.faces.resource/jquery/jquery.js?ln=primefaces&v=4.0 HTTP/1.1" 304 -
186.80.52.74 - - [23/Aug/2022:08:33:35 -0500] "GET /sipse/faces/javax.faces.resource/jquery/jquery-plugins.js?ln=primefaces&v=4.0 HTTP/1.1" 304 -
186.80.52.74 - - [23/Aug/2022:08:33:35 -0500] "GET /sipse/faces/javax.faces.resource/primefaces.js?ln=primefaces&v=4.0 HTTP/1.1" 304 -
186.80.52.74 - - [23/Aug/2022:08:33:36 -0500] "GET /sipse/faces/javax.faces.resource/layout/layout.js?ln=primefaces&v=4.0 HTTP/1.1" 304 -
186.98.88.160 - - [23/Aug/2022:08:33:36 -0500] "POST /sipse/faces/autenticacion.xhtml HTTP/1.1" 200 16357
186.98.88.160 - - [23/Aug/2022:08:33:36 -0500] "GET /sipse/css/custom_css_sg_prime.css HTTP/1.1" 304 -
186.98.88.160 - - [23/Aug/2022:08:33:36 -0500] "GET /sipse/faces/javax.faces.resource/primefaces.css?ln=primefaces&v=4.0 HTTP/1.1" 304 -
186.98.88.160 - - [23/Aug/2022:08:33:36 -0500] "GET /sipse/faces/javax.faces.resource/theme.css?ln=primefaces-sipse HTTP/1.1" 304 -
186.98.88.160 - - [23/Aug/2022:08:33:36 -0500] "GET /sipse/faces/javax.faces.resource/layout/layout.css?ln=primefaces&v=4.0 HTTP/1.1" 304 -
186.98.88.160 - - [23/Aug/2022:08:33:36 -0500] "GET /sipse/js/jquery.min.js HTTP/1.1" 304 -
186.98.88.160 - - [23/Aug/2022:08:33:36 -0500] "GET /sipse/faces/javax.faces.resource/jquery/jquery.js?ln=primefaces&v=4.0 HTTP/1.1" 304 -
186.98.88.160 - - [23/Aug/2022:08:33:36 -0500] "GET /sipse/faces/javax.faces.resource/jquery/jquery-plugins.js?ln=primefaces&v=4.0 HTTP/1.1" 304 -
186.98.88.160 - - [23/Aug/2022:08:33:36 -0500] "GET /sipse/faces/javax.faces.resource/primefaces.js?ln=primefaces&v=4.0 HTTP/1.1" 304 -
186.98.88.160 - - [23/Aug/2022:08:33:36 -0500] "GET /sipse/faces/javax.faces.resource/layout/layout.js?ln=primefaces&v=4.0 HTTP/1.1" 304 -
186.98.88.160 - - [23/Aug/2022:08:33:36 -0500] "GET /sipse/css/imagen/contrasena.png HTTP/1.1" 404 383
186.98.88.160 - - [23/Aug/2022:08:33:36 -0500] "GET /sipse/imagenes/logoAplicacion.jpg HTTP/1.1" 304 -
186.98.88.160 - - [23/Aug/2022:08:33:36 -0500] "GET /sipse/imagenes/cargando.gif HTTP/1.1" 304 -
186.98.88.160 - - [23/Aug/2022:08:33:38 -0500] "GET /sipse/faces/javax.faces.resource/images/ui-bg_flat_0_2d5972_40x100.png?ln=primefaces-aristo HTTP/1.1" 304 -
186.98.88.160 - - [23/Aug/2022:08:33:38 -0500] "POST /sipse/faces/bienvenido.xhtml HTTP/1.1" 200 2658
186.98.88.160 - - [23/Aug/2022:08:33:39 -0500] "POST /sipse/faces/bienvenido.xhtml HTTP/1.1" 200 64576
186.98.88.160 - - [23/Aug/2022:08:33:42 -0500] "GET /sipse/faces/javax.faces.resource/theme.css?ln=primefaces-sipse HTTP/1.1" 304 -
186.98.88.160 - - [23/Aug/2022:08:33:42 -0500] "GET /sipse/faces/javax.faces.resource/layout/layout.css?ln=primefaces&v=4.0 HTTP/1.1" 304 -
186.98.88.160 - - [23/Aug/2022:08:33:42 -0500] "GET /sipse/faces/javax.faces.resource/primefaces.css?ln=primefaces&v=4.0 HTTP/1.1" 304 -
186.98.88.160 - - [23/Aug/2022:08:33:42 -0500] "GET /sipse/faces/javax.faces.resource/jquery/jquery.js?ln=primefaces&v=4.0 HTTP/1.1" 304 -
186.98.88.160 - - [23/Aug/2022:08:33:42 -0500] "GET /sipse/faces/javax.faces.resource/jquery/jquery-plugins.js?ln=primefaces&v=4.0 HTTP/1.1" 304 -
186.98.88.160 - - [23/Aug/2022:08:33:42 -0500] "GET /sipse/faces/javax.faces.resource/primefaces.js?ln=primefaces&v=4.0 HTTP/1.1" 304 -
186.98.88.160 - - [23/Aug/2022:08:33:42 -0500] "GET /sipse/faces/javax.faces.resource/layout/layout.js?ln=primefaces&v=4.0 HTTP/1.1" 304 -
185.119.81.101 - - [23/Aug/2022:08:33:43 -0500] "GET /portaldeninos/wp-login.php HTTP/1.1" 200 2592
186.98.88.160 - - [23/Aug/2022:08:33:42 -0500] "POST /sipse/faces/presentacion/financiero/solicitudProceso/listarSolicitudProceso.xhtml HTTP/1.1" 200 1552
185.119.81.101 - - [23/Aug/2022:08:33:44 -0500] "POST /portaldeninos/wp-login.php HTTP/1.1" 200 3670
181.53.236.214 - - [23/Aug/2022:08:33:44 -0500] "-" 408 -
161.10.230.138 - - [23/Aug/2022:08:33:54 -0500] "GET /galeria/galeria/jquery.fancybox.css?v=2.1.5 HTTP/1.1" 200 4895
161.10.230.138 - - [23/Aug/2022:08:33:54 -0500] "GET /galeria/galeria/jquery.fancybox.js?v=2.1.5 HTTP/1.1" 200 48706
161.10.230.138 - - [23/Aug/2022:08:33:54 -0500] "GET /BLA/boletinlegal/js/jquery.scrollShow.js HTTP/1.1" 200 4586
181.53.236.214 - - [23/Aug/2022:08:33:54 -0500] "-" 408 -
186.80.52.74 - - [23/Aug/2022:08:34:04 -0500] "POST /sipse/faces/presentacion/financiero/solicitudProceso/consultarSolicitudProceso.xhtml HTTP/1.1" 200 64430
186.80.52.74 - - [23/Aug/2022:08:34:04 -0500] "GET /sipse/faces/javax.faces.resource/theme.css?ln=primefaces-sipse HTTP/1.1" 304 -
186.80.52.74 - - [23/Aug/2022:08:34:04 -0500] "GET /sipse/faces/javax.faces.resource/primefaces.css?ln=primefaces&v=4.0 HTTP/1.1" 304 -
186.80.52.74 - - [23/Aug/2022:08:34:04 -0500] "GET /sipse/faces/javax.faces.resource/layout/layout.css?ln=primefaces&v=4.0 HTTP/1.1" 304 -
186.80.52.74 - - [23/Aug/2022:08:34:04 -0500] "GET /sipse/faces/javax.faces.resource/jquery/jquery.js?ln=primefaces&v=4.0 HTTP/1.1" 304 -
186.80.52.74 - - [23/Aug/2022:08:34:04 -0500] "GET /sipse/faces/javax.faces.resource/jquery/jquery-plugins.js?ln=primefaces&v=4.0 HTTP/1.1" 304 -
186.80.52.74 - - [23/Aug/2022:08:34:04 -0500] "GET /sipse/faces/javax.faces.resource/primefaces.js?ln=primefaces&v=4.0 HTTP/1.1" 304 -
181.53.236.214 - - [23/Aug/2022:08:34:04 -0500] "-" 408 -
186.80.52.74 - - [23/Aug/2022:08:34:04 -0500] "GET /sipse/faces/javax.faces.resource/layout/layout.js?ln=primefaces&v=4.0 HTTP/1.1" 304 -
186.80.52.74 - - [23/Aug/2022:08:34:05 -0500] "POST /sipse/faces/presentacion/financiero/solicitudProceso/listarSolicitudProceso.xhtml HTTP/1.1" 200 57709
186.80.52.74 - - [23/Aug/2022:08:34:05 -0500] "POST /sipse/faces/presentacion/financiero/solicitudProceso/listarSolicitudProceso.xhtml HTTP/1.1" 200 57709
186.80.52.74 - - [23/Aug/2022:08:34:06 -0500] "POST /sipse/faces/presentacion/financiero/solicitudProceso/listarSolicitudProceso.xhtml HTTP/1.1" 200 57709
186.80.52.74 - - [23/Aug/2022:08:34:06 -0500] "POST /sipse/faces/presentacion/financiero/solicitudProceso/listarSolicitudProceso.xhtml HTTP/1.1" 200 57709
172.22.2.4 - - [23/Aug/2022:08:32:27 -0500] "GET /BLA/boletinlegal/ HTTP/1.1" 200 60272
186.80.52.74 - - [23/Aug/2022:08:34:06 -0500] "POST /sipse/faces/presentacion/financiero/solicitudProceso/listarSolicitudProceso.xhtml HTTP/1.1" 200 1552
186.80.52.74 - - [23/Aug/2022:08:34:07 -0500] "POST /sipse/faces/presentacion/financiero/solicitudProceso/listarSolicitudProceso.xhtml HTTP/1.1" 200 1544
186.80.52.74 - - [23/Aug/2022:08:34:08 -0500] "POST /sipse/faces/presentacion/financiero/solicitudProceso/listarSolicitudProceso.xhtml HTTP/1.1" 200 1556
186.80.52.74 - - [23/Aug/2022:08:34:09 -0500] "POST /sipse/faces/presentacion/financiero/solicitudProceso/listarSolicitudProceso.xhtml HTTP/1.1" 200 1544
186.80.52.74 - - [23/Aug/2022:08:34:10 -0500] "POST /sipse/faces/presentacion/financiero/solicitudProceso/listarSolicitudProceso.xhtml HTTP/1.1" 200 1556
186.98.88.160 - - [23/Aug/2022:08:34:14 -0500] "POST /sipse/faces/presentacion/financiero/solicitudProceso/listarSolicitudProceso.xhtml HTTP/1.1" 200 112289
186.98.88.160 - - [23/Aug/2022:08:34:14 -0500] "GET /sipse/faces/javax.faces.resource/theme.css?ln=primefaces-sipse HTTP/1.1" 304 -
186.98.88.160 - - [23/Aug/2022:08:34:15 -0500] "GET /sipse/faces/javax.faces.resource/primefaces.css?ln=primefaces&v=4.0 HTTP/1.1" 304 -
186.98.88.160 - - [23/Aug/2022:08:34:15 -0500] "GET /sipse/faces/javax.faces.resource/layout/layout.css?ln=primefaces&v=4.0 HTTP/1.1" 304 -
186.98.88.160 - - [23/Aug/2022:08:34:15 -0500] "GET /sipse/faces/javax.faces.resource/jquery/jquery.js?ln=primefaces&v=4.0 HTTP/1.1" 304 -
186.98.88.160 - - [23/Aug/2022:08:34:15 -0500] "GET /sipse/faces/javax.faces.resource/jquery/jquery-plugins.js?ln=primefaces&v=4.0 HTTP/1.1" 304 -
186.98.88.160 - - [23/Aug/2022:08:34:15 -0500] "GET /sipse/faces/javax.faces.resource/primefaces.js?ln=primefaces&v=4.0 HTTP/1.1" 304 -
186.98.88.160 - - [23/Aug/2022:08:34:15 -0500] "GET /sipse/faces/javax.faces.resource/layout/layout.js?ln=primefaces&v=4.0 HTTP/1.1" 304 -
186.80.52.74 - - [23/Aug/2022:08:34:18 -0500] "POST /sipse/faces/presentacion/financiero/solicitudProceso/listarSolicitudProceso.xhtml HTTP/1.1" 200 155942
186.80.52.74 - - [23/Aug/2022:08:34:20 -0500] "GET /sipse/faces/javax.faces.resource/theme.css?ln=primefaces-sipse HTTP/1.1" 304 -
186.80.52.74 - - [23/Aug/2022:08:34:20 -0500] "GET /sipse/faces/javax.faces.resource/primefaces.css?ln=primefaces&v=4.0 HTTP/1.1" 304 -
186.80.52.74 - - [23/Aug/2022:08:34:20 -0500] "GET /sipse/faces/javax.faces.resource/layout/layout.css?ln=primefaces&v=4.0 HTTP/1.1" 304 -
186.80.52.74 - - [23/Aug/2022:08:34:20 -0500] "GET /sipse/faces/javax.faces.resource/jquery/jquery.js?ln=primefaces&v=4.0 HTTP/1.1" 304 -
186.80.52.74 - - [23/Aug/2022:08:34:20 -0500] "GET /sipse/faces/javax.faces.resource/jquery/jquery-plugins.js?ln=primefaces&v=4.0 HTTP/1.1" 304 -
186.80.52.74 - - [23/Aug/2022:08:34:20 -0500] "GET /sipse/faces/javax.faces.resource/primefaces.js?ln=primefaces&v=4.0 HTTP/1.1" 304 -
186.80.52.74 - - [23/Aug/2022:08:34:20 -0500] "GET /sipse/faces/javax.faces.resource/layout/layout.js?ln=primefaces&v=4.0 HTTP/1.1" 304 -
186.80.52.74 - - [23/Aug/2022:08:34:40 -0500] "POST /sipse/faces/presentacion/financiero/solicitudProceso/consultarSolicitudProceso.xhtml HTTP/1.1" 200 5514
186.98.88.160 - - [23/Aug/2022:08:34:39 -0500] "POST /sipse/faces/presentacion/financiero/solicitudProceso/consultarSolicitudProceso.xhtml HTTP/1.1" 200 68535
186.98.88.160 - - [23/Aug/2022:08:34:41 -0500] "GET /sipse/faces/javax.faces.resource/theme.css?ln=primefaces-sipse HTTP/1.1" 304 -
186.98.88.160 - - [23/Aug/2022:08:34:41 -0500] "GET /sipse/faces/javax.faces.resource/primefaces.css?ln=primefaces&v=4.0 HTTP/1.1" 304 -
186.98.88.160 - - [23/Aug/2022:08:34:41 -0500] "GET /sipse/faces/javax.faces.resource/layout/layout.css?ln=primefaces&v=4.0 HTTP/1.1" 304 -
186.98.88.160 - - [23/Aug/2022:08:34:41 -0500] "GET /sipse/faces/javax.faces.resource/jquery/jquery.js?ln=primefaces&v=4.0 HTTP/1.1" 304 -
186.98.88.160 - - [23/Aug/2022:08:34:41 -0500] "GET /sipse/faces/javax.faces.resource/jquery/jquery-plugins.js?ln=primefaces&v=4.0 HTTP/1.1" 304 -
186.98.88.160 - - [23/Aug/2022:08:34:41 -0500] "GET /sipse/faces/javax.faces.resource/primefaces.js?ln=primefaces&v=4.0 HTTP/1.1" 304 -
186.98.88.160 - - [23/Aug/2022:08:34:41 -0500] "GET /sipse/faces/javax.faces.resource/layout/layout.js?ln=primefaces&v=4.0 HTTP/1.1" 304 -
186.98.88.160 - - [23/Aug/2022:08:34:41 -0500] "GET /sipse/faces/javax.faces.resource/images/ui-icons_898989_256x240.png?ln=primefaces-aristo HTTP/1.1" 304 -
186.98.88.160 - - [23/Aug/2022:08:34:41 -0500] "GET /sipse/css/imagen/contrasena.png HTTP/1.1" 404 383
186.98.88.160 - - [23/Aug/2022:08:34:41 -0500] "GET /sipse/faces/javax.faces.resource/images/ui-bg_flat_0_2d5972_40x100.png?ln=primefaces-aristo HTTP/1.1" 304 -
186.98.88.160 - - [23/Aug/2022:08:34:41 -0500] "POST /sipse/faces/presentacion/financiero/solicitudProceso/listarSolicitudProceso.xhtml HTTP/1.1" 200 1552
186.98.88.160 - - [23/Aug/2022:08:34:43 -0500] "POST /sipse/faces/presentacion/financiero/solicitudProceso/listarSolicitudProceso.xhtml HTTP/1.1" 200 1544
201.245.192.253 - - [23/Aug/2022:08:34:54 -0500] "POST /kwsrmcab/Wsrmcab  HTTP/1.1" 200 46805
186.80.52.74 - - [23/Aug/2022:08:35:07 -0500] "POST /sipse/faces/presentacion/financiero/solicitudProceso/consultarSolicitudProceso.xhtml HTTP/1.1" 200 64430
186.80.52.74 - - [23/Aug/2022:08:35:07 -0500] "GET /sipse/faces/javax.faces.resource/primefaces.css?ln=primefaces&v=4.0 HTTP/1.1" 304 -
186.80.52.74 - - [23/Aug/2022:08:35:07 -0500] "GET /sipse/faces/javax.faces.resource/theme.css?ln=primefaces-sipse HTTP/1.1" 304 -
186.80.52.74 - - [23/Aug/2022:08:35:07 -0500] "GET /sipse/faces/javax.faces.resource/layout/layout.css?ln=primefaces&v=4.0 HTTP/1.1" 304 -
186.80.52.74 - - [23/Aug/2022:08:35:07 -0500] "GET /sipse/faces/javax.faces.resource/jquery/jquery.js?ln=primefaces&v=4.0 HTTP/1.1" 304 -
186.80.52.74 - - [23/Aug/2022:08:35:07 -0500] "GET /sipse/faces/javax.faces.resource/jquery/jquery-plugins.js?ln=primefaces&v=4.0 HTTP/1.1" 304 -
186.80.52.74 - - [23/Aug/2022:08:35:07 -0500] "GET /sipse/faces/javax.faces.resource/primefaces.js?ln=primefaces&v=4.0 HTTP/1.1" 304 -
186.80.52.74 - - [23/Aug/2022:08:35:07 -0500] "GET /sipse/faces/javax.faces.resource/layout/layout.js?ln=primefaces&v=4.0 HTTP/1.1" 304 -
186.80.52.74 - - [23/Aug/2022:08:35:08 -0500] "POST /sipse/faces/presentacion/financiero/solicitudProceso/listarSolicitudProceso.xhtml HTTP/1.1" 200 57709
186.80.52.74 - - [23/Aug/2022:08:35:08 -0500] "POST /sipse/faces/presentacion/financiero/solicitudProceso/listarSolicitudProceso.xhtml HTTP/1.1" 200 57709
186.80.52.74 - - [23/Aug/2022:08:35:08 -0500] "POST /sipse/faces/presentacion/financiero/solicitudProceso/listarSolicitudProceso.xhtml HTTP/1.1" 200 57709
186.80.52.74 - - [23/Aug/2022:08:35:09 -0500] "POST /sipse/faces/presentacion/financiero/solicitudProceso/listarSolicitudProceso.xhtml HTTP/1.1" 200 57709
186.80.52.74 - - [23/Aug/2022:08:35:09 -0500] "POST /sipse/faces/presentacion/financiero/solicitudProceso/listarSolicitudProceso.xhtml HTTP/1.1" 200 57709
186.80.52.74 - - [23/Aug/2022:08:35:10 -0500] "POST /sipse/faces/presentacion/financiero/solicitudProceso/listarSolicitudProceso.xhtml HTTP/1.1" 200 57709
186.80.52.74 - - [23/Aug/2022:08:35:10 -0500] "POST /sipse/faces/presentacion/financiero/solicitudProceso/listarSolicitudProceso.xhtml HTTP/1.1" 200 1552
186.80.52.74 - - [23/Aug/2022:08:35:11 -0500] "POST /sipse/faces/presentacion/financiero/solicitudProceso/listarSolicitudProceso.xhtml HTTP/1.1" 200 1544
186.80.52.74 - - [23/Aug/2022:08:35:11 -0500] "POST /sipse/faces/presentacion/financiero/solicitudProceso/listarSolicitudProceso.xhtml HTTP/1.1" 200 1556
186.80.52.74 - - [23/Aug/2022:08:35:12 -0500] "POST /sipse/faces/presentacion/financiero/solicitudProceso/listarSolicitudProceso.xhtml HTTP/1.1" 200 1544
186.80.52.74 - - [23/Aug/2022:08:35:13 -0500] "POST /sipse/faces/presentacion/financiero/solicitudProceso/listarSolicitudProceso.xhtml HTTP/1.1" 200 1556
186.80.52.74 - - [23/Aug/2022:08:35:14 -0500] "POST /sipse/faces/presentacion/financiero/solicitudProceso/listarSolicitudProceso.xhtml HTTP/1.1" 200 1544
186.80.52.74 - - [23/Aug/2022:08:35:14 -0500] "POST /sipse/faces/presentacion/financiero/solicitudProceso/listarSolicitudProceso.xhtml HTTP/1.1" 200 1556
173.231.60.194 - - [23/Aug/2022:08:35:15 -0500] "GET /BLA/resoluciones/index.php?dir=RESOLUCIONES%202006%2FRES%202006%201101-1150%2F&sort=name&order=asc HTTP/1.1" 200 12368
186.80.52.74 - - [23/Aug/2022:08:35:20 -0500] "POST /sipse/faces/presentacion/financiero/solicitudProceso/listarSolicitudProceso.xhtml HTTP/1.1" 200 131809
186.80.52.74 - - [23/Aug/2022:08:35:21 -0500] "GET /sipse/faces/javax.faces.resource/theme.css?ln=primefaces-sipse HTTP/1.1" 304 -
186.80.52.74 - - [23/Aug/2022:08:35:21 -0500] "GET /sipse/faces/javax.faces.resource/primefaces.css?ln=primefaces&v=4.0 HTTP/1.1" 304 -
186.80.52.74 - - [23/Aug/2022:08:35:21 -0500] "GET /sipse/faces/javax.faces.resource/layout/layout.css?ln=primefaces&v=4.0 HTTP/1.1" 304 -
186.80.52.74 - - [23/Aug/2022:08:35:21 -0500] "GET /sipse/faces/javax.faces.resource/jquery/jquery.js?ln=primefaces&v=4.0 HTTP/1.1" 304 -
186.80.52.74 - - [23/Aug/2022:08:35:22 -0500] "GET /sipse/faces/javax.faces.resource/jquery/jquery-plugins.js?ln=primefaces&v=4.0 HTTP/1.1" 304 -
186.80.52.74 - - [23/Aug/2022:08:35:22 -0500] "GET /sipse/faces/javax.faces.resource/primefaces.js?ln=primefaces&v=4.0 HTTP/1.1" 304 -
186.80.52.74 - - [23/Aug/2022:08:35:22 -0500] "GET /sipse/faces/javax.faces.resource/layout/layout.js?ln=primefaces&v=4.0 HTTP/1.1" 304 -
173.231.60.194 - - [23/Aug/2022:08:35:27 -0500] "GET /BLA/resoluciones/index.php?dir=RESOLUCIONES%202006%2FRES%202006%201151-1200%2F&sort=name&order=asc HTTP/1.1" 200 12365
186.80.52.74 - - [23/Aug/2022:08:35:36 -0500] "POST /sipse/faces/presentacion/financiero/solicitudProceso/consultarSolicitudProceso.xhtml HTTP/1.1" 200 39474
186.80.52.74 - - [23/Aug/2022:08:35:37 -0500] "GET /sipse/faces/javax.faces.resource/theme.css?ln=primefaces-sipse HTTP/1.1" 304 -
186.80.52.74 - - [23/Aug/2022:08:35:37 -0500] "GET /sipse/faces/javax.faces.resource/primefaces.css?ln=primefaces&v=4.0 HTTP/1.1" 304 -
186.80.52.74 - - [23/Aug/2022:08:35:37 -0500] "GET /sipse/faces/javax.faces.resource/layout/layout.css?ln=primefaces&v=4.0 HTTP/1.1" 304 -
186.80.52.74 - - [23/Aug/2022:08:35:37 -0500] "GET /sipse/faces/javax.faces.resource/jquery/jquery.js?ln=primefaces&v=4.0 HTTP/1.1" 304 -
186.80.52.74 - - [23/Aug/2022:08:35:37 -0500] "GET /sipse/faces/javax.faces.resource/jquery/jquery-plugins.js?ln=primefaces&v=4.0 HTTP/1.1" 304 -
186.80.52.74 - - [23/Aug/2022:08:35:37 -0500] "GET /sipse/faces/javax.faces.resource/primefaces.js?ln=primefaces&v=4.0 HTTP/1.1" 304 -
186.80.52.74 - - [23/Aug/2022:08:35:37 -0500] "GET /sipse/faces/javax.faces.resource/layout/layout.js?ln=primefaces&v=4.0 HTTP/1.1" 304 -
173.231.60.194 - - [23/Aug/2022:08:35:38 -0500] "GET /BLA/resoluciones/index.php?dir=RESOLUCIONES%202006%2FRES%202006%201201-1250%2F&sort=name&order=asc HTTP/1.1" 200 12346
173.231.60.194 - - [23/Aug/2022:08:35:51 -0500] "GET /BLA/resoluciones/index.php?dir=RESOLUCIONES%202006%2FRES%202006%201251-1300%2F&sort=name&order=asc HTTP/1.1" 200 12368
172.22.2.4 - - [23/Aug/2022:08:35:59 -0500] "GET /BLA/boletinlegal/jurisprudencia/analisis/AnalisisC-746-12.docx HTTP/1.1" 200 22637
173.231.60.194 - - [23/Aug/2022:08:36:03 -0500] "GET /BLA/resoluciones/index.php?dir=RESOLUCIONES%202006%2FRES%202006%201301-1350%2F&sort=name&order=asc HTTP/1.1" 200 12365
173.231.60.194 - - [23/Aug/2022:08:36:14 -0500] "GET /BLA/resoluciones/index.php?dir=RESOLUCIONES%202006%2FRES%202006%201351-1400%2F&sort=name&order=asc HTTP/1.1" 200 12367
173.231.60.194 - - [23/Aug/2022:08:36:26 -0500] "GET /BLA/resoluciones/index.php?dir=RESOLUCIONES%202006%2FRES%202006%201401-1450%2F&sort=name&order=asc HTTP/1.1" 200 12367
186.30.164.250 - - [23/Aug/2022:08:36:28 -0500] "GET /BLA/boletinlegal/js/jquery.scrollShow.js HTTP/1.1" 200 4586
186.30.164.250 - - [23/Aug/2022:08:36:28 -0500] "GET /galeria/galeria/jquery.fancybox.js?v=2.1.5 HTTP/1.1" 200 48706
186.30.164.250 - - [23/Aug/2022:08:36:28 -0500] "GET /galeria/galeria/jquery.fancybox.css?v=2.1.5 HTTP/1.1" 200 4895
181.60.110.39 - - [23/Aug/2022:08:36:36 -0500] "GET /BLA/boletinlegal/js/jquery.scrollShow.js HTTP/1.1" 200 4586
181.60.110.39 - - [23/Aug/2022:08:36:36 -0500] "GET /galeria/galeria/jquery.fancybox.js?v=2.1.5 HTTP/1.1" 200 48706
173.231.60.194 - - [23/Aug/2022:08:36:36 -0500] "GET /BLA/resoluciones/index.php?dir=RESOLUCIONES%202006%2FRES%202006%201451-1500%2F&sort=name&order=asc HTTP/1.1" 200 12370
181.60.110.39 - - [23/Aug/2022:08:36:37 -0500] "GET /autoliquidacion2020/index.php?dir=Grupo+Forestal+-+Silvicultura%2FPermiso+o+autorizaci%F3n+para+aprovechamiento+forestal+de+%E1rboles+aislados%2F HTTP/1.1" 200 3777
181.60.110.39 - - [23/Aug/2022:08:36:37 -0500] "GET /autoliquidacion2020/dlf/dirup.png HTTP/1.1" 200 644
181.60.110.39 - - [23/Aug/2022:08:36:37 -0500] "GET /autoliquidacion2020/dlf/styles.css HTTP/1.1" 200 3045
181.60.110.39 - - [23/Aug/2022:08:36:37 -0500] "GET /autoliquidacion2020/dlf/unknown.png HTTP/1.1" 200 266
181.60.110.39 - - [23/Aug/2022:08:36:37 -0500] "GET /autoliquidacion2020/dlf/xls.gif HTTP/1.1" 200 636
181.60.110.39 - - [23/Aug/2022:08:36:37 -0500] "GET /autoliquidacion2020/dlf/bg.gif HTTP/1.1" 200 54
173.231.60.194 - - [23/Aug/2022:08:36:45 -0500] "GET /BLA/resoluciones/index.php?dir=RESOLUCIONES%202006%2FRES%202006%201501-1550%2F&sort=name&order=asc HTTP/1.1" 200 12370
173.231.60.194 - - [23/Aug/2022:08:36:58 -0500] "GET /BLA/resoluciones/index.php?dir=RESOLUCIONES%202006%2FRES%202006%201551-1600%2F&sort=name&order=asc HTTP/1.1" 200 12369
216.245.221.92 - - [23/Aug/2022:08:37:05 -0500] "HEAD / HTTP/1.1" 200 -
173.231.60.194 - - [23/Aug/2022:08:37:07 -0500] "GET /BLA/resoluciones/index.php?dir=RESOLUCIONES%202006%2FRES%202006%201601-1650%2F&sort=name&order=asc HTTP/1.1" 200 12366
173.231.60.194 - - [23/Aug/2022:08:37:17 -0500] "GET /BLA/resoluciones/index.php?dir=RESOLUCIONES%202006%2FRES%202006%201651-1700%2F&sort=name&order=asc HTTP/1.1" 200 12354
173.231.60.194 - - [23/Aug/2022:08:37:30 -0500] "GET /BLA/resoluciones/index.php?dir=RESOLUCIONES%202006%2FRES%202006%201701-1751%2F&sort=name&order=asc HTTP/1.1" 200 12369
173.231.60.194 - - [23/Aug/2022:08:37:38 -0500] "GET /BLA/resoluciones/index.php?dir=RESOLUCIONES%202006%2FRES%202006%201751-1800%2F&sort=name&order=asc HTTP/1.1" 200 12368
173.231.60.194 - - [23/Aug/2022:08:37:49 -0500] "GET /BLA/resoluciones/index.php?dir=RESOLUCIONES%202006%2FRES%202006%201801-1850%2F&sort=name&order=asc HTTP/1.1" 200 12357
173.231.60.194 - - [23/Aug/2022:08:37:59 -0500] "GET /BLA/resoluciones/index.php?dir=RESOLUCIONES%202006%2FRES%202006%201851-1900%2F&sort=name&order=asc HTTP/1.1" 200 12364
173.231.60.194 - - [23/Aug/2022:08:38:12 -0500] "GET /BLA/resoluciones/index.php?dir=RESOLUCIONES%202006%2FRES%202006%201901-1950%2F&sort=name&order=asc HTTP/1.1" 200 12360
186.80.52.74 - - [23/Aug/2022:08:38:12 -0500] "POST /sipse/faces/presentacion/financiero/estudioPrevio/personalSolicitado/expedirExperienciaIdoneidad.xhtml HTTP/1.1" 200 5697
186.80.52.74 - - [23/Aug/2022:08:38:12 -0500] "POST /sipse/faces/presentacion/financiero/estudioPrevio/personalSolicitado/expedirExperienciaIdoneidad.xhtml HTTP/1.1" 200 32266
186.80.52.74 - - [23/Aug/2022:08:38:13 -0500] "GET /sipse/faces/javax.faces.resource/primefaces.css?ln=primefaces&v=4.0 HTTP/1.1" 304 -
186.80.52.74 - - [23/Aug/2022:08:38:13 -0500] "GET /sipse/faces/javax.faces.resource/theme.css?ln=primefaces-sipse HTTP/1.1" 304 -
186.80.52.74 - - [23/Aug/2022:08:38:13 -0500] "GET /sipse/faces/javax.faces.resource/jquery/jquery.js?ln=primefaces&v=4.0 HTTP/1.1" 304 -
186.80.52.74 - - [23/Aug/2022:08:38:13 -0500] "GET /sipse/faces/javax.faces.resource/layout/layout.css?ln=primefaces&v=4.0 HTTP/1.1" 304 -
186.80.52.74 - - [23/Aug/2022:08:38:13 -0500] "GET /sipse/faces/javax.faces.resource/jquery/jquery-plugins.js?ln=primefaces&v=4.0 HTTP/1.1" 304 -
186.80.52.74 - - [23/Aug/2022:08:38:13 -0500] "GET /sipse/faces/javax.faces.resource/primefaces.js?ln=primefaces&v=4.0 HTTP/1.1" 304 -
186.80.52.74 - - [23/Aug/2022:08:38:13 -0500] "GET /sipse/faces/javax.faces.resource/layout/layout.js?ln=primefaces&v=4.0 HTTP/1.1" 304 -
186.80.52.74 - - [23/Aug/2022:08:38:19 -0500] "POST /sipse/faces/presentacion/contratacion/procesoContractual/registrarInvitacionContratista.xhtml HTTP/1.1" 200 9701
173.231.60.194 - - [23/Aug/2022:08:38:23 -0500] "GET /BLA/resoluciones/index.php?dir=RESOLUCIONES%202006%2FRES%202006%201951-2000%2F&sort=name&order=asc HTTP/1.1" 200 12349
173.231.60.194 - - [23/Aug/2022:08:38:32 -0500] "GET /BLA/resoluciones/index.php?dir=RESOLUCIONES%202006%2FRES%202006%202001-2050%2F&sort=name&order=asc HTTP/1.1" 200 12363
173.231.60.194 - - [23/Aug/2022:08:38:44 -0500] "GET /BLA/resoluciones/index.php?dir=RESOLUCIONES%202006%2FRES%202006%202051-2100%2F&sort=name&order=asc HTTP/1.1" 200 12363
186.80.52.74 - - [23/Aug/2022:08:38:55 -0500] "POST /sipse/faces/presentacion/contratacion/procesoContractual/registrarInvitacionContratista.xhtml HTTP/1.1" 200 9248
201.245.192.253 - - [23/Aug/2022:08:38:58 -0500] "GET /appsia/controlador HTTP/1.1" 200 4799
173.231.60.194 - - [23/Aug/2022:08:38:57 -0500] "GET /BLA/resoluciones/index.php?dir=RESOLUCIONES%202006%2FRES%202006%202101-2150%2F&sort=name&order=asc HTTP/1.1" 200 12369
186.80.52.74 - - [23/Aug/2022:08:38:59 -0500] "GET /sipse/faces/javax.faces.resource/images/ui-icons_898989_256x240.png?ln=primefaces-aristo HTTP/1.1" 304 -
186.80.52.74 - - [23/Aug/2022:08:39:01 -0500] "POST /sipse/faces/presentacion/contratacion/procesoContractual/registrarInvitacionContratista.xhtml HTTP/1.1" 200 40683
186.80.52.74 - - [23/Aug/2022:08:39:01 -0500] "GET /sipse/faces/javax.faces.resource/theme.css?ln=primefaces-sipse HTTP/1.1" 304 -
186.80.52.74 - - [23/Aug/2022:08:39:01 -0500] "GET /sipse/faces/javax.faces.resource/primefaces.css?ln=primefaces&v=4.0 HTTP/1.1" 304 -
186.80.52.74 - - [23/Aug/2022:08:39:01 -0500] "GET /sipse/faces/javax.faces.resource/layout/layout.css?ln=primefaces&v=4.0 HTTP/1.1" 304 -
186.80.52.74 - - [23/Aug/2022:08:39:01 -0500] "GET /sipse/faces/javax.faces.resource/jquery/jquery.js?ln=primefaces&v=4.0 HTTP/1.1" 304 -
186.80.52.74 - - [23/Aug/2022:08:39:01 -0500] "GET /sipse/faces/javax.faces.resource/jquery/jquery-plugins.js?ln=primefaces&v=4.0 HTTP/1.1" 304 -
186.80.52.74 - - [23/Aug/2022:08:39:01 -0500] "GET /sipse/faces/javax.faces.resource/primefaces.js?ln=primefaces&v=4.0 HTTP/1.1" 304 -
186.80.52.74 - - [23/Aug/2022:08:39:01 -0500] "GET /sipse/faces/javax.faces.resource/layout/layout.js?ln=primefaces&v=4.0 HTTP/1.1" 304 -
201.245.192.253 - - [23/Aug/2022:08:39:06 -0500] "POST /appsia/controlador HTTP/1.1" 200 5437
186.80.52.74 - - [23/Aug/2022:08:39:05 -0500] "POST /sipse/faces/presentacion/financiero/estudioPrevio/personalSolicitado/expedirExperienciaIdoneidad.xhtml HTTP/1.1" 200 42529
186.80.52.74 - - [23/Aug/2022:08:39:06 -0500] "GET /sipse/faces/javax.faces.resource/primefaces.css?ln=primefaces&v=4.0 HTTP/1.1" 304 -
186.80.52.74 - - [23/Aug/2022:08:39:06 -0500] "GET /sipse/faces/javax.faces.resource/theme.css?ln=primefaces-sipse HTTP/1.1" 304 -
186.80.52.74 - - [23/Aug/2022:08:39:06 -0500] "GET /sipse/faces/javax.faces.resource/jquery/jquery.js?ln=primefaces&v=4.0 HTTP/1.1" 304 -
186.80.52.74 - - [23/Aug/2022:08:39:06 -0500] "GET /sipse/faces/javax.faces.resource/layout/layout.css?ln=primefaces&v=4.0 HTTP/1.1" 304 -
186.80.52.74 - - [23/Aug/2022:08:39:06 -0500] "GET /sipse/faces/javax.faces.resource/jquery/jquery-plugins.js?ln=primefaces&v=4.0 HTTP/1.1" 304 -
186.80.52.74 - - [23/Aug/2022:08:39:06 -0500] "GET /sipse/faces/javax.faces.resource/layout/layout.js?ln=primefaces&v=4.0 HTTP/1.1" 304 -
186.80.52.74 - - [23/Aug/2022:08:39:06 -0500] "GET /sipse/faces/javax.faces.resource/primefaces.js?ln=primefaces&v=4.0 HTTP/1.1" 304 -
172.22.2.4 - - [23/Aug/2022:08:37:27 -0500] "HEAD /BLA/boletinlegal/ HTTP/1.1" 200 -
201.245.192.253 - - [23/Aug/2022:08:39:07 -0500] "POST /appsia/controlador HTTP/1.1" 200 13742
173.231.60.194 - - [23/Aug/2022:08:39:12 -0500] "GET /BLA/resoluciones/index.php?dir=RESOLUCIONES%202006%2FRES%202006%202151-2200%2F&sort=name&order=asc HTTP/1.1" 200 12368
186.80.52.74 - - [23/Aug/2022:08:39:15 -0500] "POST /sipse/faces/presentacion/contratacion/contrato/adicionarSupervisor.xhtml HTTP/1.1" 200 16861
173.231.60.194 - - [23/Aug/2022:08:39:23 -0500] "GET /BLA/resoluciones/index.php?dir=RESOLUCIONES%202007%2FRES%202007%201%20AL%20100%2F&sort=date&order=desc HTTP/1.1" 200 26174
173.231.60.194 - - [23/Aug/2022:08:39:32 -0500] "GET /BLA/resoluciones/index.php?dir=RESOLUCIONES%202007%2FRES%202007%201%20AL%20100%2F&sort=size&order=desc HTTP/1.1" 200 26174
186.80.52.74 - - [23/Aug/2022:08:39:39 -0500] "POST /sipse/faces/presentacion/contratacion/contrato/adicionarSupervisor.xhtml HTTP/1.1" 200 44837
186.80.52.74 - - [23/Aug/2022:08:39:39 -0500] "GET /sipse/faces/javax.faces.resource/theme.css?ln=primefaces-sipse HTTP/1.1" 304 -
186.80.52.74 - - [23/Aug/2022:08:39:39 -0500] "GET /sipse/faces/javax.faces.resource/primefaces.css?ln=primefaces&v=4.0 HTTP/1.1" 304 -
186.80.52.74 - - [23/Aug/2022:08:39:39 -0500] "GET /sipse/faces/javax.faces.resource/layout/layout.css?ln=primefaces&v=4.0 HTTP/1.1" 304 -
186.80.52.74 - - [23/Aug/2022:08:39:39 -0500] "GET /sipse/faces/javax.faces.resource/jquery/jquery-plugins.js?ln=primefaces&v=4.0 HTTP/1.1" 304 -
186.80.52.74 - - [23/Aug/2022:08:39:39 -0500] "GET /sipse/faces/javax.faces.resource/jquery/jquery.js?ln=primefaces&v=4.0 HTTP/1.1" 304 -
186.80.52.74 - - [23/Aug/2022:08:39:39 -0500] "GET /sipse/faces/javax.faces.resource/layout/layout.js?ln=primefaces&v=4.0 HTTP/1.1" 304 -
186.80.52.74 - - [23/Aug/2022:08:39:39 -0500] "GET /sipse/faces/javax.faces.resource/primefaces.js?ln=primefaces&v=4.0 HTTP/1.1" 304 -
173.231.60.194 - - [23/Aug/2022:08:39:43 -0500] "GET /BLA/resoluciones/index.php?dir=RESOLUCIONES%202006%2FRES%202006%201001-1050%2F&sort=date&order=desc HTTP/1.1" 200 12340
207.46.13.115 - - [23/Aug/2022:08:39:44 -0500] "GET /BLA/resoluciones/RESOLUCIONES%202007/RES%202007%20701%20AL%20800/RESOLUCION%200705%20DE%202007.pdf HTTP/1.1" 200 1060513
201.245.192.253 - - [23/Aug/2022:08:39:44 -0500] "POST /kwsrmcab/Wsrmcab HTTP/1.1" 200 44439
201.245.192.253 - - [23/Aug/2022:08:39:48 -0500] "POST /kwsrmcab/Wsrmcab HTTP/1.1" 200 43763
186.80.52.74 - - [23/Aug/2022:08:39:53 -0500] "POST /sipse/faces/presentacion/financiero/estudioPrevio/personalSolicitado/expedirExperienciaIdoneidad.xhtml HTTP/1.1" 200 22810
186.80.52.74 - - [23/Aug/2022:08:39:54 -0500] "GET /sipse/faces/javax.faces.resource/theme.css?ln=primefaces-sipse HTTP/1.1" 304 -
186.80.52.74 - - [23/Aug/2022:08:39:54 -0500] "GET /sipse/faces/javax.faces.resource/layout/layout.css?ln=primefaces&v=4.0 HTTP/1.1" 304 -
186.80.52.74 - - [23/Aug/2022:08:39:54 -0500] "GET /sipse/faces/javax.faces.resource/primefaces.css?ln=primefaces&v=4.0 HTTP/1.1" 304 -
186.80.52.74 - - [23/Aug/2022:08:39:54 -0500] "GET /sipse/faces/javax.faces.resource/jquery/jquery.js?ln=primefaces&v=4.0 HTTP/1.1" 304 -
186.80.52.74 - - [23/Aug/2022:08:39:54 -0500] "GET /sipse/faces/javax.faces.resource/jquery/jquery-plugins.js?ln=primefaces&v=4.0 HTTP/1.1" 304 -
186.80.52.74 - - [23/Aug/2022:08:39:54 -0500] "GET /sipse/faces/javax.faces.resource/primefaces.js?ln=primefaces&v=4.0 HTTP/1.1" 304 -
186.80.52.74 - - [23/Aug/2022:08:39:54 -0500] "GET /sipse/faces/javax.faces.resource/layout/layout.js?ln=primefaces&v=4.0 HTTP/1.1" 304 -
201.245.192.253 - - [23/Aug/2022:08:39:53 -0500] "POST /kwsrmcab/Wsrmcab  HTTP/1.1" 200 46805
172.22.2.4 - - [23/Aug/2022:08:38:17 -0500] "GET /BLA/boletinlegal/ HTTP/1.1" 200 56723
173.231.60.194 - - [23/Aug/2022:08:40:01 -0500] "GET /BLA/resoluciones/index.php?dir=RESOLUCIONES%202006%2FRES%202006%201001-1050%2F&sort=size&order=desc HTTP/1.1" 200 12340
173.231.60.194 - - [23/Aug/2022:08:40:12 -0500] "GET /BLA/resoluciones/index.php?dir=RESOLUCIONES%202006%2FRES%202006%201051-1100%2F&sort=date&order=desc HTTP/1.1" 200 12368
173.231.60.194 - - [23/Aug/2022:08:40:28 -0500] "GET /BLA/resoluciones/index.php?dir=RESOLUCIONES%202006%2FRES%202006%201051-1100%2F&sort=size&order=desc HTTP/1.1" 200 12368
173.231.60.194 - - [23/Aug/2022:08:40:41 -0500] "GET /BLA/resoluciones/index.php?dir=RESOLUCIONES%202006%2FRES%202006%201101-1150%2F&sort=date&order=desc HTTP/1.1" 200 12367
173.231.60.194 - - [23/Aug/2022:08:40:47 -0500] "GET /BLA/resoluciones/index.php?dir=RESOLUCIONES%202006%2FRES%202006%201101-1150%2F&sort=size&order=desc HTTP/1.1" 200 12367
186.80.52.74 - - [23/Aug/2022:08:40:50 -0500] "POST /sipse/faces/presentacion/financiero/estudioPrevio/personalSolicitado/asociarExperienciaContratista.xhtml HTTP/1.1" 200 46910
186.80.52.74 - - [23/Aug/2022:08:40:50 -0500] "GET /sipse/faces/javax.faces.resource/theme.css?ln=primefaces-sipse HTTP/1.1" 304 -
186.80.52.74 - - [23/Aug/2022:08:40:50 -0500] "GET /sipse/faces/javax.faces.resource/primefaces.css?ln=primefaces&v=4.0 HTTP/1.1" 304 -
186.80.52.74 - - [23/Aug/2022:08:40:50 -0500] "GET /sipse/faces/javax.faces.resource/jquery/jquery.js?ln=primefaces&v=4.0 HTTP/1.1" 304 -
186.80.52.74 - - [23/Aug/2022:08:40:50 -0500] "GET /sipse/faces/javax.faces.resource/layout/layout.css?ln=primefaces&v=4.0 HTTP/1.1" 304 -
186.80.52.74 - - [23/Aug/2022:08:40:50 -0500] "GET /sipse/faces/javax.faces.resource/primefaces.js?ln=primefaces&v=4.0 HTTP/1.1" 304 -
186.80.52.74 - - [23/Aug/2022:08:40:50 -0500] "GET /sipse/faces/javax.faces.resource/jquery/jquery-plugins.js?ln=primefaces&v=4.0 HTTP/1.1" 304 -
186.80.52.74 - - [23/Aug/2022:08:40:50 -0500] "GET /sipse/faces/javax.faces.resource/layout/layout.js?ln=primefaces&v=4.0 HTTP/1.1" 304 -
186.80.52.74 - - [23/Aug/2022:08:40:59 -0500] "POST /sipse/faces/presentacion/financiero/estudioPrevio/personalSolicitado/expedirExperienciaIdoneidad.xhtml HTTP/1.1" 200 22810
186.80.52.74 - - [23/Aug/2022:08:40:59 -0500] "GET /sipse/faces/javax.faces.resource/theme.css?ln=primefaces-sipse HTTP/1.1" 304 -
186.80.52.74 - - [23/Aug/2022:08:40:59 -0500] "GET /sipse/faces/javax.faces.resource/primefaces.css?ln=primefaces&v=4.0 HTTP/1.1" 304 -
186.80.52.74 - - [23/Aug/2022:08:40:59 -0500] "GET /sipse/faces/javax.faces.resource/layout/layout.css?ln=primefaces&v=4.0 HTTP/1.1" 304 -
173.231.60.194 - - [23/Aug/2022:08:40:59 -0500] "GET /BLA/resoluciones/index.php?dir=RESOLUCIONES%202006%2FRES%202006%201151-1200%2F&sort=date&order=desc HTTP/1.1" 200 12364
186.80.52.74 - - [23/Aug/2022:08:40:59 -0500] "GET /sipse/faces/javax.faces.resource/jquery/jquery.js?ln=primefaces&v=4.0 HTTP/1.1" 304 -
186.80.52.74 - - [23/Aug/2022:08:40:59 -0500] "GET /sipse/faces/javax.faces.resource/jquery/jquery-plugins.js?ln=primefaces&v=4.0 HTTP/1.1" 304 -
186.80.52.74 - - [23/Aug/2022:08:40:59 -0500] "GET /sipse/faces/javax.faces.resource/primefaces.js?ln=primefaces&v=4.0 HTTP/1.1" 304 -
186.80.52.74 - - [23/Aug/2022:08:40:59 -0500] "GET /sipse/faces/javax.faces.resource/layout/layout.js?ln=primefaces&v=4.0 HTTP/1.1" 304 -
173.231.60.194 - - [23/Aug/2022:08:41:09 -0500] "GET /BLA/resoluciones/index.php?dir=RESOLUCIONES%202006%2FRES%202006%201151-1200%2F&sort=size&order=desc HTTP/1.1" 200 12364
173.231.60.194 - - [23/Aug/2022:08:41:19 -0500] "GET /BLA/resoluciones/index.php?dir=RESOLUCIONES%202006%2FRES%202006%201201-1250%2F&sort=date&order=desc HTTP/1.1" 200 12345
173.231.60.194 - - [23/Aug/2022:08:41:30 -0500] "GET /BLA/resoluciones/index.php?dir=RESOLUCIONES%202006%2FRES%202006%201201-1250%2F&sort=size&order=desc HTTP/1.1" 200 12345
172.22.2.4 - - [23/Aug/2022:08:40:53 -0500] "GET /BLA/boletinlegal/ HTTP/1.1" 200 32715
186.80.52.74 - - [23/Aug/2022:08:41:37 -0500] "POST /sipse/faces/presentacion/financiero/estudioPrevio/personalSolicitado/asociarExperienciaContratista.xhtml HTTP/1.1" 200 49131
186.80.52.74 - - [23/Aug/2022:08:41:37 -0500] "GET /sipse/faces/javax.faces.resource/theme.css?ln=primefaces-sipse HTTP/1.1" 304 -
186.80.52.74 - - [23/Aug/2022:08:41:37 -0500] "GET /sipse/faces/javax.faces.resource/primefaces.css?ln=primefaces&v=4.0 HTTP/1.1" 304 -
186.80.52.74 - - [23/Aug/2022:08:41:37 -0500] "GET /sipse/faces/javax.faces.resource/layout/layout.css?ln=primefaces&v=4.0 HTTP/1.1" 304 -
186.80.52.74 - - [23/Aug/2022:08:41:37 -0500] "GET /sipse/faces/javax.faces.resource/jquery/jquery-plugins.js?ln=primefaces&v=4.0 HTTP/1.1" 304 -
186.80.52.74 - - [23/Aug/2022:08:41:37 -0500] "GET /sipse/faces/javax.faces.resource/jquery/jquery.js?ln=primefaces&v=4.0 HTTP/1.1" 304 -
186.80.52.74 - - [23/Aug/2022:08:41:37 -0500] "GET /sipse/faces/javax.faces.resource/primefaces.js?ln=primefaces&v=4.0 HTTP/1.1" 304 -
186.80.52.74 - - [23/Aug/2022:08:41:37 -0500] "GET /sipse/faces/javax.faces.resource/layout/layout.js?ln=primefaces&v=4.0 HTTP/1.1" 304 -
173.231.60.194 - - [23/Aug/2022:08:41:44 -0500] "GET /BLA/resoluciones/index.php?dir=RESOLUCIONES%202006%2FRES%202006%201251-1300%2F&sort=date&order=desc HTTP/1.1" 200 12367
173.231.60.194 - - [23/Aug/2022:08:41:54 -0500] "GET /BLA/resoluciones/index.php?dir=RESOLUCIONES%202006%2FRES%202006%201251-1300%2F&sort=size&order=desc HTTP/1.1" 200 12367
186.80.52.74 - - [23/Aug/2022:08:42:00 -0500] "POST /sipse/faces/presentacion/financiero/estudioPrevio/personalSolicitado/expedirExperienciaIdoneidad.xhtml HTTP/1.1" 200 22810
186.80.52.74 - - [23/Aug/2022:08:42:00 -0500] "GET /sipse/faces/javax.faces.resource/theme.css?ln=primefaces-sipse HTTP/1.1" 304 -
186.80.52.74 - - [23/Aug/2022:08:42:00 -0500] "GET /sipse/faces/javax.faces.resource/layout/layout.css?ln=primefaces&v=4.0 HTTP/1.1" 304 -
186.80.52.74 - - [23/Aug/2022:08:42:00 -0500] "GET /sipse/faces/javax.faces.resource/primefaces.css?ln=primefaces&v=4.0 HTTP/1.1" 304 -
186.80.52.74 - - [23/Aug/2022:08:42:00 -0500] "GET /sipse/faces/javax.faces.resource/jquery/jquery.js?ln=primefaces&v=4.0 HTTP/1.1" 304 -
186.80.52.74 - - [23/Aug/2022:08:42:00 -0500] "GET /sipse/faces/javax.faces.resource/jquery/jquery-plugins.js?ln=primefaces&v=4.0 HTTP/1.1" 304 -
186.80.52.74 - - [23/Aug/2022:08:42:00 -0500] "GET /sipse/faces/javax.faces.resource/primefaces.js?ln=primefaces&v=4.0 HTTP/1.1" 304 -
186.80.52.74 - - [23/Aug/2022:08:42:00 -0500] "GET /sipse/faces/javax.faces.resource/layout/layout.js?ln=primefaces&v=4.0 HTTP/1.1" 304 -
173.231.60.194 - - [23/Aug/2022:08:42:04 -0500] "GET /BLA/resoluciones/index.php?dir=RESOLUCIONES%202006%2FRES%202006%201301-1350%2F&sort=date&order=desc HTTP/1.1" 200 12364
216.245.221.92 - - [23/Aug/2022:08:42:05 -0500] "HEAD / HTTP/1.1" 200 -
173.231.60.194 - - [23/Aug/2022:08:42:17 -0500] "GET /BLA/resoluciones/index.php?dir=RESOLUCIONES%202006%2FRES%202006%201301-1350%2F&sort=size&order=desc HTTP/1.1" 200 12364
179.33.119.57 - - [23/Aug/2022:08:42:24 -0500] "GET /forest/ HTTP/1.1" 200 12041
173.231.60.194 - - [23/Aug/2022:08:42:27 -0500] "GET /BLA/resoluciones/index.php?dir=RESOLUCIONES%202006%2FRES%202006%201351-1400%2F&sort=date&order=desc HTTP/1.1" 200 12366
179.33.119.57 - - [23/Aug/2022:08:42:30 -0500] "POST /forest/index.php HTTP/1.1" 200 12268
186.80.52.74 - - [23/Aug/2022:08:42:37 -0500] "POST /sipse/faces/presentacion/financiero/estudioPrevio/personalSolicitado/asociarExperienciaContratista.xhtml HTTP/1.1" 200 51355
186.80.52.74 - - [23/Aug/2022:08:42:37 -0500] "GET /sipse/faces/javax.faces.resource/theme.css?ln=primefaces-sipse HTTP/1.1" 304 -
186.80.52.74 - - [23/Aug/2022:08:42:37 -0500] "GET /sipse/faces/javax.faces.resource/primefaces.css?ln=primefaces&v=4.0 HTTP/1.1" 304 -
186.80.52.74 - - [23/Aug/2022:08:42:37 -0500] "GET /sipse/faces/javax.faces.resource/layout/layout.css?ln=primefaces&v=4.0 HTTP/1.1" 304 -
186.80.52.74 - - [23/Aug/2022:08:42:37 -0500] "GET /sipse/faces/javax.faces.resource/primefaces.js?ln=primefaces&v=4.0 HTTP/1.1" 304 -
186.80.52.74 - - [23/Aug/2022:08:42:37 -0500] "GET /sipse/faces/javax.faces.resource/jquery/jquery.js?ln=primefaces&v=4.0 HTTP/1.1" 304 -
186.80.52.74 - - [23/Aug/2022:08:42:37 -0500] "GET /sipse/faces/javax.faces.resource/jquery/jquery-plugins.js?ln=primefaces&v=4.0 HTTP/1.1" 304 -
186.80.52.74 - - [23/Aug/2022:08:42:37 -0500] "GET /sipse/faces/javax.faces.resource/layout/layout.js?ln=primefaces&v=4.0 HTTP/1.1" 304 -
173.231.60.194 - - [23/Aug/2022:08:42:38 -0500] "GET /BLA/resoluciones/index.php?dir=RESOLUCIONES%202006%2FRES%202006%201351-1400%2F&sort=size&order=desc HTTP/1.1" 200 12366
173.231.60.194 - - [23/Aug/2022:08:42:50 -0500] "GET /BLA/resoluciones/index.php?dir=RESOLUCIONES%202006%2FRES%202006%201401-1450%2F&sort=date&order=desc HTTP/1.1" 200 12366
186.80.52.74 - - [23/Aug/2022:08:42:53 -0500] "POST /sipse/faces/presentacion/financiero/estudioPrevio/personalSolicitado/expedirExperienciaIdoneidad.xhtml HTTP/1.1" 200 22810
186.80.52.74 - - [23/Aug/2022:08:42:54 -0500] "GET /sipse/faces/javax.faces.resource/theme.css?ln=primefaces-sipse HTTP/1.1" 304 -
186.80.52.74 - - [23/Aug/2022:08:42:54 -0500] "GET /sipse/faces/javax.faces.resource/primefaces.css?ln=primefaces&v=4.0 HTTP/1.1" 304 -
186.80.52.74 - - [23/Aug/2022:08:42:54 -0500] "GET /sipse/faces/javax.faces.resource/layout/layout.css?ln=primefaces&v=4.0 HTTP/1.1" 304 -
186.80.52.74 - - [23/Aug/2022:08:42:54 -0500] "GET /sipse/faces/javax.faces.resource/jquery/jquery.js?ln=primefaces&v=4.0 HTTP/1.1" 304 -
186.80.52.74 - - [23/Aug/2022:08:42:54 -0500] "GET /sipse/faces/javax.faces.resource/jquery/jquery-plugins.js?ln=primefaces&v=4.0 HTTP/1.1" 304 -
186.80.52.74 - - [23/Aug/2022:08:42:54 -0500] "GET /sipse/faces/javax.faces.resource/primefaces.js?ln=primefaces&v=4.0 HTTP/1.1" 304 -
186.80.52.74 - - [23/Aug/2022:08:42:54 -0500] "GET /sipse/faces/javax.faces.resource/layout/layout.js?ln=primefaces&v=4.0 HTTP/1.1" 304 -
173.231.60.194 - - [23/Aug/2022:08:43:00 -0500] "GET /BLA/resoluciones/index.php?dir=RESOLUCIONES%202006%2FRES%202006%201401-1450%2F&sort=size&order=desc HTTP/1.1" 200 12366
186.102.85.131 - - [23/Aug/2022:08:43:03 -0500] "GET /kwssiamovil/sm/acme/a?s=U2FsdGVkX1+PVpB5CJ1DRum7ksfeDQF95bY9UW3gNt7TyW9VbnNb0VOGcEVU+rcgIkBE86t/thy0nA2zCBjABslGM4Dn9iPpx3d1sXTBxmwncYGLlMeKdmPgmFaB5CUC/JhXXWhXplgczwNVpLKh2RTyL+OmqYsd/Wg9rJY4HiTbeNnIftBFfMZyV4ViCaPhH6SGox0/AKajU8WtVeVGcQsuw8q68a7htR26o1nO8QFVAG7GJK29bqMK7Aotm9A6+FRrL7yGkoJWQXvEjo7XQw==&u=U2FsdGVkX1+jo+r1oXC0JJnoEKTf3XRSdGLnqoEAYEA5/+bR4PT2mjUKC/kIaPem&y=U2FsdGVkX18bJ0RDMtqyv4Tjm5kYPqbhU/bC3ytO9FGLXVLiIFxtL0xfuRa44Az3 HTTP/1.1" 200 25
186.102.85.131 - - [23/Aug/2022:08:43:04 -0500] "GET /kwssiamovil/sm/acme/a?s=U2FsdGVkX1+vtRNb9qFewM9dfsN2XdQp9ed2ix5wajDF38TajJnpbbHcwMXRVy2/5Zkj5MjDpQY5W+jU6sefpxI/7UMmuQm5Np0IyrCV+r68JQthLXZD3EwhruMcAn8Skge/XbmaB3bOYS7md2uG3YKQaYTjrbu/+aqfk4gu9zlPcVt8v/L/zn4ZlM1ki3ZKfD0IW0SjqoQcC9zBdAzi1Nt3u1ISdqVb/r4K6CKRl50FayEL8o4SW10j0392P734zxnixnhfD19Pe6xtdP3C/q4gYUokCgAtMe8UJuxVcUbywcdXGiUmj2oyAVe6vp1Pfur3AFNipNmYq+NXmRUb1AJEVcfa/E2XY/BCgG3HxhQGpI1Z8Io7CCWMhLL7HS5sb4KI18zcNerpodk766LWwFNVkvpbn/KMAEVgOyHnjOOo109J6PmHIE5532HLyTYKqK30Zc3cNmH1bHEGwi87NAU8abbDclp14Thjx8PVt1DQTUM/XDXTsaJEmD4osX9ttpNZp2myjTb+tPolu3ZjJGXgQc6WRz0ROpghkDb7zoZT7tf30Ix1HHL94bvZtZ1E+RgehSl1LytMdd8/EGX2NtFWOEFEhYYW4RQGLxQgBHL4N5B0iDSJjJOPoqAJKXx5ZhutQcB23d2LWULNl6cBmvIGvte5t/wW5ipWnYxG/oL9vHdwaJq40Y5aC/3X+M/9peTa3LqF7+WQcyghCRbTGHcoHD/RBpNl1qRSQkEvPeBPmKTSOE44E8c7xXno4E3OAAnpo7B3HG1iY84URQIzXQL3p6+5rPqgvzqqo/CwgN+V6GO6uUpi02qYK6+RcABMRqNG8Y5uidPwt6FolNn7Igf2s7uNU/Fk8JbkAXWb8NWsHy8b6igvQUfmZG+KBpYdQG1GVO6sPXjMsODtYrBlLcA9r4JjrcQdphGtTWnDwWTOAv+YIVVJ/w2+1n0FHoug3Pmn6EcXJiXDfhgWCJWNeh2P6wtZM6DFQtZH+oQzQQXsohradiQvyb1VNKvv9BmbG5GJIaj07T2GFinG/Cv96jext0tlB/wFYDmF4r2PWMRigj4imffbHY4EGviyVEeo5GQPVqcejQ1s6aimtWUNjx/XbITmba/JKM0jfmOcjnQ9h5iumMRPV5lVzpC+UJ/khsEQ62nKSrr5zgVz/fheycy8qhfrHxrgC3Po56ZbGtIibdyxM2Ujx82WrfVNHqdr8opMiBmgIMk5qx5bC4cMrhiAcaFLIIk2kf4i6vAS2xZFaLWw7OU6vdp5x+VgELCaBQyntS99sq+ELQhKYDcTZfBwDgMwEMpS2en6KhWykULSYEN3B0YRnIFTXHDwPoEDJ+KkyIrFxYgMgba75glONWnMIIdVmQFFEhBCMcz+TjkkeXrOp2Ubf8roBh93EkE0dfgt9e0FSqsc4HmTXXGyWQT/9X8f6jefB0R+vP86G8dmacutGAxj3kBEOk3S64LP5ZdfHMCa958/1NuCwq/V0wB9ErR+gbJ1crBRP4DDbNJF1gMUcW2XcvsXbifHi0Q2oyzpp1IKbuaEYop7Rli5zbQfIqw2+/2xZDMeyMplC8SdsB7qL8rGU9IiPbnt65aLwdF8OULb0FjUJAihmjiw0/gCssk9SpU1ozbJ7MYTuC/xP9jV8tYhYQyr5mNOc1w6jbDoWfeqU8go34JAIfc6wXsBw3TKRZsdd2xS/x0zQgvqBGrvgvWpYHAPD2Y1Zu4bCPtZR7Q/2yOcCjcLGOHsNxWV2C3+yykwn/J6H80oylZvsUp4U/dEULtM0qQJaE+5+OJf5Pohhkr9Dn83otd29fXOoQudzGyPhyAW4wV29bqIMPRxZ44smXTw/vMohEP5emdKbRNm+SUX3qe7ZKi3RiNKIYuF/pj8qgouwOfcqBzO4mxNfVnIgQWkMjSVOSFfrnRIWsfhFp0cpNatv+sIgJBeCzADjtCAYUggA9sdyIlElxrQ3EXrQPkcavCfbaey0r+FWl7U3yxUzkl3Jwy8hA==&u=U2FsdGVkX1+jo+r1oXC0JJnoEKTf3XRSdGLnqoEAYEA5/+bR4PT2mjUKC/kIaPem&y=U2FsdGVkX18bJ0RDMtqyv4Tjm5kYPqbhU/bC3ytO9FGLXVLiIFxtL0xfuRa44Az3 HTTP/1.1" 200 25
186.102.85.131 - - [23/Aug/2022:08:43:04 -0500] "GET /kwssiamovil/sm/acme/a?s=U2FsdGVkX19QXpoZaiGYCPxOn4TD5G1Slb+pUAP42Pz0ebiV0Tg3DfYeMrDFPufaDKLyCd1M3AbRFpZizlfmTnXKHOLWKAxmmly1bJH1gJGDcJZCBanNx0a+ytVVHW0FR0wQyztghbqk9tOHsfjAcdc5qD527ZlvSJ5k3a8IjnY=&u=U2FsdGVkX1+jo+r1oXC0JJnoEKTf3XRSdGLnqoEAYEA5/+bR4PT2mjUKC/kIaPem&y=U2FsdGVkX18bJ0RDMtqyv4Tjm5kYPqbhU/bC3ytO9FGLXVLiIFxtL0xfuRa44Az3 HTTP/1.1" 200 25
186.102.85.131 - - [23/Aug/2022:08:43:04 -0500] "GET /kwssiamovil/sm/acme/a?s=U2FsdGVkX1/fziir4IGZ2XBNBjd85EqE0kRQeoi6C8bVEgTLFgyg14n087Lbsv8Pq3B7gu07FD5NVA2BlqRR1sP+xfH/7Sc9blVu4se4a8k4uX80sk/VJjdGy2Y4ejjkU10Mbc/jYyOzkdAi6mAmrbOeVsGRQ8Mg9zmfsIVPIAo=&u=U2FsdGVkX1+jo+r1oXC0JJnoEKTf3XRSdGLnqoEAYEA5/+bR4PT2mjUKC/kIaPem&y=U2FsdGVkX18bJ0RDMtqyv4Tjm5kYPqbhU/bC3ytO9FGLXVLiIFxtL0xfuRa44Az3 HTTP/1.1" 200 25
