186.81.229.249 - - [29/Aug/2022:19:51:47 -0500] "POST /sipse/faces/presentacion/financiero/solicitudProceso/consultarSolicitudProceso.xhtml HTTP/1.1" 200 1710432
185.119.81.100 - - [29/Aug/2022:19:51:56 -0500] "GET /portaldeninos/wp-login.php HTTP/1.1" 200 2592
185.119.81.100 - - [29/Aug/2022:19:51:58 -0500] "POST /portaldeninos/wp-login.php HTTP/1.1" 200 3650
186.81.229.249 - - [29/Aug/2022:19:52:59 -0500] "POST /sipse/faces/presentacion/financiero/solicitudProceso/consultarSolicitudProceso.xhtml HTTP/1.1" 200 879353
172.22.2.4 - - [29/Aug/2022:19:53:24 -0500] "GET /BLA/boletinlegal/consulta_actos.php?tipo=resoluciones&no=0260&usuario=&sector=&fecha=2018&resuelve= HTTP/1.1" 200 1063
186.81.229.249 - - [29/Aug/2022:19:53:26 -0500] "POST /sipse/faces/presentacion/financiero/solicitudProceso/consultarSolicitudProceso.xhtml HTTP/1.1" 200 5593368
216.245.221.92 - - [29/Aug/2022:19:53:33 -0500] "HEAD / HTTP/1.1" 200 -
201.245.192.253 - - [29/Aug/2022:19:53:45 -0500] "POST /kwsrmcab/Wsrmcab  HTTP/1.1" 200 42606
157.55.39.8 - - [29/Aug/2022:19:55:13 -0500] "GET /BLA/resoluciones/888.tif HTTP/1.1" 404 1018
152.89.196.62 - - [29/Aug/2022:19:55:25 -0500] "GET /actuator/gateway/routes HTTP/1.1" 404 1018
172.22.2.4 - - [29/Aug/2022:19:54:05 -0500] "HEAD /BLA/boletinlegal/ HTTP/1.1" 200 -
186.81.229.249 - - [29/Aug/2022:19:55:47 -0500] "POST /sipse/faces/presentacion/financiero/solicitudProceso/consultarSolicitudProceso.xhtml HTTP/1.1" 200 7054451
172.22.2.4 - - [29/Aug/2022:19:54:55 -0500] "GET /BLA/boletinlegal/ HTTP/1.1" 200 58154
172.22.2.4 - - [29/Aug/2022:19:57:23 -0500] "GET /BLA/boletinlegal/actos.php HTTP/1.1" 200 9559
172.22.2.4 - - [29/Aug/2022:19:57:23 -0500] "GET /BLA/boletinlegal/favicon.ico HTTP/1.1" 404 1326
186.99.156.238 - - [29/Aug/2022:19:57:24 -0500] "GET /forest/login.do HTTP/1.1" 404 1120
172.22.2.4 - - [29/Aug/2022:19:57:38 -0500] "GET /BLA/boletinlegal/consulta_actos.php?tipo=resoluciones&no=7181&usuario=&sector=PEV&fecha=2010&resuelve= HTTP/1.1" 200 1086
172.22.2.4 - - [29/Aug/2022:19:57:38 -0500] "GET /BLA/boletinlegal/images/pdf.gif HTTP/1.1" 200 567
186.84.20.39 - - [29/Aug/2022:19:57:44 -0500] "GET /BLA/resoluciones/RESOLUCIONES%202010/7181.pdf HTTP/1.1" 200 1095239
172.22.2.4 - - [29/Aug/2022:19:57:21 -0500] "GET /BLA/boletinlegal/ HTTP/1.1" 200 24523
84.17.52.134 - - [29/Aug/2022:19:58:32 -0500] "GET /wp-content/uploads/ HTTP/1.1" 404 1022
216.245.221.92 - - [29/Aug/2022:19:58:33 -0500] "HEAD / HTTP/1.1" 200 -
201.245.192.253 - - [29/Aug/2022:19:58:45 -0500] "POST /kwsrmcab/Wsrmcab  HTTP/1.1" 200 42606
172.22.2.4 - - [29/Aug/2022:19:59:55 -0500] "HEAD /BLA/boletinlegal/ HTTP/1.1" 200 -
172.22.2.4 - - [29/Aug/2022:20:02:00 -0500] "GET /BLA/boletinlegal/consulta_actos.php?tipo=resoluciones&no=7182&usuario=&sector=PEV&fecha=2010&resuelve= HTTP/1.1" 200 1086
186.84.20.39 - - [29/Aug/2022:20:02:02 -0500] "GET /BLA/resoluciones/RESOLUCIONES%202010/7182.pdf HTTP/1.1" 200 1972303
172.22.2.4 - - [29/Aug/2022:20:00:45 -0500] "GET /BLA/boletinlegal/ HTTP/1.1" 200 58154
216.245.221.92 - - [29/Aug/2022:20:03:33 -0500] "HEAD / HTTP/1.1" 200 -
201.245.192.253 - - [29/Aug/2022:20:03:44 -0500] "POST /kwsrmcab/Wsrmcab  HTTP/1.1" 200 42606
190.25.41.53 - - [29/Aug/2022:20:05:17 -0500] "GET /distrito-planto-mas-de-1-100-arboles-este-fin-de-semana-en-el-cierre-del-mes-del-espacio-publico.html HTTP/1.1" 200 887
199.16.157.181 - - [29/Aug/2022:20:05:30 -0500] "GET /secretaria-de-ambiente-estrena-podcast-ambientalmente.html HTTP/1.1" 200 865
199.16.157.180 - - [29/Aug/2022:20:05:30 -0500] "GET /alcaldesa-asistira-a-la-conferencia-de-las-naciones-unidas-sobre-el-cambio-climatico-cop26.html HTTP/1.1" 200 1289
199.16.157.182 - - [29/Aug/2022:20:05:30 -0500] "GET /images/imagen-comunicado-podcast.jpg HTTP/1.1" 200 39765
199.16.157.183 - - [29/Aug/2022:20:05:30 -0500] "GET /images/alcaldesa-secretaria-29-octubre.jpg HTTP/1.1" 200 72783
172.22.2.4 - - [29/Aug/2022:20:05:45 -0500] "HEAD /BLA/boletinlegal/ HTTP/1.1" 200 -
172.22.2.4 - - [29/Aug/2022:20:07:28 -0500] "GET /BLA/boletinlegal/favicon.ico HTTP/1.1" 404 1326
172.22.2.4 - - [29/Aug/2022:20:06:35 -0500] "GET /BLA/boletinlegal/ HTTP/1.1" 200 58154
172.22.2.4 - - [29/Aug/2022:20:08:16 -0500] "GET /BLA/boletinlegal/Directivas/2017/Directiva%20No.%2005%20del%2013%20de%20Junio%20de%202017.pdf HTTP/1.1" 200 853105
172.22.2.4 - - [29/Aug/2022:20:08:16 -0500] "GET /BLA/boletinlegal/jurisprudencia/analisis/AnalisisT-095-16.docx HTTP/1.1" 304 -
34.252.106.188 - - [29/Aug/2022:20:08:23 -0500] "GET /BLA/resoluciones/RESOLUCIONES%202013/0715.pdf HTTP/1.1" 200 497969
186.102.45.234 - - [29/Aug/2022:20:08:23 -0500] "GET /kwssiamovil/sm/acme/a?s=U2FsdGVkX1/GuF3ImbXP53YIrKjN62jE6Lp/O+9fmWjnzdTM7RHLTwgkcatTKnumB/BxgzNaB0t4JFDrbH4uBeRtoY62SGY/CrsWlBpvwTxTcoVtzGMfNkoNPujY+7qmNRSl8FARirzoFoaPAC1k+nzMa+f07FwjRvR3CuNoJjlqPFybyFfi9B3+tzFwYPfALenPxXSMZLeJnKyivHxPYW1vg3kGD2yl9mFUM6y2Zob9jLcPbBvR35EtClsOsbZ79OhyNRBosJMJVD0O7eYy98Wv2yFKSEDzz1u3Hfg0ImI=&u=U2FsdGVkX1/qCgTI1V6VpOmzP1Vf9dQrmzBh0NkssIfSwZ8yFvvSY072c58pc1Gt&y=U2FsdGVkX185zVpCGpUYzzVhf2w7RhxJtkhzvmue0M+EJJqt3rFI5mHihCdmxT3G HTTP/1.1" 200 25
186.102.45.234 - - [29/Aug/2022:20:08:24 -0500] "GET /kwssiamovil/sm/acme/a?s=U2FsdGVkX1+5heYWeMwHJs82S+3Caca1BthxbIXNFpsrCM85r3hYOibV8dzBHICwf8W3/2suEIR4/N4RrtOXY4nGNhLTnTJirV+dc18ZJW0hkDOuOqzIX0AG10NFxBeP/Kct9In3W/hdWYSVc5ngMWRo+MMaQuV/hN7m1SBBwN9oj+QJ1OSL8MARfFiJcVXpf+xErh7OHZhxZKHqkNmUCCWf43eMvVnhR1WbXSeez4N2ceqY9COjEgT1MeGspNqB3sc7PMpUmHlQK2PGj2ESOskS1saoLHMN5DzdxvZdfx6Qm18xppXquJwsV85VGGD+K5qmSOUIgEM/f20jlf42w0x/X36a+Almzbwxv9g6GNdhcsJnvEa6lpI3XP3BC/uqgZ+wMWXlnN8BLIGLeCNDHUG0mMnkn1VVLghSX1LhIIfkbP1oLJxaGV7qI6VgimngR6XjRbX77VVrpR04Mg9DlAm1ZxtC8egykAoebicB03JI1R9uA6V/LChEGZOUNJn+xxAf+PEfL9cIs87hKCRNUVYGpjaZV1HnQ2vGBMASTSRJj++0A+B2eB0zR/bcflE73jJ2d04YHpvHJirtkwemQyjDcjtpC7o0jbMTlGcABDAh2IdOe74KvLddAqpkc+NP9zUK9RrrCyguJMFTPaZ9Ow1C2e/pD4EDyT6UCHgVmD9HOQAPcoeLs1ljbGveDjhAV0DBU+oCRBzXJKRGXfLxabQLzrAwrFT+GNL0f3Mb8sKplXQzuaQTOroZUW1xQIg7YvxKtrtpyky6l61THHTxfVOaq+GxWE1ej2wTUFVXdO6uqZkSuF1STaJIVXXZ5dcrGRM3+S6JQp0b3W+16/qJyZaH3KrP2MGyWglPjV62D+rfqyX6QJjX0gtme+QYmrDFAMI34FSwnpq221F+LAWX7rPv+U4nFUUnFLzgrPLQERLXZRoZhkuNeFGH9ZqihogRdzHHY28jeICQAzNsAg879/erHlJ5I+XQP+PvlOGsbHIELDsH89qG+xtTMGv9hIbBRprtJS0nFn53HYOXar0wAkGvrbK6G2/CA69cjq5MgqcZhV0CL8MV0IQ4qxPiEcSxEmndapEgvlhWGzOehCo8f3XCFVmRByppfmKp+uMGCemkB56MBSMOtu7JFwMzpW7H18g8hlq2xid2dXF6PkNYx1Efxz3JTzQZ6b+B9CpgQrOmlfhz0Jc8RmBrgfxWAwI69dCBVOCp3pF9qrM22DHyR46eMz8Kgz453YI9G+iWIuRfCnGi1msi5YzThT6qMWhxAboXHOYgowdqNxxUKu2KDhU7zB2TOtg+U4RQ0PuvzxxjFt544Rs9cJWTljLwLZXOAkpS7hMBG/JpuVhDyokvZ7PawLxGzXMR1mhPyVPK5pTuK/qcimFYMW3cu62EpJwkyMca2ETItZsXyAj6FOxbVPOmUudJxSpLGg9Bb6LeFq5pBJHHWDTAxHrUe7AqMFVnhKPm2b/Shq6UcpbzXnPhSVkpAQ3R6UgVqRV+pdkWGUDMtA9dwk8MpGFi4m64MsCKsI5uzkW75VeppB3Ug9oMGiHwQlvNE3JxLQBV1t9ZPc+LRu/bZaMnfX3bFbb6hSswybPKOVHabJaH/EptecBY0xwwI0JaiLv8d/k7PMNKNvpkct/0N54Sk5gcfewbj22i0TVjCvhC5QTwCw76hDdxcPXQZAuHK2Z0tdUFgJYpFU10lsvTWjLIPLb9vFjOKC4cCKgQDmrcKmiIGF+waDpmhillfF6Dn1KZ9T1147ybPm/vpX5dgRtqPIS/X7ERcEhPXMPwZEpI7FJUFs88nt8qd++B1OFTtPB1o4te04P1DP8ebJVEShUMKFVhrAsLNm8IpbTuY0OlSLyvTWTB6LYzKEqFHLuPoLhPMWBrOKmBI90=&u=U2FsdGVkX1/qCgTI1V6VpOmzP1Vf9dQrmzBh0NkssIfSwZ8yFvvSY072c58pc1Gt&y=U2FsdGVkX185zVpCGpUYzzVhf2w7RhxJtkhzvmue0M+EJJqt3rFI5mHihCdmxT3G HTTP/1.1" 200 25
186.102.45.234 - - [29/Aug/2022:20:08:24 -0500] "GET /kwssiamovil/sm/acme/a?s=U2FsdGVkX1/QWUn8PiiljBjaE1BvMN9RQ9QGAxtWmm4P0ciG7adVmCGY34jKnf58lrJwm3/Ub6L8SY8PEWaFs+pK1ttoHP3H6r88yAILKbJLMQq64kuu1C1/tMlOJ9+hNmhK+Q9m288QTx9rQfZouGxQDGXA74nto6qTGYarhXY=&u=U2FsdGVkX1/qCgTI1V6VpOmzP1Vf9dQrmzBh0NkssIfSwZ8yFvvSY072c58pc1Gt&y=U2FsdGVkX185zVpCGpUYzzVhf2w7RhxJtkhzvmue0M+EJJqt3rFI5mHihCdmxT3G HTTP/1.1" 200 25
186.102.45.234 - - [29/Aug/2022:20:08:24 -0500] "GET /kwssiamovil/sm/acme/a?s=U2FsdGVkX1+Ge3zdWTijfk2Qmt7jAYQMDOCThkym2V+K4v9/TgtkhARIW53P90DO3E49+4WyUKSMtwcDfg1OwVdYjYJV9RfNYxMMj9mG1EIIhLWBdUi4jvO0SOYpYwdGJFl50komQJz1NyUTJt+Nwk0WLNI22TH22v9cl97xW4g=&u=U2FsdGVkX1/qCgTI1V6VpOmzP1Vf9dQrmzBh0NkssIfSwZ8yFvvSY072c58pc1Gt&y=U2FsdGVkX185zVpCGpUYzzVhf2w7RhxJtkhzvmue0M+EJJqt3rFI5mHihCdmxT3G HTTP/1.1" 200 25
186.102.45.234 - - [29/Aug/2022:20:08:24 -0500] "GET /kwssiamovil/sm/acme/a?s=U2FsdGVkX19K7Dh0OTIPhCQAoL0Nw2F7RdVa67WyvY1iAWSsw/d+20kaykCgeGGf/6G3/H2cDlM1z/dPZDAbz5Ju7JkDHcfe064TOsCNwQ7HiRCCYcHGBxjDCWILoZkVtaMDIuBrEynkkQbiVU7VCRRvM7JCKKZD7M2m2RE6fFw=&u=U2FsdGVkX1/qCgTI1V6VpOmzP1Vf9dQrmzBh0NkssIfSwZ8yFvvSY072c58pc1Gt&y=U2FsdGVkX185zVpCGpUYzzVhf2w7RhxJtkhzvmue0M+EJJqt3rFI5mHihCdmxT3G HTTP/1.1" 200 25
186.102.45.234 - - [29/Aug/2022:20:08:25 -0500] "GET /kwssiamovil/sm/acme/a?s=U2FsdGVkX1+QEm67V1Xr7W0SH0ErmrQn7A7wSa/HXsUIwNIMk/CJGMIyY7fA38o2TMfKBgHFpUcDYMsLXF2mvKaBv9iTOttyWoftSpcBTERH7Kf49/86OSA8U4p6vZceocNt7QsoIVdDxJX72CvQdSR7mjCwcNmOhtqwYTZts8YAliO1wsi7ArYWIGgFmoMWahZrnX8j2+8wmSLg3gZAbQ==&u=U2FsdGVkX1/qCgTI1V6VpOmzP1Vf9dQrmzBh0NkssIfSwZ8yFvvSY072c58pc1Gt&y=U2FsdGVkX185zVpCGpUYzzVhf2w7RhxJtkhzvmue0M+EJJqt3rFI5mHihCdmxT3G HTTP/1.1" 200 25
216.245.221.92 - - [29/Aug/2022:20:08:33 -0500] "HEAD / HTTP/1.1" 200 -
201.245.192.253 - - [29/Aug/2022:20:08:43 -0500] "POST /kwsrmcab/Wsrmcab  HTTP/1.1" 200 42606
186.102.49.234 - - [29/Aug/2022:20:09:23 -0500] "-" 408 -
172.22.2.4 - - [29/Aug/2022:20:09:49 -0500] "GET /BLA/boletinlegal/robots.txt HTTP/1.1" 404 1038
2.57.122.98 - - [29/Aug/2022:20:10:49 -0500] "GET / HTTP/1.1" 200 319
181.61.40.108 - - [29/Aug/2022:20:11:14 -0500] "GET /appsia/controlador HTTP/1.1" 200 4799
181.61.40.108 - - [29/Aug/2022:20:11:14 -0500] "GET /appsia/css/estilos.css HTTP/1.1" 200 4804
181.61.40.108 - - [29/Aug/2022:20:11:14 -0500] "GET /appsia/scripts/validarIngreso.js HTTP/1.1" 200 851
181.61.40.108 - - [29/Aug/2022:20:11:14 -0500] "GET /appsia/images/logo_bogota_p.png HTTP/1.1" 200 14951
181.61.40.108 - - [29/Aug/2022:20:11:14 -0500] "GET /appsia/images/cabezoteHojaVida.png HTTP/1.1" 200 32493
181.61.40.108 - - [29/Aug/2022:20:11:15 -0500] "GET /favicon.ico HTTP/1.1" 200 7782
181.61.40.108 - - [29/Aug/2022:20:11:25 -0500] "POST /appsia/controlador HTTP/1.1" 200 5437
181.61.40.108 - - [29/Aug/2022:20:11:28 -0500] "POST /appsia/controlador HTTP/1.1" 200 7795
172.22.2.4 - - [29/Aug/2022:20:09:50 -0500] "GET /BLA/boletinlegal/index.php HTTP/1.1" 200 63198
181.61.40.108 - - [29/Aug/2022:20:11:45 -0500] "POST /appsia/controlador HTTP/1.1" 200 6660
181.61.40.108 - - [29/Aug/2022:20:11:46 -0500] "POST /appsia/controlador HTTP/1.1" 200 10583
181.61.40.108 - - [29/Aug/2022:20:12:05 -0500] "POST /appsia/controlador HTTP/1.1" 200 7795
181.61.40.108 - - [29/Aug/2022:20:12:12 -0500] "POST /appsia/controlador HTTP/1.1" 200 6660
181.61.40.108 - - [29/Aug/2022:20:12:13 -0500] "POST /appsia/controlador HTTP/1.1" 200 10583
181.61.40.108 - - [29/Aug/2022:20:12:23 -0500] "POST /appsia/controlador HTTP/1.1" 200 7795
181.61.40.108 - - [29/Aug/2022:20:12:29 -0500] "POST /appsia/controlador HTTP/1.1" 200 6660
181.61.40.108 - - [29/Aug/2022:20:12:29 -0500] "POST /appsia/controlador HTTP/1.1" 200 10615
186.81.229.249 - - [29/Aug/2022:20:12:33 -0500] "POST /sipse/faces/presentacion/financiero/solicitudProceso/consultarSolicitudProceso.xhtml HTTP/1.1" 200 19423
186.81.229.249 - - [29/Aug/2022:20:12:34 -0500] "GET /sipse/faces/javax.faces.resource/primefaces.css?ln=primefaces&v=4.0 HTTP/1.1" 304 -
186.81.229.249 - - [29/Aug/2022:20:12:34 -0500] "GET /sipse/faces/javax.faces.resource/theme.css?ln=primefaces-sipse HTTP/1.1" 304 -
186.81.229.249 - - [29/Aug/2022:20:12:34 -0500] "GET /sipse/faces/javax.faces.resource/jquery/jquery.js?ln=primefaces&v=4.0 HTTP/1.1" 304 -
186.81.229.249 - - [29/Aug/2022:20:12:34 -0500] "GET /sipse/faces/javax.faces.resource/layout/layout.css?ln=primefaces&v=4.0 HTTP/1.1" 304 -
186.81.229.249 - - [29/Aug/2022:20:12:34 -0500] "GET /sipse/faces/javax.faces.resource/jquery/jquery-plugins.js?ln=primefaces&v=4.0 HTTP/1.1" 304 -
186.81.229.249 - - [29/Aug/2022:20:12:34 -0500] "GET /sipse/faces/javax.faces.resource/primefaces.js?ln=primefaces&v=4.0 HTTP/1.1" 304 -
186.81.229.249 - - [29/Aug/2022:20:12:34 -0500] "GET /sipse/faces/javax.faces.resource/fileupload/fileupload.css?ln=primefaces&v=4.0 HTTP/1.1" 304 -
186.81.229.249 - - [29/Aug/2022:20:12:34 -0500] "GET /sipse/faces/javax.faces.resource/layout/layout.js?ln=primefaces&v=4.0 HTTP/1.1" 304 -
186.81.229.249 - - [29/Aug/2022:20:12:34 -0500] "GET /sipse/faces/javax.faces.resource/fileupload/fileupload.js?ln=primefaces&v=4.0 HTTP/1.1" 304 -
186.81.229.249 - - [29/Aug/2022:20:12:34 -0500] "GET /sipse/css/imagen/contrasena.png HTTP/1.1" 404 383
186.81.229.249 - - [29/Aug/2022:20:12:34 -0500] "GET /sipse/faces/javax.faces.resource/images/ui-icons_898989_256x240.png?ln=primefaces-aristo HTTP/1.1" 304 -
181.61.40.108 - - [29/Aug/2022:20:12:45 -0500] "POST /appsia/controlador HTTP/1.1" 200 7795
185.119.81.103 - - [29/Aug/2022:20:12:47 -0500] "GET /portaldeninos/wp-login.php HTTP/1.1" 200 2592
185.119.81.103 - - [29/Aug/2022:20:12:48 -0500] "POST /portaldeninos/wp-login.php HTTP/1.1" 200 3605
181.61.40.108 - - [29/Aug/2022:20:12:51 -0500] "POST /appsia/controlador HTTP/1.1" 200 6660
181.61.40.108 - - [29/Aug/2022:20:12:52 -0500] "POST /appsia/controlador HTTP/1.1" 200 10583
172.22.2.4 - - [29/Aug/2022:20:11:35 -0500] "HEAD /BLA/boletinlegal/ HTTP/1.1" 200 -
181.61.40.108 - - [29/Aug/2022:20:13:28 -0500] "POST /appsia/controlador HTTP/1.1" 200 7795
216.245.221.92 - - [29/Aug/2022:20:13:33 -0500] "HEAD / HTTP/1.1" 200 -
181.61.40.108 - - [29/Aug/2022:20:13:36 -0500] "POST /appsia/controlador HTTP/1.1" 200 6660
181.61.40.108 - - [29/Aug/2022:20:13:37 -0500] "POST /appsia/controlador HTTP/1.1" 200 10583
201.245.192.253 - - [29/Aug/2022:20:13:42 -0500] "POST /kwsrmcab/Wsrmcab  HTTP/1.1" 200 42606
172.22.2.4 - - [29/Aug/2022:20:12:25 -0500] "GET /BLA/boletinlegal/ HTTP/1.1" 200 56005
186.81.229.249 - - [29/Aug/2022:20:14:29 -0500] "GET /sipse/faces/javax.faces.resource/theme.css?ln=primefaces-sipse HTTP/1.1" 304 -
186.81.229.249 - - [29/Aug/2022:20:14:29 -0500] "GET /sipse/faces/javax.faces.resource/primefaces.css?ln=primefaces&v=4.0 HTTP/1.1" 304 -
186.81.229.249 - - [29/Aug/2022:20:14:29 -0500] "GET /sipse/faces/javax.faces.resource/jquery/jquery-plugins.js?ln=primefaces&v=4.0 HTTP/1.1" 304 -
186.81.229.249 - - [29/Aug/2022:20:14:29 -0500] "GET /sipse/faces/javax.faces.resource/primefaces.js?ln=primefaces&v=4.0 HTTP/1.1" 304 -
186.81.229.249 - - [29/Aug/2022:20:14:29 -0500] "GET /sipse/faces/javax.faces.resource/jquery/jquery.js?ln=primefaces&v=4.0 HTTP/1.1" 304 -
186.81.229.249 - - [29/Aug/2022:20:14:29 -0500] "GET /sipse/faces/javax.faces.resource/layout/layout.css?ln=primefaces&v=4.0 HTTP/1.1" 304 -
186.81.229.249 - - [29/Aug/2022:20:14:29 -0500] "GET /sipse/faces/javax.faces.resource/layout/layout.js?ln=primefaces&v=4.0 HTTP/1.1" 304 -
186.81.229.249 - - [29/Aug/2022:20:14:27 -0500] "POST /sipse/faces/presentacion/sistema/anexos/cargarAnexoSolicitudProceso.xhtml HTTP/1.1" 200 163390
186.81.229.249 - - [29/Aug/2022:20:14:29 -0500] "GET /sipse/css/imagen/contrasena.png HTTP/1.1" 404 383
186.81.229.249 - - [29/Aug/2022:20:14:29 -0500] "GET /sipse/faces/javax.faces.resource/images/ui-icons_898989_256x240.png?ln=primefaces-aristo HTTP/1.1" 304 -
186.81.229.249 - - [29/Aug/2022:20:14:50 -0500] "GET /sipse/faces/javax.faces.resource/images/ui-bg_flat_0_2d5972_40x100.png?ln=primefaces-aristo HTTP/1.1" 304 -
186.81.229.249 - - [29/Aug/2022:20:14:50 -0500] "POST /sipse/faces/presentacion/financiero/solicitudProceso/consultarSolicitudProceso.xhtml HTTP/1.1" 200 37970
186.81.229.249 - - [29/Aug/2022:20:14:52 -0500] "GET /sipse/faces/javax.faces.resource/theme.css?ln=primefaces-sipse HTTP/1.1" 304 -
186.81.229.249 - - [29/Aug/2022:20:14:52 -0500] "GET /sipse/faces/javax.faces.resource/jquery/jquery.js?ln=primefaces&v=4.0 HTTP/1.1" 304 -
186.81.229.249 - - [29/Aug/2022:20:14:52 -0500] "GET /sipse/faces/javax.faces.resource/layout/layout.css?ln=primefaces&v=4.0 HTTP/1.1" 304 -
186.81.229.249 - - [29/Aug/2022:20:14:52 -0500] "GET /sipse/faces/javax.faces.resource/primefaces.css?ln=primefaces&v=4.0 HTTP/1.1" 304 -
186.81.229.249 - - [29/Aug/2022:20:14:52 -0500] "GET /sipse/faces/javax.faces.resource/jquery/jquery-plugins.js?ln=primefaces&v=4.0 HTTP/1.1" 304 -
186.81.229.249 - - [29/Aug/2022:20:14:52 -0500] "GET /sipse/faces/javax.faces.resource/primefaces.js?ln=primefaces&v=4.0 HTTP/1.1" 304 -
186.81.229.249 - - [29/Aug/2022:20:14:52 -0500] "GET /sipse/faces/javax.faces.resource/layout/layout.js?ln=primefaces&v=4.0 HTTP/1.1" 304 -
186.81.229.249 - - [29/Aug/2022:20:14:52 -0500] "GET /sipse/faces/javax.faces.resource/messages/messages.png?ln=primefaces&v=4.0 HTTP/1.1" 304 -
186.81.229.249 - - [29/Aug/2022:20:14:53 -0500] "POST /sipse/faces/presentacion/financiero/solicitudProceso/listarSolicitudProceso.xhtml HTTP/1.1" 200 1424
186.81.229.249 - - [29/Aug/2022:20:14:58 -0500] "POST /sipse/faces/presentacion/financiero/solicitudProceso/listarSolicitudProceso.xhtml HTTP/1.1" 200 119334
186.81.229.249 - - [29/Aug/2022:20:15:00 -0500] "GET /sipse/faces/javax.faces.resource/primefaces.css?ln=primefaces&v=4.0 HTTP/1.1" 304 -
186.81.229.249 - - [29/Aug/2022:20:15:00 -0500] "GET /sipse/faces/javax.faces.resource/layout/layout.css?ln=primefaces&v=4.0 HTTP/1.1" 304 -
186.81.229.249 - - [29/Aug/2022:20:15:00 -0500] "GET /sipse/faces/javax.faces.resource/theme.css?ln=primefaces-sipse HTTP/1.1" 304 -
186.81.229.249 - - [29/Aug/2022:20:15:00 -0500] "GET /sipse/faces/javax.faces.resource/jquery/jquery.js?ln=primefaces&v=4.0 HTTP/1.1" 304 -
186.81.229.249 - - [29/Aug/2022:20:15:00 -0500] "GET /sipse/faces/javax.faces.resource/jquery/jquery-plugins.js?ln=primefaces&v=4.0 HTTP/1.1" 304 -
186.81.229.249 - - [29/Aug/2022:20:15:00 -0500] "GET /sipse/faces/javax.faces.resource/primefaces.js?ln=primefaces&v=4.0 HTTP/1.1" 304 -
186.81.229.249 - - [29/Aug/2022:20:15:00 -0500] "GET /sipse/faces/javax.faces.resource/layout/layout.js?ln=primefaces&v=4.0 HTTP/1.1" 304 -
186.81.229.249 - - [29/Aug/2022:20:15:07 -0500] "POST /sipse/faces/presentacion/financiero/solicitudProceso/consultarSolicitudProceso.xhtml HTTP/1.1" 200 26978
186.81.229.249 - - [29/Aug/2022:20:15:07 -0500] "GET /sipse/faces/javax.faces.resource/theme.css?ln=primefaces-sipse HTTP/1.1" 304 -
186.81.229.249 - - [29/Aug/2022:20:15:07 -0500] "GET /sipse/faces/javax.faces.resource/primefaces.css?ln=primefaces&v=4.0 HTTP/1.1" 304 -
186.81.229.249 - - [29/Aug/2022:20:15:07 -0500] "GET /sipse/faces/javax.faces.resource/layout/layout.css?ln=primefaces&v=4.0 HTTP/1.1" 304 -
186.81.229.249 - - [29/Aug/2022:20:15:07 -0500] "GET /sipse/faces/javax.faces.resource/jquery/jquery.js?ln=primefaces&v=4.0 HTTP/1.1" 304 -
186.81.229.249 - - [29/Aug/2022:20:15:07 -0500] "GET /sipse/faces/javax.faces.resource/layout/layout.js?ln=primefaces&v=4.0 HTTP/1.1" 304 -
186.81.229.249 - - [29/Aug/2022:20:15:07 -0500] "GET /sipse/faces/javax.faces.resource/primefaces.js?ln=primefaces&v=4.0 HTTP/1.1" 304 -
186.81.229.249 - - [29/Aug/2022:20:15:07 -0500] "GET /sipse/faces/javax.faces.resource/jquery/jquery-plugins.js?ln=primefaces&v=4.0 HTTP/1.1" 304 -
186.81.229.249 - - [29/Aug/2022:20:15:07 -0500] "GET /sipse/css/imagen/contrasena.png HTTP/1.1" 404 383
186.81.229.249 - - [29/Aug/2022:20:15:07 -0500] "GET /sipse/faces/javax.faces.resource/images/ui-icons_898989_256x240.png?ln=primefaces-aristo HTTP/1.1" 304 -
186.81.229.249 - - [29/Aug/2022:20:15:17 -0500] "GET /sipse/faces/javax.faces.resource/theme.css?ln=primefaces-sipse HTTP/1.1" 304 -
186.81.229.249 - - [29/Aug/2022:20:15:17 -0500] "GET /sipse/faces/javax.faces.resource/layout/layout.css?ln=primefaces&v=4.0 HTTP/1.1" 304 -
186.81.229.249 - - [29/Aug/2022:20:15:17 -0500] "GET /sipse/faces/javax.faces.resource/primefaces.css?ln=primefaces&v=4.0 HTTP/1.1" 304 -
186.81.229.249 - - [29/Aug/2022:20:15:17 -0500] "GET /sipse/faces/javax.faces.resource/primefaces.js?ln=primefaces&v=4.0 HTTP/1.1" 304 -
186.81.229.249 - - [29/Aug/2022:20:15:17 -0500] "GET /sipse/faces/javax.faces.resource/jquery/jquery-plugins.js?ln=primefaces&v=4.0 HTTP/1.1" 304 -
186.81.229.249 - - [29/Aug/2022:20:15:17 -0500] "GET /sipse/faces/javax.faces.resource/jquery/jquery.js?ln=primefaces&v=4.0 HTTP/1.1" 304 -
186.81.229.249 - - [29/Aug/2022:20:15:17 -0500] "GET /sipse/faces/javax.faces.resource/layout/layout.js?ln=primefaces&v=4.0 HTTP/1.1" 304 -
186.81.229.249 - - [29/Aug/2022:20:15:16 -0500] "POST /sipse/faces/presentacion/financiero/solicitudProceso/consultarHistorialSolProceso.xhtml HTTP/1.1" 200 163352
186.81.229.249 - - [29/Aug/2022:20:15:17 -0500] "GET /sipse/css/imagen/contrasena.png HTTP/1.1" 404 383
186.81.229.249 - - [29/Aug/2022:20:15:17 -0500] "GET /sipse/faces/javax.faces.resource/images/ui-icons_898989_256x240.png?ln=primefaces-aristo HTTP/1.1" 304 -
186.81.229.249 - - [29/Aug/2022:20:15:38 -0500] "GET /sipse/faces/javax.faces.resource/images/ui-bg_flat_0_2d5972_40x100.png?ln=primefaces-aristo HTTP/1.1" 304 -
186.81.229.249 - - [29/Aug/2022:20:15:38 -0500] "POST /sipse/faces/presentacion/financiero/solicitudProceso/consultarSolicitudProceso.xhtml HTTP/1.1" 200 37970
186.81.229.249 - - [29/Aug/2022:20:15:40 -0500] "GET /sipse/faces/javax.faces.resource/theme.css?ln=primefaces-sipse HTTP/1.1" 304 -
186.81.229.249 - - [29/Aug/2022:20:15:40 -0500] "GET /sipse/faces/javax.faces.resource/primefaces.css?ln=primefaces&v=4.0 HTTP/1.1" 304 -
186.81.229.249 - - [29/Aug/2022:20:15:40 -0500] "GET /sipse/faces/javax.faces.resource/layout/layout.css?ln=primefaces&v=4.0 HTTP/1.1" 304 -
186.81.229.249 - - [29/Aug/2022:20:15:40 -0500] "GET /sipse/faces/javax.faces.resource/jquery/jquery.js?ln=primefaces&v=4.0 HTTP/1.1" 304 -
186.81.229.249 - - [29/Aug/2022:20:15:40 -0500] "GET /sipse/faces/javax.faces.resource/jquery/jquery-plugins.js?ln=primefaces&v=4.0 HTTP/1.1" 304 -
186.81.229.249 - - [29/Aug/2022:20:15:40 -0500] "GET /sipse/faces/javax.faces.resource/primefaces.js?ln=primefaces&v=4.0 HTTP/1.1" 304 -
186.81.229.249 - - [29/Aug/2022:20:15:40 -0500] "GET /sipse/faces/javax.faces.resource/layout/layout.js?ln=primefaces&v=4.0 HTTP/1.1" 304 -
186.81.229.249 - - [29/Aug/2022:20:15:40 -0500] "GET /sipse/faces/javax.faces.resource/messages/messages.png?ln=primefaces&v=4.0 HTTP/1.1" 304 -
186.81.229.249 - - [29/Aug/2022:20:15:40 -0500] "POST /sipse/faces/presentacion/financiero/solicitudProceso/listarSolicitudProceso.xhtml HTTP/1.1" 200 1424
186.81.229.249 - - [29/Aug/2022:20:15:45 -0500] "POST /sipse/faces/presentacion/financiero/solicitudProceso/listarSolicitudProceso.xhtml HTTP/1.1" 200 119334
186.81.229.249 - - [29/Aug/2022:20:15:46 -0500] "GET /sipse/faces/javax.faces.resource/theme.css?ln=primefaces-sipse HTTP/1.1" 304 -
186.81.229.249 - - [29/Aug/2022:20:15:46 -0500] "GET /sipse/faces/javax.faces.resource/primefaces.css?ln=primefaces&v=4.0 HTTP/1.1" 304 -
186.81.229.249 - - [29/Aug/2022:20:15:46 -0500] "GET /sipse/faces/javax.faces.resource/layout/layout.css?ln=primefaces&v=4.0 HTTP/1.1" 304 -
186.81.229.249 - - [29/Aug/2022:20:15:46 -0500] "GET /sipse/faces/javax.faces.resource/jquery/jquery.js?ln=primefaces&v=4.0 HTTP/1.1" 304 -
186.81.229.249 - - [29/Aug/2022:20:15:46 -0500] "GET /sipse/faces/javax.faces.resource/jquery/jquery-plugins.js?ln=primefaces&v=4.0 HTTP/1.1" 304 -
186.81.229.249 - - [29/Aug/2022:20:15:46 -0500] "GET /sipse/faces/javax.faces.resource/primefaces.js?ln=primefaces&v=4.0 HTTP/1.1" 304 -
186.81.229.249 - - [29/Aug/2022:20:15:46 -0500] "GET /sipse/faces/javax.faces.resource/layout/layout.js?ln=primefaces&v=4.0 HTTP/1.1" 304 -
186.81.229.249 - - [29/Aug/2022:20:15:59 -0500] "POST /sipse/faces/presentacion/financiero/solicitudProceso/consultarSolicitudProceso.xhtml HTTP/1.1" 200 27132
186.81.229.249 - - [29/Aug/2022:20:15:59 -0500] "GET /sipse/faces/javax.faces.resource/primefaces.css?ln=primefaces&v=4.0 HTTP/1.1" 304 -
186.81.229.249 - - [29/Aug/2022:20:15:59 -0500] "GET /sipse/faces/javax.faces.resource/theme.css?ln=primefaces-sipse HTTP/1.1" 304 -
186.81.229.249 - - [29/Aug/2022:20:15:59 -0500] "GET /sipse/faces/javax.faces.resource/layout/layout.css?ln=primefaces&v=4.0 HTTP/1.1" 304 -
186.81.229.249 - - [29/Aug/2022:20:15:59 -0500] "GET /sipse/faces/javax.faces.resource/jquery/jquery-plugins.js?ln=primefaces&v=4.0 HTTP/1.1" 304 -
186.81.229.249 - - [29/Aug/2022:20:15:59 -0500] "GET /sipse/faces/javax.faces.resource/jquery/jquery.js?ln=primefaces&v=4.0 HTTP/1.1" 304 -
186.81.229.249 - - [29/Aug/2022:20:15:59 -0500] "GET /sipse/faces/javax.faces.resource/primefaces.js?ln=primefaces&v=4.0 HTTP/1.1" 304 -
186.81.229.249 - - [29/Aug/2022:20:15:59 -0500] "GET /sipse/faces/javax.faces.resource/layout/layout.js?ln=primefaces&v=4.0 HTTP/1.1" 304 -
186.81.229.249 - - [29/Aug/2022:20:15:59 -0500] "GET /sipse/css/imagen/contrasena.png HTTP/1.1" 404 383
186.81.229.249 - - [29/Aug/2022:20:15:59 -0500] "GET /sipse/faces/javax.faces.resource/images/ui-icons_898989_256x240.png?ln=primefaces-aristo HTTP/1.1" 304 -
186.81.229.249 - - [29/Aug/2022:20:16:11 -0500] "GET /sipse/faces/javax.faces.resource/primefaces.css?ln=primefaces&v=4.0 HTTP/1.1" 304 -
186.81.229.249 - - [29/Aug/2022:20:16:11 -0500] "GET /sipse/faces/javax.faces.resource/jquery/jquery.js?ln=primefaces&v=4.0 HTTP/1.1" 304 -
186.81.229.249 - - [29/Aug/2022:20:16:11 -0500] "GET /sipse/faces/javax.faces.resource/theme.css?ln=primefaces-sipse HTTP/1.1" 304 -
186.81.229.249 - - [29/Aug/2022:20:16:11 -0500] "GET /sipse/faces/javax.faces.resource/layout/layout.css?ln=primefaces&v=4.0 HTTP/1.1" 304 -
186.81.229.249 - - [29/Aug/2022:20:16:11 -0500] "GET /sipse/faces/javax.faces.resource/jquery/jquery-plugins.js?ln=primefaces&v=4.0 HTTP/1.1" 304 -
186.81.229.249 - - [29/Aug/2022:20:16:11 -0500] "GET /sipse/faces/javax.faces.resource/primefaces.js?ln=primefaces&v=4.0 HTTP/1.1" 304 -
186.81.229.249 - - [29/Aug/2022:20:16:11 -0500] "GET /sipse/faces/javax.faces.resource/layout/layout.js?ln=primefaces&v=4.0 HTTP/1.1" 304 -
186.81.229.249 - - [29/Aug/2022:20:16:10 -0500] "POST /sipse/faces/presentacion/financiero/solicitudProceso/consultarHistorialSolProceso.xhtml HTTP/1.1" 200 163352
186.81.229.249 - - [29/Aug/2022:20:16:11 -0500] "GET /sipse/css/imagen/contrasena.png HTTP/1.1" 404 383
186.81.229.249 - - [29/Aug/2022:20:16:11 -0500] "GET /sipse/faces/javax.faces.resource/images/ui-icons_898989_256x240.png?ln=primefaces-aristo HTTP/1.1" 304 -
186.81.229.249 - - [29/Aug/2022:20:16:26 -0500] "GET /sipse/faces/javax.faces.resource/theme.css?ln=primefaces-sipse HTTP/1.1" 304 -
186.81.229.249 - - [29/Aug/2022:20:16:25 -0500] "POST /sipse/faces/presentacion/financiero/solicitudProceso/consultarSolicitudProceso.xhtml HTTP/1.1" 200 164100
186.81.229.249 - - [29/Aug/2022:20:16:26 -0500] "GET /sipse/faces/javax.faces.resource/jquery/jquery.js?ln=primefaces&v=4.0 HTTP/1.1" 304 -
186.81.229.249 - - [29/Aug/2022:20:16:26 -0500] "GET /sipse/faces/javax.faces.resource/primefaces.css?ln=primefaces&v=4.0 HTTP/1.1" 304 -
186.81.229.249 - - [29/Aug/2022:20:16:26 -0500] "GET /sipse/faces/javax.faces.resource/layout/layout.css?ln=primefaces&v=4.0 HTTP/1.1" 304 -
186.81.229.249 - - [29/Aug/2022:20:16:26 -0500] "GET /sipse/faces/javax.faces.resource/jquery/jquery-plugins.js?ln=primefaces&v=4.0 HTTP/1.1" 304 -
186.81.229.249 - - [29/Aug/2022:20:16:26 -0500] "GET /sipse/faces/javax.faces.resource/primefaces.js?ln=primefaces&v=4.0 HTTP/1.1" 304 -
186.81.229.249 - - [29/Aug/2022:20:16:26 -0500] "GET /sipse/faces/javax.faces.resource/layout/layout.js?ln=primefaces&v=4.0 HTTP/1.1" 304 -
186.81.229.249 - - [29/Aug/2022:20:16:26 -0500] "GET /sipse/css/imagen/contrasena.png HTTP/1.1" 404 383
186.81.229.249 - - [29/Aug/2022:20:16:26 -0500] "GET /sipse/faces/javax.faces.resource/images/ui-icons_898989_256x240.png?ln=primefaces-aristo HTTP/1.1" 304 -
186.81.229.249 - - [29/Aug/2022:20:16:32 -0500] "GET /sipse/faces/javax.faces.resource/images/ui-bg_flat_0_2d5972_40x100.png?ln=primefaces-aristo HTTP/1.1" 304 -
186.81.229.249 - - [29/Aug/2022:20:16:32 -0500] "POST /sipse/faces/presentacion/financiero/solicitudProceso/consultarSolicitudProceso.xhtml HTTP/1.1" 200 37992
186.81.229.249 - - [29/Aug/2022:20:16:34 -0500] "GET /sipse/faces/javax.faces.resource/theme.css?ln=primefaces-sipse HTTP/1.1" 304 -
186.81.229.249 - - [29/Aug/2022:20:16:34 -0500] "GET /sipse/faces/javax.faces.resource/layout/layout.css?ln=primefaces&v=4.0 HTTP/1.1" 304 -
186.81.229.249 - - [29/Aug/2022:20:16:34 -0500] "GET /sipse/faces/javax.faces.resource/jquery/jquery.js?ln=primefaces&v=4.0 HTTP/1.1" 304 -
186.81.229.249 - - [29/Aug/2022:20:16:34 -0500] "GET /sipse/faces/javax.faces.resource/primefaces.css?ln=primefaces&v=4.0 HTTP/1.1" 304 -
186.81.229.249 - - [29/Aug/2022:20:16:34 -0500] "GET /sipse/faces/javax.faces.resource/jquery/jquery-plugins.js?ln=primefaces&v=4.0 HTTP/1.1" 304 -
186.81.229.249 - - [29/Aug/2022:20:16:34 -0500] "GET /sipse/faces/javax.faces.resource/primefaces.js?ln=primefaces&v=4.0 HTTP/1.1" 304 -
186.81.229.249 - - [29/Aug/2022:20:16:34 -0500] "GET /sipse/faces/javax.faces.resource/layout/layout.js?ln=primefaces&v=4.0 HTTP/1.1" 304 -
186.81.229.249 - - [29/Aug/2022:20:16:34 -0500] "GET /sipse/faces/javax.faces.resource/messages/messages.png?ln=primefaces&v=4.0 HTTP/1.1" 304 -
186.81.229.249 - - [29/Aug/2022:20:16:34 -0500] "POST /sipse/faces/presentacion/financiero/solicitudProceso/listarSolicitudProceso.xhtml HTTP/1.1" 200 1424
186.81.229.249 - - [29/Aug/2022:20:16:55 -0500] "POST /sipse/faces/presentacion/financiero/solicitudProceso/listarSolicitudProceso.xhtml HTTP/1.1" 200 114525
186.81.229.249 - - [29/Aug/2022:20:16:56 -0500] "GET /sipse/faces/javax.faces.resource/theme.css?ln=primefaces-sipse HTTP/1.1" 304 -
186.81.229.249 - - [29/Aug/2022:20:16:56 -0500] "GET /sipse/faces/javax.faces.resource/layout/layout.css?ln=primefaces&v=4.0 HTTP/1.1" 304 -
186.81.229.249 - - [29/Aug/2022:20:16:56 -0500] "GET /sipse/faces/javax.faces.resource/primefaces.css?ln=primefaces&v=4.0 HTTP/1.1" 304 -
186.81.229.249 - - [29/Aug/2022:20:16:56 -0500] "GET /sipse/faces/javax.faces.resource/jquery/jquery.js?ln=primefaces&v=4.0 HTTP/1.1" 304 -
186.81.229.249 - - [29/Aug/2022:20:16:56 -0500] "GET /sipse/faces/javax.faces.resource/jquery/jquery-plugins.js?ln=primefaces&v=4.0 HTTP/1.1" 304 -
186.81.229.249 - - [29/Aug/2022:20:16:56 -0500] "GET /sipse/faces/javax.faces.resource/primefaces.js?ln=primefaces&v=4.0 HTTP/1.1" 304 -
186.81.229.249 - - [29/Aug/2022:20:16:56 -0500] "GET /sipse/faces/javax.faces.resource/layout/layout.js?ln=primefaces&v=4.0 HTTP/1.1" 304 -
186.81.229.249 - - [29/Aug/2022:20:17:02 -0500] "POST /sipse/faces/presentacion/financiero/solicitudProceso/consultarSolicitudProceso.xhtml HTTP/1.1" 200 29631
186.81.229.249 - - [29/Aug/2022:20:17:02 -0500] "GET /sipse/faces/javax.faces.resource/theme.css?ln=primefaces-sipse HTTP/1.1" 304 -
186.81.229.249 - - [29/Aug/2022:20:17:02 -0500] "GET /sipse/faces/javax.faces.resource/primefaces.css?ln=primefaces&v=4.0 HTTP/1.1" 304 -
186.81.229.249 - - [29/Aug/2022:20:17:02 -0500] "GET /sipse/faces/javax.faces.resource/layout/layout.css?ln=primefaces&v=4.0 HTTP/1.1" 304 -
186.81.229.249 - - [29/Aug/2022:20:17:02 -0500] "GET /sipse/faces/javax.faces.resource/jquery/jquery.js?ln=primefaces&v=4.0 HTTP/1.1" 304 -
186.81.229.249 - - [29/Aug/2022:20:17:02 -0500] "GET /sipse/faces/javax.faces.resource/jquery/jquery-plugins.js?ln=primefaces&v=4.0 HTTP/1.1" 304 -
186.81.229.249 - - [29/Aug/2022:20:17:02 -0500] "GET /sipse/faces/javax.faces.resource/primefaces.js?ln=primefaces&v=4.0 HTTP/1.1" 304 -
186.81.229.249 - - [29/Aug/2022:20:17:02 -0500] "GET /sipse/faces/javax.faces.resource/layout/layout.js?ln=primefaces&v=4.0 HTTP/1.1" 304 -
186.81.229.249 - - [29/Aug/2022:20:17:10 -0500] "POST /sipse/faces/presentacion/financiero/solicitudProceso/asignarContratacion.xhtml HTTP/1.1" 200 35068
186.81.229.249 - - [29/Aug/2022:20:17:12 -0500] "GET /sipse/faces/javax.faces.resource/theme.css?ln=primefaces-sipse HTTP/1.1" 304 -
186.81.229.249 - - [29/Aug/2022:20:17:12 -0500] "GET /sipse/faces/javax.faces.resource/layout/layout.css?ln=primefaces&v=4.0 HTTP/1.1" 304 -
186.81.229.249 - - [29/Aug/2022:20:17:12 -0500] "GET /sipse/faces/javax.faces.resource/primefaces.css?ln=primefaces&v=4.0 HTTP/1.1" 304 -
186.81.229.249 - - [29/Aug/2022:20:17:12 -0500] "GET /sipse/faces/javax.faces.resource/jquery/jquery.js?ln=primefaces&v=4.0 HTTP/1.1" 304 -
186.81.229.249 - - [29/Aug/2022:20:17:12 -0500] "GET /sipse/faces/javax.faces.resource/jquery/jquery-plugins.js?ln=primefaces&v=4.0 HTTP/1.1" 304 -
186.81.229.249 - - [29/Aug/2022:20:17:12 -0500] "GET /sipse/faces/javax.faces.resource/primefaces.js?ln=primefaces&v=4.0 HTTP/1.1" 304 -
186.81.229.249 - - [29/Aug/2022:20:17:12 -0500] "GET /sipse/faces/javax.faces.resource/layout/layout.js?ln=primefaces&v=4.0 HTTP/1.1" 304 -
186.81.229.249 - - [29/Aug/2022:20:17:12 -0500] "POST /sipse/faces/presentacion/financiero/solicitudProceso/listarSolicitudProceso.xhtml HTTP/1.1" 200 1400
216.245.221.92 - - [29/Aug/2022:20:18:33 -0500] "HEAD / HTTP/1.1" 200 -
207.46.13.115 - - [29/Aug/2022:20:18:39 -0500] "GET /BLA/resoluciones/RESOLUCIONES%202021/3158.pdf HTTP/1.1" 304 -
201.245.192.253 - - [29/Aug/2022:20:18:41 -0500] "POST /kwsrmcab/Wsrmcab  HTTP/1.1" 200 42606
172.22.2.4 - - [29/Aug/2022:20:17:25 -0500] "HEAD /BLA/boletinlegal/ HTTP/1.1" 200 -
172.22.2.4 - - [29/Aug/2022:20:18:15 -0500] "GET /BLA/boletinlegal/ HTTP/1.1" 200 53281
201.245.192.253 - - [29/Aug/2022:20:20:12 -0500] "POST /kwsrmcab/Wsrmcab HTTP/1.1" 200 43179
201.245.192.253 - - [29/Aug/2022:20:20:16 -0500] "POST /kwsrmcab/Wsrmcab HTTP/1.1" 200 42576
207.46.13.186 - - [29/Aug/2022:20:20:52 -0500] "GET /BLA/resoluciones/RESOLUCIONES%202000/2000%20950-999.tif HTTP/1.1" 200 4451157
207.46.13.36 - - [29/Aug/2022:20:20:59 -0500] "GET /BLA/resoluciones/RESOLUCIONES%202004/RESOLUCION%20676%20DE%202004.PDF HTTP/1.1" 304 -
185.119.81.107 - - [29/Aug/2022:20:21:51 -0500] "GET /portaldeninos/wp-login.php HTTP/1.1" 200 2592
185.119.81.107 - - [29/Aug/2022:20:21:52 -0500] "POST /portaldeninos/wp-login.php HTTP/1.1" 200 3650
186.102.66.142 - - [29/Aug/2022:20:22:15 -0500] "GET /kwssiamovil/sm/acme/u?s=U2FsdGVkX19VEaVhvrev7wqL//6dMoYI6doClHc3wY8XRoE75VUvsgb+RBpsi8VrNUE/PCJS7Liuk9SK0l1GeRqFCbPDDyJat8Jmw6W4G1Hpi60S8MHRGIhbTxs1BicM2nr6/O/to7Jp9Lz1d+MRwQ==&u=U2FsdGVkX19wGa3rN3XVmWQwTNQLbAEQgryw58UoOuM=&y=U2FsdGVkX1//Q7/V/YVD9AV7XXSPhslB16nau4zV7cQ= HTTP/1.1" 200 60
207.46.13.16 - - [29/Aug/2022:20:22:15 -0500] "GET /forest/ HTTP/1.1" 200 12041
207.46.13.16 - - [29/Aug/2022:20:22:25 -0500] "GET /Publicaciones/2022EE190622.pdf HTTP/1.1" 404 228
216.245.221.92 - - [29/Aug/2022:20:23:33 -0500] "HEAD / HTTP/1.1" 200 -
201.245.192.253 - - [29/Aug/2022:20:23:40 -0500] "POST /kwsrmcab/Wsrmcab  HTTP/1.1" 200 42606
191.95.165.135 - - [29/Aug/2022:20:24:53 -0500] "GET /BLA/resoluciones/RESOLUCIONES%202018/1471.pdf HTTP/1.1" 200 4855393
172.22.2.4 - - [29/Aug/2022:20:23:15 -0500] "HEAD /BLA/boletinlegal/ HTTP/1.1" 200 -
191.95.165.135 - - [29/Aug/2022:20:24:59 -0500] "GET /favicon.ico HTTP/1.1" 200 7782
20.224.170.80 - - [29/Aug/2022:20:25:15 -0500] "GET /shell4.php HTTP/1.1" 404 1150
20.224.170.80 - - [29/Aug/2022:20:25:16 -0500] "GET /ups.php HTTP/1.1" 404 1150
20.224.170.80 - - [29/Aug/2022:20:25:16 -0500] "GET /ru.php HTTP/1.1" 404 1150
20.224.170.80 - - [29/Aug/2022:20:25:17 -0500] "GET /if.php HTTP/1.1" 404 1150
20.224.170.80 - - [29/Aug/2022:20:25:18 -0500] "GET /vuln.php HTTP/1.1" 404 1150
20.224.170.80 - - [29/Aug/2022:20:25:18 -0500] "GET /fw.php HTTP/1.1" 404 1150
20.224.170.80 - - [29/Aug/2022:20:25:19 -0500] "GET /skipper.php HTTP/1.1" 404 1150
20.224.170.80 - - [29/Aug/2022:20:25:20 -0500] "GET /skippershell.php HTTP/1.1" 404 1150
20.224.170.80 - - [29/Aug/2022:20:25:20 -0500] "GET /tttt.php HTTP/1.1" 404 1150
20.224.170.80 - - [29/Aug/2022:20:25:21 -0500] "GET /tshop.php HTTP/1.1" 404 1150
20.224.170.80 - - [29/Aug/2022:20:25:22 -0500] "GET /alfa.php HTTP/1.1" 404 1150
20.224.170.80 - - [29/Aug/2022:20:25:22 -0500] "GET /shell.php HTTP/1.1" 404 1150
20.224.170.80 - - [29/Aug/2022:20:25:23 -0500] "GET /saudi.php HTTP/1.1" 404 1150
20.224.170.80 - - [29/Aug/2022:20:25:24 -0500] "GET /wso.php HTTP/1.1" 404 1150
20.224.170.80 - - [29/Aug/2022:20:25:24 -0500] "GET /alfashell.php HTTP/1.1" 404 1150
20.224.170.80 - - [29/Aug/2022:20:25:25 -0500] "GET /my_alfa.php HTTP/1.1" 404 1150
20.224.170.80 - - [29/Aug/2022:20:25:26 -0500] "GET /uploader.php HTTP/1.1" 404 1150
20.224.170.80 - - [29/Aug/2022:20:25:26 -0500] "GET /up.php HTTP/1.1" 404 1150
20.224.170.80 - - [29/Aug/2022:20:25:27 -0500] "GET /hacked.php HTTP/1.1" 404 1150
20.224.170.80 - - [29/Aug/2022:20:25:28 -0500] "GET /c99.php HTTP/1.1" 404 1150
20.224.170.80 - - [29/Aug/2022:20:25:28 -0500] "GET /priv8.php HTTP/1.1" 404 1150
20.224.170.80 - - [29/Aug/2022:20:25:29 -0500] "GET /Navir.php HTTP/1.1" 404 1150
20.224.170.80 - - [29/Aug/2022:20:25:30 -0500] "GET /cmd13.php HTTP/1.1" 404 1150
20.224.170.80 - - [29/Aug/2022:20:25:30 -0500] "GET /inc20k1.php HTTP/1.1" 404 1150
20.224.170.80 - - [29/Aug/2022:20:25:31 -0500] "GET /1index.php HTTP/1.1" 404 1150
20.224.170.80 - - [29/Aug/2022:20:25:32 -0500] "GET /404.php HTTP/1.1" 404 1150
20.224.170.80 - - [29/Aug/2022:20:25:32 -0500] "GET /swm.php HTTP/1.1" 404 1150
20.224.170.80 - - [29/Aug/2022:20:25:33 -0500] "GET /wp.php HTTP/1.1" 404 1150
20.224.170.80 - - [29/Aug/2022:20:25:34 -0500] "GET /doc.php HTTP/1.1" 404 1150
20.224.170.80 - - [29/Aug/2022:20:25:34 -0500] "GET /shx.php HTTP/1.1" 404 1150
20.224.170.80 - - [29/Aug/2022:20:25:35 -0500] "GET /ws.php HTTP/1.1" 404 1150
20.224.170.80 - - [29/Aug/2022:20:25:36 -0500] "GET /m.php HTTP/1.1" 404 1150
20.224.170.80 - - [29/Aug/2022:20:25:36 -0500] "GET /edit-form.php HTTP/1.1" 404 1150
20.224.170.80 - - [29/Aug/2022:20:25:37 -0500] "GET /LEAF.php HTTP/1.1" 404 1150
20.224.170.80 - - [29/Aug/2022:20:25:38 -0500] "GET /leafmailer.php HTTP/1.1" 404 1150
20.224.170.80 - - [29/Aug/2022:20:25:38 -0500] "GET /mailer.php HTTP/1.1" 404 1150
20.224.170.80 - - [29/Aug/2022:20:25:39 -0500] "GET /leafmailer2.8.php HTTP/1.1" 404 1150
20.224.170.80 - - [29/Aug/2022:20:25:39 -0500] "GET /Leaf.php HTTP/1.1" 404 1150
20.224.170.80 - - [29/Aug/2022:20:25:40 -0500] "GET /leaf.php HTTP/1.1" 404 1150
20.224.170.80 - - [29/Aug/2022:20:25:41 -0500] "GET /x.php HTTP/1.1" 404 1150
20.224.170.80 - - [29/Aug/2022:20:25:41 -0500] "GET /srx.php HTTP/1.1" 404 1150
20.224.170.80 - - [29/Aug/2022:20:25:42 -0500] "GET /1337.php HTTP/1.1" 404 1150
20.224.170.80 - - [29/Aug/2022:20:25:43 -0500] "GET /xx.php HTTP/1.1" 404 1150
20.224.170.80 - - [29/Aug/2022:20:25:43 -0500] "GET /XxX.php HTTP/1.1" 404 1150
20.224.170.80 - - [29/Aug/2022:20:25:44 -0500] "GET /lf.php HTTP/1.1" 404 1150
172.22.2.4 - - [29/Aug/2022:20:24:05 -0500] "GET /BLA/boletinlegal/ HTTP/1.1" 200 58566
20.224.170.80 - - [29/Aug/2022:20:25:45 -0500] "GET /alex.php HTTP/1.1" 404 1150
20.224.170.80 - - [29/Aug/2022:20:25:45 -0500] "GET /new.php HTTP/1.1" 404 1150
20.224.170.80 - - [29/Aug/2022:20:25:46 -0500] "GET /marijuana.php HTTP/1.1" 404 1150
20.224.170.80 - - [29/Aug/2022:20:25:47 -0500] "GET /gaza.php HTTP/1.1" 404 1150
20.224.170.80 - - [29/Aug/2022:20:25:47 -0500] "GET /wp-admin.php HTTP/1.1" 404 1150
20.224.170.80 - - [29/Aug/2022:20:25:48 -0500] "GET /3index.php HTTP/1.1" 404 1150
20.224.170.80 - - [29/Aug/2022:20:25:49 -0500] "GET /wikindex.php HTTP/1.1" 404 1150
20.224.170.80 - - [29/Aug/2022:20:25:49 -0500] "GET /wso1.php HTTP/1.1" 404 1150
20.224.170.80 - - [29/Aug/2022:20:25:50 -0500] "GET /bb.php HTTP/1.1" 404 1150
20.224.170.80 - - [29/Aug/2022:20:25:51 -0500] "GET /Lux.php HTTP/1.1" 404 1150
20.224.170.80 - - [29/Aug/2022:20:25:51 -0500] "GET /haxor.php HTTP/1.1" 404 1150
66.249.79.115 - - [29/Aug/2022:20:25:56 -0500] "-" 408 -
186.102.49.234 - - [29/Aug/2022:20:27:19 -0500] "-" 408 -
172.22.2.4 - - [29/Aug/2022:20:27:29 -0500] "GET /BLA/boletinlegal/consulta_actos.php?tipo=resoluciones&no=1112&usuario=&sector=&fecha=2017&resuelve= HTTP/1.1" 200 626
69.171.231.5 - - [29/Aug/2022:20:28:22 -0500] "GET /images/reunion-planta-termovalorizacion-11-mayo.jpg HTTP/1.1" 200 34782
216.245.221.92 - - [29/Aug/2022:20:28:33 -0500] "HEAD / HTTP/1.1" 200 -
201.245.192.253 - - [29/Aug/2022:20:28:39 -0500] "POST /kwsrmcab/Wsrmcab  HTTP/1.1" 200 42606
172.22.2.4 - - [29/Aug/2022:20:28:42 -0500] "GET /BLA/boletinlegal/consulta_actos.php?tipo=resoluciones&no=5474&usuario=&sector=&fecha=2021&resuelve= HTTP/1.1" 200 1138
186.102.45.234 - - [29/Aug/2022:20:29:18 -0500] "GET /kwssiamovil/sm/acme/a?s=U2FsdGVkX18hSA8fxq5yijknpynL4K/nodJ/JVKS0TJGOLf1gKU6ZFGZOgKKP5iRCBM0fwufHE0QXqPXY4aY/aD+BbU1xB8/KxhBMvVE0eU+CdMhoWRCr6yi1jqNs/tU3PsH7QYUh6UBjkK/XBWm6vsvwa2In0MLHzW6qB0XIFTH21s8nYgOrq2dPW/sGxj+Mb/+hhKgjzY1xuMSEPBBoaAtw7PwqdgFursi4x6Y7kjMeTFX1meoshpuB62OduUbGYTJ+zdfjc813GTwFmBaDOiiUY5UfAyRCF/W2i5LL1E=&u=U2FsdGVkX1/qCgTI1V6VpOmzP1Vf9dQrmzBh0NkssIfSwZ8yFvvSY072c58pc1Gt&y=U2FsdGVkX185zVpCGpUYzzVhf2w7RhxJtkhzvmue0M+EJJqt3rFI5mHihCdmxT3G HTTP/1.1" 200 25
186.102.45.234 - - [29/Aug/2022:20:29:18 -0500] "GET /kwssiamovil/sm/acme/a?s=U2FsdGVkX1/AvDIxEk/36kVorqFoAatj6r+its5XHDO6C/wCxCzNULDvnABIxA4y013lTZhcRx3DLuOnUlS2VR4Q0ap052ypkW8DOqtYB7zUpY6CHM3kAKS1SlLpiVQEBH37D24v+3dVq2Q9klIFQr9zrC4JtBT+NYj1ScQ970SouoIo5T7ufKzkBc9nJeLivcpM4KsESDmbBUH0dBX8RI+tuciebjI4UGmMsyD2X6Al8UX68DaR7EyGd/Fs9sFqknP1MpBzPlcWXET9793Iv7OfCjJEPh6nZKLU4HTeGp2FtNpuDV1vDFA+UG/tpGdfESAnl3H76CEu2dFnDdsjBQRXM12O8T+qHt1KIj1xkTMCs9As0M1xh3f6QZfOsRKrXQLcxumf3OpO4uYkD08R1mqog6TiiBCfutP1E2IHdsMrEAZd+P75VqpNbqVQKhhENSZyU9cIdbvqvyUty0rNxF8Gu+2TleERJCAZbwfqWgJTesIovkGlEn02hJRh23Fp7TrOCo3qqxvakAAKWDE07/dC+vzhj7fuOdnYd3IqgGrL1TzswetPZHdlGXOdDjNejBSGTZ58o0SyhuKsvNjuLegsLZ7AoR6sj12V2B9a4WabNNSnTn9E65ESIDYLcrvAgaxQapHhifefDcTcESEL7eBWCU9CzVLt1emTvTuiUJVM9hzKZ8BKfLZBgBh4Mhkrypb0hgzQ9kXe+ZK+NkFSJyq/eKFnxTO4qhStkZqiN0l0ujPSvaqjxngfsktrlG37nNAHRyzJk1RW914NK/WAExMNsXCil7WVS/Sf1y/OxFvWKqMq8yCnQ5SHZMBoudpNqZVyXEJ3WJztbYCSetO9XRtB/+EemwX01+tnTRpcm/jf/LBtUWR3dmhm36oAn1Vbw7/9Zexcz+ov4wkaabRFSLKk+tw3A5mEVJFKmUEzkHY476qLcWew7q0BfXG3J/arFxg0FQLgj2dVjBRFSzJCAnUcLizMXkvoD5iWPkf7gMXhAYZxQfQdel8UAdPd3JGG9swpTXw1D1jw1BuNwyekf0RweWyspwNf70rnTjrl3ia0oLb7zFupwr6VSMFvH2WBiKyOT7uL34SNhDk74KYJfZb1X20aKO8EeOYLKU7gLtDFWc6lc2uE1mu875xlcmQ8UEPd8fnsrFQAzwyw0vDcZJXqYA3HIdIwSXpcgPen8P4ziCBxdswCcElCm/rFoKKf7RT4L16SrQXRw+h22tymvQKF4DGkNvwNIx5HqcS0+M/U5oQ+8RTVyD12ZWHlBFLvAjlTFUli54I+mtCiMfrlaMd+52ORRC24bclfM3Ogoo56gGPVRqc+OKbTRDPnxrLFddP9LrQRD8TD2V5g+SPWuw0UpDR6E/obyNpMfPHTYfd7Med80+imcKqYnpIrVdVMAR6BnyOGtpZJf5ylPa41GAe3U1A4VTuzCbUJ0Y3NjHOHCKQmT7FDgQoKZiys1V5qg5camqgFZIrn9XZR6SJUKUVncta6XY328ee5uB2JEVyABzYe2RckvC63j86v9f7D9RQBLTYvGI3EefAFAO1RjImufkLNgvyq7itm5G13BdjOuFgNLrBsVPf1bRzD8JqYqN19dtchgC5boe5gFQ+dyGCzmts16A25wIrjaUSIH2Ufd/kicI7sIBiM47Z+B1N/xZcLr+r8GSZeta4bUO7QJzNzv1F0/2boAkJTp1hdUBw=&u=U2FsdGVkX1/qCgTI1V6VpOmzP1Vf9dQrmzBh0NkssIfSwZ8yFvvSY072c58pc1Gt&y=U2FsdGVkX185zVpCGpUYzzVhf2w7RhxJtkhzvmue0M+EJJqt3rFI5mHihCdmxT3G HTTP/1.1" 200 25
186.102.45.234 - - [29/Aug/2022:20:29:18 -0500] "GET /kwssiamovil/sm/acme/a?s=U2FsdGVkX18gMMKHyhj9dCoU8FPsge/EUZfKGlwvOKEdZ0IeIUCEcY608eYE/g+pZpYxSWXLgGP0A/wbe7YocU69v+yktzq48jH9c34AWmNbAyQQ4RyhMs8OKOunKrKpALX60r4wn1hNuufbsHcTw02DGcgfjYbs1SV2k1K5D98=&u=U2FsdGVkX1/qCgTI1V6VpOmzP1Vf9dQrmzBh0NkssIfSwZ8yFvvSY072c58pc1Gt&y=U2FsdGVkX185zVpCGpUYzzVhf2w7RhxJtkhzvmue0M+EJJqt3rFI5mHihCdmxT3G HTTP/1.1" 200 25
186.102.45.234 - - [29/Aug/2022:20:29:18 -0500] "GET /kwssiamovil/sm/acme/a?s=U2FsdGVkX1884ll6CTrua3W7+80jlaJuQt7XaY+uH0F/iqwh9eImBhy6e6U9etLOlh9+jktoSUzLr+zunDy+G3rna4sRmO60zzbVUC9M0UKjT77P7W8Ex31PnzAfXYtvCUpCUrfGH7vZ87OHgRbAkAWV7VT6Ndp22vhh0LiDu/I=&u=U2FsdGVkX1/qCgTI1V6VpOmzP1Vf9dQrmzBh0NkssIfSwZ8yFvvSY072c58pc1Gt&y=U2FsdGVkX185zVpCGpUYzzVhf2w7RhxJtkhzvmue0M+EJJqt3rFI5mHihCdmxT3G HTTP/1.1" 200 25
186.102.45.234 - - [29/Aug/2022:20:29:18 -0500] "GET /kwssiamovil/sm/acme/a?s=U2FsdGVkX19ZlAV2/IOS7OAWYGDjfVVjFrG3NlYqTChz5KVILaEaTR2GLtKEJt0F/z1mRpnlHWVcbdQY5ngVkt6iV9Z7zx/MQUbhK7MXHIpqDkhvyAPCarq4aaGXcifTFaFwxIFK/zoWPWeEgMopCfLQ6sAwK5umlmPnpPBGTvg=&u=U2FsdGVkX1/qCgTI1V6VpOmzP1Vf9dQrmzBh0NkssIfSwZ8yFvvSY072c58pc1Gt&y=U2FsdGVkX185zVpCGpUYzzVhf2w7RhxJtkhzvmue0M+EJJqt3rFI5mHihCdmxT3G HTTP/1.1" 200 25
186.102.45.234 - - [29/Aug/2022:20:29:19 -0500] "GET /kwssiamovil/sm/acme/a?s=U2FsdGVkX1/LtXTq1KTAiyTs0khDor1OILomVJm3MjkmMCkBAJIPjHsRiOY8GA5phX7h6B09+CVvmaAuZGlKOMu4GoRj95tXV0BYpXPObkDmg5HxYduRUtEez2w1QiArXTmuVoCCRrEOdMwVbAFeg0iooRbKHG428eaDBHOe46Z2sC5bcz8eW0ojI0LTWMkHDYnWZqds8rsES81dP5cHoA==&u=U2FsdGVkX1/qCgTI1V6VpOmzP1Vf9dQrmzBh0NkssIfSwZ8yFvvSY072c58pc1Gt&y=U2FsdGVkX185zVpCGpUYzzVhf2w7RhxJtkhzvmue0M+EJJqt3rFI5mHihCdmxT3G HTTP/1.1" 200 25
185.119.81.103 - - [29/Aug/2022:20:29:51 -0500] "GET /portaldeninos/wp-login.php HTTP/1.1" 200 2592
181.53.12.137 - - [29/Aug/2022:20:29:51 -0500] "GET /BLA/resoluciones/ HTTP/1.1" 200 13093
185.119.81.103 - - [29/Aug/2022:20:29:52 -0500] "POST /portaldeninos/wp-login.php HTTP/1.1" 200 3650
181.53.12.137 - - [29/Aug/2022:20:30:01 -0500] "GET /BLA/resoluciones/index.php?dir=RESOLUCIONES+2017%2F HTTP/1.1" 200 283086
201.245.192.253 - - [29/Aug/2022:20:30:13 -0500] "POST /kwsrmcab/Wsrmcab HTTP/1.1" 200 43179
201.245.192.253 - - [29/Aug/2022:20:30:16 -0500] "POST /kwsrmcab/Wsrmcab HTTP/1.1" 200 42576
172.22.2.4 - - [29/Aug/2022:20:29:05 -0500] "HEAD /BLA/boletinlegal/ HTTP/1.1" 200 -
172.22.2.4 - - [29/Aug/2022:20:29:55 -0500] "GET /BLA/boletinlegal/ HTTP/1.1" 200 58154
66.249.79.111 - - [29/Aug/2022:20:32:11 -0500] "-" 408 -
181.61.40.108 - - [29/Aug/2022:20:32:54 -0500] "POST /appsia/controlador HTTP/1.1" 200 7795
181.61.40.108 - - [29/Aug/2022:20:32:58 -0500] "POST /appsia/controlador HTTP/1.1" 200 6660
181.61.40.108 - - [29/Aug/2022:20:32:59 -0500] "POST /appsia/controlador HTTP/1.1" 200 10228
185.119.81.103 - - [29/Aug/2022:20:33:17 -0500] "GET /portaldeninos/wp-login.php HTTP/1.1" 200 2592
185.119.81.103 - - [29/Aug/2022:20:33:18 -0500] "POST /portaldeninos/wp-login.php HTTP/1.1" 200 3650
216.245.221.92 - - [29/Aug/2022:20:33:33 -0500] "HEAD / HTTP/1.1" 200 -
201.245.192.253 - - [29/Aug/2022:20:33:39 -0500] "POST /kwsrmcab/Wsrmcab  HTTP/1.1" 200 42606
172.22.2.4 - - [29/Aug/2022:20:34:55 -0500] "HEAD /BLA/boletinlegal/ HTTP/1.1" 200 -
172.22.2.4 - - [29/Aug/2022:20:35:20 -0500] "GET /BLA/boletinlegal/ HTTP/1.1" 200 47814
172.22.2.4 - - [29/Aug/2022:20:35:45 -0500] "GET /BLA/boletinlegal/ HTTP/1.1" 200 48343
185.119.81.105 - - [29/Aug/2022:20:38:01 -0500] "GET /portaldeninos/wp-login.php HTTP/1.1" 200 2592
185.119.81.105 - - [29/Aug/2022:20:38:02 -0500] "POST /portaldeninos/wp-login.php HTTP/1.1" 200 3650
216.245.221.92 - - [29/Aug/2022:20:38:33 -0500] "HEAD / HTTP/1.1" 200 -
192.109.145.231 - - [29/Aug/2022:20:38:33 -0500] "GET /galeria/nivo-slider/demo/images/Otorgamiento-excelencia-ambiental-Jos%C3%A9-Celestino-Mutis-2.jpg HTTP/1.1" 304 -
201.245.192.253 - - [29/Aug/2022:20:38:37 -0500] "POST /kwsrmcab/Wsrmcab  HTTP/1.1" 200 42606
172.22.2.4 - - [29/Aug/2022:20:39:05 -0500] "GET /BLA/boletinlegal/Circulares/2022/CIRCULAR%20No.%2000005%20DEL%2030%20DE%20JUNIO%20DEL%202022.pdf HTTP/1.1" 404 1218
172.22.2.4 - - [29/Aug/2022:20:39:10 -0500] "GET /BLA/boletinlegal/Circulares/2019/.pdf HTTP/1.1" 404 1218
172.22.2.4 - - [29/Aug/2022:20:39:48 -0500] "GET /BLA/boletinlegal/xmlrpc.php HTTP/1.1" 404 1038
201.245.192.253 - - [29/Aug/2022:20:40:12 -0500] "POST /kwsrmcab/Wsrmcab HTTP/1.1" 200 43179
201.245.192.253 - - [29/Aug/2022:20:40:16 -0500] "POST /kwsrmcab/Wsrmcab HTTP/1.1" 200 42576
172.22.2.4 - - [29/Aug/2022:20:40:45 -0500] "HEAD /BLA/boletinlegal/ HTTP/1.1" 200 -
172.22.2.4 - - [29/Aug/2022:20:41:35 -0500] "GET /BLA/boletinlegal/ HTTP/1.1" 200 58566
216.245.221.92 - - [29/Aug/2022:20:43:33 -0500] "HEAD / HTTP/1.1" 200 -
201.245.192.253 - - [29/Aug/2022:20:43:36 -0500] "POST /kwsrmcab/Wsrmcab  HTTP/1.1" 200 42606
186.102.45.234 - - [29/Aug/2022:20:43:59 -0500] "GET /kwssiamovil/sm/acme/a?s=U2FsdGVkX1+aRr6N7dh8yi63+uPm6viV6dxo80L0s3FTL1ufnz1KZG4g0Xotz2DPY4nDVV0Guw/sIrc8OyA1tpHzazRXP0PvKFIlCc+JohZw11q2gDNsedZ6GbQvZLcxfqUkmswiSHpvzHRtvbJe1qnH4pV9tx4HAIBmoem8pSFgv5B5VbcUm3dzgkIuirHsdRauDyl0akIKe0spoWdsZSjnIHwmGzBOzJQu4IAn/qIxBVLu+p8RRIkft/ZFCX/9m87Y2kuACJSXa8Lo38Mnm7Y93ZAB3SFFHGF2dGTRgPw=&u=U2FsdGVkX1/qCgTI1V6VpOmzP1Vf9dQrmzBh0NkssIfSwZ8yFvvSY072c58pc1Gt&y=U2FsdGVkX185zVpCGpUYzzVhf2w7RhxJtkhzvmue0M+EJJqt3rFI5mHihCdmxT3G HTTP/1.1" 200 25
186.102.45.234 - - [29/Aug/2022:20:44:00 -0500] "GET /kwssiamovil/sm/acme/a?s=U2FsdGVkX1/fGcSAi8cUniyNU2bf+/XXL6lx9t6PDBc1tyb8XM6HNzRwieKg/Q6qIIH9spgVNsfLhMzGDMsyWnmlCGm9fd5Tf/RABAAPiu1vVOwi7XPi4cmbJsX9bK4Fe2pARmkJD9QZ1PPPaeQu6H/4pfhpc7F3wOuxEyjVR9IsZ0+4SKjclJ426Sy1J3WRNtdgkMHLaNZEDOnomItrIPVheCmIsB9fAUt8xhn6wk/ZIP4Dw7sjFyMiyYjcQQ1/mW/pxRbwT5RGGa9DjbqO8vZQbxN0j0RQl69ewRQrZxbtfw4IqUnsn1XSvrkR/udX/2FcKQAzOHHPEoO83Kqi009pcxqGYFJyDU0+ANWFcksaWxrm5ORzlG2aOBBAHldZFFcP6AKL2R9MmXTDXje7fkDaifXrsz7zQr82uQZVAEKY2qTn7WDS/O3WnM9fVRMYHXiP41fjoEQUd6VFU4gkC954WUjZw8oXVXtUR/u4BytduiyvcS3JJFevd8XiOSfkHtrGiFCqGvXNu3W8M0N3kEXhJHO4tPTDFgetF2q6BkhqOOrMXSIX7/lHdHD10HieRctmoW0Y0i4AIhdcnZRocUI8RGMWrJ7FECucCbvEVyDz6AJIR3pIT2PNhMmodWnTL1tCG97KnxJnJwwhwawD8ZGReDOW/K1JjMsladT4HdCneJWJFVPFhCCgeypDFNYDFk0zPPPJJiQWytTZq93cKQ4tpCnah6ToifU1O7csxzNyFxbuknm0+RpEyDZznV7Hgs23rOidfflR7RpDbTWYRLx93QgBwaHO+ft6rrIoISIEgC6gD2w0bgGhW073QgC4EK+LOKff1+RyEO5+BCjGKT4nqWoekXK43k5119KQIUWizAEUDsDzCikkt3eAzWK04iyCvhBFi/aaEJMd3upft7NSP8pCjrABNcFp9DgZwlBpsD/fcOe013L5FXgRDQ2qZWLHtoi8kAT1DOsh/9thqk+zeuroTDws5Ne5yadJp+vTwiy1FhTtt35e8fYioyITSLYJlScHX+Gjg0znqo/6XBvTDwP61BfikPbqIGL+v54QZUfctMjrtdOfqi/z1Wj5myVimEjqCQ9m+Bdh5cknJvnl5nAJGAli1fm2OHOPU4fLhgyZdTwHtPcqk1zwdgjmk50DA7NbYbs3p9uySqQi8I1REPCpjK2sB3AMrN4Tw9udGeL6JqxqEg6tfJAShAM+r0otr8e/ylTEemhkhd2cgfdg5xtoM2OGrPIdIFr3qIJfi75CkfT5cc7OmFDPY4A6Gi5/vYFwmS2288Zp4DBvry3x98OGzpTX2SZQSBAeztq6lzOR5GHdKmW5QOUPKS1jlNhBjdBr7ANHFwwRolPMmUgD6CDYcym/51RzT65ei0Ca0EuVLogd7FA4wQ5iczAdbOel3XbrLooTaV0R8VhQt6Vgubfo6+pgmE3w4ZdGbE0iBtf9SY21dPQklYG+/hYhvbzqHFQN0c1reOY7ZcK0ycQ41xbPgKWasfzvPJIuxcqsraTserKw0ietQ+fUq8iZdaev3OHqoWC0OSzt3JjK+wQUD2HwW2BZKCuuAzJgWKQ/Am3f//C3PGmA8G45kzUA&u=U2FsdGVkX1/qCgTI1V6VpOmzP1Vf9dQrmzBh0NkssIfSwZ8yFvvSY072c58pc1Gt&y=U2FsdGVkX185zVpCGpUYzzVhf2w7RhxJtkhzvmue0M+EJJqt3rFI5mHihCdmxT3G HTTP/1.1" 200 25
