186.102.45.234 - - [29/Aug/2022:20:44:00 -0500] "GET /kwssiamovil/sm/acme/a?s=U2FsdGVkX19yyWg4sfazo5rNpTzG4SHDwfVBWQxbW7sch7JjaXiYjwWgaGayu28ZPtxPVvejRqCxj/E0r0q6EMXJ/zo1FvHm+Xpz4wO+HLHX0Sti4Yjh/5w3e9Z8uoWvrFPlgVdgqtO0N2DJUsEgQ/00fu2y2NdXV1pjdbb0owg=&u=U2FsdGVkX1/qCgTI1V6VpOmzP1Vf9dQrmzBh0NkssIfSwZ8yFvvSY072c58pc1Gt&y=U2FsdGVkX185zVpCGpUYzzVhf2w7RhxJtkhzvmue0M+EJJqt3rFI5mHihCdmxT3G HTTP/1.1" 200 25
186.102.45.234 - - [29/Aug/2022:20:44:00 -0500] "GET /kwssiamovil/sm/acme/a?s=U2FsdGVkX184nMqfAT7pzAU0HdjcBAkC1l4LrZKqMTVo7hvn0xoGUMC2UBoS7GeeGuS/ohNcEXKO/TuuNg6sVRHPiZA3zBqWuoznTnylvAUx2bqcvyT+yQEUXlTR/+EHMVIDzXLCj4VQJwjVqhhtnoP7liWLoViJgmkSvn74gIE=&u=U2FsdGVkX1/qCgTI1V6VpOmzP1Vf9dQrmzBh0NkssIfSwZ8yFvvSY072c58pc1Gt&y=U2FsdGVkX185zVpCGpUYzzVhf2w7RhxJtkhzvmue0M+EJJqt3rFI5mHihCdmxT3G HTTP/1.1" 200 25
186.102.45.234 - - [29/Aug/2022:20:44:00 -0500] "GET /kwssiamovil/sm/acme/a?s=U2FsdGVkX18zFDFG8J3jItZlxGH9M3XLWb4DGiosYMhGIa4YTELF/1GmOjc4NN8hQYloKsx2fWtleA/hj8KnJkD9utxxmdk4TyUJ08UcC580t5JEkzLWtVN25DDAY03AaIMI2pGk5cwwpnu5jAete+UfooomFe3VHMVbEH28t/0=&u=U2FsdGVkX1/qCgTI1V6VpOmzP1Vf9dQrmzBh0NkssIfSwZ8yFvvSY072c58pc1Gt&y=U2FsdGVkX185zVpCGpUYzzVhf2w7RhxJtkhzvmue0M+EJJqt3rFI5mHihCdmxT3G HTTP/1.1" 200 25
186.102.45.234 - - [29/Aug/2022:20:44:00 -0500] "GET /kwssiamovil/sm/acme/a?s=U2FsdGVkX1+pfx4OiafFr8gt7SHjcP+gHb961o5IgostZiJI/4b5uyCQkH4UNx1YVUG0vpUxgrjY5HV75MTXjpysVlJEFDsO4RQZZSQdbP9+qbk1zpHAu3xhdMtc3JgbrLC7ce01TqFwS0JtML+QCkwqLrPckTDQrMEk1c9rEGvkXJqatu6QohbqTKVdvNpwULf7yk40GNIpIbdqn+PyCQ==&u=U2FsdGVkX1/qCgTI1V6VpOmzP1Vf9dQrmzBh0NkssIfSwZ8yFvvSY072c58pc1Gt&y=U2FsdGVkX185zVpCGpUYzzVhf2w7RhxJtkhzvmue0M+EJJqt3rFI5mHihCdmxT3G HTTP/1.1" 200 25
186.84.91.19 - - [29/Aug/2022:20:45:08 -0500] "GET /forest/ HTTP/1.1" 200 12041
69.171.231.4 - - [29/Aug/2022:20:45:12 -0500] "GET /images/lluvias-arboles-4-junio.jpeg HTTP/1.1" 200 117524
69.171.231.4 - - [29/Aug/2022:20:45:13 -0500] "GET /images/Junio%2002-experiencias-jardines-verticales-sda.jpeg HTTP/1.1" 200 31171
69.171.231.117 - - [29/Aug/2022:20:45:14 -0500] "GET /images/empresas-industrias-forestales-1-junio.jpg HTTP/1.1" 200 44019
186.84.91.19 - - [29/Aug/2022:20:45:20 -0500] "POST /forest/index.php HTTP/1.1" 200 12268
172.22.2.4 - - [29/Aug/2022:20:47:03 -0500] "GET /BLA/boletinlegal/jurisprudencia/analisis/SENTENCIA%20C-703%20DE%202010.xls HTTP/1.1" 304 -
172.22.2.4 - - [29/Aug/2022:20:46:35 -0500] "HEAD /BLA/boletinlegal/ HTTP/1.1" 200 -
216.245.221.92 - - [29/Aug/2022:20:48:33 -0500] "HEAD / HTTP/1.1" 200 -
201.245.192.253 - - [29/Aug/2022:20:48:35 -0500] "POST /kwsrmcab/Wsrmcab  HTTP/1.1" 200 42606
172.22.2.4 - - [29/Aug/2022:20:47:25 -0500] "GET /BLA/boletinlegal/ HTTP/1.1" 200 53281
185.119.81.103 - - [29/Aug/2022:20:50:49 -0500] "GET /portaldeninos/wp-login.php HTTP/1.1" 200 2592
185.119.81.103 - - [29/Aug/2022:20:50:50 -0500] "POST /portaldeninos/wp-login.php HTTP/1.1" 200 3670
181.235.124.50 - - [29/Aug/2022:20:51:46 -0500] "GET /forest/ HTTP/1.1" 200 12041
181.63.236.76 - - [29/Aug/2022:20:53:15 -0500] "GET /BLA/resoluciones/RESOLUCIONES%202021/5474.pdf HTTP/1.1" 200 410794
181.63.236.76 - - [29/Aug/2022:20:53:15 -0500] "GET /favicon.ico HTTP/1.1" 200 7782
216.245.221.92 - - [29/Aug/2022:20:53:33 -0500] "HEAD / HTTP/1.1" 200 -
201.245.192.253 - - [29/Aug/2022:20:53:35 -0500] "POST /kwsrmcab/Wsrmcab  HTTP/1.1" 200 42606
172.22.2.4 - - [29/Aug/2022:20:53:41 -0500] "GET /BLA/boletinlegal/consulta_actos.php?tipo=resoluciones&no=1112&usuario=&sector=&fecha=2021&resuelve= HTTP/1.1" 200 1211
172.22.2.4 - - [29/Aug/2022:20:53:41 -0500] "GET /BLA/boletinlegal/consulta_actos.php?tipo=resoluciones&no=1112&usuario=&sector=&fecha=2021&resuelve= HTTP/1.1" 200 1211
172.22.2.4 - - [29/Aug/2022:20:53:48 -0500] "GET /BLA/boletinlegal/consulta_actos.php?tipo=resoluciones&no=1112&usuario=&sector=&fecha=2017&resuelve= HTTP/1.1" 200 626
191.109.187.112 - - [29/Aug/2022:20:53:55 -0500] "GET /BLA/resoluciones/index.php?dir=RESOLUCIONES+2011%2F HTTP/1.1" 200 746823
172.22.2.4 - - [29/Aug/2022:20:52:25 -0500] "HEAD /BLA/boletinlegal/ HTTP/1.1" 200 -
45.238.183.57 - - [29/Aug/2022:20:54:22 -0500] "GET /galeria/galeria/jquery.fancybox.css?v=2.1.5 HTTP/1.1" 200 4895
45.238.183.57 - - [29/Aug/2022:20:54:22 -0500] "GET /BLA/boletinlegal/js/jquery.scrollShow.js HTTP/1.1" 200 4586
45.238.183.57 - - [29/Aug/2022:20:54:22 -0500] "GET /galeria/galeria/jquery.fancybox.js?v=2.1.5 HTTP/1.1" 200 48706
172.22.2.4 - - [29/Aug/2022:20:53:15 -0500] "GET /BLA/boletinlegal/ HTTP/1.1" 200 60272
191.109.187.112 - - [29/Aug/2022:20:55:13 -0500] "GET /BLA/resoluciones/index.php?dir=RESOLUCIONES+2011%2F HTTP/1.1" 200 746823
191.109.187.112 - - [29/Aug/2022:20:55:15 -0500] "GET /BLA/resoluciones/index.php HTTP/1.1" 200 13093
191.109.187.112 - - [29/Aug/2022:20:55:20 -0500] "GET /BLA/resoluciones/index.php?dir=RESOLUCIONES+2021%2F HTTP/1.1" 200 416167
66.249.79.111 - - [29/Aug/2022:20:56:22 -0500] "-" 408 -
216.245.221.92 - - [29/Aug/2022:20:58:33 -0500] "HEAD / HTTP/1.1" 200 -
201.245.192.253 - - [29/Aug/2022:20:58:34 -0500] "POST /kwsrmcab/Wsrmcab  HTTP/1.1" 200 42606
172.22.2.4 - - [29/Aug/2022:20:58:15 -0500] "HEAD /BLA/boletinlegal/ HTTP/1.1" 200 -
172.22.2.4 - - [29/Aug/2022:21:00:34 -0500] "GET /BLA/boletinlegal/Directivas/2012/Directiva%20No.%201%20del%2030%20de%20octubre%20de%202012.pdf HTTP/1.1" 304 -
185.119.81.105 - - [29/Aug/2022:21:00:45 -0500] "GET /portaldeninos/wp-login.php HTTP/1.1" 200 2592
172.22.2.4 - - [29/Aug/2022:20:59:05 -0500] "GET /BLA/boletinlegal/ HTTP/1.1" 200 47814
185.119.81.105 - - [29/Aug/2022:21:00:46 -0500] "POST /portaldeninos/wp-login.php HTTP/1.1" 200 3605
185.119.81.105 - - [29/Aug/2022:21:01:56 -0500] "GET /portaldeninos/wp-login.php HTTP/1.1" 200 2592
185.119.81.105 - - [29/Aug/2022:21:01:58 -0500] "POST /portaldeninos/wp-login.php HTTP/1.1" 200 3670
207.46.13.115 - - [29/Aug/2022:21:00:44 -0500] "GET /BLA/boletinlegal/index.php HTTP/1.1" 200 63198
207.46.13.36 - - [29/Aug/2022:21:02:32 -0500] "GET /catalogoisis/ HTTP/1.1" 200 8575
191.109.187.112 - - [29/Aug/2022:21:03:12 -0500] "GET /BLA/resoluciones/RESOLUCIONES%202021/2886.pdf HTTP/1.1" 200 800577
216.245.221.92 - - [29/Aug/2022:21:03:33 -0500] "HEAD / HTTP/1.1" 200 -
201.245.192.253 - - [29/Aug/2022:21:03:32 -0500] "POST /kwsrmcab/Wsrmcab  HTTP/1.1" 200 42606
207.46.13.16 - - [29/Aug/2022:21:04:49 -0500] "GET /BLA/resoluciones/RESOLUCIONES%202022/1419.pdf HTTP/1.1" 200 688635
172.22.2.4 - - [29/Aug/2022:21:04:05 -0500] "HEAD /BLA/boletinlegal/ HTTP/1.1" 200 -
172.22.2.4 - - [29/Aug/2022:21:04:55 -0500] "GET /BLA/boletinlegal/ HTTP/1.1" 200 56723
185.119.81.103 - - [29/Aug/2022:21:07:42 -0500] "GET /portaldeninos/wp-login.php HTTP/1.1" 200 2592
185.119.81.103 - - [29/Aug/2022:21:07:44 -0500] "POST /portaldeninos/wp-login.php HTTP/1.1" 200 3605
84.17.52.134 - - [29/Aug/2022:21:07:47 -0500] "GET /wp-content/uploads/ HTTP/1.1" 404 1035
216.245.221.92 - - [29/Aug/2022:21:08:33 -0500] "HEAD / HTTP/1.1" 200 -
201.245.192.253 - - [29/Aug/2022:21:08:31 -0500] "POST /kwsrmcab/Wsrmcab  HTTP/1.1" 200 42606
186.102.45.234 - - [29/Aug/2022:21:09:38 -0500] "GET /kwssiamovil/sm/acme/a?s=U2FsdGVkX1/PgMoUg90wybrzNpHEEl7eQns1iBgJM84gx610E1TJPh37OT5JRWyTRywOsVrul5SQeSVioNdbGIC8kG3jKb1iL5rY2EmAFHMWT97MLo5l3frEgEs8WBIkIvgfDpFTl0/+ckepYYAI/bp/Yxj7mrbNEuD7ZdLWruaAQAljBPVdIpnCb1DNnVlvr57z4t7jfZG+ZJwKc1+GEefsDYwFcsi73IGYJL1kdK9BOTY7geoggEa0H1+8P3FovcvcaluoSvM5AFzRKTzN5EWpOUTxjeEuBue7sSFiqf0=&u=U2FsdGVkX1/qCgTI1V6VpOmzP1Vf9dQrmzBh0NkssIfSwZ8yFvvSY072c58pc1Gt&y=U2FsdGVkX185zVpCGpUYzzVhf2w7RhxJtkhzvmue0M+EJJqt3rFI5mHihCdmxT3G HTTP/1.1" 200 25
186.102.45.234 - - [29/Aug/2022:21:09:39 -0500] "GET /kwssiamovil/sm/acme/a?s=U2FsdGVkX18WT7NdKji0SPRXL+JmKQERGZF8z+lut0roxspOE7C8DHS7XENQrUB7R24Vl/cBjX9vsZ/T6k3yxyr3bySkmrscA7zWNSJlQxKBwTLAe5+9G6IbMuus06yhv+J2Tdpn3OwV1bv0QTJkmhPqPiRGLj69wZuGF9B86AQGX/Qw2ZhCOPbeW5Dp+XC6nn81aFPusRqbjzJkdVYZ17BZqqQAKxa4CukCroKLN6buVsqwcq6AmvWAcxQBqsoLbbFW5cH0fJrrUh11IPKUbsIQ2HBElek1JX/HIqBipziCytZ9msFk7wghC+nwJzzMJ/BqmG14h/Wi6yJaJPrbAKx/sPFMjIbXgfFsHA38UF3eksPJM5IX8ODY178U4EFdr669EGE7ZYB8nJ4iso4+aAFxGolmJr8T7fo1gcSDRKe4bwvsDKdpna76Srllu8i4OSmyHjO8MSJQOozpIl+1x71pcyz4WRaituGHNGxEfZGV2WM4GgGMLAw6ZHJgI0DDVtGVg1JoTj2Sb7ITAcnf9iRXZYoOTDegn3wmEiCWqYyHbRjWv2aPLxpptUtsh93E8FQH+ao7YDzkPVaDiVImbPo4lwhOzXLOd5d13vpyEb0fQBfg+S00MjnH+j4qcjJso8MLUbiXHZd3kPD9AEj6L/Vh+UkgKHPGS7gn+EDhIUGCdUqVnCLx7P6++2Ma4Cj1yvRfloZkjqMSNpLQGUphgAXfxRzQFcranm7lrmHRsCvnipaGaLFqKQRMVjd7oJXGgqGJ39B1NUIYE0np4MtQhJJ64d9ifJU1pBEzvShCw1iv33S+Hhwk/3e9lWLBKHwk8AVbZv6071QcgqPgPeEOY3ZRGx0DW6Bidx3x8QZdRokgx5dF14N8AKkG+QQLeYPPoGLwjBLOGqY10eZfxQgphKPy5wS7BbdkcqQBzHixGpAq46/ZmIHV9qUPOpZXj3aNsXMt5ixxdhZOj5NIc4tLPs9hMVyz8L+WCTgdfp2JEiDWX3T3qGVogobO8GoiMAoHKXCY2RW9c/FVsKYpYSF1jZ46EF2DZ1LUx5643V0Y1/YtqApeIAajnqnKQ1BBkzQpJPDyziUGjFFQo+0jvGuV3vRg5VNPZNUI5BRVSTPhRvz61N4k/Mxyprfb+g+SfNExHe9Vx1nwam9O+D7ZMJXeLKizERvkoBEpm89zHm2pdS6N/dn870JyuhoyTqkMw4pg/TgyFBpwijBpPura06BaJgfuXBeEg71Z7aITBa1obahLXNYxlNDl/CMUU3wNqM+mD084hx3HVPGllAJ/J3ntn20xAnnqcl8gmct3gMajxuL1Gr4doU4OEbk2PzBmmN5fpPLSOPdD5wY5G0zwfl1VggjwUuVZNUtxPvH+Ah0dCRZRmhjMWetSD5lFaw0icpjhKZcAofffkFcCu4IpuLzqL5XJ3rMO7M0AxNl3PaUrYMAcKvNSS+hfI4Hl7ndOHYIomQQghMAF4Kl9/Q+YvzR1YPniq/HAQirELeRbZbQZxq6zc1MOQGoA7IRGVl9+oJpoppZDW9cZfAFgsH5lO+DD+Ng2aV2j+rgLSYX0Eqgyl1uF/GZkY9aTLX7seIWzVpX5El/2GjvjOTNzUapms86OZWxDpAX6FRO4ue8ydSsgiQY=&u=U2FsdGVkX1/qCgTI1V6VpOmzP1Vf9dQrmzBh0NkssIfSwZ8yFvvSY072c58pc1Gt&y=U2FsdGVkX185zVpCGpUYzzVhf2w7RhxJtkhzvmue0M+EJJqt3rFI5mHihCdmxT3G HTTP/1.1" 200 25
186.102.45.234 - - [29/Aug/2022:21:09:39 -0500] "GET /kwssiamovil/sm/acme/a?s=U2FsdGVkX1/udbfczqBGPxNqTx83SUE4tu2qLibLHyR7fv40PskjzzKkLMDazAJvwWi9BcktkTIB+xNjhle61yTmPxD1Npezz2ZisXQFLVVxRTsvxIGkhP2vT4nh07TTWbhJwtocx43ffH0JWDesTzb7kpwkchmUIPssiy8xeIk=&u=U2FsdGVkX1/qCgTI1V6VpOmzP1Vf9dQrmzBh0NkssIfSwZ8yFvvSY072c58pc1Gt&y=U2FsdGVkX185zVpCGpUYzzVhf2w7RhxJtkhzvmue0M+EJJqt3rFI5mHihCdmxT3G HTTP/1.1" 200 25
186.102.45.234 - - [29/Aug/2022:21:09:39 -0500] "GET /kwssiamovil/sm/acme/a?s=U2FsdGVkX1/FAT4E/2hv8rNJGimALZhPMy9A8l+wQmewOZ9FM2jhWm2XghMaYyewFZ7HAcHPK57UIf3tCbG44Jqp8VfR9/zuYMkZ++jNlhJ2g9L2t8gEeo/XsQR1+u1/eqBMcB0g6Ta2VyvkhqRhh7wAAzKJqoSYuKk8qZuXJqM=&u=U2FsdGVkX1/qCgTI1V6VpOmzP1Vf9dQrmzBh0NkssIfSwZ8yFvvSY072c58pc1Gt&y=U2FsdGVkX185zVpCGpUYzzVhf2w7RhxJtkhzvmue0M+EJJqt3rFI5mHihCdmxT3G HTTP/1.1" 200 25
186.102.45.234 - - [29/Aug/2022:21:09:39 -0500] "GET /kwssiamovil/sm/acme/a?s=U2FsdGVkX1/8mpDfaOd1LGCpruxMYQM9qnQi8Tz8IBfyxJcjFk69Mz5ovB762J2ySBXSymhUMAyOeors1GNdsvXPQazDqxmVAmtFAa2v6V8tSU3T99BcNwbNM/1CN1iCkO1tAsC6qUr/vWYNIoty3eUtjvnzDQjJduR93RLnNjw=&u=U2FsdGVkX1/qCgTI1V6VpOmzP1Vf9dQrmzBh0NkssIfSwZ8yFvvSY072c58pc1Gt&y=U2FsdGVkX185zVpCGpUYzzVhf2w7RhxJtkhzvmue0M+EJJqt3rFI5mHihCdmxT3G HTTP/1.1" 200 25
186.102.45.234 - - [29/Aug/2022:21:09:40 -0500] "GET /kwssiamovil/sm/acme/a?s=U2FsdGVkX19YeYCD4E9uFJDoltpDjBJyCNGI9GwryVIQFfZsRRr+sQDwyak9945FjsF3rJlBRNcIRK2zphA7mJhNltAlrp9JzQ0JT0SFfdaHqk8p++FIsZd483tL1UFK5s/OIGDUXm3aobOltSLMaXEgxC+BL60jteB9EonMIy6lEip9Dmeh2tgnkU7KvglQruLOKM/oM7qwleEPIr1ruw==&u=U2FsdGVkX1/qCgTI1V6VpOmzP1Vf9dQrmzBh0NkssIfSwZ8yFvvSY072c58pc1Gt&y=U2FsdGVkX185zVpCGpUYzzVhf2w7RhxJtkhzvmue0M+EJJqt3rFI5mHihCdmxT3G HTTP/1.1" 200 25
66.249.79.111 - - [29/Aug/2022:21:09:59 -0500] "-" 408 -
172.22.2.4 - - [29/Aug/2022:21:10:57 -0500] "GET /BLA/boletinlegal/Circulares/2021/CIRCULAR%20No.%2000007%20DEL%2010%20DE%20AGOSTO%20DEL%202021.pdf HTTP/1.1" 304 -
172.22.2.4 - - [29/Aug/2022:21:09:55 -0500] "HEAD /BLA/boletinlegal/ HTTP/1.1" 200 -
172.22.2.4 - - [29/Aug/2022:21:10:45 -0500] "GET /BLA/boletinlegal/ HTTP/1.1" 200 56005
201.245.192.253 - - [29/Aug/2022:21:13:29 -0500] "POST /kwsrmcab/Wsrmcab  HTTP/1.1" 200 42606
216.245.221.92 - - [29/Aug/2022:21:13:33 -0500] "HEAD / HTTP/1.1" 200 -
186.81.229.249 - - [29/Aug/2022:21:15:46 -0500] "POST /sipse/faces/presentacion/financiero/solicitudProceso/listarSolicitudProceso.xhtml HTTP/1.1" 200 27855
186.81.229.249 - - [29/Aug/2022:21:15:46 -0500] "POST /sipse/faces/presentacion/financiero/solicitudProceso/listarSolicitudProceso.xhtml HTTP/1.1" 200 27855
186.81.229.249 - - [29/Aug/2022:21:15:47 -0500] "POST /sipse/faces/presentacion/financiero/solicitudProceso/listarSolicitudProceso.xhtml HTTP/1.1" 200 27855
186.81.229.249 - - [29/Aug/2022:21:15:47 -0500] "POST /sipse/faces/presentacion/financiero/solicitudProceso/listarSolicitudProceso.xhtml HTTP/1.1" 200 27855
186.81.229.249 - - [29/Aug/2022:21:15:47 -0500] "POST /sipse/faces/presentacion/financiero/solicitudProceso/listarSolicitudProceso.xhtml HTTP/1.1" 200 27855
186.81.229.249 - - [29/Aug/2022:21:15:48 -0500] "POST /sipse/faces/presentacion/financiero/solicitudProceso/listarSolicitudProceso.xhtml HTTP/1.1" 200 1400
186.81.229.249 - - [29/Aug/2022:21:15:48 -0500] "POST /sipse/faces/presentacion/financiero/solicitudProceso/listarSolicitudProceso.xhtml HTTP/1.1" 200 1384
186.81.229.249 - - [29/Aug/2022:21:15:48 -0500] "POST /sipse/faces/presentacion/financiero/solicitudProceso/listarSolicitudProceso.xhtml HTTP/1.1" 200 1404
186.81.229.249 - - [29/Aug/2022:21:15:48 -0500] "POST /sipse/faces/presentacion/financiero/solicitudProceso/listarSolicitudProceso.xhtml HTTP/1.1" 200 1384
186.81.229.249 - - [29/Aug/2022:21:15:48 -0500] "POST /sipse/faces/presentacion/financiero/solicitudProceso/listarSolicitudProceso.xhtml HTTP/1.1" 200 1408
186.81.229.249 - - [29/Aug/2022:21:15:53 -0500] "POST /sipse/faces/presentacion/financiero/solicitudProceso/listarSolicitudProceso.xhtml HTTP/1.1" 200 27855
186.81.229.249 - - [29/Aug/2022:21:15:54 -0500] "POST /sipse/faces/presentacion/financiero/solicitudProceso/listarSolicitudProceso.xhtml HTTP/1.1" 200 27855
186.81.229.249 - - [29/Aug/2022:21:15:54 -0500] "POST /sipse/faces/presentacion/financiero/solicitudProceso/listarSolicitudProceso.xhtml HTTP/1.1" 200 27855
186.81.229.249 - - [29/Aug/2022:21:15:54 -0500] "POST /sipse/faces/presentacion/financiero/solicitudProceso/listarSolicitudProceso.xhtml HTTP/1.1" 200 27855
186.81.229.249 - - [29/Aug/2022:21:15:54 -0500] "POST /sipse/faces/presentacion/financiero/solicitudProceso/listarSolicitudProceso.xhtml HTTP/1.1" 200 27855
186.81.229.249 - - [29/Aug/2022:21:15:55 -0500] "POST /sipse/faces/presentacion/financiero/solicitudProceso/listarSolicitudProceso.xhtml HTTP/1.1" 200 1400
186.81.229.249 - - [29/Aug/2022:21:15:55 -0500] "POST /sipse/faces/presentacion/financiero/solicitudProceso/listarSolicitudProceso.xhtml HTTP/1.1" 200 1384
186.81.229.249 - - [29/Aug/2022:21:15:55 -0500] "POST /sipse/faces/presentacion/financiero/solicitudProceso/listarSolicitudProceso.xhtml HTTP/1.1" 200 1404
186.81.229.249 - - [29/Aug/2022:21:15:55 -0500] "POST /sipse/faces/presentacion/financiero/solicitudProceso/listarSolicitudProceso.xhtml HTTP/1.1" 200 1384
186.81.229.249 - - [29/Aug/2022:21:15:55 -0500] "POST /sipse/faces/presentacion/financiero/solicitudProceso/listarSolicitudProceso.xhtml HTTP/1.1" 200 1408
186.81.229.249 - - [29/Aug/2022:21:15:56 -0500] "POST /sipse/faces/presentacion/financiero/solicitudProceso/listarSolicitudProceso.xhtml HTTP/1.1" 200 2089
186.81.229.249 - - [29/Aug/2022:21:15:57 -0500] "POST /sipse/faces/presentacion/financiero/solicitudProceso/listarSolicitudProceso.xhtml HTTP/1.1" 200 38458
186.81.229.249 - - [29/Aug/2022:21:15:57 -0500] "GET /sipse/faces/javax.faces.resource/theme.css?ln=primefaces-sipse HTTP/1.1" 304 -
186.81.229.249 - - [29/Aug/2022:21:15:57 -0500] "GET /sipse/faces/javax.faces.resource/layout/layout.css?ln=primefaces&v=4.0 HTTP/1.1" 304 -
186.81.229.249 - - [29/Aug/2022:21:15:57 -0500] "GET /sipse/faces/javax.faces.resource/primefaces.css?ln=primefaces&v=4.0 HTTP/1.1" 304 -
186.81.229.249 - - [29/Aug/2022:21:15:57 -0500] "GET /sipse/faces/javax.faces.resource/jquery/jquery.js?ln=primefaces&v=4.0 HTTP/1.1" 304 -
186.81.229.249 - - [29/Aug/2022:21:15:58 -0500] "GET /sipse/faces/javax.faces.resource/jquery/jquery-plugins.js?ln=primefaces&v=4.0 HTTP/1.1" 304 -
186.81.229.249 - - [29/Aug/2022:21:15:58 -0500] "GET /sipse/faces/javax.faces.resource/primefaces.js?ln=primefaces&v=4.0 HTTP/1.1" 304 -
186.81.229.249 - - [29/Aug/2022:21:15:58 -0500] "GET /sipse/faces/javax.faces.resource/layout/layout.js?ln=primefaces&v=4.0 HTTP/1.1" 304 -
186.81.229.249 - - [29/Aug/2022:21:15:58 -0500] "POST /sipse/faces/presentacion/financiero/solicitudProceso/consultar.xhtml HTTP/1.1" 200 31757
186.81.229.249 - - [29/Aug/2022:21:15:58 -0500] "POST /sipse/faces/presentacion/financiero/solicitudProceso/consultar.xhtml HTTP/1.1" 200 31757
186.81.229.249 - - [29/Aug/2022:21:15:58 -0500] "POST /sipse/faces/presentacion/financiero/solicitudProceso/consultar.xhtml HTTP/1.1" 200 31757
186.81.229.249 - - [29/Aug/2022:21:15:59 -0500] "POST /sipse/faces/presentacion/financiero/solicitudProceso/consultar.xhtml HTTP/1.1" 200 31757
186.81.229.249 - - [29/Aug/2022:21:16:01 -0500] "POST /sipse/faces/presentacion/financiero/solicitudProceso/consultar.xhtml HTTP/1.1" 200 35155
186.81.229.249 - - [29/Aug/2022:21:16:02 -0500] "GET /sipse/faces/javax.faces.resource/theme.css?ln=primefaces-sipse HTTP/1.1" 304 -
186.81.229.249 - - [29/Aug/2022:21:16:02 -0500] "GET /sipse/faces/javax.faces.resource/primefaces.css?ln=primefaces&v=4.0 HTTP/1.1" 304 -
186.81.229.249 - - [29/Aug/2022:21:16:02 -0500] "GET /sipse/faces/javax.faces.resource/layout/layout.css?ln=primefaces&v=4.0 HTTP/1.1" 304 -
186.81.229.249 - - [29/Aug/2022:21:16:02 -0500] "GET /sipse/faces/javax.faces.resource/jquery/jquery.js?ln=primefaces&v=4.0 HTTP/1.1" 304 -
186.81.229.249 - - [29/Aug/2022:21:16:02 -0500] "GET /sipse/faces/javax.faces.resource/jquery/jquery-plugins.js?ln=primefaces&v=4.0 HTTP/1.1" 304 -
186.81.229.249 - - [29/Aug/2022:21:16:02 -0500] "GET /sipse/faces/javax.faces.resource/primefaces.js?ln=primefaces&v=4.0 HTTP/1.1" 304 -
186.81.229.249 - - [29/Aug/2022:21:16:02 -0500] "GET /sipse/faces/javax.faces.resource/layout/layout.js?ln=primefaces&v=4.0 HTTP/1.1" 304 -
186.81.229.249 - - [29/Aug/2022:21:16:02 -0500] "POST /sipse/faces/presentacion/financiero/solicitudProceso/listarSolicitudProceso.xhtml HTTP/1.1" 200 28428
186.81.229.249 - - [29/Aug/2022:21:16:02 -0500] "POST /sipse/faces/presentacion/financiero/solicitudProceso/listarSolicitudProceso.xhtml HTTP/1.1" 200 28428
186.81.229.249 - - [29/Aug/2022:21:16:02 -0500] "POST /sipse/faces/presentacion/financiero/solicitudProceso/listarSolicitudProceso.xhtml HTTP/1.1" 200 28428
186.81.229.249 - - [29/Aug/2022:21:16:03 -0500] "POST /sipse/faces/presentacion/financiero/solicitudProceso/listarSolicitudProceso.xhtml HTTP/1.1" 200 28428
186.81.229.249 - - [29/Aug/2022:21:16:03 -0500] "POST /sipse/faces/presentacion/financiero/solicitudProceso/listarSolicitudProceso.xhtml HTTP/1.1" 200 28428
186.81.229.249 - - [29/Aug/2022:21:16:03 -0500] "POST /sipse/faces/presentacion/financiero/solicitudProceso/listarSolicitudProceso.xhtml HTTP/1.1" 200 1400
186.81.229.249 - - [29/Aug/2022:21:16:03 -0500] "POST /sipse/faces/presentacion/financiero/solicitudProceso/listarSolicitudProceso.xhtml HTTP/1.1" 200 1384
186.81.229.249 - - [29/Aug/2022:21:16:04 -0500] "POST /sipse/faces/presentacion/financiero/solicitudProceso/listarSolicitudProceso.xhtml HTTP/1.1" 200 1404
186.81.229.249 - - [29/Aug/2022:21:16:04 -0500] "POST /sipse/faces/presentacion/financiero/solicitudProceso/listarSolicitudProceso.xhtml HTTP/1.1" 200 1384
186.81.229.249 - - [29/Aug/2022:21:16:04 -0500] "POST /sipse/faces/presentacion/financiero/solicitudProceso/listarSolicitudProceso.xhtml HTTP/1.1" 200 1408
186.81.229.249 - - [29/Aug/2022:21:16:04 -0500] "POST /sipse/faces/presentacion/financiero/solicitudProceso/listarSolicitudProceso.xhtml HTTP/1.1" 200 1384
186.81.229.249 - - [29/Aug/2022:21:16:28 -0500] "POST /sipse/faces/presentacion/financiero/solicitudProceso/listarSolicitudProceso.xhtml HTTP/1.1" 200 38458
186.81.229.249 - - [29/Aug/2022:21:16:28 -0500] "GET /sipse/faces/javax.faces.resource/theme.css?ln=primefaces-sipse HTTP/1.1" 304 -
186.81.229.249 - - [29/Aug/2022:21:16:28 -0500] "GET /sipse/faces/javax.faces.resource/primefaces.css?ln=primefaces&v=4.0 HTTP/1.1" 304 -
186.81.229.249 - - [29/Aug/2022:21:16:28 -0500] "GET /sipse/faces/javax.faces.resource/layout/layout.css?ln=primefaces&v=4.0 HTTP/1.1" 304 -
186.81.229.249 - - [29/Aug/2022:21:16:28 -0500] "GET /sipse/faces/javax.faces.resource/jquery/jquery.js?ln=primefaces&v=4.0 HTTP/1.1" 304 -
186.81.229.249 - - [29/Aug/2022:21:16:28 -0500] "GET /sipse/faces/javax.faces.resource/jquery/jquery-plugins.js?ln=primefaces&v=4.0 HTTP/1.1" 304 -
186.81.229.249 - - [29/Aug/2022:21:16:28 -0500] "GET /sipse/faces/javax.faces.resource/primefaces.js?ln=primefaces&v=4.0 HTTP/1.1" 304 -
186.81.229.249 - - [29/Aug/2022:21:16:28 -0500] "GET /sipse/faces/javax.faces.resource/layout/layout.js?ln=primefaces&v=4.0 HTTP/1.1" 304 -
186.81.229.249 - - [29/Aug/2022:21:16:28 -0500] "POST /sipse/faces/presentacion/financiero/solicitudProceso/consultar.xhtml HTTP/1.1" 200 31757
186.81.229.249 - - [29/Aug/2022:21:16:29 -0500] "POST /sipse/faces/presentacion/financiero/solicitudProceso/consultar.xhtml HTTP/1.1" 200 31757
186.81.229.249 - - [29/Aug/2022:21:16:29 -0500] "POST /sipse/faces/presentacion/financiero/solicitudProceso/consultar.xhtml HTTP/1.1" 200 31757
186.81.229.249 - - [29/Aug/2022:21:16:29 -0500] "POST /sipse/faces/presentacion/financiero/solicitudProceso/consultar.xhtml HTTP/1.1" 200 31757
186.81.229.249 - - [29/Aug/2022:21:16:29 -0500] "POST /sipse/faces/presentacion/financiero/solicitudProceso/consultar.xhtml HTTP/1.1" 200 31757
186.81.229.249 - - [29/Aug/2022:21:16:30 -0500] "POST /sipse/faces/presentacion/financiero/solicitudProceso/consultar.xhtml HTTP/1.1" 200 31757
172.22.2.4 - - [29/Aug/2022:21:15:45 -0500] "HEAD /BLA/boletinlegal/ HTTP/1.1" 200 -
185.119.81.103 - - [29/Aug/2022:21:17:47 -0500] "GET /portaldeninos/wp-login.php HTTP/1.1" 200 2592
185.119.81.103 - - [29/Aug/2022:21:17:48 -0500] "POST /portaldeninos/wp-login.php HTTP/1.1" 200 3605
172.22.2.4 - - [29/Aug/2022:21:16:35 -0500] "GET /BLA/boletinlegal/ HTTP/1.1" 200 58154
201.245.192.253 - - [29/Aug/2022:21:18:29 -0500] "POST /kwsrmcab/Wsrmcab  HTTP/1.1" 200 42606
216.245.221.92 - - [29/Aug/2022:21:18:33 -0500] "HEAD / HTTP/1.1" 200 -
191.107.201.45 - - [29/Aug/2022:21:19:38 -0500] "GET /galeria/galeria/jquery.fancybox.css?v=2.1.5 HTTP/1.1" 200 4895
191.107.201.45 - - [29/Aug/2022:21:19:40 -0500] "GET /BLA/boletinlegal/js/jquery.scrollShow.js HTTP/1.1" 200 4586
191.107.201.45 - - [29/Aug/2022:21:19:40 -0500] "GET /galeria/galeria/jquery.fancybox.js?v=2.1.5 HTTP/1.1" 200 48706
201.245.192.253 - - [29/Aug/2022:21:20:12 -0500] "POST /kwsrmcab/Wsrmcab HTTP/1.1" 200 43183
201.245.192.253 - - [29/Aug/2022:21:20:16 -0500] "POST /kwsrmcab/Wsrmcab HTTP/1.1" 200 42575
66.249.79.111 - - [29/Aug/2022:21:21:14 -0500] "-" 408 -
172.22.2.4 - - [29/Aug/2022:21:20:42 -0500] "GET /BLA/boletinlegal/ HTTP/1.1" 200 58566
172.22.2.4 - - [29/Aug/2022:21:22:25 -0500] "GET /BLA/boletinlegal/favicon.ico HTTP/1.1" 404 1308
172.22.2.4 - - [29/Aug/2022:21:22:32 -0500] "GET /BLA/boletinlegal/actos.php HTTP/1.1" 200 9559
84.17.52.134 - - [29/Aug/2022:21:22:44 -0500] "GET /wp-content/uploads/ HTTP/1.1" 404 1032
172.22.2.4 - - [29/Aug/2022:21:22:45 -0500] "GET /BLA/boletinlegal/consulta_actos.php?tipo=resoluciones&no=2020&usuario=&sector=&fecha=2021&resuelve= HTTP/1.1" 200 1089
186.154.155.139 - - [29/Aug/2022:21:22:47 -0500] "GET /BLA/resoluciones/RESOLUCIONES%202021/2020.pdf HTTP/1.1" 200 483265
172.22.2.4 - - [29/Aug/2022:21:21:35 -0500] "HEAD /BLA/boletinlegal/ HTTP/1.1" 200 -
172.22.2.4 - - [29/Aug/2022:21:23:19 -0500] "GET /BLA/boletinlegal/consulta_actos.php?tipo=resoluciones&no=2047&usuario=&sector=&fecha=2021&resuelve= HTTP/1.1" 200 626
172.22.2.4 - - [29/Aug/2022:21:23:21 -0500] "GET /BLA/boletinlegal/consulta_actos.php?tipo=resoluciones&no=2047&usuario=&sector=&fecha=2021&resuelve= HTTP/1.1" 200 626
172.22.2.4 - - [29/Aug/2022:21:23:23 -0500] "GET /BLA/boletinlegal/consulta_actos.php?tipo=resoluciones&no=2047&usuario=&sector=&fecha=2021&resuelve= HTTP/1.1" 200 626
172.22.2.4 - - [29/Aug/2022:21:23:23 -0500] "GET /BLA/boletinlegal/consulta_actos.php?tipo=resoluciones&no=2047&usuario=&sector=&fecha=2021&resuelve= HTTP/1.1" 200 626
172.22.2.4 - - [29/Aug/2022:21:23:25 -0500] "GET /BLA/boletinlegal/consulta_actos.php?tipo=resoluciones&no=2047&usuario=&sector=&fecha=2021&resuelve= HTTP/1.1" 200 626
172.22.2.4 - - [29/Aug/2022:21:23:25 -0500] "GET /BLA/boletinlegal/consulta_actos.php?tipo=resoluciones&no=2047&usuario=&sector=&fecha=2021&resuelve= HTTP/1.1" 200 626
172.22.2.4 - - [29/Aug/2022:21:23:25 -0500] "GET /BLA/boletinlegal/consulta_actos.php?tipo=resoluciones&no=2047&usuario=&sector=&fecha=2021&resuelve= HTTP/1.1" 200 626
201.245.192.253 - - [29/Aug/2022:21:23:29 -0500] "POST /kwsrmcab/Wsrmcab  HTTP/1.1" 200 42606
216.245.221.92 - - [29/Aug/2022:21:23:33 -0500] "HEAD / HTTP/1.1" 200 -
172.22.2.4 - - [29/Aug/2022:21:22:25 -0500] "GET /BLA/boletinlegal/ HTTP/1.1" 200 60865
172.22.2.4 - - [29/Aug/2022:21:24:59 -0500] "GET /BLA/boletinlegal/consulta_actos.php?tipo=resoluciones&no=2808&usuario=&sector=&fecha=2021&resuelve= HTTP/1.1" 200 1089
186.154.155.139 - - [29/Aug/2022:21:25:02 -0500] "GET /BLA/resoluciones/RESOLUCIONES%202021/2808.pdf HTTP/1.1" 200 464987
191.88.217.79 - - [29/Aug/2022:21:25:09 -0500] "GET /galeria/galeria/jquery.fancybox.css?v=2.1.5 HTTP/1.1" 200 4895
191.88.217.79 - - [29/Aug/2022:21:25:09 -0500] "GET /BLA/boletinlegal/js/jquery.scrollShow.js HTTP/1.1" 200 4586
191.88.217.79 - - [29/Aug/2022:21:25:09 -0500] "GET /galeria/galeria/jquery.fancybox.js?v=2.1.5 HTTP/1.1" 200 48706
191.88.217.79 - - [29/Aug/2022:21:25:10 -0500] "GET /galeria/carrusel/Carrusel/jquery.thumbnailScroller.css HTTP/1.1" 200 2066
191.88.217.79 - - [29/Aug/2022:21:25:10 -0500] "GET /galeria/carrusel/Carrusel/jquery-ui-1.8.13.custom.min.js HTTP/1.1" 200 10800
191.88.217.79 - - [29/Aug/2022:21:25:10 -0500] "GET /galeria/carrusel/Carrusel/jquery.thumbnailScroller.js HTTP/1.1" 200 8157
191.88.217.79 - - [29/Aug/2022:21:25:10 -0500] "GET /galeria/nivo-slider/demo/banner.html HTTP/1.1" 200 5446
191.88.217.79 - - [29/Aug/2022:21:25:11 -0500] "GET /galeria/nivo-slider/themes/default/default.css HTTP/1.1" 200 1569
191.88.217.79 - - [29/Aug/2022:21:25:11 -0500] "GET /galeria/nivo-slider/jquery.nivo.slider.pack.js HTTP/1.1" 200 11561
191.88.217.79 - - [29/Aug/2022:21:25:11 -0500] "GET /galeria/nivo-slider/demo/scripts/jquery-1.7.1.min.js HTTP/1.1" 200 93868
191.88.217.79 - - [29/Aug/2022:21:25:11 -0500] "GET /galeria/nivo-slider/demo/images/bannertortuga_optimized.jpg HTTP/1.1" 200 39066
191.88.217.79 - - [29/Aug/2022:21:25:11 -0500] "GET /galeria/nivo-slider/themes/orman/orman.css HTTP/1.1" 200 2152
191.88.217.79 - - [29/Aug/2022:21:25:11 -0500] "GET /galeria/nivo-slider/themes/pascal/pascal.css HTTP/1.1" 200 2258
191.88.217.79 - - [29/Aug/2022:21:25:11 -0500] "GET /galeria/nivo-slider/nivo-slider.css HTTP/1.1" 200 1507
191.88.217.79 - - [29/Aug/2022:21:25:11 -0500] "GET /galeria/nivo-slider/demo/style.css HTTP/1.1" 200 2222
191.88.217.79 - - [29/Aug/2022:21:25:11 -0500] "GET /galeria/nivo-slider/demo/images/bannertrafico_optimized.jpg HTTP/1.1" 200 42578
191.88.217.79 - - [29/Aug/2022:21:25:11 -0500] "GET /galeria/nivo-slider/demo/images/Bannermujeresquereverdecen.jpg HTTP/1.1" 200 46558
191.88.217.79 - - [29/Aug/2022:21:25:11 -0500] "GET /galeria/nivo-slider/demo/images/Bannersedeelectronica.jpg HTTP/1.1" 200 40383
191.88.217.79 - - [29/Aug/2022:21:25:11 -0500] "GET /galeria/nivo-slider/demo/images/bannerrutaesperanza.jpg HTTP/1.1" 200 55560
191.88.217.79 - - [29/Aug/2022:21:25:11 -0500] "GET /galeria/nivo-slider/demo/images/banneraire2021.jpg HTTP/1.1" 200 265101
191.88.217.79 - - [29/Aug/2022:21:25:11 -0500] "GET /galeria/nivo-slider/demo/images/Bannerplasticosseptiembre.jpg HTTP/1.1" 200 45633
191.88.217.79 - - [29/Aug/2022:21:25:11 -0500] "GET /galeria/nivo-slider/demo/images/bannerresiduoshospitalariosagosto.jpg HTTP/1.1" 200 36499
191.88.217.79 - - [29/Aug/2022:21:25:11 -0500] "GET /galeria/nivo-slider/demo/images/banneraccionpopularcrr68.jpg HTTP/1.1" 200 51887
191.88.217.79 - - [29/Aug/2022:21:25:11 -0500] "GET /galeria/nivo-slider/demo/images/banneraccionpopular.jpeg HTTP/1.1" 200 41707
191.88.217.79 - - [29/Aug/2022:21:25:11 -0500] "GET /galeria/nivo-slider/demo/images/bannerclases2021.jpg HTTP/1.1" 200 68230
191.88.217.79 - - [29/Aug/2022:21:25:11 -0500] "GET /galeria/nivo-slider/themes/default/loading.gif HTTP/1.1" 200 1737
191.88.217.79 - - [29/Aug/2022:21:25:11 -0500] "GET /galeria/nivo-slider/demo/images/bannercapacitacionesbogota.jpg HTTP/1.1" 200 42416
191.88.217.79 - - [29/Aug/2022:21:25:11 -0500] "GET /galeria/nivo-slider/demo/images/4Simple_Slider.png HTTP/1.1" 200 11722
191.88.217.79 - - [29/Aug/2022:21:25:11 -0500] "GET /galeria/nivo-slider/demo/images/Bannerenvases.jpg HTTP/1.1" 200 37316
191.88.217.79 - - [29/Aug/2022:21:25:11 -0500] "GET /galeria/nivo-slider/demo/images/Bannervirtualescanales.jpg HTTP/1.1" 200 174544
191.88.217.79 - - [29/Aug/2022:21:25:11 -0500] "GET /galeria/nivo-slider/themes/default/arrows.png HTTP/1.1" 200 824
191.88.217.79 - - [29/Aug/2022:21:25:11 -0500] "GET /galeria/nivo-slider/themes/default/bullets.png HTTP/1.1" 200 1281
191.109.187.112 - - [29/Aug/2022:21:26:12 -0500] "GET /BLA/resoluciones/ HTTP/1.1" 200 13093
191.109.187.112 - - [29/Aug/2022:21:26:19 -0500] "GET /BLA/resoluciones/index.php?dir=RESOLUCIONES+2011%2F HTTP/1.1" 200 12235
191.109.187.112 - - [29/Aug/2022:21:26:19 -0500] "GET /BLA/resoluciones/index.php?dir=RESOLUCIONES+2011%2F HTTP/1.1" 200 746823
207.46.13.144 - - [29/Aug/2022:21:26:33 -0500] "GET / HTTP/1.1" 200 319
191.109.187.112 - - [29/Aug/2022:21:26:47 -0500] "GET /BLA/resoluciones/index.php?dir=RESOLUCIONES+2021%2F HTTP/1.1" 200 416167
191.109.187.112 - - [29/Aug/2022:21:27:01 -0500] "GET /BLA/resoluciones/RESOLUCIONES%202021/2885.pdf HTTP/1.1" 200 732869
173.252.95.2 - - [29/Aug/2022:21:27:38 -0500] "GET /images/mercados-campesinos-5-mayo.jpg HTTP/1.1" 200 95848
201.245.192.253 - - [29/Aug/2022:21:28:28 -0500] "POST /kwsrmcab/Wsrmcab  HTTP/1.1" 200 42606
216.245.221.92 - - [29/Aug/2022:21:28:33 -0500] "HEAD / HTTP/1.1" 200 -
69.171.249.19 - - [29/Aug/2022:21:28:34 -0500] "GET /images/reunion-planta-termovalorizacion-11-mayo.jpg HTTP/1.1" 200 34782
172.22.2.4 - - [29/Aug/2022:21:27:25 -0500] "HEAD /BLA/boletinlegal/ HTTP/1.1" 200 -
172.22.2.4 - - [29/Aug/2022:21:28:15 -0500] "GET /BLA/boletinlegal/ HTTP/1.1" 200 60272
201.245.192.253 - - [29/Aug/2022:21:30:13 -0500] "POST /kwsrmcab/Wsrmcab HTTP/1.1" 200 43183
201.245.192.253 - - [29/Aug/2022:21:30:16 -0500] "POST /kwsrmcab/Wsrmcab HTTP/1.1" 200 42575
172.22.2.4 - - [29/Aug/2022:21:31:29 -0500] "GET /BLA/boletinlegal/actos.php HTTP/1.1" 200 9559
172.22.2.4 - - [29/Aug/2022:21:31:29 -0500] "GET /BLA/boletinlegal/js/ajax_actos.js HTTP/1.1" 200 1322
172.22.2.4 - - [29/Aug/2022:21:31:29 -0500] "GET /BLA/boletinlegal/styles2.css HTTP/1.1" 200 1838
172.22.2.4 - - [29/Aug/2022:21:31:29 -0500] "GET /BLA/boletinlegal/niceforms-default.css HTTP/1.1" 200 6694
172.22.2.4 - - [29/Aug/2022:21:31:29 -0500] "GET /BLA/boletinlegal/style.css HTTP/1.1" 200 9406
172.22.2.4 - - [29/Aug/2022:21:31:29 -0500] "GET /BLA/boletinlegal/niceforms.js HTTP/1.1" 200 22876
172.22.2.4 - - [29/Aug/2022:21:31:29 -0500] "GET /BLA/boletinlegal/js/lib.js HTTP/1.1" 200 6474
172.22.2.4 - - [29/Aug/2022:21:31:29 -0500] "GET /BLA/boletinlegal/js/popup.js HTTP/1.1" 200 1270
172.22.2.4 - - [29/Aug/2022:21:31:29 -0500] "GET /BLA/boletinlegal/js/jquery1.js HTTP/1.1" 200 29846
172.22.2.4 - - [29/Aug/2022:21:31:29 -0500] "GET /BLA/boletinlegal/images/cabezote%20BLEGAL.jpg HTTP/1.1" 200 118164
172.22.2.4 - - [29/Aug/2022:21:31:29 -0500] "GET /BLA/boletinlegal/images/subscribe-icon-big.png HTTP/1.1" 200 47702
172.22.2.4 - - [29/Aug/2022:21:31:29 -0500] "GET /BLA/boletinlegal/images/historia.png HTTP/1.1" 200 52775
172.22.2.4 - - [29/Aug/2022:21:31:29 -0500] "GET /BLA/boletinlegal/images/abajo.png HTTP/1.1" 200 96676
172.22.2.4 - - [29/Aug/2022:21:31:29 -0500] "GET /BLA/boletinlegal/images/registro-usuarios.png HTTP/1.1" 200 8106
172.22.2.4 - - [29/Aug/2022:21:31:29 -0500] "GET /BLA/boletinlegal/images/green-yellow-blue-pink-th.png HTTP/1.1" 200 7394
172.22.2.4 - - [29/Aug/2022:21:31:29 -0500] "GET /BLA/boletinlegal/images/tel.png HTTP/1.1" 200 14477
172.22.2.4 - - [29/Aug/2022:21:31:29 -0500] "GET /BLA/boletinlegal/images/icono-email.png HTTP/1.1" 200 5544
172.22.2.4 - - [29/Aug/2022:21:31:29 -0500] "GET /BLA/boletinlegal/images/body_bg.jpg HTTP/1.1" 200 1601
172.22.2.4 - - [29/Aug/2022:21:31:29 -0500] "GET /BLA/boletinlegal/images/menu_rght.gif HTTP/1.1" 200 1627
172.22.2.4 - - [29/Aug/2022:21:31:29 -0500] "GET /BLA/boletinlegal/images/menu_lft.gif HTTP/1.1" 200 1713
172.22.2.4 - - [29/Aug/2022:21:31:29 -0500] "GET /BLA/boletinlegal/images/bg_top.jpg HTTP/1.1" 200 522
172.22.2.4 - - [29/Aug/2022:21:31:29 -0500] "GET /BLA/boletinlegal/images/menu_bg.jpg HTTP/1.1" 200 620
172.22.2.4 - - [29/Aug/2022:21:31:29 -0500] "GET /BLA/boletinlegal/images/hover.jpg HTTP/1.1" 200 640
172.22.2.4 - - [29/Aug/2022:21:31:29 -0500] "GET /BLA/boletinlegal/images/footer_bg.jpg HTTP/1.1" 200 586
172.22.2.4 - - [29/Aug/2022:21:31:29 -0500] "GET /BLA/boletinlegal/images/text.jpg HTTP/1.1" 200 568
172.22.2.4 - - [29/Aug/2022:21:31:29 -0500] "GET /BLA/boletinlegal/images/footer_bg_l.jpg HTTP/1.1" 200 776
172.22.2.4 - - [29/Aug/2022:21:31:29 -0500] "GET /BLA/boletinlegal/img/0.png HTTP/1.1" 200 110
172.22.2.4 - - [29/Aug/2022:21:31:29 -0500] "GET /BLA/boletinlegal/img/select-left.png HTTP/1.1" 200 263
172.22.2.4 - - [29/Aug/2022:21:31:29 -0500] "GET /BLA/boletinlegal/img/select-right.png HTTP/1.1" 200 44019
172.22.2.4 - - [29/Aug/2022:21:31:29 -0500] "GET /BLA/boletinlegal/img/button-left.png HTTP/1.1" 200 57071
172.22.2.4 - - [29/Aug/2022:21:31:29 -0500] "GET /BLA/boletinlegal/img/button-right.png HTTP/1.1" 200 57878
172.22.2.4 - - [29/Aug/2022:21:31:29 -0500] "GET /BLA/boletinlegal/img/button.png HTTP/1.1" 200 43241
172.22.2.4 - - [29/Aug/2022:21:31:29 -0500] "GET /BLA/boletinlegal/favicon.ico HTTP/1.1" 404 1326
172.22.2.4 - - [29/Aug/2022:21:31:43 -0500] "GET /BLA/boletinlegal/consulta_actos.php?tipo=resoluciones&no=2265&usuario=&sector=&fecha=2006&resuelve= HTTP/1.1" 200 626
66.102.8.187 - - [29/Aug/2022:21:31:52 -0500] "GET /galeria/galeria/fotos/Soratama1G.jpg HTTP/1.1" 200 127762
172.22.2.4 - - [29/Aug/2022:21:31:53 -0500] "GET /BLA/boletinlegal/consulta_actos.php?tipo=resoluciones&no=2265&usuario=&sector=&fecha=2006&resuelve= HTTP/1.1" 200 626
66.249.79.111 - - [29/Aug/2022:21:32:29 -0500] "-" 408 -
201.245.192.253 - - [29/Aug/2022:21:33:26 -0500] "POST /kwsrmcab/Wsrmcab  HTTP/1.1" 200 42606
216.245.221.92 - - [29/Aug/2022:21:33:33 -0500] "HEAD / HTTP/1.1" 200 -
172.22.2.4 - - [29/Aug/2022:21:33:45 -0500] "GET /BLA/boletinlegal/consulta_actos.php?tipo=resoluciones&no=4739&usuario=&sector=&fecha=2021&resuelve= HTTP/1.1" 200 1091
186.154.155.139 - - [29/Aug/2022:21:33:48 -0500] "GET /BLA/resoluciones/RESOLUCIONES%202021/4739.pdf HTTP/1.1" 200 500638
190.159.14.237 - - [29/Aug/2022:21:33:50 -0500] "GET /BLA/resoluciones/RESOLUCIONES%202002/1039.pdf HTTP/1.1" 200 254254
190.159.14.237 - - [29/Aug/2022:21:33:50 -0500] "GET /favicon.ico HTTP/1.1" 200 7782
172.22.2.4 - - [29/Aug/2022:21:34:14 -0500] "GET /BLA/boletinlegal/consulta_actos.php?tipo=resoluciones&no=2807&usuario=&sector=&fecha=2021&resuelve= HTTP/1.1" 200 1088
186.154.155.139 - - [29/Aug/2022:21:34:16 -0500] "GET /BLA/resoluciones/RESOLUCIONES%202021/2807.pdf HTTP/1.1" 200 497274
172.22.2.4 - - [29/Aug/2022:21:34:41 -0500] "GET /BLA/boletinlegal/consulta_actos.php?tipo=resoluciones&no=2079&usuario=&sector=&fecha=2021&resuelve= HTTP/1.1" 200 1088
186.154.155.139 - - [29/Aug/2022:21:34:44 -0500] "GET /BLA/resoluciones/RESOLUCIONES%202021/2079.pdf HTTP/1.1" 200 557479
172.22.2.4 - - [29/Aug/2022:21:33:15 -0500] "HEAD /BLA/boletinlegal/ HTTP/1.1" 200 -
181.52.221.103 - - [29/Aug/2022:21:35:21 -0500] "GET /galeria/galeria/jquery.fancybox.css?v=2.1.5 HTTP/1.1" 200 4895
181.52.221.103 - - [29/Aug/2022:21:35:21 -0500] "GET /BLA/boletinlegal/js/jquery.scrollShow.js HTTP/1.1" 200 4586
181.52.221.103 - - [29/Aug/2022:21:35:21 -0500] "GET /galeria/galeria/jquery.fancybox.js?v=2.1.5 HTTP/1.1" 200 48706
181.52.221.103 - - [29/Aug/2022:21:35:21 -0500] "GET /galeria/carrusel/Carrusel/jquery.thumbnailScroller.css HTTP/1.1" 200 2066
181.52.221.103 - - [29/Aug/2022:21:35:21 -0500] "GET /galeria/carrusel/Carrusel/jquery.thumbnailScroller.js HTTP/1.1" 200 8157
181.52.221.103 - - [29/Aug/2022:21:35:21 -0500] "GET /galeria/carrusel/Carrusel/jquery-ui-1.8.13.custom.min.js HTTP/1.1" 200 10800
181.52.221.103 - - [29/Aug/2022:21:35:22 -0500] "GET /galeria/nivo-slider/demo/banner.html HTTP/1.1" 200 5446
181.52.221.103 - - [29/Aug/2022:21:35:22 -0500] "GET /galeria/nivo-slider/themes/default/default.css HTTP/1.1" 200 1569
181.52.221.103 - - [29/Aug/2022:21:35:22 -0500] "GET /galeria/nivo-slider/themes/pascal/pascal.css HTTP/1.1" 200 2258
181.52.221.103 - - [29/Aug/2022:21:35:22 -0500] "GET /galeria/nivo-slider/themes/orman/orman.css HTTP/1.1" 200 2152
181.52.221.103 - - [29/Aug/2022:21:35:22 -0500] "GET /galeria/nivo-slider/nivo-slider.css HTTP/1.1" 200 1507
181.52.221.103 - - [29/Aug/2022:21:35:22 -0500] "GET /galeria/nivo-slider/demo/style.css HTTP/1.1" 200 2222
181.52.221.103 - - [29/Aug/2022:21:35:22 -0500] "GET /galeria/nivo-slider/demo/scripts/jquery-1.7.1.min.js HTTP/1.1" 200 93868
181.52.221.103 - - [29/Aug/2022:21:35:22 -0500] "GET /galeria/nivo-slider/jquery.nivo.slider.pack.js HTTP/1.1" 200 11561
181.52.221.103 - - [29/Aug/2022:21:35:22 -0500] "GET /galeria/nivo-slider/demo/images/Bannermujeresquereverdecen.jpg HTTP/1.1" 200 46558
181.52.221.103 - - [29/Aug/2022:21:35:22 -0500] "GET /galeria/nivo-slider/demo/images/bannertortuga_optimized.jpg HTTP/1.1" 200 39066
181.52.221.103 - - [29/Aug/2022:21:35:22 -0500] "GET /galeria/nivo-slider/demo/images/bannertrafico_optimized.jpg HTTP/1.1" 200 42578
181.52.221.103 - - [29/Aug/2022:21:35:22 -0500] "GET /galeria/nivo-slider/demo/images/Bannersedeelectronica.jpg HTTP/1.1" 200 40383
181.52.221.103 - - [29/Aug/2022:21:35:22 -0500] "GET /galeria/nivo-slider/themes/default/loading.gif HTTP/1.1" 200 1737
181.52.221.103 - - [29/Aug/2022:21:35:22 -0500] "GET /galeria/nivo-slider/demo/images/banneraire2021.jpg HTTP/1.1" 200 265101
181.52.221.103 - - [29/Aug/2022:21:35:22 -0500] "GET /galeria/nivo-slider/demo/images/bannerrutaesperanza.jpg HTTP/1.1" 200 55560
181.52.221.103 - - [29/Aug/2022:21:35:22 -0500] "GET /galeria/nivo-slider/demo/images/Bannerplasticosseptiembre.jpg HTTP/1.1" 200 45633
181.52.221.103 - - [29/Aug/2022:21:35:22 -0500] "GET /galeria/nivo-slider/demo/images/bannerresiduoshospitalariosagosto.jpg HTTP/1.1" 200 36499
181.52.221.103 - - [29/Aug/2022:21:35:22 -0500] "GET /galeria/nivo-slider/demo/images/banneraccionpopular.jpeg HTTP/1.1" 200 41707
181.52.221.103 - - [29/Aug/2022:21:35:22 -0500] "GET /galeria/nivo-slider/demo/images/banneraccionpopularcrr68.jpg HTTP/1.1" 200 51887
181.52.221.103 - - [29/Aug/2022:21:35:22 -0500] "GET /galeria/nivo-slider/demo/images/bannerclases2021.jpg HTTP/1.1" 200 68230
181.52.221.103 - - [29/Aug/2022:21:35:22 -0500] "GET /galeria/nivo-slider/demo/images/bannercapacitacionesbogota.jpg HTTP/1.1" 200 42416
181.52.221.103 - - [29/Aug/2022:21:35:22 -0500] "GET /galeria/nivo-slider/demo/images/Bannerenvases.jpg HTTP/1.1" 200 37316
181.52.221.103 - - [29/Aug/2022:21:35:22 -0500] "GET /galeria/nivo-slider/demo/images/Bannervirtualescanales.jpg HTTP/1.1" 200 174544
181.52.221.103 - - [29/Aug/2022:21:35:22 -0500] "GET /galeria/nivo-slider/demo/images/4Simple_Slider.png HTTP/1.1" 200 11722
172.22.2.4 - - [29/Aug/2022:21:35:23 -0500] "GET /BLA/boletinlegal/consulta_actos.php?tipo=resoluciones&no=2047&usuario=&sector=&fecha=2021&resuelve= HTTP/1.1" 200 626
181.52.221.103 - - [29/Aug/2022:21:35:23 -0500] "GET /galeria/nivo-slider/themes/default/arrows.png HTTP/1.1" 200 824
181.52.221.103 - - [29/Aug/2022:21:35:23 -0500] "GET /galeria/nivo-slider/themes/default/bullets.png HTTP/1.1" 200 1281
172.22.2.4 - - [29/Aug/2022:21:35:29 -0500] "GET /BLA/boletinlegal/consulta_actos.php?tipo=resoluciones&no=2020&usuario=&sector=&fecha=2021&resuelve= HTTP/1.1" 200 1089
172.22.2.4 - - [29/Aug/2022:21:34:05 -0500] "GET /BLA/boletinlegal/ HTTP/1.1" 200 44887
190.159.14.237 - - [29/Aug/2022:21:35:56 -0500] "GET /BLA/resoluciones/RESOLUCIONES%202009/9382.pdf HTTP/1.1" 200 288151
172.22.2.4 - - [29/Aug/2022:21:34:24 -0500] "GET /BLA/boletinlegal/ HTTP/1.1" 200 47814
190.159.14.237 - - [29/Aug/2022:21:37:19 -0500] "GET /BLA/resoluciones/RESOLUCIONES%202009/5453.pdf HTTP/1.1" 200 988834
190.159.14.237 - - [29/Aug/2022:21:38:25 -0500] "GET /BLA/resoluciones/RESOLUCIONES%202011/2962.pdf HTTP/1.1" 200 2929372
201.245.192.253 - - [29/Aug/2022:21:38:25 -0500] "POST /kwsrmcab/Wsrmcab  HTTP/1.1" 200 42606
216.245.221.92 - - [29/Aug/2022:21:38:33 -0500] "HEAD / HTTP/1.1" 200 -
190.159.14.237 - - [29/Aug/2022:21:39:50 -0500] "GET /BLA/resoluciones/RESOLUCIONES%202012/0288.pdf HTTP/1.1" 200 418763
172.22.2.4 - - [29/Aug/2022:21:38:19 -0500] "GET /BLA/boletinlegal/ HTTP/1.1" 200 57716
201.245.192.253 - - [29/Aug/2022:21:40:12 -0500] "POST /kwsrmcab/Wsrmcab HTTP/1.1" 200 43183
201.245.192.253 - - [29/Aug/2022:21:40:16 -0500] "POST /kwsrmcab/Wsrmcab HTTP/1.1" 200 42575
40.77.167.40 - - [29/Aug/2022:21:40:27 -0500] "GET /portaldeninos/aulas-ambientales/aula-ambiental-sorotama/ HTTP/1.1" 200 89596
172.22.2.4 - - [29/Aug/2022:21:39:05 -0500] "HEAD /BLA/boletinlegal/ HTTP/1.1" 200 -
185.119.81.103 - - [29/Aug/2022:21:41:13 -0500] "GET /portaldeninos/wp-login.php HTTP/1.1" 200 2592
185.119.81.103 - - [29/Aug/2022:21:41:15 -0500] "POST /portaldeninos/wp-login.php HTTP/1.1" 200 3670
181.61.73.8 - - [29/Aug/2022:21:41:15 -0500] "GET /BLA/boletinlegal/js/jquery.scrollShow.js HTTP/1.1" 200 4586
181.61.73.8 - - [29/Aug/2022:21:41:15 -0500] "GET /galeria/galeria/jquery.fancybox.css?v=2.1.5 HTTP/1.1" 200 4895
181.61.73.8 - - [29/Aug/2022:21:41:15 -0500] "GET /galeria/galeria/jquery.fancybox.js?v=2.1.5 HTTP/1.1" 200 48706
190.159.14.237 - - [29/Aug/2022:21:41:25 -0500] "GET /BLA/resoluciones/RESOLUCIONES%202014/1016.pdf HTTP/1.1" 200 431810
172.22.2.4 - - [29/Aug/2022:21:39:55 -0500] "GET /BLA/boletinlegal/ HTTP/1.1" 200 60272
172.22.2.4 - - [29/Aug/2022:21:42:06 -0500] "GET /BLA/boletinlegal/actas/acta%20de%20acuerdo%2001%20adop%20regla%20inter%20CISPAER.pdf HTTP/1.1" 304 -
172.22.2.4 - - [29/Aug/2022:21:42:08 -0500] "GET /BLA/boletinlegal/Circulares/2022/CIRCULAR%20No.%2000005%20DEL%2030%20DE%20JUNIO%20DEL%202022.pdf HTTP/1.1" 404 1218
172.22.2.4 - - [29/Aug/2022:21:42:13 -0500] "GET /BLA/boletinlegal/Circulares/2019/.pdf HTTP/1.1" 404 1218
172.22.2.4 - - [29/Aug/2022:21:42:21 -0500] "GET /BLA/boletinlegal/Circulares/2012/Circular%20No.%2010%20del%2026%20de%20Enero%20de%202012.pdf HTTP/1.1" 404 1218
201.245.192.253 - - [29/Aug/2022:21:43:25 -0500] "POST /kwsrmcab/Wsrmcab  HTTP/1.1" 200 42606
207.46.13.186 - - [29/Aug/2022:21:43:32 -0500] "GET /BLA/resoluciones/RESOLUCIONES%202020/1111.pdf HTTP/1.1" 200 362919
216.245.221.92 - - [29/Aug/2022:21:43:33 -0500] "HEAD / HTTP/1.1" 200 -
66.249.79.111 - - [29/Aug/2022:21:43:44 -0500] "-" 408 -
173.252.95.116 - - [29/Aug/2022:21:44:27 -0500] "GET /images/reunion-planta-termovalorizacion-11-mayo.jpg HTTP/1.1" 200 34782
181.61.73.8 - - [29/Aug/2022:21:44:46 -0500] "GET /BLA/boletinlegal/style.css HTTP/1.1" 200 9406
181.61.73.8 - - [29/Aug/2022:21:44:46 -0500] "GET /BLA/boletinlegal/styles2.css HTTP/1.1" 200 1838
181.61.73.8 - - [29/Aug/2022:21:44:46 -0500] "GET /BLA/boletinlegal/js/jquery.scrollShow.js HTTP/1.1" 200 4586
181.61.73.8 - - [29/Aug/2022:21:44:46 -0500] "GET /BLA/boletinlegal/js/jquery.scrollTo-min.js HTTP/1.1" 200 1150
181.61.73.8 - - [29/Aug/2022:21:44:46 -0500] "GET /BLA/boletinlegal/js/jquery.js HTTP/1.1" 200 57254
181.61.73.8 - - [29/Aug/2022:21:44:46 -0500] "GET /BLA/boletinlegal/images/subscribe-icon-big.png HTTP/1.1" 200 47702
181.61.73.8 - - [29/Aug/2022:21:44:46 -0500] "GET /BLA/boletinlegal/images/registro-usuarios.png HTTP/1.1" 200 8106
181.61.73.8 - - [29/Aug/2022:21:44:46 -0500] "GET /BLA/boletinlegal/images/historia.png HTTP/1.1" 200 52775
181.61.73.8 - - [29/Aug/2022:21:44:46 -0500] "GET /BLA/boletinlegal/images/arr_l.jpg HTTP/1.1" 200 1979
181.61.73.8 - - [29/Aug/2022:21:44:46 -0500] "GET /BLA/boletinlegal/images/cabezote%20BLEGAL.jpg HTTP/1.1" 200 118164
181.61.73.8 - - [29/Aug/2022:21:44:46 -0500] "GET /BLA/boletinlegal/images/screen_1.png HTTP/1.1" 200 202547
181.61.73.8 - - [29/Aug/2022:21:44:46 -0500] "GET /BLA/boletinlegal/images/bg_top.jpg HTTP/1.1" 200 522
181.61.73.8 - - [29/Aug/2022:21:44:46 -0500] "GET /BLA/boletinlegal/images/body_bg.jpg HTTP/1.1" 200 1601
181.61.73.8 - - [29/Aug/2022:21:44:46 -0500] "GET /BLA/boletinlegal/images/menu_rght.gif HTTP/1.1" 200 1627
181.61.73.8 - - [29/Aug/2022:21:44:47 -0500] "GET /BLA/boletinlegal/images/menu_lft.gif HTTP/1.1" 200 1713
181.61.73.8 - - [29/Aug/2022:21:44:47 -0500] "GET /BLA/boletinlegal/images/menu_bg.jpg HTTP/1.1" 200 620
181.61.73.8 - - [29/Aug/2022:21:44:47 -0500] "GET /BLA/boletinlegal/images/text.jpg HTTP/1.1" 200 568
181.61.73.8 - - [29/Aug/2022:21:44:47 -0500] "GET /BLA/boletinlegal/images/hover.jpg HTTP/1.1" 200 640
181.61.73.8 - - [29/Aug/2022:21:44:47 -0500] "GET /BLA/boletinlegal/images/launch.jpg HTTP/1.1" 200 14577
191.109.187.112 - - [29/Aug/2022:21:44:47 -0500] "GET /BLA/resoluciones/ HTTP/1.1" 200 13093
181.61.73.8 - - [29/Aug/2022:21:44:53 -0500] "GET /BLA/boletinlegal/images/screen_3.png HTTP/1.1" 200 210620
181.61.73.8 - - [29/Aug/2022:21:44:53 -0500] "GET /BLA/boletinlegal/images/screen_2.png HTTP/1.1" 200 362502
181.61.73.8 - - [29/Aug/2022:21:44:53 -0500] "GET /BLA/boletinlegal/images/screen_5.png HTTP/1.1" 200 368876
181.61.73.8 - - [29/Aug/2022:21:44:53 -0500] "GET /BLA/boletinlegal/images/arr_r.jpg HTTP/1.1" 200 1998
181.61.73.8 - - [29/Aug/2022:21:44:53 -0500] "GET /BLA/boletinlegal/images/footer_bg.jpg HTTP/1.1" 200 586
191.109.187.112 - - [29/Aug/2022:21:44:52 -0500] "GET /BLA/resoluciones/index.php?dir=RESOLUCIONES+2011%2F HTTP/1.1" 200 746823
181.61.73.8 - - [29/Aug/2022:21:45:02 -0500] "GET /BLA/boletinlegal/images/pdf.gif HTTP/1.1" 200 567
191.109.187.112 - - [29/Aug/2022:21:45:03 -0500] "GET /BLA/resoluciones/RESOLUCIONES%202011/5253.pdf HTTP/1.1" 200 549992
181.140.203.76 - - [29/Aug/2022:21:45:30 -0500] "OPTIONS /kwssiamovil/sm/setfile/f? HTTP/1.1" 200 13
181.140.203.76 - - [29/Aug/2022:21:45:30 -0500] "POST /kwssiamovil/sm/setfile/f? HTTP/1.1" 200 381
181.61.73.8 - - [29/Aug/2022:21:44:46 -0500] "GET /BLA/boletinlegal/index.php HTTP/1.1" 200 32715
181.140.203.76 - - [29/Aug/2022:21:45:49 -0500] "GET /kwssiamovil/sm/acme/a?s=U2FsdGVkX19JU+LkdMBH1/vNbg5QWGfo4HBn7QKVck1HPtEG0cIgErd+wVzonS5hPG4yaBVE6BSgSw0sr/rpGSbV2lnH90QNvl9QA35SMvAo1Vs5fbNjNLiWB2k+FS69MtY9DxFW+MvIYeUIvixK73+vVLUZVP0TWUhEOvuPKKE8DA9+NJZfd2/58vSW4WA/+PpK8aVnaljq+i60DFdycaGCs2euvfNpJjwYH6ERjKTAkbcq4Fxrdl8cu21u8By6qTsmf2Rum1bIf0i1x5n+8A==&u=U2FsdGVkX1/5BIv9QJwIio/D2eGpL7+517oEMUuj/9Q=&y=U2FsdGVkX1/U3pIdCAbeyJyW4zta+hIrGZ12EWzXpawzeWngSPBZSRAyjt8vEzbE HTTP/1.1" 200 25
