!C99Shell v. 1.0 pre-release build #13!

Software: Apache. PHP/5.5.15 

uname -a: Windows NT SVR-DMZ 6.1 build 7600 (Windows Server 2008 R2 Enterprise Edition) i586 

SYSTEM 

Safe-mode: OFF (not secure)

E:\nuevo\apache\logs\   drwxrwxrwx
Free 7.33 GB of 239.26 GB (3.07%)
Detected drives: [ a ] [ c ] [ d ] [ e ] [ f ]
Home    Back    Forward    UPDIR    Refresh    Search    Buffer    Encoder    Tools    Proc.    FTP brute    Sec.    SQL    PHP-code    Update    Feedback    Self remove    Logout    


Viewing file:     access.2022.09.01.log (2.85 MB)      -rw-rw-rw-
Select action/file-type:
(+) | (+) | (+) | Code (+) | Session (+) | (+) | SDB (+) | (+) | (+) | (+) | (+) | (+) |
172.22.2.4 - - [31/Aug/2022:23:58:46 -0500] "HEAD /BLA/boletinlegal/ HTTP/1.1" 200 -
186.102.59.246 - - [01/Sep/2022:00:01:00 -0500] "OPTIONS /kwssiamovil/sm/setfile/f? HTTP/1.1" 200 13
186.102.59.246 - - [01/Sep/2022:00:01:00 -0500] "POST /kwssiamovil/sm/setfile/f? HTTP/1.1" 200 381
172.22.2.4 - - [01/Sep/2022:00:01:05 -0500] "GET /BLA/boletinlegal/.env HTTP/1.1" 404 1018
186.102.59.246 - - [01/Sep/2022:00:01:08 -0500] "GET /kwssiamovil/sm/acme/a?s=U2FsdGVkX19Q22hE3eazrx2WN35W/DLvu8IQsaEyQk7LkLkpK9BAKhd+Ivh0susjGDkiLIz34jrWErgU86Zf5RCy0/ciTss+FPatlzCu3MyWcPOqZ64TQDdPkoVNHN55+VWY3DcByeY8s9Tj2CFlPPZDQwcuLh+DpvSYB3W5py0Ai5HPgtrDKbH1IKp7e0zIgi7sac6/qmmpZipIsNDY1Mdlz6kR+7xE04Fa9k4npQrrUcxdW44vbjLAhQv4YTBLd71NKpWVPLmzaoPPwd+E7g==&u=U2FsdGVkX1+FY2P3EPAHWjOiFvyz1AoaPmJ7E33aZJzV2NjJB6eA4eqo40j9VS+1&y=U2FsdGVkX19VcOQvPjwNA3RhTspRIqjcFGPyQznPoxTQkz2JsvCPAuPz3tej3/0i HTTP/1.1" 200 25
186.102.59.246 - - [01/Sep/2022:00:01:08 -0500] "GET /kwssiamovil/sm/acme/a?s=U2FsdGVkX1/pem1ODSFc7ocPk8LbaRu4hpeJTQySpMGh4NrIpJCS6asKVZIRXLtPYN23tLQaNXjQOG+s5r1J4YQP9mo3iZX9P+tYkGQv4BmNhY1u86E0lanoPxoi+d9jbZgROw/5yA2ziL3JWtbZ95Y0zzfeP/a2hzxUEz/OOMXhmViu/2bA9IkAr8UbhgAdQsm9XPDGHdDcbiIzCuOD3YRVQ9EiUKxjhr1OjzHoD5TLxLp6tQekU0avLq1wG4GsM2oZMI/W+JbbVzaL/NROrmL+nnO6UduCMc/qzcMQXV9SPQX+fIvLVu9qw4TN7HfNvucwDw3W1sq1IrxYnKdu/QWk6ZWPNVB0EfvmL2ZUZSpTvvYW3g77znPOMGEPxQBLfA4ebXtwL7g/0HAOZdpQVb7Cg3ftKuoR7rL6R2B4HEcVHVOva0+chyubxGaPpYC2KEuqApKrnI/cxu/QMmeNo4JAJr2hyzTJWk4Kx+G0crC8Jp5Gq1/drasiDFD/56faBkJq2p950vGLd1jNbOZIW3EfyZrbqGKY+v00xR8iy19IkLUEj2UDf58GCYQQ14RcxE8sTtdTNgV+1ewNSFdTWmdqERHeT4+ZdOQiT6WTOwmzpws4K9tRjfWI7C1U01tSte2zNqpPCoiyU4TIriNgfCYF9gFClSwU53VCLUlhpVKLirkKlf3Hc65HSwV4lCueI3mGx3uT1Tu/VEgFTKS59PZx/XGwK60OXJwjpsiQatbMO0jeIoRu/MogRq/Rh/fBDS2fWGJMgZb4x8mEsC9xbQcJYoIzDeRxcSPEbEHAJRCSrlKQRurogEtAADxNIFyPC9aqRMdPauooIHP8pf/WncyFgPDc3GUK1n24Q6kyvbRNTh/Kymle1uxOrsz5ekSgjUXF7bB8ANmrk0Zh/Itcrc4yzP1lmw7btNxiIrbTZ9IIo3Kec7xmKWZTcZ23WZlic+ieFeYGOe+xVyyPj2OnFjTOIDl5i5rFUNX0dRynVzjbTLDtfcvnXkiimYjr7mZa4Q82YTYwoCAqqhpuyr9+gPMasmJTOrzuaZStHCFsTGcZdr5TE3QYsxt1edE9W5Qt4iAgsND0bIE1ewDr+D0n9NrTqpnf9UMRsyEiTglv4WnjG+Gqastt1CuwD1Avy6BcGyv3B7rhHWBDw7ZUhkHPGzWb1A+JK/HgAx4dykbrY2DUvZ3g7tMVsW+H+HOXxGoxsR19s6RbdhkXrRMetagV1eZ9ZMponNDOGSZ/cwpAvcK/VmxDPi2BULJqBtxtxRQtk0OS0Y2O/4zEwh0BIkuCvPOQ22JVQMRx/HyvIN9/yAFF2JHaI/gF6ElVWMz0SiDwGNDt4zGCewg3oVwYgzWdqReWSK+/lH9VJD3GJ9emBYy8kJodygaJK6sXmZL9IDRJB0CN7PeIrX7wx6vn2lCgTs5H2UjewjuKhPjgHXkld+J0ft12E8DeyXM2fntOLC9Jv4wsPI66ucByV04NIDU60UyQ9HwLHDE8EceufGOOg6AdEqHW8yzFUF2a5ecw51R7+rPlg/Ml5jDMMWCQgFYCmw59rdUD0l7+W7Y9OeR4/GlWOlLSUSXh0A/cF/YtQiQHjaLSpUyAu7SyanNF5dF4B5doRYVkaGAV/+XUzEpRwLPABk+8dKTIh06ZmI5tVyHZ3huYglfWL2keuafWrcXldyHfKv/s/i5W63VJW9KP1Whpseb6M5Sr+iW+a+Xd8S87cQO7yCVeMTT11t2yIXmSyLdMDvKLd3vlwdoTh9lq7KU9SGN0mh3l2HIu45Lq8UZc3/0K0TssWn0UIqQbkHk2u0Bdiq+kEYW00Xs5mRgNlFv8lwSVSdxUfz9HliVUu8MIlG4ZvvSqcF/eD7Zslt6eSSyFxAmQAi8NlaT2ASdOZheKYe9aB+MLh9+yZewxA2lVIJYl/+T35ZVH9gj/F5ZRtX7v5arGUxIjSJmTO+s2Z/SiTnQVGYgBUlpvcfBQrvIyQWys6U7DFAhEGyj30uQz1iCz1UyqUViX1Xopwks4pW/2jHpiqiiy3xyplT59y//I8k4doacxLlGZmNXjLCbzygOmr9SUd8F4J+JJevjCZCMMozukbTXDUffmTOBDGQ3v5/xM66tVADIwKts1hJna2bY1Ndar5zrHL2w55iedG1lZoCGkoobJb6KekRnrod76Q2satYMxOA0eJz90qqmP0IUygZ0bmJJZbHDxOQ1cTxSYn+kyy5j3uQ1e0OxytLZ9H4f1r37FVRRhsjK9H1o5O58Qnno1jiLB9ibGLqordZontafB0Mg62Vy2njqkkeVLTaSW/6j7lTtX/ZTgvI82MS/9bhskSz92P2nBAGJ98JS6n1A4QIGsautapbNzK58lXkyGM8h7glG2U803zW/2RdNI0Pq7/4hWrVWh0eEcv2+sl7Gp+HFXdZVbjE10SoLGvSAXeioDBlxYF+GcDVAkEtVdCQQsf0GlpBN8Q8FQ5WrqrBoqaMsUslPWox7c6R/AhK2mL0DL7KWkUjBwJ7T4UJkt7/GvT7qb87Su/03c2kqlusBtvLzeV5oN5DQQ8uj/4k17L08VrgmzrzWi2nNopRTrVfR2Emvb+r4dRZ/yTZ8wOTlhvIC3OFG6KaV1mx9puyDBAsWVUzQyyLajbwvH9/8bulCHUpHJicJZeaDZLc9HNXgACwNEn5B16c6rqOI1nv1JSDRYwL1j72CsOCEvBoYYL8b1+KVGj2fg7Ei4PZhistSJFYXH2oDDrteY8d31ngUdYzNjtdA3vLrzaB0u9yhEn3Od0JTnvSnjcnb6eH+AMrx7BbK9TJCDiuzJP9FhsuGKNVo3wOc9NfLwMOebpAp5NY6EItQTAbQEJBji0ZSG+Zh6rxmF9CHfZELFHd6kUEd/esZ606mgEgdWzly7it7TA38At7t/d+Q1TNibypfiH8YMErvMjdMBC7A1i1uZVV66jPPoaswZ+5rFMQw6l1rRdRkzBkOITJZj/XLa4g5sUidTsPFp9LHujOCHg2AtLBfG0xpV7bA3Tl0PRv8aUg+/tBJV13JHk5YElA6ZBIBuEp8ARH8jru3JKD988ex/fgGwVVznG0rzlOFzGPcJl8Q1DWy3vDWJ/IKKYRZpxp/Np/Fw6uLZrtWLs1n2WdbaadmX5iAKquxlwaVVPllnbEmvIxuTXtWjcHbdJtoNIxtYQH435eEvGcoCQHoqEsV38OX13xDmCTmYd7CMKtEC8I+1nFuXA8YaSjA/RHt6si2fRkb4a7I/DHHM6ejcKxbMhMV5+NoFcpXn+QComUztvJfXQ+HvBjgrinKtKLdcqipfdd6VZoUZ+GK389hA+OuEjk54fqGwpxh7Yk7zo8HyDMWeqX5jdcOkrO9cFPoxJVhNvOzCWxaRshZLCXNkJLnPaHrnAE/w8RfUjE+fBqK+b46Aj5E8RkS//rOVqmvjOqQwqvuITnRyH2Mq0lOFKQnRCYaEalZAH7HaSPC5mMHRroh7yOd4nrBt+94D2SjeWgtAE7o3/D5iUIyaiszFdjB++RzExfPTERXhjdb/Y8juUSI8R3n+Ivce/Zj1xqmw4yA=&u=U2FsdGVkX1+FY2P3EPAHWjOiFvyz1AoaPmJ7E33aZJzV2NjJB6eA4eqo40j9VS+1&y=U2FsdGVkX19VcOQvPjwNA3RhTspRIqjcFGPyQznPoxTQkz2JsvCPAuPz3tej3/0i HTTP/1.1" 200 25
186.102.59.246 - - [01/Sep/2022:00:01:08 -0500] "GET /kwssiamovil/sm/acme/a?s=U2FsdGVkX1/KflUyHZ+WZEyYoAubjMd6Pg5RYBtehdjhH/4w8OsTQOR4BtgPklV7L1e0cnstxwmKH7x6JFdEeLjSrva1hQRJTSxhqRkIBvrcEBH8ZHmiB+2Lj/7NIPoCcWtdACX7vMid4qNsMD18AHW5RS2GmnkBS5uZlvPID44=&u=U2FsdGVkX1+FY2P3EPAHWjOiFvyz1AoaPmJ7E33aZJzV2NjJB6eA4eqo40j9VS+1&y=U2FsdGVkX19VcOQvPjwNA3RhTspRIqjcFGPyQznPoxTQkz2JsvCPAuPz3tej3/0i HTTP/1.1" 200 25
186.102.59.246 - - [01/Sep/2022:00:01:09 -0500] "GET /kwssiamovil/sm/acme/a?s=U2FsdGVkX18eIeXYY+Wl/msyiiwehBcuCCSHWMoQA5gAkCm9En6bY+GOyqaPymlpqz9bWyj1U1HudgW8diPlV1+cobYfVUGvOSCer3e8qLJ1YmDTUwgMXBL5fFv0O8CmK7455UxaYWyc90Lagy4yWCvXZRNfoct8k4xLeQj9C+8=&u=U2FsdGVkX1+FY2P3EPAHWjOiFvyz1AoaPmJ7E33aZJzV2NjJB6eA4eqo40j9VS+1&y=U2FsdGVkX19VcOQvPjwNA3RhTspRIqjcFGPyQznPoxTQkz2JsvCPAuPz3tej3/0i HTTP/1.1" 200 25
186.102.59.246 - - [01/Sep/2022:00:01:09 -0500] "GET /kwssiamovil/sm/acme/a?s=U2FsdGVkX1/E0WWmxArLwtbTdchMzwQb/COI0blA0ZAVPwNgDvWlf0HdMm7GSIYwNUCmZyHn9TKfuDnoe8UZCq+NmgIGmkCuIwy/5kcHD3B/xTlHJ444BBtgxYI7P05gTJ208KSxDAl2Rzn1MuUcM5TfRGw8uySOvdTBQn6Z7wk=&u=U2FsdGVkX1+FY2P3EPAHWjOiFvyz1AoaPmJ7E33aZJzV2NjJB6eA4eqo40j9VS+1&y=U2FsdGVkX19VcOQvPjwNA3RhTspRIqjcFGPyQznPoxTQkz2JsvCPAuPz3tej3/0i HTTP/1.1" 200 25
186.102.59.246 - - [01/Sep/2022:00:01:09 -0500] "GET /kwssiamovil/sm/acme/a?s=U2FsdGVkX18j31nwX4donHcI/nGlATDmKbn2MtFOBwpDfeu37l7ZxLXTNqHzf4rHoKJ3LCBa9OMKbU+rTlpCt6KajNyMOxP0jVuYdJ1kRkKrmTMlPx+A+Pz5QHuqhzSIc1502SaqysZAbWbf9PASsnfTbkju7qnKRiigsQJUUdhDow8D/Eo7Yw2nDHv1RjmIsriyGdUCkYi4WOq3UoFN+Q==&u=U2FsdGVkX1+FY2P3EPAHWjOiFvyz1AoaPmJ7E33aZJzV2NjJB6eA4eqo40j9VS+1&y=U2FsdGVkX19VcOQvPjwNA3RhTspRIqjcFGPyQznPoxTQkz2JsvCPAuPz3tej3/0i HTTP/1.1" 200 25
186.102.59.246 - - [01/Sep/2022:00:01:09 -0500] "GET /kwssiamovil/sm/acme/a?s=U2FsdGVkX1+zUr8sChgkhauiopMHdFcODRK96eYUB50etX0VmLbeqHPFVZTX2PYm60b6d7ZjSI8TIf0SkfRYGFvFYl9Wpd4AbyAmCxthCGWLgGVA7xbHzSoPbgPAaDp/PzS+rbSTdY/zpm3Yf0NqIF8SSy1Y29u4anp9QBRknYSeTpiNpx6MgXYQUQY5XEAIKtXxbHtYWpIkicGJRSw0FYhJ0YVIadkx3s5s5fuBsnBUufmfQn1U9KqH5nuoeAY4Fd7L4Yk9RNxxAgOuRv3jkD/8W0qxlSkTXhGnbetjVBNYoJwiDbuXuzl3GU5OyFMsaggUKpWfXIWKPVAsFl6fRxw/pluhC9N53a1aO1fOwiqAkFVNKg3D6dQhaXtwxPqKFnXAz7vL0Mr58YJNWpeC9R0KIM/uDfeM9qJz0nu+RwN2WsoO1P+l+09aHVaby8xjd2My+/a/kyBdhparC3keXmsw+wlmo6E8FKLa1x54JGxOf6aJ5Yy6VyyMprYQoa67uKIlBdQO1h/Mccq6xTA/UaISioB9wyMD+PdIpsFBG3o=&u=U2FsdGVkX1+FY2P3EPAHWjOiFvyz1AoaPmJ7E33aZJzV2NjJB6eA4eqo40j9VS+1&y=U2FsdGVkX19VcOQvPjwNA3RhTspRIqjcFGPyQznPoxTQkz2JsvCPAuPz3tej3/0i HTTP/1.1" 200 25
186.102.59.246 - - [01/Sep/2022:00:01:10 -0500] "GET /kwssiamovil/sm/acme/a?s=U2FsdGVkX19G93eCiXSsM9kS7fzyA5UE5A4j061ZPf7qUASVIwwysqVtd2toQHGHw+MPhvEdoHDRNHavU96z+otYiCf7xdM0XGzEt1ngjhEPnWBtgdMeLQJkE4PcYyJLlCPYvNf7qFAKQwBeQd2smCBgvGN+XYLWekKJIpOs00m2K+D8jSR3wCKvEgFId6o73PjMhs70PXR5ASyLOfc+irha61slNiLQHuWMruBBLawJ+nX9hnCfRRl9WhSH5cIhswTawOfO69Ska03xHSmipkGt1J2jqLaYgSSF3j+8UQ80LDPyRDmANdfEvIL8Lx21axogo8lEaLVGKk0KL7xcFOYhhW6eV+Eb73ob6aoFZ+a2EuSqMG2lgtUG+dRQr3jsF9J5ewOnaYLcGfmP+JB97C9V8patKto7j3JeGUxHsRQhMktsEfLuV2kzEKdhsZqS8FC6BbQzdD/7k2VYynuq+BXA0Qteg2HyqanP+vHsgODhW+qYHD5mHDODGL7MCZquWd58mvIndkk+MsiRzeNPug==&u=U2FsdGVkX1+FY2P3EPAHWjOiFvyz1AoaPmJ7E33aZJzV2NjJB6eA4eqo40j9VS+1&y=U2FsdGVkX19VcOQvPjwNA3RhTspRIqjcFGPyQznPoxTQkz2JsvCPAuPz3tej3/0i HTTP/1.1" 200 25
172.22.2.4 - - [31/Aug/2022:23:59:36 -0500] "GET /BLA/boletinlegal/ HTTP/1.1" 200 58946
186.102.59.246 - - [01/Sep/2022:00:01:23 -0500] "GET /kwssiamovil/sm/acme/u?s=U2FsdGVkX1+nbbMmYPySvzC6GALpVrudcB8VJe3o9ix1l/MI1Ah7/m24pCglv3j5Qm00s9F6F0byEPP7GNCUxjsAEiWcJBa+zLhrMgJlm27MONfmMsxgEsGtrA6G7khbrOsy9xuK6ijEo8OgQ0e+3g==&u=U2FsdGVkX1+FY2P3EPAHWjOiFvyz1AoaPmJ7E33aZJzV2NjJB6eA4eqo40j9VS+1&y=U2FsdGVkX19VcOQvPjwNA3RhTspRIqjcFGPyQznPoxTQkz2JsvCPAuPz3tej3/0i HTTP/1.1" 200 60
172.22.2.4 - - [01/Sep/2022:00:01:39 -0500] "GET /BLA/boletinlegal/Circulares/2017/Circular%20No.%20011%20del%2005%20de%20julio%20de%202017.pdf HTTP/1.1" 304 -
172.22.2.4 - - [01/Sep/2022:00:01:06 -0500] "POST /BLA/boletinlegal/ HTTP/1.1" 200 24523
201.245.192.253 - - [01/Sep/2022:00:01:57 -0500] "POST /kwsrmcab/Wsrmcab  HTTP/1.1" 200 42606
216.245.221.92 - - [01/Sep/2022:00:03:27 -0500] "HEAD / HTTP/1.1" 200 -
172.22.2.4 - - [01/Sep/2022:00:05:24 -0500] "GET /BLA/boletinlegal/actuator/health HTTP/1.1" 404 1018
172.22.2.4 - - [01/Sep/2022:00:04:36 -0500] "HEAD /BLA/boletinlegal/ HTTP/1.1" 200 -
172.22.2.4 - - [01/Sep/2022:00:06:30 -0500] "GET /BLA/boletinlegal/style.css HTTP/1.1" 200 9406
172.22.2.4 - - [01/Sep/2022:00:06:30 -0500] "GET /BLA/boletinlegal/styles2.css HTTP/1.1" 200 1838
172.22.2.4 - - [01/Sep/2022:00:06:31 -0500] "GET /BLA/boletinlegal/js/jquery.js HTTP/1.1" 200 57254
172.22.2.4 - - [01/Sep/2022:00:06:31 -0500] "GET /BLA/boletinlegal/js/jquery.scrollTo-min.js HTTP/1.1" 200 1150
172.22.2.4 - - [01/Sep/2022:00:06:31 -0500] "GET /BLA/boletinlegal/js/jquery.scrollShow.js HTTP/1.1" 200 4586
172.22.2.4 - - [01/Sep/2022:00:06:31 -0500] "GET /BLA/boletinlegal/images/cabezote%20BLEGAL.jpg HTTP/1.1" 200 118164
172.22.2.4 - - [01/Sep/2022:00:06:31 -0500] "GET /BLA/boletinlegal/images/subscribe-icon-big.png HTTP/1.1" 200 47702
172.22.2.4 - - [01/Sep/2022:00:06:31 -0500] "GET /BLA/boletinlegal/images/historia.png HTTP/1.1" 200 52775
172.22.2.4 - - [01/Sep/2022:00:06:31 -0500] "GET /BLA/boletinlegal/images/registro-usuarios.png HTTP/1.1" 200 8106
172.22.2.4 - - [01/Sep/2022:00:06:31 -0500] "GET /BLA/boletinlegal/images/arr_l.jpg HTTP/1.1" 200 1979
172.22.2.4 - - [01/Sep/2022:00:06:31 -0500] "GET /BLA/boletinlegal/images/body_bg.jpg HTTP/1.1" 200 1601
172.22.2.4 - - [01/Sep/2022:00:06:31 -0500] "GET /BLA/boletinlegal/images/menu_rght.gif HTTP/1.1" 200 1627
172.22.2.4 - - [01/Sep/2022:00:06:31 -0500] "GET /BLA/boletinlegal/images/menu_lft.gif HTTP/1.1" 200 1713
172.22.2.4 - - [01/Sep/2022:00:06:32 -0500] "GET /BLA/boletinlegal/images/bg_top.jpg HTTP/1.1" 200 522
172.22.2.4 - - [01/Sep/2022:00:06:32 -0500] "GET /BLA/boletinlegal/images/menu_bg.jpg HTTP/1.1" 200 620
172.22.2.4 - - [01/Sep/2022:00:06:32 -0500] "GET /BLA/boletinlegal/images/text.jpg HTTP/1.1" 200 568
172.22.2.4 - - [01/Sep/2022:00:06:32 -0500] "GET /BLA/boletinlegal/images/launch.jpg HTTP/1.1" 200 14577
172.22.2.4 - - [01/Sep/2022:00:06:32 -0500] "GET /BLA/boletinlegal/images/hover.jpg HTTP/1.1" 200 640
172.22.2.4 - - [01/Sep/2022:00:06:32 -0500] "GET /BLA/boletinlegal/images/screen_1.png HTTP/1.1" 200 202547
172.22.2.4 - - [01/Sep/2022:00:06:43 -0500] "GET /BLA/boletinlegal/images/screen_3.png HTTP/1.1" 200 210620
172.22.2.4 - - [01/Sep/2022:00:06:43 -0500] "GET /BLA/boletinlegal/images/screen_2.png HTTP/1.1" 200 362502
172.22.2.4 - - [01/Sep/2022:00:06:43 -0500] "GET /BLA/boletinlegal/images/arr_r.jpg HTTP/1.1" 200 1998
172.22.2.4 - - [01/Sep/2022:00:06:43 -0500] "GET /BLA/boletinlegal/images/screen_5.png HTTP/1.1" 200 368876
172.22.2.4 - - [01/Sep/2022:00:06:43 -0500] "GET /BLA/boletinlegal/images/footer_bg.jpg HTTP/1.1" 200 586
157.55.39.108 - - [01/Sep/2022:00:06:44 -0500] "GET /portaldeninos/wp-content/uploads/2021/11/arbol-bogota-capacitacion-29-abril-260x144.jpg HTTP/1.1" 200 11351
172.22.2.4 - - [01/Sep/2022:00:06:56 -0500] "GET /BLA/boletinlegal/images/pdf.gif HTTP/1.1" 200 567
201.245.192.253 - - [01/Sep/2022:00:06:56 -0500] "POST /kwsrmcab/Wsrmcab  HTTP/1.1" 200 42606
172.22.2.4 - - [01/Sep/2022:00:05:26 -0500] "GET /BLA/boletinlegal/ HTTP/1.1" 200 53281
172.22.2.4 - - [01/Sep/2022:00:06:30 -0500] "GET /BLA/boletinlegal/ HTTP/1.1" 200 55621
172.22.2.4 - - [01/Sep/2022:00:08:10 -0500] "GET /BLA/boletinlegal/favicon.ico HTTP/1.1" 404 1212
172.22.2.4 - - [01/Sep/2022:00:08:16 -0500] "GET /BLA/boletinlegal/.well-known/assetlinks.json HTTP/1.1" 404 1212
172.22.2.4 - - [01/Sep/2022:00:08:16 -0500] "GET /BLA/boletinlegal/.well-known/apple-app-site-association HTTP/1.1" 404 1212
172.22.2.4 - - [01/Sep/2022:00:08:17 -0500] "GET /BLA/boletinlegal/robots.txt HTTP/1.1" 404 1212
172.22.2.4 - - [01/Sep/2022:00:08:17 -0500] "GET /BLA/boletinlegal/.well-known/assetlinks.json HTTP/1.1" 404 1212
172.22.2.4 - - [01/Sep/2022:00:08:17 -0500] "GET /BLA/boletinlegal/.well-known/apple-app-site-association HTTP/1.1" 404 1212
172.22.2.4 - - [01/Sep/2022:00:08:17 -0500] "GET /BLA/boletinlegal/robots.txt HTTP/1.1" 404 1212
172.22.2.4 - - [01/Sep/2022:00:08:17 -0500] "GET /BLA/boletinlegal/.well-known/gpc.json HTTP/1.1" 404 1212
172.22.2.4 - - [01/Sep/2022:00:08:17 -0500] "GET /BLA/boletinlegal/.well-known/change-password HTTP/1.1" 404 1212
172.22.2.4 - - [01/Sep/2022:00:08:17 -0500] "GET /BLA/boletinlegal/.well-known/security.txt HTTP/1.1" 404 1212
172.22.2.4 - - [01/Sep/2022:00:08:17 -0500] "GET /BLA/boletinlegal/.well-known/resource-that-should-not-exist-whose-status-code-should-not-be-200/ HTTP/1.1" 404 1212
216.245.221.92 - - [01/Sep/2022:00:08:27 -0500] "HEAD / HTTP/1.1" 200 -
172.22.2.4 - - [01/Sep/2022:00:08:47 -0500] "GET /BLA/boletinlegal/style.css HTTP/1.1" 200 9406
172.22.2.4 - - [01/Sep/2022:00:08:48 -0500] "GET /BLA/boletinlegal/styles2.css HTTP/1.1" 200 1838
172.22.2.4 - - [01/Sep/2022:00:08:48 -0500] "GET /BLA/boletinlegal/js/jquery.js HTTP/1.1" 200 57254
172.22.2.4 - - [01/Sep/2022:00:08:48 -0500] "GET /BLA/boletinlegal/js/jquery.scrollTo-min.js HTTP/1.1" 200 1150
172.22.2.4 - - [01/Sep/2022:00:08:48 -0500] "GET /BLA/boletinlegal/js/jquery.scrollShow.js HTTP/1.1" 200 4586
172.22.2.4 - - [01/Sep/2022:00:08:48 -0500] "GET /BLA/boletinlegal/images/cabezote%20BLEGAL.jpg HTTP/1.1" 200 118164
172.22.2.4 - - [01/Sep/2022:00:08:48 -0500] "GET /BLA/boletinlegal/images/subscribe-icon-big.png HTTP/1.1" 200 47702
172.22.2.4 - - [01/Sep/2022:00:08:48 -0500] "GET /BLA/boletinlegal/images/historia.png HTTP/1.1" 200 52775
172.22.2.4 - - [01/Sep/2022:00:08:48 -0500] "GET /BLA/boletinlegal/images/registro-usuarios.png HTTP/1.1" 200 8106
172.22.2.4 - - [01/Sep/2022:00:08:48 -0500] "GET /BLA/boletinlegal/images/arr_l.jpg HTTP/1.1" 200 1979
172.22.2.4 - - [01/Sep/2022:00:08:49 -0500] "GET /BLA/boletinlegal/images/body_bg.jpg HTTP/1.1" 200 1601
172.22.2.4 - - [01/Sep/2022:00:08:49 -0500] "GET /BLA/boletinlegal/images/menu_rght.gif HTTP/1.1" 200 1627
172.22.2.4 - - [01/Sep/2022:00:08:49 -0500] "GET /BLA/boletinlegal/images/menu_lft.gif HTTP/1.1" 200 1713
172.22.2.4 - - [01/Sep/2022:00:08:49 -0500] "GET /BLA/boletinlegal/images/bg_top.jpg HTTP/1.1" 200 522
172.22.2.4 - - [01/Sep/2022:00:08:50 -0500] "GET /BLA/boletinlegal/images/menu_bg.jpg HTTP/1.1" 200 620
172.22.2.4 - - [01/Sep/2022:00:08:50 -0500] "GET /BLA/boletinlegal/images/text.jpg HTTP/1.1" 200 568
172.22.2.4 - - [01/Sep/2022:00:08:50 -0500] "GET /BLA/boletinlegal/images/launch.jpg HTTP/1.1" 200 14577
172.22.2.4 - - [01/Sep/2022:00:08:50 -0500] "GET /BLA/boletinlegal/images/hover.jpg HTTP/1.1" 200 640
172.22.2.4 - - [01/Sep/2022:00:08:50 -0500] "GET /BLA/boletinlegal/images/screen_1.png HTTP/1.1" 200 202547
172.22.2.4 - - [01/Sep/2022:00:08:54 -0500] "GET /BLA/boletinlegal/images/screen_2.png HTTP/1.1" 200 362502
172.22.2.4 - - [01/Sep/2022:00:08:54 -0500] "GET /BLA/boletinlegal/images/screen_3.png HTTP/1.1" 200 210620
172.22.2.4 - - [01/Sep/2022:00:08:54 -0500] "GET /BLA/boletinlegal/images/screen_5.png HTTP/1.1" 200 368876
172.22.2.4 - - [01/Sep/2022:00:08:54 -0500] "GET /BLA/boletinlegal/images/arr_r.jpg HTTP/1.1" 200 1998
172.22.2.4 - - [01/Sep/2022:00:08:54 -0500] "GET /BLA/boletinlegal/images/footer_bg.jpg HTTP/1.1" 200 586
172.22.2.4 - - [01/Sep/2022:00:09:02 -0500] "GET /BLA/boletinlegal/images/pdf.gif HTTP/1.1" 200 567
172.22.2.4 - - [01/Sep/2022:00:08:47 -0500] "GET /BLA/boletinlegal/ HTTP/1.1" 200 63198
172.22.2.4 - - [01/Sep/2022:00:10:27 -0500] "GET /BLA/boletinlegal/images/background.gif HTTP/1.1" 200 -
172.22.2.4 - - [01/Sep/2022:00:10:30 -0500] "GET /BLA/boletinlegal/robots.txt HTTP/1.1" 404 1038
201.245.192.253 - - [01/Sep/2022:00:11:55 -0500] "POST /kwsrmcab/Wsrmcab  HTTP/1.1" 200 42606
172.22.2.4 - - [01/Sep/2022:00:10:26 -0500] "HEAD /BLA/boletinlegal/ HTTP/1.1" 200 -
172.22.2.4 - - [01/Sep/2022:00:10:31 -0500] "GET /BLA/boletinlegal/ HTTP/1.1" 200 50386
172.22.2.4 - - [01/Sep/2022:00:11:16 -0500] "GET /BLA/boletinlegal/ HTTP/1.1" 200 54347
216.245.221.92 - - [01/Sep/2022:00:13:27 -0500] "HEAD / HTTP/1.1" 200 -
152.61.192.232 - - [01/Sep/2022:00:13:30 -0500] "GET / HTTP/1.1" 200 319
186.102.59.107 - - [01/Sep/2022:00:16:14 -0500] "GET /kwssiamovil/sm/acme/a?s=U2FsdGVkX1+SxOgJiI7wESxIOKs/FZQY2nfnl6KU6sMtEteDGS3L7uB3H/oShiyWKm2AL8ikokaRSg2lRvAmWH/jXjMI/ulMcCG6y0HuZ+kvohci+P8AkzYt2BTON4cYssFb3PrlacCCLNGmA88xKkaXQaUsQVGk292QyV/JNLRPmFjMl2/I7YuIgCYydHMriMMxOSGEjCAZzrRpG1H3iPkIxkwpsBOfJIk43OgF6vxsNm8CXby1S+cX0r1KvuR50NMh/+uR6GMDI5tyDj7amQ==&u=U2FsdGVkX1+QmPq+SXNSlD5+etA3ypNFAcHRwkZGMXABYzih193xYmX6JVvJuAqe&y=U2FsdGVkX18aot5EnUhh8HqFq/IsGtyLoHVmh/vfmWE5sar78oDKwNlwuNit2vXx HTTP/1.1" 200 25
186.102.59.107 - - [01/Sep/2022:00:16:15 -0500] "GET /kwssiamovil/sm/acme/a?s=U2FsdGVkX19Z4ZBHELjrqUuGsVvwFyNW5jVFNudZgAeYYV8oFO8TnznaHvrdw04nTYurh4QvcDC5HyJVG9sxcCGm01RDD1BNW1rY/ZwdqRN4TSwKxMAQOexahJgovlM9H2RCDVOAu3nz0mP6FWAmqmHFAJ7npui614O0EedqpHjZvcJXGhe+7b78ORQN99GeTR4iN4+wlGe1MXKCgVITgezgtW279b+RwCvzdpxKqYM5NyDwur355vI84ciaLBHlEYqIeczusRaNsqgHo9hYJDvmLllZYXEKIpn9eem0YEcYnHdTf4/tYh7Kj3i7zwy0IytEf4zAY0YBxkCrgp2Ztkd6s6935vTz9vgoDTiFttzQxrI8xiAdoyYte6BddKupNjKh98y4+iaFlRHgGDOlXeUburBE5YXZyrvSoj/uSLsIhLw5+sHJmsgXzsmvEmeWS3Vr+aSUaGUkvvpZL29D8c/CP6FGAxp38GdQTa70Diah6zMvoZIREU0s0GMC4NgEggENeXoeyq8aYAewdWfBEJ9i2VEAzmENIJ7xmpTQskOBO4jDNeqwg6xQObwSDK65pP3Lx1Pm8jQK+rbFGsBO2B1/HisDSU3P8V6eUAzNIrCY5KOI179f9SY0jFraXX2uXwW5nAJVGducvK07fB5Ni3tyT+lmRyf7Jq9gretTuQaH+avg3/lIA4tiXb56du3EpRrC23DY0ZyYejw70ZcNd4uzJKmlnh7ooddEo0xXcvrUXxCp81xGQ4Dr682oieBSwJ0lOg7uGTTfeFPW9ZEo1ALaoU0YCLvo7CZ4wrkoxfji3x3Fn3ezaASjMLu1jSM0hUVbLAYfz9nlLO0dipOubcK5aww8jlwx7SLp/8sLyeipeoQ2+z1P5Gl0eP9ZvdtkUPq0H4wTKl1A6Fzik75i/ROUSNeGXJLfiQx8WW3xT1Fd5rZQ4/8TNrjbgw/bGjf5peNzXu0FK0IIEVsevbxpQ2iKJNeLzMk1IjFHVX6dnhOe+duyQl+f1In8s5Ux6wcjYCvgZzt2Qbku3Tn/rlJRxA==&u=U2FsdGVkX1+QmPq+SXNSlD5+etA3ypNFAcHRwkZGMXABYzih193xYmX6JVvJuAqe&y=U2FsdGVkX18aot5EnUhh8HqFq/IsGtyLoHVmh/vfmWE5sar78oDKwNlwuNit2vXx HTTP/1.1" 200 25
186.102.59.107 - - [01/Sep/2022:00:16:15 -0500] "GET /kwssiamovil/sm/acme/a?s=U2FsdGVkX190CXaRgTCNwVxsgk9oUffc+vqeb11lYM21CxKcxXhV/dV61z8UTapnjSRWrH9jhhHcJJuyYPXZIpj3KTytF80DRk6NiWLYlchPk3PDfoQp+P30FJJG5FhFingi3t0aiLR9UXBecyXsU9ndvk/PBLX8ap1xB+feCi8=&u=U2FsdGVkX1+QmPq+SXNSlD5+etA3ypNFAcHRwkZGMXABYzih193xYmX6JVvJuAqe&y=U2FsdGVkX18aot5EnUhh8HqFq/IsGtyLoHVmh/vfmWE5sar78oDKwNlwuNit2vXx HTTP/1.1" 200 25
186.102.59.107 - - [01/Sep/2022:00:16:15 -0500] "GET /kwssiamovil/sm/acme/a?s=U2FsdGVkX19hjaQwa8vhd60R+ZQsdPlDg65TwIADbPtxmaINCkKEQ4eLts7QC7PGAQ3opSie1SPUuuLqwUkPRm7Xxyy5tJjXZvZ8NonM5P42soKCN2pnPFS/zqgt2sgELa2PZdtVSJPDvO6plHUyNN8sPXJ+9Ds6pojKTShi1Fc=&u=U2FsdGVkX1+QmPq+SXNSlD5+etA3ypNFAcHRwkZGMXABYzih193xYmX6JVvJuAqe&y=U2FsdGVkX18aot5EnUhh8HqFq/IsGtyLoHVmh/vfmWE5sar78oDKwNlwuNit2vXx HTTP/1.1" 200 25
186.102.59.107 - - [01/Sep/2022:00:16:15 -0500] "GET /kwssiamovil/sm/acme/a?s=U2FsdGVkX1953zU2nmM3rT9jNqrxsPKtP3uZi763k/uaXgQQwI+TBUDTNMhn2Lpfi05b+2daogbsh6/zV4P9ZOVHrtGSOs+L/wCiYeCVt/vNg6NwefxjaKwyRDSKdzJA82sw9mdc0GUGTvMSqpAMQB/Cl9tf3MZXMW1fez/4XUg=&u=U2FsdGVkX1+QmPq+SXNSlD5+etA3ypNFAcHRwkZGMXABYzih193xYmX6JVvJuAqe&y=U2FsdGVkX18aot5EnUhh8HqFq/IsGtyLoHVmh/vfmWE5sar78oDKwNlwuNit2vXx HTTP/1.1" 200 25
186.102.59.107 - - [01/Sep/2022:00:16:16 -0500] "GET /kwssiamovil/sm/acme/a?s=U2FsdGVkX19ldl4D6wvybODQKF7ZNYfI+LPWTve5j9C2eHk93C1swYTCoRcUg7Uq02UP7B54DftoRUiUKNqpL80P15S5T2OqlXmJA1vz25D1FBulaPStdAAlcqkgFBNGSrDQbrsu8fDO9dpH/WQd6/NbD5IVgbOpnvAbQ690GMncHZqS2q49PH8PTCm+PsTCG/ZZc51JFw8kcWQoDgfs+Q==&u=U2FsdGVkX1+QmPq+SXNSlD5+etA3ypNFAcHRwkZGMXABYzih193xYmX6JVvJuAqe&y=U2FsdGVkX18aot5EnUhh8HqFq/IsGtyLoHVmh/vfmWE5sar78oDKwNlwuNit2vXx HTTP/1.1" 200 25
186.102.59.246 - - [01/Sep/2022:00:16:41 -0500] "GET /kwssiamovil/sm/ldap/au?x=U2FsdGVkX18ycnS7XcsSVDXthVMr6XFfAONCAew9jWdGSMcBXUJsJ61sC01p6+yjWvJGW3ox8AFBQZdp39cRnA==&y=U2FsdGVkX19QsC2LyGvLbOMsB/3rgUDynBYPnopSCNXw1SnlMXn9keVtIGSr9HyZ HTTP/1.1" 200 30
186.102.59.246 - - [01/Sep/2022:00:16:41 -0500] "GET /kwssiamovil/sm/acme/s?s=U2FsdGVkX1/WihuUp8TaMWo7+AkeXayNtiVEH71zSxycZiKTOgubxKAEzmy+MlQbTmCrVb9xowu8ByMHFMg6Pk2bcBQidCeW6h3wXSemuEI=&u=U2FsdGVkX18BRbK+BQnB2gKG78d6713JRCJbUnzSJdT8lfTgEABRA0DQjN/w7HV8&y=U2FsdGVkX19QsC2LyGvLbOMsB/3rgUDynBYPnopSCNXw1SnlMXn9keVtIGSr9HyZ HTTP/1.1" 200 97
186.102.59.246 - - [01/Sep/2022:00:16:41 -0500] "GET /kwssiamovil/sm/acme/s?s=U2FsdGVkX1/xYpCVmmT1f53CmxOzbtkeLM+56Rqa8m+y5PVUqVicztmspD9OkEXcypllOK2V4GvuOQxclmgCVngjMkwk6vLWr50XbPW7UgphIa2bGMH44XAR8EW4sUJ1L41b6jvHME0l3A4uSVXZI9vwvF/VUDcqddHifmcLOYgJcRxwpFV0P3XRAjd36ssjSjzxjR5BmkSn0zGvz3nS2Qex8Kuql+xdJFEVWC14xDYKhc9fNEw5oB+iWqgbSWK9dFpXRLyEFWhwksC2QJH3IGDS8dzIk1GIEarwegmjht3zHgJTE/uPAc6jE/Jax3py5t4cwJX6+MVh/UV/jlAgewBEiUdeCFaL8WolTD9OxPmDji/esRk203I29RG9brpwk1+D7CZ7QBXJl4fejXu5uHRe9YvudBTdc1F/KTu8O4qNUfDjkDLFz1vnJTN7PWY6n8VhrW41xq2T2Hud0jvexDRyL835rIkZ7WmFVdSvhHEnmovfT5OnLhE6MPIyqDV45Qfe9LtXRpXtuXhk3HVMkOaUyY0Y4tVx0qlgeSnNK/9r+6p/wDI39xjHEFzywK4Ys83UerZEzixF7hGdQVmCPX8uW3AB6cDIjdnzaWsBaBAhbMfSeZ39qerkF/WFFzEVcNJo9B0TowlSQ4TrL/U+3T+yOBG5btKpJkscmbZgqQEKO9WhhvaY5bfXsxhzZd0pbsp4cVbLajt+0mClX5QygQyMHyF6/vRVyeFKAq5PQMI+V5a1jt/ZZpOd1XE70x2WmPvSAM+sh0g3aT86KJ1oeVem5d3Via8QG1IOpKUV6ibsUaJHjkLg3jU9PXjo/PFl9FJmWAJjTLHmhz6YKjC58gepugnShPhSVLgVxH8D7PLGD0l1il4ESNrmpXw12Gnowgg4BMlrFlETPrJhd5UuQ2dvVWawtluW/AjGH7Ad6jqhJ4OZtAK/2/mhSfWq8gPRVcpH/sev9u/zz6TU6A5qHaQ5BC3bpR/XPH7bCI8hgBSVIFVYz+whcwvvO2JZkUbq7sdYN8k5Q6ptOUCCzY7vM3ov4ahtbq4YA6RRs0GUDSss84y3sU5hsMOgFaMAFvnb3uRlBoqv/o6nVNygdrkLyt4S/1Z90KXxPa8vDkYC1i5VzVRsy6HrX/ihwEKAXVfy1ACT51YqUDS5RH6itwWPDT829Ork+khjztztv5yDeDEX/jn9qJ3vXLVN6z/HClFahh40h6N7LHEdOvvUK0PsxmKg3d+18SjSM96Em1zOuvSqkqoryy3sT+LFWYjk/vEVJCXUigHXsuInUNi5iRxMBWHefXkKm8l/5Q5Yoc2PvTdVF40oh1hpDu9EUcPtBPmVyOg5/6oSZJ8Z266j1guZZW4krsN7VJNLVs+SJ5Ye5DM=&u=U2FsdGVkX18BRbK+BQnB2gKG78d6713JRCJbUnzSJdT8lfTgEABRA0DQjN/w7HV8&y=U2FsdGVkX19QsC2LyGvLbOMsB/3rgUDynBYPnopSCNXw1SnlMXn9keVtIGSr9HyZ HTTP/1.1" 200 3061
186.102.59.246 - - [01/Sep/2022:00:16:41 -0500] "GET /kwssiamovil/sm/acme/s?s=U2FsdGVkX187FYfBCVFL9NuD8iNuO45wXph3L6UbOcjcAABUcNIpmFFYcfxY1FHMqQxaub0Gmh0dcO6JwudV2aNbmxJWtYgQzd6OQ4DNs00anP1FWvkE7muR3tRmB8lXKQal7qSuNcICj0DfUU+DlEggv3cWumWMWOGi91zt1rz/qOEoU6HCJOHWBigXxaCpKrCMB0/Iwn3oKYC+Pxs3ztyHsBSWVdz/c3a9Ylo0Fmjs4rJzcSWWSWRt7sZAxp8KwsbdWfsj1pKAZCqFDO6DNgUWt6sZg455bLZHV33yfUQ=&u=U2FsdGVkX18BRbK+BQnB2gKG78d6713JRCJbUnzSJdT8lfTgEABRA0DQjN/w7HV8&y=U2FsdGVkX19QsC2LyGvLbOMsB/3rgUDynBYPnopSCNXw1SnlMXn9keVtIGSr9HyZ HTTP/1.1" 200 176
186.102.59.246 - - [01/Sep/2022:00:16:42 -0500] "GET /kwssiamovil/sm/cjson/pre?f=1&x=U2FsdGVkX18ycnS7XcsSVDXthVMr6XFfAONCAew9jWdGSMcBXUJsJ61sC01p6+yjWvJGW3ox8AFBQZdp39cRnA== HTTP/1.1" 200 30992
201.245.192.253 - - [01/Sep/2022:00:16:54 -0500] "POST /kwsrmcab/Wsrmcab  HTTP/1.1" 200 42606
172.22.2.4 - - [01/Sep/2022:00:16:16 -0500] "HEAD /BLA/boletinlegal/ HTTP/1.1" 200 -
216.245.221.92 - - [01/Sep/2022:00:18:27 -0500] "HEAD / HTTP/1.1" 200 -
172.22.2.4 - - [01/Sep/2022:00:17:06 -0500] "GET /BLA/boletinlegal/ HTTP/1.1" 200 60272
152.61.128.50 - - [01/Sep/2022:00:18:52 -0500] "GET / HTTP/1.1" 200 319
201.245.192.253 - - [01/Sep/2022:00:20:02 -0500] "POST /kwsrmcab/Wsrmcab HTTP/1.1" 200 42130
201.245.192.253 - - [01/Sep/2022:00:20:06 -0500] "POST /kwsrmcab/Wsrmcab HTTP/1.1" 200 43242
201.245.192.253 - - [01/Sep/2022:00:21:53 -0500] "POST /kwsrmcab/Wsrmcab  HTTP/1.1" 200 42606
104.152.52.144 - - [01/Sep/2022:00:22:03 -0500] "GET / HTTP/1.0" 200 319
216.245.221.92 - - [01/Sep/2022:00:23:27 -0500] "HEAD / HTTP/1.1" 200 -
172.22.2.4 - - [01/Sep/2022:00:22:06 -0500] "HEAD /BLA/boletinlegal/ HTTP/1.1" 200 -
172.22.2.4 - - [01/Sep/2022:00:22:56 -0500] "GET /BLA/boletinlegal/ HTTP/1.1" 200 60272
45.61.185.39 - - [01/Sep/2022:00:24:40 -0500] "POST /boaform/admin/formLogin HTTP/1.1" 404 1186
201.245.192.253 - - [01/Sep/2022:00:26:52 -0500] "POST /kwsrmcab/Wsrmcab  HTTP/1.1" 200 42606
207.46.13.16 - - [01/Sep/2022:00:28:13 -0500] "GET /calculadora/? HTTP/1.1" 200 5879
66.249.73.100 - - [01/Sep/2022:00:28:20 -0500] "-" 408 -
216.245.221.92 - - [01/Sep/2022:00:28:27 -0500] "HEAD / HTTP/1.1" 200 -
207.46.13.36 - - [01/Sep/2022:00:28:38 -0500] "GET /galeria/nivo-slider/demo/banner.html HTTP/1.1" 200 5446
172.22.2.4 - - [01/Sep/2022:00:27:56 -0500] "HEAD /BLA/boletinlegal/ HTTP/1.1" 200 -
201.245.192.253 - - [01/Sep/2022:00:30:02 -0500] "POST /kwsrmcab/Wsrmcab HTTP/1.1" 200 42130
201.245.192.253 - - [01/Sep/2022:00:30:06 -0500] "POST /kwsrmcab/Wsrmcab HTTP/1.1" 200 43242
172.22.2.4 - - [01/Sep/2022:00:28:46 -0500] "GET /BLA/boletinlegal/ HTTP/1.1" 200 57716
172.22.2.4 - - [01/Sep/2022:00:30:17 -0500] "GET /BLA/boletinlegal/ HTTP/1.1" 200 36811
201.245.192.253 - - [01/Sep/2022:00:31:51 -0500] "POST /kwsrmcab/Wsrmcab  HTTP/1.1" 200 42606
40.77.167.40 - - [01/Sep/2022:00:32:11 -0500] "GET /portaldeninos/wp-content/uploads/2021/11/Ficha-comadreja-fauna-27-mayo-50x28.jpg HTTP/1.1" 200 1383
216.245.221.92 - - [01/Sep/2022:00:33:27 -0500] "HEAD / HTTP/1.1" 200 -
31.13.115.12 - - [01/Sep/2022:00:35:20 -0500] "GET /images/reunion-planta-termovalorizacion-11-mayo.jpg HTTP/1.1" 200 34782
31.13.115.5 - - [01/Sep/2022:00:35:20 -0500] "GET /images/reunion-planta-termovalorizacion-11-mayo.jpg HTTP/1.1" 200 34782
172.22.2.4 - - [01/Sep/2022:00:33:46 -0500] "HEAD /BLA/boletinlegal/ HTTP/1.1" 200 -
172.22.2.4 - - [01/Sep/2022:00:34:36 -0500] "GET /BLA/boletinlegal/ HTTP/1.1" 200 58566
201.245.192.253 - - [01/Sep/2022:00:36:51 -0500] "POST /kwsrmcab/Wsrmcab  HTTP/1.1" 200 42606
216.245.221.92 - - [01/Sep/2022:00:38:27 -0500] "HEAD / HTTP/1.1" 200 -
186.30.72.240 - - [01/Sep/2022:00:39:33 -0500] "GET /BLA/resoluciones/index.php?dir= HTTP/1.1" 200 13093
186.30.72.240 - - [01/Sep/2022:00:39:40 -0500] "GET /BLA/resoluciones/index.php?dir=AUTOS+2013%2F HTTP/1.1" 200 405961
69.171.249.23 - - [01/Sep/2022:00:39:46 -0500] "GET /images/lluvias-arboles-4-junio.jpeg HTTP/1.1" 200 117524
201.245.192.253 - - [01/Sep/2022:00:40:02 -0500] "POST /kwsrmcab/Wsrmcab HTTP/1.1" 200 42130
201.245.192.253 - - [01/Sep/2022:00:40:06 -0500] "POST /kwsrmcab/Wsrmcab HTTP/1.1" 200 43242
66.249.73.127 - - [01/Sep/2022:00:40:25 -0500] "-" 408 -
172.22.2.4 - - [01/Sep/2022:00:39:36 -0500] "HEAD /BLA/boletinlegal/ HTTP/1.1" 200 -
201.245.192.253 - - [01/Sep/2022:00:41:49 -0500] "POST /kwsrmcab/Wsrmcab  HTTP/1.1" 200 42606
157.55.39.80 - - [01/Sep/2022:00:42:05 -0500] "GET /sipse/faces/faces/autenticacion.xhtml HTTP/1.1" 200 12504
172.22.2.4 - - [01/Sep/2022:00:40:26 -0500] "GET /BLA/boletinlegal/ HTTP/1.1" 200 58154
173.252.107.5 - - [01/Sep/2022:00:42:45 -0500] "GET /acompanamos-a-la-car-en-la-firma-del-plan-de-accion-para-el-mejoramiento-de-la-calidad-del-aire-en-ciudad-bolivar.html HTTP/1.1" 206 1042
216.245.221.92 - - [01/Sep/2022:00:43:27 -0500] "HEAD / HTTP/1.1" 200 -
40.77.190.73 - - [01/Sep/2022:00:44:16 -0500] "GET /calculadora/fonts/font-awesome-4.7.0/css/font-awesome.min.css HTTP/1.1" 200 31000
40.77.190.20 - - [01/Sep/2022:00:44:16 -0500] "GET /calculadora/vendor/bootstrap/css/bootstrap.min.css HTTP/1.1" 200 124962
40.77.190.232 - - [01/Sep/2022:00:44:16 -0500] "GET /calculadora/fonts/Linearicons-Free-v1.0.0/icon-font.min.css HTTP/1.1" 200 7354
40.77.188.198 - - [01/Sep/2022:00:44:16 -0500] "GET /calculadora/vendor/animate/animate.css HTTP/1.1" 200 23848
40.77.190.232 - - [01/Sep/2022:00:44:16 -0500] "GET /calculadora/vendor/animsition/css/animsition.min.css HTTP/1.1" 200 27478
40.77.188.234 - - [01/Sep/2022:00:44:16 -0500] "GET /calculadora/vendor/css-hamburgers/hamburgers.min.css HTTP/1.1" 200 19686
40.77.190.226 - - [01/Sep/2022:00:44:16 -0500] "GET /calculadora/vendor/select2/select2.min.css HTTP/1.1" 200 15196
40.77.189.162 - - [01/Sep/2022:00:44:17 -0500] "GET /calculadora/vendor/daterangepicker/daterangepicker.css HTTP/1.1" 200 8163
40.77.188.68 - - [01/Sep/2022:00:44:17 -0500] "GET /calculadora/css/util.css HTTP/1.1" 200 86814
40.77.190.219 - - [01/Sep/2022:00:44:17 -0500] "GET /calculadora/css/main.css HTTP/1.1" 200 9984
40.77.189.214 - - [01/Sep/2022:00:44:17 -0500] "GET /calculadora/ajax_calculadora.js HTTP/1.1" 200 1470
40.77.189.255 - - [01/Sep/2022:00:44:17 -0500] "GET /calculadora/js/main.js HTTP/1.1" 200 1424
40.77.190.219 - - [01/Sep/2022:00:44:18 -0500] "GET /calculadora/fonts/poppins/Poppins-Regular.ttf HTTP/1.1" 200 145312
40.77.190.226 - - [01/Sep/2022:00:44:18 -0500] "GET /calculadora/fonts/montserrat/Montserrat-Bold.ttf HTTP/1.1" 200 261588
173.252.127.22 - - [01/Sep/2022:00:44:31 -0500] "GET /con-la-propuesta-de-pot-garantizamos-la-proteccion-de-los-humedales.html HTTP/1.1" 206 960
40.77.191.225 - - [01/Sep/2022:00:44:39 -0500] "GET /galeria/nivo-slider/themes/pascal/pascal.css HTTP/1.1" 200 2258
40.77.139.89 - - [01/Sep/2022:00:44:39 -0500] "GET /galeria/nivo-slider/demo/scripts/jquery-1.7.1.min.js HTTP/1.1" 200 93868
40.77.139.84 - - [01/Sep/2022:00:44:39 -0500] "GET /galeria/nivo-slider/jquery.nivo.slider.pack.js HTTP/1.1" 200 11561
66.249.73.127 - - [01/Sep/2022:00:46:40 -0500] "-" 408 -
201.245.192.253 - - [01/Sep/2022:00:46:48 -0500] "POST /kwsrmcab/Wsrmcab  HTTP/1.1" 200 42606
172.22.2.4 - - [01/Sep/2022:00:45:26 -0500] "HEAD /BLA/boletinlegal/ HTTP/1.1" 200 -
172.22.2.4 - - [01/Sep/2022:00:46:16 -0500] "GET /BLA/boletinlegal/ HTTP/1.1" 200 55621
216.245.221.92 - - [01/Sep/2022:00:48:27 -0500] "HEAD / HTTP/1.1" 200 -
201.245.192.253 - - [01/Sep/2022:00:51:47 -0500] "POST /kwsrmcab/Wsrmcab  HTTP/1.1" 200 42606
207.46.13.186 - - [01/Sep/2022:00:52:27 -0500] "GET /galeria/galeria/fotos/Huemdal-el-Tunjo1G.jpg HTTP/1.1" 200 393262
66.249.73.127 - - [01/Sep/2022:00:52:50 -0500] "-" 408 -
172.22.2.4 - - [01/Sep/2022:00:51:16 -0500] "HEAD /BLA/boletinlegal/ HTTP/1.1" 200 -
172.22.2.4 - - [01/Sep/2022:00:53:23 -0500] "GET /BLA/boletinlegal/jurisprudencia/analisis/CUADRO%20SENTENCIA%20C-245%20DE%202004.doc HTTP/1.1" 304 -
216.245.221.92 - - [01/Sep/2022:00:53:27 -0500] "HEAD / HTTP/1.1" 200 -
207.46.13.186 - - [01/Sep/2022:00:53:27 -0500] "GET /BLA/resoluciones/RESOLUCIONES%202001/2001%201050-1099.TIF HTTP/1.1" 200 17232248
172.22.2.4 - - [01/Sep/2022:00:52:06 -0500] "GET /BLA/boletinlegal/ HTTP/1.1" 200 59819
92.118.39.88 - - [01/Sep/2022:00:53:47 -0500] "GET / HTTP/1.1" 200 319
172.22.2.4 - - [01/Sep/2022:00:53:41 -0500] "GET /BLA/boletinlegal/index.php HTTP/1.1" 200 63198
172.22.2.4 - - [01/Sep/2022:00:56:01 -0500] "GET /BLA/boletinlegal/actos.php HTTP/1.1" 200 9559
172.22.2.4 - - [01/Sep/2022:00:56:02 -0500] "GET /BLA/boletinlegal/styles2.css HTTP/1.1" 200 1838
172.22.2.4 - - [01/Sep/2022:00:56:02 -0500] "GET /BLA/boletinlegal/js/ajax_actos.js HTTP/1.1" 200 1322
172.22.2.4 - - [01/Sep/2022:00:56:02 -0500] "GET /BLA/boletinlegal/niceforms-default.css HTTP/1.1" 200 6694
172.22.2.4 - - [01/Sep/2022:00:56:02 -0500] "GET /BLA/boletinlegal/style.css HTTP/1.1" 200 9406
172.22.2.4 - - [01/Sep/2022:00:56:02 -0500] "GET /BLA/boletinlegal/js/lib.js HTTP/1.1" 200 6474
172.22.2.4 - - [01/Sep/2022:00:56:02 -0500] "GET /BLA/boletinlegal/niceforms.js HTTP/1.1" 200 22876
172.22.2.4 - - [01/Sep/2022:00:56:02 -0500] "GET /BLA/boletinlegal/js/popup.js HTTP/1.1" 200 1270
172.22.2.4 - - [01/Sep/2022:00:56:02 -0500] "GET /BLA/boletinlegal/js/jquery1.js HTTP/1.1" 200 29846
172.22.2.4 - - [01/Sep/2022:00:56:02 -0500] "GET /BLA/boletinlegal/images/subscribe-icon-big.png HTTP/1.1" 200 47702
172.22.2.4 - - [01/Sep/2022:00:56:02 -0500] "GET /BLA/boletinlegal/images/cabezote%20BLEGAL.jpg HTTP/1.1" 200 118164
172.22.2.4 - - [01/Sep/2022:00:56:02 -0500] "GET /BLA/boletinlegal/images/historia.png HTTP/1.1" 200 52775
172.22.2.4 - - [01/Sep/2022:00:56:02 -0500] "GET /BLA/boletinlegal/images/registro-usuarios.png HTTP/1.1" 200 8106
172.22.2.4 - - [01/Sep/2022:00:56:02 -0500] "GET /BLA/boletinlegal/images/green-yellow-blue-pink-th.png HTTP/1.1" 200 7394
172.22.2.4 - - [01/Sep/2022:00:56:02 -0500] "GET /BLA/boletinlegal/images/abajo.png HTTP/1.1" 200 96676
172.22.2.4 - - [01/Sep/2022:00:56:02 -0500] "GET /BLA/boletinlegal/images/tel.png HTTP/1.1" 200 14477
172.22.2.4 - - [01/Sep/2022:00:56:02 -0500] "GET /BLA/boletinlegal/images/icono-email.png HTTP/1.1" 200 5544
172.22.2.4 - - [01/Sep/2022:00:56:02 -0500] "GET /BLA/boletinlegal/images/body_bg.jpg HTTP/1.1" 200 1601
172.22.2.4 - - [01/Sep/2022:00:56:02 -0500] "GET /BLA/boletinlegal/images/menu_lft.gif HTTP/1.1" 200 1713
172.22.2.4 - - [01/Sep/2022:00:56:02 -0500] "GET /BLA/boletinlegal/images/menu_rght.gif HTTP/1.1" 200 1627
172.22.2.4 - - [01/Sep/2022:00:56:02 -0500] "GET /BLA/boletinlegal/images/bg_top.jpg HTTP/1.1" 200 522
172.22.2.4 - - [01/Sep/2022:00:56:02 -0500] "GET /BLA/boletinlegal/images/menu_bg.jpg HTTP/1.1" 200 620
172.22.2.4 - - [01/Sep/2022:00:56:02 -0500] "GET /BLA/boletinlegal/images/hover.jpg HTTP/1.1" 200 640
172.22.2.4 - - [01/Sep/2022:00:56:02 -0500] "GET /BLA/boletinlegal/images/text.jpg HTTP/1.1" 200 568
172.22.2.4 - - [01/Sep/2022:00:56:02 -0500] "GET /BLA/boletinlegal/images/footer_bg.jpg HTTP/1.1" 200 586
172.22.2.4 - - [01/Sep/2022:00:56:02 -0500] "GET /BLA/boletinlegal/images/footer_bg_l.jpg HTTP/1.1" 200 776
172.22.2.4 - - [01/Sep/2022:00:56:02 -0500] "GET /BLA/boletinlegal/img/select-left.png HTTP/1.1" 200 263
172.22.2.4 - - [01/Sep/2022:00:56:02 -0500] "GET /BLA/boletinlegal/img/0.png HTTP/1.1" 200 110
172.22.2.4 - - [01/Sep/2022:00:56:02 -0500] "GET /BLA/boletinlegal/img/select-right.png HTTP/1.1" 200 44019
172.22.2.4 - - [01/Sep/2022:00:56:02 -0500] "GET /BLA/boletinlegal/img/button.png HTTP/1.1" 200 43241
172.22.2.4 - - [01/Sep/2022:00:56:02 -0500] "GET /BLA/boletinlegal/img/button-left.png HTTP/1.1" 200 57071
172.22.2.4 - - [01/Sep/2022:00:56:02 -0500] "GET /BLA/boletinlegal/img/button-right.png HTTP/1.1" 200 57878
172.22.2.4 - - [01/Sep/2022:00:56:02 -0500] "GET /BLA/boletinlegal/favicon.ico HTTP/1.1" 404 1326
172.22.2.4 - - [01/Sep/2022:00:56:09 -0500] "GET /BLA/boletinlegal/consulta_actos.php?tipo=resoluciones&no=&usuario=&sector=&fecha=2022&resuelve= HTTP/1.1" 200 411401
172.22.2.4 - - [01/Sep/2022:00:56:10 -0500] "GET /BLA/boletinlegal/images/pdf.gif HTTP/1.1" 200 567
172.22.2.4 - - [01/Sep/2022:00:56:10 -0500] "GET /BLA/boletinlegal/images/background.gif HTTP/1.1" 200 -
186.31.55.46 - - [01/Sep/2022:00:56:23 -0500] "GET /BLA/resoluciones/RESOLUCIONES%202022/3626.pdf HTTP/1.1" 200 357101
186.31.55.46 - - [01/Sep/2022:00:56:23 -0500] "GET /favicon.ico HTTP/1.1" 200 7782
201.245.192.253 - - [01/Sep/2022:00:56:47 -0500] "POST /kwsrmcab/Wsrmcab  HTTP/1.1" 200 42606
216.245.221.92 - - [01/Sep/2022:00:58:27 -0500] "HEAD / HTTP/1.1" 200 -
157.55.39.80 - - [01/Sep/2022:00:58:34 -0500] "GET /BLA/resoluciones/RESOLUCIONES%202015/1042.pdf HTTP/1.1" 304 -
66.249.73.127 - - [01/Sep/2022:00:58:39 -0500] "-" 408 -
172.22.2.4 - - [01/Sep/2022:00:57:06 -0500] "HEAD /BLA/boletinlegal/ HTTP/1.1" 200 -
152.61.192.232 - - [01/Sep/2022:00:59:12 -0500] "GET /arcgis/services/Calidad_del_Agua_WQI/MapServer/WMSServer?request=GetCapabilities&service=WMS HTTP/1.1" 503 1020
152.61.192.232 - - [01/Sep/2022:00:59:13 -0500] "GET /arcgis/services/Calidad_del_Agua_WQI/MapServer/WMSServer?SERVICE=WMS&REQUEST=GetCapabilities HTTP/1.1" 503 1020
152.61.192.232 - - [01/Sep/2022:00:59:13 -0500] "GET /arcgis/services/Calidad_del_Agua_WQI/MapServer/WMSServer?WMTVER=1.0.0&REQUEST=capabilities HTTP/1.1" 503 1020
172.22.2.4 - - [01/Sep/2022:00:57:56 -0500] "GET /BLA/boletinlegal/ HTTP/1.1" 200 58154
173.252.83.6 - - [01/Sep/2022:00:59:49 -0500] "GET /images/ecosistema-dia-internacional-tierra-21-abril.jpg HTTP/1.1" 200 30098
69.63.184.118 - - [01/Sep/2022:01:01:31 -0500] "GET /garza-azul-nueva-ave-registrada-en-el-humedal-el-burro.html HTTP/1.1" 206 890
201.245.192.253 - - [01/Sep/2022:01:01:46 -0500] "POST /kwsrmcab/Wsrmcab  HTTP/1.1" 200 42606
172.22.2.4 - - [01/Sep/2022:01:01:15 -0500] "GET /BLA/boletinlegal/ HTTP/1.1" 200 61965
216.245.221.92 - - [01/Sep/2022:01:03:27 -0500] "HEAD / HTTP/1.1" 200 -
66.249.73.127 - - [01/Sep/2022:01:04:20 -0500] "-" 408 -
172.22.2.4 - - [01/Sep/2022:01:02:56 -0500] "HEAD /BLA/boletinlegal/ HTTP/1.1" 200 -
152.61.128.50 - - [01/Sep/2022:01:04:57 -0500] "GET /arcgis/services/Calidad_del_Agua_WQI/MapServer/WMSServer?request=GetCapabilities&service=WMS HTTP/1.1" 503 1020
152.61.128.50 - - [01/Sep/2022:01:04:59 -0500] "GET /arcgis/services/Calidad_del_Agua_WQI/MapServer/WMSServer?SERVICE=WMS&REQUEST=GetCapabilities HTTP/1.1" 503 1020
152.61.128.50 - - [01/Sep/2022:01:04:59 -0500] "GET /arcgis/services/Calidad_del_Agua_WQI/MapServer/WMSServer?WMTVER=1.0.0&REQUEST=capabilities HTTP/1.1" 503 1020
172.22.2.4 - - [01/Sep/2022:01:05:16 -0500] "GET /BLA/boletinlegal/Circulares/2022/CIRCULAR%20No.%2000005%20DEL%2030%20DE%20JUNIO%20DEL%202022.pdf HTTP/1.1" 404 1218
172.22.2.4 - - [01/Sep/2022:01:05:21 -0500] "GET /BLA/boletinlegal/Circulares/2019/.pdf HTTP/1.1" 404 1218
172.22.2.4 - - [01/Sep/2022:01:03:46 -0500] "GET /BLA/boletinlegal/ HTTP/1.1" 200 58154
172.22.2.4 - - [01/Sep/2022:01:05:31 -0500] "GET /BLA/boletinlegal/Circulares/2012/Circular%20No.%2010%20del%2026%20de%20Enero%20de%202012.pdf HTTP/1.1" 404 1218
201.245.192.253 - - [01/Sep/2022:01:06:43 -0500] "POST /kwsrmcab/Wsrmcab  HTTP/1.1" 200 42606
185.119.81.107 - - [01/Sep/2022:01:08:13 -0500] "GET /portaldeninos/wp-login.php HTTP/1.1" 200 2592
185.119.81.107 - - [01/Sep/2022:01:08:14 -0500] "POST /portaldeninos/wp-login.php HTTP/1.1" 200 3670
216.245.221.92 - - [01/Sep/2022:01:08:27 -0500] "HEAD / HTTP/1.1" 200 -
66.249.73.127 - - [01/Sep/2022:01:10:09 -0500] "-" 408 -
172.22.2.4 - - [01/Sep/2022:01:08:46 -0500] "HEAD /BLA/boletinlegal/ HTTP/1.1" 200 -
172.22.2.4 - - [01/Sep/2022:01:09:36 -0500] "GET /BLA/boletinlegal/ HTTP/1.1" 200 56723
201.245.192.253 - - [01/Sep/2022:01:11:42 -0500] "POST /kwsrmcab/Wsrmcab  HTTP/1.1" 200 42606
216.245.221.92 - - [01/Sep/2022:01:13:27 -0500] "HEAD / HTTP/1.1" 200 -
172.22.2.4 - - [01/Sep/2022:01:15:53 -0500] "GET /BLA/boletinlegal/actas/acta%20de%20acuerdo%2001%20adop%20regla%20inter%20CISPAER.pdf HTTP/1.1" 304 -
66.249.73.127 - - [01/Sep/2022:01:16:05 -0500] "-" 408 -
172.22.2.4 - - [01/Sep/2022:01:14:36 -0500] "HEAD /BLA/boletinlegal/ HTTP/1.1" 200 -
201.245.192.253 - - [01/Sep/2022:01:16:40 -0500] "POST /kwsrmcab/Wsrmcab  HTTP/1.1" 200 42606
207.46.13.36 - - [01/Sep/2022:01:16:54 -0500] "GET /BLA/resoluciones/AUTOS%202022/1008.pdf HTTP/1.1" 200 949018
172.22.2.4 - - [01/Sep/2022:01:15:26 -0500] "GET /BLA/boletinlegal/ HTTP/1.1" 200 58154
216.245.221.92 - - [01/Sep/2022:01:18:27 -0500] "HEAD / HTTP/1.1" 200 -
172.22.2.4 - - [01/Sep/2022:01:20:02 -0500] "GET /BLA/boletinlegal/robots.txt HTTP/1.1" 404 1118
201.245.192.253 - - [01/Sep/2022:01:20:02 -0500] "POST /kwsrmcab/Wsrmcab HTTP/1.1" 200 42297
201.245.192.253 - - [01/Sep/2022:01:20:06 -0500] "POST /kwsrmcab/Wsrmcab HTTP/1.1" 200 43406
201.245.192.253 - - [01/Sep/2022:01:21:40 -0500] "POST /kwsrmcab/Wsrmcab  HTTP/1.1" 200 42606
172.22.2.4 - - [01/Sep/2022:01:20:06 -0500] "GET /BLA/boletinlegal/ HTTP/1.1" 200 47201
172.22.2.4 - - [01/Sep/2022:01:20:26 -0500] "HEAD /BLA/boletinlegal/ HTTP/1.1" 200 -
172.22.2.4 - - [01/Sep/2022:01:22:20 -0500] "GET /BLA/boletinlegal/jurisprudencia/analisis/Analisis%20Jurisprudencia%20Sent%202000-00005-01.doc HTTP/1.1" 304 -
173.252.107.1 - - [01/Sep/2022:01:22:36 -0500] "GET /images/reunion-planta-termovalorizacion-11-mayo.jpg HTTP/1.1" 200 34782
172.22.2.4 - - [01/Sep/2022:01:21:16 -0500] "GET /BLA/boletinlegal/ HTTP/1.1" 200 49092
216.245.221.92 - - [01/Sep/2022:01:23:27 -0500] "HEAD / HTTP/1.1" 200 -
159.242.234.162 - - [01/Sep/2022:01:25:42 -0500] "GET /wp-includes/SimplePie/ HTTP/1.1" 404 1022
159.242.234.162 - - [01/Sep/2022:01:25:43 -0500] "GET /wp-includes/customize/ HTTP/1.1" 404 1022
159.242.234.162 - - [01/Sep/2022:01:25:43 -0500] "GET /wp-includes/Requests/ HTTP/1.1" 404 1022
159.242.234.162 - - [01/Sep/2022:01:25:44 -0500] "GET /wp-includes/IXR/ HTTP/1.1" 404 1022
159.242.234.162 - - [01/Sep/2022:01:25:44 -0500] "GET /wp-includes/ID3/ HTTP/1.1" 404 1022
159.242.234.162 - - [01/Sep/2022:01:25:45 -0500] "GET /wp-includes/blocks/ HTTP/1.1" 404 1022
159.242.234.162 - - [01/Sep/2022:01:25:45 -0500] "GET /wp-includes/rest-api/ HTTP/1.1" 404 1022
159.242.234.162 - - [01/Sep/2022:01:25:45 -0500] "GET /wp-includes/images/ HTTP/1.1" 404 1022
159.242.234.162 - - [01/Sep/2022:01:25:46 -0500] "GET /wp-includes/pomo/ HTTP/1.1" 404 1022
201.245.192.253 - - [01/Sep/2022:01:26:39 -0500] "POST /kwsrmcab/Wsrmcab  HTTP/1.1" 200 42606
172.22.2.4 - - [01/Sep/2022:01:26:16 -0500] "HEAD /BLA/boletinlegal/ HTTP/1.1" 200 -
185.119.81.101 - - [01/Sep/2022:01:28:14 -0500] "GET /portaldeninos/wp-login.php HTTP/1.1" 200 2592
185.119.81.101 - - [01/Sep/2022:01:28:15 -0500] "POST /portaldeninos/wp-login.php HTTP/1.1" 200 3670
216.245.221.92 - - [01/Sep/2022:01:28:27 -0500] "HEAD / HTTP/1.1" 200 -
172.22.2.4 - - [01/Sep/2022:01:27:06 -0500] "GET /BLA/boletinlegal/ HTTP/1.1" 200 59819
34.141.217.147 - - [01/Sep/2022:01:30:05 -0500] "GET / HTTP/1.1" 200 319
34.141.217.147 - - [01/Sep/2022:01:30:05 -0500] "GET / HTTP/1.1" 200 4720
201.245.192.253 - - [01/Sep/2022:01:30:03 -0500] "POST /kwsrmcab/Wsrmcab HTTP/1.1" 200 42297
201.245.192.253 - - [01/Sep/2022:01:30:08 -0500] "POST /kwsrmcab/Wsrmcab HTTP/1.1" 200 43406
185.119.81.101 - - [01/Sep/2022:01:31:07 -0500] "GET /portaldeninos/wp-login.php HTTP/1.1" 200 2592
185.119.81.101 - - [01/Sep/2022:01:31:08 -0500] "POST /portaldeninos/wp-login.php HTTP/1.1" 200 3670
185.196.220.70 - - [01/Sep/2022:01:31:15 -0500] "GET / HTTP/1.1" 200 319
201.245.192.253 - - [01/Sep/2022:01:31:38 -0500] "POST /kwsrmcab/Wsrmcab  HTTP/1.1" 200 42606
216.245.221.92 - - [01/Sep/2022:01:33:27 -0500] "HEAD / HTTP/1.1" 200 -
172.22.2.4 - - [01/Sep/2022:01:32:06 -0500] "HEAD /BLA/boletinlegal/ HTTP/1.1" 200 -
207.46.13.36 - - [01/Sep/2022:01:33:54 -0500] "GET /BLA/resoluciones/RESOLUCIONES%202001/2001%201000-1049.TIF HTTP/1.1" 200 6575946
172.22.2.4 - - [01/Sep/2022:01:32:56 -0500] "GET /BLA/boletinlegal/ HTTP/1.1" 200 56723
152.89.196.62 - - [01/Sep/2022:01:34:54 -0500] "GET /_ignition/execute-solution HTTP/1.1" 404 1018
201.245.192.253 - - [01/Sep/2022:01:36:37 -0500] "POST /kwsrmcab/Wsrmcab  HTTP/1.1" 200 42606
216.245.221.92 - - [01/Sep/2022:01:38:27 -0500] "HEAD / HTTP/1.1" 200 -
172.22.2.4 - - [01/Sep/2022:01:37:56 -0500] "HEAD /BLA/boletinlegal/ HTTP/1.1" 200 -
201.245.192.253 - - [01/Sep/2022:01:40:02 -0500] "POST /kwsrmcab/Wsrmcab HTTP/1.1" 200 42297
201.245.192.253 - - [01/Sep/2022:01:40:07 -0500] "POST /kwsrmcab/Wsrmcab HTTP/1.1" 200 43406
172.22.2.4 - - [01/Sep/2022:01:38:46 -0500] "GET /BLA/boletinlegal/ HTTP/1.1" 200 60272
201.245.192.253 - - [01/Sep/2022:01:41:36 -0500] "POST /kwsrmcab/Wsrmcab  HTTP/1.1" 200 42606
216.245.221.92 - - [01/Sep/2022:01:43:27 -0500] "HEAD / HTTP/1.1" 200 -
207.46.13.36 - - [01/Sep/2022:01:45:05 -0500] "GET /BLA/resoluciones/RESOLUCIONES%202001/2001%201300-1349.tif HTTP/1.1" 200 4561457
172.22.2.4 - - [01/Sep/2022:01:43:46 -0500] "HEAD /BLA/boletinlegal/ HTTP/1.1" 200 -
172.22.2.4 - - [01/Sep/2022:01:45:30 -0500] "GET /BLA/boletinlegal/jurisprudencia/analisis/AnalisisT-606-15.docx HTTP/1.1" 200 26698
172.22.2.4 - - [01/Sep/2022:01:45:31 -0500] "GET /BLA/boletinlegal/apple-touch-icon-120x120-precomposed.png HTTP/1.1" 404 1140
172.22.2.4 - - [01/Sep/2022:01:45:31 -0500] "GET /BLA/boletinlegal/apple-touch-icon-120x120.png HTTP/1.1" 404 1140
172.22.2.4 - - [01/Sep/2022:01:45:31 -0500] "GET /BLA/boletinlegal/apple-touch-icon-precomposed.png HTTP/1.1" 404 1140
172.22.2.4 - - [01/Sep/2022:01:45:31 -0500] "GET /BLA/boletinlegal/apple-touch-icon.png HTTP/1.1" 404 1140
172.22.2.4 - - [01/Sep/2022:01:45:31 -0500] "GET /BLA/boletinlegal/favicon.ico HTTP/1.1" 404 1140
172.22.2.4 - - [01/Sep/2022:01:45:31 -0500] "GET /BLA/boletinlegal/apple-touch-icon-120x120-precomposed.png HTTP/1.1" 404 1140
172.22.2.4 - - [01/Sep/2022:01:45:31 -0500] "GET /BLA/boletinlegal/apple-touch-icon-120x120.png HTTP/1.1" 404 1140
172.22.2.4 - - [01/Sep/2022:01:45:31 -0500] "GET /BLA/boletinlegal/apple-touch-icon-precomposed.png HTTP/1.1" 404 1140
172.22.2.4 - - [01/Sep/2022:01:45:31 -0500] "GET /BLA/boletinlegal/apple-touch-icon.png HTTP/1.1" 404 1140
172.22.2.4 - - [01/Sep/2022:01:45:31 -0500] "GET /BLA/boletinlegal/favicon.ico HTTP/1.1" 404 1140
69.171.251.19 - - [01/Sep/2022:01:45:47 -0500] "GET /mujeres-que-reverdecen-bogota-intercambian-saberes-y-semillas.html HTTP/1.1" 206 880
172.22.2.4 - - [01/Sep/2022:01:44:36 -0500] "GET /BLA/boletinlegal/ HTTP/1.1" 200 58566
40.77.167.99 - - [01/Sep/2022:01:46:28 -0500] "-" 408 -
66.249.73.127 - - [01/Sep/2022:01:46:29 -0500] "-" 408 -
201.245.192.253 - - [01/Sep/2022:01:46:35 -0500] "POST /kwsrmcab/Wsrmcab  HTTP/1.1" 200 42606
207.46.13.144 - - [01/Sep/2022:01:48:00 -0500] "GET / HTTP/1.1" 200 319
216.245.221.92 - - [01/Sep/2022:01:48:27 -0500] "HEAD / HTTP/1.1" 200 -
172.22.2.4 - - [01/Sep/2022:01:49:36 -0500] "HEAD /BLA/boletinlegal/ HTTP/1.1" 200 -
201.245.192.253 - - [01/Sep/2022:01:51:34 -0500] "POST /kwsrmcab/Wsrmcab  HTTP/1.1" 200 42606
172.22.2.4 - - [01/Sep/2022:01:50:26 -0500] "GET /BLA/boletinlegal/ HTTP/1.1" 200 59819
64.62.243.165 - - [01/Sep/2022:01:53:03 -0500] "GET / HTTP/1.1" 200 319
216.245.221.92 - - [01/Sep/2022:01:53:27 -0500] "HEAD / HTTP/1.1" 200 -
185.119.81.103 - - [01/Sep/2022:01:54:17 -0500] "GET /portaldeninos/wp-login.php HTTP/1.1" 200 2592
185.119.81.103 - - [01/Sep/2022:01:54:18 -0500] "POST /portaldeninos/wp-login.php HTTP/1.1" 200 3605
172.22.2.4 - - [01/Sep/2022:01:53:29 -0500] "GET /BLA/boletinlegal/ HTTP/1.1" 200 59310
207.46.13.186 - - [01/Sep/2022:01:55:55 -0500] "GET /BLA/resoluciones/AUTOS%202022/1561.pdf HTTP/1.1" 200 405080
207.46.13.51 - - [01/Sep/2022:01:56:23 -0500] "GET /images/semana-santa-ramos-policia-7-abril.jpg HTTP/1.1" 200 43922
201.245.192.253 - - [01/Sep/2022:01:56:33 -0500] "POST /kwsrmcab/Wsrmcab  HTTP/1.1" 200 42606
66.249.73.127 - - [01/Sep/2022:01:56:40 -0500] "-" 408 -
172.22.2.4 - - [01/Sep/2022:01:55:26 -0500] "HEAD /BLA/boletinlegal/ HTTP/1.1" 200 -
172.22.2.4 - - [01/Sep/2022:01:55:51 -0500] "GET /BLA/boletinlegal/ HTTP/1.1" 200 50790
172.22.2.4 - - [01/Sep/2022:01:56:16 -0500] "GET /BLA/boletinlegal/ HTTP/1.1" 200 52868
216.245.221.92 - - [01/Sep/2022:01:58:27 -0500] "HEAD / HTTP/1.1" 200 -
108.174.8.20 - - [01/Sep/2022:01:59:27 -0500] "GET /images/Liberacion-%20caribe.jpg HTTP/1.1" 200 40014
157.55.39.8 - - [01/Sep/2022:01:59:53 -0500] "GET /Publicaciones/2022EE176890.pdf HTTP/1.1" 404 228
201.245.192.253 - - [01/Sep/2022:02:01:32 -0500] "POST /kwsrmcab/Wsrmcab  HTTP/1.1" 200 42606
66.249.73.127 - - [01/Sep/2022:02:02:31 -0500] "-" 408 -
172.22.2.4 - - [01/Sep/2022:02:01:16 -0500] "HEAD /BLA/boletinlegal/ HTTP/1.1" 200 -
216.245.221.92 - - [01/Sep/2022:02:03:27 -0500] "HEAD / HTTP/1.1" 200 -
172.22.2.4 - - [01/Sep/2022:02:02:06 -0500] "GET /BLA/boletinlegal/ HTTP/1.1" 200 60865
157.55.39.80 - - [01/Sep/2022:02:05:42 -0500] "GET /sipse/faces/faces/autenticacion.xhtml HTTP/1.1" 200 12504
207.46.13.186 - - [01/Sep/2022:02:05:47 -0500] "GET /sipse/faces/autenticacion.xhtml HTTP/1.1" 200 12504
201.245.192.253 - - [01/Sep/2022:02:06:31 -0500] "POST /kwsrmcab/Wsrmcab  HTTP/1.1" 200 42606
66.249.73.127 - - [01/Sep/2022:02:08:21 -0500] "-" 408 -
216.245.221.92 - - [01/Sep/2022:02:08:27 -0500] "HEAD / HTTP/1.1" 200 -
172.22.2.4 - - [01/Sep/2022:02:07:06 -0500] "HEAD /BLA/boletinlegal/ HTTP/1.1" 200 -
172.22.2.4 - - [01/Sep/2022:02:07:56 -0500] "GET /BLA/boletinlegal/ HTTP/1.1" 200 56005
207.46.13.16 - - [01/Sep/2022:02:10:32 -0500] "GET /forest/ HTTP/1.1" 200 12041
201.245.192.253 - - [01/Sep/2022:02:11:30 -0500] "POST /kwsrmcab/Wsrmcab  HTTP/1.1" 200 42606
207.46.13.186 - - [01/Sep/2022:02:12:54 -0500] "GET /BLA/resoluciones/875.tif HTTP/1.1" 404 1018
216.245.221.92 - - [01/Sep/2022:02:13:27 -0500] "HEAD / HTTP/1.1" 200 -
172.22.2.4 - - [01/Sep/2022:02:12:56 -0500] "HEAD /BLA/boletinlegal/ HTTP/1.1" 200 -
66.249.73.127 - - [01/Sep/2022:02:15:01 -0500] "-" 408 -
172.22.2.4 - - [01/Sep/2022:02:13:46 -0500] "GET /BLA/boletinlegal/ HTTP/1.1" 200 58154
201.245.192.253 - - [01/Sep/2022:02:16:29 -0500] "POST /kwsrmcab/Wsrmcab  HTTP/1.1" 200 42606
216.245.221.92 - - [01/Sep/2022:02:18:27 -0500] "HEAD / HTTP/1.1" 200 -
201.245.192.253 - - [01/Sep/2022:02:20:02 -0500] "POST /kwsrmcab/Wsrmcab HTTP/1.1" 200 42304
201.245.192.253 - - [01/Sep/2022:02:20:06 -0500] "POST /kwsrmcab/Wsrmcab HTTP/1.1" 200 43241
172.22.2.4 - - [01/Sep/2022:02:18:46 -0500] "HEAD /BLA/boletinlegal/ HTTP/1.1" 200 -
66.249.73.127 - - [01/Sep/2022:02:21:09 -0500] "-" 408 -
172.22.2.4 - - [01/Sep/2022:02:19:36 -0500] "GET /BLA/boletinlegal/ HTTP/1.1" 200 58154
201.245.192.253 - - [01/Sep/2022:02:21:28 -0500] "POST /kwsrmcab/Wsrmcab  HTTP/1.1" 200 42606
216.245.221.92 - - [01/Sep/2022:02:23:27 -0500] "HEAD / HTTP/1.1" 200 -
3.235.177.9 - - [01/Sep/2022:02:24:14 -0500] "\x16\x03\x01" 400 226
3.235.177.9 - - [01/Sep/2022:02:24:14 -0500] "\x16\x03\x01" 400 226
