186.102.85.61 - - [06/Sep/2022:07:43:25 -0500] "GET /kwssiamovil/sm/acme/a?s=U2FsdGVkX19H9F4M/84kpb4YElmv7iVvBNpnidNjW8n7YPkug+L3MDL/KdAJIKEmHXRm203lcX/OiJG8/Ub3rK+g37VhperIl/u7PHTkZYki2AVYlMy9ev/sxMrsPa5RefTKa+2iL25LboNLe8qqEausS5CWve8qNxo/gPn3uPMzgsQRmEUJ4Zt7kIcR46mI1VCTl8ewQ3KTmqDajpsTET5jhUDGkArDmeWM0bhYqOy7p/tZqvDJfn3JK18uR5qfy0IIWEvG8BOqjEnzTFvc9jcRtsImLe7TMW54KLF/bSypjPWXTv9f7f3+phQpvDReKajk2TzNsqcSxqwxHFBa9Zh/Cj8KDveZm4sMX61Phf2uYnfD95Gjl8zAXH7QIKHZbuMgdjwdyubmO3lh34s2N6+DEtLdfI63wnftZOQqOOH4jKJNIfXHnhBl2dcIJH0FuGj/CbdFCIgtS9iZ8RJxXAwTKo6uKIH7DRnVFwbNRtCVOx8BhvhwDExyIinLKVk1ITP8jkDln9WGlIYExSOtRfVFbJ67TdOWM2ire4HUVbPzkTDuA+DyzRI5guvPMCgkmVc4MUzg8J6P3+VpzPfs91UiixllK9+2pR6lHK19cmfcjJS6P+tCuF7Y5iO1ko4KT8UGg4yTjS1Mdrn1ozLo3YNrRtYH6B1dB6H3KUcTZ6ZJ/lo217T0Q2t8vA9jNdCXpYVJE1otvX+tUHLrXjgztLGlF3PZMXGuON07+UuqkUw4dLDVbiGapvdNpS9uCZRf7ae3kRZ2o103CRBsP4Gt3KgtBgBUORvD9Hm5NXwtwMdLy3zY50LbzMi6gjhmuRRHhTjdFF0K+mzq9aKxdYrWR5rdEB9GXVYUvvSSQK4XmHlrS4NSTWd1ErBzReQVPlVx2NfuslOY6gcC7dGYjPOWuQZyvGNlXWvxc5tIEgWRVeh0jYZt+7RW632+7T1HTOx9J/0BNKE9hJFN1RdMPxLSjjV24MRgLfpdjumOU4pTps2jrVDxoZnAi/NyMKxKgyH4BCn87GnC/0C90Vvd0NyvupE35l1lNPnGK0Mk99m/+HtTKf3GdGsOkvw+lh9rum76Ijzx+LqgiA9n3a392vOehkQyKGiKbD7hQ/bSos0YNrP2MvDlfiU6KqsDjoVb4TLjB4e1/0gN3nDX2Up8x77iRjroh22v+x7t95LFOWGr307hOpYt/+f/4DO6LC8xc941gjXwg1fC+9/a8abxAILH34nFuvIPWu1p+an8pQbm4IV3veqIBmiEBgu2dr1pOBPfxZhHyc135rQFzaNI6kFuk3qlCH71JYmOYgQ3ZMy6PWli2hQWrYjOPwn7+zNr8XRgd+qeDt9wWw+/X16qqP4dcK7BvJu/vii3e/XZRQIqBEEO+wRSK/G5niXlVV8HImPQl9X5WllXwJWK2pHwnnyzO0FVbECSDvzjwgGCk4ILNvF1wBGV6NKV+dvn7Os8EsgdDF7xpqSecuGjCE8fbjd57Zf6TTi9BDNDLfXAuDttzcO5a8jqAHoWcuo1cbjbAquoiE2HTIjGK6GCw7ghauWeMCAS+sI1xFi0c2hlRlgQTA/xK/kVkTt4eTLbtWFPGjYUj+RF/QP+uzERxrUffYKUvPZU8eaw1sId+ORSLdX9yvf6+WjJRnnN4EYOEoS7fGaFXefk+cHzDm4gQdALEKViOg==&u=U2FsdGVkX1+56Kuy5umrlUmflAlN4jIeguXdx+y8f2g=&y=U2FsdGVkX1+KGHY7VyEScHosuEHNViDoYtupVZJRaeIg/WdBuw1ffoKnec8rEllv HTTP/1.1" 200 25
186.102.85.61 - - [06/Sep/2022:07:43:25 -0500] "GET /kwssiamovil/sm/acme/a?s=U2FsdGVkX19CELfGKQTxxrBoFNm4SAjFdnsf6gTocIbDrMBQOPPq8OJvGKFHaJ1XSO61o7F5oLjETGegmdTxe5HD0Xc0rFCYc98R8QZ1Xudnf8JVP6OrdLwa0hN2CWCLyyG2JrHOwgsVtJv/5c94DUk7Rjp4u7JRA9cPcBrLC2I=&u=U2FsdGVkX1+56Kuy5umrlUmflAlN4jIeguXdx+y8f2g=&y=U2FsdGVkX1+KGHY7VyEScHosuEHNViDoYtupVZJRaeIg/WdBuw1ffoKnec8rEllv HTTP/1.1" 200 25
186.102.85.61 - - [06/Sep/2022:07:43:25 -0500] "GET /kwssiamovil/sm/acme/a?s=U2FsdGVkX1/K98dYo5k5+BKBDngMieTtADHFqXLXtANGQkLAZDWg9oofSneWq/hTu4GN1MnRGn+mu7Xd2MNX1efEd9V9BN6oOYBOgAY0f4kejrdtrFn6Vr0xiX+DQaVJC+/2lWmRljIKbyg+4ykNMQWyqlX831sHmHAPuh+5BAg=&u=U2FsdGVkX1+56Kuy5umrlUmflAlN4jIeguXdx+y8f2g=&y=U2FsdGVkX1+KGHY7VyEScHosuEHNViDoYtupVZJRaeIg/WdBuw1ffoKnec8rEllv HTTP/1.1" 200 25
186.102.85.61 - - [06/Sep/2022:07:43:25 -0500] "GET /kwssiamovil/sm/acme/a?s=U2FsdGVkX19QhH4k8Xy3iIEqqYX+NjtFVQFjbL6H4iTR0LjEtIBFkL8HED01lZ3a+pW4wcs2qf6Kw8aGfAx2B6MkRte56bv45Vsgx0QYebiaeaegURbq5PzV5JOZZsH8QLxGBbYHxw95+tAjNMm6uU5Bc1YkNMw15u8LsBaHNuM=&u=U2FsdGVkX1+56Kuy5umrlUmflAlN4jIeguXdx+y8f2g=&y=U2FsdGVkX1+KGHY7VyEScHosuEHNViDoYtupVZJRaeIg/WdBuw1ffoKnec8rEllv HTTP/1.1" 200 25
186.102.85.61 - - [06/Sep/2022:07:43:26 -0500] "GET /kwssiamovil/sm/acme/a?s=U2FsdGVkX19OSxhzVpRfOiAcYI6SREDoiJQC6PeMgYq/tgZbcSFfUVtrTK4O834u2g8DrZ9PzxJAx8bD8gUNJHftyI1KPxMja6Famk8uSyM38AHwgsBszyrczGFPDPR/vLKqnY4cSrAqJ3OsJeaZlgLPgHMwwmySAMTzs4Civ9YYvJ9sOvTNTfYk7YNWWp04&u=U2FsdGVkX1+56Kuy5umrlUmflAlN4jIeguXdx+y8f2g=&y=U2FsdGVkX1+KGHY7VyEScHosuEHNViDoYtupVZJRaeIg/WdBuw1ffoKnec8rEllv HTTP/1.1" 200 25
186.102.85.61 - - [06/Sep/2022:07:43:26 -0500] "GET /kwssiamovil/sm/acme/a?s=U2FsdGVkX1+JBi28O1b3FaisJczksJI4+SAYsmpf8YVD4C6/VSaFCYK6yub075bGbh5xyCNDTuq6hDKmGZYmFHT8j9D868pUA+8slT+wtQAqiXxwxF5A0DtCjlMnxinyaTLGYcjZZYLcSSNNRhztFPDNrRAqCC9R1J3AeDk2OmYX4gNpBCPbmkbNXCkrxwk1lq5/vYK+mn0EbrqEUUS98g==&u=U2FsdGVkX1+56Kuy5umrlUmflAlN4jIeguXdx+y8f2g=&y=U2FsdGVkX1+KGHY7VyEScHosuEHNViDoYtupVZJRaeIg/WdBuw1ffoKnec8rEllv HTTP/1.1" 200 25
186.102.85.61 - - [06/Sep/2022:07:43:26 -0500] "GET /kwssiamovil/sm/acme/a?s=U2FsdGVkX1+XVyOcDqzb7SHYVYAHnUoIbEVPdozamtAtoGafsJKnx3Jx+6cEHeayFhwvnQFcv7yZn7Wwfv95ckJYS8x/Ws2XnZzWCcIywcASMy2b8qyDfGDHaivJGdPno1CgGTZ2x6a7R8k9/3UzgpYLFTmJ45Up17GBqBBBhH5j0kZzXsIBMUpcqU4PIn69&u=U2FsdGVkX1+56Kuy5umrlUmflAlN4jIeguXdx+y8f2g=&y=U2FsdGVkX1+KGHY7VyEScHosuEHNViDoYtupVZJRaeIg/WdBuw1ffoKnec8rEllv HTTP/1.1" 200 25
186.102.85.61 - - [06/Sep/2022:07:43:26 -0500] "GET /kwssiamovil/sm/acme/a?s=U2FsdGVkX18m/vZmsf0Sv/Fdc9zsNir0cVgqh8Dd9y9ISnZ+r9iiUQSZWFddGNdoBcGtEtc30CSYztcp/HnNq/wHhDCR6PTskDFnSg5nhN9MoHWKMe+g886u8I8eClkJWYmKEx+fh6d6AW0WFzN++TFdwDiUcOOhZDdUiKr5rvpScBNm4nSjwLkcdY4+GpwvT9hPuHmr02KWEc6PMx99IQ==&u=U2FsdGVkX1+56Kuy5umrlUmflAlN4jIeguXdx+y8f2g=&y=U2FsdGVkX1+KGHY7VyEScHosuEHNViDoYtupVZJRaeIg/WdBuw1ffoKnec8rEllv HTTP/1.1" 200 25
186.102.85.61 - - [06/Sep/2022:07:43:27 -0500] "GET /kwssiamovil/sm/acme/a?s=U2FsdGVkX1+O7dl4CD5umBhc4YXdr6Lovqp18D1BvB7rgpxGZ5qT6GzhQtFjI7ti5WdpfHp10iAQQdvDf7/BJVYpSpsnFs/O88dW1br4tuxUdMVo0OGpfxfXnjCwI5onXsn0SUHeD9jz51SABb2KH5hn2m2H8wr1CfkwkmV8zXy+vcfRZB5CzmHyszdT9y9F&u=U2FsdGVkX1+56Kuy5umrlUmflAlN4jIeguXdx+y8f2g=&y=U2FsdGVkX1+KGHY7VyEScHosuEHNViDoYtupVZJRaeIg/WdBuw1ffoKnec8rEllv HTTP/1.1" 200 25
186.102.85.61 - - [06/Sep/2022:07:43:27 -0500] "GET /kwssiamovil/sm/acme/a?s=U2FsdGVkX19bcBVaB2Y7NWlxZFCtbLQsmSja9nwP2EZfic2pRZjz9ygdvZV8VfJUjL3NSsedVG3QThJXHFM2nP0YVfimQ+Gl1hKnbFR3Azz/jTZQ/HRvfR/bp0zDQpTX1y1utbmXb9No5566LspAHSA1ob0Aqj7bPq4umAUmnRE1+gH00OMsp2Ne+YNigl9KGDZlQWWObd25f1ZWegH37g==&u=U2FsdGVkX1+56Kuy5umrlUmflAlN4jIeguXdx+y8f2g=&y=U2FsdGVkX1+KGHY7VyEScHosuEHNViDoYtupVZJRaeIg/WdBuw1ffoKnec8rEllv HTTP/1.1" 200 25
186.102.85.61 - - [06/Sep/2022:07:43:27 -0500] "GET /kwssiamovil/sm/acme/a?s=U2FsdGVkX18PF5BHZv4mtDs4WFm80duLvF0xPEF4w4HAJX67uPGLbA8iqGtizLi+ELCOkg4m9ub+I9bKQUWAfWDSmh6ILTc13VbTFsZT7KcqlFL9QYB1gNP0oy4wC0cIWl9E3VaaxvsuUPa6/XU1MA6jJsbPNSrkf+QRLPVJNaiPTYWrUOoE0j9lDVu6Si0W&u=U2FsdGVkX1+56Kuy5umrlUmflAlN4jIeguXdx+y8f2g=&y=U2FsdGVkX1+KGHY7VyEScHosuEHNViDoYtupVZJRaeIg/WdBuw1ffoKnec8rEllv HTTP/1.1" 200 25
186.102.85.61 - - [06/Sep/2022:07:43:28 -0500] "GET /kwssiamovil/sm/acme/a?s=U2FsdGVkX19gliEpesPr5FTtlNcp0tRqYJUdo26OcHeWbox6ZNPZive6nkXhp0m4xr72CBTn1gh/v4Hd0kurg7+Lak8eTeTyMJVuillfzctFczYeM2wTXrrLoRRNZ8fqOjRdc8C8dzV56xEGONiePFWTOuWZxselb1b+6NmXbjgdTeFL7gw5Ah6qD4UKnRhw6qkaZFFJRravczrlufiFVg==&u=U2FsdGVkX1+56Kuy5umrlUmflAlN4jIeguXdx+y8f2g=&y=U2FsdGVkX1+KGHY7VyEScHosuEHNViDoYtupVZJRaeIg/WdBuw1ffoKnec8rEllv HTTP/1.1" 200 25
186.102.85.61 - - [06/Sep/2022:07:43:28 -0500] "GET /kwssiamovil/sm/acme/a?s=U2FsdGVkX19n9JW9yEZNNUEZJko2BZ4bXqkxunbp9m+X+HSuWjcVjXBOW9I69//k3PEIdRLYY+iLaasxMOQk3pCa2ES/AHHkrdZJo06bezJtymFd8ZreJdsXFCWHg39m2vGhG5BjLGGHumtkElEnW0ruBLhH8s3B+YE6O63yENkzwZCKFVZ5zJhhpUxROUFy&u=U2FsdGVkX1+56Kuy5umrlUmflAlN4jIeguXdx+y8f2g=&y=U2FsdGVkX1+KGHY7VyEScHosuEHNViDoYtupVZJRaeIg/WdBuw1ffoKnec8rEllv HTTP/1.1" 200 25
186.102.85.61 - - [06/Sep/2022:07:43:28 -0500] "GET /kwssiamovil/sm/acme/a?s=U2FsdGVkX19po86BzENVQI2DXOPnD6WUS1jggqST/lT62FBGzV0DDAIRmQ0l7zfwqg6mvi6F8eDxUeYBYpbqAkQcrE8e/Y8aSk/fdxztwVfjbn1gbWEKgV3WcP+JsSCLmE9yqz6ymbFGVD0RXi66r1qTgnYmJWqoRPmHX4TbWCSR9t+I6JRELwqNCSodJtW6NhfR8YTwj8L2p6kRtVLSVw==&u=U2FsdGVkX1+56Kuy5umrlUmflAlN4jIeguXdx+y8f2g=&y=U2FsdGVkX1+KGHY7VyEScHosuEHNViDoYtupVZJRaeIg/WdBuw1ffoKnec8rEllv HTTP/1.1" 200 25
186.102.85.61 - - [06/Sep/2022:07:43:28 -0500] "GET /kwssiamovil/sm/acme/a?s=U2FsdGVkX18tmqfVRD87Gv8MxUJoLSCrnhSyLF3cJMfBFB6yvfyXTEQhdyckrDPaS4PNRZJcMzlNrggi4Yv2BOxdiUBM/VqKZ/hCK/cnxpU6YgIWSFrGo92XUOir/ktb5pFQ/vgVstvqWWupWm5F36cpnK+mUCNa0WH1HRaAKnTwwYkJ0q22wHSPk5Pg9Wnf&u=U2FsdGVkX1+56Kuy5umrlUmflAlN4jIeguXdx+y8f2g=&y=U2FsdGVkX1+KGHY7VyEScHosuEHNViDoYtupVZJRaeIg/WdBuw1ffoKnec8rEllv HTTP/1.1" 200 25
186.144.252.80 - - [06/Sep/2022:07:43:36 -0500] "POST /sipse/faces/autenticacion.xhtml HTTP/1.1" 200 2220
186.144.252.80 - - [06/Sep/2022:07:43:36 -0500] "GET /sipse/faces/javax.faces.resource/messages/messages.png?ln=primefaces&v=4.0 HTTP/1.1" 304 -
186.144.252.80 - - [06/Sep/2022:07:43:38 -0500] "POST /sipse/faces/autenticacion.xhtml HTTP/1.1" 200 16258
186.144.252.80 - - [06/Sep/2022:07:43:38 -0500] "GET /sipse/css/custom_css_sg_prime.css HTTP/1.1" 200 5201
186.144.252.80 - - [06/Sep/2022:07:43:38 -0500] "GET /sipse/faces/javax.faces.resource/layout/layout.css?ln=primefaces&v=4.0 HTTP/1.1" 304 -
186.144.252.80 - - [06/Sep/2022:07:43:38 -0500] "GET /sipse/faces/javax.faces.resource/theme.css?ln=primefaces-sipse HTTP/1.1" 304 -
186.144.252.80 - - [06/Sep/2022:07:43:38 -0500] "GET /sipse/faces/javax.faces.resource/primefaces.css?ln=primefaces&v=4.0 HTTP/1.1" 304 -
186.144.252.80 - - [06/Sep/2022:07:43:38 -0500] "GET /sipse/js/jquery.min.js HTTP/1.1" 200 85582
186.144.252.80 - - [06/Sep/2022:07:43:38 -0500] "GET /sipse/faces/javax.faces.resource/jquery/jquery.js?ln=primefaces&v=4.0 HTTP/1.1" 304 -
186.144.252.80 - - [06/Sep/2022:07:43:38 -0500] "GET /sipse/faces/javax.faces.resource/jquery/jquery-plugins.js?ln=primefaces&v=4.0 HTTP/1.1" 304 -
186.144.252.80 - - [06/Sep/2022:07:43:39 -0500] "GET /sipse/faces/javax.faces.resource/primefaces.js?ln=primefaces&v=4.0 HTTP/1.1" 304 -
186.144.252.80 - - [06/Sep/2022:07:43:39 -0500] "GET /sipse/faces/javax.faces.resource/layout/layout.js?ln=primefaces&v=4.0 HTTP/1.1" 304 -
186.144.252.80 - - [06/Sep/2022:07:43:39 -0500] "GET /sipse/css/imagen/contrasena.png HTTP/1.1" 404 383
186.144.252.80 - - [06/Sep/2022:07:43:39 -0500] "GET /sipse/imagenes/cargando.gif HTTP/1.1" 200 36959
186.144.252.80 - - [06/Sep/2022:07:43:39 -0500] "GET /sipse/imagenes/logoAplicacion.jpg HTTP/1.1" 200 155084
186.144.252.80 - - [06/Sep/2022:07:43:42 -0500] "GET /sipse/faces/javax.faces.resource/images/ui-bg_flat_0_2d5972_40x100.png?ln=primefaces-aristo HTTP/1.1" 304 -
186.144.252.80 - - [06/Sep/2022:07:43:42 -0500] "POST /sipse/faces/bienvenido.xhtml HTTP/1.1" 200 2658
186.144.252.80 - - [06/Sep/2022:07:43:43 -0500] "POST /sipse/faces/bienvenido.xhtml HTTP/1.1" 200 65159
186.144.252.80 - - [06/Sep/2022:07:43:44 -0500] "GET /sipse/faces/javax.faces.resource/theme.css?ln=primefaces-sipse HTTP/1.1" 304 -
186.144.252.80 - - [06/Sep/2022:07:43:44 -0500] "GET /sipse/faces/javax.faces.resource/primefaces.css?ln=primefaces&v=4.0 HTTP/1.1" 304 -
186.144.252.80 - - [06/Sep/2022:07:43:44 -0500] "GET /sipse/faces/javax.faces.resource/layout/layout.css?ln=primefaces&v=4.0 HTTP/1.1" 304 -
186.144.252.80 - - [06/Sep/2022:07:43:44 -0500] "GET /sipse/faces/javax.faces.resource/jquery/jquery.js?ln=primefaces&v=4.0 HTTP/1.1" 304 -
186.144.252.80 - - [06/Sep/2022:07:43:44 -0500] "GET /sipse/faces/javax.faces.resource/jquery/jquery-plugins.js?ln=primefaces&v=4.0 HTTP/1.1" 304 -
186.144.252.80 - - [06/Sep/2022:07:43:44 -0500] "GET /sipse/faces/javax.faces.resource/primefaces.js?ln=primefaces&v=4.0 HTTP/1.1" 304 -
186.144.252.80 - - [06/Sep/2022:07:43:44 -0500] "GET /sipse/faces/javax.faces.resource/layout/layout.js?ln=primefaces&v=4.0 HTTP/1.1" 304 -
186.144.252.80 - - [06/Sep/2022:07:43:45 -0500] "POST /sipse/faces/presentacion/financiero/solicitudProceso/listarSolicitudProceso.xhtml HTTP/1.1" 200 1544
186.144.252.80 - - [06/Sep/2022:07:43:47 -0500] "POST /sipse/faces/presentacion/financiero/solicitudProceso/listarSolicitudProceso.xhtml HTTP/1.1" 200 6957
186.144.252.80 - - [06/Sep/2022:07:44:16 -0500] "POST /sipse/faces/presentacion/financiero/solicitudProceso/listarSolicitudProceso.xhtml HTTP/1.1" 200 33821
186.144.252.80 - - [06/Sep/2022:07:44:16 -0500] "GET /sipse/faces/javax.faces.resource/theme.css?ln=primefaces-sipse HTTP/1.1" 304 -
186.144.252.80 - - [06/Sep/2022:07:44:16 -0500] "GET /sipse/faces/javax.faces.resource/primefaces.css?ln=primefaces&v=4.0 HTTP/1.1" 304 -
186.144.252.80 - - [06/Sep/2022:07:44:16 -0500] "GET /sipse/faces/javax.faces.resource/layout/layout.css?ln=primefaces&v=4.0 HTTP/1.1" 304 -
186.144.252.80 - - [06/Sep/2022:07:44:16 -0500] "GET /sipse/faces/javax.faces.resource/jquery/jquery.js?ln=primefaces&v=4.0 HTTP/1.1" 304 -
186.144.252.80 - - [06/Sep/2022:07:44:16 -0500] "GET /sipse/faces/javax.faces.resource/jquery/jquery-plugins.js?ln=primefaces&v=4.0 HTTP/1.1" 304 -
186.144.252.80 - - [06/Sep/2022:07:44:16 -0500] "GET /sipse/faces/javax.faces.resource/primefaces.js?ln=primefaces&v=4.0 HTTP/1.1" 304 -
186.144.252.80 - - [06/Sep/2022:07:44:16 -0500] "GET /sipse/faces/javax.faces.resource/layout/layout.js?ln=primefaces&v=4.0 HTTP/1.1" 304 -
186.144.252.80 - - [06/Sep/2022:07:44:17 -0500] "POST /sipse/faces/presentacion/sistema/reporte/listarReportes.xhtml HTTP/1.1" 200 27231
186.144.252.80 - - [06/Sep/2022:07:44:19 -0500] "POST /sipse/faces/presentacion/sistema/reporte/listarReportes.xhtml HTTP/1.1" 200 24085
186.144.252.80 - - [06/Sep/2022:07:44:20 -0500] "GET /sipse/faces/javax.faces.resource/theme.css?ln=primefaces-sipse HTTP/1.1" 304 -
186.144.252.80 - - [06/Sep/2022:07:44:20 -0500] "GET /sipse/faces/javax.faces.resource/layout/layout.css?ln=primefaces&v=4.0 HTTP/1.1" 304 -
186.144.252.80 - - [06/Sep/2022:07:44:20 -0500] "GET /sipse/faces/javax.faces.resource/primefaces.css?ln=primefaces&v=4.0 HTTP/1.1" 304 -
186.144.252.80 - - [06/Sep/2022:07:44:20 -0500] "GET /sipse/faces/javax.faces.resource/jquery/jquery.js?ln=primefaces&v=4.0 HTTP/1.1" 304 -
186.144.252.80 - - [06/Sep/2022:07:44:20 -0500] "GET /sipse/faces/javax.faces.resource/primefaces.js?ln=primefaces&v=4.0 HTTP/1.1" 304 -
186.144.252.80 - - [06/Sep/2022:07:44:20 -0500] "GET /sipse/faces/javax.faces.resource/jquery/jquery-plugins.js?ln=primefaces&v=4.0 HTTP/1.1" 304 -
186.144.252.80 - - [06/Sep/2022:07:44:20 -0500] "GET /sipse/faces/javax.faces.resource/layout/layout.js?ln=primefaces&v=4.0 HTTP/1.1" 304 -
172.22.2.4 - - [06/Sep/2022:07:44:59 -0500] "GET /BLA/boletinlegal/actos.php HTTP/1.1" 200 9559
172.22.2.4 - - [06/Sep/2022:07:44:59 -0500] "GET /BLA/boletinlegal/favicon.ico HTTP/1.1" 404 1326
172.22.2.4 - - [06/Sep/2022:07:45:11 -0500] "GET /BLA/boletinlegal/consulta_actos.php?tipo=autos&no=1276&usuario=&sector=&fecha=2022&resuelve= HTTP/1.1" 200 1073
172.22.2.4 - - [06/Sep/2022:07:43:44 -0500] "HEAD /BLA/boletinlegal/ HTTP/1.1" 200 -
172.22.2.4 - - [06/Sep/2022:07:45:26 -0500] "GET /BLA/boletinlegal/consulta_actos.php?tipo=autos&no=1280&usuario=&sector=&fecha=2022&resuelve= HTTP/1.1" 200 1070
172.22.2.4 - - [06/Sep/2022:07:43:58 -0500] "GET /BLA/boletinlegal/ HTTP/1.1" 200 52493
201.245.192.253 - - [06/Sep/2022:07:45:45 -0500] "POST /kwsrmcab/Wsrmcab  HTTP/1.1" 200 42606
172.22.2.4 - - [06/Sep/2022:07:45:48 -0500] "GET /BLA/boletinlegal/consulta_actos.php?tipo=resoluciones&no=2506&usuario=&sector=&fecha=2005&resuelve=revocatoria HTTP/1.1" 200 626
172.22.2.4 - - [06/Sep/2022:07:45:49 -0500] "GET /BLA/boletinlegal/consulta_actos.php?tipo=resoluciones&no=2506&usuario=&sector=&fecha=2005&resuelve=revocatoria HTTP/1.1" 200 626
186.144.252.26 - - [06/Sep/2022:07:45:51 -0500] "GET /BLA/resoluciones/ HTTP/1.1" 200 13093
186.144.252.26 - - [06/Sep/2022:07:45:51 -0500] "GET /BLA/resoluciones/dlf/folder.png HTTP/1.1" 200 410
186.144.252.26 - - [06/Sep/2022:07:45:56 -0500] "GET /BLA/resoluciones/dlf/dirup.png HTTP/1.1" 200 644
186.144.252.26 - - [06/Sep/2022:07:45:56 -0500] "GET /BLA/resoluciones/index.php?dir=RESOLUCIONES+2005%2F HTTP/1.1" 200 49518
186.144.252.26 - - [06/Sep/2022:07:45:56 -0500] "GET /BLA/resoluciones/dlf/unknown.png HTTP/1.1" 200 266
172.22.2.4 - - [06/Sep/2022:07:45:58 -0500] "GET /BLA/boletinlegal/consulta_actos.php?tipo=autos&no=1291&usuario=&sector=&fecha=2022&resuelve= HTTP/1.1" 200 1074
172.22.2.4 - - [06/Sep/2022:07:45:59 -0500] "GET /BLA/boletinlegal/style.css HTTP/1.1" 200 9406
172.22.2.4 - - [06/Sep/2022:07:45:59 -0500] "GET /BLA/boletinlegal/styles2.css HTTP/1.1" 200 1838
172.22.2.4 - - [06/Sep/2022:07:45:59 -0500] "GET /BLA/boletinlegal/js/jquery.js HTTP/1.1" 200 57254
172.22.2.4 - - [06/Sep/2022:07:45:59 -0500] "GET /BLA/boletinlegal/js/jquery.scrollTo-min.js HTTP/1.1" 200 1150
172.22.2.4 - - [06/Sep/2022:07:45:59 -0500] "GET /BLA/boletinlegal/js/jquery.scrollShow.js HTTP/1.1" 200 4586
172.22.2.4 - - [06/Sep/2022:07:45:59 -0500] "GET /BLA/boletinlegal/images/cabezote%20BLEGAL.jpg HTTP/1.1" 200 118164
172.22.2.4 - - [06/Sep/2022:07:45:59 -0500] "GET /BLA/boletinlegal/images/subscribe-icon-big.png HTTP/1.1" 200 47702
172.22.2.4 - - [06/Sep/2022:07:45:59 -0500] "GET /BLA/boletinlegal/images/historia.png HTTP/1.1" 200 52775
172.22.2.4 - - [06/Sep/2022:07:45:59 -0500] "GET /BLA/boletinlegal/images/registro-usuarios.png HTTP/1.1" 200 8106
172.22.2.4 - - [06/Sep/2022:07:45:59 -0500] "GET /BLA/boletinlegal/images/arr_l.jpg HTTP/1.1" 200 1979
172.22.2.4 - - [06/Sep/2022:07:45:59 -0500] "GET /BLA/boletinlegal/images/screen_1.png HTTP/1.1" 200 202547
172.22.2.4 - - [06/Sep/2022:07:45:59 -0500] "GET /BLA/boletinlegal/images/launch.jpg HTTP/1.1" 200 14577
172.22.2.4 - - [06/Sep/2022:07:45:59 -0500] "GET /BLA/boletinlegal/images/body_bg.jpg HTTP/1.1" 200 1601
172.22.2.4 - - [06/Sep/2022:07:45:59 -0500] "GET /BLA/boletinlegal/images/menu_lft.gif HTTP/1.1" 200 1713
172.22.2.4 - - [06/Sep/2022:07:45:59 -0500] "GET /BLA/boletinlegal/images/bg_top.jpg HTTP/1.1" 200 522
172.22.2.4 - - [06/Sep/2022:07:45:59 -0500] "GET /BLA/boletinlegal/images/menu_rght.gif HTTP/1.1" 200 1627
172.22.2.4 - - [06/Sep/2022:07:45:59 -0500] "GET /BLA/boletinlegal/images/menu_bg.jpg HTTP/1.1" 200 620
172.22.2.4 - - [06/Sep/2022:07:45:59 -0500] "GET /BLA/boletinlegal/images/hover.jpg HTTP/1.1" 200 640
172.22.2.4 - - [06/Sep/2022:07:45:59 -0500] "GET /BLA/boletinlegal/images/text.jpg HTTP/1.1" 200 568
66.249.73.127 - - [06/Sep/2022:07:45:59 -0500] "-" 408 -
172.22.2.4 - - [06/Sep/2022:07:46:03 -0500] "GET /BLA/boletinlegal/consulta_actos.php?tipo=autos&no=1293&usuario=&sector=&fecha=2022&resuelve= HTTP/1.1" 200 1071
172.22.2.4 - - [06/Sep/2022:07:46:07 -0500] "GET /BLA/boletinlegal/images/screen_3.png HTTP/1.1" 200 210620
172.22.2.4 - - [06/Sep/2022:07:46:07 -0500] "GET /BLA/boletinlegal/images/screen_2.png HTTP/1.1" 200 362502
172.22.2.4 - - [06/Sep/2022:07:46:07 -0500] "GET /BLA/boletinlegal/images/footer_bg.jpg HTTP/1.1" 200 586
172.22.2.4 - - [06/Sep/2022:07:46:07 -0500] "GET /BLA/boletinlegal/images/arr_r.jpg HTTP/1.1" 200 1998
172.22.2.4 - - [06/Sep/2022:07:46:07 -0500] "GET /BLA/boletinlegal/images/screen_5.png HTTP/1.1" 200 368876
172.22.2.4 - - [06/Sep/2022:07:46:10 -0500] "GET /BLA/boletinlegal/consulta_actos.php?tipo=autos&no=1303&usuario=&sector=&fecha=2022&resuelve= HTTP/1.1" 200 1081
186.144.252.26 - - [06/Sep/2022:07:46:12 -0500] "GET /BLA/resoluciones/index.php?dir=RESOLUCIONES+2005%2FRES+2005+2501-2550%2F HTTP/1.1" 200 12365
172.22.2.4 - - [06/Sep/2022:07:44:35 -0500] "GET /BLA/boletinlegal/ HTTP/1.1" 200 53640
172.22.2.4 - - [06/Sep/2022:07:46:15 -0500] "GET /BLA/boletinlegal/images/pdf.gif HTTP/1.1" 200 567
172.22.2.4 - - [06/Sep/2022:07:46:16 -0500] "GET /BLA/boletinlegal/consulta_actos.php?tipo=autos&no=1316&usuario=&sector=&fecha=2022&resuelve= HTTP/1.1" 200 1108
172.22.2.4 - - [06/Sep/2022:07:46:24 -0500] "GET /BLA/boletinlegal/consulta_actos.php?tipo=autos&no=1331&usuario=&sector=&fecha=2022&resuelve= HTTP/1.1" 200 1084
172.22.2.4 - - [06/Sep/2022:07:46:25 -0500] "GET /BLA/boletinlegal/consulta_actos.php?tipo=autos&no=2506&usuario=&sector=&fecha=2005&resuelve=revocatoria HTTP/1.1" 200 626
172.22.2.4 - - [06/Sep/2022:07:46:27 -0500] "GET /BLA/boletinlegal/consulta_actos.php?tipo=autos&no=2506&usuario=&sector=&fecha=2005&resuelve=revocatoria HTTP/1.1" 200 626
186.144.252.26 - - [06/Sep/2022:07:46:28 -0500] "GET /BLA/resoluciones/ HTTP/1.1" 200 13093
172.22.2.4 - - [06/Sep/2022:07:46:30 -0500] "GET /BLA/boletinlegal/consulta_actos.php?tipo=autos&no=1332&usuario=&sector=&fecha=2022&resuelve= HTTP/1.1" 200 1076
186.144.252.26 - - [06/Sep/2022:07:46:32 -0500] "GET /BLA/resoluciones/index.php?dir=AUTOS+2005%2F HTTP/1.1" 200 2791
216.245.221.92 - - [06/Sep/2022:07:46:42 -0500] "HEAD / HTTP/1.1" 200 -
172.22.2.4 - - [06/Sep/2022:07:46:44 -0500] "GET /BLA/boletinlegal/consulta_actos.php?tipo=autos&no=1385&usuario=&sector=&fecha=2022&resuelve= HTTP/1.1" 200 1071
172.22.2.4 - - [06/Sep/2022:07:46:50 -0500] "GET /BLA/boletinlegal/consulta_actos.php?tipo=autos&no=1518&usuario=&sector=&fecha=2022&resuelve= HTTP/1.1" 200 1075
172.22.2.4 - - [06/Sep/2022:07:46:57 -0500] "GET /BLA/boletinlegal/consulta_actos.php?tipo=autos&no=1537&usuario=&sector=&fecha=2022&resuelve= HTTP/1.1" 200 1080
172.22.2.4 - - [06/Sep/2022:07:47:03 -0500] "GET /BLA/boletinlegal/consulta_actos.php?tipo=autos&no=1582&usuario=&sector=&fecha=2022&resuelve= HTTP/1.1" 200 1080
172.22.2.4 - - [06/Sep/2022:07:47:10 -0500] "GET /BLA/boletinlegal/consulta_actos.php?tipo=autos&no=1653&usuario=&sector=&fecha=2022&resuelve= HTTP/1.1" 200 1071
172.22.2.4 - - [06/Sep/2022:07:47:18 -0500] "GET /BLA/boletinlegal/consulta_actos.php?tipo=autos&no=1655&usuario=&sector=&fecha=2022&resuelve= HTTP/1.1" 200 1081
172.22.2.4 - - [06/Sep/2022:07:47:24 -0500] "GET /BLA/boletinlegal/consulta_actos.php?tipo=autos&no=1656&usuario=&sector=&fecha=2022&resuelve= HTTP/1.1" 200 1082
172.22.2.4 - - [06/Sep/2022:07:47:31 -0500] "GET /BLA/boletinlegal/consulta_actos.php?tipo=autos&no=1751&usuario=&sector=&fecha=2022&resuelve= HTTP/1.1" 200 1071
172.22.2.4 - - [06/Sep/2022:07:45:59 -0500] "GET /BLA/boletinlegal/ HTTP/1.1" 200 58955
172.22.2.4 - - [06/Sep/2022:07:47:39 -0500] "GET /BLA/boletinlegal/favicon.ico HTTP/1.1" 404 1308
172.22.2.4 - - [06/Sep/2022:07:47:39 -0500] "GET /BLA/boletinlegal/consulta_actos.php?tipo=autos&no=1833&usuario=&sector=&fecha=2022&resuelve= HTTP/1.1" 200 1086
172.22.2.4 - - [06/Sep/2022:07:47:46 -0500] "GET /BLA/boletinlegal/consulta_actos.php?tipo=autos&no=1868&usuario=&sector=&fecha=2022&resuelve= HTTP/1.1" 200 1089
172.22.2.4 - - [06/Sep/2022:07:47:52 -0500] "GET /BLA/boletinlegal/consulta_actos.php?tipo=autos&no=1872&usuario=&sector=&fecha=2022&resuelve= HTTP/1.1" 200 1076
172.22.2.4 - - [06/Sep/2022:07:47:58 -0500] "GET /BLA/boletinlegal/consulta_actos.php?tipo=autos&no=1885&usuario=&sector=&fecha=2022&resuelve= HTTP/1.1" 200 1073
172.22.2.4 - - [06/Sep/2022:07:48:05 -0500] "GET /BLA/boletinlegal/consulta_actos.php?tipo=autos&no=2335&usuario=&sector=&fecha=2022&resuelve= HTTP/1.1" 200 1075
172.22.2.4 - - [06/Sep/2022:07:48:11 -0500] "GET /BLA/boletinlegal/consulta_actos.php?tipo=autos&no=2356&usuario=&sector=&fecha=2022&resuelve= HTTP/1.1" 200 1078
172.22.2.4 - - [06/Sep/2022:07:48:16 -0500] "GET /BLA/boletinlegal/consulta_actos.php?tipo=autos&no=2357&usuario=&sector=&fecha=2022&resuelve= HTTP/1.1" 200 1063
172.22.2.4 - - [06/Sep/2022:07:48:23 -0500] "GET /BLA/boletinlegal/consulta_actos.php?tipo=autos&no=2447&usuario=&sector=&fecha=2022&resuelve= HTTP/1.1" 200 1077
172.22.2.4 - - [06/Sep/2022:07:48:29 -0500] "GET /BLA/boletinlegal/consulta_actos.php?tipo=autos&no=2481&usuario=&sector=&fecha=2022&resuelve= HTTP/1.1" 200 1066
172.22.2.4 - - [06/Sep/2022:07:48:35 -0500] "GET /BLA/boletinlegal/consulta_actos.php?tipo=autos&no=2558&usuario=&sector=&fecha=2022&resuelve= HTTP/1.1" 200 1072
172.22.2.4 - - [06/Sep/2022:07:48:42 -0500] "GET /BLA/boletinlegal/consulta_actos.php?tipo=autos&no=2592&usuario=&sector=&fecha=2022&resuelve= HTTP/1.1" 200 1081
172.22.2.4 - - [06/Sep/2022:07:48:49 -0500] "GET /BLA/boletinlegal/consulta_actos.php?tipo=autos&no=2621&usuario=&sector=&fecha=2022&resuelve= HTTP/1.1" 200 1079
172.22.2.4 - - [06/Sep/2022:07:48:55 -0500] "GET /BLA/boletinlegal/consulta_actos.php?tipo=autos&no=2664&usuario=&sector=&fecha=2022&resuelve= HTTP/1.1" 200 1110
65.49.20.67 - - [06/Sep/2022:07:48:57 -0500] "GET / HTTP/1.1" 200 319
186.29.44.124 - - [06/Sep/2022:07:49:00 -0500] "GET / HTTP/1.1" 200 4720
186.29.44.124 - - [06/Sep/2022:07:49:00 -0500] "GET /js/url.js HTTP/1.1" 404 1294
186.29.44.124 - - [06/Sep/2022:07:49:00 -0500] "GET /fonts/icomoon/style.css HTTP/1.1" 200 79820
186.29.44.124 - - [06/Sep/2022:07:49:00 -0500] "GET /css/bootstrap.min.css HTTP/1.1" 200 178212
186.29.44.124 - - [06/Sep/2022:07:49:00 -0500] "GET /css/style.css HTTP/1.1" 200 3473
186.29.44.124 - - [06/Sep/2022:07:49:00 -0500] "GET /favicon.ico HTTP/1.1" 404 1294
172.22.2.4 - - [06/Sep/2022:07:49:01 -0500] "GET /BLA/boletinlegal/consulta_actos.php?tipo=autos&no=2712&usuario=&sector=&fecha=2022&resuelve= HTTP/1.1" 200 1094
172.22.2.4 - - [06/Sep/2022:07:49:07 -0500] "GET /BLA/boletinlegal/consulta_actos.php?tipo=autos&no=2822&usuario=&sector=&fecha=2022&resuelve= HTTP/1.1" 200 1066
172.22.2.4 - - [06/Sep/2022:07:49:13 -0500] "GET /BLA/boletinlegal/consulta_actos.php?tipo=autos&no=2831&usuario=&sector=&fecha=2022&resuelve= HTTP/1.1" 200 1090
172.22.2.4 - - [06/Sep/2022:07:49:19 -0500] "GET /BLA/boletinlegal/consulta_actos.php?tipo=autos&no=2840&usuario=&sector=&fecha=2022&resuelve= HTTP/1.1" 200 1072
172.22.2.4 - - [06/Sep/2022:07:49:25 -0500] "GET /BLA/boletinlegal/consulta_actos.php?tipo=autos&no=2846&usuario=&sector=&fecha=2022&resuelve= HTTP/1.1" 200 1079
172.22.2.4 - - [06/Sep/2022:07:49:32 -0500] "GET /BLA/boletinlegal/consulta_actos.php?tipo=autos&no=2848&usuario=&sector=&fecha=2022&resuelve= HTTP/1.1" 200 1068
186.102.85.61 - - [06/Sep/2022:07:49:35 -0500] "OPTIONS /kwssiamovil/sm/setfile/f? HTTP/1.1" 200 13
172.22.2.4 - - [06/Sep/2022:07:49:37 -0500] "GET /BLA/boletinlegal/consulta_actos.php?tipo=autos&no=2873&usuario=&sector=&fecha=2022&resuelve= HTTP/1.1" 200 1077
186.102.85.61 - - [06/Sep/2022:07:49:35 -0500] "POST /kwssiamovil/sm/setfile/f? HTTP/1.1" 200 381
186.102.85.61 - - [06/Sep/2022:07:49:39 -0500] "OPTIONS /kwssiamovil/sm/setfile/f? HTTP/1.1" 200 13
186.102.85.61 - - [06/Sep/2022:07:49:39 -0500] "POST /kwssiamovil/sm/setfile/f? HTTP/1.1" 200 381
172.22.2.4 - - [06/Sep/2022:07:49:43 -0500] "GET /BLA/boletinlegal/consulta_actos.php?tipo=autos&no=2884&usuario=&sector=&fecha=2022&resuelve= HTTP/1.1" 200 1075
172.22.2.4 - - [06/Sep/2022:07:49:45 -0500] "GET /BLA/boletinlegal/consulta_actos.php?tipo=autos&no=2884&usuario=&sector=&fecha=2022&resuelve= HTTP/1.1" 200 1075
186.102.85.61 - - [06/Sep/2022:07:49:49 -0500] "GET /kwssiamovil/sm/acme/a?s=U2FsdGVkX19J7oyRNzU+mS1uZUanRtZGxrgj7lOyBHEaEP9+ozuLknvh9v52Ra8EsSAGvneznI2ovtn+cqR3onamLdXOTZDB2T3CNUUk2chUT5WKnU6WHjYbj23BqOHdTXi9qFqEamgVS9BBfOoCUXBAT1oEtWGvgFEs/sfaWPLwr8Ptp+pYYeNn9ooRHiG0J10W41ypFcUcYelt1reoLhXGWGCXjirRZQfRfzGluR5CtP4XNHDS58Q0qEgki3/KEJ5Llb2Uz/flgpF3TP/pbw==&u=U2FsdGVkX1+56Kuy5umrlUmflAlN4jIeguXdx+y8f2g=&y=U2FsdGVkX1+KGHY7VyEScHosuEHNViDoYtupVZJRaeIg/WdBuw1ffoKnec8rEllv HTTP/1.1" 200 25
186.102.85.61 - - [06/Sep/2022:07:49:50 -0500] "GET /kwssiamovil/sm/acme/a?s=U2FsdGVkX1/9kfuHgz3dDMFZSxRb4nQieIXMeXuJlEP1FO4Jov5T+rkbpuKtWnmn4OyDJVNALEO5YS5tVzBUItYtdHQoTbNL004K5tgh23VUcd9y91iEA1rTSIeJRcGaD4KExCKdndVtVoIWCtrjq4rsamrKx1yQg4UVjkEgB/94oCZLFOmR9Mmw7jkkm/o2Nw0I/5ZK3iPZr9gWbPuaOlJnvR+aDZAaubvDN5Exn3gsvJbMkymtsNI1N6EpnBvM4MKf1ZuIVgp4Bh61G/OinPwQ634GFAtFkcJmCC0Xx5M9I1efYZ6f3ezsznvzBob0Z/ULUYQhMdBRhd2l4qETdFAMYQhDqTBYwTO5gYQUBTaHnp7PLMdOIgXKaUtJTMCY8AIGNCboELvuRhWs3KH/247WPrqQDxnTUMGn+Pg1IhaCaSMU0ufNBhjmtZLHVA3INbZsHm7q4vGoUvzamjHALGBCoEPUdPVjT0/l345x5IkCv0ipcoDBe61b8MqLs7Yr8kxPJ6PzlsHETpnSKCLE+iXaQUTF2ZZgY0UGDqd1TTRvVKmFhIZAqPIbwx92ytgTTSymt8F7+ApiyxPe+xfchmJbRJQg4w+8pvpv67gDtnwct6UcJa4U3IqQpwWgZYm9W+2JklEbShkcY1TMjw4fog2AckoBQ8tSGpTnfkc3Zvf+Y6fs5e/x7ynR7BkJXIjdKhUttzE8kiZedqufGwlVjjVoo6wXPJQRBmnzs9PhHr559rTlSn5VJv2i0ut5erLD98Xevfhb+IVoV4YK8R0rDZKYP8uxO7RCfoICK1Bf0t5kCwcNGZn6reyH1MxH/beQ7dPcouPm6XuoHdPNkUhrE15CKB4K+f9BdFvqqFi2UoGusM33HlLRiGZyhkhqJzjBp5hsV3urmf15lupJGDNQgkOM8UqIWJXzTP77aFvaumjD4w1JmVJf6woT0C+8b49xN1XWggEpu4dSc4HiWiISvdFNXVeCxfLj4OjCm3qLGrBQPdJ+/AL2vPhguu4XKUrC+y6/mNKzPkE4Sj3ktoeA1TxdfQDLI6Ttsj6lOv445iibkvUdHe+HATOEh8JZm9Sak88EAFJT8qTgMHDv8TEPdWRPa7FwzGK/QX2PNjNlsgdTCIrl0mznG8LAMhqLEXAj212gC8Eh3Vvd8Y2MXVtqR+IQ14hooO08YjBZXdID7gP/Ua93myVrJ1dPtn6ciArU9GPYZdwd5zUPtwXER2aPuGo8nBC+sG40ISXVZnLPcI178Ifsj+w44UleRBJQovub63RsBaJcBPClTWfwkaP7VhetlFBA9QnkpAnOzvudOB+qN5TORrc2s06kZN7LE8EWfy+pssc5NLakWPKqDPTSwRo10F0RdLl3B82OoLEkeTXNgv6Vn11arM5+CZD+u/nR083ESRi5IR+X/aaPY1t2RMI1T0ZTFg1ZtVN87gWglMxNZZHDS+mgrwY39Rl2NjTB5Xz3pVOnFGrGUqt9JkJtU9FbrXOICLTgs2sP8h8K9Ng59coGl8pkkA3lNlKRTqrT8p0U/5EnWYX9v6/Q7XTm69s2oC1yM0t9DWlnc2gmPXo=&u=U2FsdGVkX1+56Kuy5umrlUmflAlN4jIeguXdx+y8f2g=&y=U2FsdGVkX1+KGHY7VyEScHosuEHNViDoYtupVZJRaeIg/WdBuw1ffoKnec8rEllv HTTP/1.1" 200 25
186.102.85.61 - - [06/Sep/2022:07:49:50 -0500] "GET /kwssiamovil/sm/acme/a?s=U2FsdGVkX1/7SaNOlGMnk8O4PLOUcO6q+4YQpjzwK2Wzboh7roQymprVBmW+SfnZAeIw52RaLW4H5gWErXKYT14N9Ecx778v1qnuJHHj8lIgnuRxgOvK+sqp2E1UYryi8Y+X5EyYDLxA3GeYIehM/QkM+MH5lwio9opN0ETlGxw=&u=U2FsdGVkX1+56Kuy5umrlUmflAlN4jIeguXdx+y8f2g=&y=U2FsdGVkX1+KGHY7VyEScHosuEHNViDoYtupVZJRaeIg/WdBuw1ffoKnec8rEllv HTTP/1.1" 200 25
186.102.85.61 - - [06/Sep/2022:07:49:50 -0500] "GET /kwssiamovil/sm/acme/a?s=U2FsdGVkX19kkzpH7wbmCLl+wNDDroMdYW0icuMfFiEIgMKgGwsXhT+BSztb0JiEllTmVezUjJN/g3Nyc7AgJgMkjBKL32MyvK8XbVEsnOuXXEzjCPFkUvB7+T/sUkxN2qBgP/a37oYYrDmfWFSY0EjcNoTKvLTrkbfs9gxPmNU=&u=U2FsdGVkX1+56Kuy5umrlUmflAlN4jIeguXdx+y8f2g=&y=U2FsdGVkX1+KGHY7VyEScHosuEHNViDoYtupVZJRaeIg/WdBuw1ffoKnec8rEllv HTTP/1.1" 200 25
186.102.85.61 - - [06/Sep/2022:07:49:50 -0500] "GET /kwssiamovil/sm/acme/a?s=U2FsdGVkX1/tbJC+KIMXoXSkDSxthvqsjxAbEwu8MtujEWa1fWX/Y4FAdG+Uu2N45BBRb2/YBegYUWpJc0kHYjdePBSHk7a6Jr1TncHzgiLZG+sujIROVnBRjIchHTSifMCTwuZbqg3T1/7xFjh8hwYFPYTnexOycvtMdmutXs8=&u=U2FsdGVkX1+56Kuy5umrlUmflAlN4jIeguXdx+y8f2g=&y=U2FsdGVkX1+KGHY7VyEScHosuEHNViDoYtupVZJRaeIg/WdBuw1ffoKnec8rEllv HTTP/1.1" 200 25
186.102.85.61 - - [06/Sep/2022:07:49:51 -0500] "GET /kwssiamovil/sm/acme/a?s=U2FsdGVkX1+AJlWVtf1bQQbuvuoAmr7PYCeAc3M8RVrj4xyqpUqgBZSTNFp1kKquLiMCYjpDUJrH/NccKtwGRqgdKJxp6qW1+SDayQ4ilbExbsdMuNEV9bp7BnaOEupOVG4Sj2Q8jQy9D6rWgZHZ2TAeGDX3PxZZFzzJs+QhgfUixtPprc1Mqi8jEAKX/MYB&u=U2FsdGVkX1+56Kuy5umrlUmflAlN4jIeguXdx+y8f2g=&y=U2FsdGVkX1+KGHY7VyEScHosuEHNViDoYtupVZJRaeIg/WdBuw1ffoKnec8rEllv HTTP/1.1" 200 25
186.102.85.61 - - [06/Sep/2022:07:49:51 -0500] "GET /kwssiamovil/sm/acme/a?s=U2FsdGVkX18senee7iysA4Emt5eUKhCYlGslMtbAk9yIoJOV/tY6KkpEgMNQUEOEHj+/l0Ojx/JyMx0MXQtI1wnI3b9rJw6RG2Gw55MASKNXFSbJXUahBmXeKk1yDQpdiEXjvxEPhkqth7p5mWr3bQ4PL6W5IAsa8UAMZAPxA41Kjpe/y9I/1hua9JzQwO2NE3+Ocdwu5URwTuT3uo3C0g==&u=U2FsdGVkX1+56Kuy5umrlUmflAlN4jIeguXdx+y8f2g=&y=U2FsdGVkX1+KGHY7VyEScHosuEHNViDoYtupVZJRaeIg/WdBuw1ffoKnec8rEllv HTTP/1.1" 200 25
172.22.2.4 - - [06/Sep/2022:07:49:51 -0500] "GET /BLA/boletinlegal/consulta_actos.php?tipo=autos&no=2897&usuario=&sector=&fecha=2022&resuelve= HTTP/1.1" 200 1072
186.102.85.61 - - [06/Sep/2022:07:49:51 -0500] "GET /kwssiamovil/sm/acme/a?s=U2FsdGVkX1/XUE2zdcUTSFHiJ+yFh/BkMArsZ0MxIX7Rx7K8dolSba55Y8oVQgFIeR/PUYXsqfHe3MYRdD3XmziV+hNmX7jIXcLcRqyc5/TW8tiVMSfpfcM0MBC/WnbMRsrOG6LV6gJugg3/gcTvBm3f45x9EHDI35Bk10AnGPJlBMbcFwiiQMNfjUrVSho1&u=U2FsdGVkX1+56Kuy5umrlUmflAlN4jIeguXdx+y8f2g=&y=U2FsdGVkX1+KGHY7VyEScHosuEHNViDoYtupVZJRaeIg/WdBuw1ffoKnec8rEllv HTTP/1.1" 200 25
186.102.85.61 - - [06/Sep/2022:07:49:52 -0500] "GET /kwssiamovil/sm/acme/a?s=U2FsdGVkX1+rjpA/bYOi7chpjfpVBh2NCwnQOdp+xFpSV5vRbFUkFqiTYVjxTzfhbyBL24yaJX8dU2SCepoxVGH19SHOMJBTCcNKAL/yuIQtFwfwrgW1bhCvAqEPlBA5r2iUE2x9IPf4oDww+MkWuZ3AQOwWQtxoFUr0EQPisSGxNkhtJSgN3SBCIzoRAzE20uCiIr9BBs2LPPJyjL2sYg==&u=U2FsdGVkX1+56Kuy5umrlUmflAlN4jIeguXdx+y8f2g=&y=U2FsdGVkX1+KGHY7VyEScHosuEHNViDoYtupVZJRaeIg/WdBuw1ffoKnec8rEllv HTTP/1.1" 200 25
186.102.85.61 - - [06/Sep/2022:07:49:52 -0500] "GET /kwssiamovil/sm/acme/a?s=U2FsdGVkX1+xDZyW+uEOl6zbtj1idE7b6/5dKdHvy+C+a7kVSM9QYGRgQiS15svs5ImeFmGnjJBl5VNjqpi+17MZe76NY32P/ZVg6WbSiNy8ZPGZxaXtFuNJrPnqejliPBcI2oIQJHcONfyIPNZCJIiNmgpWMJA1oSevqMb+hV1JTBB7bERZX85rbZMm6zop&u=U2FsdGVkX1+56Kuy5umrlUmflAlN4jIeguXdx+y8f2g=&y=U2FsdGVkX1+KGHY7VyEScHosuEHNViDoYtupVZJRaeIg/WdBuw1ffoKnec8rEllv HTTP/1.1" 200 25
172.22.2.4 - - [06/Sep/2022:07:49:57 -0500] "GET /BLA/boletinlegal/consulta_actos.php?tipo=autos&no=2905&usuario=&sector=&fecha=2022&resuelve= HTTP/1.1" 200 1074
186.29.44.124 - - [06/Sep/2022:07:49:59 -0500] "POST /procesar.php HTTP/1.1" 200 1020
172.22.2.4 - - [06/Sep/2022:07:50:03 -0500] "GET /BLA/boletinlegal/consulta_actos.php?tipo=autos&no=2911&usuario=&sector=&fecha=2022&resuelve= HTTP/1.1" 200 1099
172.22.2.4 - - [06/Sep/2022:07:50:09 -0500] "GET /BLA/boletinlegal/consulta_actos.php?tipo=autos&no=2914&usuario=&sector=&fecha=2022&resuelve= HTTP/1.1" 200 1095
172.22.2.4 - - [06/Sep/2022:07:50:16 -0500] "GET /BLA/boletinlegal/consulta_actos.php?tipo=autos&no=2919&usuario=&sector=&fecha=2022&resuelve= HTTP/1.1" 200 1081
172.22.2.4 - - [06/Sep/2022:07:50:22 -0500] "GET /BLA/boletinlegal/consulta_actos.php?tipo=autos&no=2927&usuario=&sector=&fecha=2022&resuelve= HTTP/1.1" 200 1075
186.102.24.204 - - [06/Sep/2022:07:50:27 -0500] "OPTIONS /kwssiamovil/sm/setfile/f? HTTP/1.1" 200 13
172.22.2.4 - - [06/Sep/2022:07:50:28 -0500] "GET /BLA/boletinlegal/consulta_actos.php?tipo=autos&no=2928&usuario=&sector=&fecha=2022&resuelve= HTTP/1.1" 200 1068
186.102.24.204 - - [06/Sep/2022:07:50:27 -0500] "POST /kwssiamovil/sm/setfile/f? HTTP/1.1" 200 381
186.102.24.204 - - [06/Sep/2022:07:50:31 -0500] "OPTIONS /kwssiamovil/sm/setfile/f? HTTP/1.1" 200 13
172.22.2.4 - - [06/Sep/2022:07:50:35 -0500] "GET /BLA/boletinlegal/consulta_actos.php?tipo=autos&no=2932&usuario=&sector=&fecha=2022&resuelve= HTTP/1.1" 200 1082
186.102.24.204 - - [06/Sep/2022:07:50:31 -0500] "POST /kwssiamovil/sm/setfile/f? HTTP/1.1" 200 381
186.102.24.204 - - [06/Sep/2022:07:50:36 -0500] "OPTIONS /kwssiamovil/sm/setfile/f? HTTP/1.1" 200 13
186.102.24.204 - - [06/Sep/2022:07:50:37 -0500] "POST /kwssiamovil/sm/setfile/f? HTTP/1.1" 200 381
186.102.24.204 - - [06/Sep/2022:07:50:41 -0500] "OPTIONS /kwssiamovil/sm/setfile/f? HTTP/1.1" 200 13
172.22.2.4 - - [06/Sep/2022:07:50:42 -0500] "GET /BLA/boletinlegal/consulta_actos.php?tipo=autos&no=2936&usuario=&sector=&fecha=2022&resuelve= HTTP/1.1" 200 1063
186.102.24.204 - - [06/Sep/2022:07:50:42 -0500] "POST /kwssiamovil/sm/setfile/f? HTTP/1.1" 200 381
201.245.192.253 - - [06/Sep/2022:07:50:44 -0500] "POST /kwsrmcab/Wsrmcab  HTTP/1.1" 200 42606
172.22.2.4 - - [06/Sep/2022:07:50:48 -0500] "GET /BLA/boletinlegal/consulta_actos.php?tipo=autos&no=2943&usuario=&sector=&fecha=2022&resuelve= HTTP/1.1" 200 1071
172.22.2.4 - - [06/Sep/2022:07:50:54 -0500] "GET /BLA/boletinlegal/consulta_actos.php?tipo=autos&no=2950&usuario=&sector=&fecha=2022&resuelve= HTTP/1.1" 200 1066
186.102.24.204 - - [06/Sep/2022:07:50:54 -0500] "GET /kwssiamovil/sm/acme/a?s=U2FsdGVkX1+vxG2CbmbkqHR9obHmXOiGa7xVl86c5geXXcwyzXgdNFo6S8lvB0dUHeJZLiFGJ27eJSVysDjOLYyDLtzgT70QyYhqrrr84gAJ/NBI/elXxN7KetvKE0yRx5s31eP6vIcyKqHeE3I1qEp2ktXV4eL2lfskKf2lCv68LqSfY0DUqkRxIbMciTJCTmIBofC3PUfJRtaJdbJlKeHvkLNqxShR3CHZ9HimG1jrEKpSU51epQI7EuBwoZzRYL+MTqvGsy2rbg/nm9bMHw==&u=U2FsdGVkX183jKZkKIoDhnbPicyFA1DQtInoifzxMbs=&y=U2FsdGVkX1/hjyQNf4mMsgMFo46va2esBXbVIaEWotM= HTTP/1.1" 200 25
186.102.24.204 - - [06/Sep/2022:07:50:55 -0500] "GET /kwssiamovil/sm/acme/a?s=U2FsdGVkX1+/547lO1bYNaengHjgKz0X1NQxJEzPr6car6paHhHEwZFsTBg2vj7c0FjVxhPFHD+7dJLrOkk/pXkB1OGsXPqJxy0ekFVFwKJin3r6JQDcbxw2Q9IkZZZRAGZuWjxURSbFVj3KKID1W3MgNodZXoOpeu/XM7zIorOn37iCx5JHuQiyX7hVMTnF6XMklLQCPdk3AnmaloQvH3pEtUqMgto+ObgNfIxtXniWWhw2qJAIMTcQ6wGfC3tGVtG6ObWFaW+vPLYmx0mZskbodNPolN2aGqHlA3HYZi+muvxFtqFr2iwfl1XSCwFbavmTxdrjo0T+n8Eo/31kTulcuFP40R0pAew5GuRgAURGVoWgbjAU/M3Wm/fdbTBzxyp00QgcwjMjeK0fDzZLkrzbVaCCME2ayONUIN7PhjA0i6jmeZfqNLSxXQhhX9YknAPs3dhyksIRCjT8s5aiObCsnqb7cJjTrK5jUx1kEdwMlBv/jclFnagtSc7vqAR82fR9qzZSZfPZYzWXq+yJf2Oo/ZW5w1cv8rUbrpX9ZpTeJFVecIiF8pK7F2UYH4xz0tE2EO/gMCI9vlgvIOXBy005WJIAzxcP4mHZFVxIkwyfWW0SN81Ma+Ojv52UlPpCuhqzdW3ikDkxUEguhklX1kCrZdqdAH99cB+enGnojm38IVpr01YVUcFsteFdOyAU0qHIEJNf7iMnZxln0fwCb5JW87Fmkg4Iz4kwVxiGTZXx1DjZ/5l7BaVSwA/s95P4P+TasQsjytZByvDJ/h9CFqEgsSwD2DuQ6HzbNxs1mOM/wWvqcNMr9U6E43ml8rU89MJSc8lwAhROH43uRQmFLsgDGhTDenKu6F5LnghZ0ZToziBeFh/7Uw40+9alRDXgtOsSRPz7l5ViwXNJCv5YZXXEGEXL1PShHMZ4EbXrpuhWO9RSpFIm0vOYhd9yxE1qYIRnjC7N+gGAiC7udHQnEkw7FkV9nbROwG2VO6wTRiqNhDoo9YDlgIbPvLWd9NVEGlvT9FKCema5X5W6bNm9N4wLNKK7RC5oJLVZTyG0Eb63kqWlcZdjHIGQH1RKb9ItRkIsF98MiwULW2vkAZPmjWb0eKyHSZIeyhgJAycITkFtFOQj48ppbICMCSlEmElw/Qls1rUIItizi1QQeoHWawMxY7mmegwxCB0/cRbFCbM79OgGFpw7BeSvnJwE/BYVNTGQ3r4+PXDQflOk0tcjz2Q7vzaVz8ENIOzkgDcBwWSy00HCKSdYNxq0DzgCJtIKevBSzAWxKUKp9RQuvwCmlEnA3LT4E74pYkQWcML2RjlghQXi8Oai6n//PawfBbz9miDWrBMZ2iRgyiR7i9uDTOwWb/5sxHih0X5qxDZzgVpaac8uTspjVcN7mhDPDFU/ysc1G4auJEg98l/+ybpxZM1Br3Qvy29Sknp6qK10XdLW8tjp/Bg4M71srnTSEmzbtG+mwoXKuwQA0PsLSxt5e/qjigWX5sSI6pIavHzFuk8USHgAC4vSOAkfkIaFmOLVQpRimnY6nQ9tcGTHR4dnT7Hzu7Fo/uy3i0AtEDsM8jKvEOalU/OmGeRFsESTRHAeDOF93Y9HNd8HKxnmpdFS1UCCxeUDskZ9aSToq9y+HUXaC9TWOKPdFd+6b5qdK+X3dB3RfVGAKbbynRtn98Z8arvCVRHZniJht1EMUgsd8ZDnTlgBz90PKISxAKnGuG6O9uh3036Cz3iIMo0MSzDKpulZGZWt0CHrHQGCHQXPzNKS1xawLb00xh4vRfpg4FQXu10532wTH+9RrBdc2OHZF6xD0+tQL9cUvcKoBjJbX4mneg5f0YNYUfB89RL+zeRBPL6Abs7wQgTss/EsaJooDlQE4EgA4QGpDzrMvAubhUDCqD2I2Sk8O2b7KqNQxHpghkIBEQc5KScUQZhFw7JEFHPAnBGqVlGeFmHKn9tKrHnGqwpaFSRsaieIABquKHY3o59sx274aic6zcA7glAup66a82qNuQDydvmwk6Qu2pY41Yzt/NpUnBXMOZXxcmysGtS4Vtctc4MWMUm0jr2muHrYHyny1bU0R3aCKXpXE9hlbcndOGdkJXzWeXvrzf5UszP0TvowxW9ExhuqUyy14JG/0kZEnbPVlkKjKGvTzENseiqKaGdxfwfzFzjPjELyzrW6LD+8XZ2nz4l7pySNxpbBtyyZbHLj5/uWy0zAcG4G9io+oUCCmqr4L/8one3MfPhZ+uqA2a4p0ffuJT9/VH/Q7LnPLw/IaGfrok+p3s0=&u=U2FsdGVkX183jKZkKIoDhnbPicyFA1DQtInoifzxMbs=&y=U2FsdGVkX1/hjyQNf4mMsgMFo46va2esBXbVIaEWotM= HTTP/1.1" 200 25
186.102.24.204 - - [06/Sep/2022:07:50:55 -0500] "GET /kwssiamovil/sm/acme/a?s=U2FsdGVkX18bUaD0f0kF7VVeH7tXk8Sr1ZOChfqdIYdzvyzCLDDgTqRgtHzQ4ladVcBM1zdKNdf+Y3wswKJ6EF11Bz/yDBCCVdaV2GHaaVvm/yPbKyjzfLcmTtTA20Itv/Y4Y4ZY7UAG41g9Zttwy/zaXbJZLPNCPvwHhMlQcmc=&u=U2FsdGVkX183jKZkKIoDhnbPicyFA1DQtInoifzxMbs=&y=U2FsdGVkX1/hjyQNf4mMsgMFo46va2esBXbVIaEWotM= HTTP/1.1" 200 25
186.102.24.204 - - [06/Sep/2022:07:50:55 -0500] "GET /kwssiamovil/sm/acme/a?s=U2FsdGVkX1/e8aYbrvYiJYMmZCZjFFQqb0Ce7buJOgKe60z7OUOcv1C+X8Zs//d7QglnBFJO4OIVRjXzp0hxeKs2ACQOiTzib46nFzuSDkc+zobP2aYFbIeTNzUrn0uWCjpJrN4Te7sJigRsyu0r9DcZ0gG6ZFXW8bZVMeaLgH4=&u=U2FsdGVkX183jKZkKIoDhnbPicyFA1DQtInoifzxMbs=&y=U2FsdGVkX1/hjyQNf4mMsgMFo46va2esBXbVIaEWotM= HTTP/1.1" 200 25
172.22.2.4 - - [06/Sep/2022:07:50:55 -0500] "GET /BLA/boletinlegal/consulta_actos.php?tipo=autos&no=2793&usuario=&sector=&fecha=2005&resuelve= HTTP/1.1" 200 626
186.102.24.204 - - [06/Sep/2022:07:50:55 -0500] "GET /kwssiamovil/sm/acme/a?s=U2FsdGVkX18hpTszrteEU8edlf1pxx0dG2O8WarG4IyollioLjoQzpuSEl5J79pK5ua7fHLOWqRwVcLX9UnBD4XsQZRCp7UPidURi1tjrI0885msGc2ceIRrYwWByMTQZhzHEmncRFTHmfMi96U67UC3Mpt6lpwiWELL8IMg+m4=&u=U2FsdGVkX183jKZkKIoDhnbPicyFA1DQtInoifzxMbs=&y=U2FsdGVkX1/hjyQNf4mMsgMFo46va2esBXbVIaEWotM= HTTP/1.1" 200 25
186.102.24.204 - - [06/Sep/2022:07:50:55 -0500] "GET /kwssiamovil/sm/acme/a?s=U2FsdGVkX19cuQjUcKJp9QF/kKCL9cfocEatRtRCCq6QNDb63hScJzC527VsgX0TNc44hBqR83TlKgzpJFZRDxj2upyJHG1VFXTNfTZlPcC1nNTfad6FQbjE9VpXeKz+s/NrGfp1nMX0LPdB/XQdfj3+yAwsEyYx8I4BMy7RBIjQUifi9OsXdGVRDVvwgEhb&u=U2FsdGVkX183jKZkKIoDhnbPicyFA1DQtInoifzxMbs=&y=U2FsdGVkX1/hjyQNf4mMsgMFo46va2esBXbVIaEWotM= HTTP/1.1" 200 25
186.102.24.204 - - [06/Sep/2022:07:50:55 -0500] "GET /kwssiamovil/sm/acme/a?s=U2FsdGVkX1991lmK+h+QRaLmF7GOXLXlzwrHkasW3NaXfk+RfjsosWKbY4ZWTmpV/5aj+7SFkMCq2h35wwhqemFZPePWyq0xTv+nlkRWE4ZV1mnomK39uq+5IyVcjHuWWgMFRGXZCo4wWqItQvOgWzsCxjhlf/ZosTgbKcVQM7TKIiQ1Ekqm9fkQQ83d6xxqyA7vb1K69umaS7rcBbp0iA==&u=U2FsdGVkX183jKZkKIoDhnbPicyFA1DQtInoifzxMbs=&y=U2FsdGVkX1/hjyQNf4mMsgMFo46va2esBXbVIaEWotM= HTTP/1.1" 200 25
186.102.24.204 - - [06/Sep/2022:07:50:56 -0500] "GET /kwssiamovil/sm/acme/a?s=U2FsdGVkX1/KLK1RZwfdjT6n8OYSUerDGUrL/bACUluF3hRgTwJdyfVl58XN8qYKP0YOxsQSKIhkcmPMbYQamt7higsnBbx7RQ2Iv/Qwl1L/IQia4zzwYkYFBRDS5qfd8lgUgrtZiG9reoxesnEClHtF96bNI0x4J0IH2Czdp1ukM2REZ2sk59uXBZE8sb2Z&u=U2FsdGVkX183jKZkKIoDhnbPicyFA1DQtInoifzxMbs=&y=U2FsdGVkX1/hjyQNf4mMsgMFo46va2esBXbVIaEWotM= HTTP/1.1" 200 25
186.102.24.204 - - [06/Sep/2022:07:50:56 -0500] "GET /kwssiamovil/sm/acme/a?s=U2FsdGVkX18rr5VK9U8BZr8LM9IYdlUjhOeXwMJxkK2Nl9MuHVLgD0vJIGtFVtHMTVOgeuO8hQj2MGK3YiLjKnz2J7N5FLN8g0nsuBFWTOpttc67NUc3++ft+GXJKMlLgqk+yoIaG5DDfDM0dPaK91FdYsdnjti+UTQdKLlCbHcuoTJvqopDNh9i8bl0ThkfwIs9+eVzVhxqItknT52rbg==&u=U2FsdGVkX183jKZkKIoDhnbPicyFA1DQtInoifzxMbs=&y=U2FsdGVkX1/hjyQNf4mMsgMFo46va2esBXbVIaEWotM= HTTP/1.1" 200 25
186.102.24.204 - - [06/Sep/2022:07:50:56 -0500] "GET /kwssiamovil/sm/acme/a?s=U2FsdGVkX1/zRCQAUiI8J+Z6L1gqofRbSssK7Tjzd3wj6KYBsVZkRyg41Jbsy2cmbWzo90wGvaWOjl33AN+scZ/GYDwr2xZoe8g01EBZKDfqkPWWhGrcxVJmoQhDvIxWd13SdGJOMGMsPUsuvzt636hlZfMpH9UDpfMtJEW4kRRLZtgJrDHLuYrxmDDgVJhs&u=U2FsdGVkX183jKZkKIoDhnbPicyFA1DQtInoifzxMbs=&y=U2FsdGVkX1/hjyQNf4mMsgMFo46va2esBXbVIaEWotM= HTTP/1.1" 200 25
186.102.24.204 - - [06/Sep/2022:07:50:56 -0500] "GET /kwssiamovil/sm/acme/a?s=U2FsdGVkX1/AuhSfdiPs7zFCiCQ1AkqUzfnDIBVSdsM/4ICqIUVwocBvERU2qO/sFf8nAuXv9uq7iC6KgMrAz7TldQE03doxjCnwaJaEzQFHCftg8lef3tKnKyOu8Qlin/uu8MIRPlE8nt5yL0svv6ymh6tbb1IjAe/4TC+GZY+tlPZCWsLAJJUW8BhmKgXmG5LBMS8FM3G/YMVm3VJrsg==&u=U2FsdGVkX183jKZkKIoDhnbPicyFA1DQtInoifzxMbs=&y=U2FsdGVkX1/hjyQNf4mMsgMFo46va2esBXbVIaEWotM= HTTP/1.1" 200 25
186.102.24.204 - - [06/Sep/2022:07:50:56 -0500] "GET /kwssiamovil/sm/acme/a?s=U2FsdGVkX19uFLG/bvFI5h4S1pvWodBDOrwwTgd7F0lpt2qxTnygpVidfbi1dDpynD+9UnWGyZWomxpN5GPCjicuQMI0a8AthhTDgt0Z1h3PjsLzC+LFh/MgmL1P5CwyEUrE6m2nipeucqJUkyCi3npkKrMalehTLwc7XCtkBSoWQRdHpQ7tjtA5Zrk3ji9e&u=U2FsdGVkX183jKZkKIoDhnbPicyFA1DQtInoifzxMbs=&y=U2FsdGVkX1/hjyQNf4mMsgMFo46va2esBXbVIaEWotM= HTTP/1.1" 200 25
186.102.24.204 - - [06/Sep/2022:07:50:57 -0500] "GET /kwssiamovil/sm/acme/a?s=U2FsdGVkX1+cJD1v7Cn4tJtiDueiGgBjqVZbtub309JogTOeqsy7aVmu0A9u2Muw2TL7k78xZvQHLLw71BZ07l2s1ZgXT3Sk0LlWBmvQ1OcfeViiIKl24lPtPQ7OCSZl2g6QeeO7WlYqHaZa3Pj8IhUulo3WfyLMvphKTlhRXfUTzl8t2dzqK/R3fYvBQWF/Y/K0j5OSwtgts8l8QMaILg==&u=U2FsdGVkX183jKZkKIoDhnbPicyFA1DQtInoifzxMbs=&y=U2FsdGVkX1/hjyQNf4mMsgMFo46va2esBXbVIaEWotM= HTTP/1.1" 200 25
172.22.2.4 - - [06/Sep/2022:07:50:57 -0500] "GET /BLA/boletinlegal/consulta_actos.php?tipo=autos&no=2793&usuario=&sector=&fecha=2005&resuelve= HTTP/1.1" 200 626
186.102.24.204 - - [06/Sep/2022:07:50:57 -0500] "GET /kwssiamovil/sm/acme/a?s=U2FsdGVkX1+3P347iDvHzY8xK08JK52pyd6kmmIrZb1x8kVzqWcsDjcCx9ritU8hhTXg089j+K+mKgieKMdwEX03FmlXowA2wotxsRiOKsCzQFZAwDFYatz5dIX5sov6Z1ubldIC2LOnCgBX5wE7VPZ8TE4gRGjBU142Fle2SO2B7JKD9N7SHg4eOdJQ+fRv&u=U2FsdGVkX183jKZkKIoDhnbPicyFA1DQtInoifzxMbs=&y=U2FsdGVkX1/hjyQNf4mMsgMFo46va2esBXbVIaEWotM= HTTP/1.1" 200 25
172.22.2.4 - - [06/Sep/2022:07:50:59 -0500] "GET /BLA/boletinlegal/consulta_actos.php?tipo=autos&no=2951&usuario=&sector=&fecha=2022&resuelve= HTTP/1.1" 200 1096
172.22.2.4 - - [06/Sep/2022:07:51:05 -0500] "GET /BLA/boletinlegal/consulta_actos.php?tipo=autos&no=2955&usuario=&sector=&fecha=2022&resuelve= HTTP/1.1" 200 1080
172.22.2.4 - - [06/Sep/2022:07:51:05 -0500] "GET /BLA/boletinlegal/actos.php HTTP/1.1" 200 9559
172.22.2.4 - - [06/Sep/2022:07:51:05 -0500] "GET /BLA/boletinlegal/favicon.ico HTTP/1.1" 404 1326
172.22.2.4 - - [06/Sep/2022:07:49:29 -0500] "GET /BLA/boletinlegal/ HTTP/1.1" 200 50395
172.22.2.4 - - [06/Sep/2022:07:51:10 -0500] "GET /BLA/boletinlegal/consulta_actos.php?tipo=autos&no=2957&usuario=&sector=&fecha=2022&resuelve= HTTP/1.1" 200 1076
172.22.2.4 - - [06/Sep/2022:07:49:34 -0500] "HEAD /BLA/boletinlegal/ HTTP/1.1" 200 -
172.22.2.4 - - [06/Sep/2022:07:51:17 -0500] "GET /BLA/boletinlegal/consulta_actos.php?tipo=autos&no=2964&usuario=&sector=&fecha=2022&resuelve= HTTP/1.1" 200 1120
172.22.2.4 - - [06/Sep/2022:07:51:23 -0500] "GET /BLA/boletinlegal/consulta_actos.php?tipo=resoluciones&no=1316&usuario=&sector=&fecha=2018&resuelve= HTTP/1.1" 200 1072
172.22.2.4 - - [06/Sep/2022:07:51:26 -0500] "GET /BLA/boletinlegal/consulta_actos.php?tipo=autos&no=2965&usuario=&sector=&fecha=2022&resuelve= HTTP/1.1" 200 1089
172.22.2.4 - - [06/Sep/2022:07:51:32 -0500] "GET /BLA/boletinlegal/consulta_actos.php?tipo=autos&no=2966&usuario=&sector=&fecha=2022&resuelve= HTTP/1.1" 200 1083
201.245.192.253 - - [06/Sep/2022:07:51:35 -0500] "POST /sipse/faces/presentacion/financiero/solicitudAnulacion/registrarSolicitudAnulacion.xhtml HTTP/1.1" 200 310630
172.22.2.4 - - [06/Sep/2022:07:51:38 -0500] "GET /BLA/boletinlegal/consulta_actos.php?tipo=autos&no=2969&usuario=&sector=&fecha=2022&resuelve= HTTP/1.1" 200 1071
216.245.221.92 - - [06/Sep/2022:07:51:42 -0500] "HEAD / HTTP/1.1" 200 -
172.22.2.4 - - [06/Sep/2022:07:51:44 -0500] "GET /BLA/boletinlegal/consulta_actos.php?tipo=autos&no=2985&usuario=&sector=&fecha=2022&resuelve= HTTP/1.1" 200 1073
186.84.22.222 - - [06/Sep/2022:07:51:46 -0500] "GET /distrito-presenta-proyecto-de-energia-solar-y-eficiencia-energetica-para-entidades-publicas-de-bogota.html HTTP/1.1" 200 908
172.22.2.4 - - [06/Sep/2022:07:51:03 -0500] "GET /BLA/boletinlegal/ HTTP/1.1" 200 24523
172.22.2.4 - - [06/Sep/2022:07:51:49 -0500] "GET /BLA/boletinlegal/consulta_actos.php?tipo=autos&no=2987&usuario=&sector=&fecha=2022&resuelve= HTTP/1.1" 200 1068
201.245.192.253 - - [06/Sep/2022:07:51:51 -0500] "POST /sipse/faces/presentacion/financiero/solicitudAnulacion/registrarSolicitudAnulacion.xhtml HTTP/1.1" 200 26612
201.245.192.253 - - [06/Sep/2022:07:51:51 -0500] "GET /sipse/faces/javax.faces.resource/theme.css?ln=primefaces-sipse HTTP/1.1" 304 -
201.245.192.253 - - [06/Sep/2022:07:51:51 -0500] "GET /sipse/faces/javax.faces.resource/primefaces.css?ln=primefaces&v=4.0 HTTP/1.1" 304 -
201.245.192.253 - - [06/Sep/2022:07:51:51 -0500] "GET /sipse/faces/javax.faces.resource/layout/layout.css?ln=primefaces&v=4.0 HTTP/1.1" 304 -
201.245.192.253 - - [06/Sep/2022:07:51:51 -0500] "GET /sipse/faces/javax.faces.resource/jquery/jquery-plugins.js?ln=primefaces&v=4.0 HTTP/1.1" 304 -
201.245.192.253 - - [06/Sep/2022:07:51:51 -0500] "GET /sipse/faces/javax.faces.resource/primefaces.js?ln=primefaces&v=4.0 HTTP/1.1" 304 -
201.245.192.253 - - [06/Sep/2022:07:51:51 -0500] "GET /sipse/faces/javax.faces.resource/layout/layout.js?ln=primefaces&v=4.0 HTTP/1.1" 304 -
201.245.192.253 - - [06/Sep/2022:07:51:51 -0500] "GET /sipse/faces/javax.faces.resource/jquery/jquery.js?ln=primefaces&v=4.0 HTTP/1.1" 304 -
201.245.192.253 - - [06/Sep/2022:07:51:51 -0500] "GET /sipse/faces/javax.faces.resource/images/ui-icons_898989_256x240.png?ln=primefaces-aristo HTTP/1.1" 304 -
172.22.2.4 - - [06/Sep/2022:07:51:56 -0500] "GET /BLA/boletinlegal/consulta_actos.php?tipo=autos&no=3003&usuario=&sector=&fecha=2022&resuelve= HTTP/1.1" 200 1086
35.220.229.69 - - [06/Sep/2022:07:51:57 -0500] "GET / HTTP/1.1" 200 319
172.22.2.4 - - [06/Sep/2022:07:52:02 -0500] "GET /BLA/boletinlegal/consulta_actos.php?tipo=autos&no=3015&usuario=&sector=&fecha=2022&resuelve= HTTP/1.1" 200 1095
172.22.2.4 - - [06/Sep/2022:07:50:24 -0500] "GET /BLA/boletinlegal/ HTTP/1.1" 200 50395
172.22.2.4 - - [06/Sep/2022:07:52:08 -0500] "GET /BLA/boletinlegal/consulta_actos.php?tipo=autos&no=3019&usuario=&sector=&fecha=2022&resuelve= HTTP/1.1" 200 1069
172.22.2.4 - - [06/Sep/2022:07:52:13 -0500] "GET /BLA/boletinlegal/consulta_actos.php?tipo=autos&no=3020&usuario=&sector=&fecha=2022&resuelve= HTTP/1.1" 200 1070
172.22.2.4 - - [06/Sep/2022:07:52:19 -0500] "GET /BLA/boletinlegal/consulta_actos.php?tipo=autos&no=3024&usuario=&sector=&fecha=2022&resuelve= HTTP/1.1" 200 1077
172.22.2.4 - - [06/Sep/2022:07:52:25 -0500] "GET /BLA/boletinlegal/consulta_actos.php?tipo=autos&no=3121&usuario=&sector=&fecha=2022&resuelve= HTTP/1.1" 200 1084
186.29.44.124 - - [06/Sep/2022:07:52:25 -0500] "GET /distrito-presenta-proyecto-de-energia-solar-y-eficiencia-energetica-para-entidades-publicas-de-bogota.html HTTP/1.1" 200 908
186.29.44.124 - - [06/Sep/2022:07:52:25 -0500] "GET /images/paneles-solares-1_optimized.jpg HTTP/1.1" 200 108853
172.22.2.4 - - [06/Sep/2022:07:52:34 -0500] "GET /BLA/boletinlegal/consulta_actos.php?tipo=autos&no=3121&usuario=&sector=&fecha=2022&resuelve= HTTP/1.1" 200 1084
201.245.192.253 - - [06/Sep/2022:07:52:38 -0500] "GET /sipse/faces/javax.faces.resource/images/ui-bg_flat_0_2d5972_40x100.png?ln=primefaces-aristo HTTP/1.1" 304 -
201.245.192.253 - - [06/Sep/2022:07:52:38 -0500] "POST /sipse/faces/presentacion/financiero/solicitudProceso/registrarAnotacion.xhtml HTTP/1.1" 200 55068
201.245.192.253 - - [06/Sep/2022:07:52:38 -0500] "GET /sipse/faces/javax.faces.resource/fileupload/fileupload.css?ln=primefaces&v=4.0 HTTP/1.1" 304 -
201.245.192.253 - - [06/Sep/2022:07:52:38 -0500] "GET /sipse/faces/javax.faces.resource/jquery/jquery.js?ln=primefaces&v=4.0 HTTP/1.1" 304 -
201.245.192.253 - - [06/Sep/2022:07:52:38 -0500] "GET /sipse/faces/javax.faces.resource/jquery/jquery-plugins.js?ln=primefaces&v=4.0 HTTP/1.1" 304 -
201.245.192.253 - - [06/Sep/2022:07:52:38 -0500] "GET /sipse/faces/javax.faces.resource/primefaces.js?ln=primefaces&v=4.0 HTTP/1.1" 304 -
201.245.192.253 - - [06/Sep/2022:07:52:38 -0500] "GET /sipse/faces/javax.faces.resource/layout/layout.js?ln=primefaces&v=4.0 HTTP/1.1" 304 -
201.245.192.253 - - [06/Sep/2022:07:52:38 -0500] "GET /sipse/faces/javax.faces.resource/fileupload/fileupload.js?ln=primefaces&v=4.0 HTTP/1.1" 304 -
172.22.2.4 - - [06/Sep/2022:07:51:47 -0500] "GET /BLA/boletinlegal/ HTTP/1.1" 200 36811
185.216.71.242 - - [06/Sep/2022:07:52:40 -0500] "GET / HTTP/1.1" 200 319
172.22.2.4 - - [06/Sep/2022:07:52:41 -0500] "GET /BLA/boletinlegal/consulta_actos.php?tipo=autos&no=3136&usuario=&sector=&fecha=2022&resuelve= HTTP/1.1" 200 1076
185.216.71.242 - - [06/Sep/2022:07:52:42 -0500] "POST /debug.cgi HTTP/1.1" 404 1018
186.116.209.111 - - [06/Sep/2022:07:53:05 -0500] "GET /forest/ HTTP/1.1" 200 12041
201.245.192.253 - - [06/Sep/2022:07:53:10 -0500] "POST /sipse/faces/presentacion/financiero/solicitudAnulacion/registrarSolicitudAnulacion.xhtml HTTP/1.1" 200 27108
201.245.192.253 - - [06/Sep/2022:07:53:10 -0500] "GET /sipse/faces/javax.faces.resource/theme.css?ln=primefaces-sipse HTTP/1.1" 304 -
201.245.192.253 - - [06/Sep/2022:07:53:10 -0500] "GET /sipse/faces/javax.faces.resource/primefaces.css?ln=primefaces&v=4.0 HTTP/1.1" 304 -
201.245.192.253 - - [06/Sep/2022:07:53:10 -0500] "GET /sipse/faces/javax.faces.resource/jquery/jquery.js?ln=primefaces&v=4.0 HTTP/1.1" 304 -
201.245.192.253 - - [06/Sep/2022:07:53:10 -0500] "GET /sipse/faces/javax.faces.resource/layout/layout.css?ln=primefaces&v=4.0 HTTP/1.1" 304 -
201.245.192.253 - - [06/Sep/2022:07:53:10 -0500] "GET /sipse/faces/javax.faces.resource/layout/layout.js?ln=primefaces&v=4.0 HTTP/1.1" 304 -
201.245.192.253 - - [06/Sep/2022:07:53:10 -0500] "GET /sipse/faces/javax.faces.resource/jquery/jquery-plugins.js?ln=primefaces&v=4.0 HTTP/1.1" 304 -
