!C99Shell v. 1.0 pre-release build #13!

Software: Apache. PHP/5.5.15 

uname -a: Windows NT SVR-DMZ 6.1 build 7600 (Windows Server 2008 R2 Enterprise Edition) i586 

SYSTEM 

Safe-mode: OFF (not secure)

E:\nuevo\apache\logs\   drwxrwxrwx
Free 7.33 GB of 239.26 GB (3.07%)
Detected drives: [ a ] [ c ] [ d ] [ e ] [ f ]
Home    Back    Forward    UPDIR    Refresh    Search    Buffer    Encoder    Tools    Proc.    FTP brute    Sec.    SQL    PHP-code    Update    Feedback    Self remove    Logout    


Viewing file:     access.2022.09.14.log (2.52 MB)      -rw-rw-rw-
Select action/file-type:
(+) | (+) | (+) | Code (+) | Session (+) | (+) | SDB (+) | (+) | (+) | (+) | (+) | (+) |
186.30.67.253 - - [14/Sep/2022:00:00:21 -0500] "GET /BLA/resoluciones/RESOLUCIONES%202008/3839.pdf HTTP/1.1" 200 964096
186.30.67.253 - - [14/Sep/2022:00:00:49 -0500] "GET /BLA/resoluciones/index.php?dir=RESOLUCIONES+2019%2F HTTP/1.1" 200 245239
157.55.39.200 - - [14/Sep/2022:00:01:46 -0500] "GET /BLA/boletinlegal/Circulares/2019/Circular%20No.%200015%20del%2003%20de%20Octubre%20de%202019.pdf HTTP/1.1" 304 -
201.245.192.253 - - [14/Sep/2022:00:02:27 -0500] "POST /kwsrmcab/Wsrmcab  HTTP/1.1" 200 38139
216.245.221.92 - - [14/Sep/2022:00:03:16 -0500] "HEAD / HTTP/1.1" 200 -
181.53.14.142 - - [14/Sep/2022:00:03:27 -0500] "GET /kwssiamovil/sm/acme/a?s=U2FsdGVkX1/RTiUTKLyUP2OSZuwqDKUiUGy6xXB3IOiSVyUGZTkiq9iwcahRGkY8UG3lCviuPRux5BweAVf2iNhbRsMG9+nPr1U9VvaLasVCYUtllqEbO2eXsQxIdg0WApTw85LxE5y6cWDQZN5Sm/pq8f9A30zhMSviQxeUSTSnpCGZFFFHBKMmHASzuQgWqtImCq+cHtnJA38VBxN8DWazdBvp+NnqbsR+16BQtLHg1PFQXWAWBU8r1ViqJ6hSyh6IefybPBz1SIj7k3Ycos30ifrI45MNEJxai/9Gecc=&u=U2FsdGVkX19bHTg7rOxJPZzeye2bOd0wt1/BdE3YGtQTMDjM8i4/JRBs4WbcGz0a&y=U2FsdGVkX19wqz0OWMPNUE9O0mue9sI+TOPtBUtV8YSscg/RCf9YknHZKNeHa3rj HTTP/1.1" 200 25
181.53.14.142 - - [14/Sep/2022:00:03:28 -0500] "GET /kwssiamovil/sm/acme/a?s=U2FsdGVkX1//i+IrVEszBhFPp3KX5KWSDnEIRMK8wcAFiPnVOLOrAOvQXwXSLWTJewcuIDZx20fAVooeaPpbuRd9SMEf9kYA0zU4iENR7Jc7DpXxZDyu7aj/Ln267tBOFnzsQFcgWdInSdimWF5nt23gt0sh8gu/lkyj7g/kdY9lhWSJM++6bT/sYhLsnqqT5xtCeVPE/vClRKwdFfbweX0hWEMi3DPKb2l9oVK0FRKNpkbKQqcTLlgwt+DEE5D3VGF71qDgM6G/orlHsNZK+4j7oknIU1nqpF2mwROsznEwQ9dzYWOib8q1hHCUjLpGIBtiwJCjvhKRuxgCKaKWghueqoDSpuNgFd6HnlQ6ptp4HGmUzhOfUxl0aVnfCyWhNsFeo6l0qapnSMF3TwK3fr6C51WAdcPiIy5J6he4CINlGi8KYzH7PVjEQJqCANjbIJyXTjv2iHxwvnXvHNHjeQ6OsYsXyiCu/Z1bIa93qh/zeU/BGl3U9ouCr377xtXFFlqLsLHzmzg98RoXBP1Ty/Xn5m9teJqKvJdBYbijLenYMceodcLgnWVyoHqHuzyD2sTD3/ZbXpF9hCGsRPgPrzBB+HDr2wbN0naACtsJzVDbYYzdXFu0N59x/47Ag1JuI7dwL6nKs9YJ3IkxZZZzFMmcxqrT5Y2f4i+6r0VkvXRK+xcTEFpa9RLUnpU7b+gzJcMcjgqXR+1pBglBlKCVsk5kj6O2zSyM7vusUvwqFsvqD4jRpUlYFFSUFhxsvlaG3ip6en7AFLBsakqmFemhPcflkMRzSYcrdasl0wXSMAdBbIVWKRum/D1KBDVj8vy8eni6byCiBt+OZ1hW53GUzl5MLrLVYNAD2Hp/bEnxDnHwArOMJO5TkFhtar8KjBcBGTHgxfiDgSeKmsPMvPviRUvOLgdDoc9KKueHEr5EKmOIpZJw29+Z1sqlzjQc9PBYcLZ7+gJDitOJF7HywLaVZIIB/Hnvdo13qlEIK0SdNvrV5Pl9FFKDePIJj97jlHcDxsIZFnnD31/ojOENMID53hGUI4/gJQKTlbB//ZmkIAtIWUoobBHPhlWKNbyJiLnWTLqJ+n1Em8VdmDHgYJ49udC9ZpH1eLzkkzfOaJfxZBgzRa1ztWMTGQwZb9qXFaZIFK9qeHvV0vdviM/6TJa3vweC9rsx0/DOCphiKGHAdaUcp8z4pVg+f7j/FVsfGoMqNQLanWuFIEpujv2fvK6pLDbko3GvHBsKxvZ5wpVQdynAohUwCS7lg4ZuLBnGIZlmGNtzo04qtqBK8kgd7b+MAx+5i4fTqnARqJ+m+35SVzApf4aU8vgEzmoNs7O1/M6GRji81THFzduW9aXCN8W0znQ/O/1vwy6QStgDv4C6Pe3F2ddnhgsd9kWiuy7koLfAdnhrsigAyw37m5wi4VSCb0RSjc7burRLq/G19LR1InVGbbIS6fYYI1E7GwAQaWwxzQT9E8dpmGpsWgwJZa5KqSryJVlJAvmdcewqO9jlQp57LXB9i9Kr1hstXB3xHJjiU3voHTfgp5dEbyuN/Syiei8sWpkXq/kNBEo9eCcZ9O5MsABuVD0El16qAnaH+kU8wigAkF3VzbjoPJbRjSrzABeK7yBsmrkeQuNnsTqOD+RaJmUv4o1gqnLcGz4RF8P0trbrt+3fQBqly145B14M+6RCS/G1D967DF8FMMNkfBS9eqaj/B+d8Ztd2uY6Na7PyZsCRjhf7xvqMdrMmbf0IgXiMGjQWQIunvN7qdnhgrS1ZDhXf5V0tcbWmZCsziYtu+WIBS6Kf7CO9xwAaGSMOd/R6pxf9OqgmiFNdqTIYVZN5yNmoEIdGYRrZm8tCpAAg61dvpXukVDfDbUPlH5wSW4pGZyu2i/E0U9viIQyHBvVNlZO8yiqKK8oelGKkN40iW64EKL3ZLysXbLUjj7CNxChdP+WA5BFnfcie7iJgGNYT9apPbhneENLnd+E8uqpqRC5KiTv269TCmO2gYedjQb+jPA3cT+fkvw3NcRs2p8pSjL8q6Q7W5Of9L2x0kGDrZhYpZZe4t0RrZXSiadeAi3opiNkLldkM1NwnWJNl388nUtkDz2JWfpVlsEPOVpMz6WPClbLuBFRPfkSep/MoN65RFcnbE3v7jiCYMOAeqM=&u=U2FsdGVkX19bHTg7rOxJPZzeye2bOd0wt1/BdE3YGtQTMDjM8i4/JRBs4WbcGz0a&y=U2FsdGVkX19wqz0OWMPNUE9O0mue9sI+TOPtBUtV8YSscg/RCf9YknHZKNeHa3rj HTTP/1.1" 200 25
181.53.14.142 - - [14/Sep/2022:00:03:28 -0500] "GET /kwssiamovil/sm/acme/a?s=U2FsdGVkX1+MQ28DT3iPymKjR7upTECgN5kJAtvOcdW8DZF93hebot7i7SmnKC2fXgRuhNIYjP7nkb+2q+2P3rxXVBPEtOYvnZHX6pLGlIjrfY4hNlJStmfwha1dypxJfqnCuVlUaQQAaZEkew9M5Ad5FPgbvM3EHFVR56GJJdE=&u=U2FsdGVkX19bHTg7rOxJPZzeye2bOd0wt1/BdE3YGtQTMDjM8i4/JRBs4WbcGz0a&y=U2FsdGVkX19wqz0OWMPNUE9O0mue9sI+TOPtBUtV8YSscg/RCf9YknHZKNeHa3rj HTTP/1.1" 200 25
181.53.14.142 - - [14/Sep/2022:00:03:28 -0500] "GET /kwssiamovil/sm/acme/a?s=U2FsdGVkX19H/donJI8zHBKhklJbsVBYz07PRwTCIN/nhyz+nvJLcNnQ5vJNco2DCmVTXOmgVRro0EB1oOFDyeN9bHeo3rNN+ObAjs5Tyta5/vcH9FtD/5OGppAfblAHynqpSW33caG9vZFlkssrNC3FAhJ4/UrQGQptqm6N3Q8=&u=U2FsdGVkX19bHTg7rOxJPZzeye2bOd0wt1/BdE3YGtQTMDjM8i4/JRBs4WbcGz0a&y=U2FsdGVkX19wqz0OWMPNUE9O0mue9sI+TOPtBUtV8YSscg/RCf9YknHZKNeHa3rj HTTP/1.1" 200 25
181.53.14.142 - - [14/Sep/2022:00:03:29 -0500] "GET /kwssiamovil/sm/acme/a?s=U2FsdGVkX18t1qx0nuGEM5uio3YFbmp+Tip5X/jslwQ/nsbnWS8pqZDM+RQEqBL+pcygY0NAmSeFyPNAl8xmVxoURpXHvRiTM8GhlawzaXJX3SVPkUAFjfgNRBpBkdV4lseL3XF8V7zbC7BGQw9l4K1wMaG1UCH0yqGBDabhTvE=&u=U2FsdGVkX19bHTg7rOxJPZzeye2bOd0wt1/BdE3YGtQTMDjM8i4/JRBs4WbcGz0a&y=U2FsdGVkX19wqz0OWMPNUE9O0mue9sI+TOPtBUtV8YSscg/RCf9YknHZKNeHa3rj HTTP/1.1" 200 25
181.53.14.142 - - [14/Sep/2022:00:03:29 -0500] "GET /kwssiamovil/sm/acme/a?s=U2FsdGVkX1/pIWM5A1A7P3T8SBuiL3zDJdxw3MDR38DbF6qfwoo8O12HjSmV7xxRquNT5dbLsUYmJ7rlBoFVndCdwYea2/lw+9Nry7E0a2sVG9LYREHE3bcWKibcgEbv5Ax7Nsm9gyN9hwKEKVy5QTGEvLyImO8gef8Um/srOiDWGhPTut263i2fItBH8Zv0y9Y6DeX8VdaUSC3mEo9+eQ==&u=U2FsdGVkX19bHTg7rOxJPZzeye2bOd0wt1/BdE3YGtQTMDjM8i4/JRBs4WbcGz0a&y=U2FsdGVkX19wqz0OWMPNUE9O0mue9sI+TOPtBUtV8YSscg/RCf9YknHZKNeHa3rj HTTP/1.1" 200 25
172.22.2.4 - - [14/Sep/2022:00:01:51 -0500] "HEAD /BLA/boletinlegal/ HTTP/1.1" 200 -
186.30.67.253 - - [14/Sep/2022:00:04:19 -0500] "GET /BLA/resoluciones/RESOLUCIONES%202019/0405.pdf HTTP/1.1" 200 273748
172.22.2.4 - - [14/Sep/2022:00:02:41 -0500] "GET /BLA/boletinlegal/ HTTP/1.1" 200 58163
201.245.192.253 - - [14/Sep/2022:00:07:26 -0500] "POST /kwsrmcab/Wsrmcab  HTTP/1.1" 200 38139
216.245.221.92 - - [14/Sep/2022:00:08:16 -0500] "HEAD / HTTP/1.1" 200 -
157.55.39.188 - - [14/Sep/2022:00:08:20 -0500] "GET /BLA/resoluciones/RESOLUCIONES%202022/1419.pdf HTTP/1.1" 200 688635
185.119.81.107 - - [14/Sep/2022:00:08:26 -0500] "GET /portaldeninos/wp-login.php HTTP/1.1" 200 2592
185.119.81.107 - - [14/Sep/2022:00:08:27 -0500] "POST /portaldeninos/wp-login.php HTTP/1.1" 200 3650
172.22.2.4 - - [14/Sep/2022:00:07:41 -0500] "HEAD /BLA/boletinlegal/ HTTP/1.1" 200 -
190.25.98.89 - - [14/Sep/2022:00:09:37 -0500] "GET /plan-de-accion-climatica-pac-de-bogota-aporta-en-cerca-del-90-al-cumplimiento-de-las-acciones-del-acuerdo-de-emergencia-climatica.html HTTP/1.1" 200 1069
172.22.2.4 - - [14/Sep/2022:00:08:31 -0500] "GET /BLA/boletinlegal/ HTTP/1.1" 200 58163
186.30.67.253 - - [14/Sep/2022:00:11:15 -0500] "GET /BLA/resoluciones/index.php?dir=RESOLUCIONES+2020%2F HTTP/1.1" 200 165994
186.30.67.253 - - [14/Sep/2022:00:11:51 -0500] "GET /BLA/resoluciones/RESOLUCIONES%202020/0007.pdf HTTP/1.1" 200 302220
177.242.158.227 - - [14/Sep/2022:00:12:03 -0500] "GET /galeria/galeria/jquery.fancybox.css?v=2.1.5 HTTP/1.1" 200 4895
177.242.158.227 - - [14/Sep/2022:00:12:06 -0500] "GET /BLA/boletinlegal/js/jquery.scrollShow.js HTTP/1.1" 200 4586
177.242.158.227 - - [14/Sep/2022:00:12:06 -0500] "GET /galeria/galeria/jquery.fancybox.js?v=2.1.5 HTTP/1.1" 200 48706
201.245.192.253 - - [14/Sep/2022:00:12:25 -0500] "POST /kwsrmcab/Wsrmcab  HTTP/1.1" 200 38139
216.245.221.92 - - [14/Sep/2022:00:13:16 -0500] "HEAD / HTTP/1.1" 200 -
152.61.192.232 - - [14/Sep/2022:00:13:55 -0500] "GET / HTTP/1.1" 200 319
174.138.55.29 - - [14/Sep/2022:00:14:35 -0500] "GET / HTTP/1.1" 200 319
174.138.55.29 - - [14/Sep/2022:00:14:35 -0500] "GET /favicon.ico HTTP/1.1" 200 7782
172.22.2.4 - - [14/Sep/2022:00:13:31 -0500] "HEAD /BLA/boletinlegal/ HTTP/1.1" 200 -
172.22.2.4 - - [14/Sep/2022:00:14:21 -0500] "GET /BLA/boletinlegal/ HTTP/1.1" 200 58163
157.55.39.200 - - [14/Sep/2022:00:16:16 -0500] "GET /siipev/Diseno%20de%20Elementos%20de%20Mobiliario%20Urbano/Diseno%20pertenecientes%20al%20mobiliario%20urbano%20M10-M160/PARTE%20A/Dise%C3%B1o%20de%20Elementos%20M-10.pdf HTTP/1.1" 304 -
201.245.192.253 - - [14/Sep/2022:00:17:24 -0500] "POST /kwsrmcab/Wsrmcab  HTTP/1.1" 200 38139
186.30.67.253 - - [14/Sep/2022:00:17:45 -0500] "GET /BLA/resoluciones/index.php?dir=RESOLUCIONES+2019%2F HTTP/1.1" 200 57291
186.30.67.253 - - [14/Sep/2022:00:17:45 -0500] "GET /BLA/resoluciones/index.php?dir=RESOLUCIONES+2019%2F HTTP/1.1" 200 245239
186.30.67.253 - - [14/Sep/2022:00:17:58 -0500] "GET /BLA/resoluciones/RESOLUCIONES%202019/0983.pdf HTTP/1.1" 200 610721
216.245.221.92 - - [14/Sep/2022:00:18:15 -0500] "HEAD / HTTP/1.1" 200 -
201.245.192.253 - - [14/Sep/2022:00:19:00 -0500] "POST /kwsrmcab/Wsrmcab HTTP/1.1" 200 37809
201.245.192.253 - - [14/Sep/2022:00:19:03 -0500] "POST /kwsrmcab/Wsrmcab HTTP/1.1" 200 41971
152.61.128.50 - - [14/Sep/2022:00:19:16 -0500] "GET / HTTP/1.1" 200 319
172.22.2.4 - - [14/Sep/2022:00:19:21 -0500] "HEAD /BLA/boletinlegal/ HTTP/1.1" 200 -
207.46.13.131 - - [14/Sep/2022:00:21:26 -0500] "GET /BLA/resoluciones/2002RES105.tif HTTP/1.1" 404 1018
172.22.2.4 - - [14/Sep/2022:00:20:11 -0500] "GET /BLA/boletinlegal/ HTTP/1.1" 200 58163
201.245.192.253 - - [14/Sep/2022:00:22:23 -0500] "POST /kwsrmcab/Wsrmcab  HTTP/1.1" 200 38139
216.245.221.92 - - [14/Sep/2022:00:23:15 -0500] "HEAD / HTTP/1.1" 200 -
172.22.2.4 - - [14/Sep/2022:00:25:11 -0500] "HEAD /BLA/boletinlegal/ HTTP/1.1" 200 -
172.22.2.4 - - [14/Sep/2022:00:27:01 -0500] "GET /BLA/boletinlegal/login HTTP/1.1" 404 1018
201.245.192.253 - - [14/Sep/2022:00:27:22 -0500] "POST /kwsrmcab/Wsrmcab  HTTP/1.1" 200 38139
172.22.2.4 - - [14/Sep/2022:00:26:01 -0500] "GET /BLA/boletinlegal/ HTTP/1.1" 200 60281
186.30.67.253 - - [14/Sep/2022:00:27:44 -0500] "GET /BLA/resoluciones/AUTOS%202012/3052.pdf HTTP/1.1" 200 269093
216.245.221.92 - - [14/Sep/2022:00:28:15 -0500] "HEAD / HTTP/1.1" 200 -
207.46.13.131 - - [14/Sep/2022:00:28:39 -0500] "GET /BLA/resoluciones/RESOLUCIONES%202017/0493.pdf HTTP/1.1" 200 325992
201.245.192.253 - - [14/Sep/2022:00:29:00 -0500] "POST /kwsrmcab/Wsrmcab HTTP/1.1" 200 37809
201.245.192.253 - - [14/Sep/2022:00:29:03 -0500] "POST /kwsrmcab/Wsrmcab HTTP/1.1" 200 41971
201.245.192.253 - - [14/Sep/2022:00:32:21 -0500] "POST /kwsrmcab/Wsrmcab  HTTP/1.1" 200 38139
172.22.2.4 - - [14/Sep/2022:00:31:01 -0500] "HEAD /BLA/boletinlegal/ HTTP/1.1" 200 -
216.245.221.92 - - [14/Sep/2022:00:33:15 -0500] "HEAD / HTTP/1.1" 200 -
172.22.2.4 - - [14/Sep/2022:00:31:51 -0500] "GET /BLA/boletinlegal/ HTTP/1.1" 200 60281
165.227.219.234 - - [14/Sep/2022:00:37:19 -0500] "GET / HTTP/1.1" 200 319
201.245.192.253 - - [14/Sep/2022:00:37:20 -0500] "POST /kwsrmcab/Wsrmcab  HTTP/1.1" 200 38139
216.245.221.92 - - [14/Sep/2022:00:38:15 -0500] "HEAD / HTTP/1.1" 200 -
172.22.2.4 - - [14/Sep/2022:00:36:51 -0500] "HEAD /BLA/boletinlegal/ HTTP/1.1" 200 -
185.119.81.107 - - [14/Sep/2022:00:39:01 -0500] "GET /portaldeninos/wp-login.php HTTP/1.1" 200 2592
185.119.81.107 - - [14/Sep/2022:00:39:02 -0500] "POST /portaldeninos/wp-login.php HTTP/1.1" 200 3605
201.245.192.253 - - [14/Sep/2022:00:38:59 -0500] "POST /kwsrmcab/Wsrmcab HTTP/1.1" 200 37809
201.245.192.253 - - [14/Sep/2022:00:39:03 -0500] "POST /kwsrmcab/Wsrmcab HTTP/1.1" 200 41971
172.22.2.4 - - [14/Sep/2022:00:37:41 -0500] "GET /BLA/boletinlegal/ HTTP/1.1" 200 53290
186.30.67.253 - - [14/Sep/2022:00:39:25 -0500] "GET /BLA/resoluciones/AUTOS%202012/1617.pdf HTTP/1.1" 200 265433
173.252.111.19 - - [14/Sep/2022:00:40:25 -0500] "GET /images/ecosistema-dia-internacional-tierra-21-abril.jpg HTTP/1.1" 200 30098
69.63.189.2 - - [14/Sep/2022:00:41:02 -0500] "GET /dia-internacional-de-la-tierra-actividades-para-celebrar-esta-fecha-en-bogota.html HTTP/1.1" 206 879
157.55.39.201 - - [14/Sep/2022:00:42:21 -0500] "GET /BLA/resoluciones/RESOLUCIONES%202002/RES%202002%20101-150/2002RES115.tif HTTP/1.1" 200 156586
201.245.192.253 - - [14/Sep/2022:00:42:19 -0500] "POST /kwsrmcab/Wsrmcab  HTTP/1.1" 200 38139
216.245.221.92 - - [14/Sep/2022:00:43:15 -0500] "HEAD / HTTP/1.1" 200 -
185.119.81.106 - - [14/Sep/2022:00:43:27 -0500] "GET /portaldeninos/wp-login.php HTTP/1.1" 200 2592
185.119.81.106 - - [14/Sep/2022:00:43:28 -0500] "POST /portaldeninos/wp-login.php HTTP/1.1" 200 3605
207.46.13.165 - - [14/Sep/2022:00:44:19 -0500] "GET /BLA/boletinlegal/Circulares/2018/Circular%20No.%2010%20del%2021%20de%20Septiembre%20de%202018.pdf HTTP/1.1" 304 -
172.22.2.4 - - [14/Sep/2022:00:42:41 -0500] "HEAD /BLA/boletinlegal/ HTTP/1.1" 200 -
157.55.39.200 - - [14/Sep/2022:00:45:09 -0500] "GET / HTTP/1.1" 200 319
172.22.2.4 - - [14/Sep/2022:00:43:31 -0500] "GET /BLA/boletinlegal/ HTTP/1.1" 200 59828
201.245.192.253 - - [14/Sep/2022:00:47:17 -0500] "POST /kwsrmcab/Wsrmcab  HTTP/1.1" 200 38139
216.245.221.92 - - [14/Sep/2022:00:48:15 -0500] "HEAD / HTTP/1.1" 200 -
185.119.81.107 - - [14/Sep/2022:00:49:04 -0500] "GET /portaldeninos/wp-login.php HTTP/1.1" 200 2592
185.119.81.107 - - [14/Sep/2022:00:49:05 -0500] "POST /portaldeninos/wp-login.php HTTP/1.1" 200 3650
66.249.75.63 - - [14/Sep/2022:00:49:52 -0500] "-" 408 -
172.22.2.4 - - [14/Sep/2022:00:48:31 -0500] "HEAD /BLA/boletinlegal/ HTTP/1.1" 200 -
172.22.2.4 - - [14/Sep/2022:00:49:21 -0500] "GET /BLA/boletinlegal/ HTTP/1.1" 200 53290
201.245.192.253 - - [14/Sep/2022:00:52:16 -0500] "POST /kwsrmcab/Wsrmcab  HTTP/1.1" 200 38139
54.193.199.100 - - [14/Sep/2022:00:52:32 -0500] "GET / HTTP/1.1" 200 319
216.245.221.92 - - [14/Sep/2022:00:53:15 -0500] "HEAD / HTTP/1.1" 200 -
54.193.211.219 - - [14/Sep/2022:00:53:37 -0500] "GET /portaldeninos/ HTTP/1.1" 200 110197
157.55.39.188 - - [14/Sep/2022:00:55:35 -0500] "GET /BLA/resoluciones/RESOLUCIONES%202000/2000%20650-699.tif HTTP/1.1" 200 6223095
66.249.75.63 - - [14/Sep/2022:00:55:35 -0500] "-" 408 -
172.22.2.4 - - [14/Sep/2022:00:54:21 -0500] "HEAD /BLA/boletinlegal/ HTTP/1.1" 200 -
172.22.2.4 - - [14/Sep/2022:00:55:11 -0500] "GET /BLA/boletinlegal/ HTTP/1.1" 200 54356
201.245.192.253 - - [14/Sep/2022:00:57:15 -0500] "POST /kwsrmcab/Wsrmcab  HTTP/1.1" 200 38139
172.22.2.4 - - [14/Sep/2022:00:58:02 -0500] "GET /BLA/boletinlegal/favicon.ico HTTP/1.1" 404 1018
172.22.2.4 - - [14/Sep/2022:00:58:05 -0500] "GET /BLA/boletinlegal/sitemap.xml HTTP/1.1" 404 1018
172.22.2.4 - - [14/Sep/2022:00:58:05 -0500] "GET /BLA/boletinlegal/robots.txt HTTP/1.1" 404 1018
40.77.167.101 - - [14/Sep/2022:00:58:08 -0500] "-" 408 -
216.245.221.92 - - [14/Sep/2022:00:58:15 -0500] "HEAD / HTTP/1.1" 200 -
172.22.2.4 - - [14/Sep/2022:00:57:45 -0500] "GET /BLA/boletinlegal/ HTTP/1.1" 200 32715
152.61.192.232 - - [14/Sep/2022:00:59:48 -0500] "GET /arcgis/services/Calidad_del_Agua_WQI/MapServer/WMSServer?request=GetCapabilities&service=WMS HTTP/1.1" 503 1020
152.61.192.232 - - [14/Sep/2022:00:59:50 -0500] "GET /arcgis/services/Calidad_del_Agua_WQI/MapServer/WMSServer?SERVICE=WMS&REQUEST=GetCapabilities HTTP/1.1" 503 1020
152.61.192.232 - - [14/Sep/2022:00:59:50 -0500] "GET /arcgis/services/Calidad_del_Agua_WQI/MapServer/WMSServer?WMTVER=1.0.0&REQUEST=capabilities HTTP/1.1" 503 1020
172.22.2.4 - - [14/Sep/2022:01:00:11 -0500] "HEAD /BLA/boletinlegal/ HTTP/1.1" 200 -
201.245.192.253 - - [14/Sep/2022:01:02:14 -0500] "POST /kwsrmcab/Wsrmcab  HTTP/1.1" 200 38139
172.22.2.4 - - [14/Sep/2022:01:01:01 -0500] "GET /BLA/boletinlegal/ HTTP/1.1" 200 54356
172.22.2.4 - - [14/Sep/2022:01:03:09 -0500] "GET /BLA/boletinlegal/favicon.ico HTTP/1.1" 404 1038
216.245.221.92 - - [14/Sep/2022:01:03:15 -0500] "HEAD / HTTP/1.1" 200 -
185.119.81.106 - - [14/Sep/2022:01:04:48 -0500] "GET /portaldeninos/wp-login.php HTTP/1.1" 200 2592
185.119.81.106 - - [14/Sep/2022:01:04:49 -0500] "POST /portaldeninos/wp-login.php HTTP/1.1" 200 3670
152.61.128.50 - - [14/Sep/2022:01:04:57 -0500] "GET /arcgis/services/Calidad_del_Agua_WQI/MapServer/WMSServer?request=GetCapabilities&service=WMS HTTP/1.1" 503 1020
152.61.128.50 - - [14/Sep/2022:01:04:59 -0500] "GET /arcgis/services/Calidad_del_Agua_WQI/MapServer/WMSServer?SERVICE=WMS&REQUEST=GetCapabilities HTTP/1.1" 503 1020
152.61.128.50 - - [14/Sep/2022:01:04:59 -0500] "GET /arcgis/services/Calidad_del_Agua_WQI/MapServer/WMSServer?WMTVER=1.0.0&REQUEST=capabilities HTTP/1.1" 503 1020
185.119.81.106 - - [14/Sep/2022:01:05:54 -0500] "GET /portaldeninos/wp-login.php HTTP/1.1" 200 2592
185.119.81.106 - - [14/Sep/2022:01:05:55 -0500] "POST /portaldeninos/wp-login.php HTTP/1.1" 200 3605
207.46.13.86 - - [14/Sep/2022:01:06:37 -0500] "GET /BLA/resoluciones/RESOLUCIONES%202000/2000%20700-749.tif HTTP/1.1" 200 4710687
201.245.192.253 - - [14/Sep/2022:01:07:13 -0500] "POST /kwsrmcab/Wsrmcab  HTTP/1.1" 200 38139
172.22.2.4 - - [14/Sep/2022:01:06:01 -0500] "HEAD /BLA/boletinlegal/ HTTP/1.1" 200 -
64.62.197.158 - - [14/Sep/2022:01:08:01 -0500] "GET /favicon.ico HTTP/1.1" 200 7782
216.245.221.92 - - [14/Sep/2022:01:08:15 -0500] "HEAD / HTTP/1.1" 200 -
172.22.2.4 - - [14/Sep/2022:01:06:51 -0500] "GET /BLA/boletinlegal/ HTTP/1.1" 200 58163
66.249.75.63 - - [14/Sep/2022:01:08:32 -0500] "-" 408 -
198.235.24.41 - - [14/Sep/2022:01:09:51 -0500] "GET / HTTP/1.0" 200 319
157.55.39.188 - - [14/Sep/2022:01:10:25 -0500] "GET /forest/ HTTP/1.1" 200 12041
172.22.2.4 - - [14/Sep/2022:01:11:31 -0500] "GET /BLA/boletinlegal/Circulares/2011/Circular%20No.%206%20del%2023%20de%20Septiembre%20de%202011.pdf HTTP/1.1" 304 -
201.245.192.253 - - [14/Sep/2022:01:12:12 -0500] "POST /kwsrmcab/Wsrmcab  HTTP/1.1" 200 38139
216.245.221.92 - - [14/Sep/2022:01:13:15 -0500] "HEAD / HTTP/1.1" 200 -
172.22.2.4 - - [14/Sep/2022:01:11:51 -0500] "HEAD /BLA/boletinlegal/ HTTP/1.1" 200 -
172.22.2.4 - - [14/Sep/2022:01:12:41 -0500] "GET /BLA/boletinlegal/ HTTP/1.1" 200 55220
201.245.192.253 - - [14/Sep/2022:01:17:11 -0500] "POST /kwsrmcab/Wsrmcab  HTTP/1.1" 200 38139
216.245.221.92 - - [14/Sep/2022:01:18:15 -0500] "HEAD / HTTP/1.1" 200 -
201.245.192.253 - - [14/Sep/2022:01:18:59 -0500] "POST /kwsrmcab/Wsrmcab HTTP/1.1" 200 37961
201.245.192.253 - - [14/Sep/2022:01:19:03 -0500] "POST /kwsrmcab/Wsrmcab HTTP/1.1" 200 42286
172.22.2.4 - - [14/Sep/2022:01:17:41 -0500] "HEAD /BLA/boletinlegal/ HTTP/1.1" 200 -
172.22.2.4 - - [14/Sep/2022:01:18:31 -0500] "GET /BLA/boletinlegal/ HTTP/1.1" 200 58163
201.245.192.253 - - [14/Sep/2022:01:22:10 -0500] "POST /kwsrmcab/Wsrmcab  HTTP/1.1" 200 38139
157.55.39.202 - - [14/Sep/2022:01:22:42 -0500] "GET /BLA/resoluciones/RESOLUCIONES%202000/2000%201200-1249.tif HTTP/1.1" 200 4148361
172.22.2.4 - - [14/Sep/2022:01:22:51 -0500] "GET /BLA/boletinlegal/robots.txt HTTP/1.1" 404 1038
173.252.87.120 - - [14/Sep/2022:01:22:56 -0500] "GET /images/negocios-verdes-3-marzo.jpg HTTP/1.1" 200 33179
216.245.221.92 - - [14/Sep/2022:01:23:15 -0500] "HEAD / HTTP/1.1" 200 -
157.55.39.200 - - [14/Sep/2022:01:24:01 -0500] "GET /BLA/resoluciones/RESOLUCIONES%202000/2000%20300-349.tif HTTP/1.1" 200 3930622
172.22.2.4 - - [14/Sep/2022:01:22:52 -0500] "GET /BLA/boletinlegal/index.php HTTP/1.1" 200 53640
172.22.2.4 - - [14/Sep/2022:01:23:30 -0500] "HEAD /BLA/boletinlegal/ HTTP/1.1" 200 -
207.46.13.131 - - [14/Sep/2022:01:25:29 -0500] "GET /BLA/resoluciones/RESOLUCIONES%202000/2000%201500-1549.tif HTTP/1.1" 200 4831289
172.22.2.4 - - [14/Sep/2022:01:24:21 -0500] "GET /BLA/boletinlegal/ HTTP/1.1" 200 54356
201.245.192.253 - - [14/Sep/2022:01:27:09 -0500] "POST /kwsrmcab/Wsrmcab  HTTP/1.1" 200 38139
216.245.221.92 - - [14/Sep/2022:01:28:15 -0500] "HEAD / HTTP/1.1" 200 -
66.249.75.33 - - [14/Sep/2022:01:28:27 -0500] "-" 408 -
201.245.192.253 - - [14/Sep/2022:01:28:59 -0500] "POST /kwsrmcab/Wsrmcab HTTP/1.1" 200 37961
201.245.192.253 - - [14/Sep/2022:01:29:03 -0500] "POST /kwsrmcab/Wsrmcab HTTP/1.1" 200 42286
172.22.2.4 - - [14/Sep/2022:01:29:21 -0500] "HEAD /BLA/boletinlegal/ HTTP/1.1" 200 -
172.22.2.4 - - [14/Sep/2022:01:30:11 -0500] "GET /BLA/boletinlegal/ HTTP/1.1" 200 57725
201.245.192.253 - - [14/Sep/2022:01:32:07 -0500] "POST /kwsrmcab/Wsrmcab  HTTP/1.1" 200 38139
114.119.143.82 - - [14/Sep/2022:01:32:57 -0500] "-" 408 -
216.245.221.92 - - [14/Sep/2022:01:33:15 -0500] "HEAD / HTTP/1.1" 200 -
66.249.75.63 - - [14/Sep/2022:01:35:00 -0500] "-" 408 -
172.22.2.4 - - [14/Sep/2022:01:36:23 -0500] "GET /BLA/boletinlegal/Circulares/2012/Circular%20No.%205%20del%2027%20de%20Abril%20de%202012.pdf HTTP/1.1" 200 216613
172.22.2.4 - - [14/Sep/2022:01:35:10 -0500] "HEAD /BLA/boletinlegal/ HTTP/1.1" 200 -
201.245.192.253 - - [14/Sep/2022:01:37:07 -0500] "POST /kwsrmcab/Wsrmcab  HTTP/1.1" 503 1020
172.22.2.4 - - [14/Sep/2022:01:36:01 -0500] "GET /BLA/boletinlegal/ HTTP/1.1" 200 58163
201.245.192.253 - - [14/Sep/2022:01:38:07 -0500] "POST /kwsrmcab/Wsrmcab  HTTP/1.1" 503 1020
216.245.221.92 - - [14/Sep/2022:01:38:15 -0500] "HEAD / HTTP/1.1" 200 -
201.245.192.253 - - [14/Sep/2022:01:38:59 -0500] "POST /kwsrmcab/Wsrmcab HTTP/1.1" 200 37961
201.245.192.253 - - [14/Sep/2022:01:39:04 -0500] "POST /kwsrmcab/Wsrmcab HTTP/1.1" 200 42286
201.245.192.253 - - [14/Sep/2022:01:39:06 -0500] "POST /kwsrmcab/Wsrmcab  HTTP/1.1" 200 38139
201.245.192.253 - - [14/Sep/2022:01:40:08 -0500] "POST /kwsrmcab/Wsrmcab  HTTP/1.1" 200 38139
207.46.13.86 - - [14/Sep/2022:01:41:20 -0500] "GET /BLA/resoluciones/RESOLUCIONES%202021/4500.pdf HTTP/1.1" 200 2845680
157.55.39.154 - - [14/Sep/2022:01:41:52 -0500] "GET / HTTP/1.1" 200 4720
66.249.75.63 - - [14/Sep/2022:01:42:02 -0500] "-" 408 -
172.22.2.4 - - [14/Sep/2022:01:41:00 -0500] "HEAD /BLA/boletinlegal/ HTTP/1.1" 200 -
216.245.221.92 - - [14/Sep/2022:01:43:15 -0500] "HEAD / HTTP/1.1" 200 -
172.22.2.4 - - [14/Sep/2022:01:41:51 -0500] "GET /BLA/boletinlegal/ HTTP/1.1" 200 60874
201.245.192.253 - - [14/Sep/2022:01:45:06 -0500] "POST /kwsrmcab/Wsrmcab  HTTP/1.1" 200 38139
5.45.207.102 - - [14/Sep/2022:01:47:00 -0500] "-" 408 -
87.250.224.11 - - [14/Sep/2022:01:47:05 -0500] "-" 408 -
95.108.213.29 - - [14/Sep/2022:01:47:11 -0500] "-" 408 -
5.255.253.150 - - [14/Sep/2022:01:47:16 -0500] "-" 408 -
87.250.224.82 - - [14/Sep/2022:01:47:31 -0500] "-" 408 -
87.250.224.15 - - [14/Sep/2022:01:47:46 -0500] "-" 408 -
216.245.221.92 - - [14/Sep/2022:01:48:15 -0500] "HEAD / HTTP/1.1" 200 -
95.108.213.21 - - [14/Sep/2022:01:48:16 -0500] "-" 408 -
172.22.2.4 - - [14/Sep/2022:01:46:50 -0500] "HEAD /BLA/boletinlegal/ HTTP/1.1" 200 -
5.45.207.142 - - [14/Sep/2022:01:49:18 -0500] "-" 408 -
172.22.2.4 - - [14/Sep/2022:01:47:41 -0500] "GET /BLA/boletinlegal/ HTTP/1.1" 200 54003
201.245.192.253 - - [14/Sep/2022:01:50:05 -0500] "POST /kwsrmcab/Wsrmcab  HTTP/1.1" 200 38139
172.22.2.4 - - [14/Sep/2022:01:50:16 -0500] "GET /BLA/boletinlegal/jurisprudencia/analisis/AnalisisT-606-15.docx HTTP/1.1" 200 26698
172.22.2.4 - - [14/Sep/2022:01:50:17 -0500] "GET /BLA/boletinlegal/apple-touch-icon-120x120-precomposed.png HTTP/1.1" 404 1140
172.22.2.4 - - [14/Sep/2022:01:50:17 -0500] "GET /BLA/boletinlegal/apple-touch-icon-120x120.png HTTP/1.1" 404 1140
172.22.2.4 - - [14/Sep/2022:01:50:17 -0500] "GET /BLA/boletinlegal/apple-touch-icon-precomposed.png HTTP/1.1" 404 1140
172.22.2.4 - - [14/Sep/2022:01:50:17 -0500] "GET /BLA/boletinlegal/apple-touch-icon.png HTTP/1.1" 404 1140
172.22.2.4 - - [14/Sep/2022:01:50:17 -0500] "GET /BLA/boletinlegal/favicon.ico HTTP/1.1" 404 1140
172.22.2.4 - - [14/Sep/2022:01:50:18 -0500] "GET /BLA/boletinlegal/apple-touch-icon-120x120-precomposed.png HTTP/1.1" 404 1140
172.22.2.4 - - [14/Sep/2022:01:50:19 -0500] "GET /BLA/boletinlegal/apple-touch-icon-120x120.png HTTP/1.1" 404 1140
172.22.2.4 - - [14/Sep/2022:01:50:19 -0500] "GET /BLA/boletinlegal/apple-touch-icon-precomposed.png HTTP/1.1" 404 1140
172.22.2.4 - - [14/Sep/2022:01:50:19 -0500] "GET /BLA/boletinlegal/apple-touch-icon.png HTTP/1.1" 404 1140
172.22.2.4 - - [14/Sep/2022:01:50:19 -0500] "GET /BLA/boletinlegal/favicon.ico HTTP/1.1" 404 1140
216.245.221.92 - - [14/Sep/2022:01:53:15 -0500] "HEAD / HTTP/1.1" 200 -
172.22.2.4 - - [14/Sep/2022:01:54:10 -0500] "GET /BLA/boletinlegal/robots.txt HTTP/1.1" 404 1038
172.22.2.4 - - [14/Sep/2022:01:54:20 -0500] "GET /BLA/boletinlegal/Circulares/2019/Circular%20No.%200005%20del%2020%20de%20Marzo%20de%202019.pdf HTTP/1.1" 304 -
172.22.2.4 - - [14/Sep/2022:01:52:40 -0500] "HEAD /BLA/boletinlegal/ HTTP/1.1" 200 -
201.245.192.253 - - [14/Sep/2022:01:55:04 -0500] "POST /kwsrmcab/Wsrmcab  HTTP/1.1" 200 38139
172.22.2.4 - - [14/Sep/2022:01:53:31 -0500] "GET /BLA/boletinlegal/ HTTP/1.1" 200 56014
207.46.13.131 - - [14/Sep/2022:01:56:54 -0500] "GET /BLA/resoluciones/RESOLUCIONES%202000/2000%201600-1649.tif HTTP/1.1" 200 4758753
216.245.221.92 - - [14/Sep/2022:01:58:15 -0500] "HEAD / HTTP/1.1" 200 -
172.22.2.4 - - [14/Sep/2022:01:57:38 -0500] "GET /BLA/boletinlegal/ HTTP/1.1" 200 36811
201.245.192.253 - - [14/Sep/2022:02:00:04 -0500] "POST /kwsrmcab/Wsrmcab  HTTP/1.1" 200 38139
172.22.2.4 - - [14/Sep/2022:01:58:30 -0500] "HEAD /BLA/boletinlegal/ HTTP/1.1" 200 -
172.22.2.4 - - [14/Sep/2022:01:59:21 -0500] "GET /BLA/boletinlegal/ HTTP/1.1" 200 57725
64.62.197.181 - - [14/Sep/2022:02:02:28 -0500] "GET /favicon.ico HTTP/1.1" 200 7782
192.241.215.238 - - [14/Sep/2022:02:02:42 -0500] "GET / HTTP/1.1" 200 319
216.245.221.92 - - [14/Sep/2022:02:03:15 -0500] "HEAD / HTTP/1.1" 200 -
201.245.192.253 - - [14/Sep/2022:02:05:03 -0500] "POST /kwsrmcab/Wsrmcab  HTTP/1.1" 200 38139
172.22.2.4 - - [14/Sep/2022:02:04:20 -0500] "HEAD /BLA/boletinlegal/ HTTP/1.1" 200 -
172.22.2.4 - - [14/Sep/2022:02:06:23 -0500] "GET /BLA/boletinlegal/Circulares/2015/Circular%20No.%201%20del%2010%20de%20Febrero%20de%202015.pdf HTTP/1.1" 200 660637
172.22.2.4 - - [14/Sep/2022:02:05:11 -0500] "GET /BLA/boletinlegal/ HTTP/1.1" 200 60281
157.55.39.201 - - [14/Sep/2022:02:07:20 -0500] "GET /BLA/resoluciones/AUTOS%202018/0509.pdf HTTP/1.1" 200 341475
66.249.75.33 - - [14/Sep/2022:02:07:36 -0500] "-" 408 -
128.14.136.18 - - [14/Sep/2022:02:07:46 -0500] "GET /portaldeninos/ HTTP/1.1" 200 110197
172.22.2.4 - - [14/Sep/2022:02:08:03 -0500] "GET /BLA/boletinlegal/actas/acta%20de%20acuerdo%2001%20adop%20regla%20inter%20CISPAER.pdf HTTP/1.1" 304 -
216.245.221.92 - - [14/Sep/2022:02:08:15 -0500] "HEAD / HTTP/1.1" 200 -
201.245.192.253 - - [14/Sep/2022:02:10:02 -0500] "POST /kwsrmcab/Wsrmcab  HTTP/1.1" 200 38139
172.22.2.4 - - [14/Sep/2022:02:10:10 -0500] "HEAD /BLA/boletinlegal/ HTTP/1.1" 200 -
172.22.2.4 - - [14/Sep/2022:02:11:01 -0500] "GET /BLA/boletinlegal/ HTTP/1.1" 200 55630
216.245.221.92 - - [14/Sep/2022:02:13:15 -0500] "HEAD / HTTP/1.1" 200 -
201.245.192.253 - - [14/Sep/2022:02:15:00 -0500] "POST /kwsrmcab/Wsrmcab  HTTP/1.1" 200 38139
23.251.102.74 - - [14/Sep/2022:02:15:59 -0500] "GET / HTTP/1.1" 200 319
66.249.75.63 - - [14/Sep/2022:02:16:04 -0500] "-" 408 -
172.22.2.4 - - [14/Sep/2022:02:16:00 -0500] "HEAD /BLA/boletinlegal/ HTTP/1.1" 200 -
216.245.221.92 - - [14/Sep/2022:02:18:15 -0500] "HEAD / HTTP/1.1" 200 -
172.22.2.4 - - [14/Sep/2022:02:16:51 -0500] "GET /BLA/boletinlegal/ HTTP/1.1" 200 58163
201.245.192.253 - - [14/Sep/2022:02:18:59 -0500] "POST /kwsrmcab/Wsrmcab HTTP/1.1" 200 38295
201.245.192.253 - - [14/Sep/2022:02:19:02 -0500] "POST /kwsrmcab/Wsrmcab HTTP/1.1" 200 42294
201.245.192.253 - - [14/Sep/2022:02:20:00 -0500] "POST /kwsrmcab/Wsrmcab  HTTP/1.1" 200 38139
157.55.39.200 - - [14/Sep/2022:02:20:36 -0500] "GET /BLA/resoluciones/RESOLUCIONES%202000/2000%202450-2499.tif HTTP/1.1" 200 4743204
207.46.13.86 - - [14/Sep/2022:02:22:04 -0500] "GET /BLA/resoluciones/AUTOS%202022/0539.pdf HTTP/1.1" 200 467535
216.245.221.92 - - [14/Sep/2022:02:23:15 -0500] "HEAD / HTTP/1.1" 200 -
66.249.75.63 - - [14/Sep/2022:02:23:25 -0500] "-" 408 -
172.22.2.4 - - [14/Sep/2022:02:21:50 -0500] "HEAD /BLA/boletinlegal/ HTTP/1.1" 200 -
40.77.167.101 - - [14/Sep/2022:02:24:00 -0500] "-" 408 -
172.22.2.4 - - [14/Sep/2022:02:22:41 -0500] "GET /BLA/boletinlegal/ HTTP/1.1" 200 59319
201.245.192.253 - - [14/Sep/2022:02:24:58 -0500] "POST /kwsrmcab/Wsrmcab  HTTP/1.1" 200 38139
216.245.221.92 - - [14/Sep/2022:02:28:15 -0500] "HEAD / HTTP/1.1" 200 -
201.245.192.253 - - [14/Sep/2022:02:28:59 -0500] "POST /kwsrmcab/Wsrmcab HTTP/1.1" 200 38295
201.245.192.253 - - [14/Sep/2022:02:29:03 -0500] "POST /kwsrmcab/Wsrmcab HTTP/1.1" 200 42294
172.22.2.4 - - [14/Sep/2022:02:27:40 -0500] "HEAD /BLA/boletinlegal/ HTTP/1.1" 200 -
172.22.2.4 - - [14/Sep/2022:02:29:05 -0500] "GET /BLA/boletinlegal/ HTTP/1.1" 200 24523
201.245.192.253 - - [14/Sep/2022:02:29:58 -0500] "POST /kwsrmcab/Wsrmcab  HTTP/1.1" 200 38139
66.249.75.63 - - [14/Sep/2022:02:30:05 -0500] "-" 408 -
172.22.2.4 - - [14/Sep/2022:02:29:09 -0500] "GET /BLA/boletinlegal/index.php?s=/Index/\\think\\app/invokefunction&function=call_user_func_array&vars[0]=md5&vars[1][]=HelloThinkPHP21 HTTP/1.1" 200 32715
172.22.2.4 - - [14/Sep/2022:02:28:31 -0500] "GET /BLA/boletinlegal/ HTTP/1.1" 200 50395
64.227.3.157 - - [14/Sep/2022:02:32:23 -0500] "GET /inventario-de-emisiones-2020-transporte-publico-sitp-redujo-emisiones-de-pm-2-5-en-un-37.html HTTP/1.1" 200 925
172.22.2.4 - - [14/Sep/2022:02:32:26 -0500] "GET /BLA/boletinlegal/actos.php HTTP/1.1" 200 9559
64.227.3.157 - - [14/Sep/2022:02:32:23 -0500] "GET /portaldeninos/ HTTP/1.1" 200 110197
216.245.221.92 - - [14/Sep/2022:02:33:15 -0500] "HEAD / HTTP/1.1" 200 -
172.22.2.4 - - [14/Sep/2022:02:32:29 -0500] "GET /BLA/boletinlegal/ HTTP/1.1" 200 45003
157.55.39.188 - - [14/Sep/2022:02:33:43 -0500] "GET /BLA/resoluciones/RESOLUCIONES%202000/2000%20750-799.tif HTTP/1.1" 200 5237505
201.245.192.253 - - [14/Sep/2022:02:34:56 -0500] "POST /kwsrmcab/Wsrmcab  HTTP/1.1" 200 38139
172.22.2.4 - - [14/Sep/2022:02:33:30 -0500] "HEAD /BLA/boletinlegal/ HTTP/1.1" 200 -
172.22.2.4 - - [14/Sep/2022:02:34:21 -0500] "GET /BLA/boletinlegal/ HTTP/1.1" 200 58163
185.119.81.101 - - [14/Sep/2022:02:38:12 -0500] "GET /portaldeninos/wp-login.php HTTP/1.1" 200 2592
185.119.81.101 - - [14/Sep/2022:02:38:13 -0500] "POST /portaldeninos/wp-login.php HTTP/1.1" 200 3650
216.245.221.92 - - [14/Sep/2022:02:38:15 -0500] "HEAD / HTTP/1.1" 200 -
201.245.192.253 - - [14/Sep/2022:02:38:59 -0500] "POST /kwsrmcab/Wsrmcab HTTP/1.1" 200 38295
201.245.192.253 - - [14/Sep/2022:02:39:03 -0500] "POST /kwsrmcab/Wsrmcab HTTP/1.1" 200 42294
157.55.39.201 - - [14/Sep/2022:02:39:53 -0500] "GET /BLA/resoluciones/RESOLUCIONES%202000/2000%20450-499.tif HTTP/1.1" 200 5930670
201.245.192.253 - - [14/Sep/2022:02:39:55 -0500] "POST /kwsrmcab/Wsrmcab  HTTP/1.1" 200 38139
172.22.2.4 - - [14/Sep/2022:02:39:20 -0500] "HEAD /BLA/boletinlegal/ HTTP/1.1" 200 -
172.22.2.4 - - [14/Sep/2022:02:40:11 -0500] "GET /BLA/boletinlegal/ HTTP/1.1" 200 59319
216.245.221.92 - - [14/Sep/2022:02:43:15 -0500] "HEAD / HTTP/1.1" 200 -
201.245.192.253 - - [14/Sep/2022:02:44:54 -0500] "POST /kwsrmcab/Wsrmcab  HTTP/1.1" 200 38139
172.22.2.4 - - [14/Sep/2022:02:45:10 -0500] "HEAD /BLA/boletinlegal/ HTTP/1.1" 200 -
172.22.2.4 - - [14/Sep/2022:02:46:01 -0500] "GET /BLA/boletinlegal/ HTTP/1.1" 200 57375
216.245.221.92 - - [14/Sep/2022:02:48:15 -0500] "HEAD / HTTP/1.1" 200 -
201.245.192.253 - - [14/Sep/2022:02:49:53 -0500] "POST /kwsrmcab/Wsrmcab  HTTP/1.1" 200 38139
172.22.2.4 - - [14/Sep/2022:02:49:56 -0500] "GET /BLA/boletinlegal/robots.txt HTTP/1.1" 404 1038
172.22.2.4 - - [14/Sep/2022:02:49:59 -0500] "GET /BLA/boletinlegal/ HTTP/1.1" 200 57725
172.22.2.4 - - [14/Sep/2022:02:51:00 -0500] "HEAD /BLA/boletinlegal/ HTTP/1.1" 200 -
216.245.221.92 - - [14/Sep/2022:02:53:15 -0500] "HEAD / HTTP/1.1" 200 -
172.22.2.4 - - [14/Sep/2022:02:51:51 -0500] "GET /BLA/boletinlegal/ HTTP/1.1" 200 51183
201.245.192.253 - - [14/Sep/2022:02:54:53 -0500] "POST /kwsrmcab/Wsrmcab  HTTP/1.1" 200 38139
185.119.81.106 - - [14/Sep/2022:02:55:34 -0500] "GET /portaldeninos/wp-login.php HTTP/1.1" 200 2592
185.119.81.106 - - [14/Sep/2022:02:55:35 -0500] "POST /portaldeninos/wp-login.php HTTP/1.1" 200 3670
66.249.75.36 - - [14/Sep/2022:02:55:39 -0500] "-" 408 -
216.245.221.92 - - [14/Sep/2022:02:58:15 -0500] "HEAD / HTTP/1.1" 200 -
172.22.2.4 - - [14/Sep/2022:02:56:50 -0500] "HEAD /BLA/boletinlegal/ HTTP/1.1" 200 -
172.22.2.4 - - [14/Sep/2022:02:57:40 -0500] "GET /BLA/boletinlegal/ HTTP/1.1" 200 55220
172.22.2.4 - - [14/Sep/2022:02:58:38 -0500] "GET /BLA/boletinlegal/?XDEBUG_SESSION_START=phpstorm HTTP/1.1" 200 36811
190.84.108.224 - - [14/Sep/2022:02:59:35 -0500] "GET /BLA/resoluciones/ HTTP/1.1" 200 13093
190.84.108.224 - - [14/Sep/2022:02:59:38 -0500] "GET /BLA/resoluciones/index.php?dir=RESOLUCIONES+2015%2F HTTP/1.1" 200 130562
190.84.108.224 - - [14/Sep/2022:02:59:48 -0500] "GET /BLA/resoluciones/RESOLUCIONES%202015/1570.pdf HTTP/1.1" 200 491515
201.245.192.253 - - [14/Sep/2022:02:59:52 -0500] "POST /kwsrmcab/Wsrmcab  HTTP/1.1" 200 38139
216.245.221.92 - - [14/Sep/2022:03:03:15 -0500] "HEAD / HTTP/1.1" 200 -
66.249.75.63 - - [14/Sep/2022:03:03:23 -0500] "-" 408 -
172.22.2.4 - - [14/Sep/2022:03:02:40 -0500] "HEAD /BLA/boletinlegal/ HTTP/1.1" 200 -
201.245.192.253 - - [14/Sep/2022:03:04:50 -0500] "POST /kwsrmcab/Wsrmcab  HTTP/1.1" 200 38139
172.22.2.4 - - [14/Sep/2022:03:03:31 -0500] "GET /BLA/boletinlegal/ HTTP/1.1" 200 60281
157.55.39.200 - - [14/Sep/2022:03:07:32 -0500] "GET /BLA/resoluciones/RESOLUCIONES%202000/2000%201450-1499.tif HTTP/1.1" 200 4800883
192.241.201.192 - - [14/Sep/2022:03:08:02 -0500] "GET /portal/redlion HTTP/1.1" 404 1018
192.241.221.114 - - [14/Sep/2022:03:08:06 -0500] "GET /actuator/health HTTP/1.1" 404 1018
216.245.221.92 - - [14/Sep/2022:03:08:15 -0500] "HEAD / HTTP/1.1" 200 -
66.249.75.63 - - [14/Sep/2022:03:09:04 -0500] "-" 408 -
201.245.192.253 - - [14/Sep/2022:03:09:50 -0500] "POST /kwsrmcab/Wsrmcab  HTTP/1.1" 200 38139
172.22.2.4 - - [14/Sep/2022:03:08:30 -0500] "HEAD /BLA/boletinlegal/ HTTP/1.1" 200 -
172.22.2.4 - - [14/Sep/2022:03:09:43 -0500] "GET /BLA/boletinlegal/ HTTP/1.1" 200 24523
54.174.193.10 - - [14/Sep/2022:03:10:32 -0500] "GET /galeria/galeria/fotos/Entrenube2P.jpg HTTP/1.1" 200 8416
172.22.2.4 - - [14/Sep/2022:03:09:20 -0500] "GET /BLA/boletinlegal/ HTTP/1.1" 200 56014
172.22.2.4 - - [14/Sep/2022:03:13:03 -0500] "GET /BLA/boletinlegal/robots.txt HTTP/1.1" 404 1038
172.22.2.4 - - [14/Sep/2022:03:13:04 -0500] "GET /BLA/boletinlegal/jurisprudencia.php HTTP/1.1" 200 17573
216.245.221.92 - - [14/Sep/2022:03:13:15 -0500] "HEAD / HTTP/1.1" 200 -
186.86.33.26 - - [14/Sep/2022:03:14:13 -0500] "GET /galeria/galeria/jquery.fancybox.css?v=2.1.5 HTTP/1.1" 200 4895
186.86.33.26 - - [14/Sep/2022:03:14:13 -0500] "GET /BLA/boletinlegal/js/jquery.scrollShow.js HTTP/1.1" 200 4586
186.86.33.26 - - [14/Sep/2022:03:14:13 -0500] "GET /galeria/galeria/jquery.fancybox.js?v=2.1.5 HTTP/1.1" 200 48706
186.86.33.26 - - [14/Sep/2022:03:14:13 -0500] "GET /galeria/carrusel/Carrusel/jquery.thumbnailScroller.css HTTP/1.1" 200 2066
186.86.33.26 - - [14/Sep/2022:03:14:14 -0500] "GET /galeria/carrusel/Carrusel/jquery-ui-1.8.13.custom.min.js HTTP/1.1" 200 10800
186.86.33.26 - - [14/Sep/2022:03:14:14 -0500] "GET /galeria/carrusel/Carrusel/jquery.thumbnailScroller.js HTTP/1.1" 200 8157
186.86.33.26 - - [14/Sep/2022:03:14:14 -0500] "GET /galeria/nivo-slider/demo/banner.html HTTP/1.1" 200 5446
186.86.33.26 - - [14/Sep/2022:03:14:14 -0500] "GET /galeria/nivo-slider/themes/default/default.css HTTP/1.1" 200 1569
186.86.33.26 - - [14/Sep/2022:03:14:14 -0500] "GET /galeria/nivo-slider/themes/orman/orman.css HTTP/1.1" 200 2152
186.86.33.26 - - [14/Sep/2022:03:14:14 -0500] "GET /galeria/nivo-slider/themes/pascal/pascal.css HTTP/1.1" 200 2258
186.86.33.26 - - [14/Sep/2022:03:14:14 -0500] "GET /galeria/nivo-slider/nivo-slider.css HTTP/1.1" 200 1507
186.86.33.26 - - [14/Sep/2022:03:14:14 -0500] "GET /galeria/nivo-slider/demo/style.css HTTP/1.1" 200 2222
186.86.33.26 - - [14/Sep/2022:03:14:14 -0500] "GET /galeria/nivo-slider/demo/scripts/jquery-1.7.1.min.js HTTP/1.1" 200 93868
186.86.33.26 - - [14/Sep/2022:03:14:14 -0500] "GET /galeria/nivo-slider/demo/images/banneraccionpopular.jpeg HTTP/1.1" 200 41707
186.86.33.26 - - [14/Sep/2022:03:14:15 -0500] "GET /galeria/nivo-slider/demo/images/Bannerenvases.jpg HTTP/1.1" 200 37316
186.86.33.26 - - [14/Sep/2022:03:14:15 -0500] "GET /galeria/nivo-slider/demo/images/bannerresiduoshospitalariosagosto.jpg HTTP/1.1" 200 36499
186.86.33.26 - - [14/Sep/2022:03:14:15 -0500] "GET /galeria/nivo-slider/demo/images/Bannersedeelectronica.jpg HTTP/1.1" 200 40383
186.86.33.26 - - [14/Sep/2022:03:14:15 -0500] "GET /galeria/nivo-slider/demo/images/Bannervirtualescanales.jpg HTTP/1.1" 200 174544
186.86.33.26 - - [14/Sep/2022:03:14:15 -0500] "GET /galeria/nivo-slider/demo/images/banneraire2021.jpg HTTP/1.1" 200 265101
186.86.33.26 - - [14/Sep/2022:03:14:16 -0500] "GET /galeria/nivo-slider/demo/images/Bannerplasticosseptiembre.jpg HTTP/1.1" 200 45633
186.86.33.26 - - [14/Sep/2022:03:14:16 -0500] "GET /galeria/nivo-slider/demo/images/banneraccionpopularcrr68.jpg HTTP/1.1" 200 51887
186.86.33.26 - - [14/Sep/2022:03:14:16 -0500] "GET /galeria/nivo-slider/demo/images/bannercapacitacionesbogota.jpg HTTP/1.1" 200 42416
186.86.33.26 - - [14/Sep/2022:03:14:16 -0500] "GET /galeria/nivo-slider/demo/images/bannerclases2021.jpg HTTP/1.1" 200 68230
186.86.33.26 - - [14/Sep/2022:03:14:16 -0500] "GET /galeria/nivo-slider/demo/images/bannerrutaesperanza.jpg HTTP/1.1" 200 55560
186.86.33.26 - - [14/Sep/2022:03:14:16 -0500] "GET /galeria/nivo-slider/demo/images/4Simple_Slider.png HTTP/1.1" 200 11722
186.86.33.26 - - [14/Sep/2022:03:14:17 -0500] "GET /galeria/nivo-slider/jquery.nivo.slider.pack.js HTTP/1.1" 200 11561
186.86.33.26 - - [14/Sep/2022:03:14:17 -0500] "GET /galeria/nivo-slider/themes/default/loading.gif HTTP/1.1" 200 1737
186.86.33.26 - - [14/Sep/2022:03:14:17 -0500] "GET /galeria/nivo-slider/demo/images/bannertortuga_optimized.jpg HTTP/1.1" 200 39066
186.86.33.26 - - [14/Sep/2022:03:14:17 -0500] "GET /galeria/nivo-slider/demo/images/Bannermujeresquereverdecen.jpg HTTP/1.1" 200 46558
186.86.33.26 - - [14/Sep/2022:03:14:17 -0500] "GET /galeria/nivo-slider/demo/images/bannertrafico_optimized.jpg HTTP/1.1" 200 42578
186.86.33.26 - - [14/Sep/2022:03:14:20 -0500] "GET /galeria/nivo-slider/themes/default/arrows.png HTTP/1.1" 200 824
186.86.33.26 - - [14/Sep/2022:03:14:20 -0500] "GET /galeria/nivo-slider/themes/default/bullets.png HTTP/1.1" 200 1281
201.245.192.253 - - [14/Sep/2022:03:14:49 -0500] "POST /kwsrmcab/Wsrmcab  HTTP/1.1" 200 38139
66.249.75.63 - - [14/Sep/2022:03:15:27 -0500] "-" 408 -
172.22.2.4 - - [14/Sep/2022:03:14:20 -0500] "HEAD /BLA/boletinlegal/ HTTP/1.1" 200 -
172.22.2.4 - - [14/Sep/2022:03:16:15 -0500] "GET /BLA/boletinlegal/Directivas/2015/Directiva%20No.%2001%20del%2014%20de%20Enero%20de%202015.pdf HTTP/1.1" 304 -
172.22.2.4 - - [14/Sep/2022:03:16:15 -0500] "GET /BLA/boletinlegal/robots.txt HTTP/1.1" 404 1038
172.22.2.4 - - [14/Sep/2022:03:15:11 -0500] "GET /BLA/boletinlegal/ HTTP/1.1" 200 58955
216.245.221.92 - - [14/Sep/2022:03:18:15 -0500] "HEAD / HTTP/1.1" 200 -
194.156.138.35 - - [14/Sep/2022:03:18:19 -0500] "HEAD /zorro-cangrejo-mamifero-que-recorrio-el-humedal-torca-guaymaral.html HTTP/1.1" 200 -
185.239.215.112 - - [14/Sep/2022:03:18:19 -0500] "GET /zorro-cangrejo-mamifero-que-recorrio-el-humedal-torca-guaymaral.html HTTP/1.1" 200 890
207.46.13.131 - - [14/Sep/2022:03:18:51 -0500] "GET /BLA/resoluciones/RESOLUCIONES%202002/RES%202002%20101-150/2002RES146.tif HTTP/1.1" 200 40020
201.245.192.253 - - [14/Sep/2022:03:18:59 -0500] "POST /kwsrmcab/Wsrmcab HTTP/1.1" 200 38277
201.245.192.253 - - [14/Sep/2022:03:19:03 -0500] "POST /kwsrmcab/Wsrmcab HTTP/1.1" 200 42449
185.239.215.135 - - [14/Sep/2022:03:19:12 -0500] "GET /zorro-cangrejo-mamifero-que-recorrio-el-humedal-torca-guaymaral.html HTTP/1.1" 200 890
201.245.192.253 - - [14/Sep/2022:03:19:48 -0500] "POST /kwsrmcab/Wsrmcab  HTTP/1.1" 200 38139
185.232.6.245 - - [14/Sep/2022:03:19:53 -0500] "GET /images/zorro-12-sept_optimized.jpeg HTTP/1.1" 200 26663
172.22.2.4 - - [14/Sep/2022:03:20:10 -0500] "HEAD /BLA/boletinlegal/ HTTP/1.1" 200 -
172.22.2.4 - - [14/Sep/2022:03:21:00 -0500] "GET /BLA/boletinlegal/ HTTP/1.1" 200 59319
66.249.75.63 - - [14/Sep/2022:03:22:45 -0500] "-" 408 -
216.245.221.92 - - [14/Sep/2022:03:23:15 -0500] "HEAD / HTTP/1.1" 200 -
201.245.192.253 - - [14/Sep/2022:03:24:46 -0500] "POST /kwsrmcab/Wsrmcab  HTTP/1.1" 200 38139
177.227.65.183 - - [14/Sep/2022:03:26:58 -0500] "GET /galeria/galeria/jquery.fancybox.css?v=2.1.5 HTTP/1.1" 200 4895
177.227.65.183 - - [14/Sep/2022:03:26:58 -0500] "GET /BLA/boletinlegal/js/jquery.scrollShow.js HTTP/1.1" 200 4586
177.227.65.183 - - [14/Sep/2022:03:26:58 -0500] "GET /galeria/galeria/jquery.fancybox.js?v=2.1.5 HTTP/1.1" 200 48706
172.22.2.4 - - [14/Sep/2022:03:26:00 -0500] "HEAD /BLA/boletinlegal/ HTTP/1.1" 200 -
216.245.221.92 - - [14/Sep/2022:03:28:15 -0500] "HEAD / HTTP/1.1" 200 -
172.22.2.4 - - [14/Sep/2022:03:26:50 -0500] "GET /BLA/boletinlegal/ HTTP/1.1" 200 60281
180.163.220.68 - - [14/Sep/2022:03:28:45 -0500] "GET /galeria/galeria/jquery.fancybox.css?v=2.1.5 HTTP/1.1" 200 4895
180.163.220.3 - - [14/Sep/2022:03:28:45 -0500] "GET /BLA/boletinlegal/js/jquery.scrollShow.js HTTP/1.1" 200 4586
180.163.220.67 - - [14/Sep/2022:03:28:45 -0500] "GET /galeria/galeria/jquery.fancybox.js?v=2.1.5 HTTP/1.1" 200 48706
201.245.192.253 - - [14/Sep/2022:03:28:59 -0500] "POST /kwsrmcab/Wsrmcab HTTP/1.1" 200 38277
201.245.192.253 - - [14/Sep/2022:03:29:03 -0500] "POST /kwsrmcab/Wsrmcab HTTP/1.1" 200 42449
66.249.75.63 - - [14/Sep/2022:03:29:38 -0500] "-" 408 -
201.245.192.253 - - [14/Sep/2022:03:29:45 -0500] "POST /kwsrmcab/Wsrmcab  HTTP/1.1" 200 38139
216.245.221.92 - - [14/Sep/2022:03:33:15 -0500] "HEAD / HTTP/1.1" 200 -
172.22.2.4 - - [14/Sep/2022:03:31:50 -0500] "HEAD /BLA/boletinlegal/ HTTP/1.1" 200 -
172.22.2.4 - - [14/Sep/2022:03:32:40 -0500] "GET /BLA/boletinlegal/ HTTP/1.1" 200 58163
201.245.192.253 - - [14/Sep/2022:03:34:43 -0500] "POST /kwsrmcab/Wsrmcab  HTTP/1.1" 200 38139
66.249.75.63 - - [14/Sep/2022:03:35:53 -0500] "-" 408 -
207.46.13.131 - - [14/Sep/2022:03:37:04 -0500] "GET /BLA/resoluciones/RESOLUCIONES%202000/2000%201850-1899.tif HTTP/1.1" 200 4512718
216.245.221.92 - - [14/Sep/2022:03:38:15 -0500] "HEAD / HTTP/1.1" 200 -
201.245.192.253 - - [14/Sep/2022:03:38:59 -0500] "POST /kwsrmcab/Wsrmcab HTTP/1.1" 200 38277
201.245.192.253 - - [14/Sep/2022:03:39:03 -0500] "POST /kwsrmcab/Wsrmcab HTTP/1.1" 200 42449
172.22.2.4 - - [14/Sep/2022:03:37:40 -0500] "HEAD /BLA/boletinlegal/ HTTP/1.1" 200 -
201.245.192.253 - - [14/Sep/2022:03:39:42 -0500] "POST /kwsrmcab/Wsrmcab  HTTP/1.1" 200 38139
172.22.2.4 - - [14/Sep/2022:03:38:30 -0500] "GET /BLA/boletinlegal/ HTTP/1.1" 200 60281
66.249.75.63 - - [14/Sep/2022:03:41:36 -0500] "-" 408 -
157.55.39.200 - - [14/Sep/2022:03:42:34 -0500] "GET /galeria/galeria/jquery.fancybox.js?v=2.1.5 HTTP/1.1" 200 48706
216.245.221.92 - - [14/Sep/2022:03:43:15 -0500] "HEAD / HTTP/1.1" 200 -
201.245.192.253 - - [14/Sep/2022:03:44:41 -0500] "POST /kwsrmcab/Wsrmcab  HTTP/1.1" 200 38139
172.22.2.4 - - [14/Sep/2022:03:43:30 -0500] "HEAD /BLA/boletinlegal/ HTTP/1.1" 200 -
157.55.39.153 - - [14/Sep/2022:03:45:49 -0500] "GET /portaldeninos/wp-content/uploads/2021/10/infografia-fauna-ni%C3%B1os-ambientic-43x146.jpg HTTP/1.1" 200 3183
172.22.2.4 - - [14/Sep/2022:03:44:20 -0500] "GET /BLA/boletinlegal/ HTTP/1.1" 200 60281
66.249.75.63 - - [14/Sep/2022:03:47:31 -0500] "-" 408 -
216.245.221.92 - - [14/Sep/2022:03:48:15 -0500] "HEAD / HTTP/1.1" 200 -
172.22.2.4 - - [14/Sep/2022:03:48:36 -0500] "GET /BLA/boletinlegal/ HTTP/1.1" 200 32715
201.245.192.253 - - [14/Sep/2022:03:49:40 -0500] "POST /kwsrmcab/Wsrmcab  HTTP/1.1" 200 38139
172.22.2.4 - - [14/Sep/2022:03:50:35 -0500] "GET /BLA/boletinlegal/ab2g HTTP/1.1" 404 1018
172.22.2.4 - - [14/Sep/2022:03:50:36 -0500] "GET /BLA/boletinlegal/ab2h HTTP/1.1" 404 1018
172.22.2.4 - - [14/Sep/2022:03:49:20 -0500] "HEAD /BLA/boletinlegal/ HTTP/1.1" 200 -
172.22.2.4 - - [14/Sep/2022:03:50:39 -0500] "GET /BLA/boletinlegal/ HTTP/1.1" 200 24523
172.22.2.4 - - [14/Sep/2022:03:50:10 -0500] "GET /BLA/boletinlegal/ HTTP/1.1" 200 54356
216.245.221.92 - - [14/Sep/2022:03:53:15 -0500] "HEAD / HTTP/1.1" 200 -
66.249.75.63 - - [14/Sep/2022:03:53:18 -0500] "-" 408 -
201.245.192.253 - - [14/Sep/2022:03:54:39 -0500] "POST /kwsrmcab/Wsrmcab  HTTP/1.1" 200 38139
172.22.2.4 - - [14/Sep/2022:03:55:10 -0500] "HEAD /BLA/boletinlegal/ HTTP/1.1" 200 -
172.22.2.4 - - [14/Sep/2022:03:56:00 -0500] "GET /BLA/boletinlegal/ HTTP/1.1" 200 54356
216.245.221.92 - - [14/Sep/2022:03:58:15 -0500] "HEAD / HTTP/1.1" 200 -
201.245.192.253 - - [14/Sep/2022:03:59:38 -0500] "POST /kwsrmcab/Wsrmcab  HTTP/1.1" 200 38139
157.55.39.154 - - [14/Sep/2022:04:00:55 -0500] "GET /portaldeninos/aulas-ambientales/aula-ambiental-sorotama/ HTTP/1.1" 200 89596
66.249.75.63 - - [14/Sep/2022:04:01:06 -0500] "-" 408 -
157.55.39.202 - - [14/Sep/2022:04:02:09 -0500] "GET /BLA/resoluciones/RESOLUCIONES%202021/5467.pdf HTTP/1.1" 200 458120
172.22.2.4 - - [14/Sep/2022:04:01:00 -0500] "HEAD /BLA/boletinlegal/ HTTP/1.1" 200 -
216.245.221.92 - - [14/Sep/2022:04:03:15 -0500] "HEAD / HTTP/1.1" 200 -
172.22.2.4 - - [14/Sep/2022:04:01:50 -0500] "GET /BLA/boletinlegal/ HTTP/1.1" 200 58163
201.245.192.253 - - [14/Sep/2022:04:04:37 -0500] "POST /kwsrmcab/Wsrmcab  HTTP/1.1" 200 38139
172.22.2.4 - - [14/Sep/2022:04:04:30 -0500] "GET /BLA/boletinlegal/ HTTP/1.1" 200 36811
66.249.75.63 - - [14/Sep/2022:04:08:09 -0500] "-" 408 -
216.245.221.92 - - [14/Sep/2022:04:08:15 -0500] "HEAD / HTTP/1.1" 200 -
172.22.2.4 - - [14/Sep/2022:04:06:50 -0500] "HEAD /BLA/boletinlegal/ HTTP/1.1" 200 -
172.22.2.4 - - [14/Sep/2022:04:07:53 -0500] "GET /BLA/boletinlegal/ HTTP/1.1" 200 32715
172.22.2.4 - - [14/Sep/2022:04:07:40 -0500] "GET /BLA/boletinlegal/ HTTP/1.1" 200 55220
201.245.192.253 - - [14/Sep/2022:04:09:37 -0500] "POST /kwsrmcab/Wsrmcab  HTTP/1.1" 200 38139
172.22.2.4 - - [14/Sep/2022:04:10:23 -0500] "GET /BLA/boletinlegal/robots.txt HTTP/1.1" 404 1038
207.46.13.176 - - [14/Sep/2022:04:12:03 -0500] "GET /portaldeninos/ HTTP/1.1" 200 110197
172.22.2.4 - - [14/Sep/2022:04:10:27 -0500] "GET /BLA/boletinlegal/ HTTP/1.1" 200 63207
207.46.13.184 - - [14/Sep/2022:04:12:19 -0500] "GET /portaldeninos/wp-content/plugins/gallery-videos/CSS/Total-Soft-Gallery-Video-Widget.css?ver=4.9.8 HTTP/1.1" 200 51554
207.46.13.184 - - [14/Sep/2022:04:12:20 -0500] "GET /portaldeninos/wp-content/plugins/gallery-videos/JS/modernizr.custom.js?ver=4.9.8 HTTP/1.1" 200 9019
207.46.13.184 - - [14/Sep/2022:04:12:20 -0500] "GET /portaldeninos/wp-content/plugins/popup-maker/assets/css/site.min.css?ver=1.8.14 HTTP/1.1" 200 8260
207.46.13.184 - - [14/Sep/2022:04:12:20 -0500] "GET /portaldeninos/wp-content/themes/betheme/assets/jplayer/css/jplayer.blue.monday.css?ver=20.9.6 HTTP/1.1" 200 9834
207.46.13.184 - - [14/Sep/2022:04:12:20 -0500] "GET /portaldeninos/wp-includes/js/jquery/jquery-migrate.min.js?ver=1.4.1 HTTP/1.1" 200 10056
207.46.13.184 - - [14/Sep/2022:04:12:20 -0500] "GET /portaldeninos/wp-includes/js/jquery/ui/position.min.js?ver=1.11.4 HTTP/1.1" 200 6527
207.46.13.176 - - [14/Sep/2022:04:12:23 -0500] "GET /portaldeninos/wp-content/themes/betheme/assets/jplayer/jplayer.min.js?ver=20.9.6 HTTP/1.1" 200 52702
157.55.39.161 - - [14/Sep/2022:04:12:24 -0500] "GET /portaldeninos/wp-content/plugins/gallery-videos/CSS/totalsoft.css?ver=4.9.8 HTTP/1.1" 200 40622
157.55.39.153 - - [14/Sep/2022:04:12:25 -0500] "GET /portaldeninos/wp-content/themes/betheme/assets/animations/animations.min.css?ver=20.9.6 HTTP/1.1" 200 58508
157.55.39.153 - - [14/Sep/2022:04:12:25 -0500] "GET /portaldeninos/wp-includes/js/jquery/ui/accordion.min.js?ver=1.11.4 HTTP/1.1" 200 8584
157.55.39.153 - - [14/Sep/2022:04:12:26 -0500] "GET /portaldeninos/wp-includes/js/wp-embed.min.js?ver=4.9.8 HTTP/1.1" 200 1398
207.46.13.181 - - [14/Sep/2022:04:12:28 -0500] "GET /portaldeninos/wp-content/themes/betheme/style.css?ver=20.9.6 HTTP/1.1" 200 287
157.55.39.154 - - [14/Sep/2022:04:12:29 -0500] "GET /portaldeninos/wp-content/plugins/popup-maker/assets/js/site.min.js?defer&ver=1.8.14 HTTP/1.1" 200 48457
207.46.13.176 - - [14/Sep/2022:04:12:35 -0500] "GET /portaldeninos/wp-content/themes/betheme/fonts/mfn-icons.ttf?93978679 HTTP/1.1" 200 124684
207.46.13.176 - - [14/Sep/2022:04:12:36 -0500] "GET /portaldeninos/wp-content/themes/betheme/js/plugins.js?ver=20.9.6 HTTP/1.1" 200 197151
207.46.13.176 - - [14/Sep/2022:04:12:37 -0500] "GET /portaldeninos/wp-includes/js/wp-emoji-release.min.js?ver=4.9.8 HTTP/1.1" 200 12026
157.55.39.161 - - [14/Sep/2022:04:12:44 -0500] "GET /portaldeninos/wp-content/themes/betheme/assets/ui/jquery.ui.all.css?ver=20.9.6 HTTP/1.1" 200 18765
157.55.39.161 - - [14/Sep/2022:04:12:45 -0500] "GET /portaldeninos/wp-content/themes/betheme/css/layout.css?ver=20.9.6 HTTP/1.1" 200 116639
157.55.39.161 - - [14/Sep/2022:04:12:45 -0500] "GET /portaldeninos/wp-content/themes/betheme/js/scripts.js?ver=20.9.6 HTTP/1.1" 200 77162
157.55.39.161 - - [14/Sep/2022:04:12:46 -0500] "GET /portaldeninos/wp-content/uploads/useanyfont/uaf.css?ver=1589905315 HTTP/1.1" 200 408
157.55.39.154 - - [14/Sep/2022:04:12:30 -0500] "GET /portaldeninos/wp-content/uploads/2022/01/Conoce-lo-que-hace-la-Secretar%C3%ADa-de-Ambiente.mp4 HTTP/1.1" 200 6599959
157.55.39.154 - - [14/Sep/2022:04:12:56 -0500] "GET /portaldeninos/wp-includes/js/jquery/ui/tabs.min.js?ver=1.11.4 HTTP/1.1" 200 12110
157.55.39.154 - - [14/Sep/2022:04:12:56 -0500] "GET /portaldeninos/wp-includes/js/jquery/ui/widget.min.js?ver=1.11.4 HTTP/1.1" 200 6908
216.245.221.92 - - [14/Sep/2022:04:13:15 -0500] "HEAD / HTTP/1.1" 200 -
207.46.13.181 - - [14/Sep/2022:04:12:39 -0500] "GET /portaldeninos/wp-content/uploads/2019/06/CabezoteAMBIENTIC.mp4 HTTP/1.1" 200 10795293
172.22.2.4 - - [14/Sep/2022:04:12:40 -0500] "HEAD /BLA/boletinlegal/ HTTP/1.1" 200 -
201.245.192.253 - - [14/Sep/2022:04:14:34 -0500] "POST /kwsrmcab/Wsrmcab  HTTP/1.1" 200 38139
172.22.2.4 - - [14/Sep/2022:04:13:30 -0500] "GET /BLA/boletinlegal/ HTTP/1.1" 200 58955
66.249.75.63 - - [14/Sep/2022:04:16:26 -0500] "-" 408 -
