186.31.8.91 - - [14/Sep/2022:14:38:07 -0500] "POST /sipsesda/faces/vista/administracion/funcionario/registrarFuncionario.jspx?_afPfm=8 HTTP/1.1" 200 8907
200.118.64.109 - - [14/Sep/2022:14:38:08 -0500] "POST /forms/lservlet;jsessionid=ac16012b30d66c5cc3af71b14f22b70b87f71c8061f4.e3iSbxaKaheRe34Qc30Qa3iMc3j0n6jAmljGr5XDqQLvpAe HTTP/1.1" 200 15
191.102.197.34 - - [14/Sep/2022:14:38:12 -0500] "HEAD /Publicaciones/SSFFS-09940.zip HTTP/1.1" 200 -
191.102.197.34 - - [14/Sep/2022:14:38:12 -0500] "GET /Publicaciones/SSFFS-09940.zip HTTP/1.1" 206 588014
186.31.8.91 - - [14/Sep/2022:14:38:10 -0500] "POST /sipsesda/faces/vista/administracion/rolFuncionario/registrarRolFuncionario.jspx?_afPfm=8.3 HTTP/1.1" 200 18944
200.118.64.109 - - [14/Sep/2022:14:38:17 -0500] "POST /forms/lservlet;jsessionid=ac16012b30d66c5cc3af71b14f22b70b87f71c8061f4.e3iSbxaKaheRe34Qc30Qa3iMc3j0n6jAmljGr5XDqQLvpAe HTTP/1.1" 200 15
186.31.8.91 - - [14/Sep/2022:14:38:21 -0500] "POST /sipsesda/faces/vista/administracion/funcionario/registrarFuncionario.jspx?_afPfm=8 HTTP/1.1" 200 14753
186.31.8.91 - - [14/Sep/2022:14:38:23 -0500] "POST /sipsesda/faces/vista/administracion/dependenciaFuncionario/registrarDependenciaFuncionario.jspx?_afPfm=8.4 HTTP/1.1" 200 18944
186.31.8.91 - - [14/Sep/2022:14:38:25 -0500] "POST /sipsesda/faces/vista/administracion/funcionario/registrarFuncionario.jspx?_afPfm=8 HTTP/1.1" 200 37433
200.118.64.109 - - [14/Sep/2022:14:38:27 -0500] "POST /forms/lservlet;jsessionid=ac16012b30d66c5cc3af71b14f22b70b87f71c8061f4.e3iSbxaKaheRe34Qc30Qa3iMc3j0n6jAmljGr5XDqQLvpAe HTTP/1.1" 200 15
200.118.64.109 - - [14/Sep/2022:14:38:36 -0500] "POST /forms/lservlet;jsessionid=ac16012b30d66c5cc3af71b14f22b70b87f71c8061f4.e3iSbxaKaheRe34Qc30Qa3iMc3j0n6jAmljGr5XDqQLvpAe HTTP/1.1" 200 15
172.22.2.4 - - [14/Sep/2022:14:36:58 -0500] "GET /BLA/boletinlegal/ HTTP/1.1" 200 60281
200.118.64.109 - - [14/Sep/2022:14:38:45 -0500] "POST /forms/lservlet;jsessionid=ac16012b30d66c5cc3af71b14f22b70b87f71c8061f4.e3iSbxaKaheRe34Qc30Qa3iMc3j0n6jAmljGr5XDqQLvpAe HTTP/1.1" 200 15
200.118.64.109 - - [14/Sep/2022:14:38:54 -0500] "POST /forms/lservlet;jsessionid=ac16012b30d66c5cc3af71b14f22b70b87f71c8061f4.e3iSbxaKaheRe34Qc30Qa3iMc3j0n6jAmljGr5XDqQLvpAe HTTP/1.1" 200 15
66.249.73.127 - - [14/Sep/2022:14:38:57 -0500] "-" 408 -
186.31.8.91 - - [14/Sep/2022:14:38:59 -0500] "GET /sipse/faces/autenticacion.xhtml HTTP/1.1" 200 12501
186.31.8.91 - - [14/Sep/2022:14:38:59 -0500] "GET /sipse/faces/javax.faces.resource/layout/layout.css;jsessionid=7pZoZWeXNzlvHEMK6chFWloE.undefined?ln=primefaces&v=4.0 HTTP/1.1" 200 542
186.31.8.91 - - [14/Sep/2022:14:38:59 -0500] "GET /sipse/css/custom_css_sg.css HTTP/1.1" 200 9694
186.31.8.91 - - [14/Sep/2022:14:38:59 -0500] "GET /sipse/css/custom_css_sg_prime_login.css HTTP/1.1" 200 443
186.31.8.91 - - [14/Sep/2022:14:38:59 -0500] "GET /sipse/faces/javax.faces.resource/layout/layout.js;jsessionid=7pZoZWeXNzlvHEMK6chFWloE.undefined?ln=primefaces&v=4.0 HTTP/1.1" 200 87560
186.31.8.91 - - [14/Sep/2022:14:38:59 -0500] "GET /sipse/faces/javax.faces.resource/theme.css?ln=primefaces-sipse HTTP/1.1" 200 50058
186.31.8.91 - - [14/Sep/2022:14:38:59 -0500] "GET /sipse/faces/javax.faces.resource/jquery/jquery.js;jsessionid=7pZoZWeXNzlvHEMK6chFWloE.undefined?ln=primefaces&v=4.0 HTTP/1.1" 200 105384
186.31.8.91 - - [14/Sep/2022:14:38:59 -0500] "GET /sipse/faces/javax.faces.resource/primefaces.css;jsessionid=7pZoZWeXNzlvHEMK6chFWloE.undefined?ln=primefaces&v=4.0 HTTP/1.1" 200 53295
186.31.8.91 - - [14/Sep/2022:14:38:59 -0500] "GET /sipse/faces/javax.faces.resource/jquery/jquery-plugins.js;jsessionid=7pZoZWeXNzlvHEMK6chFWloE.undefined?ln=primefaces&v=4.0 HTTP/1.1" 200 220526
186.31.8.91 - - [14/Sep/2022:14:38:59 -0500] "GET /sipse/faces/javax.faces.resource/primefaces.js;jsessionid=7pZoZWeXNzlvHEMK6chFWloE.undefined?ln=primefaces&v=4.0 HTTP/1.1" 200 276924
186.31.8.91 - - [14/Sep/2022:14:38:59 -0500] "GET /sipse/js/disable_browser_buttons.js HTTP/1.1" 304 -
186.31.8.91 - - [14/Sep/2022:14:38:59 -0500] "GET /sipse/js/funciones.js HTTP/1.1" 304 -
186.31.8.91 - - [14/Sep/2022:14:38:59 -0500] "GET /sipse/faces/javax.faces.resource/images/ui-icons_898989_256x240.png?ln=primefaces-aristo HTTP/1.1" 200 5355
186.31.8.91 - - [14/Sep/2022:14:38:59 -0500] "GET /sipse/css/imagen/loginimg.png HTTP/1.1" 200 71635
186.31.8.91 - - [14/Sep/2022:14:38:59 -0500] "GET /sipse/css/imagen/logoSDG.png HTTP/1.1" 200 53064
186.31.8.91 - - [14/Sep/2022:14:38:59 -0500] "GET /sipse/faces/index.xhtml HTTP/1.1" 200 677
186.31.8.91 - - [14/Sep/2022:14:38:59 -0500] "GET /sipse/faces/javax.faces.resource/theme.css?ln=primefaces-sipse HTTP/1.1" 304 -
186.31.8.91 - - [14/Sep/2022:14:39:00 -0500] "GET /sipse/faces/faces/autenticacion.xhtml HTTP/1.1" 200 12179
186.31.8.91 - - [14/Sep/2022:14:39:00 -0500] "GET /sipse/faces/javax.faces.resource/theme.css?ln=primefaces-sipse HTTP/1.1" 304 -
186.31.8.91 - - [14/Sep/2022:14:39:00 -0500] "GET /sipse/faces/javax.faces.resource/layout/layout.css?ln=primefaces&v=4.0 HTTP/1.1" 200 542
186.31.8.91 - - [14/Sep/2022:14:39:00 -0500] "GET /sipse/faces/javax.faces.resource/primefaces.css?ln=primefaces&v=4.0 HTTP/1.1" 200 53295
186.31.8.91 - - [14/Sep/2022:14:39:00 -0500] "GET /sipse/faces/javax.faces.resource/jquery/jquery.js?ln=primefaces&v=4.0 HTTP/1.1" 304 -
186.31.8.91 - - [14/Sep/2022:14:39:00 -0500] "GET /sipse/faces/javax.faces.resource/jquery/jquery-plugins.js?ln=primefaces&v=4.0 HTTP/1.1" 304 -
186.31.8.91 - - [14/Sep/2022:14:39:00 -0500] "GET /sipse/faces/javax.faces.resource/primefaces.js?ln=primefaces&v=4.0 HTTP/1.1" 304 -
186.31.8.91 - - [14/Sep/2022:14:39:00 -0500] "GET /sipse/faces/javax.faces.resource/layout/layout.js?ln=primefaces&v=4.0 HTTP/1.1" 304 -
201.245.192.253 - - [14/Sep/2022:14:38:57 -0500] "POST /kwsrmcab/Wsrmcab HTTP/1.1" 200 38082
186.31.8.91 - - [14/Sep/2022:14:39:02 -0500] "POST /sipse/faces/autenticacion.xhtml HTTP/1.1" 200 11659
186.31.8.91 - - [14/Sep/2022:14:39:02 -0500] "GET /sipse/css/custom_css_sg_prime.css HTTP/1.1" 200 5201
186.31.8.91 - - [14/Sep/2022:14:39:02 -0500] "GET /sipse/faces/javax.faces.resource/jquery/jquery.js?ln=primefaces&v=4.0 HTTP/1.1" 304 -
186.31.8.91 - - [14/Sep/2022:14:39:02 -0500] "GET /sipse/faces/javax.faces.resource/jquery/jquery-plugins.js?ln=primefaces&v=4.0 HTTP/1.1" 304 -
186.31.8.91 - - [14/Sep/2022:14:39:02 -0500] "GET /sipse/faces/javax.faces.resource/primefaces.js?ln=primefaces&v=4.0 HTTP/1.1" 304 -
186.31.8.91 - - [14/Sep/2022:14:39:02 -0500] "GET /sipse/faces/javax.faces.resource/layout/layout.js?ln=primefaces&v=4.0 HTTP/1.1" 304 -
186.31.8.91 - - [14/Sep/2022:14:39:02 -0500] "GET /sipse/faces/javax.faces.resource/messages/messages.png?ln=primefaces&v=4.0 HTTP/1.1" 200 27209
186.31.8.91 - - [14/Sep/2022:14:39:03 -0500] "GET /sipse/faces/javax.faces.resource/images/ui-icons_898989_256x240.png?ln=primefaces-aristo HTTP/1.1" 304 -
200.118.64.109 - - [14/Sep/2022:14:39:03 -0500] "POST /forms/lservlet;jsessionid=ac16012b30d66c5cc3af71b14f22b70b87f71c8061f4.e3iSbxaKaheRe34Qc30Qa3iMc3j0n6jAmljGr5XDqQLvpAe HTTP/1.1" 200 15
201.245.192.253 - - [14/Sep/2022:14:39:01 -0500] "POST /kwsrmcab/Wsrmcab HTTP/1.1" 200 42105
186.31.8.91 - - [14/Sep/2022:14:39:05 -0500] "POST /sipse/faces/presentacion/sistema/seguridad/seleccionRol.xhtml HTTP/1.1" 200 6085
186.31.8.91 - - [14/Sep/2022:14:39:06 -0500] "POST /sipse/faces/presentacion/sistema/seguridad/seleccionRol.xhtml HTTP/1.1" 200 18684
186.31.8.91 - - [14/Sep/2022:14:39:06 -0500] "GET /sipse/js/jquery.min.js HTTP/1.1" 304 -
186.31.8.91 - - [14/Sep/2022:14:39:06 -0500] "GET /sipse/faces/javax.faces.resource/jquery/jquery.js?ln=primefaces&v=4.0 HTTP/1.1" 304 -
186.31.8.91 - - [14/Sep/2022:14:39:06 -0500] "GET /sipse/faces/javax.faces.resource/jquery/jquery-plugins.js?ln=primefaces&v=4.0 HTTP/1.1" 304 -
186.31.8.91 - - [14/Sep/2022:14:39:06 -0500] "GET /sipse/faces/javax.faces.resource/primefaces.js?ln=primefaces&v=4.0 HTTP/1.1" 304 -
186.31.8.91 - - [14/Sep/2022:14:39:06 -0500] "GET /sipse/faces/javax.faces.resource/layout/layout.js?ln=primefaces&v=4.0 HTTP/1.1" 304 -
186.31.8.91 - - [14/Sep/2022:14:39:06 -0500] "GET /sipse/css/imagen/contrasena.png HTTP/1.1" 404 383
186.31.8.91 - - [14/Sep/2022:14:39:06 -0500] "GET /sipse/imagenes/cargando.gif HTTP/1.1" 200 36959
186.31.8.91 - - [14/Sep/2022:14:39:06 -0500] "GET /sipse/imagenes/logoAplicacion.jpg HTTP/1.1" 200 155084
190.145.240.34 - - [14/Sep/2022:14:39:07 -0500] "GET /BLA/resoluciones/index.php?dir=AUTOS+2020%2F HTTP/1.1" 200 12235
190.145.240.34 - - [14/Sep/2022:14:39:07 -0500] "GET /BLA/resoluciones/index.php?dir=AUTOS+2020%2F HTTP/1.1" 200 326329
186.31.8.91 - - [14/Sep/2022:14:39:09 -0500] "GET /sipse/faces/javax.faces.resource/images/ui-bg_flat_0_2d5972_40x100.png?ln=primefaces-aristo HTTP/1.1" 200 183
186.31.8.91 - - [14/Sep/2022:14:39:09 -0500] "POST /sipse/faces/bienvenido.xhtml HTTP/1.1" 200 2055
200.118.64.109 - - [14/Sep/2022:14:39:12 -0500] "POST /forms/lservlet;jsessionid=ac16012b30d66c5cc3af71b14f22b70b87f71c8061f4.e3iSbxaKaheRe34Qc30Qa3iMc3j0n6jAmljGr5XDqQLvpAe HTTP/1.1" 200 15
200.118.64.109 - - [14/Sep/2022:14:39:21 -0500] "POST /forms/lservlet;jsessionid=ac16012b30d66c5cc3af71b14f22b70b87f71c8061f4.e3iSbxaKaheRe34Qc30Qa3iMc3j0n6jAmljGr5XDqQLvpAe HTTP/1.1" 200 15
190.145.240.34 - - [14/Sep/2022:14:39:23 -0500] "GET /BLA/resoluciones/AUTOS%202020/4463.pdf HTTP/1.1" 200 402335
200.118.64.109 - - [14/Sep/2022:14:39:30 -0500] "POST /forms/lservlet;jsessionid=ac16012b30d66c5cc3af71b14f22b70b87f71c8061f4.e3iSbxaKaheRe34Qc30Qa3iMc3j0n6jAmljGr5XDqQLvpAe HTTP/1.1" 200 15
200.118.64.109 - - [14/Sep/2022:14:39:39 -0500] "POST /forms/lservlet;jsessionid=ac16012b30d66c5cc3af71b14f22b70b87f71c8061f4.e3iSbxaKaheRe34Qc30Qa3iMc3j0n6jAmljGr5XDqQLvpAe HTTP/1.1" 200 90
200.118.64.109 - - [14/Sep/2022:14:39:39 -0500] "POST /forms/lservlet;jsessionid=ac16012b30d66c5cc3af71b14f22b70b87f71c8061f4.e3iSbxaKaheRe34Qc30Qa3iMc3j0n6jAmljGr5XDqQLvpAe HTTP/1.1" 200 2
200.118.64.109 - - [14/Sep/2022:14:39:39 -0500] "GET /reports/rwservlet/getjobid79738?server=repnomi HTTP/1.1" 200 194514
186.31.8.91 - - [14/Sep/2022:14:39:10 -0500] "POST /sipse/faces/bienvenido.xhtml HTTP/1.1" 200 82821
186.31.8.91 - - [14/Sep/2022:14:39:40 -0500] "GET /sipse/faces/javax.faces.resource/jquery/jquery.js?ln=primefaces&v=4.0 HTTP/1.1" 304 -
186.31.8.91 - - [14/Sep/2022:14:39:40 -0500] "GET /sipse/faces/javax.faces.resource/jquery/jquery-plugins.js?ln=primefaces&v=4.0 HTTP/1.1" 304 -
186.31.8.91 - - [14/Sep/2022:14:39:40 -0500] "GET /sipse/faces/javax.faces.resource/primefaces.js?ln=primefaces&v=4.0 HTTP/1.1" 304 -
186.31.8.91 - - [14/Sep/2022:14:39:40 -0500] "GET /sipse/faces/javax.faces.resource/layout/layout.js?ln=primefaces&v=4.0 HTTP/1.1" 304 -
216.245.221.92 - - [14/Sep/2022:14:39:54 -0500] "HEAD / HTTP/1.1" 200 -
157.55.39.202 - - [14/Sep/2022:14:39:57 -0500] "GET /huelladecarbono/imagenes_descargas/camiseta.pdf HTTP/1.1" 200 761397
186.31.8.91 - - [14/Sep/2022:14:40:07 -0500] "POST /sipse/faces/presentacion/proyectos/proyecto/listarProyecto.xhtml HTTP/1.1" 200 4883
186.31.8.91 - - [14/Sep/2022:14:40:09 -0500] "POST /sipse/faces/presentacion/proyectos/proyecto/listarProyecto.xhtml HTTP/1.1" 200 163
186.31.8.91 - - [14/Sep/2022:14:40:11 -0500] "GET /sipse/faces/presentacion/proyectos/proyecto/proyecto.xhtml HTTP/1.1" 200 88417
186.31.8.91 - - [14/Sep/2022:14:40:12 -0500] "GET /sipse/faces/javax.faces.resource/theme.css?ln=primefaces-sipse HTTP/1.1" 304 -
186.31.8.91 - - [14/Sep/2022:14:40:12 -0500] "GET /sipse/faces/javax.faces.resource/primefaces.css?ln=primefaces&v=4.0 HTTP/1.1" 304 -
186.31.8.91 - - [14/Sep/2022:14:40:12 -0500] "GET /sipse/faces/javax.faces.resource/jquery/jquery.js?ln=primefaces&v=4.0 HTTP/1.1" 304 -
186.31.8.91 - - [14/Sep/2022:14:40:13 -0500] "GET /sipse/faces/javax.faces.resource/primefaces.js?ln=primefaces&v=4.0 HTTP/1.1" 304 -
186.31.8.91 - - [14/Sep/2022:14:40:13 -0500] "GET /sipse/faces/javax.faces.resource/layout/layout.css?ln=primefaces&v=4.0 HTTP/1.1" 304 -
186.31.8.91 - - [14/Sep/2022:14:40:13 -0500] "GET /sipse/faces/javax.faces.resource/jquery/jquery-plugins.js?ln=primefaces&v=4.0 HTTP/1.1" 304 -
186.31.8.91 - - [14/Sep/2022:14:40:13 -0500] "GET /sipse/faces/javax.faces.resource/layout/layout.js?ln=primefaces&v=4.0 HTTP/1.1" 304 -
186.31.8.91 - - [14/Sep/2022:14:40:13 -0500] "GET /sipse/faces/javax.faces.resource/images/ui-icons_898989_256x240.png?ln=primefaces-aristo HTTP/1.1" 304 -
186.31.8.91 - - [14/Sep/2022:14:40:13 -0500] "GET /sipse/faces/javax.faces.resource/images/ui-bg_flat_0_2d5972_40x100.png?ln=primefaces-aristo HTTP/1.1" 304 -
186.31.8.91 - - [14/Sep/2022:14:40:13 -0500] "POST /sipse/faces/presentacion/proyectos/proyecto/proyecto.xhtml HTTP/1.1" 200 3257
200.118.64.109 - - [14/Sep/2022:14:40:16 -0500] "POST /forms/lservlet;jsessionid=ac16012b30d66c5cc3af71b14f22b70b87f71c8061f4.e3iSbxaKaheRe34Qc30Qa3iMc3j0n6jAmljGr5XDqQLvpAe HTTP/1.1" 200 2
200.118.64.109 - - [14/Sep/2022:14:40:16 -0500] "POST /forms/lservlet;jsessionid=ac16012b30d66c5cc3af71b14f22b70b87f71c8061f4.e3iSbxaKaheRe34Qc30Qa3iMc3j0n6jAmljGr5XDqQLvpAe HTTP/1.1" 200 14
200.118.64.109 - - [14/Sep/2022:14:40:17 -0500] "POST /forms/lservlet;jsessionid=ac16012b30d66c5cc3af71b14f22b70b87f71c8061f4.e3iSbxaKaheRe34Qc30Qa3iMc3j0n6jAmljGr5XDqQLvpAe HTTP/1.1" 200 14
200.118.64.109 - - [14/Sep/2022:14:40:19 -0500] "POST /forms/lservlet;jsessionid=ac16012b30d66c5cc3af71b14f22b70b87f71c8061f4.e3iSbxaKaheRe34Qc30Qa3iMc3j0n6jAmljGr5XDqQLvpAe HTTP/1.1" 200 14
200.118.64.109 - - [14/Sep/2022:14:40:20 -0500] "POST /forms/lservlet;jsessionid=ac16012b30d66c5cc3af71b14f22b70b87f71c8061f4.e3iSbxaKaheRe34Qc30Qa3iMc3j0n6jAmljGr5XDqQLvpAe HTTP/1.1" 200 14
186.31.8.91 - - [14/Sep/2022:14:40:21 -0500] "POST /sipse/faces/presentacion/proyectos/proyecto/proyecto.xhtml HTTP/1.1" 200 25658
186.31.8.91 - - [14/Sep/2022:14:40:23 -0500] "GET /sipse/faces/javax.faces.resource/jquery/jquery.js?ln=primefaces&v=4.0 HTTP/1.1" 304 -
186.31.8.91 - - [14/Sep/2022:14:40:23 -0500] "GET /sipse/faces/javax.faces.resource/jquery/jquery-plugins.js?ln=primefaces&v=4.0 HTTP/1.1" 304 -
186.31.8.91 - - [14/Sep/2022:14:40:23 -0500] "GET /sipse/faces/javax.faces.resource/primefaces.js?ln=primefaces&v=4.0 HTTP/1.1" 304 -
186.31.8.91 - - [14/Sep/2022:14:40:23 -0500] "GET /sipse/faces/javax.faces.resource/layout/layout.js?ln=primefaces&v=4.0 HTTP/1.1" 304 -
200.118.64.109 - - [14/Sep/2022:14:40:22 -0500] "POST /forms/lservlet;jsessionid=ac16012b30d66c5cc3af71b14f22b70b87f71c8061f4.e3iSbxaKaheRe34Qc30Qa3iMc3j0n6jAmljGr5XDqQLvpAe HTTP/1.1" 200 15
200.118.64.109 - - [14/Sep/2022:14:40:25 -0500] "POST /forms/lservlet;jsessionid=ac16012b30d66c5cc3af71b14f22b70b87f71c8061f4.e3iSbxaKaheRe34Qc30Qa3iMc3j0n6jAmljGr5XDqQLvpAe HTTP/1.1" 200 65
200.118.64.109 - - [14/Sep/2022:14:40:26 -0500] "POST /forms/lservlet;jsessionid=ac16012b30d66c5cc3af71b14f22b70b87f71c8061f4.e3iSbxaKaheRe34Qc30Qa3iMc3j0n6jAmljGr5XDqQLvpAe HTTP/1.1" 200 2
200.118.64.109 - - [14/Sep/2022:14:40:30 -0500] "POST /forms/lservlet;jsessionid=ac16012b30d66c5cc3af71b14f22b70b87f71c8061f4.e3iSbxaKaheRe34Qc30Qa3iMc3j0n6jAmljGr5XDqQLvpAe HTTP/1.1" 200 2
186.31.8.91 - - [14/Sep/2022:14:40:33 -0500] "POST /sipse/faces/presentacion/proyectos/proyecto/proyectoAdministrador/editarAdministrador.xhtml HTTP/1.1" 200 19024
186.31.8.91 - - [14/Sep/2022:14:40:37 -0500] "POST /sipse/faces/presentacion/proyectos/proyecto/proyectoAdministrador/editarAdministrador.xhtml HTTP/1.1" 200 19016
186.31.8.91 - - [14/Sep/2022:14:40:39 -0500] "POST /sipse/faces/presentacion/proyectos/proyecto/proyectoAdministrador/editarAdministrador.xhtml HTTP/1.1" 200 2400
186.31.8.91 - - [14/Sep/2022:14:40:40 -0500] "POST /sipse/faces/presentacion/proyectos/proyecto/proyectoAdministrador/editarAdministrador.xhtml HTTP/1.1" 200 2041
186.31.8.91 - - [14/Sep/2022:14:40:41 -0500] "POST /sipse/faces/presentacion/proyectos/proyecto/proyectoAdministrador/editarAdministrador.xhtml HTTP/1.1" 200 2400
186.31.8.91 - - [14/Sep/2022:14:40:48 -0500] "POST /sipse/faces/presentacion/proyectos/proyecto/proyectoAdministrador/editarAdministrador.xhtml HTTP/1.1" 200 2729
186.31.8.91 - - [14/Sep/2022:14:41:20 -0500] "POST /sipse/faces/presentacion/proyectos/proyecto/proyectoAdministrador/editarAdministrador.xhtml HTTP/1.1" 200 79705
186.31.8.91 - - [14/Sep/2022:14:41:21 -0500] "GET /sipse/faces/javax.faces.resource/jquery/jquery.js?ln=primefaces&v=4.0 HTTP/1.1" 304 -
186.31.8.91 - - [14/Sep/2022:14:41:21 -0500] "GET /sipse/faces/javax.faces.resource/jquery/jquery-plugins.js?ln=primefaces&v=4.0 HTTP/1.1" 304 -
186.31.8.91 - - [14/Sep/2022:14:41:21 -0500] "GET /sipse/faces/javax.faces.resource/primefaces.js?ln=primefaces&v=4.0 HTTP/1.1" 304 -
186.31.8.91 - - [14/Sep/2022:14:41:21 -0500] "GET /sipse/faces/javax.faces.resource/layout/layout.js?ln=primefaces&v=4.0 HTTP/1.1" 304 -
186.31.8.91 - - [14/Sep/2022:14:41:21 -0500] "GET /sipse/faces/javax.faces.resource/messages/messages.png?ln=primefaces&v=4.0 HTTP/1.1" 304 -
186.31.8.91 - - [14/Sep/2022:14:41:21 -0500] "POST /sipse/faces/presentacion/proyectos/proyecto/proyecto.xhtml HTTP/1.1" 200 3257
201.245.192.253 - - [14/Sep/2022:14:41:22 -0500] "GET /sipse/faces/index.xhtml HTTP/1.1" 200 677
201.245.192.253 - - [14/Sep/2022:14:41:22 -0500] "GET /sipse/faces/javax.faces.resource/theme.css?ln=primefaces-sipse HTTP/1.1" 304 -
201.245.192.253 - - [14/Sep/2022:14:41:22 -0500] "GET /sipse/faces/faces/autenticacion.xhtml HTTP/1.1" 200 12185
201.245.192.253 - - [14/Sep/2022:14:41:22 -0500] "GET /sipse/faces/javax.faces.resource/theme.css?ln=primefaces-sipse HTTP/1.1" 304 -
201.245.192.253 - - [14/Sep/2022:14:41:22 -0500] "GET /sipse/faces/javax.faces.resource/layout/layout.css?ln=primefaces&v=4.0 HTTP/1.1" 304 -
201.245.192.253 - - [14/Sep/2022:14:41:22 -0500] "GET /sipse/faces/javax.faces.resource/primefaces.css?ln=primefaces&v=4.0 HTTP/1.1" 304 -
201.245.192.253 - - [14/Sep/2022:14:41:22 -0500] "GET /sipse/faces/javax.faces.resource/jquery/jquery.js?ln=primefaces&v=4.0 HTTP/1.1" 304 -
201.245.192.253 - - [14/Sep/2022:14:41:22 -0500] "GET /sipse/faces/javax.faces.resource/primefaces.js?ln=primefaces&v=4.0 HTTP/1.1" 304 -
201.245.192.253 - - [14/Sep/2022:14:41:22 -0500] "GET /sipse/faces/javax.faces.resource/jquery/jquery-plugins.js?ln=primefaces&v=4.0 HTTP/1.1" 304 -
201.245.192.253 - - [14/Sep/2022:14:41:22 -0500] "GET /sipse/faces/javax.faces.resource/layout/layout.js?ln=primefaces&v=4.0 HTTP/1.1" 304 -
201.245.192.253 - - [14/Sep/2022:14:41:22 -0500] "GET /sipse/faces/javax.faces.resource/images/ui-icons_898989_256x240.png?ln=primefaces-aristo HTTP/1.1" 304 -
201.245.192.253 - - [14/Sep/2022:14:41:24 -0500] "POST /sipse/faces/autenticacion.xhtml HTTP/1.1" 200 11374
201.245.192.253 - - [14/Sep/2022:14:41:24 -0500] "GET /sipse/faces/javax.faces.resource/theme.css?ln=primefaces-sipse HTTP/1.1" 304 -
201.245.192.253 - - [14/Sep/2022:14:41:24 -0500] "GET /sipse/faces/javax.faces.resource/layout/layout.css?ln=primefaces&v=4.0 HTTP/1.1" 304 -
201.245.192.253 - - [14/Sep/2022:14:41:24 -0500] "GET /sipse/faces/javax.faces.resource/jquery/jquery.js?ln=primefaces&v=4.0 HTTP/1.1" 304 -
201.245.192.253 - - [14/Sep/2022:14:41:24 -0500] "GET /sipse/faces/javax.faces.resource/primefaces.css?ln=primefaces&v=4.0 HTTP/1.1" 304 -
201.245.192.253 - - [14/Sep/2022:14:41:24 -0500] "GET /sipse/faces/javax.faces.resource/jquery/jquery-plugins.js?ln=primefaces&v=4.0 HTTP/1.1" 304 -
201.245.192.253 - - [14/Sep/2022:14:41:24 -0500] "GET /sipse/faces/javax.faces.resource/primefaces.js?ln=primefaces&v=4.0 HTTP/1.1" 304 -
201.245.192.253 - - [14/Sep/2022:14:41:24 -0500] "GET /sipse/faces/javax.faces.resource/layout/layout.js?ln=primefaces&v=4.0 HTTP/1.1" 304 -
201.245.192.253 - - [14/Sep/2022:14:41:24 -0500] "GET /sipse/faces/javax.faces.resource/messages/messages.png?ln=primefaces&v=4.0 HTTP/1.1" 304 -
201.245.192.253 - - [14/Sep/2022:14:41:33 -0500] "POST /sipse/faces/presentacion/financiero/solicitudAnulacion/consultarSolicitudAnulacion.xhtml HTTP/1.1" 200 911
186.31.8.91 - - [14/Sep/2022:14:41:34 -0500] "POST /sipse/faces/presentacion/proyectos/proyecto/proyecto.xhtml HTTP/1.1" 200 25661
186.31.8.91 - - [14/Sep/2022:14:41:35 -0500] "GET /sipse/faces/javax.faces.resource/jquery/jquery.js?ln=primefaces&v=4.0 HTTP/1.1" 304 -
186.31.8.91 - - [14/Sep/2022:14:41:35 -0500] "GET /sipse/faces/javax.faces.resource/jquery/jquery-plugins.js?ln=primefaces&v=4.0 HTTP/1.1" 304 -
186.31.8.91 - - [14/Sep/2022:14:41:35 -0500] "GET /sipse/faces/javax.faces.resource/primefaces.js?ln=primefaces&v=4.0 HTTP/1.1" 304 -
186.31.8.91 - - [14/Sep/2022:14:41:35 -0500] "GET /sipse/faces/javax.faces.resource/layout/layout.js?ln=primefaces&v=4.0 HTTP/1.1" 304 -
201.245.192.253 - - [14/Sep/2022:14:41:38 -0500] "POST /sipse/faces/presentacion/sistema/seguridad/seleccionRol.xhtml HTTP/1.1" 200 16286
201.245.192.253 - - [14/Sep/2022:14:41:39 -0500] "GET /sipse/faces/javax.faces.resource/theme.css?ln=primefaces-sipse HTTP/1.1" 304 -
201.245.192.253 - - [14/Sep/2022:14:41:39 -0500] "GET /sipse/faces/javax.faces.resource/layout/layout.css?ln=primefaces&v=4.0 HTTP/1.1" 304 -
201.245.192.253 - - [14/Sep/2022:14:41:39 -0500] "GET /sipse/faces/javax.faces.resource/primefaces.css?ln=primefaces&v=4.0 HTTP/1.1" 304 -
201.245.192.253 - - [14/Sep/2022:14:41:39 -0500] "GET /sipse/faces/javax.faces.resource/jquery/jquery.js?ln=primefaces&v=4.0 HTTP/1.1" 304 -
201.245.192.253 - - [14/Sep/2022:14:41:39 -0500] "GET /sipse/faces/javax.faces.resource/jquery/jquery-plugins.js?ln=primefaces&v=4.0 HTTP/1.1" 304 -
201.245.192.253 - - [14/Sep/2022:14:41:39 -0500] "GET /sipse/faces/javax.faces.resource/primefaces.js?ln=primefaces&v=4.0 HTTP/1.1" 304 -
201.245.192.253 - - [14/Sep/2022:14:41:39 -0500] "GET /sipse/faces/javax.faces.resource/layout/layout.js?ln=primefaces&v=4.0 HTTP/1.1" 304 -
201.245.192.253 - - [14/Sep/2022:14:41:39 -0500] "GET /sipse/css/imagen/contrasena.png HTTP/1.1" 404 383
201.245.192.253 - - [14/Sep/2022:14:41:40 -0500] "GET /sipse/faces/javax.faces.resource/images/ui-bg_flat_0_2d5972_40x100.png?ln=primefaces-aristo HTTP/1.1" 304 -
201.245.192.253 - - [14/Sep/2022:14:41:40 -0500] "POST /sipse/faces/bienvenido.xhtml HTTP/1.1" 200 1471
201.245.192.253 - - [14/Sep/2022:14:41:40 -0500] "POST /sipse/faces/bienvenido.xhtml HTTP/1.1" 200 62264
201.245.192.253 - - [14/Sep/2022:14:41:41 -0500] "GET /sipse/faces/javax.faces.resource/layout/layout.css?ln=primefaces&v=4.0 HTTP/1.1" 304 -
201.245.192.253 - - [14/Sep/2022:14:41:41 -0500] "GET /sipse/faces/javax.faces.resource/theme.css?ln=primefaces-sipse HTTP/1.1" 304 -
201.245.192.253 - - [14/Sep/2022:14:41:41 -0500] "GET /sipse/faces/javax.faces.resource/primefaces.css?ln=primefaces&v=4.0 HTTP/1.1" 304 -
201.245.192.253 - - [14/Sep/2022:14:41:41 -0500] "GET /sipse/faces/javax.faces.resource/jquery/jquery.js?ln=primefaces&v=4.0 HTTP/1.1" 304 -
201.245.192.253 - - [14/Sep/2022:14:41:41 -0500] "GET /sipse/faces/javax.faces.resource/jquery/jquery-plugins.js?ln=primefaces&v=4.0 HTTP/1.1" 304 -
201.245.192.253 - - [14/Sep/2022:14:41:41 -0500] "GET /sipse/faces/javax.faces.resource/primefaces.js?ln=primefaces&v=4.0 HTTP/1.1" 304 -
201.245.192.253 - - [14/Sep/2022:14:41:41 -0500] "GET /sipse/faces/javax.faces.resource/layout/layout.js?ln=primefaces&v=4.0 HTTP/1.1" 304 -
201.245.192.253 - - [14/Sep/2022:14:41:41 -0500] "POST /sipse/faces/presentacion/financiero/solicitudProceso/listarSolicitudProceso.xhtml HTTP/1.1" 200 1544
186.31.8.91 - - [14/Sep/2022:14:41:43 -0500] "POST /sipse/faces/presentacion/proyectos/proyecto/proyectoAdministrador/editarAdministrador.xhtml HTTP/1.1" 200 19025
201.245.192.253 - - [14/Sep/2022:14:41:44 -0500] "POST /sipse/faces/presentacion/financiero/solicitudProceso/listarSolicitudProceso.xhtml HTTP/1.1" 200 4564
186.31.8.91 - - [14/Sep/2022:14:41:46 -0500] "POST /sipse/faces/presentacion/proyectos/proyecto/proyectoAdministrador/editarAdministrador.xhtml HTTP/1.1" 200 19017
201.245.192.253 - - [14/Sep/2022:14:41:47 -0500] "POST /sipse/faces/presentacion/financiero/solicitudProceso/listarSolicitudProceso.xhtml HTTP/1.1" 200 31457
186.31.8.91 - - [14/Sep/2022:14:41:49 -0500] "POST /sipse/faces/presentacion/proyectos/proyecto/proyectoAdministrador/editarAdministrador.xhtml HTTP/1.1" 200 19021
186.31.8.91 - - [14/Sep/2022:14:41:52 -0500] "POST /sipse/faces/presentacion/proyectos/proyecto/proyectoAdministrador/editarAdministrador.xhtml HTTP/1.1" 200 5045
186.31.8.91 - - [14/Sep/2022:14:41:53 -0500] "POST /sipse/faces/presentacion/proyectos/proyecto/proyectoAdministrador/editarAdministrador.xhtml HTTP/1.1" 200 2733
201.245.192.253 - - [14/Sep/2022:14:42:02 -0500] "POST /sipse/faces/presentacion/financiero/solicitudProceso/listarSolicitudProceso.xhtml HTTP/1.1" 200 127739
201.245.192.253 - - [14/Sep/2022:14:42:03 -0500] "GET /sipse/faces/javax.faces.resource/theme.css?ln=primefaces-sipse HTTP/1.1" 304 -
201.245.192.253 - - [14/Sep/2022:14:42:03 -0500] "GET /sipse/faces/javax.faces.resource/primefaces.css?ln=primefaces&v=4.0 HTTP/1.1" 304 -
201.245.192.253 - - [14/Sep/2022:14:42:03 -0500] "GET /sipse/faces/javax.faces.resource/layout/layout.css?ln=primefaces&v=4.0 HTTP/1.1" 304 -
201.245.192.253 - - [14/Sep/2022:14:42:03 -0500] "GET /sipse/faces/javax.faces.resource/jquery/jquery.js?ln=primefaces&v=4.0 HTTP/1.1" 304 -
201.245.192.253 - - [14/Sep/2022:14:42:03 -0500] "GET /sipse/faces/javax.faces.resource/jquery/jquery-plugins.js?ln=primefaces&v=4.0 HTTP/1.1" 304 -
201.245.192.253 - - [14/Sep/2022:14:42:03 -0500] "GET /sipse/faces/javax.faces.resource/primefaces.js?ln=primefaces&v=4.0 HTTP/1.1" 304 -
201.245.192.253 - - [14/Sep/2022:14:42:03 -0500] "GET /sipse/faces/javax.faces.resource/layout/layout.js?ln=primefaces&v=4.0 HTTP/1.1" 304 -
201.245.192.253 - - [14/Sep/2022:14:42:09 -0500] "POST /sipse/faces/presentacion/financiero/solicitudProceso/consultarSolicitudProceso.xhtml HTTP/1.1" 200 574714
186.31.8.91 - - [14/Sep/2022:14:42:09 -0500] "POST /sipse/faces/presentacion/proyectos/proyecto/proyectoAdministrador/editarAdministrador.xhtml HTTP/1.1" 200 79705
186.31.8.91 - - [14/Sep/2022:14:42:11 -0500] "GET /sipse/faces/javax.faces.resource/jquery/jquery.js?ln=primefaces&v=4.0 HTTP/1.1" 304 -
186.31.8.91 - - [14/Sep/2022:14:42:11 -0500] "GET /sipse/faces/javax.faces.resource/jquery/jquery-plugins.js?ln=primefaces&v=4.0 HTTP/1.1" 304 -
186.31.8.91 - - [14/Sep/2022:14:42:11 -0500] "GET /sipse/faces/javax.faces.resource/primefaces.js?ln=primefaces&v=4.0 HTTP/1.1" 304 -
186.31.8.91 - - [14/Sep/2022:14:42:11 -0500] "GET /sipse/faces/javax.faces.resource/layout/layout.js?ln=primefaces&v=4.0 HTTP/1.1" 304 -
186.31.8.91 - - [14/Sep/2022:14:42:11 -0500] "POST /sipse/faces/presentacion/proyectos/proyecto/proyecto.xhtml HTTP/1.1" 200 3257
201.245.192.253 - - [14/Sep/2022:14:42:17 -0500] "POST /sipse/faces/presentacion/financiero/solicitudProceso/consultarSolicitudProceso.xhtml HTTP/1.1" 200 175954
201.245.192.253 - - [14/Sep/2022:14:42:18 -0500] "POST /kwsrmcab/Wsrmcab  HTTP/1.1" 200 37989
186.31.8.91 - - [14/Sep/2022:14:42:22 -0500] "POST /sipse/faces/presentacion/proyectos/proyecto/proyecto.xhtml HTTP/1.1" 200 911
186.31.8.91 - - [14/Sep/2022:14:42:25 -0500] "GET /sipse/faces/presentacion/proyectos/proyecto/faces/autenticacion HTTP/1.1" 302 -
186.31.8.91 - - [14/Sep/2022:14:42:25 -0500] "GET /sipse/faces/autenticacion.xhtml HTTP/1.1" 200 12179
186.31.8.91 - - [14/Sep/2022:14:42:25 -0500] "GET /sipse/faces/javax.faces.resource/theme.css?ln=primefaces-sipse HTTP/1.1" 304 -
186.31.8.91 - - [14/Sep/2022:14:42:25 -0500] "GET /sipse/faces/javax.faces.resource/primefaces.css?ln=primefaces&v=4.0 HTTP/1.1" 304 -
186.31.8.91 - - [14/Sep/2022:14:42:25 -0500] "GET /sipse/faces/javax.faces.resource/jquery/jquery-plugins.js?ln=primefaces&v=4.0 HTTP/1.1" 304 -
186.31.8.91 - - [14/Sep/2022:14:42:25 -0500] "GET /sipse/faces/javax.faces.resource/layout/layout.js?ln=primefaces&v=4.0 HTTP/1.1" 304 -
186.31.8.91 - - [14/Sep/2022:14:42:25 -0500] "GET /sipse/faces/javax.faces.resource/jquery/jquery.js?ln=primefaces&v=4.0 HTTP/1.1" 304 -
186.31.8.91 - - [14/Sep/2022:14:42:25 -0500] "GET /sipse/faces/javax.faces.resource/layout/layout.css?ln=primefaces&v=4.0 HTTP/1.1" 304 -
186.31.8.91 - - [14/Sep/2022:14:42:25 -0500] "GET /sipse/faces/javax.faces.resource/primefaces.js?ln=primefaces&v=4.0 HTTP/1.1" 304 -
186.31.8.91 - - [14/Sep/2022:14:42:25 -0500] "GET /sipse/faces/javax.faces.resource/images/ui-icons_898989_256x240.png?ln=primefaces-aristo HTTP/1.1" 304 -
201.245.192.253 - - [14/Sep/2022:14:42:27 -0500] "POST /sipse/faces/presentacion/financiero/solicitudProceso/consultarSolicitudProceso.xhtml HTTP/1.1" 200 41080
201.245.192.253 - - [14/Sep/2022:14:42:28 -0500] "GET /sipse/faces/javax.faces.resource/theme.css?ln=primefaces-sipse HTTP/1.1" 304 -
201.245.192.253 - - [14/Sep/2022:14:42:28 -0500] "GET /sipse/faces/javax.faces.resource/primefaces.css?ln=primefaces&v=4.0 HTTP/1.1" 304 -
201.245.192.253 - - [14/Sep/2022:14:42:28 -0500] "GET /sipse/faces/javax.faces.resource/layout/layout.css?ln=primefaces&v=4.0 HTTP/1.1" 304 -
201.245.192.253 - - [14/Sep/2022:14:42:28 -0500] "GET /sipse/faces/javax.faces.resource/jquery/jquery.js?ln=primefaces&v=4.0 HTTP/1.1" 304 -
201.245.192.253 - - [14/Sep/2022:14:42:28 -0500] "GET /sipse/faces/javax.faces.resource/jquery/jquery-plugins.js?ln=primefaces&v=4.0 HTTP/1.1" 304 -
201.245.192.253 - - [14/Sep/2022:14:42:28 -0500] "GET /sipse/faces/javax.faces.resource/primefaces.js?ln=primefaces&v=4.0 HTTP/1.1" 304 -
201.245.192.253 - - [14/Sep/2022:14:42:28 -0500] "GET /sipse/faces/javax.faces.resource/layout/layout.js?ln=primefaces&v=4.0 HTTP/1.1" 304 -
200.118.64.109 - - [14/Sep/2022:14:42:31 -0500] "POST /forms/lservlet;jsessionid=ac16012b30d66c5cc3af71b14f22b70b87f71c8061f4.e3iSbxaKaheRe34Qc30Qa3iMc3j0n6jAmljGr5XDqQLvpAe HTTP/1.1" 200 2
186.31.8.91 - - [14/Sep/2022:14:42:38 -0500] "POST /sipse/faces/autenticacion.xhtml HTTP/1.1" 200 2179
186.31.8.91 - - [14/Sep/2022:14:42:38 -0500] "GET /sipse/faces/javax.faces.resource/messages/messages.png?ln=primefaces&v=4.0 HTTP/1.1" 304 -
186.31.8.91 - - [14/Sep/2022:14:42:46 -0500] "POST /sipse/faces/autenticacion.xhtml HTTP/1.1" 200 2183
87.250.224.18 - - [14/Sep/2022:14:43:31 -0500] "-" 408 -
186.31.8.91 - - [14/Sep/2022:14:43:35 -0500] "POST /sipse/faces/autenticacion.xhtml HTTP/1.1" 200 2187
172.22.2.4 - - [14/Sep/2022:14:41:58 -0500] "HEAD /BLA/boletinlegal/ HTTP/1.1" 200 -
186.31.8.91 - - [14/Sep/2022:14:43:44 -0500] "POST /sipse/faces/autenticacion.xhtml HTTP/1.1" 200 2187
186.31.8.91 - - [14/Sep/2022:14:43:47 -0500] "POST /sipse/faces/autenticacion.xhtml HTTP/1.1" 200 2187
173.252.95.24 - - [14/Sep/2022:14:43:54 -0500] "GET /oso-melero-recuperado-en-bogota-fue-liberado-exitosamente-en-el-meta.html HTTP/1.1" 206 948
201.245.192.253 - - [14/Sep/2022:14:44:23 -0500] "POST /sipse/faces/presentacion/financiero/modificacionContrato/cargarModifiacion.xhtml HTTP/1.1" 200 127739
201.245.192.253 - - [14/Sep/2022:14:44:23 -0500] "GET /sipse/faces/javax.faces.resource/theme.css?ln=primefaces-sipse HTTP/1.1" 304 -
201.245.192.253 - - [14/Sep/2022:14:44:23 -0500] "GET /sipse/faces/javax.faces.resource/layout/layout.css?ln=primefaces&v=4.0 HTTP/1.1" 304 -
201.245.192.253 - - [14/Sep/2022:14:44:23 -0500] "GET /sipse/faces/javax.faces.resource/primefaces.css?ln=primefaces&v=4.0 HTTP/1.1" 304 -
201.245.192.253 - - [14/Sep/2022:14:44:23 -0500] "GET /sipse/faces/javax.faces.resource/jquery/jquery.js?ln=primefaces&v=4.0 HTTP/1.1" 304 -
201.245.192.253 - - [14/Sep/2022:14:44:23 -0500] "GET /sipse/faces/javax.faces.resource/jquery/jquery-plugins.js?ln=primefaces&v=4.0 HTTP/1.1" 304 -
201.245.192.253 - - [14/Sep/2022:14:44:23 -0500] "GET /sipse/faces/javax.faces.resource/primefaces.js?ln=primefaces&v=4.0 HTTP/1.1" 304 -
201.245.192.253 - - [14/Sep/2022:14:44:23 -0500] "GET /sipse/faces/javax.faces.resource/layout/layout.js?ln=primefaces&v=4.0 HTTP/1.1" 304 -
190.145.240.34 - - [14/Sep/2022:14:44:25 -0500] "GET /BLA/resoluciones/index.php?dir=RESOLUCIONES+2021%2F HTTP/1.1" 200 12235
190.145.240.34 - - [14/Sep/2022:14:44:25 -0500] "GET /BLA/resoluciones/index.php?dir=RESOLUCIONES+2021%2F HTTP/1.1" 200 422800
172.22.2.4 - - [14/Sep/2022:14:42:48 -0500] "GET /BLA/boletinlegal/ HTTP/1.1" 200 58575
200.118.64.109 - - [14/Sep/2022:14:44:31 -0500] "POST /forms/lservlet;jsessionid=ac16012b30d66c5cc3af71b14f22b70b87f71c8061f4.e3iSbxaKaheRe34Qc30Qa3iMc3j0n6jAmljGr5XDqQLvpAe HTTP/1.1" 200 2
201.245.192.253 - - [14/Sep/2022:14:44:47 -0500] "POST /sipse/faces/presentacion/financiero/solicitudProceso/consultarSolicitudProceso.xhtml HTTP/1.1" 200 62264
201.245.192.253 - - [14/Sep/2022:14:44:48 -0500] "GET /sipse/faces/javax.faces.resource/theme.css?ln=primefaces-sipse HTTP/1.1" 304 -
201.245.192.253 - - [14/Sep/2022:14:44:48 -0500] "GET /sipse/faces/javax.faces.resource/layout/layout.css?ln=primefaces&v=4.0 HTTP/1.1" 304 -
201.245.192.253 - - [14/Sep/2022:14:44:48 -0500] "GET /sipse/faces/javax.faces.resource/primefaces.css?ln=primefaces&v=4.0 HTTP/1.1" 304 -
201.245.192.253 - - [14/Sep/2022:14:44:48 -0500] "GET /sipse/faces/javax.faces.resource/jquery/jquery.js?ln=primefaces&v=4.0 HTTP/1.1" 304 -
201.245.192.253 - - [14/Sep/2022:14:44:48 -0500] "GET /sipse/faces/javax.faces.resource/jquery/jquery-plugins.js?ln=primefaces&v=4.0 HTTP/1.1" 304 -
201.245.192.253 - - [14/Sep/2022:14:44:48 -0500] "GET /sipse/faces/javax.faces.resource/primefaces.js?ln=primefaces&v=4.0 HTTP/1.1" 304 -
201.245.192.253 - - [14/Sep/2022:14:44:48 -0500] "GET /sipse/faces/javax.faces.resource/layout/layout.js?ln=primefaces&v=4.0 HTTP/1.1" 304 -
201.245.192.253 - - [14/Sep/2022:14:44:48 -0500] "POST /sipse/faces/presentacion/financiero/solicitudProceso/listarSolicitudProceso.xhtml HTTP/1.1" 200 55637
201.245.192.253 - - [14/Sep/2022:14:44:48 -0500] "POST /sipse/faces/presentacion/financiero/solicitudProceso/listarSolicitudProceso.xhtml HTTP/1.1" 200 55637
201.245.192.253 - - [14/Sep/2022:14:44:48 -0500] "POST /sipse/faces/presentacion/financiero/solicitudProceso/listarSolicitudProceso.xhtml HTTP/1.1" 200 55637
201.245.192.253 - - [14/Sep/2022:14:44:49 -0500] "POST /sipse/faces/presentacion/financiero/solicitudProceso/listarSolicitudProceso.xhtml HTTP/1.1" 200 55637
201.245.192.253 - - [14/Sep/2022:14:44:49 -0500] "POST /sipse/faces/presentacion/financiero/solicitudProceso/listarSolicitudProceso.xhtml HTTP/1.1" 200 1544
201.245.192.253 - - [14/Sep/2022:14:44:49 -0500] "POST /sipse/faces/presentacion/financiero/solicitudProceso/listarSolicitudProceso.xhtml HTTP/1.1" 200 1548
201.245.192.253 - - [14/Sep/2022:14:44:49 -0500] "POST /sipse/faces/presentacion/financiero/solicitudProceso/listarSolicitudProceso.xhtml HTTP/1.1" 200 1552
201.245.192.253 - - [14/Sep/2022:14:44:49 -0500] "POST /sipse/faces/presentacion/financiero/solicitudProceso/listarSolicitudProceso.xhtml HTTP/1.1" 200 1548
201.245.192.253 - - [14/Sep/2022:14:44:50 -0500] "POST /sipse/faces/presentacion/financiero/solicitudProceso/listarSolicitudProceso.xhtml HTTP/1.1" 200 1552
216.245.221.92 - - [14/Sep/2022:14:44:54 -0500] "HEAD / HTTP/1.1" 200 -
66.249.73.127 - - [14/Sep/2022:14:44:54 -0500] "-" 408 -
201.245.192.253 - - [14/Sep/2022:14:44:55 -0500] "POST /sipse/faces/presentacion/financiero/solicitudProceso/listarSolicitudProceso.xhtml HTTP/1.1" 200 31417
172.22.2.4 - - [14/Sep/2022:14:45:07 -0500] "GET /BLA/boletinlegal/actos.php HTTP/1.1" 200 9559
172.22.2.4 - - [14/Sep/2022:14:45:08 -0500] "GET /BLA/boletinlegal/favicon.ico HTTP/1.1" 404 1326
172.22.2.4 - - [14/Sep/2022:14:45:14 -0500] "GET /BLA/boletinlegal/consulta_actos.php?tipo=autos&no=0410&usuario=&sector=&fecha=2019&resuelve= HTTP/1.1" 200 626
172.22.2.4 - - [14/Sep/2022:14:45:27 -0500] "GET /BLA/boletinlegal/consulta_actos.php?tipo=resoluciones&no=0410&usuario=&sector=&fecha=2019&resuelve= HTTP/1.1" 200 1069
172.22.2.4 - - [14/Sep/2022:14:44:56 -0500] "GET /BLA/boletinlegal/ HTTP/1.1" 200 32715
201.245.192.253 - - [14/Sep/2022:14:45:38 -0500] "POST /sipse/faces/presentacion/financiero/solicitudProceso/listarSolicitudProceso.xhtml HTTP/1.1" 200 4748
200.118.64.109 - - [14/Sep/2022:14:46:31 -0500] "POST /forms/lservlet;jsessionid=ac16012b30d66c5cc3af71b14f22b70b87f71c8061f4.e3iSbxaKaheRe34Qc30Qa3iMc3j0n6jAmljGr5XDqQLvpAe HTTP/1.1" 200 2
186.31.8.91 - - [14/Sep/2022:14:46:58 -0500] "POST /sipse/faces/autenticacion.xhtml HTTP/1.1" 200 2187
186.31.8.91 - - [14/Sep/2022:14:47:03 -0500] "POST /sipse/faces/autenticacion.xhtml HTTP/1.1" 200 2183
186.31.8.91 - - [14/Sep/2022:14:47:05 -0500] "POST /sipse/faces/autenticacion.xhtml HTTP/1.1" 200 2187
201.245.192.253 - - [14/Sep/2022:14:47:17 -0500] "POST /kwsrmcab/Wsrmcab  HTTP/1.1" 200 37989
172.22.2.1 - - [14/Sep/2022:14:48:28 -0500] "GET /reportes_sipse/sdg/ServletViabilidad?reporte=memo_viabilidad&solicitud=18379 HTTP/1.1" 200 1538
200.118.64.109 - - [14/Sep/2022:14:48:31 -0500] "POST /forms/lservlet;jsessionid=ac16012b30d66c5cc3af71b14f22b70b87f71c8061f4.e3iSbxaKaheRe34Qc30Qa3iMc3j0n6jAmljGr5XDqQLvpAe HTTP/1.1" 200 2
172.22.2.1 - - [14/Sep/2022:14:48:44 -0500] "GET /reportes_sipse/sdg/ServletViabilidad?reporte=memo_viabilidad&solicitud=18380 HTTP/1.1" 200 1538
201.245.192.253 - - [14/Sep/2022:14:48:56 -0500] "GET /sipse/faces/index.xhtml HTTP/1.1" 200 677
201.245.192.253 - - [14/Sep/2022:14:48:56 -0500] "GET /sipse/faces/javax.faces.resource/theme.css?ln=primefaces-sipse HTTP/1.1" 304 -
201.245.192.253 - - [14/Sep/2022:14:48:56 -0500] "GET /sipse/faces/faces/autenticacion.xhtml HTTP/1.1" 200 12179
201.245.192.253 - - [14/Sep/2022:14:48:56 -0500] "GET /sipse/js/disable_browser_buttons.js HTTP/1.1" 304 -
201.245.192.253 - - [14/Sep/2022:14:48:56 -0500] "GET /sipse/js/funciones.js HTTP/1.1" 304 -
201.245.192.253 - - [14/Sep/2022:14:48:56 -0500] "GET /sipse/css/custom_css_sg_prime_login.css HTTP/1.1" 304 -
201.245.192.253 - - [14/Sep/2022:14:48:56 -0500] "GET /sipse/css/custom_css_sg.css HTTP/1.1" 304 -
201.245.192.253 - - [14/Sep/2022:14:48:56 -0500] "GET /sipse/faces/javax.faces.resource/theme.css?ln=primefaces-sipse HTTP/1.1" 304 -
201.245.192.253 - - [14/Sep/2022:14:48:56 -0500] "GET /sipse/faces/javax.faces.resource/primefaces.css?ln=primefaces&v=4.0 HTTP/1.1" 304 -
201.245.192.253 - - [14/Sep/2022:14:48:56 -0500] "GET /sipse/faces/javax.faces.resource/layout/layout.css?ln=primefaces&v=4.0 HTTP/1.1" 304 -
201.245.192.253 - - [14/Sep/2022:14:48:56 -0500] "GET /sipse/faces/javax.faces.resource/jquery/jquery.js?ln=primefaces&v=4.0 HTTP/1.1" 304 -
201.245.192.253 - - [14/Sep/2022:14:48:56 -0500] "GET /sipse/faces/javax.faces.resource/jquery/jquery-plugins.js?ln=primefaces&v=4.0 HTTP/1.1" 304 -
201.245.192.253 - - [14/Sep/2022:14:48:56 -0500] "GET /sipse/faces/javax.faces.resource/primefaces.js?ln=primefaces&v=4.0 HTTP/1.1" 304 -
201.245.192.253 - - [14/Sep/2022:14:48:56 -0500] "GET /sipse/faces/javax.faces.resource/layout/layout.js?ln=primefaces&v=4.0 HTTP/1.1" 304 -
201.245.192.253 - - [14/Sep/2022:14:48:57 -0500] "GET /sipse/faces/javax.faces.resource/images/ui-icons_898989_256x240.png?ln=primefaces-aristo HTTP/1.1" 200 5355
201.245.192.253 - - [14/Sep/2022:14:48:57 -0500] "GET /sipse/css/imagen/logoSDG.png HTTP/1.1" 200 53064
201.245.192.253 - - [14/Sep/2022:14:48:57 -0500] "GET /sipse/css/imagen/loginimg.png HTTP/1.1" 200 71635
172.22.2.1 - - [14/Sep/2022:14:48:57 -0500] "GET /reportes_sipse/sdg/ServletViabilidad?reporte=memo_viabilidad&solicitud=18397 HTTP/1.1" 200 1538
201.245.192.253 - - [14/Sep/2022:14:48:58 -0500] "POST /sipse/faces/autenticacion.xhtml HTTP/1.1" 200 12266
201.245.192.253 - - [14/Sep/2022:14:48:59 -0500] "GET /sipse/css/custom_css_sg_prime.css HTTP/1.1" 200 5201
201.245.192.253 - - [14/Sep/2022:14:48:59 -0500] "GET /sipse/faces/javax.faces.resource/jquery/jquery.js?ln=primefaces&v=4.0 HTTP/1.1" 304 -
201.245.192.253 - - [14/Sep/2022:14:48:59 -0500] "GET /sipse/faces/javax.faces.resource/jquery/jquery-plugins.js?ln=primefaces&v=4.0 HTTP/1.1" 304 -
201.245.192.253 - - [14/Sep/2022:14:48:59 -0500] "GET /sipse/faces/javax.faces.resource/primefaces.js?ln=primefaces&v=4.0 HTTP/1.1" 304 -
201.245.192.253 - - [14/Sep/2022:14:48:59 -0500] "GET /sipse/faces/javax.faces.resource/layout/layout.js?ln=primefaces&v=4.0 HTTP/1.1" 304 -
201.245.192.253 - - [14/Sep/2022:14:48:59 -0500] "GET /sipse/faces/javax.faces.resource/messages/messages.png?ln=primefaces&v=4.0 HTTP/1.1" 304 -
201.245.192.253 - - [14/Sep/2022:14:49:02 -0500] "POST /sipse/faces/presentacion/sistema/seguridad/seleccionRol.xhtml HTTP/1.1" 200 6694
201.245.192.253 - - [14/Sep/2022:14:49:02 -0500] "POST /sipse/faces/presentacion/sistema/seguridad/seleccionRol.xhtml HTTP/1.1" 200 15022
201.245.192.253 - - [14/Sep/2022:14:49:02 -0500] "GET /sipse/js/jquery.min.js HTTP/1.1" 304 -
201.245.192.253 - - [14/Sep/2022:14:49:02 -0500] "GET /sipse/faces/javax.faces.resource/jquery/jquery.js?ln=primefaces&v=4.0 HTTP/1.1" 304 -
201.245.192.253 - - [14/Sep/2022:14:49:02 -0500] "GET /sipse/faces/javax.faces.resource/jquery/jquery-plugins.js?ln=primefaces&v=4.0 HTTP/1.1" 304 -
201.245.192.253 - - [14/Sep/2022:14:49:02 -0500] "GET /sipse/faces/javax.faces.resource/primefaces.js?ln=primefaces&v=4.0 HTTP/1.1" 304 -
201.245.192.253 - - [14/Sep/2022:14:49:02 -0500] "GET /sipse/faces/javax.faces.resource/layout/layout.js?ln=primefaces&v=4.0 HTTP/1.1" 304 -
201.245.192.253 - - [14/Sep/2022:14:49:02 -0500] "GET /sipse/imagenes/cargando.gif HTTP/1.1" 304 -
201.245.192.253 - - [14/Sep/2022:14:49:02 -0500] "GET /sipse/imagenes/logoAplicacion.jpg HTTP/1.1" 304 -
201.245.192.253 - - [14/Sep/2022:14:49:02 -0500] "GET /sipse/css/imagen/contrasena.png HTTP/1.1" 404 383
201.245.192.253 - - [14/Sep/2022:14:49:03 -0500] "GET /sipse/faces/index.xhtml HTTP/1.1" 200 677
201.245.192.253 - - [14/Sep/2022:14:49:04 -0500] "GET /sipse/faces/javax.faces.resource/theme.css?ln=primefaces-sipse HTTP/1.1" 200 50058
201.245.192.253 - - [14/Sep/2022:14:49:04 -0500] "GET /sipse/faces/faces/autenticacion.xhtml HTTP/1.1" 200 12179
201.245.192.253 - - [14/Sep/2022:14:49:04 -0500] "GET /sipse/faces/javax.faces.resource/images/ui-bg_flat_0_2d5972_40x100.png?ln=primefaces-aristo HTTP/1.1" 200 183
201.245.192.253 - - [14/Sep/2022:14:49:04 -0500] "GET /sipse/css/custom_css_sg.css HTTP/1.1" 200 9694
201.245.192.253 - - [14/Sep/2022:14:49:04 -0500] "GET /sipse/faces/javax.faces.resource/theme.css?ln=primefaces-sipse HTTP/1.1" 304 -
201.245.192.253 - - [14/Sep/2022:14:49:04 -0500] "GET /sipse/faces/javax.faces.resource/layout/layout.css?ln=primefaces&v=4.0 HTTP/1.1" 200 542
201.245.192.253 - - [14/Sep/2022:14:49:04 -0500] "GET /sipse/faces/javax.faces.resource/jquery/jquery.js?ln=primefaces&v=4.0 HTTP/1.1" 304 -
201.245.192.253 - - [14/Sep/2022:14:49:04 -0500] "GET /sipse/faces/javax.faces.resource/primefaces.js?ln=primefaces&v=4.0 HTTP/1.1" 304 -
201.245.192.253 - - [14/Sep/2022:14:49:04 -0500] "GET /sipse/faces/javax.faces.resource/layout/layout.js?ln=primefaces&v=4.0 HTTP/1.1" 304 -
201.245.192.253 - - [14/Sep/2022:14:49:04 -0500] "GET /sipse/faces/javax.faces.resource/jquery/jquery-plugins.js?ln=primefaces&v=4.0 HTTP/1.1" 304 -
201.245.192.253 - - [14/Sep/2022:14:49:04 -0500] "POST /sipse/faces/bienvenido.xhtml HTTP/1.1" 200 2073
201.245.192.253 - - [14/Sep/2022:14:49:04 -0500] "GET /sipse/faces/javax.faces.resource/primefaces.css?ln=primefaces&v=4.0 HTTP/1.1" 200 53295
201.245.192.253 - - [14/Sep/2022:14:49:04 -0500] "GET /sipse/css/imagen/loginimg.png HTTP/1.1" 200 12242
201.245.192.253 - - [14/Sep/2022:14:49:04 -0500] "GET /sipse/css/imagen/logoSDG.png HTTP/1.1" 200 21242
201.245.192.253 - - [14/Sep/2022:14:49:04 -0500] "GET /sipse/faces/javax.faces.resource/images/ui-icons_898989_256x240.png?ln=primefaces-aristo HTTP/1.1" 200 5355
201.245.192.253 - - [14/Sep/2022:14:49:05 -0500] "POST /sipse/faces/bienvenido.xhtml HTTP/1.1" 200 37747
201.245.192.253 - - [14/Sep/2022:14:49:05 -0500] "GET /sipse/faces/javax.faces.resource/jquery/jquery.js?ln=primefaces&v=4.0 HTTP/1.1" 304 -
201.245.192.253 - - [14/Sep/2022:14:49:05 -0500] "GET /sipse/faces/javax.faces.resource/jquery/jquery-plugins.js?ln=primefaces&v=4.0 HTTP/1.1" 304 -
201.245.192.253 - - [14/Sep/2022:14:49:05 -0500] "GET /sipse/faces/javax.faces.resource/primefaces.js?ln=primefaces&v=4.0 HTTP/1.1" 304 -
201.245.192.253 - - [14/Sep/2022:14:49:05 -0500] "GET /sipse/faces/javax.faces.resource/layout/layout.js?ln=primefaces&v=4.0 HTTP/1.1" 304 -
201.245.192.253 - - [14/Sep/2022:14:49:06 -0500] "POST /sipse/faces/presentacion/financiero/solicitudProceso/consultar.xhtml HTTP/1.1" 200 12887
201.245.192.253 - - [14/Sep/2022:14:49:11 -0500] "POST /sipse/faces/autenticacion.xhtml HTTP/1.1" 200 2179
201.245.192.253 - - [14/Sep/2022:14:49:11 -0500] "GET /sipse/faces/javax.faces.resource/messages/messages.png?ln=primefaces&v=4.0 HTTP/1.1" 304 -
172.22.2.4 - - [14/Sep/2022:14:47:48 -0500] "HEAD /BLA/boletinlegal/ HTTP/1.1" 200 -
186.102.54.238 - - [14/Sep/2022:14:49:43 -0500] "GET /kwssiamovil/sm/des/ldap/au?x=U2FsdGVkX19T/RCJ586RvV+g6xkQ8AihnZIpvRzXhsJLRhTusF68Qz6uxmqkMmd6&y=U2FsdGVkX1/TfMoB3IJzng29T8samsjZtlD2LX+2ysSLIPymRHifcnKIvLEjDdKa HTTP/1.1" 200 30
186.102.54.238 - - [14/Sep/2022:14:49:43 -0500] "GET /kwssiamovil/sm/des/acme/s?s=U2FsdGVkX1+cFygiOjBeZAMS2wTLFOwjgsfjw/TfUWR2cpL6ozXCgIOnTqU/RfFQcEtFFJW9TL2yJqBaaMx1uwPSxKue/Gkldveuoao4wcY=&u=U2FsdGVkX1+R91KPeYrlY9piSKYSPajkn7cIrU+5TfU=&y=U2FsdGVkX1/TfMoB3IJzng29T8samsjZtlD2LX+2ysSLIPymRHifcnKIvLEjDdKa HTTP/1.1" 200 97
157.55.39.188 - - [14/Sep/2022:14:49:43 -0500] "GET /BLA/resoluciones/RESOLUCIONES%202000/2000%202200-2249.tif HTTP/1.1" 200 5297231
186.102.54.238 - - [14/Sep/2022:14:49:44 -0500] "GET /kwssiamovil/sm/des/acme/s?s=U2FsdGVkX1/OfLtqr+keIimlXNYnAwhSynbubsM7ZHLS041OTX0/jKAgzVvRmXTM3++N1ZZzo/0+pwQKwg4UJDGtMQGp9e1+cqLYB6f4DqonVK0jN96Wi8Rui5epWF0hYd74/T2Jy32WpdZD5QSthtbhPakMwGEQhHxWObvSXBZWdD8+xOGKEXvaBQipVJPnBQCT1lDPt6t+LNQ9G+LudlBER7nSdjwjtk845W/AZBXwOR/rrm5wjKuVw8g/qMiWaLS/hTYCUd4lFg4Q7/VqYzpmKR59OksXlqCeXvu1ohb6wxcwGVZyZIIUqAXs89Gj1+YHaMwLlqQpKDZJ6LnuB+CxblRWXD0Dl08XsOy/GJNmx8PZpdefQJ9n0axLzJVmcdpVQFL6NaduP2M2x3jAp8oy8J3MutDXOCKcqBoq44f7Fk59O9+d5QYjvU/N7TJuUbe/VRQiKw8rWjP+1FNFpjn3WVd58Lj8Ea/jRN2ci0t75UNE+4Fqro8Fq1Wjg8CiecRavHYaAXkDo/Wjl+af2RBdvSt4v8RVHuayDzqCzNPuXLt5vmxWWaoUBDnrRFxRUuusOh34tD2/RoPsgL7ghmFEFBy8fkHBAMuhPKyUPF3XU3rDGEYa7tqfueWlocXDgVZudeJTFWlN9GQkhicHyz861peUYqCMu/WilGddRsxfJwo+bh3q1Lkq3efb4dPb/oJp5hyTi/OCaB/iraVt0Fx9UcCRS7h+R0gifyc+CR1D6MY9RSDWWhQNnWVu5Zu5Ie92e0iATO4WyoJZImatXt+/rtVwXsxR+TjUcdmzj6KCbyV4qk7+P/iIMOvsw8gizByd4f6Q37UerNTn6qFRPYmc3GnttKWilwYz6PSMoMfh9sB+rUV5PQr4/KIrcmJiJmg/uHYH6tHiI6/2wj/Umql779Cmv5ZbR4lbss8QyZ8D2a6UUCKVUAHY16Wop0HznKKqbBPmdCijEKEmhHubsijZmAMy/rG9u4UijGtUeVOZEn278C2BEC8FtzUBIX8meQ+vsNX9VlsNAZSTZYGiA5xGMIle1w9Nl2zoHeiTouchpBtQSAyNQa+S3bWEeDv7xIzhrOZjn3U81reFLQLSzlBVSEFR4m10Uw/CaPTVn93mHg07LtlxGmDGufFJpuTPE9ZQiEO+PmwkZ1b9BHyVVLjfH9qLa3EZtdl5N3J6lb+fl+QIygo0rsuDMEnorFBAZ/JuzVb38bWsCkASl54gV8CZfrG9ZPw1WLEjvt+VjZb9n5f88QHME0HIKNG9oOfZ1AtYCqg7lgfmkimsCs9+2ogdr9pw0M/vawoPENf0IQ3E1DtQMaYrx4vbJ8zfRuyUIbll1/K629o+n5XLQEoxyZvZGzp7v08VUfk/bhb8a3w=&u=U2FsdGVkX1+R91KPeYrlY9piSKYSPajkn7cIrU+5TfU=&y=U2FsdGVkX1/TfMoB3IJzng29T8samsjZtlD2LX+2ysSLIPymRHifcnKIvLEjDdKa HTTP/1.1" 200 946
186.102.54.238 - - [14/Sep/2022:14:49:44 -0500] "GET /kwssiamovil/sm/des/acme/s?s=U2FsdGVkX19N4lWQvH1+jw0rDM2E+qzFMd4tho0Ov3hYtD5UnO1DaML8vQs5r+dhY5cf5EkwWEmeh91ZlVZoJ/Dr5TS0cKm0BqcsGjzWWw9HW8DqBHNiovd3SJqAhLG/refz6m76VWdy+hDFzP5+1pOJ22K+YO4gLeuR1gz5ZqWQ7Ju92YqER6XE91GzxAiJkv+FDjBHDrQlzV7xq37abw==&u=U2FsdGVkX1+R91KPeYrlY9piSKYSPajkn7cIrU+5TfU=&y=U2FsdGVkX1/TfMoB3IJzng29T8samsjZtlD2LX+2ysSLIPymRHifcnKIvLEjDdKa HTTP/1.1" 200 96060
186.102.54.238 - - [14/Sep/2022:14:49:48 -0500] "GET /kwssiamovil/sm/des/ldap/au?x=U2FsdGVkX1+DVf6a6pNHsoi5nJJfgygb0y2c/U/+ZVhECU4j+aH8AiZ+nG72VlOs&y=U2FsdGVkX1+/bjYBVt7cAv6h8k2trMo1UqAAite5AOaPlgmHQEohBHOHLCGUnGiW HTTP/1.1" 200 30
186.102.54.238 - - [14/Sep/2022:14:49:48 -0500] "GET /kwssiamovil/sm/des/acme/s?s=U2FsdGVkX1/HBs0Kfk9WCfiU1NaA6ckqPmU7VrPU6su8bH0DmyrwXrhSDMnBOc20nxLq16fkW/85x6fHKDHJaTi7Bthmeu4ahzhDePsqshw=&u=U2FsdGVkX19CCTgy7J+ddjtJL6JJQOILmbI2A6LwpBw=&y=U2FsdGVkX1+/bjYBVt7cAv6h8k2trMo1UqAAite5AOaPlgmHQEohBHOHLCGUnGiW HTTP/1.1" 200 97
186.102.54.238 - - [14/Sep/2022:14:49:48 -0500] "GET /kwssiamovil/sm/des/acme/s?s=U2FsdGVkX18LOPlZyp1ptPYElt/CMQGu+uOLfHWUWvNNn4n/NESohhAr3jo7IGv/i81m98z8F2i2J2l0ZalHIKBn/49gUAaoCGpnvJmN+u/yNP/wZmwwT8BT0hmduCtW1ur5jkcFSqR7ALP+uy0LHd6RudZOB/QaOC6lmaIIciqpp18VyHvSHMjP91LLK9kUU1uisDq5rjgT9r+D+PNzyCOwBpP4Se7Z9GockhRmYgeVEHt0wuDr1M+mq7vc1EPoKNkWQaV0ssa0HejdAKnaw/X5hQBPYhaYmVG/KbNivIsgYrNo9UoZk/F8vNYlFAVbjcjdtqni3XFkHOlPJ1SBCbWsTJF/EvHERSbcq1IYsn1aSvOR/iaYO1VSBzrkZ6IXyj4hGpVA1MnIWzvqZFekpPqDW3mmhAWEbHgwOLnxOpSt8x16qknoXnYHoBWdMgLkB8bqrabeZIxJfHw6tvXERkOrj2/SJzH5h37hcxIkzdYCqPFCxLKGwlfr9EjAORA+avKnHkjUW5apR3HnZJXksBdzQpmsHdE5F3uTMAx4BsxNqIFhEI2ypPBLlmiPN4tZ57A55b7b7U5fOyqT2oj/Zwz7g5l1GURBlkXfe1yZtxSTl5lXt/o2ypY5B55V3E3KlpbMzSRts8sG34bkawX36rOnnv1Q3T6zvSz7HzgDcQGM2UpXmsXcm0kyu/hI0XUAOUcvOD0gZW8oUYAvOOWyPgQU5SEmdsGmjLd6ke5IL4vsYbPZWLow2siE13LRbqvp9Y9uXNFj9TTI2flFsi31XaxIXuLJEVZ3D3nEaKVo3O90zCL/8kNGz5/at5eQhqNSmx6v5aPct8VfrZn5s7Ilf6higpP9/bv/jbiS2C8HguIuiqT69n+nyM9HjsSu7E5UoiEB+MWvM7W81UchrZ5RSMQcF63SmIqJxw0l4gPswUThL04cZBciWr/nkimjYY35wM7HQdcBCoQhmL345pqCk6GE1rjP7YRCYBinyWMxGSLmmlLj+PSF8a7UJUtnxV+qBEURcjKFLk1FwlJ5HaMOw2M9g8V4Nd7kTIhcY7aMsxOO/A5BRusSaY+3ToR2KBC1PNjNgBewWj7IDo8up+9gyzAlCwpKECz+y2nLT0eONDtpjg0mdzjMKFyKM6A+VT/LaZzqNDH3NHugjll7l1I6RBByigOy9ZpimD1hKnfXIa9XPN8+o+PBfwi3DS2DYP5LMeUUm/k7XwUTDSWjNRPYCjpx+uEKzs44PKwNd8vjg0ltleGDHC6r9W7p0maSB7wcWtqn7QEyTms0DmqjCno+GIfXQ8QwrgGoNa5IkLIxKWzr8OnfU3eMCkvk9WjKeGtCr8pJRi+nVZOn/yHmKnM3F+WbwhwIkMXcUo6ptkq8XgU=&u=U2FsdGVkX19CCTgy7J+ddjtJL6JJQOILmbI2A6LwpBw=&y=U2FsdGVkX1+/bjYBVt7cAv6h8k2trMo1UqAAite5AOaPlgmHQEohBHOHLCGUnGiW HTTP/1.1" 200 946
