200.118.64.109 - - [28/Sep/2022:11:25:49 -0500] "POST /forms/lservlet;jsessionid=ac16012b30d6f8d5adc7520646839a4681f2563cede7.e3iSbxaKaheRe3ePbN4LaNqMai1ynknvrkLOlQzNp65In0 HTTP/1.1" 200 15
201.245.192.253 - - [28/Sep/2022:11:25:50 -0500] "GET /sipse/faces/presentacion/financiero/solicitudProceso/faces/autenticacion HTTP/1.1" 302 -
201.245.192.253 - - [28/Sep/2022:11:25:50 -0500] "GET /sipse/faces/javax.faces.resource/theme.css?ln=primefaces-sipse HTTP/1.1" 304 -
201.245.192.253 - - [28/Sep/2022:11:25:50 -0500] "GET /sipse/faces/javax.faces.resource/primefaces.css?ln=primefaces&v=4.0 HTTP/1.1" 304 -
201.245.192.253 - - [28/Sep/2022:11:25:50 -0500] "GET /sipse/faces/javax.faces.resource/layout/layout.css?ln=primefaces&v=4.0 HTTP/1.1" 304 -
201.245.192.253 - - [28/Sep/2022:11:25:50 -0500] "GET /sipse/faces/javax.faces.resource/jquery/jquery.js?ln=primefaces&v=4.0 HTTP/1.1" 304 -
201.245.192.253 - - [28/Sep/2022:11:25:50 -0500] "GET /sipse/faces/javax.faces.resource/jquery/jquery-plugins.js?ln=primefaces&v=4.0 HTTP/1.1" 304 -
201.245.192.253 - - [28/Sep/2022:11:25:50 -0500] "GET /sipse/faces/javax.faces.resource/primefaces.js?ln=primefaces&v=4.0 HTTP/1.1" 304 -
201.245.192.253 - - [28/Sep/2022:11:25:50 -0500] "GET /sipse/faces/javax.faces.resource/layout/layout.js?ln=primefaces&v=4.0 HTTP/1.1" 304 -
201.245.192.253 - - [28/Sep/2022:11:25:50 -0500] "GET /sipse/faces/autenticacion.xhtml HTTP/1.1" 200 12179
186.154.54.216 - - [28/Sep/2022:11:25:52 -0500] "POST /sipse/faces/presentacion/financiero/solicitudProceso/listarSolicitudProceso.xhtml HTTP/1.1" 200 14005
201.245.192.253 - - [28/Sep/2022:11:25:52 -0500] "POST /sipse/faces/autenticacion.xhtml HTTP/1.1" 200 2217
200.118.64.109 - - [28/Sep/2022:11:25:51 -0500] "POST /forms/lservlet;jsessionid=ac16012b30d6f8d5adc7520646839a4681f2563cede7.e3iSbxaKaheRe3ePbN4LaNqMai1ynknvrkLOlQzNp65In0 HTTP/1.1" 200 15
201.245.192.253 - - [28/Sep/2022:11:25:52 -0500] "GET /sipse/faces/javax.faces.resource/messages/messages.png?ln=primefaces&v=4.0 HTTP/1.1" 304 -
201.245.192.253 - - [28/Sep/2022:11:25:53 -0500] "POST /sipse/faces/autenticacion.xhtml HTTP/1.1" 200 16239
201.245.192.253 - - [28/Sep/2022:11:25:53 -0500] "GET /sipse/faces/javax.faces.resource/layout/layout.css?ln=primefaces&v=4.0 HTTP/1.1" 304 -
201.245.192.253 - - [28/Sep/2022:11:25:53 -0500] "GET /sipse/faces/javax.faces.resource/theme.css?ln=primefaces-sipse HTTP/1.1" 304 -
201.245.192.253 - - [28/Sep/2022:11:25:53 -0500] "GET /sipse/faces/javax.faces.resource/primefaces.css?ln=primefaces&v=4.0 HTTP/1.1" 304 -
201.245.192.253 - - [28/Sep/2022:11:25:53 -0500] "GET /sipse/faces/javax.faces.resource/jquery/jquery.js?ln=primefaces&v=4.0 HTTP/1.1" 304 -
201.245.192.253 - - [28/Sep/2022:11:25:53 -0500] "GET /sipse/faces/javax.faces.resource/jquery/jquery-plugins.js?ln=primefaces&v=4.0 HTTP/1.1" 304 -
201.245.192.253 - - [28/Sep/2022:11:25:53 -0500] "GET /sipse/faces/javax.faces.resource/primefaces.js?ln=primefaces&v=4.0 HTTP/1.1" 304 -
201.245.192.253 - - [28/Sep/2022:11:25:53 -0500] "GET /sipse/faces/javax.faces.resource/layout/layout.js?ln=primefaces&v=4.0 HTTP/1.1" 304 -
201.245.192.253 - - [28/Sep/2022:11:25:54 -0500] "POST /sipse/faces/bienvenido.xhtml HTTP/1.1" 200 2658
200.118.64.109 - - [28/Sep/2022:11:25:56 -0500] "POST /forms/lservlet;jsessionid=ac16012b30d6f8d5adc7520646839a4681f2563cede7.e3iSbxaKaheRe3ePbN4LaNqMai1ynknvrkLOlQzNp65In0 HTTP/1.1" 200 15
201.245.192.253 - - [28/Sep/2022:11:25:55 -0500] "POST /sipse/faces/bienvenido.xhtml HTTP/1.1" 200 65597
201.245.192.253 - - [28/Sep/2022:11:25:59 -0500] "GET /sipse/faces/javax.faces.resource/primefaces.css?ln=primefaces&v=4.0 HTTP/1.1" 304 -
201.245.192.253 - - [28/Sep/2022:11:25:59 -0500] "GET /sipse/faces/javax.faces.resource/theme.css?ln=primefaces-sipse HTTP/1.1" 304 -
201.245.192.253 - - [28/Sep/2022:11:25:59 -0500] "GET /sipse/faces/javax.faces.resource/layout/layout.css?ln=primefaces&v=4.0 HTTP/1.1" 304 -
201.245.192.253 - - [28/Sep/2022:11:25:59 -0500] "GET /sipse/faces/javax.faces.resource/jquery/jquery.js?ln=primefaces&v=4.0 HTTP/1.1" 304 -
201.245.192.253 - - [28/Sep/2022:11:25:59 -0500] "GET /sipse/faces/javax.faces.resource/jquery/jquery-plugins.js?ln=primefaces&v=4.0 HTTP/1.1" 304 -
201.245.192.253 - - [28/Sep/2022:11:25:59 -0500] "GET /sipse/faces/javax.faces.resource/primefaces.js?ln=primefaces&v=4.0 HTTP/1.1" 304 -
201.245.192.253 - - [28/Sep/2022:11:25:59 -0500] "GET /sipse/faces/javax.faces.resource/layout/layout.js?ln=primefaces&v=4.0 HTTP/1.1" 304 -
201.245.192.253 - - [28/Sep/2022:11:25:59 -0500] "POST /sipse/faces/presentacion/financiero/solicitudProceso/listarSolicitudProceso.xhtml HTTP/1.1" 200 1544
200.118.64.109 - - [28/Sep/2022:11:26:03 -0500] "POST /forms/lservlet;jsessionid=ac16012b30d6f8d5adc7520646839a4681f2563cede7.e3iSbxaKaheRe3ePbN4LaNqMai1ynknvrkLOlQzNp65In0 HTTP/1.1" 200 125
200.118.64.109 - - [28/Sep/2022:11:26:03 -0500] "POST /forms/lservlet;jsessionid=ac16012b30d6f8d5adc7520646839a4681f2563cede7.e3iSbxaKaheRe3ePbN4LaNqMai1ynknvrkLOlQzNp65In0 HTTP/1.1" 200 2
200.118.64.109 - - [28/Sep/2022:11:26:03 -0500] "GET /reports/rwservlet/getjobid80170?server=repnomi HTTP/1.1" 200 47894
201.245.192.253 - - [28/Sep/2022:11:26:05 -0500] "POST /sipse/faces/presentacion/financiero/solicitudProceso/listarSolicitudProceso.xhtml HTTP/1.1" 200 14794
201.245.192.253 - - [28/Sep/2022:11:26:09 -0500] "POST /sipse/faces/presentacion/financiero/solicitudProceso/listarSolicitudProceso.xhtml HTTP/1.1" 200 42055
186.154.54.216 - - [28/Sep/2022:11:26:14 -0500] "POST /sipse/faces/presentacion/financiero/solicitudProceso/listarSolicitudProceso.xhtml HTTP/1.1" 200 14004
200.118.64.109 - - [28/Sep/2022:11:26:24 -0500] "POST /forms/lservlet;jsessionid=ac16012b30d6f8d5adc7520646839a4681f2563cede7.e3iSbxaKaheRe3ePbN4LaNqMai1ynknvrkLOlQzNp65In0 HTTP/1.1" 200 2
172.22.2.4 - - [28/Sep/2022:11:24:52 -0500] "GET /BLA/boletinlegal/ HTTP/1.1" 200 54003
186.154.54.216 - - [28/Sep/2022:11:26:37 -0500] "POST /sipse/faces/presentacion/financiero/solicitudProceso/listarSolicitudProceso.xhtml HTTP/1.1" 200 14005
186.154.54.216 - - [28/Sep/2022:11:26:43 -0500] "POST /sipse/faces/presentacion/financiero/solicitudProceso/listarSolicitudProceso.xhtml HTTP/1.1" 200 118476
186.154.54.216 - - [28/Sep/2022:11:26:44 -0500] "GET /sipse/faces/javax.faces.resource/theme.css?ln=primefaces-sipse HTTP/1.1" 304 -
186.154.54.216 - - [28/Sep/2022:11:26:44 -0500] "GET /sipse/faces/javax.faces.resource/primefaces.css?ln=primefaces&v=4.0 HTTP/1.1" 304 -
186.154.54.216 - - [28/Sep/2022:11:26:44 -0500] "GET /sipse/faces/javax.faces.resource/layout/layout.css?ln=primefaces&v=4.0 HTTP/1.1" 304 -
186.154.54.216 - - [28/Sep/2022:11:26:44 -0500] "GET /sipse/faces/javax.faces.resource/jquery/jquery.js?ln=primefaces&v=4.0 HTTP/1.1" 304 -
186.154.54.216 - - [28/Sep/2022:11:26:44 -0500] "GET /sipse/faces/javax.faces.resource/jquery/jquery-plugins.js?ln=primefaces&v=4.0 HTTP/1.1" 304 -
186.154.54.216 - - [28/Sep/2022:11:26:44 -0500] "GET /sipse/faces/javax.faces.resource/primefaces.js?ln=primefaces&v=4.0 HTTP/1.1" 304 -
186.154.54.216 - - [28/Sep/2022:11:26:44 -0500] "GET /sipse/faces/javax.faces.resource/layout/layout.js?ln=primefaces&v=4.0 HTTP/1.1" 304 -
186.154.54.216 - - [28/Sep/2022:11:26:44 -0500] "GET /sipse/faces/javax.faces.resource/dynamiccontent.properties?ln=primefaces&pfdrid=XjOR5%2F%2FfPAZAuY9TpWQeCiM0BhlXxYRBGKi%2FQcXXfeA%3D&pfdrid_c=false HTTP/1.1" 500 383
186.154.54.216 - - [28/Sep/2022:11:26:47 -0500] "POST /sipse/faces/presentacion/financiero/solicitudProceso/consultarSolicitudProceso.xhtml HTTP/1.1" 200 21139
186.154.54.216 - - [28/Sep/2022:11:26:47 -0500] "GET /sipse/faces/javax.faces.resource/theme.css?ln=primefaces-sipse HTTP/1.1" 304 -
186.154.54.216 - - [28/Sep/2022:11:26:47 -0500] "GET /sipse/faces/javax.faces.resource/primefaces.css?ln=primefaces&v=4.0 HTTP/1.1" 304 -
186.154.54.216 - - [28/Sep/2022:11:26:47 -0500] "GET /sipse/faces/javax.faces.resource/layout/layout.css?ln=primefaces&v=4.0 HTTP/1.1" 304 -
186.154.54.216 - - [28/Sep/2022:11:26:47 -0500] "GET /sipse/faces/javax.faces.resource/jquery/jquery.js?ln=primefaces&v=4.0 HTTP/1.1" 304 -
186.154.54.216 - - [28/Sep/2022:11:26:47 -0500] "GET /sipse/faces/javax.faces.resource/jquery/jquery-plugins.js?ln=primefaces&v=4.0 HTTP/1.1" 304 -
186.154.54.216 - - [28/Sep/2022:11:26:47 -0500] "GET /sipse/faces/javax.faces.resource/fileupload/fileupload.css?ln=primefaces&v=4.0 HTTP/1.1" 304 -
186.154.54.216 - - [28/Sep/2022:11:26:47 -0500] "GET /sipse/faces/javax.faces.resource/primefaces.js?ln=primefaces&v=4.0 HTTP/1.1" 304 -
186.154.54.216 - - [28/Sep/2022:11:26:47 -0500] "GET /sipse/faces/javax.faces.resource/layout/layout.js?ln=primefaces&v=4.0 HTTP/1.1" 304 -
186.154.54.216 - - [28/Sep/2022:11:26:47 -0500] "GET /sipse/faces/javax.faces.resource/fileupload/fileupload.js?ln=primefaces&v=4.0 HTTP/1.1" 304 -
186.154.54.216 - - [28/Sep/2022:11:26:47 -0500] "GET /sipse/css/imagen/contrasena.png HTTP/1.1" 404 383
186.154.54.216 - - [28/Sep/2022:11:26:47 -0500] "GET /sipse/faces/javax.faces.resource/images/ui-icons_898989_256x240.png?ln=primefaces-aristo HTTP/1.1" 304 -
186.154.54.216 - - [28/Sep/2022:11:26:59 -0500] "POST /sipse/faces/presentacion/sistema/anexos/cargarAnexoSolicitudProceso.xhtml HTTP/1.1" 200 166528
186.154.54.216 - - [28/Sep/2022:11:27:00 -0500] "GET /sipse/faces/javax.faces.resource/theme.css?ln=primefaces-sipse HTTP/1.1" 304 -
186.154.54.216 - - [28/Sep/2022:11:27:00 -0500] "GET /sipse/faces/javax.faces.resource/primefaces.css?ln=primefaces&v=4.0 HTTP/1.1" 304 -
186.154.54.216 - - [28/Sep/2022:11:27:00 -0500] "GET /sipse/faces/javax.faces.resource/layout/layout.css?ln=primefaces&v=4.0 HTTP/1.1" 304 -
186.154.54.216 - - [28/Sep/2022:11:27:00 -0500] "GET /sipse/faces/javax.faces.resource/jquery/jquery.js?ln=primefaces&v=4.0 HTTP/1.1" 304 -
186.154.54.216 - - [28/Sep/2022:11:27:00 -0500] "GET /sipse/faces/javax.faces.resource/jquery/jquery-plugins.js?ln=primefaces&v=4.0 HTTP/1.1" 304 -
186.154.54.216 - - [28/Sep/2022:11:27:01 -0500] "GET /sipse/faces/javax.faces.resource/layout/layout.js?ln=primefaces&v=4.0 HTTP/1.1" 304 -
186.154.54.216 - - [28/Sep/2022:11:27:01 -0500] "GET /sipse/faces/javax.faces.resource/primefaces.js?ln=primefaces&v=4.0 HTTP/1.1" 304 -
186.154.54.216 - - [28/Sep/2022:11:27:01 -0500] "GET /sipse/css/imagen/contrasena.png HTTP/1.1" 404 383
186.154.54.216 - - [28/Sep/2022:11:27:01 -0500] "GET /sipse/faces/javax.faces.resource/images/ui-icons_898989_256x240.png?ln=primefaces-aristo HTTP/1.1" 304 -
186.154.54.216 - - [28/Sep/2022:11:27:01 -0500] "GET /sipse/faces/javax.faces.resource/dynamiccontent.properties?ln=primefaces&pfdrid=XjOR5%2F%2FfPAZAuY9TpWQeCiM0BhlXxYRBGKi%2FQcXXfeA%3D&pfdrid_c=false HTTP/1.1" 500 383
186.154.54.216 - - [28/Sep/2022:11:27:05 -0500] "GET /sipse/faces/javax.faces.resource/images/ui-bg_flat_0_2d5972_40x100.png?ln=primefaces-aristo HTTP/1.1" 304 -
186.154.54.216 - - [28/Sep/2022:11:27:05 -0500] "POST /sipse/faces/presentacion/financiero/solicitudProceso/consultarSolicitudProceso.xhtml HTTP/1.1" 200 37710
186.154.54.216 - - [28/Sep/2022:11:27:08 -0500] "GET /sipse/faces/javax.faces.resource/theme.css?ln=primefaces-sipse HTTP/1.1" 304 -
186.154.54.216 - - [28/Sep/2022:11:27:08 -0500] "GET /sipse/faces/javax.faces.resource/layout/layout.css?ln=primefaces&v=4.0 HTTP/1.1" 304 -
186.154.54.216 - - [28/Sep/2022:11:27:08 -0500] "GET /sipse/faces/javax.faces.resource/primefaces.css?ln=primefaces&v=4.0 HTTP/1.1" 304 -
186.154.54.216 - - [28/Sep/2022:11:27:08 -0500] "GET /sipse/faces/javax.faces.resource/jquery/jquery.js?ln=primefaces&v=4.0 HTTP/1.1" 304 -
186.154.54.216 - - [28/Sep/2022:11:27:08 -0500] "GET /sipse/faces/javax.faces.resource/jquery/jquery-plugins.js?ln=primefaces&v=4.0 HTTP/1.1" 304 -
186.154.54.216 - - [28/Sep/2022:11:27:08 -0500] "GET /sipse/faces/javax.faces.resource/primefaces.js?ln=primefaces&v=4.0 HTTP/1.1" 304 -
186.154.54.216 - - [28/Sep/2022:11:27:08 -0500] "GET /sipse/faces/javax.faces.resource/layout/layout.js?ln=primefaces&v=4.0 HTTP/1.1" 304 -
186.154.54.216 - - [28/Sep/2022:11:27:08 -0500] "GET /sipse/faces/javax.faces.resource/messages/messages.png?ln=primefaces&v=4.0 HTTP/1.1" 304 -
186.154.54.216 - - [28/Sep/2022:11:27:08 -0500] "POST /sipse/faces/presentacion/financiero/solicitudProceso/listarSolicitudProceso.xhtml HTTP/1.1" 200 1392
200.118.64.109 - - [28/Sep/2022:11:27:13 -0500] "POST /forms/lservlet;jsessionid=ac16012b30d6f8d5adc7520646839a4681f2563cede7.e3iSbxaKaheRe3ePbN4LaNqMai1ynknvrkLOlQzNp65In0 HTTP/1.1" 200 2
201.245.192.253 - - [28/Sep/2022:11:27:13 -0500] "POST /sipse/faces/presentacion/financiero/solicitudProceso/consultarSolicitudProceso.xhtml HTTP/1.1" 200 252984
200.118.64.109 - - [28/Sep/2022:11:27:13 -0500] "POST /forms/lservlet;jsessionid=ac16012b30d6f8d5adc7520646839a4681f2563cede7.e3iSbxaKaheRe3ePbN4LaNqMai1ynknvrkLOlQzNp65In0 HTTP/1.1" 200 14
186.154.54.216 - - [28/Sep/2022:11:27:13 -0500] "POST /sipse/faces/presentacion/financiero/solicitudProceso/listarSolicitudProceso.xhtml HTTP/1.1" 200 120264
186.154.54.216 - - [28/Sep/2022:11:27:14 -0500] "GET /sipse/faces/javax.faces.resource/theme.css?ln=primefaces-sipse HTTP/1.1" 304 -
186.154.54.216 - - [28/Sep/2022:11:27:14 -0500] "GET /sipse/faces/javax.faces.resource/primefaces.css?ln=primefaces&v=4.0 HTTP/1.1" 304 -
186.154.54.216 - - [28/Sep/2022:11:27:14 -0500] "GET /sipse/faces/javax.faces.resource/layout/layout.css?ln=primefaces&v=4.0 HTTP/1.1" 304 -
186.154.54.216 - - [28/Sep/2022:11:27:14 -0500] "GET /sipse/faces/javax.faces.resource/jquery/jquery.js?ln=primefaces&v=4.0 HTTP/1.1" 304 -
186.154.54.216 - - [28/Sep/2022:11:27:14 -0500] "GET /sipse/faces/javax.faces.resource/jquery/jquery-plugins.js?ln=primefaces&v=4.0 HTTP/1.1" 304 -
186.154.54.216 - - [28/Sep/2022:11:27:14 -0500] "GET /sipse/faces/javax.faces.resource/primefaces.js?ln=primefaces&v=4.0 HTTP/1.1" 304 -
186.154.54.216 - - [28/Sep/2022:11:27:14 -0500] "GET /sipse/faces/javax.faces.resource/layout/layout.js?ln=primefaces&v=4.0 HTTP/1.1" 304 -
186.154.54.216 - - [28/Sep/2022:11:27:14 -0500] "GET /sipse/faces/javax.faces.resource/dynamiccontent.properties?ln=primefaces&pfdrid=XjOR5%2F%2FfPAZAuY9TpWQeCiM0BhlXxYRBGKi%2FQcXXfeA%3D&pfdrid_c=false HTTP/1.1" 500 383
200.118.64.109 - - [28/Sep/2022:11:27:14 -0500] "POST /forms/lservlet;jsessionid=ac16012b30d6f8d5adc7520646839a4681f2563cede7.e3iSbxaKaheRe3ePbN4LaNqMai1ynknvrkLOlQzNp65In0 HTTP/1.1" 200 14
200.118.64.109 - - [28/Sep/2022:11:27:15 -0500] "POST /forms/lservlet;jsessionid=ac16012b30d6f8d5adc7520646839a4681f2563cede7.e3iSbxaKaheRe3ePbN4LaNqMai1ynknvrkLOlQzNp65In0 HTTP/1.1" 200 14
200.118.64.109 - - [28/Sep/2022:11:27:17 -0500] "POST /forms/lservlet;jsessionid=ac16012b30d6f8d5adc7520646839a4681f2563cede7.e3iSbxaKaheRe3ePbN4LaNqMai1ynknvrkLOlQzNp65In0 HTTP/1.1" 200 14
200.118.64.109 - - [28/Sep/2022:11:27:19 -0500] "POST /forms/lservlet;jsessionid=ac16012b30d6f8d5adc7520646839a4681f2563cede7.e3iSbxaKaheRe3ePbN4LaNqMai1ynknvrkLOlQzNp65In0 HTTP/1.1" 200 15
200.118.64.109 - - [28/Sep/2022:11:27:21 -0500] "POST /forms/lservlet;jsessionid=ac16012b30d6f8d5adc7520646839a4681f2563cede7.e3iSbxaKaheRe3ePbN4LaNqMai1ynknvrkLOlQzNp65In0 HTTP/1.1" 200 15
186.154.54.216 - - [28/Sep/2022:11:27:23 -0500] "POST /sipse/faces/presentacion/financiero/solicitudProceso/consultarSolicitudProceso.xhtml HTTP/1.1" 200 6792
216.245.221.92 - - [28/Sep/2022:11:27:23 -0500] "HEAD / HTTP/1.1" 200 -
200.118.64.109 - - [28/Sep/2022:11:27:25 -0500] "POST /forms/lservlet;jsessionid=ac16012b30d6f8d5adc7520646839a4681f2563cede7.e3iSbxaKaheRe3ePbN4LaNqMai1ynknvrkLOlQzNp65In0 HTTP/1.1" 200 15
207.46.13.190 - - [28/Sep/2022:11:27:27 -0500] "GET /BLA/resoluciones/AUTOS%202022/3256.pdf HTTP/1.1" 200 418573
200.118.64.109 - - [28/Sep/2022:11:27:33 -0500] "POST /forms/lservlet;jsessionid=ac16012b30d6f8d5adc7520646839a4681f2563cede7.e3iSbxaKaheRe3ePbN4LaNqMai1ynknvrkLOlQzNp65In0 HTTP/1.1" 200 15
186.154.54.216 - - [28/Sep/2022:11:27:34 -0500] "POST /sipse/faces/presentacion/financiero/solicitudProceso/consultarSolicitudProceso.xhtml HTTP/1.1" 200 37781
186.154.54.216 - - [28/Sep/2022:11:27:38 -0500] "GET /sipse/faces/javax.faces.resource/theme.css?ln=primefaces-sipse HTTP/1.1" 304 -
186.154.54.216 - - [28/Sep/2022:11:27:38 -0500] "GET /sipse/faces/javax.faces.resource/primefaces.css?ln=primefaces&v=4.0 HTTP/1.1" 304 -
186.154.54.216 - - [28/Sep/2022:11:27:38 -0500] "GET /sipse/faces/javax.faces.resource/layout/layout.css?ln=primefaces&v=4.0 HTTP/1.1" 304 -
186.154.54.216 - - [28/Sep/2022:11:27:38 -0500] "GET /sipse/faces/javax.faces.resource/jquery/jquery.js?ln=primefaces&v=4.0 HTTP/1.1" 304 -
186.154.54.216 - - [28/Sep/2022:11:27:38 -0500] "GET /sipse/faces/javax.faces.resource/jquery/jquery-plugins.js?ln=primefaces&v=4.0 HTTP/1.1" 304 -
186.154.54.216 - - [28/Sep/2022:11:27:38 -0500] "GET /sipse/faces/javax.faces.resource/primefaces.js?ln=primefaces&v=4.0 HTTP/1.1" 304 -
186.154.54.216 - - [28/Sep/2022:11:27:38 -0500] "GET /sipse/faces/javax.faces.resource/layout/layout.js?ln=primefaces&v=4.0 HTTP/1.1" 304 -
186.154.54.216 - - [28/Sep/2022:11:27:38 -0500] "POST /sipse/faces/presentacion/financiero/solicitudProceso/listarSolicitudProceso.xhtml HTTP/1.1" 200 1392
186.154.54.216 - - [28/Sep/2022:11:27:42 -0500] "POST /sipse/faces/presentacion/financiero/solicitudProceso/listarSolicitudProceso.xhtml HTTP/1.1" 200 13966
200.118.64.109 - - [28/Sep/2022:11:27:42 -0500] "POST /forms/lservlet;jsessionid=ac16012b30d6f8d5adc7520646839a4681f2563cede7.e3iSbxaKaheRe3ePbN4LaNqMai1ynknvrkLOlQzNp65In0 HTTP/1.1" 200 15
200.118.64.109 - - [28/Sep/2022:11:27:51 -0500] "POST /forms/lservlet;jsessionid=ac16012b30d6f8d5adc7520646839a4681f2563cede7.e3iSbxaKaheRe3ePbN4LaNqMai1ynknvrkLOlQzNp65In0 HTTP/1.1" 200 15
186.154.54.216 - - [28/Sep/2022:11:27:58 -0500] "POST /sipse/faces/presentacion/financiero/solicitudProceso/listarSolicitudProceso.xhtml HTTP/1.1" 200 14018
200.118.64.109 - - [28/Sep/2022:11:28:00 -0500] "POST /forms/lservlet;jsessionid=ac16012b30d6f8d5adc7520646839a4681f2563cede7.e3iSbxaKaheRe3ePbN4LaNqMai1ynknvrkLOlQzNp65In0 HTTP/1.1" 200 15
201.245.192.253 - - [28/Sep/2022:11:28:08 -0500] "POST /sipse/faces/presentacion/financiero/solicitudProceso/consultarSolicitudProceso.xhtml HTTP/1.1" 200 36600
201.245.192.253 - - [28/Sep/2022:11:28:09 -0500] "GET /sipse/faces/javax.faces.resource/primefaces.css?ln=primefaces&v=4.0 HTTP/1.1" 304 -
201.245.192.253 - - [28/Sep/2022:11:28:09 -0500] "GET /sipse/faces/javax.faces.resource/theme.css?ln=primefaces-sipse HTTP/1.1" 304 -
201.245.192.253 - - [28/Sep/2022:11:28:09 -0500] "GET /sipse/faces/javax.faces.resource/jquery/jquery.js?ln=primefaces&v=4.0 HTTP/1.1" 304 -
201.245.192.253 - - [28/Sep/2022:11:28:09 -0500] "GET /sipse/faces/javax.faces.resource/layout/layout.css?ln=primefaces&v=4.0 HTTP/1.1" 304 -
201.245.192.253 - - [28/Sep/2022:11:28:09 -0500] "GET /sipse/faces/javax.faces.resource/jquery/jquery-plugins.js?ln=primefaces&v=4.0 HTTP/1.1" 304 -
201.245.192.253 - - [28/Sep/2022:11:28:09 -0500] "GET /sipse/faces/javax.faces.resource/primefaces.js?ln=primefaces&v=4.0 HTTP/1.1" 304 -
201.245.192.253 - - [28/Sep/2022:11:28:09 -0500] "GET /sipse/faces/javax.faces.resource/layout/layout.js?ln=primefaces&v=4.0 HTTP/1.1" 304 -
201.245.192.253 - - [28/Sep/2022:11:28:09 -0500] "POST /sipse/faces/presentacion/financiero/solicitudProceso/listarSolicitudProceso.xhtml HTTP/1.1" 200 29972
201.245.192.253 - - [28/Sep/2022:11:28:09 -0500] "POST /sipse/faces/presentacion/financiero/solicitudProceso/listarSolicitudProceso.xhtml HTTP/1.1" 200 29972
200.118.64.109 - - [28/Sep/2022:11:28:09 -0500] "POST /forms/lservlet;jsessionid=ac16012b30d6f8d5adc7520646839a4681f2563cede7.e3iSbxaKaheRe3ePbN4LaNqMai1ynknvrkLOlQzNp65In0 HTTP/1.1" 200 15
201.245.192.253 - - [28/Sep/2022:11:28:10 -0500] "POST /sipse/faces/presentacion/financiero/solicitudProceso/listarSolicitudProceso.xhtml HTTP/1.1" 200 29972
201.245.192.253 - - [28/Sep/2022:11:28:10 -0500] "POST /sipse/faces/presentacion/financiero/solicitudProceso/listarSolicitudProceso.xhtml HTTP/1.1" 200 29972
201.245.192.253 - - [28/Sep/2022:11:28:11 -0500] "POST /sipse/faces/presentacion/financiero/solicitudProceso/listarSolicitudProceso.xhtml HTTP/1.1" 200 29972
201.245.192.253 - - [28/Sep/2022:11:28:11 -0500] "POST /sipse/faces/presentacion/financiero/solicitudProceso/listarSolicitudProceso.xhtml HTTP/1.1" 200 29972
201.245.192.253 - - [28/Sep/2022:11:28:12 -0500] "POST /sipse/faces/presentacion/financiero/solicitudProceso/listarSolicitudProceso.xhtml HTTP/1.1" 200 1392
201.245.192.253 - - [28/Sep/2022:11:28:12 -0500] "POST /sipse/faces/presentacion/financiero/solicitudProceso/listarSolicitudProceso.xhtml HTTP/1.1" 200 1384
201.245.192.253 - - [28/Sep/2022:11:28:13 -0500] "POST /sipse/faces/presentacion/financiero/solicitudProceso/listarSolicitudProceso.xhtml HTTP/1.1" 200 1396
201.245.192.253 - - [28/Sep/2022:11:28:13 -0500] "POST /sipse/faces/presentacion/financiero/solicitudProceso/listarSolicitudProceso.xhtml HTTP/1.1" 200 1384
201.245.192.253 - - [28/Sep/2022:11:28:14 -0500] "POST /sipse/faces/presentacion/financiero/solicitudProceso/listarSolicitudProceso.xhtml HTTP/1.1" 200 1396
201.245.192.253 - - [28/Sep/2022:11:28:14 -0500] "POST /sipse/faces/presentacion/financiero/solicitudProceso/listarSolicitudProceso.xhtml HTTP/1.1" 200 1384
201.245.192.253 - - [28/Sep/2022:11:28:15 -0500] "POST /sipse/faces/presentacion/financiero/solicitudProceso/listarSolicitudProceso.xhtml HTTP/1.1" 200 1396
200.118.64.109 - - [28/Sep/2022:11:28:18 -0500] "POST /forms/lservlet;jsessionid=ac16012b30d6f8d5adc7520646839a4681f2563cede7.e3iSbxaKaheRe3ePbN4LaNqMai1ynknvrkLOlQzNp65In0 HTTP/1.1" 200 15
186.154.54.216 - - [28/Sep/2022:11:28:26 -0500] "POST /sipse/faces/presentacion/financiero/solicitudProceso/listarSolicitudProceso.xhtml HTTP/1.1" 200 14001
200.118.64.109 - - [28/Sep/2022:11:28:27 -0500] "POST /forms/lservlet;jsessionid=ac16012b30d6f8d5adc7520646839a4681f2563cede7.e3iSbxaKaheRe3ePbN4LaNqMai1ynknvrkLOlQzNp65In0 HTTP/1.1" 200 15
186.154.54.216 - - [28/Sep/2022:11:28:35 -0500] "POST /sipse/faces/presentacion/financiero/solicitudProceso/listarSolicitudProceso.xhtml HTTP/1.1" 200 13988
200.118.64.109 - - [28/Sep/2022:11:28:36 -0500] "POST /forms/lservlet;jsessionid=ac16012b30d6f8d5adc7520646839a4681f2563cede7.e3iSbxaKaheRe3ePbN4LaNqMai1ynknvrkLOlQzNp65In0 HTTP/1.1" 200 15
200.118.64.109 - - [28/Sep/2022:11:28:45 -0500] "POST /forms/lservlet;jsessionid=ac16012b30d6f8d5adc7520646839a4681f2563cede7.e3iSbxaKaheRe3ePbN4LaNqMai1ynknvrkLOlQzNp65In0 HTTP/1.1" 200 15
201.245.192.253 - - [28/Sep/2022:11:28:46 -0500] "POST /kwsrmcab/Wsrmcab  HTTP/1.1" 200 43876
201.245.192.253 - - [28/Sep/2022:11:28:51 -0500] "POST /kwsrmcab/Wsrmcab HTTP/1.1" 200 44977
200.118.64.109 - - [28/Sep/2022:11:28:54 -0500] "POST /forms/lservlet;jsessionid=ac16012b30d6f8d5adc7520646839a4681f2563cede7.e3iSbxaKaheRe3ePbN4LaNqMai1ynknvrkLOlQzNp65In0 HTTP/1.1" 200 15
186.154.54.216 - - [28/Sep/2022:11:28:58 -0500] "POST /sipse/faces/presentacion/financiero/solicitudProceso/listarSolicitudProceso.xhtml HTTP/1.1" 200 13986
201.245.192.253 - - [28/Sep/2022:11:28:54 -0500] "POST /kwsrmcab/Wsrmcab HTTP/1.1" 200 39930
190.26.205.194 - - [28/Sep/2022:11:29:04 -0500] "POST /sipse/faces/presentacion/financiero/solicitudAnulacion/registrarSolicitudAnulacion.xhtml HTTP/1.1" 200 3092
200.118.64.109 - - [28/Sep/2022:11:29:03 -0500] "POST /forms/lservlet;jsessionid=ac16012b30d6f8d5adc7520646839a4681f2563cede7.e3iSbxaKaheRe3ePbN4LaNqMai1ynknvrkLOlQzNp65In0 HTTP/1.1" 200 15
201.245.192.253 - - [28/Sep/2022:11:29:09 -0500] "POST /sipse/faces/presentacion/financiero/solicitudProceso/listarSolicitudProceso.xhtml HTTP/1.1" 200 41267
200.118.64.109 - - [28/Sep/2022:11:29:13 -0500] "POST /forms/lservlet;jsessionid=ac16012b30d6f8d5adc7520646839a4681f2563cede7.e3iSbxaKaheRe3ePbN4LaNqMai1ynknvrkLOlQzNp65In0 HTTP/1.1" 200 15
200.118.64.109 - - [28/Sep/2022:11:29:22 -0500] "POST /forms/lservlet;jsessionid=ac16012b30d6f8d5adc7520646839a4681f2563cede7.e3iSbxaKaheRe3ePbN4LaNqMai1ynknvrkLOlQzNp65In0 HTTP/1.1" 200 15
186.154.54.216 - - [28/Sep/2022:11:29:25 -0500] "POST /sipse/faces/presentacion/financiero/solicitudProceso/listarSolicitudProceso.xhtml HTTP/1.1" 200 13907
201.245.192.253 - - [28/Sep/2022:11:29:25 -0500] "POST /sipse/faces/presentacion/financiero/solicitudProceso/listarSolicitudProceso.xhtml HTTP/1.1" 200 13747
200.118.64.109 - - [28/Sep/2022:11:29:31 -0500] "POST /forms/lservlet;jsessionid=ac16012b30d6f8d5adc7520646839a4681f2563cede7.e3iSbxaKaheRe3ePbN4LaNqMai1ynknvrkLOlQzNp65In0 HTTP/1.1" 200 15
200.118.64.109 - - [28/Sep/2022:11:29:40 -0500] "POST /forms/lservlet;jsessionid=ac16012b30d6f8d5adc7520646839a4681f2563cede7.e3iSbxaKaheRe3ePbN4LaNqMai1ynknvrkLOlQzNp65In0 HTTP/1.1" 200 15
200.118.64.109 - - [28/Sep/2022:11:29:49 -0500] "POST /forms/lservlet;jsessionid=ac16012b30d6f8d5adc7520646839a4681f2563cede7.e3iSbxaKaheRe3ePbN4LaNqMai1ynknvrkLOlQzNp65In0 HTTP/1.1" 200 15
201.245.192.253 - - [28/Sep/2022:11:29:54 -0500] "POST /sipse/faces/presentacion/financiero/solicitudProceso/consultarSolicitudProceso.xhtml HTTP/1.1" 200 5463
200.118.64.109 - - [28/Sep/2022:11:29:58 -0500] "POST /forms/lservlet;jsessionid=ac16012b30d6f8d5adc7520646839a4681f2563cede7.e3iSbxaKaheRe3ePbN4LaNqMai1ynknvrkLOlQzNp65In0 HTTP/1.1" 200 15
200.118.64.109 - - [28/Sep/2022:11:30:07 -0500] "POST /forms/lservlet;jsessionid=ac16012b30d6f8d5adc7520646839a4681f2563cede7.e3iSbxaKaheRe3ePbN4LaNqMai1ynknvrkLOlQzNp65In0 HTTP/1.1" 200 15
200.118.64.109 - - [28/Sep/2022:11:30:16 -0500] "POST /forms/lservlet;jsessionid=ac16012b30d6f8d5adc7520646839a4681f2563cede7.e3iSbxaKaheRe3ePbN4LaNqMai1ynknvrkLOlQzNp65In0 HTTP/1.1" 200 15
200.118.64.109 - - [28/Sep/2022:11:30:25 -0500] "POST /forms/lservlet;jsessionid=ac16012b30d6f8d5adc7520646839a4681f2563cede7.e3iSbxaKaheRe3ePbN4LaNqMai1ynknvrkLOlQzNp65In0 HTTP/1.1" 200 15
186.154.54.216 - - [28/Sep/2022:11:30:35 -0500] "POST /sipse/faces/presentacion/financiero/solicitudProceso/listarSolicitudProceso.xhtml HTTP/1.1" 200 13974
200.118.64.109 - - [28/Sep/2022:11:30:34 -0500] "POST /forms/lservlet;jsessionid=ac16012b30d6f8d5adc7520646839a4681f2563cede7.e3iSbxaKaheRe3ePbN4LaNqMai1ynknvrkLOlQzNp65In0 HTTP/1.1" 200 15
186.154.54.216 - - [28/Sep/2022:11:30:42 -0500] "POST /sipse/faces/presentacion/financiero/solicitudProceso/listarSolicitudProceso.xhtml HTTP/1.1" 200 13959
200.118.64.109 - - [28/Sep/2022:11:30:43 -0500] "POST /forms/lservlet;jsessionid=ac16012b30d6f8d5adc7520646839a4681f2563cede7.e3iSbxaKaheRe3ePbN4LaNqMai1ynknvrkLOlQzNp65In0 HTTP/1.1" 200 15
201.245.192.253 - - [28/Sep/2022:11:30:46 -0500] "POST /sipse/faces/presentacion/financiero/solicitudProceso/consultarSolicitudProceso.xhtml HTTP/1.1" 200 5481
201.245.192.253 - - [28/Sep/2022:11:30:46 -0500] "GET /sipse/faces/javax.faces.resource/dynamiccontent.properties?ln=primefaces&pfdrid=XjOR5%2F%2FfPAZAuY9TpWQeCiM0BhlXxYRBGKi%2FQcXXfeA%3D&pfdrid_c=false HTTP/1.1" 200 165416
186.154.54.216 - - [28/Sep/2022:11:30:47 -0500] "POST /sipse/faces/presentacion/financiero/solicitudProceso/listarSolicitudProceso.xhtml HTTP/1.1" 200 14021
186.102.2.55 - - [28/Sep/2022:11:30:51 -0500] "GET /kwssiamovil/sm/des/acme/s?s=U2FsdGVkX19Q06KncZO57LEEO2oXq9dFs04RpW1/aQ/z1wRHvldmPBWcXUS5EVoQVwKbtYWIqGLeSiFQmcCwAv5Ktw9fWit56+c/s41FYwOv4Nq8Hozeg/yCmlK3TwR138lUN2v5Wyo0HvnMQHJWGtKB8oTzMuGHY2onxmaV4E2pzDV7KW1CldWdn449woai4l2o9SqblmEhj5vkpjlJN+4/sy4d/mjmxjtRH8HMKa9cwxrxrmKg7B5CAKAvnU++L9nYDyIZWD9JJgTYmnhznqlo+fZZ5thoJDni3m3/NqQRrtkr7sKd9dOaxOxQXiJ4GUeRAPz8Js9KhYE5A0ciwFoTMSPKsLr3vfGlaW8YAIP73UZ/qmKl/a8iglaSfqJI&u=U2FsdGVkX1+RVH1DI1RUOQvhLiq5a2Bra6uwtE61aYw=&y=U2FsdGVkX1+ce011fUapjKercoIHNMhyUHP6nHTZgJkhAtHGtAMG1A0acf6HRnFU HTTP/1.1" 200 89
186.102.2.55 - - [28/Sep/2022:11:30:52 -0500] "OPTIONS /kwssiamovil/sm/des/setfile/f? HTTP/1.1" 200 13
186.154.54.216 - - [28/Sep/2022:11:30:52 -0500] "POST /sipse/faces/presentacion/financiero/solicitudProceso/listarSolicitudProceso.xhtml HTTP/1.1" 200 118351
186.154.54.216 - - [28/Sep/2022:11:30:53 -0500] "GET /sipse/faces/javax.faces.resource/theme.css?ln=primefaces-sipse HTTP/1.1" 304 -
186.154.54.216 - - [28/Sep/2022:11:30:53 -0500] "GET /sipse/faces/javax.faces.resource/primefaces.css?ln=primefaces&v=4.0 HTTP/1.1" 304 -
186.154.54.216 - - [28/Sep/2022:11:30:53 -0500] "GET /sipse/faces/javax.faces.resource/layout/layout.css?ln=primefaces&v=4.0 HTTP/1.1" 304 -
186.154.54.216 - - [28/Sep/2022:11:30:53 -0500] "GET /sipse/faces/javax.faces.resource/jquery/jquery.js?ln=primefaces&v=4.0 HTTP/1.1" 304 -
186.154.54.216 - - [28/Sep/2022:11:30:53 -0500] "GET /sipse/faces/javax.faces.resource/jquery/jquery-plugins.js?ln=primefaces&v=4.0 HTTP/1.1" 304 -
186.154.54.216 - - [28/Sep/2022:11:30:53 -0500] "GET /sipse/faces/javax.faces.resource/primefaces.js?ln=primefaces&v=4.0 HTTP/1.1" 304 -
186.154.54.216 - - [28/Sep/2022:11:30:53 -0500] "GET /sipse/faces/javax.faces.resource/layout/layout.js?ln=primefaces&v=4.0 HTTP/1.1" 304 -
186.154.54.216 - - [28/Sep/2022:11:30:53 -0500] "GET /sipse/faces/javax.faces.resource/dynamiccontent.properties?ln=primefaces&pfdrid=XjOR5%2F%2FfPAZAuY9TpWQeCiM0BhlXxYRBGKi%2FQcXXfeA%3D&pfdrid_c=false HTTP/1.1" 500 383
200.118.64.109 - - [28/Sep/2022:11:30:52 -0500] "POST /forms/lservlet;jsessionid=ac16012b30d6f8d5adc7520646839a4681f2563cede7.e3iSbxaKaheRe3ePbN4LaNqMai1ynknvrkLOlQzNp65In0 HTTP/1.1" 200 15
186.102.2.55 - - [28/Sep/2022:11:30:52 -0500] "POST /kwssiamovil/sm/des/setfile/f? HTTP/1.1" 200 380
186.102.2.55 - - [28/Sep/2022:11:30:57 -0500] "OPTIONS /kwssiamovil/sm/des/setfile/f? HTTP/1.1" 200 13
186.102.2.55 - - [28/Sep/2022:11:30:57 -0500] "POST /kwssiamovil/sm/des/setfile/f? HTTP/1.1" 200 380
186.102.2.55 - - [28/Sep/2022:11:31:00 -0500] "OPTIONS /kwssiamovil/sm/des/setfile/f? HTTP/1.1" 200 13
186.102.2.55 - - [28/Sep/2022:11:31:00 -0500] "POST /kwssiamovil/sm/des/setfile/f? HTTP/1.1" 200 380
186.102.2.55 - - [28/Sep/2022:11:31:01 -0500] "GET /kwssiamovil/sm/des/acme/s?s=U2FsdGVkX19mEV1efxrdmyb/yHn29/Lmaz/BSnxlLSqoEhiGBKbIQ56zDjI03yU+Vev8ZNsXCqd5BH9h/hqNzKRWGtnzm4IDXageyMay7tOLM1s0Rb7mwe8RdRo2GhLvxQgi44CSSuIAWMVclGVN5YMXfC3IE2U95VgfZzekhafoyvmWwDbyKPOizK80B2qNjgrrL4jqAH7R+9DLHp400AeZ8sETUzpSM0Yr6Y3FFZbWnDK0MuQIV9y2LPo5ujZlhT5+8nrIo5Q3cOWjxVOpJrF8ov8RpIVKP6VN5eVzR7Cdxvs9Y/SfgaPSpkR4IrGTDieqVs7Mc77tecc0HC68mAayeYEGsjHjOSqiIGlU+wnKniNDtB+gy3f1BotEpTyi&u=U2FsdGVkX1+RVH1DI1RUOQvhLiq5a2Bra6uwtE61aYw=&y=U2FsdGVkX1+ce011fUapjKercoIHNMhyUHP6nHTZgJkhAtHGtAMG1A0acf6HRnFU HTTP/1.1" 200 89
200.118.64.109 - - [28/Sep/2022:11:31:01 -0500] "POST /forms/lservlet;jsessionid=ac16012b30d6f8d5adc7520646839a4681f2563cede7.e3iSbxaKaheRe3ePbN4LaNqMai1ynknvrkLOlQzNp65In0 HTTP/1.1" 200 15
186.102.2.55 - - [28/Sep/2022:11:31:08 -0500] "GET /kwssiamovil/sm/des/acme/a?s=U2FsdGVkX1/JBY90QYVRcDWv0g0Lse9ID6wz8ks62+MNW14RlEzv2wUolMjsjOhdTdWPjHVCRYt4R4FRYs243zHdkQeSaNTtUhzJRFMYu8LQahYy803iIEtLCYmo5xF6OxVpnM+ZFGOsDX+e7xFp7tqeygGtoYgdnsFmmZSyP0L+7andjlYef2atCEGhou2gxavmq/Io+KdE4V5F+TfVPeNgTHEnjtuiPMOFfV05B4ke5vWXyhAn/LzCC485leEsmFg0WD4Nl5ACuV8sk6uFHA==&u=U2FsdGVkX1+RVH1DI1RUOQvhLiq5a2Bra6uwtE61aYw=&y=U2FsdGVkX1+ce011fUapjKercoIHNMhyUHP6nHTZgJkhAtHGtAMG1A0acf6HRnFU HTTP/1.1" 200 25
186.102.2.55 - - [28/Sep/2022:11:31:10 -0500] "GET /kwssiamovil/sm/des/acme/u?s=U2FsdGVkX19/AykI3M4RvW7O4XHG9UdK/ZzHF8b22ARF9SxopEJ/GAT4eneyxc0L6BVX1kprcreBIGbjsflIJW0iGMc0VB31OBCxfRkunGZi0ORujlmKy/WmNUCBAzzZxV08L5kfBf1H1FpZ3CDGea4g87ScMAyvEmczsEtB3+pXZbpringDbjN9qzysiEMaUDLOqiced3xLQMH/Ub8zmXtHqA9MHlLLlr33QXQJg4MZVCtGnzZ7e77TKChWYACHj/0aTEqhrMqXCVrK9dR2a9ViVZfEvIzb0IetKdA18z77S34ExauLAVIO5qTk0L1FnuJR3hreel8TqtPL85RpSjl9CwQQvpfi0y78vCLWwKIY3BhVcZdv6bFTfdIGnIyh6l+/74SRsoGHCgobX93cV7IUOzjxP1hFIGDiv6bt8TIIDQOJAPoIWOCDUK/QpOd2JrE5EdwjLRD5x71eEnffl4vlnPN012YDt74yRjirK3415ayHPieJZoh0eNvLA6Nwvd1GZgt96arMsXPa+t0hDMCHUiN5JJlEjgNi/kJVmufVF4qnlTaoTP16CHo4H5tbIsxunQQi7aQ2pVZZvo+3sE4gc20HbjQdLeYZPm0NSq3P66JBEJ/tXT3PHpCVGnrSIA9DolHDKXb+ySAHR/4yuzEZwQTXKkUSVzkPGUEsBEl6S7aBs1AOss5xK9as+KD8qBt6drja1XG4fE6MHwUZMnt1MaSbJfg+MUgE57Ok9vQY2lZsyUm9Ro6fWarg6OQGYaeIlHjxNOlqU4IiBgydRdNBAZng+PWwafMQCva8hnprAbtBxLBSGwIbg06GnZUiCOvY/groYArgYk3ShBi2UkPEffxb/ohFfopmzRqGev4yzjhvjhW4Aum4DVVrMkWibhrOlD3sUgxfm8DuURXuU9x7NDbW/nSIOFeFBdnI1ADsQqtaonr5qTZP28v1bSdYxpMDRmAKfnbe1JM2aSvDx/Hcx83S/IrXv0ZVaqBMAlV0F7v2VzTdUGWPzulBZZQu50YTyC4oFjjO8qsMd0hIdBTV4fnQJqAp3A2cDARgjZ32YmanYrXrA7M9uWCGrP4TURQxQCL703Le7lhdEudk2Oj2eykM/Ice3CtBifaPH6WxwjwGq0fMPulIFZ6qZvFcqE/CsEiYIm2uqeFzWwC+Cw==&u=U2FsdGVkX1+RVH1DI1RUOQvhLiq5a2Bra6uwtE61aYw=&y=U2FsdGVkX1+ce011fUapjKercoIHNMhyUHP6nHTZgJkhAtHGtAMG1A0acf6HRnFU HTTP/1.1" 200 60
186.102.2.55 - - [28/Sep/2022:11:31:11 -0500] "GET /kwssiamovil/sm/des/acme/a?s=U2FsdGVkX184O6wT94k4izCPcmxx31jmV/dqhc13fZpA5NQFYgluMYijD0tf30CtMlVL7ntnRcy4gVINjC/WN3XuAZibggAsBP42Tm/smZnxkALWZHy1Zl5+7sSpMgsisAzLVYXqRXFF0MA3PrWQFurh2LVKEUISPgt4DyLWrHS06EwuLEL7X35punjjPdMSIKzV7i81/bMd8BNLyAUfgk1BU++9JaYQJ2vcFCARo0bUucM5QIERbTFvsiIzUoi0RON5eaGW35rj8RuYUSVzsnPSOcv2Dw3GA94fbrZWKR0=&u=U2FsdGVkX1+RVH1DI1RUOQvhLiq5a2Bra6uwtE61aYw=&y=U2FsdGVkX1+ce011fUapjKercoIHNMhyUHP6nHTZgJkhAtHGtAMG1A0acf6HRnFU HTTP/1.1" 200 24
186.102.2.55 - - [28/Sep/2022:11:31:11 -0500] "GET /kwssiamovil/sm/des/acme/a?s=U2FsdGVkX1/U9qoK3jAafOk4azgfLkP80EgTE0QebRtgPqF9ktXsRCBmceKvO4tnD+5wIwb4FRozAircjyupjX1hHPWMgsrX/lxbuGvi+hnKMnkpKmJ72fRXuHuB2AJLB3pPd/PqKvfXeZkaKdVGkqzMOBwnaypRYrkD6Gwa2ITe8oIOnzUgw/LXQskwynPzBKkWbGK+7Fw8Ddjxn1i8PWUK7Kl8rVkSv3Io7F/DylZ4RFlWDwDBWDM4O1wXZ38Z&u=U2FsdGVkX1+RVH1DI1RUOQvhLiq5a2Bra6uwtE61aYw=&y=U2FsdGVkX1+ce011fUapjKercoIHNMhyUHP6nHTZgJkhAtHGtAMG1A0acf6HRnFU HTTP/1.1" 200 24
186.154.54.216 - - [28/Sep/2022:11:31:11 -0500] "POST /sipse/faces/presentacion/financiero/solicitudProceso/consultarSolicitudProceso.xhtml HTTP/1.1" 200 21139
186.154.54.216 - - [28/Sep/2022:11:31:11 -0500] "GET /sipse/faces/javax.faces.resource/theme.css?ln=primefaces-sipse HTTP/1.1" 304 -
186.154.54.216 - - [28/Sep/2022:11:31:11 -0500] "GET /sipse/faces/javax.faces.resource/primefaces.css?ln=primefaces&v=4.0 HTTP/1.1" 304 -
186.154.54.216 - - [28/Sep/2022:11:31:11 -0500] "GET /sipse/faces/javax.faces.resource/layout/layout.css?ln=primefaces&v=4.0 HTTP/1.1" 304 -
186.154.54.216 - - [28/Sep/2022:11:31:11 -0500] "GET /sipse/faces/javax.faces.resource/fileupload/fileupload.css?ln=primefaces&v=4.0 HTTP/1.1" 304 -
186.154.54.216 - - [28/Sep/2022:11:31:11 -0500] "GET /sipse/faces/javax.faces.resource/jquery/jquery-plugins.js?ln=primefaces&v=4.0 HTTP/1.1" 304 -
186.154.54.216 - - [28/Sep/2022:11:31:11 -0500] "GET /sipse/faces/javax.faces.resource/jquery/jquery.js?ln=primefaces&v=4.0 HTTP/1.1" 304 -
186.154.54.216 - - [28/Sep/2022:11:31:11 -0500] "GET /sipse/faces/javax.faces.resource/primefaces.js?ln=primefaces&v=4.0 HTTP/1.1" 304 -
186.154.54.216 - - [28/Sep/2022:11:31:11 -0500] "GET /sipse/faces/javax.faces.resource/layout/layout.js?ln=primefaces&v=4.0 HTTP/1.1" 304 -
186.154.54.216 - - [28/Sep/2022:11:31:11 -0500] "GET /sipse/faces/javax.faces.resource/fileupload/fileupload.js?ln=primefaces&v=4.0 HTTP/1.1" 304 -
186.102.2.55 - - [28/Sep/2022:11:31:11 -0500] "GET /kwssiamovil/sm/des/acme/a?s=U2FsdGVkX18/1H9ENZUL4AetQAJi5CLXCJaYV7wXTDF6LI75yMFx06WT83QMPb6+iEGiUb8k2flBy+Gyw1QdYhDFJmDKnt6g88RPnY7lnkrHHtWJerj+OGxa39Y5JhyfKU9KzT6EtKU6fjOuDFZ2Mv5Kk90iW2FKkV3Uu3j/HG1P7aXcyz+OSEGHAhtoimy4BxwrqvIW9ixMlfEBMTWBSw8jsiYm6LEOyc26hZYToafTqm9+BMjlKULKbfPKUZNQKQXKhCwh+cGXWHA1ZQiRJrmfI9IfGkAJ8pQnOwW/II4=&u=U2FsdGVkX1+RVH1DI1RUOQvhLiq5a2Bra6uwtE61aYw=&y=U2FsdGVkX1+ce011fUapjKercoIHNMhyUHP6nHTZgJkhAtHGtAMG1A0acf6HRnFU HTTP/1.1" 200 24
200.118.64.109 - - [28/Sep/2022:11:31:10 -0500] "POST /forms/lservlet;jsessionid=ac16012b30d6f8d5adc7520646839a4681f2563cede7.e3iSbxaKaheRe3ePbN4LaNqMai1ynknvrkLOlQzNp65In0 HTTP/1.1" 200 15
186.154.54.216 - - [28/Sep/2022:11:31:11 -0500] "GET /sipse/faces/javax.faces.resource/images/ui-icons_898989_256x240.png?ln=primefaces-aristo HTTP/1.1" 304 -
186.154.54.216 - - [28/Sep/2022:11:31:11 -0500] "GET /sipse/css/imagen/contrasena.png HTTP/1.1" 404 383
186.102.2.55 - - [28/Sep/2022:11:31:11 -0500] "GET /kwssiamovil/sm/des/acme/a?s=U2FsdGVkX1/sspXaIXj2WP3B3ZQvc4t1AbWc/MG9SO1OS3IXEFpXQfvw2EydjAD+toOaPTmTOM3yw9HDSKd0De6mbGYIKzwNJFWpd0CMb7gLAB3sgqYXPep218oXZijB/JcXChTlfnIMZHbtWS/uSnn0LXR1LINpt6DFTo/tuPs=&u=U2FsdGVkX1+RVH1DI1RUOQvhLiq5a2Bra6uwtE61aYw=&y=U2FsdGVkX1+ce011fUapjKercoIHNMhyUHP6nHTZgJkhAtHGtAMG1A0acf6HRnFU HTTP/1.1" 200 25
186.102.2.55 - - [28/Sep/2022:11:31:12 -0500] "GET /kwssiamovil/sm/des/acme/a?s=U2FsdGVkX19SWhefpfnUArojHX+h24/ipVYVQzNKxXm6Qc87FofTZl1apkyh1zPYtD3WDFen3L0LTg0T8vMBkPocaGfmty7UPdkLUV1nL6m4FuRKhF141KON08XnxMa6plnv8Z7j/1F10QfVcLKnGhMVespiCdc2onqGCUA2KnU/mx+FKmypqjX8T8Ryh1oD8N0n13OkLbstwSaQBwiPuOyWtZhwINama1VkyhJgxwvEXjXp+DcAWKIUvSj230bM&u=U2FsdGVkX1+RVH1DI1RUOQvhLiq5a2Bra6uwtE61aYw=&y=U2FsdGVkX1+ce011fUapjKercoIHNMhyUHP6nHTZgJkhAtHGtAMG1A0acf6HRnFU HTTP/1.1" 200 24
186.102.2.55 - - [28/Sep/2022:11:31:12 -0500] "GET /kwssiamovil/sm/des/acme/a?s=U2FsdGVkX1+9NAQhB6n4yKQ2wDju3gbIviris2LNmV9Px7wg4xSzr/SwD4eDq03OhRR/7muni5vx3G/KZaY70prfY9NAyH0SLBnJGAra7EUQbz4Bkdga0Hvd6FcI26jWgYniC/ld/fLssBv3CFgO69yX3A+30eTy6tmTnRqxGRv10OtMAxkSiprDP13DGznmUlst1fM94nzyVAtkp/wiMA==&u=U2FsdGVkX1+RVH1DI1RUOQvhLiq5a2Bra6uwtE61aYw=&y=U2FsdGVkX1+ce011fUapjKercoIHNMhyUHP6nHTZgJkhAtHGtAMG1A0acf6HRnFU HTTP/1.1" 200 24
186.102.2.55 - - [28/Sep/2022:11:31:12 -0500] "GET /kwssiamovil/sm/des/acme/a?s=U2FsdGVkX1+DaE2wwRsl/x+5zOwUn8vJZrUcEXIXGewix+repl9t53ALsWK2ssLMcewIC+iBcLQGzkDoAYJ6ZptDcsuj/7jG5fdpsY2E+g8VsEB16GjCNKipeblrwx6EkAM8TYWxH8jQKGLvPICqHK+Fx/t9viL68lrnBVElCIW82dVuNUVlZJfuJGK+B4P+&u=U2FsdGVkX1+RVH1DI1RUOQvhLiq5a2Bra6uwtE61aYw=&y=U2FsdGVkX1+ce011fUapjKercoIHNMhyUHP6nHTZgJkhAtHGtAMG1A0acf6HRnFU HTTP/1.1" 200 24
186.102.2.55 - - [28/Sep/2022:11:31:13 -0500] "GET /kwssiamovil/sm/des/acme/a?s=U2FsdGVkX1/YeQiEyiqfKlDeR44i1GvSoX6/JhRYJ6ckuYB29rtK8BoZRpApCMGZWvxYZ+Vhu1oitO/hyTbHFSrPmCCWfF38p9YFNqbygsZ9vobUdYCzgdHZHXhhlu3AZLgzpvfhkcnN8LDI7qehiBumQmgTrFU/2wtxwG100f+GYgm4267KqraUav9jXszRzAKDTwQMRLSq4TDxUtI6be7Nw1Rqr/ZVbyDG/6/X9tVEcDFnXglcutGuGYm/A7NzmA/Pam9/Kdx2u2gfN1DcWKjbNjyyUbOVTzagMtqQ5zda45+UlTFqZzlUN5LHaD8yjTrL6pptan8qnHaLfL9VyCDKC/ONOwXX3HRJ5KePLG3yXc46N1ay6zDjzwZaGtRY&u=U2FsdGVkX1+RVH1DI1RUOQvhLiq5a2Bra6uwtE61aYw=&y=U2FsdGVkX1+ce011fUapjKercoIHNMhyUHP6nHTZgJkhAtHGtAMG1A0acf6HRnFU HTTP/1.1" 200 23
186.102.2.55 - - [28/Sep/2022:11:31:13 -0500] "GET /kwssiamovil/sm/des/acme/a?s=U2FsdGVkX1/hxU6p43wSQBA3eTdZzU2ULTxC1xfCA9PUGR0jCN7tyTB5aNKdHt7HB2HhPvM9aZzm1bQ7WSNTbpjOsEHfHRP7CX/EyD7SRah7OyJa9zMPRce7dxXYBsTgK9HcjwyMbbZk9hlhZA9umFQ9AQ/t3N2QlZ7y8v3ZymPTkhbdIWYPeJP7RIPRWLzFSk42sXlWHpzZaBMeukxuBg==&u=U2FsdGVkX1+RVH1DI1RUOQvhLiq5a2Bra6uwtE61aYw=&y=U2FsdGVkX1+ce011fUapjKercoIHNMhyUHP6nHTZgJkhAtHGtAMG1A0acf6HRnFU HTTP/1.1" 200 25
186.102.2.55 - - [28/Sep/2022:11:31:14 -0500] "GET /kwssiamovil/sm/des/acme/a?s=U2FsdGVkX1/lZiaREsE7Cw74S8NRBEgXaKAeoeKb5hd6RcdQOIqrmy7eNZjMu9m+ym/5SUnxDLQkvEo9VokZOLGcY/fcFKVi6E6heCBXca7GKjnUpYGPJxXcHtZ9bTl60ruWq5b5+Paqo6MOPAGyZhjseFBPj/WLQ0gKdtyrOl8Fwms/bDSBu7NnC0386TtxK0iv8ZDyY0bBb3Q7sXD0571SB20EbrKfaXo3FAF9dec+pb8RtoYE8Fuig63qxZedR+x82N7tWGRQ1fz5k1IRQKzpD9JRqEg9rnkUcCmj9yHnBkNlEHubvabGArtgZvSQHWu0LzkfnYHq7bboPMs+4A==&u=U2FsdGVkX1+RVH1DI1RUOQvhLiq5a2Bra6uwtE61aYw=&y=U2FsdGVkX1+ce011fUapjKercoIHNMhyUHP6nHTZgJkhAtHGtAMG1A0acf6HRnFU HTTP/1.1" 200 25
186.102.2.55 - - [28/Sep/2022:11:31:14 -0500] "GET /kwssiamovil/sm/des/acme/a?s=U2FsdGVkX1/HI8t6PnjKFpSQQuPvPqPWTESHS0bblcNClI8U6DRYNUPg7G4Fz5u//49lt5XdfIROisASRSsyiHxoJ+b0Zq3hxQYLHp/iW9YgjBZoFwfC4XWEzxIiEaG/DOcRuoVrxeJOrpuVUD9RcxhGAXs5ipqEeoCS1i6T28bdpD5KqTZ1SnZSFQyBPG0CTmm4CUYy1N5aJVtQT5P7Bw==&u=U2FsdGVkX1+RVH1DI1RUOQvhLiq5a2Bra6uwtE61aYw=&y=U2FsdGVkX1+ce011fUapjKercoIHNMhyUHP6nHTZgJkhAtHGtAMG1A0acf6HRnFU HTTP/1.1" 200 24
186.102.2.55 - - [28/Sep/2022:11:31:14 -0500] "GET /kwssiamovil/sm/des/acme/a?s=U2FsdGVkX1+zOjxLjw/abUT83/OV91XsZpHUe1VOnIdB6UalEwLKb4czf/XDbLmlwdymtGe9B6sAjvo3U3kfxkgRtDNVNftTDHa/Zjq/PHPW1tEAfWCxmLtfOx0dkRPyEKqIZ6TxPC5cc31OsD20ikbp7/11X4vQWoD+ZuQiKdropG8wAvtaqGe9ICaifVmJfy2eo6u0ujL+GbRMk5rdhg==&u=U2FsdGVkX1+RVH1DI1RUOQvhLiq5a2Bra6uwtE61aYw=&y=U2FsdGVkX1+ce011fUapjKercoIHNMhyUHP6nHTZgJkhAtHGtAMG1A0acf6HRnFU HTTP/1.1" 200 25
186.154.54.216 - - [28/Sep/2022:11:31:14 -0500] "GET /sipse/imagenes/cargando.gif HTTP/1.1" 200 36959
201.245.192.253 - - [28/Sep/2022:11:31:17 -0500] "GET /sipse/faces/javax.faces.resource/images/ui-bg_flat_0_2d5972_40x100.png?ln=primefaces-aristo HTTP/1.1" 304 -
201.245.192.253 - - [28/Sep/2022:11:31:17 -0500] "POST /sipse/faces/bienvenido.xhtml HTTP/1.1" 200 2658
201.245.192.253 - - [28/Sep/2022:11:31:19 -0500] "POST /sipse/faces/bienvenido.xhtml HTTP/1.1" 200 184
201.245.192.253 - - [28/Sep/2022:11:31:19 -0500] "GET /sipse/faces/presentacion/financiero/solicitudAnulacion/solicitudAnulacion.xhtml HTTP/1.1" 200 38728
201.245.192.253 - - [28/Sep/2022:11:31:19 -0500] "GET /sipse/faces/javax.faces.resource/theme.css?ln=primefaces-sipse HTTP/1.1" 304 -
201.245.192.253 - - [28/Sep/2022:11:31:19 -0500] "GET /sipse/faces/javax.faces.resource/layout/layout.css?ln=primefaces&v=4.0 HTTP/1.1" 304 -
201.245.192.253 - - [28/Sep/2022:11:31:19 -0500] "GET /sipse/faces/javax.faces.resource/primefaces.css?ln=primefaces&v=4.0 HTTP/1.1" 304 -
201.245.192.253 - - [28/Sep/2022:11:31:19 -0500] "GET /sipse/faces/javax.faces.resource/jquery/jquery.js?ln=primefaces&v=4.0 HTTP/1.1" 304 -
201.245.192.253 - - [28/Sep/2022:11:31:19 -0500] "GET /sipse/faces/javax.faces.resource/jquery/jquery-plugins.js?ln=primefaces&v=4.0 HTTP/1.1" 304 -
201.245.192.253 - - [28/Sep/2022:11:31:19 -0500] "GET /sipse/faces/javax.faces.resource/primefaces.js?ln=primefaces&v=4.0 HTTP/1.1" 304 -
201.245.192.253 - - [28/Sep/2022:11:31:19 -0500] "GET /sipse/faces/javax.faces.resource/layout/layout.js?ln=primefaces&v=4.0 HTTP/1.1" 304 -
186.154.54.216 - - [28/Sep/2022:11:31:19 -0500] "GET /sipse/faces/javax.faces.resource/jquery/jquery.js?ln=primefaces&v=4.0 HTTP/1.1" 304 -
186.154.54.216 - - [28/Sep/2022:11:31:19 -0500] "GET /sipse/faces/javax.faces.resource/theme.css?ln=primefaces-sipse HTTP/1.1" 304 -
186.154.54.216 - - [28/Sep/2022:11:31:19 -0500] "GET /sipse/faces/javax.faces.resource/layout/layout.css?ln=primefaces&v=4.0 HTTP/1.1" 304 -
186.154.54.216 - - [28/Sep/2022:11:31:19 -0500] "GET /sipse/faces/javax.faces.resource/jquery/jquery-plugins.js?ln=primefaces&v=4.0 HTTP/1.1" 304 -
186.154.54.216 - - [28/Sep/2022:11:31:19 -0500] "GET /sipse/faces/javax.faces.resource/primefaces.css?ln=primefaces&v=4.0 HTTP/1.1" 304 -
186.154.54.216 - - [28/Sep/2022:11:31:18 -0500] "POST /sipse/faces/presentacion/sistema/anexos/cargarAnexoSolicitudProceso.xhtml HTTP/1.1" 200 166403
186.154.54.216 - - [28/Sep/2022:11:31:19 -0500] "GET /sipse/faces/javax.faces.resource/primefaces.js?ln=primefaces&v=4.0 HTTP/1.1" 304 -
201.245.192.253 - - [28/Sep/2022:11:31:19 -0500] "GET /sipse/css/imagen/contrasena.png HTTP/1.1" 404 383
201.245.192.253 - - [28/Sep/2022:11:31:19 -0500] "GET /sipse/faces/javax.faces.resource/images/ui-icons_898989_256x240.png?ln=primefaces-aristo HTTP/1.1" 304 -
186.154.54.216 - - [28/Sep/2022:11:31:19 -0500] "GET /sipse/faces/javax.faces.resource/layout/layout.js?ln=primefaces&v=4.0 HTTP/1.1" 304 -
201.245.192.253 - - [28/Sep/2022:11:31:19 -0500] "GET /sipse/faces/javax.faces.resource/images/ui-bg_flat_0_2d5972_40x100.png?ln=primefaces-aristo HTTP/1.1" 304 -
186.154.54.216 - - [28/Sep/2022:11:31:19 -0500] "GET /sipse/css/imagen/contrasena.png HTTP/1.1" 404 383
186.154.54.216 - - [28/Sep/2022:11:31:19 -0500] "GET /sipse/faces/javax.faces.resource/images/ui-icons_898989_256x240.png?ln=primefaces-aristo HTTP/1.1" 304 -
186.154.54.216 - - [28/Sep/2022:11:31:20 -0500] "GET /sipse/faces/javax.faces.resource/dynamiccontent.properties?ln=primefaces&pfdrid=XjOR5%2F%2FfPAZAuY9TpWQeCiM0BhlXxYRBGKi%2FQcXXfeA%3D&pfdrid_c=false HTTP/1.1" 500 383
201.245.192.253 - - [28/Sep/2022:11:31:20 -0500] "POST /sipse/faces/presentacion/financiero/solicitudAnulacion/solicitudAnulacion.xhtml HTTP/1.1" 200 17076
200.118.64.109 - - [28/Sep/2022:11:31:19 -0500] "POST /forms/lservlet;jsessionid=ac16012b30d6f8d5adc7520646839a4681f2563cede7.e3iSbxaKaheRe3ePbN4LaNqMai1ynknvrkLOlQzNp65In0 HTTP/1.1" 200 15
201.245.192.253 - - [28/Sep/2022:11:31:26 -0500] "POST /sipse/faces/presentacion/financiero/solicitudProceso/consultarSolicitudProceso.xhtml HTTP/1.1" 200 31901
201.245.192.253 - - [28/Sep/2022:11:31:27 -0500] "GET /sipse/faces/javax.faces.resource/theme.css?ln=primefaces-sipse HTTP/1.1" 304 -
201.245.192.253 - - [28/Sep/2022:11:31:27 -0500] "GET /sipse/faces/javax.faces.resource/layout/layout.css?ln=primefaces&v=4.0 HTTP/1.1" 304 -
201.245.192.253 - - [28/Sep/2022:11:31:27 -0500] "GET /sipse/faces/javax.faces.resource/primefaces.css?ln=primefaces&v=4.0 HTTP/1.1" 304 -
201.245.192.253 - - [28/Sep/2022:11:31:27 -0500] "GET /sipse/faces/javax.faces.resource/jquery/jquery.js?ln=primefaces&v=4.0 HTTP/1.1" 304 -
201.245.192.253 - - [28/Sep/2022:11:31:27 -0500] "GET /sipse/faces/javax.faces.resource/primefaces.js?ln=primefaces&v=4.0 HTTP/1.1" 304 -
201.245.192.253 - - [28/Sep/2022:11:31:27 -0500] "GET /sipse/faces/javax.faces.resource/jquery/jquery-plugins.js?ln=primefaces&v=4.0 HTTP/1.1" 304 -
201.245.192.253 - - [28/Sep/2022:11:31:27 -0500] "GET /sipse/faces/javax.faces.resource/layout/layout.js?ln=primefaces&v=4.0 HTTP/1.1" 304 -
201.245.192.253 - - [28/Sep/2022:11:31:27 -0500] "GET /sipse/faces/javax.faces.resource/images/ui-icons_898989_256x240.png?ln=primefaces-aristo HTTP/1.1" 304 -
200.118.64.109 - - [28/Sep/2022:11:31:28 -0500] "POST /forms/lservlet;jsessionid=ac16012b30d6f8d5adc7520646839a4681f2563cede7.e3iSbxaKaheRe3ePbN4LaNqMai1ynknvrkLOlQzNp65In0 HTTP/1.1" 200 15
186.154.54.216 - - [28/Sep/2022:11:31:30 -0500] "GET /sipse/faces/javax.faces.resource/images/ui-bg_flat_0_2d5972_40x100.png?ln=primefaces-aristo HTTP/1.1" 304 -
186.154.54.216 - - [28/Sep/2022:11:31:30 -0500] "POST /sipse/faces/presentacion/financiero/solicitudProceso/consultarSolicitudProceso.xhtml HTTP/1.1" 200 6792
186.154.54.216 - - [28/Sep/2022:11:31:30 -0500] "GET /sipse/faces/javax.faces.resource/messages/messages.png?ln=primefaces&v=4.0 HTTP/1.1" 304 -
172.22.2.4 - - [28/Sep/2022:11:29:52 -0500] "HEAD /BLA/boletinlegal/ HTTP/1.1" 200 -
201.245.192.253 - - [28/Sep/2022:11:31:35 -0500] "GET /sipse/faces/javax.faces.resource/images/ui-bg_flat_0_2d5972_40x100.png?ln=primefaces-aristo HTTP/1.1" 304 -
186.154.54.216 - - [28/Sep/2022:11:31:32 -0500] "POST /sipse/faces/presentacion/financiero/solicitudProceso/consultarSolicitudProceso.xhtml HTTP/1.1" 200 37793
186.154.54.216 - - [28/Sep/2022:11:31:35 -0500] "GET /sipse/faces/javax.faces.resource/theme.css?ln=primefaces-sipse HTTP/1.1" 304 -
186.154.54.216 - - [28/Sep/2022:11:31:35 -0500] "GET /sipse/faces/javax.faces.resource/layout/layout.css?ln=primefaces&v=4.0 HTTP/1.1" 304 -
186.154.54.216 - - [28/Sep/2022:11:31:35 -0500] "GET /sipse/faces/javax.faces.resource/primefaces.css?ln=primefaces&v=4.0 HTTP/1.1" 304 -
186.154.54.216 - - [28/Sep/2022:11:31:35 -0500] "GET /sipse/faces/javax.faces.resource/jquery/jquery.js?ln=primefaces&v=4.0 HTTP/1.1" 304 -
186.154.54.216 - - [28/Sep/2022:11:31:35 -0500] "GET /sipse/faces/javax.faces.resource/jquery/jquery-plugins.js?ln=primefaces&v=4.0 HTTP/1.1" 304 -
186.154.54.216 - - [28/Sep/2022:11:31:35 -0500] "GET /sipse/faces/javax.faces.resource/primefaces.js?ln=primefaces&v=4.0 HTTP/1.1" 304 -
186.154.54.216 - - [28/Sep/2022:11:31:35 -0500] "GET /sipse/faces/javax.faces.resource/layout/layout.js?ln=primefaces&v=4.0 HTTP/1.1" 304 -
201.245.192.253 - - [28/Sep/2022:11:31:35 -0500] "POST /sipse/faces/presentacion/financiero/solicitudProceso/registrarAnotacion.xhtml HTTP/1.1" 200 117278
201.245.192.253 - - [28/Sep/2022:11:31:35 -0500] "GET /sipse/faces/javax.faces.resource/jquery/jquery.js?ln=primefaces&v=4.0 HTTP/1.1" 304 -
201.245.192.253 - - [28/Sep/2022:11:31:35 -0500] "GET /sipse/faces/javax.faces.resource/jquery/jquery-plugins.js?ln=primefaces&v=4.0 HTTP/1.1" 304 -
201.245.192.253 - - [28/Sep/2022:11:31:35 -0500] "GET /sipse/faces/javax.faces.resource/primefaces.js?ln=primefaces&v=4.0 HTTP/1.1" 304 -
186.154.54.216 - - [28/Sep/2022:11:31:35 -0500] "POST /sipse/faces/presentacion/financiero/solicitudProceso/listarSolicitudProceso.xhtml HTTP/1.1" 200 1392
201.245.192.253 - - [28/Sep/2022:11:31:35 -0500] "GET /sipse/faces/javax.faces.resource/layout/layout.js?ln=primefaces&v=4.0 HTTP/1.1" 304 -
201.245.192.253 - - [28/Sep/2022:11:31:35 -0500] "GET /sipse/faces/javax.faces.resource/dynamiccontent.properties?ln=primefaces&pfdrid=XjOR5%2F%2FfPAZAuY9TpWQeCiM0BhlXxYRBGKi%2FQcXXfeA%3D&pfdrid_c=false HTTP/1.1" 500 383
200.118.64.109 - - [28/Sep/2022:11:31:37 -0500] "POST /forms/lservlet;jsessionid=ac16012b30d6f8d5adc7520646839a4681f2563cede7.e3iSbxaKaheRe3ePbN4LaNqMai1ynknvrkLOlQzNp65In0 HTTP/1.1" 200 15
201.245.192.253 - - [28/Sep/2022:11:31:43 -0500] "POST /sipse/faces/presentacion/financiero/solicitudProceso/consultarSolicitudProceso.xhtml HTTP/1.1" 200 70748
201.245.192.253 - - [28/Sep/2022:11:31:45 -0500] "GET /sipse/faces/javax.faces.resource/jquery/jquery.js?ln=primefaces&v=4.0 HTTP/1.1" 304 -
201.245.192.253 - - [28/Sep/2022:11:31:45 -0500] "GET /sipse/faces/javax.faces.resource/jquery/jquery-plugins.js?ln=primefaces&v=4.0 HTTP/1.1" 304 -
201.245.192.253 - - [28/Sep/2022:11:31:45 -0500] "GET /sipse/faces/javax.faces.resource/primefaces.js?ln=primefaces&v=4.0 HTTP/1.1" 304 -
201.245.192.253 - - [28/Sep/2022:11:31:45 -0500] "GET /sipse/faces/javax.faces.resource/layout/layout.js?ln=primefaces&v=4.0 HTTP/1.1" 304 -
201.245.192.253 - - [28/Sep/2022:11:31:45 -0500] "GET /sipse/faces/javax.faces.resource/messages/messages.png?ln=primefaces&v=4.0 HTTP/1.1" 304 -
201.245.192.253 - - [28/Sep/2022:11:31:45 -0500] "POST /sipse/faces/presentacion/financiero/solicitudProceso/listarSolicitudProceso.xhtml HTTP/1.1" 200 1544
200.118.64.109 - - [28/Sep/2022:11:31:47 -0500] "POST /forms/lservlet;jsessionid=ac16012b30d6f8d5adc7520646839a4681f2563cede7.e3iSbxaKaheRe3ePbN4LaNqMai1ynknvrkLOlQzNp65In0 HTTP/1.1" 200 15
