201.245.192.253 - - [28/Sep/2022:11:59:27 -0500] "GET /sipse/faces/javax.faces.resource/jquery/jquery.js?ln=primefaces&v=4.0 HTTP/1.1" 304 -
201.245.192.253 - - [28/Sep/2022:11:59:27 -0500] "GET /sipse/faces/javax.faces.resource/jquery/jquery-plugins.js?ln=primefaces&v=4.0 HTTP/1.1" 304 -
201.245.192.253 - - [28/Sep/2022:11:59:27 -0500] "GET /sipse/faces/javax.faces.resource/layout/layout.js?ln=primefaces&v=4.0 HTTP/1.1" 304 -
201.245.192.253 - - [28/Sep/2022:11:59:27 -0500] "GET /sipse/faces/javax.faces.resource/primefaces.js?ln=primefaces&v=4.0 HTTP/1.1" 304 -
201.245.192.253 - - [28/Sep/2022:11:59:27 -0500] "GET /sipse/faces/javax.faces.resource/images/ui-icons_898989_256x240.png?ln=primefaces-aristo HTTP/1.1" 304 -
200.118.64.109 - - [28/Sep/2022:11:59:32 -0500] "POST /forms/lservlet;jsessionid=ac16012b30d6cea60823f9d74625980f953eace16ced.e3iSbxaKaheRe3ePbN4LaNqMai1ynknvrkLOlQzNp65In0 HTTP/1.1" 200 15
201.245.192.253 - - [28/Sep/2022:11:59:33 -0500] "POST /sipse/faces/presentacion/financiero/solicitudProceso/consultar.xhtml HTTP/1.1" 200 12842
172.22.2.4 - - [28/Sep/2022:11:59:41 -0500] "GET /BLA/boletinlegal/consulta_conceptos.php?no=&solicitante=&radicado_entrada=&fecha_concepto=2014&objeto=ley%201437 HTTP/1.1" 200 570
172.22.2.4 - - [28/Sep/2022:11:59:41 -0500] "GET /BLA/boletinlegal/consulta_conceptos.php?no=&solicitante=&radicado_entrada=&fecha_concepto=2014&objeto=ley%201437 HTTP/1.1" 200 570
200.118.64.109 - - [28/Sep/2022:11:59:41 -0500] "POST /forms/lservlet;jsessionid=ac16012b30d6cea60823f9d74625980f953eace16ced.e3iSbxaKaheRe3ePbN4LaNqMai1ynknvrkLOlQzNp65In0 HTTP/1.1" 200 15
201.245.192.253 - - [28/Sep/2022:11:59:44 -0500] "POST /sipse/faces/presentacion/financiero/solicitudProceso/consultar.xhtml HTTP/1.1" 200 12817
172.22.2.4 - - [28/Sep/2022:11:59:46 -0500] "GET /BLA/boletinlegal/consulta_conceptos.php?no=&solicitante=&radicado_entrada=&fecha_concepto=2015&objeto=ley%201437 HTTP/1.1" 200 991
200.118.64.109 - - [28/Sep/2022:11:59:50 -0500] "POST /forms/lservlet;jsessionid=ac16012b30d6cea60823f9d74625980f953eace16ced.e3iSbxaKaheRe3ePbN4LaNqMai1ynknvrkLOlQzNp65In0 HTTP/1.1" 200 15
200.118.64.109 - - [28/Sep/2022:11:59:59 -0500] "POST /forms/lservlet;jsessionid=ac16012b30d6cea60823f9d74625980f953eace16ced.e3iSbxaKaheRe3ePbN4LaNqMai1ynknvrkLOlQzNp65In0 HTTP/1.1" 200 15
201.245.192.253 - - [28/Sep/2022:12:00:00 -0500] "POST /sipse/faces/presentacion/financiero/solicitudProceso/consultar.xhtml HTTP/1.1" 200 12790
201.245.192.253 - - [28/Sep/2022:12:00:07 -0500] "POST /sipse/faces/presentacion/financiero/solicitudProceso/listarSolicitudProceso.xhtml HTTP/1.1" 200 112408
201.245.192.253 - - [28/Sep/2022:12:00:08 -0500] "GET /sipse/faces/javax.faces.resource/jquery/jquery.js?ln=primefaces&v=4.0 HTTP/1.1" 304 -
201.245.192.253 - - [28/Sep/2022:12:00:08 -0500] "GET /sipse/faces/javax.faces.resource/jquery/jquery-plugins.js?ln=primefaces&v=4.0 HTTP/1.1" 304 -
201.245.192.253 - - [28/Sep/2022:12:00:08 -0500] "GET /sipse/faces/javax.faces.resource/primefaces.js?ln=primefaces&v=4.0 HTTP/1.1" 304 -
201.245.192.253 - - [28/Sep/2022:12:00:08 -0500] "GET /sipse/faces/javax.faces.resource/layout/layout.js?ln=primefaces&v=4.0 HTTP/1.1" 304 -
201.245.192.253 - - [28/Sep/2022:12:00:08 -0500] "GET /sipse/faces/javax.faces.resource/dynamiccontent.properties?ln=primefaces&pfdrid=XjOR5%2F%2FfPAZAuY9TpWQeCiM0BhlXxYRBGKi%2FQcXXfeA%3D&pfdrid_c=false HTTP/1.1" 500 383
200.118.64.109 - - [28/Sep/2022:12:00:08 -0500] "POST /forms/lservlet;jsessionid=ac16012b30d6cea60823f9d74625980f953eace16ced.e3iSbxaKaheRe3ePbN4LaNqMai1ynknvrkLOlQzNp65In0 HTTP/1.1" 200 15
201.245.192.253 - - [28/Sep/2022:12:00:10 -0500] "POST /sipse/faces/presentacion/financiero/solicitudProceso/consultarSolicitudProceso.xhtml HTTP/1.1" 200 64776
201.245.192.253 - - [28/Sep/2022:12:00:10 -0500] "GET /sipse/faces/javax.faces.resource/jquery/jquery.js?ln=primefaces&v=4.0 HTTP/1.1" 304 -
201.245.192.253 - - [28/Sep/2022:12:00:11 -0500] "GET /sipse/faces/javax.faces.resource/jquery/jquery-plugins.js?ln=primefaces&v=4.0 HTTP/1.1" 304 -
201.245.192.253 - - [28/Sep/2022:12:00:11 -0500] "GET /sipse/faces/javax.faces.resource/primefaces.js?ln=primefaces&v=4.0 HTTP/1.1" 304 -
201.245.192.253 - - [28/Sep/2022:12:00:11 -0500] "GET /sipse/faces/javax.faces.resource/layout/layout.js?ln=primefaces&v=4.0 HTTP/1.1" 304 -
201.245.192.253 - - [28/Sep/2022:12:00:11 -0500] "POST /sipse/faces/presentacion/financiero/solicitudProceso/listarSolicitudProceso.xhtml HTTP/1.1" 200 58166
201.245.192.253 - - [28/Sep/2022:12:00:11 -0500] "POST /sipse/faces/presentacion/financiero/solicitudProceso/listarSolicitudProceso.xhtml HTTP/1.1" 200 58166
201.245.192.253 - - [28/Sep/2022:12:00:11 -0500] "POST /sipse/faces/presentacion/financiero/solicitudProceso/listarSolicitudProceso.xhtml HTTP/1.1" 200 58166
201.245.192.253 - - [28/Sep/2022:12:00:11 -0500] "POST /sipse/faces/presentacion/financiero/solicitudProceso/listarSolicitudProceso.xhtml HTTP/1.1" 200 1544
201.245.192.253 - - [28/Sep/2022:12:00:11 -0500] "POST /sipse/faces/presentacion/financiero/solicitudProceso/listarSolicitudProceso.xhtml HTTP/1.1" 200 1548
201.245.192.253 - - [28/Sep/2022:12:00:12 -0500] "POST /sipse/faces/presentacion/financiero/solicitudProceso/listarSolicitudProceso.xhtml HTTP/1.1" 200 1552
201.245.192.253 - - [28/Sep/2022:12:00:12 -0500] "POST /sipse/faces/presentacion/financiero/solicitudProceso/listarSolicitudProceso.xhtml HTTP/1.1" 200 1548
200.118.64.109 - - [28/Sep/2022:12:00:17 -0500] "POST /forms/lservlet;jsessionid=ac16012b30d6cea60823f9d74625980f953eace16ced.e3iSbxaKaheRe3ePbN4LaNqMai1ynknvrkLOlQzNp65In0 HTTP/1.1" 200 15
201.245.192.253 - - [28/Sep/2022:12:00:21 -0500] "POST /sipse/faces/presentacion/financiero/solicitudProceso/consultar.xhtml HTTP/1.1" 200 12964
200.118.64.109 - - [28/Sep/2022:12:00:26 -0500] "POST /forms/lservlet;jsessionid=ac16012b30d6cea60823f9d74625980f953eace16ced.e3iSbxaKaheRe3ePbN4LaNqMai1ynknvrkLOlQzNp65In0 HTTP/1.1" 200 15
201.245.192.253 - - [28/Sep/2022:12:00:34 -0500] "POST /sipse/faces/presentacion/financiero/solicitudProceso/consultar.xhtml HTTP/1.1" 200 70251
201.245.192.253 - - [28/Sep/2022:12:00:35 -0500] "GET /sipse/faces/javax.faces.resource/jquery/jquery.js?ln=primefaces&v=4.0 HTTP/1.1" 304 -
201.245.192.253 - - [28/Sep/2022:12:00:35 -0500] "GET /sipse/faces/javax.faces.resource/jquery/jquery-plugins.js?ln=primefaces&v=4.0 HTTP/1.1" 304 -
201.245.192.253 - - [28/Sep/2022:12:00:35 -0500] "GET /sipse/faces/javax.faces.resource/primefaces.js?ln=primefaces&v=4.0 HTTP/1.1" 304 -
201.245.192.253 - - [28/Sep/2022:12:00:35 -0500] "GET /sipse/faces/javax.faces.resource/layout/layout.js?ln=primefaces&v=4.0 HTTP/1.1" 304 -
201.245.192.253 - - [28/Sep/2022:12:00:35 -0500] "POST /sipse/faces/presentacion/financiero/solicitudProceso/listarSolicitudProceso.xhtml HTTP/1.1" 200 63643
201.245.192.253 - - [28/Sep/2022:12:00:35 -0500] "POST /sipse/faces/presentacion/financiero/solicitudProceso/listarSolicitudProceso.xhtml HTTP/1.1" 200 63643
201.245.192.253 - - [28/Sep/2022:12:00:35 -0500] "POST /sipse/faces/presentacion/financiero/solicitudProceso/listarSolicitudProceso.xhtml HTTP/1.1" 200 63643
201.245.192.253 - - [28/Sep/2022:12:00:35 -0500] "POST /sipse/faces/presentacion/financiero/solicitudProceso/listarSolicitudProceso.xhtml HTTP/1.1" 200 1544
201.245.192.253 - - [28/Sep/2022:12:00:36 -0500] "POST /sipse/faces/presentacion/financiero/solicitudProceso/listarSolicitudProceso.xhtml HTTP/1.1" 200 1548
201.245.192.253 - - [28/Sep/2022:12:00:36 -0500] "POST /sipse/faces/presentacion/financiero/solicitudProceso/listarSolicitudProceso.xhtml HTTP/1.1" 200 1552
201.245.192.253 - - [28/Sep/2022:12:00:36 -0500] "POST /sipse/faces/presentacion/financiero/solicitudProceso/listarSolicitudProceso.xhtml HTTP/1.1" 200 1548
200.118.64.109 - - [28/Sep/2022:12:00:35 -0500] "POST /forms/lservlet;jsessionid=ac16012b30d6cea60823f9d74625980f953eace16ced.e3iSbxaKaheRe3ePbN4LaNqMai1ynknvrkLOlQzNp65In0 HTTP/1.1" 200 15
201.245.192.253 - - [28/Sep/2022:12:00:36 -0500] "POST /sipse/faces/presentacion/financiero/solicitudProceso/listarSolicitudProceso.xhtml HTTP/1.1" 200 22814
172.22.2.4 - - [28/Sep/2022:11:59:01 -0500] "HEAD /BLA/boletinlegal/ HTTP/1.1" 200 -
200.118.64.109 - - [28/Sep/2022:12:00:44 -0500] "POST /forms/lservlet;jsessionid=ac16012b30d6cea60823f9d74625980f953eace16ced.e3iSbxaKaheRe3ePbN4LaNqMai1ynknvrkLOlQzNp65In0 HTTP/1.1" 200 15
200.118.64.109 - - [28/Sep/2022:12:00:53 -0500] "POST /forms/lservlet;jsessionid=ac16012b30d6cea60823f9d74625980f953eace16ced.e3iSbxaKaheRe3ePbN4LaNqMai1ynknvrkLOlQzNp65In0 HTTP/1.1" 200 15
201.245.192.253 - - [28/Sep/2022:12:00:59 -0500] "POST /sipse/faces/presentacion/financiero/solicitudProceso/listarSolicitudProceso.xhtml HTTP/1.1" 200 116600
201.245.192.253 - - [28/Sep/2022:12:01:00 -0500] "GET /sipse/faces/javax.faces.resource/jquery/jquery.js?ln=primefaces&v=4.0 HTTP/1.1" 304 -
201.245.192.253 - - [28/Sep/2022:12:01:00 -0500] "GET /sipse/faces/javax.faces.resource/jquery/jquery-plugins.js?ln=primefaces&v=4.0 HTTP/1.1" 304 -
201.245.192.253 - - [28/Sep/2022:12:01:00 -0500] "GET /sipse/faces/javax.faces.resource/primefaces.js?ln=primefaces&v=4.0 HTTP/1.1" 304 -
201.245.192.253 - - [28/Sep/2022:12:01:00 -0500] "GET /sipse/faces/javax.faces.resource/layout/layout.js?ln=primefaces&v=4.0 HTTP/1.1" 304 -
201.245.192.253 - - [28/Sep/2022:12:01:00 -0500] "GET /sipse/faces/javax.faces.resource/dynamiccontent.properties?ln=primefaces&pfdrid=XjOR5%2F%2FfPAZAuY9TpWQeCiM0BhlXxYRBGKi%2FQcXXfeA%3D&pfdrid_c=false HTTP/1.1" 500 383
200.118.64.109 - - [28/Sep/2022:12:01:02 -0500] "POST /forms/lservlet;jsessionid=ac16012b30d6cea60823f9d74625980f953eace16ced.e3iSbxaKaheRe3ePbN4LaNqMai1ynknvrkLOlQzNp65In0 HTTP/1.1" 200 15
201.245.192.253 - - [28/Sep/2022:12:01:11 -0500] "GET /sipse/faces/javax.faces.resource/theme.css?ln=primefaces-sipse HTTP/1.1" 304 -
201.245.192.253 - - [28/Sep/2022:12:01:11 -0500] "GET /sipse/faces/javax.faces.resource/primefaces.css?ln=primefaces&v=4.0 HTTP/1.1" 304 -
201.245.192.253 - - [28/Sep/2022:12:01:11 -0500] "GET /sipse/faces/javax.faces.resource/jquery/jquery.js?ln=primefaces&v=4.0 HTTP/1.1" 304 -
201.245.192.253 - - [28/Sep/2022:12:01:11 -0500] "GET /sipse/faces/javax.faces.resource/jquery/jquery-plugins.js?ln=primefaces&v=4.0 HTTP/1.1" 304 -
201.245.192.253 - - [28/Sep/2022:12:01:11 -0500] "GET /sipse/faces/javax.faces.resource/layout/layout.css?ln=primefaces&v=4.0 HTTP/1.1" 304 -
201.245.192.253 - - [28/Sep/2022:12:01:11 -0500] "GET /sipse/faces/javax.faces.resource/primefaces.js?ln=primefaces&v=4.0 HTTP/1.1" 304 -
201.245.192.253 - - [28/Sep/2022:12:01:11 -0500] "GET /sipse/faces/javax.faces.resource/layout/layout.js?ln=primefaces&v=4.0 HTTP/1.1" 304 -
201.245.192.253 - - [28/Sep/2022:12:01:11 -0500] "GET /sipse/css/imagen/contrasena.png HTTP/1.1" 404 383
201.245.192.253 - - [28/Sep/2022:12:01:11 -0500] "GET /sipse/faces/javax.faces.resource/images/ui-icons_898989_256x240.png?ln=primefaces-aristo HTTP/1.1" 304 -
201.245.192.253 - - [28/Sep/2022:12:01:11 -0500] "POST /sipse/faces/presentacion/financiero/solicitudProceso/consultarSolicitudProceso.xhtml HTTP/1.1" 200 184791
200.118.64.109 - - [28/Sep/2022:12:01:11 -0500] "POST /forms/lservlet;jsessionid=ac16012b30d6cea60823f9d74625980f953eace16ced.e3iSbxaKaheRe3ePbN4LaNqMai1ynknvrkLOlQzNp65In0 HTTP/1.1" 200 15
201.245.192.253 - - [28/Sep/2022:12:01:13 -0500] "GET /sipse/faces/javax.faces.resource/dynamiccontent.properties?ln=primefaces&pfdrid=XjOR5%2F%2FfPAZAuY9TpWQeCiM0BhlXxYRBGKi%2FQcXXfeA%3D&pfdrid_c=false HTTP/1.1" 500 383
201.245.192.253 - - [28/Sep/2022:12:01:15 -0500] "GET /sipse/faces/javax.faces.resource/images/ui-bg_flat_0_2d5972_40x100.png?ln=primefaces-aristo HTTP/1.1" 304 -
201.245.192.253 - - [28/Sep/2022:12:01:15 -0500] "POST /sipse/faces/presentacion/financiero/solicitudProceso/consultarSolicitudProceso.xhtml HTTP/1.1" 200 55125
201.245.192.253 - - [28/Sep/2022:12:01:18 -0500] "GET /sipse/faces/javax.faces.resource/layout/layout.css?ln=primefaces&v=4.0 HTTP/1.1" 304 -
201.245.192.253 - - [28/Sep/2022:12:01:18 -0500] "GET /sipse/faces/javax.faces.resource/theme.css?ln=primefaces-sipse HTTP/1.1" 304 -
201.245.192.253 - - [28/Sep/2022:12:01:18 -0500] "GET /sipse/faces/javax.faces.resource/primefaces.css?ln=primefaces&v=4.0 HTTP/1.1" 304 -
201.245.192.253 - - [28/Sep/2022:12:01:18 -0500] "GET /sipse/faces/javax.faces.resource/jquery/jquery.js?ln=primefaces&v=4.0 HTTP/1.1" 304 -
201.245.192.253 - - [28/Sep/2022:12:01:18 -0500] "GET /sipse/faces/javax.faces.resource/jquery/jquery-plugins.js?ln=primefaces&v=4.0 HTTP/1.1" 304 -
201.245.192.253 - - [28/Sep/2022:12:01:18 -0500] "GET /sipse/faces/javax.faces.resource/primefaces.js?ln=primefaces&v=4.0 HTTP/1.1" 304 -
201.245.192.253 - - [28/Sep/2022:12:01:18 -0500] "GET /sipse/faces/javax.faces.resource/layout/layout.js?ln=primefaces&v=4.0 HTTP/1.1" 304 -
201.245.192.253 - - [28/Sep/2022:12:01:18 -0500] "GET /sipse/faces/javax.faces.resource/messages/messages.png?ln=primefaces&v=4.0 HTTP/1.1" 304 -
201.245.192.253 - - [28/Sep/2022:12:01:18 -0500] "POST /sipse/faces/presentacion/financiero/solicitudProceso/listarSolicitudProceso.xhtml HTTP/1.1" 200 1532
200.118.64.109 - - [28/Sep/2022:12:01:20 -0500] "POST /forms/lservlet;jsessionid=ac16012b30d6cea60823f9d74625980f953eace16ced.e3iSbxaKaheRe3ePbN4LaNqMai1ynknvrkLOlQzNp65In0 HTTP/1.1" 200 15
200.118.64.109 - - [28/Sep/2022:12:01:29 -0500] "POST /forms/lservlet;jsessionid=ac16012b30d6cea60823f9d74625980f953eace16ced.e3iSbxaKaheRe3ePbN4LaNqMai1ynknvrkLOlQzNp65In0 HTTP/1.1" 200 15
172.22.2.4 - - [28/Sep/2022:11:59:52 -0500] "GET /BLA/boletinlegal/ HTTP/1.1" 200 58955
201.245.192.253 - - [28/Sep/2022:12:01:34 -0500] "POST /sipse/faces/presentacion/financiero/solicitudProceso/listarSolicitudProceso.xhtml HTTP/1.1" 200 136417
201.245.192.253 - - [28/Sep/2022:12:01:35 -0500] "GET /sipse/faces/javax.faces.resource/primefaces.css?ln=primefaces&v=4.0 HTTP/1.1" 304 -
201.245.192.253 - - [28/Sep/2022:12:01:35 -0500] "GET /sipse/faces/javax.faces.resource/theme.css?ln=primefaces-sipse HTTP/1.1" 304 -
201.245.192.253 - - [28/Sep/2022:12:01:35 -0500] "GET /sipse/faces/javax.faces.resource/layout/layout.css?ln=primefaces&v=4.0 HTTP/1.1" 304 -
201.245.192.253 - - [28/Sep/2022:12:01:35 -0500] "GET /sipse/faces/javax.faces.resource/jquery/jquery.js?ln=primefaces&v=4.0 HTTP/1.1" 304 -
201.245.192.253 - - [28/Sep/2022:12:01:36 -0500] "GET /sipse/faces/javax.faces.resource/jquery/jquery-plugins.js?ln=primefaces&v=4.0 HTTP/1.1" 304 -
201.245.192.253 - - [28/Sep/2022:12:01:36 -0500] "GET /sipse/faces/javax.faces.resource/primefaces.js?ln=primefaces&v=4.0 HTTP/1.1" 304 -
201.245.192.253 - - [28/Sep/2022:12:01:36 -0500] "GET /sipse/faces/javax.faces.resource/layout/layout.js?ln=primefaces&v=4.0 HTTP/1.1" 304 -
201.245.192.253 - - [28/Sep/2022:12:01:36 -0500] "GET /sipse/faces/javax.faces.resource/dynamiccontent.properties?ln=primefaces&pfdrid=XjOR5%2F%2FfPAZAuY9TpWQeCiM0BhlXxYRBGKi%2FQcXXfeA%3D&pfdrid_c=false HTTP/1.1" 500 383
200.118.64.109 - - [28/Sep/2022:12:01:38 -0500] "POST /forms/lservlet;jsessionid=ac16012b30d6cea60823f9d74625980f953eace16ced.e3iSbxaKaheRe3ePbN4LaNqMai1ynknvrkLOlQzNp65In0 HTTP/1.1" 200 15
200.118.64.109 - - [28/Sep/2022:12:01:47 -0500] "POST /forms/lservlet;jsessionid=ac16012b30d6cea60823f9d74625980f953eace16ced.e3iSbxaKaheRe3ePbN4LaNqMai1ynknvrkLOlQzNp65In0 HTTP/1.1" 200 15
200.118.64.109 - - [28/Sep/2022:12:01:57 -0500] "POST /forms/lservlet;jsessionid=ac16012b30d6cea60823f9d74625980f953eace16ced.e3iSbxaKaheRe3ePbN4LaNqMai1ynknvrkLOlQzNp65In0 HTTP/1.1" 200 15
200.118.64.109 - - [28/Sep/2022:12:02:06 -0500] "POST /forms/lservlet;jsessionid=ac16012b30d6cea60823f9d74625980f953eace16ced.e3iSbxaKaheRe3ePbN4LaNqMai1ynknvrkLOlQzNp65In0 HTTP/1.1" 200 15
64.124.8.38 - - [28/Sep/2022:12:02:15 -0500] "GET /portaldeninos/que-es-cambio-climatico HTTP/1.1" 301 -
200.118.64.109 - - [28/Sep/2022:12:02:15 -0500] "POST /forms/lservlet;jsessionid=ac16012b30d6cea60823f9d74625980f953eace16ced.e3iSbxaKaheRe3ePbN4LaNqMai1ynknvrkLOlQzNp65In0 HTTP/1.1" 200 15
172.22.2.4 - - [28/Sep/2022:12:02:23 -0500] "GET /BLA/boletinlegal/robots.txt HTTP/1.1" 404 1038
172.22.2.4 - - [28/Sep/2022:12:02:23 -0500] "GET /BLA/boletinlegal/jurisprudencia/analisis/Analisis%20Sentencia%20T-1077,%202%20corregida.doc HTTP/1.1" 304 -
216.245.221.92 - - [28/Sep/2022:12:02:23 -0500] "HEAD / HTTP/1.1" 200 -
200.118.64.109 - - [28/Sep/2022:12:02:24 -0500] "POST /forms/lservlet;jsessionid=ac16012b30d6cea60823f9d74625980f953eace16ced.e3iSbxaKaheRe3ePbN4LaNqMai1ynknvrkLOlQzNp65In0 HTTP/1.1" 200 15
200.118.64.109 - - [28/Sep/2022:12:02:33 -0500] "POST /forms/lservlet;jsessionid=ac16012b30d6cea60823f9d74625980f953eace16ced.e3iSbxaKaheRe3ePbN4LaNqMai1ynknvrkLOlQzNp65In0 HTTP/1.1" 200 15
207.46.13.84 - - [28/Sep/2022:12:02:34 -0500] "GET /BLA/resoluciones/ HTTP/1.1" 200 13093
200.118.64.109 - - [28/Sep/2022:12:02:42 -0500] "POST /forms/lservlet;jsessionid=ac16012b30d6cea60823f9d74625980f953eace16ced.e3iSbxaKaheRe3ePbN4LaNqMai1ynknvrkLOlQzNp65In0 HTTP/1.1" 200 15
64.124.8.38 - - [28/Sep/2022:12:02:46 -0500] "GET /portaldeninos/contactanos/ HTTP/1.1" 200 88135
200.118.64.109 - - [28/Sep/2022:12:02:51 -0500] "POST /forms/lservlet;jsessionid=ac16012b30d6cea60823f9d74625980f953eace16ced.e3iSbxaKaheRe3ePbN4LaNqMai1ynknvrkLOlQzNp65In0 HTTP/1.1" 200 15
207.46.13.89 - - [28/Sep/2022:12:02:55 -0500] "GET /BLA/resoluciones/dlf/styles.css HTTP/1.1" 200 3049
201.245.192.253 - - [28/Sep/2022:12:02:57 -0500] "POST /sipse/faces/presentacion/financiero/solicitudProceso/consultarSolicitudProceso.xhtml HTTP/1.1" 200 1447150
200.118.64.109 - - [28/Sep/2022:12:03:00 -0500] "POST /forms/lservlet;jsessionid=ac16012b30d6cea60823f9d74625980f953eace16ced.e3iSbxaKaheRe3ePbN4LaNqMai1ynknvrkLOlQzNp65In0 HTTP/1.1" 200 15
181.235.120.247 - - [28/Sep/2022:12:03:04 -0500] "POST /sipse/faces/presentacion/financiero/solicitudProceso/listarSolicitudProceso.xhtml HTTP/1.1" 200 59515
181.235.120.247 - - [28/Sep/2022:12:03:05 -0500] "POST /sipse/faces/presentacion/financiero/solicitudProceso/listarSolicitudProceso.xhtml HTTP/1.1" 200 59515
181.235.120.247 - - [28/Sep/2022:12:03:05 -0500] "POST /sipse/faces/presentacion/financiero/solicitudProceso/listarSolicitudProceso.xhtml HTTP/1.1" 200 1544
181.235.120.247 - - [28/Sep/2022:12:03:06 -0500] "POST /sipse/faces/presentacion/financiero/solicitudProceso/listarSolicitudProceso.xhtml HTTP/1.1" 200 1548
200.118.64.109 - - [28/Sep/2022:12:03:09 -0500] "POST /forms/lservlet;jsessionid=ac16012b30d6cea60823f9d74625980f953eace16ced.e3iSbxaKaheRe3ePbN4LaNqMai1ynknvrkLOlQzNp65In0 HTTP/1.1" 200 15
200.118.64.109 - - [28/Sep/2022:12:03:18 -0500] "POST /forms/lservlet;jsessionid=ac16012b30d6cea60823f9d74625980f953eace16ced.e3iSbxaKaheRe3ePbN4LaNqMai1ynknvrkLOlQzNp65In0 HTTP/1.1" 200 15
200.118.64.109 - - [28/Sep/2022:12:03:27 -0500] "POST /forms/lservlet;jsessionid=ac16012b30d6cea60823f9d74625980f953eace16ced.e3iSbxaKaheRe3ePbN4LaNqMai1ynknvrkLOlQzNp65In0 HTTP/1.1" 200 15
201.245.192.253 - - [28/Sep/2022:12:03:31 -0500] "GET /sipse/faces/javax.faces.resource/images/ui-bg_flat_0_2d5972_40x100.png?ln=primefaces-aristo HTTP/1.1" 304 -
201.245.192.253 - - [28/Sep/2022:12:03:31 -0500] "POST /sipse/faces/presentacion/financiero/contrato/consultarContratosSolicitudProceso.xhtml HTTP/1.1" 200 49674
201.245.192.253 - - [28/Sep/2022:12:03:33 -0500] "POST /sipse/faces/presentacion/financiero/solicitudAnulacion/solicitudAnulacion.xhtml HTTP/1.1" 200 184
201.245.192.253 - - [28/Sep/2022:12:03:33 -0500] "GET /sipse/faces/presentacion/financiero/solicitudAnulacion/solicitudAnulacion.xhtml HTTP/1.1" 200 38728
201.245.192.253 - - [28/Sep/2022:12:03:33 -0500] "GET /sipse/faces/javax.faces.resource/theme.css?ln=primefaces-sipse HTTP/1.1" 304 -
201.245.192.253 - - [28/Sep/2022:12:03:33 -0500] "GET /sipse/faces/javax.faces.resource/primefaces.css?ln=primefaces&v=4.0 HTTP/1.1" 304 -
201.245.192.253 - - [28/Sep/2022:12:03:33 -0500] "GET /sipse/faces/javax.faces.resource/layout/layout.css?ln=primefaces&v=4.0 HTTP/1.1" 304 -
201.245.192.253 - - [28/Sep/2022:12:03:33 -0500] "GET /sipse/faces/javax.faces.resource/primefaces.js?ln=primefaces&v=4.0 HTTP/1.1" 304 -
201.245.192.253 - - [28/Sep/2022:12:03:33 -0500] "GET /sipse/faces/javax.faces.resource/jquery/jquery.js?ln=primefaces&v=4.0 HTTP/1.1" 304 -
201.245.192.253 - - [28/Sep/2022:12:03:33 -0500] "GET /sipse/faces/javax.faces.resource/layout/layout.js?ln=primefaces&v=4.0 HTTP/1.1" 304 -
201.245.192.253 - - [28/Sep/2022:12:03:33 -0500] "GET /sipse/faces/javax.faces.resource/jquery/jquery-plugins.js?ln=primefaces&v=4.0 HTTP/1.1" 304 -
201.245.192.253 - - [28/Sep/2022:12:03:33 -0500] "GET /sipse/css/imagen/contrasena.png HTTP/1.1" 404 383
201.245.192.253 - - [28/Sep/2022:12:03:33 -0500] "GET /sipse/faces/javax.faces.resource/images/ui-icons_898989_256x240.png?ln=primefaces-aristo HTTP/1.1" 304 -
201.245.192.253 - - [28/Sep/2022:12:03:33 -0500] "GET /sipse/faces/javax.faces.resource/images/ui-bg_flat_0_2d5972_40x100.png?ln=primefaces-aristo HTTP/1.1" 304 -
201.245.192.253 - - [28/Sep/2022:12:03:33 -0500] "POST /sipse/faces/presentacion/financiero/solicitudAnulacion/solicitudAnulacion.xhtml HTTP/1.1" 200 17076
200.118.64.109 - - [28/Sep/2022:12:03:36 -0500] "POST /forms/lservlet;jsessionid=ac16012b30d6cea60823f9d74625980f953eace16ced.e3iSbxaKaheRe3ePbN4LaNqMai1ynknvrkLOlQzNp65In0 HTTP/1.1" 200 15
201.245.192.253 - - [28/Sep/2022:12:03:38 -0500] "POST /sipse/faces/presentacion/financiero/solicitudAnulacion/solicitudAnulacion.xhtml HTTP/1.1" 200 36077
201.245.192.253 - - [28/Sep/2022:12:03:38 -0500] "GET /sipse/faces/javax.faces.resource/layout/layout.css?ln=primefaces&v=4.0 HTTP/1.1" 304 -
201.245.192.253 - - [28/Sep/2022:12:03:38 -0500] "GET /sipse/faces/javax.faces.resource/theme.css?ln=primefaces-sipse HTTP/1.1" 304 -
201.245.192.253 - - [28/Sep/2022:12:03:38 -0500] "GET /sipse/faces/javax.faces.resource/primefaces.css?ln=primefaces&v=4.0 HTTP/1.1" 304 -
201.245.192.253 - - [28/Sep/2022:12:03:38 -0500] "GET /sipse/faces/javax.faces.resource/fileupload/fileupload.css?ln=primefaces&v=4.0 HTTP/1.1" 304 -
201.245.192.253 - - [28/Sep/2022:12:03:38 -0500] "GET /sipse/faces/javax.faces.resource/jquery/jquery.js?ln=primefaces&v=4.0 HTTP/1.1" 304 -
201.245.192.253 - - [28/Sep/2022:12:03:38 -0500] "GET /sipse/faces/javax.faces.resource/jquery/jquery-plugins.js?ln=primefaces&v=4.0 HTTP/1.1" 304 -
201.245.192.253 - - [28/Sep/2022:12:03:38 -0500] "GET /sipse/faces/javax.faces.resource/primefaces.js?ln=primefaces&v=4.0 HTTP/1.1" 304 -
201.245.192.253 - - [28/Sep/2022:12:03:38 -0500] "GET /sipse/faces/javax.faces.resource/layout/layout.js?ln=primefaces&v=4.0 HTTP/1.1" 304 -
201.245.192.253 - - [28/Sep/2022:12:03:37 -0500] "POST /sipse/faces/presentacion/financiero/contrato/consultarContratosSolicitudProceso.xhtml HTTP/1.1" 200 64371
201.245.192.253 - - [28/Sep/2022:12:03:38 -0500] "GET /sipse/faces/javax.faces.resource/fileupload/fileupload.js?ln=primefaces&v=4.0 HTTP/1.1" 304 -
201.245.192.253 - - [28/Sep/2022:12:03:38 -0500] "GET /sipse/faces/javax.faces.resource/jquery/jquery.js?ln=primefaces&v=4.0 HTTP/1.1" 304 -
201.245.192.253 - - [28/Sep/2022:12:03:38 -0500] "GET /sipse/faces/javax.faces.resource/jquery/jquery-plugins.js?ln=primefaces&v=4.0 HTTP/1.1" 304 -
201.245.192.253 - - [28/Sep/2022:12:03:38 -0500] "GET /sipse/faces/javax.faces.resource/primefaces.js?ln=primefaces&v=4.0 HTTP/1.1" 304 -
201.245.192.253 - - [28/Sep/2022:12:03:38 -0500] "GET /sipse/faces/javax.faces.resource/layout/layout.js?ln=primefaces&v=4.0 HTTP/1.1" 304 -
201.245.192.253 - - [28/Sep/2022:12:03:40 -0500] "POST /sipse/faces/presentacion/financiero/solicitudAnulacion/registrarSolicitudAnulacion.xhtml HTTP/1.1" 200 19431
201.245.192.253 - - [28/Sep/2022:12:03:38 -0500] "POST /kwsrmcab/Wsrmcab  HTTP/1.1" 200 43876
201.245.192.253 - - [28/Sep/2022:12:03:43 -0500] "POST /sipse/faces/presentacion/financiero/solicitudAnulacion/registrarSolicitudAnulacion.xhtml HTTP/1.1" 200 19449
64.124.8.38 - - [28/Sep/2022:12:03:41 -0500] "GET /portaldeninos/aire/ HTTP/1.1" 200 88215
200.118.64.109 - - [28/Sep/2022:12:03:45 -0500] "POST /forms/lservlet;jsessionid=ac16012b30d6cea60823f9d74625980f953eace16ced.e3iSbxaKaheRe3ePbN4LaNqMai1ynknvrkLOlQzNp65In0 HTTP/1.1" 200 15
201.245.192.253 - - [28/Sep/2022:12:03:49 -0500] "POST /sipse/faces/presentacion/financiero/solicitudProceso/crearModificarSolicitudProceso.xhtml HTTP/1.1" 200 21128
201.245.192.253 - - [28/Sep/2022:12:03:49 -0500] "GET /sipse/faces/javax.faces.resource/theme.css?ln=primefaces-sipse HTTP/1.1" 304 -
201.245.192.253 - - [28/Sep/2022:12:03:49 -0500] "GET /sipse/faces/javax.faces.resource/primefaces.css?ln=primefaces&v=4.0 HTTP/1.1" 304 -
201.245.192.253 - - [28/Sep/2022:12:03:49 -0500] "GET /sipse/faces/javax.faces.resource/jquery/jquery.js?ln=primefaces&v=4.0 HTTP/1.1" 304 -
201.245.192.253 - - [28/Sep/2022:12:03:49 -0500] "GET /sipse/faces/javax.faces.resource/layout/layout.css?ln=primefaces&v=4.0 HTTP/1.1" 304 -
201.245.192.253 - - [28/Sep/2022:12:03:49 -0500] "GET /sipse/faces/javax.faces.resource/jquery/jquery-plugins.js?ln=primefaces&v=4.0 HTTP/1.1" 304 -
201.245.192.253 - - [28/Sep/2022:12:03:49 -0500] "GET /sipse/faces/javax.faces.resource/primefaces.js?ln=primefaces&v=4.0 HTTP/1.1" 304 -
201.245.192.253 - - [28/Sep/2022:12:03:49 -0500] "GET /sipse/faces/javax.faces.resource/fileupload/fileupload.css?ln=primefaces&v=4.0 HTTP/1.1" 304 -
201.245.192.253 - - [28/Sep/2022:12:03:49 -0500] "GET /sipse/faces/javax.faces.resource/layout/layout.js?ln=primefaces&v=4.0 HTTP/1.1" 304 -
201.245.192.253 - - [28/Sep/2022:12:03:49 -0500] "GET /sipse/faces/javax.faces.resource/fileupload/fileupload.js?ln=primefaces&v=4.0 HTTP/1.1" 304 -
201.245.192.253 - - [28/Sep/2022:12:03:49 -0500] "GET /sipse/faces/javax.faces.resource/images/ui-icons_898989_256x240.png?ln=primefaces-aristo HTTP/1.1" 304 -
200.118.64.109 - - [28/Sep/2022:12:03:54 -0500] "POST /forms/lservlet;jsessionid=ac16012b30d6cea60823f9d74625980f953eace16ced.e3iSbxaKaheRe3ePbN4LaNqMai1ynknvrkLOlQzNp65In0 HTTP/1.1" 200 15
201.245.192.253 - - [28/Sep/2022:12:03:58 -0500] "POST /sipse/faces/presentacion/sistema/anexos/cargarAnexoSolicitudProceso.xhtml HTTP/1.1" 200 70252
201.245.192.253 - - [28/Sep/2022:12:03:58 -0500] "GET /sipse/faces/javax.faces.resource/theme.css?ln=primefaces-sipse HTTP/1.1" 304 -
201.245.192.253 - - [28/Sep/2022:12:03:58 -0500] "GET /sipse/faces/javax.faces.resource/primefaces.css?ln=primefaces&v=4.0 HTTP/1.1" 304 -
201.245.192.253 - - [28/Sep/2022:12:03:58 -0500] "GET /sipse/faces/javax.faces.resource/layout/layout.css?ln=primefaces&v=4.0 HTTP/1.1" 304 -
201.245.192.253 - - [28/Sep/2022:12:03:58 -0500] "GET /sipse/faces/javax.faces.resource/layout/layout.js?ln=primefaces&v=4.0 HTTP/1.1" 304 -
201.245.192.253 - - [28/Sep/2022:12:03:58 -0500] "GET /sipse/faces/javax.faces.resource/jquery/jquery-plugins.js?ln=primefaces&v=4.0 HTTP/1.1" 304 -
201.245.192.253 - - [28/Sep/2022:12:03:58 -0500] "GET /sipse/faces/javax.faces.resource/jquery/jquery.js?ln=primefaces&v=4.0 HTTP/1.1" 304 -
201.245.192.253 - - [28/Sep/2022:12:03:58 -0500] "GET /sipse/faces/javax.faces.resource/primefaces.js?ln=primefaces&v=4.0 HTTP/1.1" 304 -
201.245.192.253 - - [28/Sep/2022:12:03:58 -0500] "GET /sipse/faces/javax.faces.resource/images/ui-icons_898989_256x240.png?ln=primefaces-aristo HTTP/1.1" 304 -
181.235.120.247 - - [28/Sep/2022:12:04:02 -0500] "POST /sipse/faces/presentacion/financiero/solicitudProceso/listarSolicitudProceso.xhtml HTTP/1.1" 200 14070
200.118.64.109 - - [28/Sep/2022:12:04:03 -0500] "POST /forms/lservlet;jsessionid=ac16012b30d6cea60823f9d74625980f953eace16ced.e3iSbxaKaheRe3ePbN4LaNqMai1ynknvrkLOlQzNp65In0 HTTP/1.1" 200 15
181.235.120.247 - - [28/Sep/2022:12:04:07 -0500] "POST /sipse/faces/presentacion/financiero/solicitudProceso/listarSolicitudProceso.xhtml HTTP/1.1" 200 41610
201.245.192.253 - - [28/Sep/2022:12:04:08 -0500] "POST /sipse/faces/presentacion/financiero/solicitudAnulacion/registrarSolicitudAnulacion.xhtml HTTP/1.1" 200 3877
200.118.64.109 - - [28/Sep/2022:12:04:13 -0500] "POST /forms/lservlet;jsessionid=ac16012b30d6cea60823f9d74625980f953eace16ced.e3iSbxaKaheRe3ePbN4LaNqMai1ynknvrkLOlQzNp65In0 HTTP/1.1" 200 15
181.235.120.247 - - [28/Sep/2022:12:04:14 -0500] "POST /sipse/faces/presentacion/financiero/solicitudProceso/listarSolicitudProceso.xhtml HTTP/1.1" 200 14060
200.118.64.109 - - [28/Sep/2022:12:04:22 -0500] "POST /forms/lservlet;jsessionid=ac16012b30d6cea60823f9d74625980f953eace16ced.e3iSbxaKaheRe3ePbN4LaNqMai1ynknvrkLOlQzNp65In0 HTTP/1.1" 200 15
207.46.13.84 - - [28/Sep/2022:12:04:25 -0500] "GET /BLA/resoluciones/RESOLUCIONES%202006/RES%202006%20351-400/00000360.tif HTTP/1.1" 200 223930
200.118.64.109 - - [28/Sep/2022:12:04:31 -0500] "POST /forms/lservlet;jsessionid=ac16012b30d6cea60823f9d74625980f953eace16ced.e3iSbxaKaheRe3ePbN4LaNqMai1ynknvrkLOlQzNp65In0 HTTP/1.1" 200 15
201.245.192.253 - - [28/Sep/2022:12:04:34 -0500] "POST /sipse/faces/presentacion/financiero/solicitudProceso/consultarSolicitudProceso.xhtml HTTP/1.1" 200 5463
172.22.2.4 - - [28/Sep/2022:12:04:36 -0500] "GET /BLA/boletinlegal/jurisprudencia/analisis/analisis%20C-595-2010.doc HTTP/1.1" 200 39424
201.245.192.253 - - [28/Sep/2022:12:04:38 -0500] "POST /sipse/faces/presentacion/financiero/solicitudAnulacion/registrarSolicitudAnulacion.xhtml HTTP/1.1" 200 3916
200.118.64.109 - - [28/Sep/2022:12:04:40 -0500] "POST /forms/lservlet;jsessionid=ac16012b30d6cea60823f9d74625980f953eace16ced.e3iSbxaKaheRe3ePbN4LaNqMai1ynknvrkLOlQzNp65In0 HTTP/1.1" 200 15
201.245.192.253 - - [28/Sep/2022:12:04:41 -0500] "POST /sipse/faces/presentacion/financiero/solicitudProceso/consultarSolicitudProceso.xhtml HTTP/1.1" 200 46504
201.245.192.253 - - [28/Sep/2022:12:04:41 -0500] "GET /sipse/faces/javax.faces.resource/jquery/jquery.js?ln=primefaces&v=4.0 HTTP/1.1" 304 -
201.245.192.253 - - [28/Sep/2022:12:04:41 -0500] "GET /sipse/faces/javax.faces.resource/jquery/jquery-plugins.js?ln=primefaces&v=4.0 HTTP/1.1" 304 -
201.245.192.253 - - [28/Sep/2022:12:04:41 -0500] "GET /sipse/faces/javax.faces.resource/primefaces.js?ln=primefaces&v=4.0 HTTP/1.1" 304 -
201.245.192.253 - - [28/Sep/2022:12:04:41 -0500] "GET /sipse/faces/javax.faces.resource/layout/layout.js?ln=primefaces&v=4.0 HTTP/1.1" 304 -
201.245.192.253 - - [28/Sep/2022:12:04:41 -0500] "POST /sipse/faces/presentacion/financiero/solicitudProceso/consultar.xhtml HTTP/1.1" 200 39913
201.245.192.253 - - [28/Sep/2022:12:04:41 -0500] "POST /sipse/faces/presentacion/financiero/solicitudProceso/consultar.xhtml HTTP/1.1" 200 39913
201.245.192.253 - - [28/Sep/2022:12:04:41 -0500] "POST /sipse/faces/presentacion/financiero/solicitudProceso/consultar.xhtml HTTP/1.1" 200 39913
200.118.64.109 - - [28/Sep/2022:12:04:49 -0500] "POST /forms/lservlet;jsessionid=ac16012b30d6cea60823f9d74625980f953eace16ced.e3iSbxaKaheRe3ePbN4LaNqMai1ynknvrkLOlQzNp65In0 HTTP/1.1" 200 15
201.245.192.253 - - [28/Sep/2022:12:04:51 -0500] "POST /sipse/faces/presentacion/financiero/solicitudAnulacion/registrarSolicitudAnulacion.xhtml HTTP/1.1" 200 3918
181.235.120.247 - - [28/Sep/2022:12:04:55 -0500] "POST /sipse/faces/presentacion/financiero/solicitudProceso/listarSolicitudProceso.xhtml HTTP/1.1" 200 112229
181.235.120.247 - - [28/Sep/2022:12:04:56 -0500] "GET /sipse/faces/javax.faces.resource/theme.css?ln=primefaces-sipse HTTP/1.1" 304 -
181.235.120.247 - - [28/Sep/2022:12:04:56 -0500] "GET /sipse/faces/javax.faces.resource/primefaces.css?ln=primefaces&v=4.0 HTTP/1.1" 304 -
181.235.120.247 - - [28/Sep/2022:12:04:56 -0500] "GET /sipse/faces/javax.faces.resource/layout/layout.css?ln=primefaces&v=4.0 HTTP/1.1" 304 -
181.235.120.247 - - [28/Sep/2022:12:04:56 -0500] "GET /sipse/faces/javax.faces.resource/jquery/jquery.js?ln=primefaces&v=4.0 HTTP/1.1" 304 -
181.235.120.247 - - [28/Sep/2022:12:04:56 -0500] "GET /sipse/faces/javax.faces.resource/jquery/jquery-plugins.js?ln=primefaces&v=4.0 HTTP/1.1" 304 -
181.235.120.247 - - [28/Sep/2022:12:04:56 -0500] "GET /sipse/faces/javax.faces.resource/primefaces.js?ln=primefaces&v=4.0 HTTP/1.1" 304 -
181.235.120.247 - - [28/Sep/2022:12:04:56 -0500] "GET /sipse/faces/javax.faces.resource/layout/layout.js?ln=primefaces&v=4.0 HTTP/1.1" 304 -
200.118.64.109 - - [28/Sep/2022:12:04:58 -0500] "POST /forms/lservlet;jsessionid=ac16012b30d6cea60823f9d74625980f953eace16ced.e3iSbxaKaheRe3ePbN4LaNqMai1ynknvrkLOlQzNp65In0 HTTP/1.1" 200 15
64.124.8.38 - - [28/Sep/2022:12:04:57 -0500] "GET /portaldeninos/parque-mirador-de-los-nevados/ HTTP/1.1" 200 89855
200.118.64.109 - - [28/Sep/2022:12:05:07 -0500] "POST /forms/lservlet;jsessionid=ac16012b30d6cea60823f9d74625980f953eace16ced.e3iSbxaKaheRe3ePbN4LaNqMai1ynknvrkLOlQzNp65In0 HTTP/1.1" 200 15
200.118.64.109 - - [28/Sep/2022:12:05:16 -0500] "POST /forms/lservlet;jsessionid=ac16012b30d6cea60823f9d74625980f953eace16ced.e3iSbxaKaheRe3ePbN4LaNqMai1ynknvrkLOlQzNp65In0 HTTP/1.1" 200 15
200.118.64.109 - - [28/Sep/2022:12:05:25 -0500] "POST /forms/lservlet;jsessionid=ac16012b30d6cea60823f9d74625980f953eace16ced.e3iSbxaKaheRe3ePbN4LaNqMai1ynknvrkLOlQzNp65In0 HTTP/1.1" 200 15
201.245.192.253 - - [28/Sep/2022:12:05:33 -0500] "POST /sipse/faces/presentacion/financiero/solicitudProceso/consultarSolicitudProceso.xhtml HTTP/1.1" 200 5481
201.245.192.253 - - [28/Sep/2022:12:05:33 -0500] "GET /sipse/faces/javax.faces.resource/dynamiccontent.properties?ln=primefaces&pfdrid=XjOR5%2F%2FfPAZAuY9TpWQeCiM0BhlXxYRBGKi%2FQcXXfeA%3D&pfdrid_c=false HTTP/1.1" 200 165334
200.118.64.109 - - [28/Sep/2022:12:05:34 -0500] "POST /forms/lservlet;jsessionid=ac16012b30d6cea60823f9d74625980f953eace16ced.e3iSbxaKaheRe3ePbN4LaNqMai1ynknvrkLOlQzNp65In0 HTTP/1.1" 200 15
172.22.2.4 - - [28/Sep/2022:12:05:35 -0500] "GET /BLA/boletinlegal/consulta_actos.php?tipo=resoluciones&no=&usuario=&sector=&fecha=2007&resuelve= HTTP/1.1" 200 39029
201.245.192.253 - - [28/Sep/2022:12:05:39 -0500] "POST /sipse/faces/presentacion/financiero/solicitudAnulacion/registrarSolicitudAnulacion.xhtml HTTP/1.1" 200 4005
200.118.64.109 - - [28/Sep/2022:12:05:43 -0500] "POST /forms/lservlet;jsessionid=ac16012b30d6cea60823f9d74625980f953eace16ced.e3iSbxaKaheRe3ePbN4LaNqMai1ynknvrkLOlQzNp65In0 HTTP/1.1" 200 15
201.245.192.253 - - [28/Sep/2022:12:05:45 -0500] "GET /BLA/resoluciones/ HTTP/1.1" 200 13093
201.245.192.253 - - [28/Sep/2022:12:05:45 -0500] "GET /BLA/resoluciones/dlf/folder.png HTTP/1.1" 200 410
201.245.192.253 - - [28/Sep/2022:12:05:45 -0500] "GET /BLA/resoluciones/dlf/styles.css HTTP/1.1" 200 3049
201.245.192.253 - - [28/Sep/2022:12:05:45 -0500] "GET /BLA/resoluciones/dlf/bg.gif HTTP/1.1" 200 54
201.245.192.253 - - [28/Sep/2022:12:05:48 -0500] "GET /BLA/resoluciones/dlf/dirup.png HTTP/1.1" 200 644
201.245.192.253 - - [28/Sep/2022:12:05:48 -0500] "GET /BLA/resoluciones/dlf/pdf.gif HTTP/1.1" 200 272
201.245.192.253 - - [28/Sep/2022:12:05:48 -0500] "GET /BLA/resoluciones/index.php?dir=RESOLUCIONES+2007%2F HTTP/1.1" 200 35450
200.118.64.109 - - [28/Sep/2022:12:05:52 -0500] "POST /forms/lservlet;jsessionid=ac16012b30d6cea60823f9d74625980f953eace16ced.e3iSbxaKaheRe3ePbN4LaNqMai1ynknvrkLOlQzNp65In0 HTTP/1.1" 200 15
201.245.192.253 - - [28/Sep/2022:12:05:56 -0500] "GET /sipse/faces/javax.faces.resource/primefaces.css?ln=primefaces&v=4.0 HTTP/1.1" 304 -
201.245.192.253 - - [28/Sep/2022:12:05:56 -0500] "GET /sipse/faces/javax.faces.resource/theme.css?ln=primefaces-sipse HTTP/1.1" 304 -
201.245.192.253 - - [28/Sep/2022:12:05:56 -0500] "GET /sipse/faces/javax.faces.resource/layout/layout.css?ln=primefaces&v=4.0 HTTP/1.1" 304 -
201.245.192.253 - - [28/Sep/2022:12:05:56 -0500] "GET /sipse/faces/javax.faces.resource/jquery/jquery.js?ln=primefaces&v=4.0 HTTP/1.1" 304 -
201.245.192.253 - - [28/Sep/2022:12:05:56 -0500] "GET /sipse/faces/javax.faces.resource/jquery/jquery-plugins.js?ln=primefaces&v=4.0 HTTP/1.1" 304 -
201.245.192.253 - - [28/Sep/2022:12:05:56 -0500] "GET /sipse/faces/javax.faces.resource/primefaces.js?ln=primefaces&v=4.0 HTTP/1.1" 304 -
201.245.192.253 - - [28/Sep/2022:12:05:56 -0500] "GET /sipse/faces/javax.faces.resource/layout/layout.js?ln=primefaces&v=4.0 HTTP/1.1" 304 -
201.245.192.253 - - [28/Sep/2022:12:05:56 -0500] "POST /sipse/faces/presentacion/financiero/solicitudProceso/consultarSolicitudProceso.xhtml HTTP/1.1" 200 31901
201.245.192.253 - - [28/Sep/2022:12:05:56 -0500] "GET /sipse/faces/javax.faces.resource/images/ui-icons_898989_256x240.png?ln=primefaces-aristo HTTP/1.1" 304 -
200.118.64.109 - - [28/Sep/2022:12:06:01 -0500] "POST /forms/lservlet;jsessionid=ac16012b30d6cea60823f9d74625980f953eace16ced.e3iSbxaKaheRe3ePbN4LaNqMai1ynknvrkLOlQzNp65In0 HTTP/1.1" 200 15
201.245.192.253 - - [28/Sep/2022:12:06:04 -0500] "GET /sipse/faces/javax.faces.resource/images/ui-bg_flat_0_2d5972_40x100.png?ln=primefaces-aristo HTTP/1.1" 304 -
201.245.192.253 - - [28/Sep/2022:12:06:04 -0500] "POST /sipse/faces/presentacion/financiero/solicitudProceso/registrarAnotacion.xhtml HTTP/1.1" 200 116600
201.245.192.253 - - [28/Sep/2022:12:06:05 -0500] "GET /sipse/faces/javax.faces.resource/jquery/jquery.js?ln=primefaces&v=4.0 HTTP/1.1" 304 -
201.245.192.253 - - [28/Sep/2022:12:06:05 -0500] "GET /sipse/faces/javax.faces.resource/jquery/jquery-plugins.js?ln=primefaces&v=4.0 HTTP/1.1" 304 -
201.245.192.253 - - [28/Sep/2022:12:06:05 -0500] "GET /sipse/faces/javax.faces.resource/primefaces.js?ln=primefaces&v=4.0 HTTP/1.1" 304 -
201.245.192.253 - - [28/Sep/2022:12:06:05 -0500] "GET /sipse/faces/javax.faces.resource/layout/layout.js?ln=primefaces&v=4.0 HTTP/1.1" 304 -
201.245.192.253 - - [28/Sep/2022:12:06:05 -0500] "GET /sipse/faces/javax.faces.resource/dynamiccontent.properties?ln=primefaces&pfdrid=XjOR5%2F%2FfPAZAuY9TpWQeCiM0BhlXxYRBGKi%2FQcXXfeA%3D&pfdrid_c=false HTTP/1.1" 500 383
64.124.8.38 - - [28/Sep/2022:12:06:06 -0500] "GET /portaldeninos/aulas-ambientales/aula-ambiental-sorotama/ HTTP/1.1" 200 89596
200.118.64.109 - - [28/Sep/2022:12:06:10 -0500] "POST /forms/lservlet;jsessionid=ac16012b30d6cea60823f9d74625980f953eace16ced.e3iSbxaKaheRe3ePbN4LaNqMai1ynknvrkLOlQzNp65In0 HTTP/1.1" 200 15
201.245.192.253 - - [28/Sep/2022:12:06:09 -0500] "POST /sipse/faces/presentacion/financiero/solicitudProceso/consultarSolicitudProceso.xhtml HTTP/1.1" 200 70748
201.245.192.253 - - [28/Sep/2022:12:06:12 -0500] "GET /sipse/faces/javax.faces.resource/jquery/jquery.js?ln=primefaces&v=4.0 HTTP/1.1" 304 -
201.245.192.253 - - [28/Sep/2022:12:06:12 -0500] "GET /sipse/faces/javax.faces.resource/jquery/jquery-plugins.js?ln=primefaces&v=4.0 HTTP/1.1" 304 -
201.245.192.253 - - [28/Sep/2022:12:06:12 -0500] "GET /sipse/faces/javax.faces.resource/primefaces.js?ln=primefaces&v=4.0 HTTP/1.1" 304 -
201.245.192.253 - - [28/Sep/2022:12:06:12 -0500] "GET /sipse/faces/javax.faces.resource/layout/layout.js?ln=primefaces&v=4.0 HTTP/1.1" 304 -
201.245.192.253 - - [28/Sep/2022:12:06:12 -0500] "GET /sipse/faces/javax.faces.resource/messages/messages.png?ln=primefaces&v=4.0 HTTP/1.1" 304 -
201.245.192.253 - - [28/Sep/2022:12:06:12 -0500] "POST /sipse/faces/presentacion/financiero/solicitudProceso/listarSolicitudProceso.xhtml HTTP/1.1" 200 1544
172.22.2.4 - - [28/Sep/2022:12:06:16 -0500] "GET /BLA/boletinlegal/style.css HTTP/1.1" 200 9406
172.22.2.4 - - [28/Sep/2022:12:06:16 -0500] "GET /BLA/boletinlegal/styles2.css HTTP/1.1" 200 1838
172.22.2.4 - - [28/Sep/2022:12:06:16 -0500] "GET /BLA/boletinlegal/js/jquery.js HTTP/1.1" 200 57254
201.245.192.253 - - [28/Sep/2022:12:06:20 -0500] "GET /sipse/faces/javax.faces.resource/images/ui-bg_flat_0_2d5972_40x100.png?ln=primefaces-aristo HTTP/1.1" 304 -
200.118.64.109 - - [28/Sep/2022:12:06:19 -0500] "POST /forms/lservlet;jsessionid=ac16012b30d6cea60823f9d74625980f953eace16ced.e3iSbxaKaheRe3ePbN4LaNqMai1ynknvrkLOlQzNp65In0 HTTP/1.1" 200 15
201.245.192.253 - - [28/Sep/2022:12:06:22 -0500] "POST /sipse/faces/presentacion/financiero/solicitudProceso/listarSolicitudProceso.xhtml HTTP/1.1" 200 31387
201.245.192.253 - - [28/Sep/2022:12:06:20 -0500] "POST /sipse/faces/presentacion/financiero/solicitudProceso/crearModificarSolicitudProceso.xhtml HTTP/1.1" 200 65132
201.245.192.253 - - [28/Sep/2022:12:06:22 -0500] "GET /sipse/faces/javax.faces.resource/jquery/jquery.js?ln=primefaces&v=4.0 HTTP/1.1" 304 -
201.245.192.253 - - [28/Sep/2022:12:06:22 -0500] "GET /sipse/faces/javax.faces.resource/jquery/jquery-plugins.js?ln=primefaces&v=4.0 HTTP/1.1" 304 -
201.245.192.253 - - [28/Sep/2022:12:06:22 -0500] "GET /sipse/faces/javax.faces.resource/primefaces.js?ln=primefaces&v=4.0 HTTP/1.1" 304 -
201.245.192.253 - - [28/Sep/2022:12:06:22 -0500] "GET /sipse/faces/javax.faces.resource/layout/layout.js?ln=primefaces&v=4.0 HTTP/1.1" 304 -
201.245.192.253 - - [28/Sep/2022:12:06:22 -0500] "GET /sipse/faces/javax.faces.resource/messages/messages.png?ln=primefaces&v=4.0 HTTP/1.1" 304 -
201.245.192.253 - - [28/Sep/2022:12:06:22 -0500] "POST /sipse/faces/presentacion/financiero/solicitudProceso/listarSolicitudProceso.xhtml HTTP/1.1" 200 1544
201.245.192.253 - - [28/Sep/2022:12:06:25 -0500] "POST /sipse/faces/presentacion/financiero/solicitudProceso/listarSolicitudProceso.xhtml HTTP/1.1" 200 33838
200.118.64.109 - - [28/Sep/2022:12:06:28 -0500] "POST /forms/lservlet;jsessionid=ac16012b30d6cea60823f9d74625980f953eace16ced.e3iSbxaKaheRe3ePbN4LaNqMai1ynknvrkLOlQzNp65In0 HTTP/1.1" 200 15
172.22.2.4 - - [28/Sep/2022:12:04:51 -0500] "HEAD /BLA/boletinlegal/ HTTP/1.1" 200 -
200.118.64.109 - - [28/Sep/2022:12:06:37 -0500] "POST /forms/lservlet;jsessionid=ac16012b30d6cea60823f9d74625980f953eace16ced.e3iSbxaKaheRe3ePbN4LaNqMai1ynknvrkLOlQzNp65In0 HTTP/1.1" 200 15
186.31.171.246 - - [28/Sep/2022:12:06:46 -0500] "POST /sipsesda/faces/vista/administracion/funcionario/registrarFuncionario.jspx?_afPfm=1 HTTP/1.1" 200 38704
200.118.64.109 - - [28/Sep/2022:12:06:47 -0500] "POST /forms/lservlet;jsessionid=ac16012b30d6cea60823f9d74625980f953eace16ced.e3iSbxaKaheRe3ePbN4LaNqMai1ynknvrkLOlQzNp65In0 HTTP/1.1" 200 15
201.245.192.253 - - [28/Sep/2022:12:06:50 -0500] "POST /sipse/faces/presentacion/financiero/solicitudProceso/listarSolicitudProceso.xhtml HTTP/1.1" 200 126035
201.245.192.253 - - [28/Sep/2022:12:06:51 -0500] "GET /sipse/faces/javax.faces.resource/jquery/jquery.js?ln=primefaces&v=4.0 HTTP/1.1" 304 -
201.245.192.253 - - [28/Sep/2022:12:06:51 -0500] "GET /sipse/faces/javax.faces.resource/jquery/jquery-plugins.js?ln=primefaces&v=4.0 HTTP/1.1" 304 -
201.245.192.253 - - [28/Sep/2022:12:06:51 -0500] "GET /sipse/faces/javax.faces.resource/primefaces.js?ln=primefaces&v=4.0 HTTP/1.1" 304 -
201.245.192.253 - - [28/Sep/2022:12:06:51 -0500] "GET /sipse/faces/javax.faces.resource/layout/layout.js?ln=primefaces&v=4.0 HTTP/1.1" 304 -
201.245.192.253 - - [28/Sep/2022:12:06:51 -0500] "GET /sipse/faces/javax.faces.resource/dynamiccontent.properties?ln=primefaces&pfdrid=XjOR5%2F%2FfPAZAuY9TpWQeCiM0BhlXxYRBGKi%2FQcXXfeA%3D&pfdrid_c=false HTTP/1.1" 500 383
200.118.64.109 - - [28/Sep/2022:12:06:56 -0500] "POST /forms/lservlet;jsessionid=ac16012b30d6cea60823f9d74625980f953eace16ced.e3iSbxaKaheRe3ePbN4LaNqMai1ynknvrkLOlQzNp65In0 HTTP/1.1" 200 15
186.84.90.53 - - [28/Sep/2022:12:06:59 -0500] "GET /galeria/galeria/jquery.fancybox.css?v=2.1.5 HTTP/1.1" 200 4895
186.84.90.53 - - [28/Sep/2022:12:06:59 -0500] "GET /BLA/boletinlegal/js/jquery.scrollShow.js HTTP/1.1" 200 4586
186.84.90.53 - - [28/Sep/2022:12:06:59 -0500] "GET /galeria/galeria/jquery.fancybox.js?v=2.1.5 HTTP/1.1" 200 48706
200.118.64.109 - - [28/Sep/2022:12:07:05 -0500] "POST /forms/lservlet;jsessionid=ac16012b30d6cea60823f9d74625980f953eace16ced.e3iSbxaKaheRe3ePbN4LaNqMai1ynknvrkLOlQzNp65In0 HTTP/1.1" 200 15
201.244.247.65 - - [28/Sep/2022:12:07:08 -0500] "GET /BLA/resoluciones/AUTOS%202013/1494.pdf HTTP/1.1" 200 647632
200.118.64.109 - - [28/Sep/2022:12:07:14 -0500] "POST /forms/lservlet;jsessionid=ac16012b30d6cea60823f9d74625980f953eace16ced.e3iSbxaKaheRe3ePbN4LaNqMai1ynknvrkLOlQzNp65In0 HTTP/1.1" 200 15
201.245.192.253 - - [28/Sep/2022:12:07:15 -0500] "GET /BLA/resoluciones/index.php?dir=RESOLUCIONES+2007%2FRES+2007+1301+AL+1400%2F HTTP/1.1" 200 26817
201.245.192.253 - - [28/Sep/2022:12:07:17 -0500] "GET /BLA/resoluciones/RESOLUCIONES%202007/RES%202007%201301%20AL%201400/RESOLUCION%201333%20DE%202007.pdf HTTP/1.1" 200 57642
201.244.247.65 - - [28/Sep/2022:12:07:19 -0500] "GET /BLA/resoluciones/AUTOS%202013/1494.pdf HTTP/1.1" 206 1
201.244.247.65 - - [28/Sep/2022:12:07:20 -0500] "GET /BLA/resoluciones/AUTOS%202013/1494.pdf HTTP/1.1" 206 312
172.22.2.4 - - [28/Sep/2022:12:05:42 -0500] "GET /BLA/boletinlegal/ HTTP/1.1" 200 58163
216.245.221.92 - - [28/Sep/2022:12:07:23 -0500] "HEAD / HTTP/1.1" 200 -
200.118.64.109 - - [28/Sep/2022:12:07:23 -0500] "POST /forms/lservlet;jsessionid=ac16012b30d6cea60823f9d74625980f953eace16ced.e3iSbxaKaheRe3ePbN4LaNqMai1ynknvrkLOlQzNp65In0 HTTP/1.1" 200 15
200.118.64.109 - - [28/Sep/2022:12:07:32 -0500] "POST /forms/lservlet;jsessionid=ac16012b30d6cea60823f9d74625980f953eace16ced.e3iSbxaKaheRe3ePbN4LaNqMai1ynknvrkLOlQzNp65In0 HTTP/1.1" 200 15
200.118.64.109 - - [28/Sep/2022:12:07:41 -0500] "POST /forms/lservlet;jsessionid=ac16012b30d6cea60823f9d74625980f953eace16ced.e3iSbxaKaheRe3ePbN4LaNqMai1ynknvrkLOlQzNp65In0 HTTP/1.1" 200 15
201.245.192.253 - - [28/Sep/2022:12:07:49 -0500] "POST /sipse/faces/presentacion/financiero/solicitudProceso/consultarSolicitudProceso.xhtml HTTP/1.1" 200 101387
200.118.64.109 - - [28/Sep/2022:12:07:50 -0500] "POST /forms/lservlet;jsessionid=ac16012b30d6cea60823f9d74625980f953eace16ced.e3iSbxaKaheRe3ePbN4LaNqMai1ynknvrkLOlQzNp65In0 HTTP/1.1" 200 15
200.118.64.109 - - [28/Sep/2022:12:07:59 -0500] "POST /forms/lservlet;jsessionid=ac16012b30d6cea60823f9d74625980f953eace16ced.e3iSbxaKaheRe3ePbN4LaNqMai1ynknvrkLOlQzNp65In0 HTTP/1.1" 200 15
186.102.65.190 - - [28/Sep/2022:12:08:04 -0500] "GET /kwssiamovil/sm/acme/a?s=U2FsdGVkX19kNgUbDeGiehnrveMI26zmTBoGH2tqSu+/KInyFssAYXR06twYwOUDWSuJ5MwYXBxjCDKlyoWCjZHiRHEeKSY2XagnUtOdcAXoFzbz5YZfsx37yJAic9dE5SnquSVXEdghDo1UDMwROwu/g2m8HRJd2YDkKAEhzUyibHSuJbRy0hzDFy6FUkCHkjyfm7NVjJyFhbtiwnnBp5N7nbcVqnkSScRL2D/zpG4RDC1zlnlCpcOcpG+X0o9C2y6rInPD73yg781i/EfiZg==&u=U2FsdGVkX18gSAJIOVkPskuZGaWKQdcGP2bH5eOizqwuBXsQ+6n+3SlHOXNocVCp&y=U2FsdGVkX1/pSFy4X6hFOEk/89aLpEJ9X/AW3oKjXmvxM6iQMZ0xWlaDlKIAKGWZ HTTP/1.1" 200 25
201.245.192.253 - - [28/Sep/2022:12:08:04 -0500] "POST /sipse/faces/presentacion/financiero/solicitudProceso/consultarSolicitudProceso.xhtml HTTP/1.1" 200 293074
186.102.65.190 - - [28/Sep/2022:12:08:05 -0500] "GET /kwssiamovil/sm/acme/a?s=U2FsdGVkX1+jAgq8yz/LBpMY5mN7Br76crWINpM5yRDPt0NGthuINH8hcmq1UpiDtyFWjY43+7HojtDf6QHQSbqaImFN7BS79qOW4eijc2jRooOYPiUlQStBANROBHl7+xHwCGHKrhutIoeXB4sLUDhpt9W4GvMfL5LuQg170wtl3jPoxOUkSBvH56stgi+iDzurmke2465/rSpvH80ZGFGG0JN/s4JXcvgabLAdIyOZvYCF5jsXho9061NQciiGNN1Xn6Ra3wZs3VupdWPonIViwGwxBu5IHhJmVq/+gVyMTF/XvIbOgNupNTNwf6rri4U2L8HMiGoTyf9ZygCK4k8n1VwjsocI0tQVlwEJz2csCGUCDmoz02L5KIVycavsPmcR1j7cIu0tZdGxkAB16hQwR1XmiGmZHV3mMHP5QFZQxN3TErKYfmSk1CbgdF8ppeV5fpcoBihfBcI1jXJTbH4FouFxoNQk21yW8CwiBu1CRZBe5mnfeBjlRl536NmRpuCU7mCpNsoACRe/fTzwcVxLcvlOCPykYsI/QTEy27r/xt20GGDEs5BB3pNzjpTSgNQW82RCdgXCS6X+MnciJLz5DOPd5tJKfBYhx5ilvBWzczEhXZdbENiFexfISwgzRkdIrR3MdVvvpJHcVnaG4HwAwXMwumB4sOwuzhl7FX72GPxJoFvl6z72FbYtC7lXV6cwUCe2lFsguzEcOZOzGxpqrH+iH0Qr6nBvjsmTu/V4cgVd9tNQ8tG68ueEkZJZPLFZaLOv+JDqtXJaka/Yj3OGnPIpUC/wXIlNLoQwma46OhSJQmuizXKoo/LSgLFJufXEVlZUfJMar8fkFWKT6qF6OS/dY7VmQia9hZRT1jdQ896tAjN04eoNuL5QluVQyWvQX/onHdElcvE9VzP34m14A9Fq+AAH0iZFKsLRat/feerhNiMzxlz7VMgpNyZMMjPX43ZPD4KyUafs96R01kh4HiQ6gmqYgiAccGwnpw6d68UDLaShZ8V3U1J64a9NCWqljgXViSncMg4KYBP+M8m+/Gx/gvFWhRpdNZLEYcv2EwWw/jdDO2dJkeCtdzRL0mY5eAU4+1U39jYeDxP+xkPZxIrIBfqNVw9Qyr+kWFVtD/FYFgzzOfxEhoAJIAAyKC+MaMboaw/OnvXXcumT10bH+6/HcQJgBkwyTyY0Jg4gi0SNyUzH83XkFqDlq1ZvpcCDPQYYnNZpWLlbp90HJhE0whs7K9d3a78ZCNPbiclY1zQIdH6vnCKLff7UXIdtDbQjqtsy5Uvx5KuDy7sIZEu1UgFq3c4qOdW/8WE66kSh8+Liiw/neLS+Cc+vAGIwv/7mdOCInuIEpteQfwnoEoTmnhIUOwN0FgUPXIcOCD3Nx5OdvFr+K+ekZQkM2rSoYPuq/fN4PNOp6uZ3k+IKprcAsz7K9GyJUorH0LkO0OMWPzzSMa8RF0adAxhtlJ2nAlfavT/+6Y3O+AV6Bg/0ou30mbUQAjqnr6uE0NbK1mQ4YPhcMODeWYyNgFQUP+fC9jAirnEIwDEQFmOSNTmxyAr2xtEhfCrjrcdB9sk71rcDZLNVpvHkAPFaqCI3R5+H+4xczBlqdM8i7qih6KuGr52Q5qk58rKzCXKsRoBEPqE5Aqw6OIpe1QM4723Id8CXEuyWjmFF9ca/0ebrpA/zoneqz2BzIvoafnjDuAgl6ESq5px7LqLoy36ok4yPeYOYB14JDxcdYkYqJut8lVD/gmDFwQ7BvS6CwMRgYU1uHa/coGrUvQGXZR+dky3pxsdcauBPj9Ita/xSLuvbyTDu3amIMNzqny+D2uR5LdUfjkNb+PHqqxdyv8bSN+M98i9PozLsX1EvIY1eLC4HjkdTKcPsM3Ig4KfnZoRwbdTL6Hb5SGBPFOHzlG5cAVUaBAklOh1oT3aiDa6eQgx3vOPrdVAs2ioZwOTWMY1AMtCoWEoWqLeRvzHQzbLTko+qjuOFZ0AhZ0RNM+ar2GOwaw6OTMmILTkrbQLnSgIt8AhN85yEYxHAxprkwECKnOXZjxdqzWtwXPeP4fw2JzF/+OYsrzcQnNbnXal4w4HrUOMWepHoz3QJ7uJf2KRdRJ8eALVpPze1eyLEKUTlUyl8FiCLTc4+exIAAMS7IjI4zUdbPFtzgD2mtdS58Z7A2tw0hBs/5MAzlc/Rz5WG8Mj1Qfwd1qxaZBOxGQgU8xz92BnJKHu5NseL3rvjooDP3fIAqLCI8IyoZEUSsyrDZknMmMG3mkf+/TyZWrB0QebpP1TQMX4R7JHQ6lGelCUqrL02jv6M4ekxfFxu1+WR1DWfNkWJosmQEnJoBwy/Z3f3WYe3LsakS0sMKv/M2HOq+lGh303a7235O0gG4HNwUtJxCTS+bh6yAyXbOfRF+lv1vz0p1r+cePnjsWZNLC2IZxRvycNvgzlBtXRSSQDIx0lFDMlmlngycRPQWSRPABnj5X17sWChOe+Enr+ifPgf/dDWgkBh++kLIU1Sk48m0ERCQ7gMh5IO/91fJPI8OuJlg6KqHF/94XFVO3k2vii9UqrtSMsEaQ64myE382SOytV2KQzSf1X4D4LfqhuqRbxrD6IonuGtQUsi4CKTDVzulwAtFp1mB+LHCkIc0ZpTpthJXTyRdRUeo1/aLvBypUvaNgTltjPtzBGJiZGYBEY5euBvOao3u4sVAvsp2v68T8cj6TgPGqHra34IC6lIQDFB67cxTo1oPgLX1CHEqYfxZMgdRrNm8vEm4TOEzTKMS2Ipnein89XaFs7GHj+VhMrCevrSFCV66Wgq54H1UEI2/QFQXquKSuSquwa1c0bFoNj01HkLpITAacWTeEIoTTQsajW7Hm4FMYp3sOXl8YlEUR/1U0ci2++TABGUS+be94X9qrFEKClCxLQTNrXwsv2MVE4J5bd+obvH5LgnVyIIETuQrTnu&u=U2FsdGVkX18gSAJIOVkPskuZGaWKQdcGP2bH5eOizqwuBXsQ+6n+3SlHOXNocVCp&y=U2FsdGVkX1/pSFy4X6hFOEk/89aLpEJ9X/AW3oKjXmvxM6iQMZ0xWlaDlKIAKGWZ HTTP/1.1" 200 25
186.102.65.190 - - [28/Sep/2022:12:08:05 -0500] "GET /kwssiamovil/sm/acme/a?s=U2FsdGVkX19wpwa9FM5aKm/XjGoYbjAnwKjSdxrVeJMUgJnXR1L0iP0XiZnzo8QSAdRh3HK01YbmZ9V9fU5hjeyuNumNJ9iH3uDl+8oCSTd6j+owxcPVEfNKmmcRqgNuhP4ccGbeofw6QLdh07GrNyv9e/79jXFIoVqsVErd6lU=&u=U2FsdGVkX18gSAJIOVkPskuZGaWKQdcGP2bH5eOizqwuBXsQ+6n+3SlHOXNocVCp&y=U2FsdGVkX1/pSFy4X6hFOEk/89aLpEJ9X/AW3oKjXmvxM6iQMZ0xWlaDlKIAKGWZ HTTP/1.1" 200 25
