186.154.54.216 - - [28/Sep/2022:11:31:54 -0500] "POST /sipse/faces/presentacion/financiero/solicitudProceso/listarSolicitudProceso.xhtml HTTP/1.1" 200 14025
200.118.64.109 - - [28/Sep/2022:11:31:56 -0500] "POST /forms/lservlet;jsessionid=ac16012b30d6f8d5adc7520646839a4681f2563cede7.e3iSbxaKaheRe3ePbN4LaNqMai1ynknvrkLOlQzNp65In0 HTTP/1.1" 200 15
200.118.64.109 - - [28/Sep/2022:11:32:05 -0500] "POST /forms/lservlet;jsessionid=ac16012b30d6f8d5adc7520646839a4681f2563cede7.e3iSbxaKaheRe3ePbN4LaNqMai1ynknvrkLOlQzNp65In0 HTTP/1.1" 200 15
201.245.192.253 - - [28/Sep/2022:11:32:09 -0500] "POST /sipse/faces/presentacion/financiero/solicitudProceso/listarSolicitudProceso.xhtml HTTP/1.1" 200 32035
200.118.64.109 - - [28/Sep/2022:11:32:14 -0500] "POST /forms/lservlet;jsessionid=ac16012b30d6f8d5adc7520646839a4681f2563cede7.e3iSbxaKaheRe3ePbN4LaNqMai1ynknvrkLOlQzNp65In0 HTTP/1.1" 200 15
172.22.2.4 - - [28/Sep/2022:11:30:42 -0500] "GET /BLA/boletinlegal/ HTTP/1.1" 200 54356
186.102.65.190 - - [28/Sep/2022:11:32:22 -0500] "OPTIONS /kwssiamovil/sm/setfile/f? HTTP/1.1" 200 13
186.102.65.190 - - [28/Sep/2022:11:32:22 -0500] "POST /kwssiamovil/sm/setfile/f? HTTP/1.1" 200 381
216.245.221.92 - - [28/Sep/2022:11:32:23 -0500] "HEAD / HTTP/1.1" 200 -
200.118.64.109 - - [28/Sep/2022:11:32:23 -0500] "POST /forms/lservlet;jsessionid=ac16012b30d6f8d5adc7520646839a4681f2563cede7.e3iSbxaKaheRe3ePbN4LaNqMai1ynknvrkLOlQzNp65In0 HTTP/1.1" 200 15
186.102.65.190 - - [28/Sep/2022:11:32:31 -0500] "GET /kwssiamovil/sm/acme/a?s=U2FsdGVkX1/7teAMZBYdoKBQlGwgEa6fpXVUxzPBggeCsRiuMVPPuV+vLSUX8AbUTazpFyuuRfCUruLcoZkkzPT0rjorhps73N9zzW5ZB9BLQ1ExFVIk5aifzB401unaOckl15W85N9xTN69vCua0jgJSAJHI7DfFixMZO9QUOtCFUlK1sQFRxU4SfgOljFo7PPewHS6B+DjavkLTAuJiImDD9dnJcdaOU2ftkkll3Tha8+vtkT6zAOnSYu1XbjqeXnrcNVsHz2snAguo4uG1A==&u=U2FsdGVkX18gSAJIOVkPskuZGaWKQdcGP2bH5eOizqwuBXsQ+6n+3SlHOXNocVCp&y=U2FsdGVkX1/pSFy4X6hFOEk/89aLpEJ9X/AW3oKjXmvxM6iQMZ0xWlaDlKIAKGWZ HTTP/1.1" 200 25
186.102.65.190 - - [28/Sep/2022:11:32:31 -0500] "GET /kwssiamovil/sm/acme/a?s=U2FsdGVkX1+epntyiApt/sPD+y+qncWBxs6K3hJfW7qj5cQon/rDtsqvO1VY/0Exxajp4sqOxcf2GP9DU9N6f/NaJCg0HS3rqli/rmfIWfm5Fsddvk35LkSO90h4hTuqpt7E89JFtBYu9nqnBJMkXoalLXIjamPkEhhWg2krsyD5T+dHYMQji7ykq7PTG6UdtNFYUTEYPxSBKlrYobe9wwnJFSGuILkKXmUa8HHvIK2cg0KWWPkOxeVOY0qJ9bHGRtcxfQ4LblyImqXUYmuZU8rp1CXjk1x68DwvzvfMYtW+i0ydD2887A5iPnA02rE1fPXMyAAN11oW0C7H3wk8lpbVCEFNsoimpcoJ9GvJAmCasOnHc9uj4pgZhtx7AKCSBMvVIYtaHFPyzl19yuNv8EUHGb8yXHLd8gkmFKu0NaUBC10Ke70M7e23cB3t7q2W02iYNv1YQzEi0i9L+fF2E4PlX6dlYX0faLOJ/GM2KmNixBnQa7EnZjpP3nWjFZXCheMfdYONUZWZJX/SpQlViWn5MiOUrBz3/9Jvg3jcn8zflBTfdSYRpko8m12YM8fZAWtNk5Eul3ppadRNU+ZsQY1x4x+IRGLbZvGgQX/3t28Ymo0sTPZmi15IB55/cIr9njCUlSejCXA3xIUMyKN2LJ4ul+LYsf6+0VhvAy+Ad1zCYrGyzj6bn1HXr+N4aleOYj1zksQzMAOANSrvoInCALaaDGcFCxyEuFGQsssI937PW2770QnNiuwH0PDTmdA3GHnPNlli/CLsQTWm8QdW34eW0NySnpEagBVV2uxeJrckGieG3jwJtkvj2lLW083YOh6wBx9s0oq89VPU1trdNs4lY9KNNnss2s+blzFOhJi4VeRVmzJON01YRqhGQz/fR6znkRElyPHrig9ZGe+89C4jrXaK7iJzDi7BgrbiFLHA6Re3pUUoGbmibYjo1V0LJPNlGiM+STjcZA6uxZAmlfsnO0VlESVb8Kp3YMOipHfQVTJoraS5bMFIGHs+bL+WaXNN7uATqNg6nc0PNCoeMne4ZHr1rmH4SByDBA+1gGHpj4iMh4hH+nBLx/ZpDJoaUQTyhjUXgQh8wlWSTS81kbsNs/3x8NsR2Odp04hSncedsLwUAeoUPU1QD/l1XQQ3l6GNdGHcMH5qqA0129LOnaOfnwKtFRjl/Y63rhYVDLv7tg8t8i83QoW5bbo4crTlAxQcicYc5KlGI0HROAN0NuIphbT87JEk2R16PBKOVuOjCW2M3GLr3MbKtN0I0gtwUv5wG0X/SZtgh4SLf40Td63NrLtHT0BDA1CUga1sWCSWBRSUxQeNKlCoBREpU9J6Pg0y/752ZBDtwVV2y1SV8/rWCggF4ETve+TTym0CqlgJRlpRiUE752zQL3QN/b7YeBjxsjKCgugulfcKS/BGOi9vzYwtm0TmYU6uNqH5/z308LUjTIy/HrtNDlhMaHWbkHOMwCg0E6b4/GkWRtA/MmWtxOAcsvBQH1zrpQE9zlr6ii++ldNRW30eLWbCx85YYDO6SDXp/D1V2BPm9Y0739bKzymXN4x9qd5gOHfe/+j/BdXEkRqSlECd80qpz629vAoFfo41XDuYOZN/cGxP1TUCqwHq0JTYTwiegfcU6QlnXyz62BtDCI9ulyk1Z3zY7QKt5p+LtbGrKdw50l8qmbAk5SDQvb/hrCN1Txpx+mE4zDBUnbyUW/LIcmSk4Xalm1sBHPCf5Ulmcc7as3ExJTjaBD7pHXRECQU6VaTziBk=&u=U2FsdGVkX18gSAJIOVkPskuZGaWKQdcGP2bH5eOizqwuBXsQ+6n+3SlHOXNocVCp&y=U2FsdGVkX1/pSFy4X6hFOEk/89aLpEJ9X/AW3oKjXmvxM6iQMZ0xWlaDlKIAKGWZ HTTP/1.1" 200 25
186.102.65.190 - - [28/Sep/2022:11:32:31 -0500] "GET /kwssiamovil/sm/acme/a?s=U2FsdGVkX1/+BtRWn+v87x9eBjT109hPzTS3OtGio9nuazaiyP/+xbhnUJ0/QmT/xOVyb3k/5bTW8FlbNpyG5GcFN52L1Ca7NO+tP7iefPR+KcWWjfa4SnBs8wCkMvNzMnjjY/5Bt4Sp1ag6cNIwRGd+b3mX8fqyIP+LMlLnBiI=&u=U2FsdGVkX18gSAJIOVkPskuZGaWKQdcGP2bH5eOizqwuBXsQ+6n+3SlHOXNocVCp&y=U2FsdGVkX1/pSFy4X6hFOEk/89aLpEJ9X/AW3oKjXmvxM6iQMZ0xWlaDlKIAKGWZ HTTP/1.1" 200 25
186.102.65.190 - - [28/Sep/2022:11:32:32 -0500] "GET /kwssiamovil/sm/acme/a?s=U2FsdGVkX1/Y9DKybbkW7X8r1kDL7szRvHz1Ti9NzbibOeG6/+AkNu/L9KE9wMx8QBqvHMs9/6h7uvIT3xAjTEWI/ptd/TTPgpE2CUV7q+q3GZIeFTwI1Y4yvHI0kEmqFf1gV7XXARkEXwZNsSRDheZauOVAl0B2DKU7BtV18fs=&u=U2FsdGVkX18gSAJIOVkPskuZGaWKQdcGP2bH5eOizqwuBXsQ+6n+3SlHOXNocVCp&y=U2FsdGVkX1/pSFy4X6hFOEk/89aLpEJ9X/AW3oKjXmvxM6iQMZ0xWlaDlKIAKGWZ HTTP/1.1" 200 25
186.102.65.190 - - [28/Sep/2022:11:32:32 -0500] "GET /kwssiamovil/sm/acme/a?s=U2FsdGVkX1+GsEGPiM7f9gV9TMEBMo0KTs9haZ0ypNNO94d0OvdvTan5KXphptqbvbo1mgFXyWFJLm6GYsKPwwb1AEj/JQEroHhjKJsuZPimc2kkw7p/vTnjseMOCyYz4y0dqeod3Mh6HAiVAHxEwiKAdymIaupVjlqzs3hkocE=&u=U2FsdGVkX18gSAJIOVkPskuZGaWKQdcGP2bH5eOizqwuBXsQ+6n+3SlHOXNocVCp&y=U2FsdGVkX1/pSFy4X6hFOEk/89aLpEJ9X/AW3oKjXmvxM6iQMZ0xWlaDlKIAKGWZ HTTP/1.1" 200 25
186.102.65.190 - - [28/Sep/2022:11:32:32 -0500] "GET /kwssiamovil/sm/acme/a?s=U2FsdGVkX1+memnEosfumALpcf587Kf0k2JJzOW+X2Rj4MkUhWuD1bs6baU6iPI14CXzlUjw1L3rhKodRYCJfA2I1IuJa1ag2khPc/hUpAbS2GNjGgCUU0+rZMuYfO4e6bTm7yZGsaz4bvitTq2KRMLip1I6crX73T6dD/u11/1OuIhPfqBTA6HtyjSvV7yg&u=U2FsdGVkX18gSAJIOVkPskuZGaWKQdcGP2bH5eOizqwuBXsQ+6n+3SlHOXNocVCp&y=U2FsdGVkX1/pSFy4X6hFOEk/89aLpEJ9X/AW3oKjXmvxM6iQMZ0xWlaDlKIAKGWZ HTTP/1.1" 200 25
186.102.65.190 - - [28/Sep/2022:11:32:32 -0500] "GET /kwssiamovil/sm/acme/a?s=U2FsdGVkX19IQXeSdwa6vQcpdmw6bK5E1L2edI1+pWHejYeE7ZQdfqHXf8w/Hm52NoagNXKdl24D7NY69CHxeGphXQBQdsr3h41x3dfXniriMIoyoJcUAJTgby55l7t8+YvDxIhvO3Xf0HZxEeb9owylLQl6QNhhhMCSxE3y2ty0Yein3hmrYwijo6e+ly8zpQfb0U9Z+aGvOpy7TNFmLPexGUrndftWomxT4k/5ZQe6xvXk99w8ecNz8K/Hx8h07vJ2Ax89RKOjciYoRySFOb8ecsYBKe1CMuXEEIyBmLmIIVRSxz5sdglbcvKKQTf7GL8LX0C7yXjti/iirrAcWQ==&u=U2FsdGVkX18gSAJIOVkPskuZGaWKQdcGP2bH5eOizqwuBXsQ+6n+3SlHOXNocVCp&y=U2FsdGVkX1/pSFy4X6hFOEk/89aLpEJ9X/AW3oKjXmvxM6iQMZ0xWlaDlKIAKGWZ HTTP/1.1" 200 25
186.102.65.190 - - [28/Sep/2022:11:32:32 -0500] "GET /kwssiamovil/sm/acme/a?s=U2FsdGVkX1+XG1CuuBsRMpsVfKdH9hegSqODlvgrAsCk50sO2X8Ue50P+O4Tc0Zdpt0uT1hUFFeUEbbs6RWT6xrIhuNkdpuLFFxc/aaHWrFyrq9xLmNc89dBoFF7p4cvCTdpozF+4TpETZVr782Ivee8863ikq5kas1h119puD+p8M4boXX9o4b6g8yQHSNdqItdVYS1Lye8lHMNep6075moMIXDwJRcBNg5mTRaFAL/9gP4S5DLQvnYFF6kdVyLyQS6ZbVYbTGteeFDNhMXVNynzB9j1egjPSDjsBJ+L4Y=&u=U2FsdGVkX18gSAJIOVkPskuZGaWKQdcGP2bH5eOizqwuBXsQ+6n+3SlHOXNocVCp&y=U2FsdGVkX1/pSFy4X6hFOEk/89aLpEJ9X/AW3oKjXmvxM6iQMZ0xWlaDlKIAKGWZ HTTP/1.1" 200 25
200.118.64.109 - - [28/Sep/2022:11:32:32 -0500] "POST /forms/lservlet;jsessionid=ac16012b30d6f8d5adc7520646839a4681f2563cede7.e3iSbxaKaheRe3ePbN4LaNqMai1ynknvrkLOlQzNp65In0 HTTP/1.1" 200 15
201.245.192.253 - - [28/Sep/2022:11:32:33 -0500] "POST /sipse/faces/presentacion/financiero/solicitudProceso/listarSolicitudProceso.xhtml HTTP/1.1" 200 117384
201.245.192.253 - - [28/Sep/2022:11:32:34 -0500] "GET /sipse/faces/javax.faces.resource/jquery/jquery.js?ln=primefaces&v=4.0 HTTP/1.1" 304 -
201.245.192.253 - - [28/Sep/2022:11:32:34 -0500] "GET /sipse/faces/javax.faces.resource/jquery/jquery-plugins.js?ln=primefaces&v=4.0 HTTP/1.1" 304 -
201.245.192.253 - - [28/Sep/2022:11:32:34 -0500] "GET /sipse/faces/javax.faces.resource/primefaces.js?ln=primefaces&v=4.0 HTTP/1.1" 304 -
201.245.192.253 - - [28/Sep/2022:11:32:34 -0500] "GET /sipse/faces/javax.faces.resource/layout/layout.js?ln=primefaces&v=4.0 HTTP/1.1" 304 -
201.245.192.253 - - [28/Sep/2022:11:32:34 -0500] "GET /sipse/faces/javax.faces.resource/dynamiccontent.properties?ln=primefaces&pfdrid=XjOR5%2F%2FfPAZAuY9TpWQeCiM0BhlXxYRBGKi%2FQcXXfeA%3D&pfdrid_c=false HTTP/1.1" 500 383
200.118.64.109 - - [28/Sep/2022:11:32:41 -0500] "POST /forms/lservlet;jsessionid=ac16012b30d6f8d5adc7520646839a4681f2563cede7.e3iSbxaKaheRe3ePbN4LaNqMai1ynknvrkLOlQzNp65In0 HTTP/1.1" 200 15
200.118.64.109 - - [28/Sep/2022:11:32:50 -0500] "POST /forms/lservlet;jsessionid=ac16012b30d6f8d5adc7520646839a4681f2563cede7.e3iSbxaKaheRe3ePbN4LaNqMai1ynknvrkLOlQzNp65In0 HTTP/1.1" 200 15
200.118.64.109 - - [28/Sep/2022:11:32:59 -0500] "POST /forms/lservlet;jsessionid=ac16012b30d6f8d5adc7520646839a4681f2563cede7.e3iSbxaKaheRe3ePbN4LaNqMai1ynknvrkLOlQzNp65In0 HTTP/1.1" 200 15
200.118.64.109 - - [28/Sep/2022:11:33:08 -0500] "POST /forms/lservlet;jsessionid=ac16012b30d6f8d5adc7520646839a4681f2563cede7.e3iSbxaKaheRe3ePbN4LaNqMai1ynknvrkLOlQzNp65In0 HTTP/1.1" 200 15
200.118.64.109 - - [28/Sep/2022:11:33:17 -0500] "POST /forms/lservlet;jsessionid=ac16012b30d6f8d5adc7520646839a4681f2563cede7.e3iSbxaKaheRe3ePbN4LaNqMai1ynknvrkLOlQzNp65In0 HTTP/1.1" 200 15
186.154.153.185 - - [28/Sep/2022:11:33:25 -0500] "GET /inventario-de-emisiones-2020-transporte-publico-sitp-redujo-emisiones-de-pm-2-5-en-un-37.html HTTP/1.1" 200 925
200.118.64.109 - - [28/Sep/2022:11:33:26 -0500] "POST /forms/lservlet;jsessionid=ac16012b30d6f8d5adc7520646839a4681f2563cede7.e3iSbxaKaheRe3ePbN4LaNqMai1ynknvrkLOlQzNp65In0 HTTP/1.1" 200 15
200.118.64.109 - - [28/Sep/2022:11:33:35 -0500] "POST /forms/lservlet;jsessionid=ac16012b30d6f8d5adc7520646839a4681f2563cede7.e3iSbxaKaheRe3ePbN4LaNqMai1ynknvrkLOlQzNp65In0 HTTP/1.1" 200 15
201.245.192.253 - - [28/Sep/2022:11:33:37 -0500] "POST /sipse/faces/presentacion/financiero/solicitudProceso/consultarSolicitudProceso.xhtml HTTP/1.1" 200 55060
201.245.192.253 - - [28/Sep/2022:11:33:40 -0500] "GET /sipse/faces/javax.faces.resource/theme.css?ln=primefaces-sipse HTTP/1.1" 304 -
201.245.192.253 - - [28/Sep/2022:11:33:40 -0500] "GET /sipse/faces/javax.faces.resource/primefaces.css?ln=primefaces&v=4.0 HTTP/1.1" 304 -
201.245.192.253 - - [28/Sep/2022:11:33:40 -0500] "GET /sipse/faces/javax.faces.resource/layout/layout.css?ln=primefaces&v=4.0 HTTP/1.1" 304 -
201.245.192.253 - - [28/Sep/2022:11:33:40 -0500] "GET /sipse/faces/javax.faces.resource/jquery/jquery.js?ln=primefaces&v=4.0 HTTP/1.1" 304 -
201.245.192.253 - - [28/Sep/2022:11:33:40 -0500] "GET /sipse/faces/javax.faces.resource/jquery/jquery-plugins.js?ln=primefaces&v=4.0 HTTP/1.1" 304 -
201.245.192.253 - - [28/Sep/2022:11:33:40 -0500] "GET /sipse/faces/javax.faces.resource/primefaces.js?ln=primefaces&v=4.0 HTTP/1.1" 304 -
201.245.192.253 - - [28/Sep/2022:11:33:40 -0500] "GET /sipse/faces/javax.faces.resource/layout/layout.js?ln=primefaces&v=4.0 HTTP/1.1" 304 -
201.245.192.253 - - [28/Sep/2022:11:33:40 -0500] "GET /sipse/faces/javax.faces.resource/messages/messages.png?ln=primefaces&v=4.0 HTTP/1.1" 304 -
201.245.192.253 - - [28/Sep/2022:11:33:40 -0500] "POST /sipse/faces/presentacion/financiero/solicitudProceso/listarSolicitudProceso.xhtml HTTP/1.1" 200 1532
200.118.64.109 - - [28/Sep/2022:11:33:44 -0500] "POST /forms/lservlet;jsessionid=ac16012b30d6f8d5adc7520646839a4681f2563cede7.e3iSbxaKaheRe3ePbN4LaNqMai1ynknvrkLOlQzNp65In0 HTTP/1.1" 200 15
201.245.192.253 - - [28/Sep/2022:11:33:45 -0500] "POST /kwsrmcab/Wsrmcab  HTTP/1.1" 200 43876
201.245.192.253 - - [28/Sep/2022:11:33:48 -0500] "POST /sipse/faces/presentacion/financiero/solicitudProceso/listarSolicitudProceso.xhtml HTTP/1.1" 200 136481
201.245.192.253 - - [28/Sep/2022:11:33:49 -0500] "GET /sipse/faces/javax.faces.resource/primefaces.css?ln=primefaces&v=4.0 HTTP/1.1" 304 -
201.245.192.253 - - [28/Sep/2022:11:33:49 -0500] "GET /sipse/faces/javax.faces.resource/layout/layout.css?ln=primefaces&v=4.0 HTTP/1.1" 304 -
201.245.192.253 - - [28/Sep/2022:11:33:49 -0500] "GET /sipse/faces/javax.faces.resource/theme.css?ln=primefaces-sipse HTTP/1.1" 304 -
201.245.192.253 - - [28/Sep/2022:11:33:49 -0500] "GET /sipse/faces/javax.faces.resource/jquery/jquery.js?ln=primefaces&v=4.0 HTTP/1.1" 304 -
201.245.192.253 - - [28/Sep/2022:11:33:49 -0500] "GET /sipse/faces/javax.faces.resource/jquery/jquery-plugins.js?ln=primefaces&v=4.0 HTTP/1.1" 304 -
201.245.192.253 - - [28/Sep/2022:11:33:49 -0500] "GET /sipse/faces/javax.faces.resource/primefaces.js?ln=primefaces&v=4.0 HTTP/1.1" 304 -
201.245.192.253 - - [28/Sep/2022:11:33:49 -0500] "GET /sipse/faces/javax.faces.resource/layout/layout.js?ln=primefaces&v=4.0 HTTP/1.1" 304 -
201.245.192.253 - - [28/Sep/2022:11:33:50 -0500] "GET /sipse/faces/javax.faces.resource/dynamiccontent.properties?ln=primefaces&pfdrid=XjOR5%2F%2FfPAZAuY9TpWQeCiM0BhlXxYRBGKi%2FQcXXfeA%3D&pfdrid_c=false HTTP/1.1" 500 383
201.245.247.66 - - [28/Sep/2022:11:33:53 -0500] "GET /galeria/galeria/jquery.fancybox.js?v=2.1.5 HTTP/1.1" 200 48706
201.245.247.66 - - [28/Sep/2022:11:33:53 -0500] "GET /galeria/galeria/jquery.fancybox.css?v=2.1.5 HTTP/1.1" 200 4895
201.245.247.66 - - [28/Sep/2022:11:33:53 -0500] "GET /BLA/boletinlegal/js/jquery.scrollShow.js HTTP/1.1" 200 4586
200.118.64.109 - - [28/Sep/2022:11:33:53 -0500] "POST /forms/lservlet;jsessionid=ac16012b30d6f8d5adc7520646839a4681f2563cede7.e3iSbxaKaheRe3ePbN4LaNqMai1ynknvrkLOlQzNp65In0 HTTP/1.1" 200 15
200.118.64.109 - - [28/Sep/2022:11:34:02 -0500] "POST /forms/lservlet;jsessionid=ac16012b30d6f8d5adc7520646839a4681f2563cede7.e3iSbxaKaheRe3ePbN4LaNqMai1ynknvrkLOlQzNp65In0 HTTP/1.1" 200 15
201.245.192.253 - - [28/Sep/2022:11:34:05 -0500] "POST /sipse/faces/presentacion/financiero/solicitudProceso/consultarSolicitudProceso.xhtml HTTP/1.1" 200 257985
200.118.64.109 - - [28/Sep/2022:11:34:11 -0500] "POST /forms/lservlet;jsessionid=ac16012b30d6f8d5adc7520646839a4681f2563cede7.e3iSbxaKaheRe3ePbN4LaNqMai1ynknvrkLOlQzNp65In0 HTTP/1.1" 200 15
172.22.2.4 - - [28/Sep/2022:11:34:19 -0500] "GET /BLA/boletinlegal/actos.php HTTP/1.1" 200 9559
200.118.64.109 - - [28/Sep/2022:11:34:20 -0500] "POST /forms/lservlet;jsessionid=ac16012b30d6f8d5adc7520646839a4681f2563cede7.e3iSbxaKaheRe3ePbN4LaNqMai1ynknvrkLOlQzNp65In0 HTTP/1.1" 200 15
172.22.2.4 - - [28/Sep/2022:11:34:24 -0500] "GET /BLA/boletinlegal/consulta_actos.php?tipo=resoluciones&no=&usuario=&sector=&fecha=2022&resuelve= HTTP/1.1" 200 2519106
200.118.64.109 - - [28/Sep/2022:11:34:30 -0500] "POST /forms/lservlet;jsessionid=ac16012b30d6f8d5adc7520646839a4681f2563cede7.e3iSbxaKaheRe3ePbN4LaNqMai1ynknvrkLOlQzNp65In0 HTTP/1.1" 200 15
201.245.192.253 - - [28/Sep/2022:11:34:31 -0500] "GET /BLA/resoluciones/RESOLUCIONES%202022/0046.pdf HTTP/1.1" 200 405139
200.118.64.109 - - [28/Sep/2022:11:34:39 -0500] "POST /forms/lservlet;jsessionid=ac16012b30d6f8d5adc7520646839a4681f2563cede7.e3iSbxaKaheRe3ePbN4LaNqMai1ynknvrkLOlQzNp65In0 HTTP/1.1" 200 15
157.55.39.202 - - [28/Sep/2022:11:34:41 -0500] "GET /BLA/resoluciones/RESOLUCIONES%202009/1229.pdf HTTP/1.1" 304 -
200.118.64.109 - - [28/Sep/2022:11:34:48 -0500] "POST /forms/lservlet;jsessionid=ac16012b30d6f8d5adc7520646839a4681f2563cede7.e3iSbxaKaheRe3ePbN4LaNqMai1ynknvrkLOlQzNp65In0 HTTP/1.1" 200 15
200.118.64.109 - - [28/Sep/2022:11:34:57 -0500] "POST /forms/lservlet;jsessionid=ac16012b30d6f8d5adc7520646839a4681f2563cede7.e3iSbxaKaheRe3ePbN4LaNqMai1ynknvrkLOlQzNp65In0 HTTP/1.1" 200 15
157.55.39.202 - - [28/Sep/2022:11:35:01 -0500] "GET /BLA/resoluciones/AUTOS%202021/2105.pdf HTTP/1.1" 304 -
200.118.64.109 - - [28/Sep/2022:11:35:06 -0500] "POST /forms/lservlet;jsessionid=ac16012b30d6f8d5adc7520646839a4681f2563cede7.e3iSbxaKaheRe3ePbN4LaNqMai1ynknvrkLOlQzNp65In0 HTTP/1.1" 200 15
200.118.64.109 - - [28/Sep/2022:11:35:15 -0500] "POST /forms/lservlet;jsessionid=ac16012b30d6f8d5adc7520646839a4681f2563cede7.e3iSbxaKaheRe3ePbN4LaNqMai1ynknvrkLOlQzNp65In0 HTTP/1.1" 200 15
200.118.64.109 - - [28/Sep/2022:11:35:24 -0500] "POST /forms/lservlet;jsessionid=ac16012b30d6f8d5adc7520646839a4681f2563cede7.e3iSbxaKaheRe3ePbN4LaNqMai1ynknvrkLOlQzNp65In0 HTTP/1.1" 200 15
172.22.2.4 - - [28/Sep/2022:11:35:28 -0500] "GET /BLA/boletinlegal/consulta_actos.php?tipo=resoluciones&no=&usuario=&sector=&fecha=2021&resuelve= HTTP/1.1" 200 1897840
201.245.192.253 - - [28/Sep/2022:11:35:31 -0500] "GET /sipse/faces/index.xhtml HTTP/1.1" 200 677
201.245.192.253 - - [28/Sep/2022:11:35:31 -0500] "GET /sipse/faces/javax.faces.resource/theme.css?ln=primefaces-sipse HTTP/1.1" 304 -
201.245.192.253 - - [28/Sep/2022:11:35:31 -0500] "GET /sipse/faces/faces/autenticacion.xhtml HTTP/1.1" 200 12179
201.245.192.253 - - [28/Sep/2022:11:35:31 -0500] "GET /sipse/faces/javax.faces.resource/theme.css?ln=primefaces-sipse HTTP/1.1" 304 -
201.245.192.253 - - [28/Sep/2022:11:35:31 -0500] "GET /sipse/css/custom_css_sg.css HTTP/1.1" 200 9694
201.245.192.253 - - [28/Sep/2022:11:35:31 -0500] "GET /sipse/css/custom_css_sg_prime_login.css HTTP/1.1" 200 443
201.245.192.253 - - [28/Sep/2022:11:35:31 -0500] "GET /sipse/js/disable_browser_buttons.js HTTP/1.1" 304 -
201.245.192.253 - - [28/Sep/2022:11:35:31 -0500] "GET /sipse/faces/javax.faces.resource/layout/layout.css?ln=primefaces&v=4.0 HTTP/1.1" 200 542
201.245.192.253 - - [28/Sep/2022:11:35:31 -0500] "GET /sipse/js/funciones.js HTTP/1.1" 304 -
201.245.192.253 - - [28/Sep/2022:11:35:31 -0500] "GET /sipse/faces/javax.faces.resource/jquery/jquery.js?ln=primefaces&v=4.0 HTTP/1.1" 304 -
201.245.192.253 - - [28/Sep/2022:11:35:31 -0500] "GET /sipse/faces/javax.faces.resource/jquery/jquery-plugins.js?ln=primefaces&v=4.0 HTTP/1.1" 304 -
201.245.192.253 - - [28/Sep/2022:11:35:31 -0500] "GET /sipse/faces/javax.faces.resource/layout/layout.js?ln=primefaces&v=4.0 HTTP/1.1" 304 -
201.245.192.253 - - [28/Sep/2022:11:35:31 -0500] "GET /sipse/faces/javax.faces.resource/primefaces.js?ln=primefaces&v=4.0 HTTP/1.1" 304 -
201.245.192.253 - - [28/Sep/2022:11:35:31 -0500] "GET /sipse/faces/javax.faces.resource/primefaces.css?ln=primefaces&v=4.0 HTTP/1.1" 200 53295
201.245.192.253 - - [28/Sep/2022:11:35:31 -0500] "GET /sipse/faces/javax.faces.resource/images/ui-icons_898989_256x240.png?ln=primefaces-aristo HTTP/1.1" 200 5355
201.245.192.253 - - [28/Sep/2022:11:35:31 -0500] "GET /sipse/css/imagen/logoSDG.png HTTP/1.1" 200 53064
201.245.192.253 - - [28/Sep/2022:11:35:31 -0500] "GET /sipse/css/imagen/loginimg.png HTTP/1.1" 200 71635
200.118.64.109 - - [28/Sep/2022:11:35:33 -0500] "POST /forms/lservlet;jsessionid=ac16012b30d6f8d5adc7520646839a4681f2563cede7.e3iSbxaKaheRe3ePbN4LaNqMai1ynknvrkLOlQzNp65In0 HTTP/1.1" 200 15
201.245.192.253 - - [28/Sep/2022:11:35:41 -0500] "GET /BLA/resoluciones/RESOLUCIONES%202021/1865.pdf HTTP/1.1" 200 466582
200.118.64.109 - - [28/Sep/2022:11:35:42 -0500] "POST /forms/lservlet;jsessionid=ac16012b30d6f8d5adc7520646839a4681f2563cede7.e3iSbxaKaheRe3ePbN4LaNqMai1ynknvrkLOlQzNp65In0 HTTP/1.1" 200 15
201.245.192.253 - - [28/Sep/2022:11:35:44 -0500] "POST /sipse/faces/autenticacion.xhtml HTTP/1.1" 200 2217
201.245.192.253 - - [28/Sep/2022:11:35:44 -0500] "GET /sipse/faces/javax.faces.resource/messages/messages.png?ln=primefaces&v=4.0 HTTP/1.1" 304 -
201.245.192.253 - - [28/Sep/2022:11:35:45 -0500] "POST /sipse/faces/autenticacion.xhtml HTTP/1.1" 200 16265
201.245.192.253 - - [28/Sep/2022:11:35:46 -0500] "GET /sipse/js/jquery.min.js HTTP/1.1" 304 -
201.245.192.253 - - [28/Sep/2022:11:35:46 -0500] "GET /sipse/css/custom_css_sg_prime.css HTTP/1.1" 304 -
201.245.192.253 - - [28/Sep/2022:11:35:46 -0500] "GET /sipse/faces/javax.faces.resource/jquery/jquery.js?ln=primefaces&v=4.0 HTTP/1.1" 304 -
201.245.192.253 - - [28/Sep/2022:11:35:46 -0500] "GET /sipse/faces/javax.faces.resource/jquery/jquery-plugins.js?ln=primefaces&v=4.0 HTTP/1.1" 304 -
201.245.192.253 - - [28/Sep/2022:11:35:46 -0500] "GET /sipse/faces/javax.faces.resource/primefaces.js?ln=primefaces&v=4.0 HTTP/1.1" 304 -
201.245.192.253 - - [28/Sep/2022:11:35:46 -0500] "GET /sipse/faces/javax.faces.resource/layout/layout.js?ln=primefaces&v=4.0 HTTP/1.1" 304 -
201.245.192.253 - - [28/Sep/2022:11:35:46 -0500] "GET /sipse/css/imagen/contrasena.png HTTP/1.1" 404 383
201.245.192.253 - - [28/Sep/2022:11:35:46 -0500] "GET /sipse/imagenes/cargando.gif HTTP/1.1" 200 36959
201.245.192.253 - - [28/Sep/2022:11:35:46 -0500] "GET /sipse/imagenes/logoAplicacion.jpg HTTP/1.1" 200 155084
201.245.192.253 - - [28/Sep/2022:11:35:48 -0500] "GET /sipse/faces/javax.faces.resource/images/ui-bg_flat_0_2d5972_40x100.png?ln=primefaces-aristo HTTP/1.1" 200 183
201.245.192.253 - - [28/Sep/2022:11:35:48 -0500] "POST /sipse/faces/bienvenido.xhtml HTTP/1.1" 200 6185
201.245.192.253 - - [28/Sep/2022:11:35:50 -0500] "POST /sipse/faces/presentacion/financiero/solicitudProceso/consultarSolicitudProceso.xhtml HTTP/1.1" 200 101451
201.245.192.253 - - [28/Sep/2022:11:35:50 -0500] "POST /sipse/faces/bienvenido.xhtml HTTP/1.1" 200 32070
201.245.192.253 - - [28/Sep/2022:11:35:50 -0500] "GET /sipse/faces/javax.faces.resource/jquery/jquery.js?ln=primefaces&v=4.0 HTTP/1.1" 304 -
201.245.192.253 - - [28/Sep/2022:11:35:50 -0500] "GET /sipse/faces/javax.faces.resource/jquery/jquery-plugins.js?ln=primefaces&v=4.0 HTTP/1.1" 304 -
201.245.192.253 - - [28/Sep/2022:11:35:50 -0500] "GET /sipse/faces/javax.faces.resource/primefaces.js?ln=primefaces&v=4.0 HTTP/1.1" 304 -
201.245.192.253 - - [28/Sep/2022:11:35:50 -0500] "GET /sipse/faces/javax.faces.resource/layout/layout.js?ln=primefaces&v=4.0 HTTP/1.1" 304 -
200.118.64.109 - - [28/Sep/2022:11:35:51 -0500] "POST /forms/lservlet;jsessionid=ac16012b30d6f8d5adc7520646839a4681f2563cede7.e3iSbxaKaheRe3ePbN4LaNqMai1ynknvrkLOlQzNp65In0 HTTP/1.1" 200 15
201.245.192.253 - - [28/Sep/2022:11:35:57 -0500] "POST /sipse/faces/presentacion/financiero/solicitudProceso/consultarSolicitudProceso.xhtml HTTP/1.1" 200 5463
200.118.64.109 - - [28/Sep/2022:11:36:00 -0500] "POST /forms/lservlet;jsessionid=ac16012b30d6f8d5adc7520646839a4681f2563cede7.e3iSbxaKaheRe3ePbN4LaNqMai1ynknvrkLOlQzNp65In0 HTTP/1.1" 200 15
200.118.64.109 - - [28/Sep/2022:11:36:09 -0500] "POST /forms/lservlet;jsessionid=ac16012b30d6f8d5adc7520646839a4681f2563cede7.e3iSbxaKaheRe3ePbN4LaNqMai1ynknvrkLOlQzNp65In0 HTTP/1.1" 200 15
200.118.64.109 - - [28/Sep/2022:11:36:18 -0500] "POST /forms/lservlet;jsessionid=ac16012b30d6f8d5adc7520646839a4681f2563cede7.e3iSbxaKaheRe3ePbN4LaNqMai1ynknvrkLOlQzNp65In0 HTTP/1.1" 200 15
201.245.192.253 - - [28/Sep/2022:11:36:19 -0500] "POST /sipse/faces/presentacion/financiero/solicitudProceso/consultarSolicitudProceso.xhtml HTTP/1.1" 200 293074
201.245.192.253 - - [28/Sep/2022:11:36:22 -0500] "POST /sipse/faces/presentacion/financiero/solicitudProceso/consultarSolicitudProceso.xhtml HTTP/1.1" 200 171116
201.245.192.253 - - [28/Sep/2022:11:36:25 -0500] "POST /sipse/faces/presentacion/financiero/solicitudProceso/consultarSolicitudProceso.xhtml HTTP/1.1" 200 53317
200.118.64.109 - - [28/Sep/2022:11:36:27 -0500] "POST /forms/lservlet;jsessionid=ac16012b30d6f8d5adc7520646839a4681f2563cede7.e3iSbxaKaheRe3ePbN4LaNqMai1ynknvrkLOlQzNp65In0 HTTP/1.1" 200 15
201.245.192.253 - - [28/Sep/2022:11:36:28 -0500] "POST /sipse/faces/presentacion/financiero/solicitudProceso/consultarSolicitudProceso.xhtml HTTP/1.1" 200 5791099
201.245.192.253 - - [28/Sep/2022:11:36:34 -0500] "POST /sipse/faces/presentacion/financiero/solicitudProceso/consultarSolicitudProceso.xhtml HTTP/1.1" 200 5537
201.245.192.253 - - [28/Sep/2022:11:36:35 -0500] "GET /sipse/faces/javax.faces.resource/dynamiccontent.properties?ln=primefaces&pfdrid=XjOR5%2F%2FfPAZAuY9TpWQeCiM0BhlXxYRBGKi%2FQcXXfeA%3D&pfdrid_c=false HTTP/1.1" 200 165341
200.118.64.109 - - [28/Sep/2022:11:36:36 -0500] "POST /forms/lservlet;jsessionid=ac16012b30d6f8d5adc7520646839a4681f2563cede7.e3iSbxaKaheRe3ePbN4LaNqMai1ynknvrkLOlQzNp65In0 HTTP/1.1" 200 15
201.245.192.253 - - [28/Sep/2022:11:36:41 -0500] "POST /sipse/faces/presentacion/financiero/solicitudProceso/listarSolicitudProceso.xhtml HTTP/1.1" 200 157797
201.245.192.253 - - [28/Sep/2022:11:36:42 -0500] "GET /sipse/faces/javax.faces.resource/theme.css?ln=primefaces-sipse HTTP/1.1" 304 -
201.245.192.253 - - [28/Sep/2022:11:36:42 -0500] "GET /sipse/faces/javax.faces.resource/primefaces.css?ln=primefaces&v=4.0 HTTP/1.1" 304 -
201.245.192.253 - - [28/Sep/2022:11:36:42 -0500] "GET /sipse/faces/javax.faces.resource/layout/layout.css?ln=primefaces&v=4.0 HTTP/1.1" 304 -
201.245.192.253 - - [28/Sep/2022:11:36:42 -0500] "GET /sipse/faces/javax.faces.resource/jquery/jquery.js?ln=primefaces&v=4.0 HTTP/1.1" 304 -
201.245.192.253 - - [28/Sep/2022:11:36:42 -0500] "GET /sipse/faces/javax.faces.resource/jquery/jquery-plugins.js?ln=primefaces&v=4.0 HTTP/1.1" 304 -
201.245.192.253 - - [28/Sep/2022:11:36:42 -0500] "GET /sipse/faces/javax.faces.resource/primefaces.js?ln=primefaces&v=4.0 HTTP/1.1" 304 -
201.245.192.253 - - [28/Sep/2022:11:36:42 -0500] "GET /sipse/faces/javax.faces.resource/layout/layout.js?ln=primefaces&v=4.0 HTTP/1.1" 304 -
201.245.192.253 - - [28/Sep/2022:11:36:43 -0500] "GET /sipse/faces/javax.faces.resource/dynamiccontent.properties?ln=primefaces&pfdrid=XjOR5%2F%2FfPAZAuY9TpWQeCiM0BhlXxYRBGKi%2FQcXXfeA%3D&pfdrid_c=false HTTP/1.1" 500 383
200.118.64.109 - - [28/Sep/2022:11:36:45 -0500] "POST /forms/lservlet;jsessionid=ac16012b30d6f8d5adc7520646839a4681f2563cede7.e3iSbxaKaheRe3ePbN4LaNqMai1ynknvrkLOlQzNp65In0 HTTP/1.1" 200 15
200.118.64.109 - - [28/Sep/2022:11:36:54 -0500] "POST /forms/lservlet;jsessionid=ac16012b30d6f8d5adc7520646839a4681f2563cede7.e3iSbxaKaheRe3ePbN4LaNqMai1ynknvrkLOlQzNp65In0 HTTP/1.1" 200 15
201.245.192.253 - - [28/Sep/2022:11:36:56 -0500] "POST /sipse/faces/presentacion/financiero/solicitudProceso/consultarSolicitudProceso.xhtml HTTP/1.1" 200 5526
201.245.192.253 - - [28/Sep/2022:11:36:58 -0500] "POST /sipse/faces/presentacion/financiero/solicitudProceso/consultarSolicitudProceso.xhtml HTTP/1.1" 200 5481
201.245.192.253 - - [28/Sep/2022:11:36:59 -0500] "GET /sipse/faces/javax.faces.resource/dynamiccontent.properties?ln=primefaces&pfdrid=XjOR5%2F%2FfPAZAuY9TpWQeCiM0BhlXxYRBGKi%2FQcXXfeA%3D&pfdrid_c=false HTTP/1.1" 200 165518
200.118.64.109 - - [28/Sep/2022:11:37:03 -0500] "POST /forms/lservlet;jsessionid=ac16012b30d6f8d5adc7520646839a4681f2563cede7.e3iSbxaKaheRe3ePbN4LaNqMai1ynknvrkLOlQzNp65In0 HTTP/1.1" 200 15
200.118.64.109 - - [28/Sep/2022:11:37:13 -0500] "POST /forms/lservlet;jsessionid=ac16012b30d6f8d5adc7520646839a4681f2563cede7.e3iSbxaKaheRe3ePbN4LaNqMai1ynknvrkLOlQzNp65In0 HTTP/1.1" 200 15
172.22.2.4 - - [28/Sep/2022:11:35:42 -0500] "HEAD /BLA/boletinlegal/ HTTP/1.1" 200 -
200.118.64.109 - - [28/Sep/2022:11:37:22 -0500] "POST /forms/lservlet;jsessionid=ac16012b30d6f8d5adc7520646839a4681f2563cede7.e3iSbxaKaheRe3ePbN4LaNqMai1ynknvrkLOlQzNp65In0 HTTP/1.1" 200 15
216.245.221.92 - - [28/Sep/2022:11:37:23 -0500] "HEAD / HTTP/1.1" 200 -
200.118.64.109 - - [28/Sep/2022:11:37:31 -0500] "POST /forms/lservlet;jsessionid=ac16012b30d6f8d5adc7520646839a4681f2563cede7.e3iSbxaKaheRe3ePbN4LaNqMai1ynknvrkLOlQzNp65In0 HTTP/1.1" 200 15
201.245.192.253 - - [28/Sep/2022:11:37:33 -0500] "POST /sipse/faces/presentacion/financiero/solicitudProceso/consultarSolicitudProceso.xhtml HTTP/1.1" 200 118578
201.245.192.253 - - [28/Sep/2022:11:37:34 -0500] "POST /sipse/faces/presentacion/financiero/solicitudProceso/consultarSolicitudProceso.xhtml HTTP/1.1" 200 410034
201.245.192.253 - - [28/Sep/2022:11:37:34 -0500] "POST /sipse/faces/presentacion/financiero/solicitudProceso/consultarSolicitudProceso.xhtml HTTP/1.1" 200 31901
201.245.192.253 - - [28/Sep/2022:11:37:34 -0500] "GET /sipse/faces/javax.faces.resource/theme.css?ln=primefaces-sipse HTTP/1.1" 304 -
201.245.192.253 - - [28/Sep/2022:11:37:34 -0500] "GET /sipse/faces/javax.faces.resource/jquery/jquery.js?ln=primefaces&v=4.0 HTTP/1.1" 304 -
201.245.192.253 - - [28/Sep/2022:11:37:34 -0500] "GET /sipse/faces/javax.faces.resource/primefaces.css?ln=primefaces&v=4.0 HTTP/1.1" 304 -
201.245.192.253 - - [28/Sep/2022:11:37:34 -0500] "GET /sipse/faces/javax.faces.resource/layout/layout.css?ln=primefaces&v=4.0 HTTP/1.1" 304 -
201.245.192.253 - - [28/Sep/2022:11:37:34 -0500] "GET /sipse/faces/javax.faces.resource/jquery/jquery-plugins.js?ln=primefaces&v=4.0 HTTP/1.1" 304 -
201.245.192.253 - - [28/Sep/2022:11:37:34 -0500] "GET /sipse/faces/javax.faces.resource/primefaces.js?ln=primefaces&v=4.0 HTTP/1.1" 304 -
201.245.192.253 - - [28/Sep/2022:11:37:34 -0500] "GET /sipse/faces/javax.faces.resource/layout/layout.js?ln=primefaces&v=4.0 HTTP/1.1" 304 -
201.245.192.253 - - [28/Sep/2022:11:37:35 -0500] "GET /sipse/faces/javax.faces.resource/images/ui-icons_898989_256x240.png?ln=primefaces-aristo HTTP/1.1" 304 -
201.245.192.253 - - [28/Sep/2022:11:37:35 -0500] "POST /sipse/faces/presentacion/sistema/reporte/listarReportes.xhtml HTTP/1.1" 200 22334
201.245.192.253 - - [28/Sep/2022:11:37:35 -0500] "GET /sipse/faces/javax.faces.resource/theme.css?ln=primefaces-sipse HTTP/1.1" 304 -
201.245.192.253 - - [28/Sep/2022:11:37:35 -0500] "GET /sipse/faces/javax.faces.resource/primefaces.css?ln=primefaces&v=4.0 HTTP/1.1" 304 -
201.245.192.253 - - [28/Sep/2022:11:37:35 -0500] "GET /sipse/faces/javax.faces.resource/layout/layout.js?ln=primefaces&v=4.0 HTTP/1.1" 304 -
201.245.192.253 - - [28/Sep/2022:11:37:35 -0500] "GET /sipse/faces/javax.faces.resource/jquery/jquery.js?ln=primefaces&v=4.0 HTTP/1.1" 304 -
201.245.192.253 - - [28/Sep/2022:11:37:35 -0500] "GET /sipse/faces/javax.faces.resource/layout/layout.css?ln=primefaces&v=4.0 HTTP/1.1" 304 -
201.245.192.253 - - [28/Sep/2022:11:37:35 -0500] "GET /sipse/faces/javax.faces.resource/jquery/jquery-plugins.js?ln=primefaces&v=4.0 HTTP/1.1" 304 -
201.245.192.253 - - [28/Sep/2022:11:37:35 -0500] "GET /sipse/faces/javax.faces.resource/primefaces.js?ln=primefaces&v=4.0 HTTP/1.1" 304 -
201.245.192.253 - - [28/Sep/2022:11:37:35 -0500] "GET /sipse/faces/javax.faces.resource/images/ui-icons_898989_256x240.png?ln=primefaces-aristo HTTP/1.1" 304 -
201.245.192.253 - - [28/Sep/2022:11:37:36 -0500] "POST /sipse/faces/presentacion/financiero/solicitudProceso/consultarSolicitudProceso.xhtml HTTP/1.1" 200 81663
200.118.64.109 - - [28/Sep/2022:11:37:40 -0500] "POST /forms/lservlet;jsessionid=ac16012b30d6f8d5adc7520646839a4681f2563cede7.e3iSbxaKaheRe3ePbN4LaNqMai1ynknvrkLOlQzNp65In0 HTTP/1.1" 200 15
201.245.192.253 - - [28/Sep/2022:11:37:43 -0500] "GET /sipse/faces/javax.faces.resource/images/ui-bg_flat_0_2d5972_40x100.png?ln=primefaces-aristo HTTP/1.1" 304 -
201.245.192.253 - - [28/Sep/2022:11:37:43 -0500] "POST /sipse/faces/presentacion/financiero/solicitudProceso/registrarAnotacion.xhtml HTTP/1.1" 200 117384
201.245.192.253 - - [28/Sep/2022:11:37:43 -0500] "GET /sipse/faces/javax.faces.resource/jquery/jquery.js?ln=primefaces&v=4.0 HTTP/1.1" 304 -
201.245.192.253 - - [28/Sep/2022:11:37:43 -0500] "GET /sipse/faces/javax.faces.resource/jquery/jquery-plugins.js?ln=primefaces&v=4.0 HTTP/1.1" 304 -
201.245.192.253 - - [28/Sep/2022:11:37:43 -0500] "GET /sipse/faces/javax.faces.resource/primefaces.js?ln=primefaces&v=4.0 HTTP/1.1" 304 -
201.245.192.253 - - [28/Sep/2022:11:37:43 -0500] "GET /sipse/faces/javax.faces.resource/layout/layout.js?ln=primefaces&v=4.0 HTTP/1.1" 304 -
201.245.192.253 - - [28/Sep/2022:11:37:43 -0500] "GET /sipse/faces/javax.faces.resource/dynamiccontent.properties?ln=primefaces&pfdrid=XjOR5%2F%2FfPAZAuY9TpWQeCiM0BhlXxYRBGKi%2FQcXXfeA%3D&pfdrid_c=false HTTP/1.1" 500 383
200.118.64.109 - - [28/Sep/2022:11:37:49 -0500] "POST /forms/lservlet;jsessionid=ac16012b30d6f8d5adc7520646839a4681f2563cede7.e3iSbxaKaheRe3ePbN4LaNqMai1ynknvrkLOlQzNp65In0 HTTP/1.1" 200 15
201.245.192.253 - - [28/Sep/2022:11:37:49 -0500] "POST /sipse/faces/presentacion/financiero/solicitudProceso/consultarSolicitudProceso.xhtml HTTP/1.1" 200 70748
201.245.192.253 - - [28/Sep/2022:11:37:52 -0500] "GET /sipse/faces/javax.faces.resource/jquery/jquery.js?ln=primefaces&v=4.0 HTTP/1.1" 304 -
201.245.192.253 - - [28/Sep/2022:11:37:52 -0500] "GET /sipse/faces/javax.faces.resource/jquery/jquery-plugins.js?ln=primefaces&v=4.0 HTTP/1.1" 304 -
201.245.192.253 - - [28/Sep/2022:11:37:52 -0500] "GET /sipse/faces/javax.faces.resource/primefaces.js?ln=primefaces&v=4.0 HTTP/1.1" 304 -
201.245.192.253 - - [28/Sep/2022:11:37:52 -0500] "GET /sipse/faces/javax.faces.resource/layout/layout.js?ln=primefaces&v=4.0 HTTP/1.1" 304 -
201.245.192.253 - - [28/Sep/2022:11:37:52 -0500] "GET /sipse/faces/javax.faces.resource/messages/messages.png?ln=primefaces&v=4.0 HTTP/1.1" 304 -
201.245.192.253 - - [28/Sep/2022:11:37:52 -0500] "POST /sipse/faces/presentacion/financiero/solicitudProceso/listarSolicitudProceso.xhtml HTTP/1.1" 200 1544
200.118.64.109 - - [28/Sep/2022:11:37:58 -0500] "POST /forms/lservlet;jsessionid=ac16012b30d6f8d5adc7520646839a4681f2563cede7.e3iSbxaKaheRe3ePbN4LaNqMai1ynknvrkLOlQzNp65In0 HTTP/1.1" 200 15
201.245.192.253 - - [28/Sep/2022:11:38:00 -0500] "POST /sipse/faces/presentacion/financiero/solicitudProceso/listarSolicitudProceso.xhtml HTTP/1.1" 200 28841
200.118.64.109 - - [28/Sep/2022:11:38:07 -0500] "POST /forms/lservlet;jsessionid=ac16012b30d6f8d5adc7520646839a4681f2563cede7.e3iSbxaKaheRe3ePbN4LaNqMai1ynknvrkLOlQzNp65In0 HTTP/1.1" 200 15
172.22.2.4 - - [28/Sep/2022:11:36:32 -0500] "GET /BLA/boletinlegal/ HTTP/1.1" 200 59828
200.118.64.109 - - [28/Sep/2022:11:38:16 -0500] "POST /forms/lservlet;jsessionid=ac16012b30d6f8d5adc7520646839a4681f2563cede7.e3iSbxaKaheRe3ePbN4LaNqMai1ynknvrkLOlQzNp65In0 HTTP/1.1" 200 15
200.118.64.109 - - [28/Sep/2022:11:38:25 -0500] "POST /forms/lservlet;jsessionid=ac16012b30d6f8d5adc7520646839a4681f2563cede7.e3iSbxaKaheRe3ePbN4LaNqMai1ynknvrkLOlQzNp65In0 HTTP/1.1" 200 15
201.245.192.253 - - [28/Sep/2022:11:38:33 -0500] "POST /sipse/faces/presentacion/financiero/solicitudProceso/listarSolicitudProceso.xhtml HTTP/1.1" 200 117726
201.245.192.253 - - [28/Sep/2022:11:38:34 -0500] "GET /sipse/faces/javax.faces.resource/jquery/jquery.js?ln=primefaces&v=4.0 HTTP/1.1" 304 -
201.245.192.253 - - [28/Sep/2022:11:38:34 -0500] "GET /sipse/faces/javax.faces.resource/jquery/jquery-plugins.js?ln=primefaces&v=4.0 HTTP/1.1" 304 -
201.245.192.253 - - [28/Sep/2022:11:38:34 -0500] "GET /sipse/faces/javax.faces.resource/primefaces.js?ln=primefaces&v=4.0 HTTP/1.1" 304 -
201.245.192.253 - - [28/Sep/2022:11:38:34 -0500] "GET /sipse/faces/javax.faces.resource/layout/layout.js?ln=primefaces&v=4.0 HTTP/1.1" 304 -
201.245.192.253 - - [28/Sep/2022:11:38:34 -0500] "GET /sipse/faces/javax.faces.resource/dynamiccontent.properties?ln=primefaces&pfdrid=XjOR5%2F%2FfPAZAuY9TpWQeCiM0BhlXxYRBGKi%2FQcXXfeA%3D&pfdrid_c=false HTTP/1.1" 500 383
200.118.64.109 - - [28/Sep/2022:11:38:34 -0500] "POST /forms/lservlet;jsessionid=ac16012b30d6f8d5adc7520646839a4681f2563cede7.e3iSbxaKaheRe3ePbN4LaNqMai1ynknvrkLOlQzNp65In0 HTTP/1.1" 200 15
162.221.192.26 - - [28/Sep/2022:11:38:38 -0500] "GET / HTTP/1.1" 200 319
162.221.192.26 - - [28/Sep/2022:11:38:39 -0500] "GET /showLogin.cc HTTP/1.1" 404 1018
200.118.64.109 - - [28/Sep/2022:11:38:43 -0500] "POST /forms/lservlet;jsessionid=ac16012b30d6f8d5adc7520646839a4681f2563cede7.e3iSbxaKaheRe3ePbN4LaNqMai1ynknvrkLOlQzNp65In0 HTTP/1.1" 200 15
201.245.192.253 - - [28/Sep/2022:11:38:44 -0500] "POST /kwsrmcab/Wsrmcab  HTTP/1.1" 200 43876
200.118.64.109 - - [28/Sep/2022:11:38:52 -0500] "POST /forms/lservlet;jsessionid=ac16012b30d6f8d5adc7520646839a4681f2563cede7.e3iSbxaKaheRe3ePbN4LaNqMai1ynknvrkLOlQzNp65In0 HTTP/1.1" 200 15
201.245.192.253 - - [28/Sep/2022:11:38:50 -0500] "POST /kwsrmcab/Wsrmcab HTTP/1.1" 200 44977
201.245.192.253 - - [28/Sep/2022:11:38:53 -0500] "GET /sipse/faces/javax.faces.resource/images/ui-bg_flat_0_2d5972_40x100.png?ln=primefaces-aristo HTTP/1.1" 304 -
201.245.192.253 - - [28/Sep/2022:11:38:53 -0500] "POST /sipse/faces/presentacion/sistema/reporte/ventanaVerReporteParametros.xhtml HTTP/1.1" 200 32070
201.245.192.253 - - [28/Sep/2022:11:38:54 -0500] "GET /sipse/faces/javax.faces.resource/jquery/jquery.js?ln=primefaces&v=4.0 HTTP/1.1" 304 -
201.245.192.253 - - [28/Sep/2022:11:38:54 -0500] "GET /sipse/faces/javax.faces.resource/jquery/jquery-plugins.js?ln=primefaces&v=4.0 HTTP/1.1" 304 -
201.245.192.253 - - [28/Sep/2022:11:38:54 -0500] "GET /sipse/faces/javax.faces.resource/primefaces.js?ln=primefaces&v=4.0 HTTP/1.1" 304 -
201.245.192.253 - - [28/Sep/2022:11:38:54 -0500] "GET /sipse/faces/javax.faces.resource/layout/layout.js?ln=primefaces&v=4.0 HTTP/1.1" 304 -
201.245.192.253 - - [28/Sep/2022:11:38:54 -0500] "POST /kwsrmcab/Wsrmcab HTTP/1.1" 200 39930
185.119.81.96 - - [28/Sep/2022:11:38:58 -0500] "GET /portaldeninos/wp-login.php HTTP/1.1" 200 2592
185.119.81.96 - - [28/Sep/2022:11:38:59 -0500] "POST /portaldeninos/wp-login.php HTTP/1.1" 200 3670
200.118.64.109 - - [28/Sep/2022:11:39:01 -0500] "POST /forms/lservlet;jsessionid=ac16012b30d6f8d5adc7520646839a4681f2563cede7.e3iSbxaKaheRe3ePbN4LaNqMai1ynknvrkLOlQzNp65In0 HTTP/1.1" 200 15
200.118.64.109 - - [28/Sep/2022:11:39:10 -0500] "POST /forms/lservlet;jsessionid=ac16012b30d6f8d5adc7520646839a4681f2563cede7.e3iSbxaKaheRe3ePbN4LaNqMai1ynknvrkLOlQzNp65In0 HTTP/1.1" 200 15
201.245.192.253 - - [28/Sep/2022:11:39:11 -0500] "POST /sipse/faces/presentacion/sistema/reporte/listarReportes.xhtml HTTP/1.1" 200 22340
201.245.192.253 - - [28/Sep/2022:11:39:11 -0500] "GET /sipse/faces/javax.faces.resource/primefaces.css?ln=primefaces&v=4.0 HTTP/1.1" 304 -
201.245.192.253 - - [28/Sep/2022:11:39:11 -0500] "GET /sipse/faces/javax.faces.resource/theme.css?ln=primefaces-sipse HTTP/1.1" 304 -
201.245.192.253 - - [28/Sep/2022:11:39:11 -0500] "GET /sipse/faces/javax.faces.resource/layout/layout.js?ln=primefaces&v=4.0 HTTP/1.1" 304 -
201.245.192.253 - - [28/Sep/2022:11:39:11 -0500] "GET /sipse/faces/javax.faces.resource/layout/layout.css?ln=primefaces&v=4.0 HTTP/1.1" 304 -
201.245.192.253 - - [28/Sep/2022:11:39:11 -0500] "GET /sipse/faces/javax.faces.resource/primefaces.js?ln=primefaces&v=4.0 HTTP/1.1" 304 -
201.245.192.253 - - [28/Sep/2022:11:39:12 -0500] "GET /sipse/faces/javax.faces.resource/jquery/jquery-plugins.js?ln=primefaces&v=4.0 HTTP/1.1" 304 -
201.245.192.253 - - [28/Sep/2022:11:39:12 -0500] "GET /sipse/faces/javax.faces.resource/jquery/jquery.js?ln=primefaces&v=4.0 HTTP/1.1" 304 -
201.245.192.253 - - [28/Sep/2022:11:39:12 -0500] "GET /sipse/faces/javax.faces.resource/images/ui-icons_898989_256x240.png?ln=primefaces-aristo HTTP/1.1" 304 -
200.118.64.109 - - [28/Sep/2022:11:39:19 -0500] "POST /forms/lservlet;jsessionid=ac16012b30d6f8d5adc7520646839a4681f2563cede7.e3iSbxaKaheRe3ePbN4LaNqMai1ynknvrkLOlQzNp65In0 HTTP/1.1" 200 15
200.118.64.109 - - [28/Sep/2022:11:39:28 -0500] "POST /forms/lservlet;jsessionid=ac16012b30d6f8d5adc7520646839a4681f2563cede7.e3iSbxaKaheRe3ePbN4LaNqMai1ynknvrkLOlQzNp65In0 HTTP/1.1" 200 15
66.249.73.97 - - [28/Sep/2022:11:39:34 -0500] "-" 408 -
201.245.192.253 - - [28/Sep/2022:11:39:37 -0500] "POST /sipse/faces/presentacion/financiero/solicitudProceso/listarSolicitudProceso.xhtml HTTP/1.1" 200 911
201.245.192.253 - - [28/Sep/2022:11:39:38 -0500] "GET /sipse/faces/faces/autenticacion HTTP/1.1" 302 -
201.245.192.253 - - [28/Sep/2022:11:39:38 -0500] "GET /sipse/faces/autenticacion.xhtml HTTP/1.1" 200 12179
201.245.192.253 - - [28/Sep/2022:11:39:38 -0500] "GET /sipse/faces/javax.faces.resource/theme.css?ln=primefaces-sipse HTTP/1.1" 304 -
201.245.192.253 - - [28/Sep/2022:11:39:38 -0500] "GET /sipse/faces/javax.faces.resource/primefaces.js?ln=primefaces&v=4.0 HTTP/1.1" 304 -
201.245.192.253 - - [28/Sep/2022:11:39:38 -0500] "GET /sipse/faces/javax.faces.resource/jquery/jquery.js?ln=primefaces&v=4.0 HTTP/1.1" 304 -
201.245.192.253 - - [28/Sep/2022:11:39:38 -0500] "GET /sipse/faces/javax.faces.resource/layout/layout.css?ln=primefaces&v=4.0 HTTP/1.1" 304 -
201.245.192.253 - - [28/Sep/2022:11:39:38 -0500] "GET /sipse/faces/javax.faces.resource/jquery/jquery-plugins.js?ln=primefaces&v=4.0 HTTP/1.1" 304 -
201.245.192.253 - - [28/Sep/2022:11:39:38 -0500] "GET /sipse/faces/javax.faces.resource/primefaces.css?ln=primefaces&v=4.0 HTTP/1.1" 304 -
201.245.192.253 - - [28/Sep/2022:11:39:38 -0500] "GET /sipse/faces/javax.faces.resource/layout/layout.js?ln=primefaces&v=4.0 HTTP/1.1" 304 -
201.245.192.253 - - [28/Sep/2022:11:39:38 -0500] "GET /sipse/faces/javax.faces.resource/images/ui-icons_898989_256x240.png?ln=primefaces-aristo HTTP/1.1" 304 -
200.118.64.109 - - [28/Sep/2022:11:39:37 -0500] "POST /forms/lservlet;jsessionid=ac16012b30d6f8d5adc7520646839a4681f2563cede7.e3iSbxaKaheRe3ePbN4LaNqMai1ynknvrkLOlQzNp65In0 HTTP/1.1" 200 15
201.245.192.253 - - [28/Sep/2022:11:39:40 -0500] "POST /sipse/faces/autenticacion.xhtml HTTP/1.1" 200 2217
201.245.192.253 - - [28/Sep/2022:11:39:40 -0500] "GET /sipse/faces/javax.faces.resource/messages/messages.png?ln=primefaces&v=4.0 HTTP/1.1" 304 -
201.245.192.253 - - [28/Sep/2022:11:39:41 -0500] "POST /sipse/faces/autenticacion.xhtml HTTP/1.1" 200 16239
201.245.192.253 - - [28/Sep/2022:11:39:41 -0500] "GET /sipse/faces/javax.faces.resource/theme.css?ln=primefaces-sipse HTTP/1.1" 304 -
201.245.192.253 - - [28/Sep/2022:11:39:41 -0500] "GET /sipse/faces/javax.faces.resource/layout/layout.css?ln=primefaces&v=4.0 HTTP/1.1" 304 -
201.245.192.253 - - [28/Sep/2022:11:39:41 -0500] "GET /sipse/faces/javax.faces.resource/primefaces.css?ln=primefaces&v=4.0 HTTP/1.1" 304 -
201.245.192.253 - - [28/Sep/2022:11:39:41 -0500] "GET /sipse/faces/javax.faces.resource/jquery/jquery.js?ln=primefaces&v=4.0 HTTP/1.1" 304 -
201.245.192.253 - - [28/Sep/2022:11:39:41 -0500] "GET /sipse/faces/javax.faces.resource/jquery/jquery-plugins.js?ln=primefaces&v=4.0 HTTP/1.1" 304 -
201.245.192.253 - - [28/Sep/2022:11:39:41 -0500] "GET /sipse/faces/javax.faces.resource/primefaces.js?ln=primefaces&v=4.0 HTTP/1.1" 304 -
201.245.192.253 - - [28/Sep/2022:11:39:42 -0500] "GET /sipse/faces/javax.faces.resource/layout/layout.js?ln=primefaces&v=4.0 HTTP/1.1" 304 -
201.245.192.253 - - [28/Sep/2022:11:39:42 -0500] "GET /sipse/css/imagen/contrasena.png HTTP/1.1" 404 383
201.245.192.253 - - [28/Sep/2022:11:39:42 -0500] "GET /sipse/faces/javax.faces.resource/images/ui-bg_flat_0_2d5972_40x100.png?ln=primefaces-aristo HTTP/1.1" 304 -
201.245.192.253 - - [28/Sep/2022:11:39:42 -0500] "POST /sipse/faces/bienvenido.xhtml HTTP/1.1" 200 2658
201.245.192.253 - - [28/Sep/2022:11:39:43 -0500] "POST /sipse/faces/bienvenido.xhtml HTTP/1.1" 200 65597
201.245.192.253 - - [28/Sep/2022:11:39:46 -0500] "GET /sipse/faces/javax.faces.resource/primefaces.css?ln=primefaces&v=4.0 HTTP/1.1" 304 -
201.245.192.253 - - [28/Sep/2022:11:39:46 -0500] "GET /sipse/faces/javax.faces.resource/layout/layout.css?ln=primefaces&v=4.0 HTTP/1.1" 304 -
201.245.192.253 - - [28/Sep/2022:11:39:46 -0500] "GET /sipse/faces/javax.faces.resource/theme.css?ln=primefaces-sipse HTTP/1.1" 304 -
201.245.192.253 - - [28/Sep/2022:11:39:46 -0500] "GET /sipse/faces/javax.faces.resource/jquery/jquery.js?ln=primefaces&v=4.0 HTTP/1.1" 304 -
201.245.192.253 - - [28/Sep/2022:11:39:46 -0500] "GET /sipse/faces/javax.faces.resource/jquery/jquery-plugins.js?ln=primefaces&v=4.0 HTTP/1.1" 304 -
201.245.192.253 - - [28/Sep/2022:11:39:46 -0500] "GET /sipse/faces/javax.faces.resource/primefaces.js?ln=primefaces&v=4.0 HTTP/1.1" 304 -
201.245.192.253 - - [28/Sep/2022:11:39:46 -0500] "GET /sipse/faces/javax.faces.resource/layout/layout.js?ln=primefaces&v=4.0 HTTP/1.1" 304 -
201.245.192.253 - - [28/Sep/2022:11:39:46 -0500] "POST /sipse/faces/presentacion/financiero/solicitudProceso/listarSolicitudProceso.xhtml HTTP/1.1" 200 1544
200.118.64.109 - - [28/Sep/2022:11:39:46 -0500] "POST /forms/lservlet;jsessionid=ac16012b30d6f8d5adc7520646839a4681f2563cede7.e3iSbxaKaheRe3ePbN4LaNqMai1ynknvrkLOlQzNp65In0 HTTP/1.1" 200 15
207.46.13.89 - - [28/Sep/2022:11:39:54 -0500] "GET /BLA/resoluciones/RESOLUCIONES%202021/1920.pdf HTTP/1.1" 304 -
200.118.64.109 - - [28/Sep/2022:11:39:58 -0500] "POST /forms/lservlet;jsessionid=ac16012b30d6f8d5adc7520646839a4681f2563cede7.e3iSbxaKaheRe3ePbN4LaNqMai1ynknvrkLOlQzNp65In0 HTTP/1.1" 200 15
201.245.192.253 - - [28/Sep/2022:11:40:03 -0500] "GET /sipse/faces/javax.faces.resource/images/ui-bg_flat_0_2d5972_40x100.png?ln=primefaces-aristo HTTP/1.1" 304 -
201.245.192.253 - - [28/Sep/2022:11:40:03 -0500] "POST /sipse/faces/presentacion/sistema/reporte/ventanaVerReporteParametros.xhtml HTTP/1.1" 200 32070
201.245.192.253 - - [28/Sep/2022:11:40:03 -0500] "GET /sipse/faces/javax.faces.resource/jquery/jquery.js?ln=primefaces&v=4.0 HTTP/1.1" 304 -
201.245.192.253 - - [28/Sep/2022:11:40:03 -0500] "GET /sipse/faces/javax.faces.resource/jquery/jquery-plugins.js?ln=primefaces&v=4.0 HTTP/1.1" 304 -
201.245.192.253 - - [28/Sep/2022:11:40:03 -0500] "GET /sipse/faces/javax.faces.resource/primefaces.js?ln=primefaces&v=4.0 HTTP/1.1" 304 -
201.245.192.253 - - [28/Sep/2022:11:40:03 -0500] "GET /sipse/faces/javax.faces.resource/layout/layout.js?ln=primefaces&v=4.0 HTTP/1.1" 304 -
201.245.192.253 - - [28/Sep/2022:11:40:12 -0500] "POST /sipse/faces/presentacion/sistema/reporte/listarReportes.xhtml HTTP/1.1" 200 22328
201.245.192.253 - - [28/Sep/2022:11:40:12 -0500] "GET /sipse/faces/javax.faces.resource/theme.css?ln=primefaces-sipse HTTP/1.1" 304 -
201.245.192.253 - - [28/Sep/2022:11:40:12 -0500] "GET /sipse/faces/javax.faces.resource/primefaces.css?ln=primefaces&v=4.0 HTTP/1.1" 304 -
201.245.192.253 - - [28/Sep/2022:11:40:12 -0500] "GET /sipse/faces/javax.faces.resource/layout/layout.css?ln=primefaces&v=4.0 HTTP/1.1" 304 -
201.245.192.253 - - [28/Sep/2022:11:40:12 -0500] "GET /sipse/faces/javax.faces.resource/jquery/jquery.js?ln=primefaces&v=4.0 HTTP/1.1" 304 -
201.245.192.253 - - [28/Sep/2022:11:40:12 -0500] "GET /sipse/faces/javax.faces.resource/jquery/jquery-plugins.js?ln=primefaces&v=4.0 HTTP/1.1" 304 -
201.245.192.253 - - [28/Sep/2022:11:40:12 -0500] "GET /sipse/faces/javax.faces.resource/layout/layout.js?ln=primefaces&v=4.0 HTTP/1.1" 304 -
201.245.192.253 - - [28/Sep/2022:11:40:12 -0500] "GET /sipse/faces/javax.faces.resource/primefaces.js?ln=primefaces&v=4.0 HTTP/1.1" 304 -
201.245.192.253 - - [28/Sep/2022:11:40:12 -0500] "GET /sipse/faces/javax.faces.resource/images/ui-icons_898989_256x240.png?ln=primefaces-aristo HTTP/1.1" 304 -
200.118.64.109 - - [28/Sep/2022:11:40:22 -0500] "GET /forms/frmservlet?config=sia HTTP/1.1" 200 4046
200.118.64.109 - - [28/Sep/2022:11:40:22 -0500] "GET /favicon.ico HTTP/1.1" 200 7782
200.118.64.109 - - [28/Sep/2022:11:40:23 -0500] "GET /forms/frmservlet?config=sia HTTP/1.1" 200 4046
200.118.64.109 - - [28/Sep/2022:11:40:23 -0500] "GET /forms/java/frmall_jinit.jar HTTP/1.1" 304 -
200.118.64.109 - - [28/Sep/2022:11:40:24 -0500] "GET /forms/java/icons.jar HTTP/1.1" 304 -
200.118.64.109 - - [28/Sep/2022:11:40:24 -0500] "GET /forms/java/java/awt/KeyboardFocusManager.class HTTP/1.1" 404 352
200.118.64.109 - - [28/Sep/2022:11:40:24 -0500] "GET /forms/java/java/awt/event/MouseWheelListener.class HTTP/1.1" 404 356
200.118.64.109 - - [28/Sep/2022:11:40:24 -0500] "GET /forms/java/oracle/forms/registry/Registry.dat HTTP/1.1" 200 4213
200.118.64.109 - - [28/Sep/2022:11:40:24 -0500] "GET /forms/java/oracle/forms/registry/default.dat HTTP/1.1" 404 350
200.118.64.109 - - [28/Sep/2022:11:40:25 -0500] "GET /forms/frmservlet?config=sia&acceptLanguage=en-us,en;q=0.5&ifcmd=startsession HTTP/1.1" 200 118
200.118.64.109 - - [28/Sep/2022:11:40:25 -0500] "GET /forms/lservlet;jsessionid=ac16012b30d6cea60823f9d74625980f953eace16ced.e3iSbxaKaheRe3ePbN4LaNqMai1ynknvrkLOlQzNp65In0?ifcmd=getinfo HTTP/1.1" 200 8
200.118.64.109 - - [28/Sep/2022:11:40:25 -0500] "POST /forms/lservlet;jsessionid=ac16012b30d6cea60823f9d74625980f953eace16ced.e3iSbxaKaheRe3ePbN4LaNqMai1ynknvrkLOlQzNp65In0 HTTP/1.1" 200 8
200.118.64.109 - - [28/Sep/2022:11:40:26 -0500] "GET /forms/java/oracle/forms/engine/RunformBundle_es_CO.class HTTP/1.1" 404 362
200.118.64.109 - - [28/Sep/2022:11:40:26 -0500] "GET /forms/java/oracle/forms/engine/RunformBundle_es_CO.properties HTTP/1.1" 404 367
200.118.64.109 - - [28/Sep/2022:11:40:26 -0500] "POST /forms/lservlet;jsessionid=ac16012b30d6cea60823f9d74625980f953eace16ced.e3iSbxaKaheRe3ePbN4LaNqMai1ynknvrkLOlQzNp65In0 HTTP/1.1" 200 14
200.118.64.109 - - [28/Sep/2022:11:40:27 -0500] "POST /forms/lservlet;jsessionid=ac16012b30d6cea60823f9d74625980f953eace16ced.e3iSbxaKaheRe3ePbN4LaNqMai1ynknvrkLOlQzNp65In0 HTTP/1.1" 200 64000
200.118.64.109 - - [28/Sep/2022:11:40:27 -0500] "POST /forms/lservlet;jsessionid=ac16012b30d6cea60823f9d74625980f953eace16ced.e3iSbxaKaheRe3ePbN4LaNqMai1ynknvrkLOlQzNp65In0 HTTP/1.1" 200 64000
200.118.64.109 - - [28/Sep/2022:11:40:28 -0500] "POST /forms/lservlet;jsessionid=ac16012b30d6cea60823f9d74625980f953eace16ced.e3iSbxaKaheRe3ePbN4LaNqMai1ynknvrkLOlQzNp65In0 HTTP/1.1" 200 63623
103.132.55.218 - - [28/Sep/2022:11:40:28 -0500] "GET / HTTP/1.1" 200 319
200.118.64.109 - - [28/Sep/2022:11:40:28 -0500] "HEAD /imagenes/dama_logo.gif HTTP/1.1" 200 -
200.118.64.109 - - [28/Sep/2022:11:40:28 -0500] "GET /imagenes/dama_logo.gif HTTP/1.1" 200 21482
200.118.64.109 - - [28/Sep/2022:11:40:29 -0500] "POST /forms/lservlet;jsessionid=ac16012b30d6cea60823f9d74625980f953eace16ced.e3iSbxaKaheRe3ePbN4LaNqMai1ynknvrkLOlQzNp65In0 HTTP/1.1" 200 2
200.118.64.109 - - [28/Sep/2022:11:40:29 -0500] "POST /forms/lservlet;jsessionid=ac16012b30d6cea60823f9d74625980f953eace16ced.e3iSbxaKaheRe3ePbN4LaNqMai1ynknvrkLOlQzNp65In0 HTTP/1.1" 200 2
200.118.64.109 - - [28/Sep/2022:11:40:41 -0500] "POST /forms/lservlet;jsessionid=ac16012b30d6cea60823f9d74625980f953eace16ced.e3iSbxaKaheRe3ePbN4LaNqMai1ynknvrkLOlQzNp65In0 HTTP/1.1" 200 7979
200.118.64.109 - - [28/Sep/2022:11:40:41 -0500] "POST /forms/lservlet;jsessionid=ac16012b30d6cea60823f9d74625980f953eace16ced.e3iSbxaKaheRe3ePbN4LaNqMai1ynknvrkLOlQzNp65In0 HTTP/1.1" 200 64
200.118.64.109 - - [28/Sep/2022:11:40:42 -0500] "POST /forms/lservlet;jsessionid=ac16012b30d6cea60823f9d74625980f953eace16ced.e3iSbxaKaheRe3ePbN4LaNqMai1ynknvrkLOlQzNp65In0 HTTP/1.1" 200 2
200.118.64.109 - - [28/Sep/2022:11:40:42 -0500] "POST /forms/lservlet;jsessionid=ac16012b30d6cea60823f9d74625980f953eace16ced.e3iSbxaKaheRe3ePbN4LaNqMai1ynknvrkLOlQzNp65In0 HTTP/1.1" 200 2
200.118.64.109 - - [28/Sep/2022:11:40:42 -0500] "POST /forms/lservlet;jsessionid=ac16012b30d6cea60823f9d74625980f953eace16ced.e3iSbxaKaheRe3ePbN4LaNqMai1ynknvrkLOlQzNp65In0 HTTP/1.1" 200 2
200.118.64.109 - - [28/Sep/2022:11:40:48 -0500] "POST /forms/lservlet;jsessionid=ac16012b30d6cea60823f9d74625980f953eace16ced.e3iSbxaKaheRe3ePbN4LaNqMai1ynknvrkLOlQzNp65In0 HTTP/1.1" 200 34712
200.118.64.109 - - [28/Sep/2022:11:40:49 -0500] "GET /imagenes/listval.gif HTTP/1.1" 200 905
