201.245.192.253 - - [28/Sep/2022:12:29:23 -0500] "GET /sipse/faces/javax.faces.resource/layout/layout.css?ln=primefaces&v=4.0 HTTP/1.1" 304 -
201.245.192.253 - - [28/Sep/2022:12:29:23 -0500] "GET /sipse/faces/javax.faces.resource/jquery/jquery.js?ln=primefaces&v=4.0 HTTP/1.1" 304 -
201.245.192.253 - - [28/Sep/2022:12:29:23 -0500] "GET /sipse/faces/javax.faces.resource/jquery/jquery-plugins.js?ln=primefaces&v=4.0 HTTP/1.1" 304 -
201.245.192.253 - - [28/Sep/2022:12:29:23 -0500] "GET /sipse/faces/javax.faces.resource/layout/layout.js?ln=primefaces&v=4.0 HTTP/1.1" 304 -
201.245.192.253 - - [28/Sep/2022:12:29:23 -0500] "GET /sipse/faces/javax.faces.resource/primefaces.js?ln=primefaces&v=4.0 HTTP/1.1" 304 -
201.245.192.253 - - [28/Sep/2022:12:29:23 -0500] "GET /sipse/faces/javax.faces.resource/layout/layout.js?ln=primefaces&v=4.0 HTTP/1.1" 304 -
201.245.192.253 - - [28/Sep/2022:12:29:23 -0500] "GET /sipse/faces/javax.faces.resource/images/ui-icons_898989_256x240.png?ln=primefaces-aristo HTTP/1.1" 304 -
201.245.192.253 - - [28/Sep/2022:12:29:23 -0500] "GET /sipse/faces/javax.faces.resource/dynamiccontent.properties?ln=primefaces&pfdrid=XjOR5%2F%2FfPAZAuY9TpWQeCiM0BhlXxYRBGKi%2FQcXXfeA%3D&pfdrid_c=false HTTP/1.1" 500 383
201.245.192.253 - - [28/Sep/2022:12:29:23 -0500] "POST /sipse/faces/bienvenido.xhtml HTTP/1.1" 200 65506
201.245.192.253 - - [28/Sep/2022:12:29:24 -0500] "GET /sipse/faces/javax.faces.resource/primefaces.css?ln=primefaces&v=4.0 HTTP/1.1" 304 -
201.245.192.253 - - [28/Sep/2022:12:29:24 -0500] "GET /sipse/faces/javax.faces.resource/theme.css?ln=primefaces-sipse HTTP/1.1" 304 -
201.245.192.253 - - [28/Sep/2022:12:29:24 -0500] "GET /sipse/faces/javax.faces.resource/layout/layout.css?ln=primefaces&v=4.0 HTTP/1.1" 304 -
201.245.192.253 - - [28/Sep/2022:12:29:24 -0500] "GET /sipse/faces/javax.faces.resource/jquery/jquery.js?ln=primefaces&v=4.0 HTTP/1.1" 304 -
201.245.192.253 - - [28/Sep/2022:12:29:24 -0500] "GET /sipse/faces/javax.faces.resource/jquery/jquery-plugins.js?ln=primefaces&v=4.0 HTTP/1.1" 304 -
201.245.192.253 - - [28/Sep/2022:12:29:24 -0500] "GET /sipse/faces/javax.faces.resource/primefaces.js?ln=primefaces&v=4.0 HTTP/1.1" 304 -
201.245.192.253 - - [28/Sep/2022:12:29:24 -0500] "GET /sipse/faces/javax.faces.resource/layout/layout.js?ln=primefaces&v=4.0 HTTP/1.1" 304 -
201.245.192.253 - - [28/Sep/2022:12:29:24 -0500] "POST /sipse/faces/presentacion/financiero/solicitudProceso/listarSolicitudProceso.xhtml HTTP/1.1" 200 1544
200.118.64.109 - - [28/Sep/2022:12:29:26 -0500] "POST /forms/lservlet;jsessionid=ac16012b30d6cea60823f9d74625980f953eace16ced.e3iSbxaKaheRe3ePbN4LaNqMai1ynknvrkLOlQzNp65In0 HTTP/1.1" 200 15
201.245.192.253 - - [28/Sep/2022:12:29:27 -0500] "POST /sipse/faces/presentacion/financiero/solicitudProceso/listarSolicitudProceso.xhtml HTTP/1.1" 200 13767
201.245.192.253 - - [28/Sep/2022:12:29:28 -0500] "POST /sipse/faces/presentacion/financiero/solicitudProceso/listarSolicitudProceso.xhtml HTTP/1.1" 200 154328
201.245.192.253 - - [28/Sep/2022:12:29:30 -0500] "GET /sipse/faces/javax.faces.resource/layout/layout.css?ln=primefaces&v=4.0 HTTP/1.1" 304 -
201.245.192.253 - - [28/Sep/2022:12:29:30 -0500] "GET /sipse/faces/javax.faces.resource/theme.css?ln=primefaces-sipse HTTP/1.1" 304 -
201.245.192.253 - - [28/Sep/2022:12:29:30 -0500] "GET /sipse/faces/javax.faces.resource/primefaces.css?ln=primefaces&v=4.0 HTTP/1.1" 304 -
201.245.192.253 - - [28/Sep/2022:12:29:30 -0500] "GET /sipse/faces/javax.faces.resource/jquery/jquery.js?ln=primefaces&v=4.0 HTTP/1.1" 304 -
201.245.192.253 - - [28/Sep/2022:12:29:30 -0500] "GET /sipse/faces/javax.faces.resource/jquery/jquery-plugins.js?ln=primefaces&v=4.0 HTTP/1.1" 304 -
201.245.192.253 - - [28/Sep/2022:12:29:30 -0500] "GET /sipse/faces/javax.faces.resource/primefaces.js?ln=primefaces&v=4.0 HTTP/1.1" 304 -
201.245.192.253 - - [28/Sep/2022:12:29:30 -0500] "GET /sipse/faces/javax.faces.resource/layout/layout.js?ln=primefaces&v=4.0 HTTP/1.1" 304 -
201.245.192.253 - - [28/Sep/2022:12:29:30 -0500] "GET /sipse/faces/javax.faces.resource/dynamiccontent.properties?ln=primefaces&pfdrid=XjOR5%2F%2FfPAZAuY9TpWQeCiM0BhlXxYRBGKi%2FQcXXfeA%3D&pfdrid_c=false HTTP/1.1" 500 383
201.245.192.253 - - [28/Sep/2022:12:29:31 -0500] "GET /sipse/faces/javax.faces.resource/images/ui-bg_flat_0_2d5972_40x100.png?ln=primefaces-aristo HTTP/1.1" 304 -
201.245.192.253 - - [28/Sep/2022:12:29:31 -0500] "POST /sipse/faces/presentacion/financiero/solicitudProyectoActividad/asociarProyectoSolicitud.xhtml HTTP/1.1" 200 6539
201.245.192.253 - - [28/Sep/2022:12:29:33 -0500] "POST /sipse/faces/presentacion/financiero/solicitudProyectoActividad/asociarProyectoSolicitud.xhtml HTTP/1.1" 200 1700
201.245.192.253 - - [28/Sep/2022:12:29:34 -0500] "POST /sipse/faces/presentacion/financiero/solicitudProyectoActividad/asociarProyectoSolicitud.xhtml HTTP/1.1" 200 37073
201.245.192.253 - - [28/Sep/2022:12:29:34 -0500] "GET /sipse/faces/javax.faces.resource/jquery/jquery.js?ln=primefaces&v=4.0 HTTP/1.1" 304 -
201.245.192.253 - - [28/Sep/2022:12:29:34 -0500] "GET /sipse/faces/javax.faces.resource/jquery/jquery-plugins.js?ln=primefaces&v=4.0 HTTP/1.1" 304 -
201.245.192.253 - - [28/Sep/2022:12:29:34 -0500] "GET /sipse/faces/javax.faces.resource/primefaces.js?ln=primefaces&v=4.0 HTTP/1.1" 304 -
201.245.192.253 - - [28/Sep/2022:12:29:34 -0500] "GET /sipse/faces/javax.faces.resource/layout/layout.js?ln=primefaces&v=4.0 HTTP/1.1" 304 -
200.118.64.109 - - [28/Sep/2022:12:29:35 -0500] "POST /forms/lservlet;jsessionid=ac16012b30d6cea60823f9d74625980f953eace16ced.e3iSbxaKaheRe3ePbN4LaNqMai1ynknvrkLOlQzNp65In0 HTTP/1.1" 200 15
201.245.192.253 - - [28/Sep/2022:12:29:42 -0500] "POST /sipse/faces/presentacion/financiero/solicitudProceso/consultarSolicitudProceso.xhtml HTTP/1.1" 200 70748
201.245.192.253 - - [28/Sep/2022:12:29:44 -0500] "GET /sipse/faces/javax.faces.resource/jquery/jquery.js?ln=primefaces&v=4.0 HTTP/1.1" 304 -
201.245.192.253 - - [28/Sep/2022:12:29:44 -0500] "GET /sipse/faces/javax.faces.resource/jquery/jquery-plugins.js?ln=primefaces&v=4.0 HTTP/1.1" 304 -
201.245.192.253 - - [28/Sep/2022:12:29:44 -0500] "GET /sipse/faces/javax.faces.resource/primefaces.js?ln=primefaces&v=4.0 HTTP/1.1" 304 -
201.245.192.253 - - [28/Sep/2022:12:29:44 -0500] "GET /sipse/faces/javax.faces.resource/layout/layout.js?ln=primefaces&v=4.0 HTTP/1.1" 304 -
201.245.192.253 - - [28/Sep/2022:12:29:44 -0500] "GET /sipse/faces/javax.faces.resource/messages/messages.png?ln=primefaces&v=4.0 HTTP/1.1" 304 -
201.245.192.253 - - [28/Sep/2022:12:29:44 -0500] "POST /sipse/faces/presentacion/financiero/solicitudProceso/listarSolicitudProceso.xhtml HTTP/1.1" 200 1544
200.118.64.109 - - [28/Sep/2022:12:29:44 -0500] "POST /forms/lservlet;jsessionid=ac16012b30d6cea60823f9d74625980f953eace16ced.e3iSbxaKaheRe3ePbN4LaNqMai1ynknvrkLOlQzNp65In0 HTTP/1.1" 200 15
201.245.192.253 - - [28/Sep/2022:12:29:50 -0500] "POST /sipse/faces/presentacion/financiero/solicitudProceso/listarSolicitudProceso.xhtml HTTP/1.1" 200 10744
172.22.2.4 - - [28/Sep/2022:12:28:11 -0500] "HEAD /BLA/boletinlegal/ HTTP/1.1" 200 -
200.118.64.109 - - [28/Sep/2022:12:29:53 -0500] "POST /forms/lservlet;jsessionid=ac16012b30d6cea60823f9d74625980f953eace16ced.e3iSbxaKaheRe3ePbN4LaNqMai1ynknvrkLOlQzNp65In0 HTTP/1.1" 200 15
186.102.6.152 - - [28/Sep/2022:12:29:54 -0500] "GET /kwssiamovil/sm/ldap/au?x=U2FsdGVkX1+lhd3l6GhcEftI5vwKcDZtVtWt9I2nGpl2qJqclCKz0GquDMD/6NA7&y=U2FsdGVkX1+WuLlgErTdN+/CQt2Dd9Ao7Qk2LqXoU4+6lINsQrn5o6hIhlcywWO+ HTTP/1.1" 200 30
186.102.6.152 - - [28/Sep/2022:12:29:54 -0500] "GET /kwssiamovil/sm/acme/s?s=U2FsdGVkX19IKc29De9iC4YpkV3fntw7h9eEljaqWLafYaCnk/ErpaHgAyiHXf4AqqZtzVLqLcLIsyjFnu9FfLdhSzLw/GICW35mtA2VFSM=&u=U2FsdGVkX18Jiw2RQHAavotFtxB77GjIpFgeXaBuGcA=&y=U2FsdGVkX1+WuLlgErTdN+/CQt2Dd9Ao7Qk2LqXoU4+6lINsQrn5o6hIhlcywWO+ HTTP/1.1" 200 97
200.118.64.109 - - [28/Sep/2022:12:30:02 -0500] "POST /forms/lservlet;jsessionid=ac16012b30d6cea60823f9d74625980f953eace16ced.e3iSbxaKaheRe3ePbN4LaNqMai1ynknvrkLOlQzNp65In0 HTTP/1.1" 200 15
186.102.6.152 - - [28/Sep/2022:12:30:10 -0500] "GET /kwssiamovil/sm/ldap/au?x=U2FsdGVkX1/m6dCkIG3mnrvVS8mhs/RrwwRa5nPo5YZjmn16sGccAq37vAf3BWRA&y=U2FsdGVkX19PS98maH7Sgc+UhiD/7katjOzor8mFadkcUktnVVICCXTpcOnY+0yV HTTP/1.1" 200 30
181.235.120.247 - - [28/Sep/2022:12:30:10 -0500] "POST /sipse/faces/presentacion/financiero/solicitudProceso/consultarSolicitudProceso.xhtml HTTP/1.1" 200 66224
181.235.120.247 - - [28/Sep/2022:12:30:10 -0500] "GET /sipse/faces/javax.faces.resource/theme.css?ln=primefaces-sipse HTTP/1.1" 304 -
181.235.120.247 - - [28/Sep/2022:12:30:10 -0500] "GET /sipse/faces/javax.faces.resource/primefaces.css?ln=primefaces&v=4.0 HTTP/1.1" 304 -
181.235.120.247 - - [28/Sep/2022:12:30:10 -0500] "GET /sipse/faces/javax.faces.resource/layout/layout.css?ln=primefaces&v=4.0 HTTP/1.1" 304 -
181.235.120.247 - - [28/Sep/2022:12:30:10 -0500] "GET /sipse/faces/javax.faces.resource/jquery/jquery.js?ln=primefaces&v=4.0 HTTP/1.1" 304 -
181.235.120.247 - - [28/Sep/2022:12:30:10 -0500] "GET /sipse/faces/javax.faces.resource/jquery/jquery-plugins.js?ln=primefaces&v=4.0 HTTP/1.1" 304 -
181.235.120.247 - - [28/Sep/2022:12:30:10 -0500] "GET /sipse/faces/javax.faces.resource/primefaces.js?ln=primefaces&v=4.0 HTTP/1.1" 304 -
181.235.120.247 - - [28/Sep/2022:12:30:10 -0500] "GET /sipse/faces/javax.faces.resource/layout/layout.js?ln=primefaces&v=4.0 HTTP/1.1" 304 -
186.102.6.152 - - [28/Sep/2022:12:30:11 -0500] "GET /kwssiamovil/sm/acme/s?s=U2FsdGVkX1/PKNGuB0Slf1YRXdpCEIoVW1iFo+qGDRuAVEhey6T2gtJh8YI4iqPOdbYKFjsYNgo6eUzlBzjA3IvgO5thCU5Z9TJtUK+gGDM=&u=U2FsdGVkX1+RBYvKqLUqlNPqIAIxsReBKcT0PWM6tWw=&y=U2FsdGVkX19PS98maH7Sgc+UhiD/7katjOzor8mFadkcUktnVVICCXTpcOnY+0yV HTTP/1.1" 200 97
181.235.120.247 - - [28/Sep/2022:12:30:11 -0500] "POST /sipse/faces/presentacion/financiero/solicitudProceso/listarSolicitudProceso.xhtml HTTP/1.1" 200 59589
181.235.120.247 - - [28/Sep/2022:12:30:11 -0500] "POST /sipse/faces/presentacion/financiero/solicitudProceso/listarSolicitudProceso.xhtml HTTP/1.1" 200 59589
200.118.64.109 - - [28/Sep/2022:12:30:11 -0500] "POST /forms/lservlet;jsessionid=ac16012b30d6cea60823f9d74625980f953eace16ced.e3iSbxaKaheRe3ePbN4LaNqMai1ynknvrkLOlQzNp65In0 HTTP/1.1" 200 15
181.235.120.247 - - [28/Sep/2022:12:30:12 -0500] "POST /sipse/faces/presentacion/financiero/solicitudProceso/listarSolicitudProceso.xhtml HTTP/1.1" 200 1544
181.235.120.247 - - [28/Sep/2022:12:30:12 -0500] "POST /sipse/faces/presentacion/financiero/solicitudProceso/listarSolicitudProceso.xhtml HTTP/1.1" 200 1548
181.235.120.247 - - [28/Sep/2022:12:30:12 -0500] "POST /sipse/faces/presentacion/financiero/solicitudProceso/listarSolicitudProceso.xhtml HTTP/1.1" 200 1552
201.245.192.253 - - [28/Sep/2022:12:30:14 -0500] "POST /sipse/faces/presentacion/financiero/solicitudProyectoActividad/asociarActividadSolicitud.xhtml HTTP/1.1" 200 20038
201.245.192.253 - - [28/Sep/2022:12:30:14 -0500] "GET /sipse/faces/javax.faces.resource/jquery/jquery.js?ln=primefaces&v=4.0 HTTP/1.1" 304 -
201.245.192.253 - - [28/Sep/2022:12:30:14 -0500] "GET /sipse/faces/javax.faces.resource/jquery/jquery-plugins.js?ln=primefaces&v=4.0 HTTP/1.1" 304 -
201.245.192.253 - - [28/Sep/2022:12:30:14 -0500] "GET /sipse/faces/javax.faces.resource/primefaces.js?ln=primefaces&v=4.0 HTTP/1.1" 304 -
201.245.192.253 - - [28/Sep/2022:12:30:14 -0500] "GET /sipse/faces/javax.faces.resource/layout/layout.js?ln=primefaces&v=4.0 HTTP/1.1" 304 -
186.102.6.152 - - [28/Sep/2022:12:30:19 -0500] "GET /kwssiamovil/sm/ldap/au?x=U2FsdGVkX1/IMd+coY81PVFBRzDyVKZyIQ/6yQDpXsYTc7OxXq2A96nJZ7dhT8WB&y=U2FsdGVkX1+GZExYBj1ZSoYSP2OikeVAE+J/+b5KrJkxX5RLbHIHswDNFwTQxSer HTTP/1.1" 200 30
186.102.6.152 - - [28/Sep/2022:12:30:19 -0500] "GET /kwssiamovil/sm/acme/s?s=U2FsdGVkX1+0Kqcj+NBD3OiVoraKB7Ck16R5MjDcfNP/CNgGcIWv+sQftgeZ0kL2sQfTZbZVKh+1scQwOVzUWIsYrr6Y7X9MXVWTA4x/Q10=&u=U2FsdGVkX1+/jSURGMX/UfJhsjK8U1NvbJXRSsqlmuk=&y=U2FsdGVkX1+GZExYBj1ZSoYSP2OikeVAE+J/+b5KrJkxX5RLbHIHswDNFwTQxSer HTTP/1.1" 200 97
200.118.64.109 - - [28/Sep/2022:12:30:20 -0500] "POST /forms/lservlet;jsessionid=ac16012b30d6cea60823f9d74625980f953eace16ced.e3iSbxaKaheRe3ePbN4LaNqMai1ynknvrkLOlQzNp65In0 HTTP/1.1" 200 15
200.118.64.109 - - [28/Sep/2022:12:30:29 -0500] "POST /forms/lservlet;jsessionid=ac16012b30d6cea60823f9d74625980f953eace16ced.e3iSbxaKaheRe3ePbN4LaNqMai1ynknvrkLOlQzNp65In0 HTTP/1.1" 200 15
201.245.192.253 - - [28/Sep/2022:12:30:33 -0500] "POST /sipse/faces/presentacion/financiero/solicitudProyectoActividad/asociarFuentesSolicitud.xhtml HTTP/1.1" 200 69324
201.245.192.253 - - [28/Sep/2022:12:30:34 -0500] "GET /sipse/faces/javax.faces.resource/theme.css?ln=primefaces-sipse HTTP/1.1" 304 -
201.245.192.253 - - [28/Sep/2022:12:30:34 -0500] "GET /sipse/faces/javax.faces.resource/primefaces.css?ln=primefaces&v=4.0 HTTP/1.1" 304 -
201.245.192.253 - - [28/Sep/2022:12:30:34 -0500] "GET /sipse/faces/javax.faces.resource/layout/layout.css?ln=primefaces&v=4.0 HTTP/1.1" 304 -
201.245.192.253 - - [28/Sep/2022:12:30:34 -0500] "GET /sipse/faces/javax.faces.resource/jquery/jquery.js?ln=primefaces&v=4.0 HTTP/1.1" 304 -
201.245.192.253 - - [28/Sep/2022:12:30:34 -0500] "GET /sipse/faces/javax.faces.resource/primefaces.js?ln=primefaces&v=4.0 HTTP/1.1" 304 -
201.245.192.253 - - [28/Sep/2022:12:30:34 -0500] "GET /sipse/faces/javax.faces.resource/jquery/jquery-plugins.js?ln=primefaces&v=4.0 HTTP/1.1" 304 -
201.245.192.253 - - [28/Sep/2022:12:30:34 -0500] "GET /sipse/faces/javax.faces.resource/layout/layout.js?ln=primefaces&v=4.0 HTTP/1.1" 304 -
201.245.192.253 - - [28/Sep/2022:12:30:34 -0500] "GET /sipse/faces/javax.faces.resource/images/ui-icons_898989_256x240.png?ln=primefaces-aristo HTTP/1.1" 304 -
186.102.6.152 - - [28/Sep/2022:12:30:35 -0500] "GET /kwssiamovil/sm/ldap/au?x=U2FsdGVkX19vuQVbeJ/ym/Wb/HBARpNpj2SVFrUlknDVchDm131lKfTs30Kzg7u9&y=U2FsdGVkX1/Rak4ruJRbPbJbXi3nsKaTUxFcTHuYQloWwY9MfYVrQ4/XLUrcULWq HTTP/1.1" 200 30
186.102.6.152 - - [28/Sep/2022:12:30:35 -0500] "GET /kwssiamovil/sm/acme/s?s=U2FsdGVkX1/8FrI8eCnRUecRNShmm3EzwWPvcjYEBuzAN5pNqigQZ81X8orIHVoAorLIOg45FYQeZ5t/at1lDkmBRgyui6qMS8OKlEtuhy0=&u=U2FsdGVkX19pKIgbjrTPFpPHU+lH5YshwxBfDGUSSbc=&y=U2FsdGVkX1/Rak4ruJRbPbJbXi3nsKaTUxFcTHuYQloWwY9MfYVrQ4/XLUrcULWq HTTP/1.1" 200 97
186.102.6.152 - - [28/Sep/2022:12:30:37 -0500] "GET /kwssiamovil/sm/ldap/au?x=U2FsdGVkX1+0C/7jpGE2pa8wJaJNqPz5KMEezE9h1J6J48VLoPeKElca7omK6k+T&y=U2FsdGVkX1/XvwThXU0lHv7/1Lj9pEUzLABZ5xf3RpB4pn27RPc+iVx5Th/sD9rB HTTP/1.1" 200 30
186.102.6.152 - - [28/Sep/2022:12:30:37 -0500] "GET /kwssiamovil/sm/acme/s?s=U2FsdGVkX1//Kqa+9aV54VMNkoDpo6T0iP07OhOp8ii5LhaBXIFsFRWtuTfI02la5hmdU9fgjhKBqomYely0N5L3xYm7regwVRQoIshDdDw=&u=U2FsdGVkX1/tKJiyYgQXOutbpi2dXTzDQrHVv9mubSM=&y=U2FsdGVkX1/XvwThXU0lHv7/1Lj9pEUzLABZ5xf3RpB4pn27RPc+iVx5Th/sD9rB HTTP/1.1" 200 97
200.118.64.109 - - [28/Sep/2022:12:30:38 -0500] "POST /forms/lservlet;jsessionid=ac16012b30d6cea60823f9d74625980f953eace16ced.e3iSbxaKaheRe3ePbN4LaNqMai1ynknvrkLOlQzNp65In0 HTTP/1.1" 200 15
172.22.2.4 - - [28/Sep/2022:12:29:02 -0500] "GET /BLA/boletinlegal/ HTTP/1.1" 200 58163
201.245.192.253 - - [28/Sep/2022:12:30:41 -0500] "POST /sipse/faces/presentacion/financiero/solicitudProceso/crearModificarSolicitudProceso.xhtml HTTP/1.1" 200 44531
201.245.192.253 - - [28/Sep/2022:12:30:43 -0500] "GET /sipse/faces/javax.faces.resource/theme.css?ln=primefaces-sipse HTTP/1.1" 304 -
201.245.192.253 - - [28/Sep/2022:12:30:43 -0500] "GET /sipse/faces/javax.faces.resource/primefaces.css?ln=primefaces&v=4.0 HTTP/1.1" 304 -
201.245.192.253 - - [28/Sep/2022:12:30:43 -0500] "GET /sipse/faces/javax.faces.resource/layout/layout.css?ln=primefaces&v=4.0 HTTP/1.1" 304 -
201.245.192.253 - - [28/Sep/2022:12:30:43 -0500] "GET /sipse/faces/javax.faces.resource/jquery/jquery.js?ln=primefaces&v=4.0 HTTP/1.1" 304 -
201.245.192.253 - - [28/Sep/2022:12:30:43 -0500] "GET /sipse/faces/javax.faces.resource/jquery/jquery-plugins.js?ln=primefaces&v=4.0 HTTP/1.1" 304 -
201.245.192.253 - - [28/Sep/2022:12:30:43 -0500] "GET /sipse/faces/javax.faces.resource/layout/layout.js?ln=primefaces&v=4.0 HTTP/1.1" 304 -
201.245.192.253 - - [28/Sep/2022:12:30:43 -0500] "GET /sipse/faces/javax.faces.resource/primefaces.js?ln=primefaces&v=4.0 HTTP/1.1" 304 -
201.245.192.253 - - [28/Sep/2022:12:30:43 -0500] "GET /sipse/faces/javax.faces.resource/images/ui-icons_898989_256x240.png?ln=primefaces-aristo HTTP/1.1" 304 -
201.245.192.253 - - [28/Sep/2022:12:30:43 -0500] "POST /sipse/faces/presentacion/financiero/solicitudProceso/listarSolicitudProceso.xhtml HTTP/1.1" 200 117027
201.245.192.253 - - [28/Sep/2022:12:30:44 -0500] "GET /sipse/faces/javax.faces.resource/jquery/jquery.js?ln=primefaces&v=4.0 HTTP/1.1" 304 -
201.245.192.253 - - [28/Sep/2022:12:30:44 -0500] "GET /sipse/faces/javax.faces.resource/jquery/jquery-plugins.js?ln=primefaces&v=4.0 HTTP/1.1" 304 -
201.245.192.253 - - [28/Sep/2022:12:30:44 -0500] "GET /sipse/faces/javax.faces.resource/primefaces.js?ln=primefaces&v=4.0 HTTP/1.1" 304 -
201.245.192.253 - - [28/Sep/2022:12:30:44 -0500] "GET /sipse/faces/javax.faces.resource/layout/layout.js?ln=primefaces&v=4.0 HTTP/1.1" 304 -
201.245.192.253 - - [28/Sep/2022:12:30:44 -0500] "GET /sipse/faces/javax.faces.resource/dynamiccontent.properties?ln=primefaces&pfdrid=XjOR5%2F%2FfPAZAuY9TpWQeCiM0BhlXxYRBGKi%2FQcXXfeA%3D&pfdrid_c=false HTTP/1.1" 500 383
200.118.64.109 - - [28/Sep/2022:12:30:47 -0500] "POST /forms/lservlet;jsessionid=ac16012b30d6cea60823f9d74625980f953eace16ced.e3iSbxaKaheRe3ePbN4LaNqMai1ynknvrkLOlQzNp65In0 HTTP/1.1" 200 15
201.245.192.253 - - [28/Sep/2022:12:30:55 -0500] "GET /sipse/faces/javax.faces.resource/images/ui-bg_flat_0_2d5972_40x100.png?ln=primefaces-aristo HTTP/1.1" 304 -
201.245.192.253 - - [28/Sep/2022:12:30:55 -0500] "POST /sipse/faces/presentacion/financiero/contrato/consultarContratosSolicitudProceso.xhtml HTTP/1.1" 200 49677
200.118.64.109 - - [28/Sep/2022:12:30:56 -0500] "POST /forms/lservlet;jsessionid=ac16012b30d6cea60823f9d74625980f953eace16ced.e3iSbxaKaheRe3ePbN4LaNqMai1ynknvrkLOlQzNp65In0 HTTP/1.1" 200 15
201.245.192.253 - - [28/Sep/2022:12:30:59 -0500] "POST /sipse/faces/presentacion/financiero/contrato/consultarContratosSolicitudProceso.xhtml HTTP/1.1" 200 64786
201.245.192.253 - - [28/Sep/2022:12:31:00 -0500] "GET /sipse/faces/javax.faces.resource/jquery/jquery.js?ln=primefaces&v=4.0 HTTP/1.1" 304 -
201.245.192.253 - - [28/Sep/2022:12:31:00 -0500] "GET /sipse/faces/javax.faces.resource/jquery/jquery-plugins.js?ln=primefaces&v=4.0 HTTP/1.1" 304 -
201.245.192.253 - - [28/Sep/2022:12:31:00 -0500] "GET /sipse/faces/javax.faces.resource/primefaces.js?ln=primefaces&v=4.0 HTTP/1.1" 304 -
201.245.192.253 - - [28/Sep/2022:12:31:00 -0500] "GET /sipse/faces/javax.faces.resource/layout/layout.js?ln=primefaces&v=4.0 HTTP/1.1" 304 -
200.118.64.109 - - [28/Sep/2022:12:31:05 -0500] "POST /forms/lservlet;jsessionid=ac16012b30d6cea60823f9d74625980f953eace16ced.e3iSbxaKaheRe3ePbN4LaNqMai1ynknvrkLOlQzNp65In0 HTTP/1.1" 200 15
185.119.81.100 - - [28/Sep/2022:12:31:15 -0500] "GET /portaldeninos/wp-login.php HTTP/1.1" 200 2592
200.118.64.109 - - [28/Sep/2022:12:31:14 -0500] "POST /forms/lservlet;jsessionid=ac16012b30d6cea60823f9d74625980f953eace16ced.e3iSbxaKaheRe3ePbN4LaNqMai1ynknvrkLOlQzNp65In0 HTTP/1.1" 200 15
185.119.81.100 - - [28/Sep/2022:12:31:16 -0500] "POST /portaldeninos/wp-login.php HTTP/1.1" 200 3605
200.118.64.109 - - [28/Sep/2022:12:31:23 -0500] "POST /forms/lservlet;jsessionid=ac16012b30d6cea60823f9d74625980f953eace16ced.e3iSbxaKaheRe3ePbN4LaNqMai1ynknvrkLOlQzNp65In0 HTTP/1.1" 200 15
200.118.64.109 - - [28/Sep/2022:12:31:32 -0500] "POST /forms/lservlet;jsessionid=ac16012b30d6cea60823f9d74625980f953eace16ced.e3iSbxaKaheRe3ePbN4LaNqMai1ynknvrkLOlQzNp65In0 HTTP/1.1" 200 15
157.55.39.202 - - [28/Sep/2022:12:31:36 -0500] "GET / HTTP/1.1" 200 319
200.118.64.109 - - [28/Sep/2022:12:31:42 -0500] "POST /forms/lservlet;jsessionid=ac16012b30d6cea60823f9d74625980f953eace16ced.e3iSbxaKaheRe3ePbN4LaNqMai1ynknvrkLOlQzNp65In0 HTTP/1.1" 200 15
200.118.64.109 - - [28/Sep/2022:12:31:51 -0500] "POST /forms/lservlet;jsessionid=ac16012b30d6cea60823f9d74625980f953eace16ced.e3iSbxaKaheRe3ePbN4LaNqMai1ynknvrkLOlQzNp65In0 HTTP/1.1" 200 15
200.118.64.109 - - [28/Sep/2022:12:32:00 -0500] "POST /forms/lservlet;jsessionid=ac16012b30d6cea60823f9d74625980f953eace16ced.e3iSbxaKaheRe3ePbN4LaNqMai1ynknvrkLOlQzNp65In0 HTTP/1.1" 200 15
201.245.192.253 - - [28/Sep/2022:12:32:01 -0500] "POST /sipse/faces/presentacion/financiero/solicitudProceso/consultarSolicitudProceso.xhtml HTTP/1.1" 200 168092
201.245.192.253 - - [28/Sep/2022:12:32:04 -0500] "POST /sipse/faces/presentacion/financiero/solicitudProceso/consultarSolicitudProceso.xhtml HTTP/1.1" 200 250833
201.245.192.253 - - [28/Sep/2022:12:32:07 -0500] "POST /sipse/faces/presentacion/financiero/solicitudProceso/consultarSolicitudProceso.xhtml HTTP/1.1" 200 98125
207.46.13.89 - - [28/Sep/2022:12:32:08 -0500] "GET /BLA/resoluciones/AUTOS%202020/3204.pdf HTTP/1.1" 304 -
200.118.64.109 - - [28/Sep/2022:12:32:09 -0500] "POST /forms/lservlet;jsessionid=ac16012b30d6cea60823f9d74625980f953eace16ced.e3iSbxaKaheRe3ePbN4LaNqMai1ynknvrkLOlQzNp65In0 HTTP/1.1" 200 15
64.124.8.38 - - [28/Sep/2022:12:32:10 -0500] "GET /portaldeninos/humedal-juan-amarillo-2/ HTTP/1.1" 200 88155
200.118.64.109 - - [28/Sep/2022:12:32:18 -0500] "POST /forms/lservlet;jsessionid=ac16012b30d6cea60823f9d74625980f953eace16ced.e3iSbxaKaheRe3ePbN4LaNqMai1ynknvrkLOlQzNp65In0 HTTP/1.1" 200 15
216.245.221.92 - - [28/Sep/2022:12:32:23 -0500] "HEAD / HTTP/1.1" 200 -
200.118.64.109 - - [28/Sep/2022:12:32:27 -0500] "POST /forms/lservlet;jsessionid=ac16012b30d6cea60823f9d74625980f953eace16ced.e3iSbxaKaheRe3ePbN4LaNqMai1ynknvrkLOlQzNp65In0 HTTP/1.1" 200 15
200.118.64.109 - - [28/Sep/2022:12:32:36 -0500] "POST /forms/lservlet;jsessionid=ac16012b30d6cea60823f9d74625980f953eace16ced.e3iSbxaKaheRe3ePbN4LaNqMai1ynknvrkLOlQzNp65In0 HTTP/1.1" 200 15
172.22.2.4 - - [28/Sep/2022:12:32:42 -0500] "GET /BLA/boletinlegal/images/body_bg.jpg HTTP/1.1" 200 1601
172.22.2.4 - - [28/Sep/2022:12:32:42 -0500] "GET /BLA/boletinlegal/images/menu_lft.gif HTTP/1.1" 200 1713
172.22.2.4 - - [28/Sep/2022:12:32:42 -0500] "GET /BLA/boletinlegal/images/bg_top.jpg HTTP/1.1" 200 522
172.22.2.4 - - [28/Sep/2022:12:32:42 -0500] "GET /BLA/boletinlegal/images/menu_rght.gif HTTP/1.1" 200 1627
172.22.2.4 - - [28/Sep/2022:12:32:42 -0500] "GET /BLA/boletinlegal/images/menu_bg.jpg HTTP/1.1" 200 620
172.22.2.4 - - [28/Sep/2022:12:32:42 -0500] "GET /BLA/boletinlegal/images/text.jpg HTTP/1.1" 200 568
172.22.2.4 - - [28/Sep/2022:12:32:42 -0500] "GET /BLA/boletinlegal/images/hover.jpg HTTP/1.1" 200 640
200.118.64.109 - - [28/Sep/2022:12:32:45 -0500] "POST /forms/lservlet;jsessionid=ac16012b30d6cea60823f9d74625980f953eace16ced.e3iSbxaKaheRe3ePbN4LaNqMai1ynknvrkLOlQzNp65In0 HTTP/1.1" 200 15
172.22.2.4 - - [28/Sep/2022:12:32:47 -0500] "GET /BLA/boletinlegal/images/footer_bg.jpg HTTP/1.1" 200 586
172.22.2.4 - - [28/Sep/2022:12:32:47 -0500] "GET /BLA/boletinlegal/images/arr_r.jpg HTTP/1.1" 200 1998
172.22.2.4 - - [28/Sep/2022:12:32:47 -0500] "GET /BLA/boletinlegal/images/screen_3.png HTTP/1.1" 200 210620
172.22.2.4 - - [28/Sep/2022:12:32:47 -0500] "GET /BLA/boletinlegal/images/screen_2.png HTTP/1.1" 200 362502
172.22.2.4 - - [28/Sep/2022:12:32:47 -0500] "GET /BLA/boletinlegal/images/screen_5.png HTTP/1.1" 200 368876
185.119.81.100 - - [28/Sep/2022:12:32:48 -0500] "GET /portaldeninos/wp-login.php HTTP/1.1" 200 2592
185.119.81.100 - - [28/Sep/2022:12:32:49 -0500] "POST /portaldeninos/wp-login.php HTTP/1.1" 200 3605
201.245.192.253 - - [28/Sep/2022:12:32:55 -0500] "POST /sipse/faces/presentacion/financiero/solicitudProceso/crearModificarSolicitudProceso.xhtml HTTP/1.1" 200 21128
201.245.192.253 - - [28/Sep/2022:12:32:55 -0500] "GET /sipse/faces/javax.faces.resource/theme.css?ln=primefaces-sipse HTTP/1.1" 304 -
201.245.192.253 - - [28/Sep/2022:12:32:55 -0500] "GET /sipse/faces/javax.faces.resource/primefaces.css?ln=primefaces&v=4.0 HTTP/1.1" 304 -
201.245.192.253 - - [28/Sep/2022:12:32:55 -0500] "GET /sipse/faces/javax.faces.resource/layout/layout.css?ln=primefaces&v=4.0 HTTP/1.1" 304 -
201.245.192.253 - - [28/Sep/2022:12:32:55 -0500] "GET /sipse/faces/javax.faces.resource/jquery/jquery.js?ln=primefaces&v=4.0 HTTP/1.1" 304 -
201.245.192.253 - - [28/Sep/2022:12:32:55 -0500] "GET /sipse/faces/javax.faces.resource/primefaces.js?ln=primefaces&v=4.0 HTTP/1.1" 304 -
201.245.192.253 - - [28/Sep/2022:12:32:55 -0500] "GET /sipse/faces/javax.faces.resource/layout/layout.js?ln=primefaces&v=4.0 HTTP/1.1" 304 -
201.245.192.253 - - [28/Sep/2022:12:32:55 -0500] "GET /sipse/faces/javax.faces.resource/jquery/jquery-plugins.js?ln=primefaces&v=4.0 HTTP/1.1" 304 -
201.245.192.253 - - [28/Sep/2022:12:32:55 -0500] "GET /sipse/faces/javax.faces.resource/fileupload/fileupload.js?ln=primefaces&v=4.0 HTTP/1.1" 304 -
201.245.192.253 - - [28/Sep/2022:12:32:55 -0500] "GET /sipse/faces/javax.faces.resource/fileupload/fileupload.css?ln=primefaces&v=4.0 HTTP/1.1" 304 -
200.118.64.109 - - [28/Sep/2022:12:32:54 -0500] "POST /forms/lservlet;jsessionid=ac16012b30d6cea60823f9d74625980f953eace16ced.e3iSbxaKaheRe3ePbN4LaNqMai1ynknvrkLOlQzNp65In0 HTTP/1.1" 200 15
201.245.192.253 - - [28/Sep/2022:12:32:55 -0500] "GET /sipse/faces/javax.faces.resource/images/ui-icons_898989_256x240.png?ln=primefaces-aristo HTTP/1.1" 304 -
172.22.2.4 - - [28/Sep/2022:12:32:55 -0500] "GET /BLA/boletinlegal/images/pdf.gif HTTP/1.1" 200 567
200.118.64.109 - - [28/Sep/2022:12:33:03 -0500] "POST /forms/lservlet;jsessionid=ac16012b30d6cea60823f9d74625980f953eace16ced.e3iSbxaKaheRe3ePbN4LaNqMai1ynknvrkLOlQzNp65In0 HTTP/1.1" 200 15
157.55.39.112 - - [28/Sep/2022:12:33:05 -0500] "-" 408 -
45.33.96.205 - - [28/Sep/2022:12:33:06 -0500] "GET / HTTP/1.1" 200 319
201.245.192.253 - - [28/Sep/2022:12:33:11 -0500] "POST /sipse/faces/presentacion/sistema/anexos/cargarAnexoSolicitudProceso.xhtml HTTP/1.1" 200 70668
201.245.192.253 - - [28/Sep/2022:12:33:11 -0500] "GET /sipse/faces/javax.faces.resource/theme.css?ln=primefaces-sipse HTTP/1.1" 304 -
201.245.192.253 - - [28/Sep/2022:12:33:11 -0500] "GET /sipse/faces/javax.faces.resource/primefaces.css?ln=primefaces&v=4.0 HTTP/1.1" 304 -
201.245.192.253 - - [28/Sep/2022:12:33:11 -0500] "GET /sipse/faces/javax.faces.resource/layout/layout.css?ln=primefaces&v=4.0 HTTP/1.1" 304 -
201.245.192.253 - - [28/Sep/2022:12:33:11 -0500] "GET /sipse/faces/javax.faces.resource/primefaces.js?ln=primefaces&v=4.0 HTTP/1.1" 304 -
201.245.192.253 - - [28/Sep/2022:12:33:11 -0500] "GET /sipse/faces/javax.faces.resource/jquery/jquery-plugins.js?ln=primefaces&v=4.0 HTTP/1.1" 304 -
201.245.192.253 - - [28/Sep/2022:12:33:11 -0500] "GET /sipse/faces/javax.faces.resource/jquery/jquery.js?ln=primefaces&v=4.0 HTTP/1.1" 304 -
201.245.192.253 - - [28/Sep/2022:12:33:11 -0500] "GET /sipse/faces/javax.faces.resource/layout/layout.js?ln=primefaces&v=4.0 HTTP/1.1" 304 -
201.245.192.253 - - [28/Sep/2022:12:33:11 -0500] "GET /sipse/faces/javax.faces.resource/images/ui-icons_898989_256x240.png?ln=primefaces-aristo HTTP/1.1" 304 -
200.118.64.109 - - [28/Sep/2022:12:33:12 -0500] "POST /forms/lservlet;jsessionid=ac16012b30d6cea60823f9d74625980f953eace16ced.e3iSbxaKaheRe3ePbN4LaNqMai1ynknvrkLOlQzNp65In0 HTTP/1.1" 200 15
201.245.192.253 - - [28/Sep/2022:12:33:15 -0500] "GET /sipse/faces/javax.faces.resource/images/ui-bg_flat_0_2d5972_40x100.png?ln=primefaces-aristo HTTP/1.1" 304 -
201.245.192.253 - - [28/Sep/2022:12:33:15 -0500] "POST /sipse/faces/presentacion/financiero/solicitudProceso/crearModificarSolicitudProceso.xhtml HTTP/1.1" 200 65222
201.245.192.253 - - [28/Sep/2022:12:33:17 -0500] "GET /sipse/faces/javax.faces.resource/jquery/jquery.js?ln=primefaces&v=4.0 HTTP/1.1" 304 -
201.245.192.253 - - [28/Sep/2022:12:33:18 -0500] "GET /sipse/faces/javax.faces.resource/jquery/jquery-plugins.js?ln=primefaces&v=4.0 HTTP/1.1" 304 -
201.245.192.253 - - [28/Sep/2022:12:33:18 -0500] "GET /sipse/faces/javax.faces.resource/primefaces.js?ln=primefaces&v=4.0 HTTP/1.1" 304 -
201.245.192.253 - - [28/Sep/2022:12:33:18 -0500] "GET /sipse/faces/javax.faces.resource/layout/layout.js?ln=primefaces&v=4.0 HTTP/1.1" 304 -
201.245.192.253 - - [28/Sep/2022:12:33:18 -0500] "GET /sipse/faces/javax.faces.resource/messages/messages.png?ln=primefaces&v=4.0 HTTP/1.1" 304 -
201.245.192.253 - - [28/Sep/2022:12:33:18 -0500] "POST /sipse/faces/presentacion/financiero/solicitudProceso/listarSolicitudProceso.xhtml HTTP/1.1" 200 1544
201.245.192.253 - - [28/Sep/2022:12:33:21 -0500] "POST /sipse/faces/presentacion/financiero/solicitudProceso/listarSolicitudProceso.xhtml HTTP/1.1" 200 33946
200.118.64.109 - - [28/Sep/2022:12:33:21 -0500] "POST /forms/lservlet;jsessionid=ac16012b30d6cea60823f9d74625980f953eace16ced.e3iSbxaKaheRe3ePbN4LaNqMai1ynknvrkLOlQzNp65In0 HTTP/1.1" 200 15
64.124.8.38 - - [28/Sep/2022:12:33:25 -0500] "GET /portaldeninos/feed/ HTTP/1.1" 200 77259
200.118.64.109 - - [28/Sep/2022:12:33:30 -0500] "POST /forms/lservlet;jsessionid=ac16012b30d6cea60823f9d74625980f953eace16ced.e3iSbxaKaheRe3ePbN4LaNqMai1ynknvrkLOlQzNp65In0 HTTP/1.1" 200 15
201.245.192.253 - - [28/Sep/2022:12:33:32 -0500] "POST /sipse/faces/presentacion/financiero/solicitudProceso/consultarSolicitudProceso.xhtml HTTP/1.1" 200 229300
201.245.192.253 - - [28/Sep/2022:12:33:30 -0500] "POST /kwsrmcab/Wsrmcab  HTTP/1.1" 200 43876
200.118.64.109 - - [28/Sep/2022:12:33:39 -0500] "POST /forms/lservlet;jsessionid=ac16012b30d6cea60823f9d74625980f953eace16ced.e3iSbxaKaheRe3ePbN4LaNqMai1ynknvrkLOlQzNp65In0 HTTP/1.1" 200 15
64.124.8.38 - - [28/Sep/2022:12:33:42 -0500] "GET /portaldeninos/comments/feed/ HTTP/1.1" 304 -
186.102.43.25 - - [28/Sep/2022:12:33:43 -0500] "GET /kwssiamovil/sm/ldap/au?x=U2FsdGVkX1809PQnaSjBiLtgKt2ernanF3HFOMMZ8navNyV/2txXecVPnpAZohTp&y=U2FsdGVkX1+DOCIAlKIJHeV+GqyiUdl91rTkGYe92B4= HTTP/1.1" 200 30
186.102.43.25 - - [28/Sep/2022:12:33:43 -0500] "GET /kwssiamovil/sm/acme/s?s=U2FsdGVkX18IjnikxuI2U/JkP/RjUzPZ8bbaNpQUNy2okwhRJzerVbu6aNhPKE0xo9tSBjHdsNUZPRODlrm1o2vWZ0B9NGaIqbNeM+pwfI0=&u=U2FsdGVkX1+3yumQ9ce4GtIbiN0lK10cdNCGixMIEXQ=&y=U2FsdGVkX1+DOCIAlKIJHeV+GqyiUdl91rTkGYe92B4= HTTP/1.1" 200 97
186.102.43.25 - - [28/Sep/2022:12:33:43 -0500] "GET /kwssiamovil/sm/acme/s?s=U2FsdGVkX19RARgfXu6Fap1vycPdAVzOyqSbcevQ6/bbtGW8D8YIVHtOlAOwRtMLoMIQBeCv/tjtll4FYb0hg6NqmMRaGnTGEtLDbB/sO1jSi7QAeHrpT0GN8CwW1elLmZUrXYavXRpsWBj+K0w7bAJuK3PZWKDdI7j/ft50PfOMAcAEzlQnfmpDZm+kyKlQl5nOFUxgCTY+aCLckDM0FTJiNB/2PNPO6xcPjkACtddOhlYc7L4EKb8aNLYoCqf8Cy4zEPg79PiN5hDsJ6CkehmzI3Z7vmps/YDLRd3zz+0+t0lHRwSM85QD2s9N9km+pJXvdNTeRz/3XanKYog1VpaNMeIisy063n7O4/81FVh0vxaxE7p2Zb3XIvNFw66Cqc9/mE+pjplyDQDeg4d/gMfO0cNuOC6AmQK4aonGnUI4aaOqFdjmnJ6tVVsTz/oJ9lkV+VE+gNVry/3fIQKVIbeNMnfj1favKiAgovpaCARzeNqfpQOMYTN8wMGuocsMfPIGKii1IxqT91CZqcuphRHtlD6dOIru6nG2velDs963+c8qaf5uIYmf5GFzTMi0CQ5feFXdNYXIOT3N/GvTFs+esf456Vf7nObsAXcI8Nu78VvIfxGD4VbQeOCtR2BTjiiruk/SP+r3fuHcZvDros5T8CIqrfOurx5uYi3UjKWoexnpeK+II7yHk+KvSIzhhfzjBzAgtsjnyrADMpIolV9MLxPMBavcyYkq8e4Xmx8KiDVh80Ba8SDCYva7g+/2I1PT8fTnxuNJWuyyKYn2bOjJy/qYC7RiTWt2ALzlraMp3dLbd4r4yvVs3x8iBzm21suMDHjZWTbGqKxQuLatTexWmLk8hfsUE7vu+ui+HATGYIZfPHpsfw/HCpWxpbqLNxqidp9HsV83UvKNZj3sCBE6fmEVb+myJ+O8qpCdBvzJdvdbUE//JblmXKFdtCD2Mmv9/1ImeTeCAKu1UhlMyfuBMbzjr2UzLiRDM2yNi82s+1ty6m3Ptre1HNDFkpa9y2Sdprbl65uxK47g6sNY5PAOGT0x6kkAD7goprl+0BjicxBTjJzjCxHF4JX+ocThrk2QMf4hyZTOz9dNwyGoWajIOgkwU3ByS9NO7+9EKauZciyJXCNKBLcpsYpW65o9pymTyoojg7WgEqTvOoXkXW+670vGBbx5kKDIGwrxxMJlY/gC8jrxvhAXxv9GRB4PeOTSPh+hTpl84RoEoLM82ugxGXhevtd47QQsRkeMfMs5HJvWW+njdm4paHymx8gdlzKCknJq0+ws21ZkYw4HOQJsfUgZimlZD7Z0U4Awof60LDEV7h9kP8C/J6zb+pO8Rb8id0sCuw2Hs28GEfuBnVVqIMiWJFeQiNvnVGMP1Egf6dVIrQfxJGuFz/JsPMPxb6M22Z/YEo8J6ZAZgg6bEeAyfBwogZVSTI/Zzor+1FU=&u=U2FsdGVkX1+3yumQ9ce4GtIbiN0lK10cdNCGixMIEXQ=&y=U2FsdGVkX1+DOCIAlKIJHeV+GqyiUdl91rTkGYe92B4= HTTP/1.1" 200 72
186.102.43.25 - - [28/Sep/2022:12:33:43 -0500] "GET /kwssiamovil/sm/acme/s?s=U2FsdGVkX18MWyYof6KbPdHf+IR7DhBZficA398xNV9LcJBJf5LQHvmSW7pg2gx4XU5nIa1c+y3ZO9RJYlLiAahoSYStP8TEOjiSkNfB3HUdI0LhTIUdov3Q7YrYqsjSg44qPGxoDXdfKqRhzaMtZM6tv2NsL7hefUCnA00o9zydraQ8WbHwys366sSigkBfSPEHpYc+EsyWQxW0Fn0LGAftx4TzDIvvQAxPoa72Eh5rh1ifvcbPTbdbEH/nP3De0C5/3c+G6gctd6tpCd7GSzTA+ZeqeMXZxtEB8kWz3raQZ+GbPYTIgagITgp3MQoL9cEh6O5vFJfKjcoLal3Nvg==&u=U2FsdGVkX1+3yumQ9ce4GtIbiN0lK10cdNCGixMIEXQ=&y=U2FsdGVkX1+DOCIAlKIJHeV+GqyiUdl91rTkGYe92B4= HTTP/1.1" 200 327
186.102.43.25 - - [28/Sep/2022:12:33:43 -0500] "GET /kwssiamovil/sm/cjson/pre?f=9&x=U2FsdGVkX1809PQnaSjBiLtgKt2ernanF3HFOMMZ8navNyV/2txXecVPnpAZohTp HTTP/1.1" 200 25142
186.102.43.25 - - [28/Sep/2022:12:33:43 -0500] "GET /kwssiamovil/sm/cjson/pre?f=18&x=U2FsdGVkX1809PQnaSjBiLtgKt2ernanF3HFOMMZ8navNyV/2txXecVPnpAZohTp HTTP/1.1" 200 32849
200.118.64.109 - - [28/Sep/2022:12:33:48 -0500] "POST /forms/lservlet;jsessionid=ac16012b30d6cea60823f9d74625980f953eace16ced.e3iSbxaKaheRe3ePbN4LaNqMai1ynknvrkLOlQzNp65In0 HTTP/1.1" 200 15
201.245.192.253 - - [28/Sep/2022:12:33:55 -0500] "POST /sipse/faces/presentacion/financiero/solicitudProceso/listarSolicitudProceso.xhtml HTTP/1.1" 200 110719
201.245.192.253 - - [28/Sep/2022:12:33:56 -0500] "GET /sipse/faces/javax.faces.resource/jquery/jquery.js?ln=primefaces&v=4.0 HTTP/1.1" 304 -
201.245.192.253 - - [28/Sep/2022:12:33:56 -0500] "GET /sipse/faces/javax.faces.resource/jquery/jquery-plugins.js?ln=primefaces&v=4.0 HTTP/1.1" 304 -
201.245.192.253 - - [28/Sep/2022:12:33:56 -0500] "GET /sipse/faces/javax.faces.resource/primefaces.js?ln=primefaces&v=4.0 HTTP/1.1" 304 -
201.245.192.253 - - [28/Sep/2022:12:33:56 -0500] "GET /sipse/faces/javax.faces.resource/layout/layout.js?ln=primefaces&v=4.0 HTTP/1.1" 304 -
201.245.192.253 - - [28/Sep/2022:12:33:56 -0500] "GET /sipse/faces/javax.faces.resource/dynamiccontent.properties?ln=primefaces&pfdrid=XjOR5%2F%2FfPAZAuY9TpWQeCiM0BhlXxYRBGKi%2FQcXXfeA%3D&pfdrid_c=false HTTP/1.1" 500 383
200.118.64.109 - - [28/Sep/2022:12:33:57 -0500] "POST /forms/lservlet;jsessionid=ac16012b30d6cea60823f9d74625980f953eace16ced.e3iSbxaKaheRe3ePbN4LaNqMai1ynknvrkLOlQzNp65In0 HTTP/1.1" 200 15
201.245.192.253 - - [28/Sep/2022:12:33:59 -0500] "POST /sipse/faces/presentacion/financiero/solicitudProceso/consultarSolicitudProceso.xhtml HTTP/1.1" 200 65414
201.245.192.253 - - [28/Sep/2022:12:34:01 -0500] "GET /sipse/faces/javax.faces.resource/jquery/jquery.js?ln=primefaces&v=4.0 HTTP/1.1" 304 -
201.245.192.253 - - [28/Sep/2022:12:34:01 -0500] "GET /sipse/faces/javax.faces.resource/jquery/jquery-plugins.js?ln=primefaces&v=4.0 HTTP/1.1" 304 -
201.245.192.253 - - [28/Sep/2022:12:34:01 -0500] "GET /sipse/faces/javax.faces.resource/primefaces.js?ln=primefaces&v=4.0 HTTP/1.1" 304 -
201.245.192.253 - - [28/Sep/2022:12:34:01 -0500] "GET /sipse/faces/javax.faces.resource/layout/layout.js?ln=primefaces&v=4.0 HTTP/1.1" 304 -
201.245.192.253 - - [28/Sep/2022:12:34:01 -0500] "POST /sipse/faces/presentacion/financiero/solicitudProceso/listarSolicitudProceso.xhtml HTTP/1.1" 200 1544
201.245.192.253 - - [28/Sep/2022:12:34:04 -0500] "POST /sipse/faces/presentacion/financiero/solicitudProceso/listarSolicitudProceso.xhtml HTTP/1.1" 200 33940
172.22.2.4 - - [28/Sep/2022:12:34:05 -0500] "GET /BLA/boletinlegal/actos.php HTTP/1.1" 200 9559
172.22.2.4 - - [28/Sep/2022:12:34:05 -0500] "GET /BLA/boletinlegal/js/ajax_actos.js HTTP/1.1" 200 1322
172.22.2.4 - - [28/Sep/2022:12:34:05 -0500] "GET /BLA/boletinlegal/niceforms-default.css HTTP/1.1" 200 6694
172.22.2.4 - - [28/Sep/2022:12:34:05 -0500] "GET /BLA/boletinlegal/niceforms.js HTTP/1.1" 200 22876
172.22.2.4 - - [28/Sep/2022:12:34:05 -0500] "GET /BLA/boletinlegal/js/lib.js HTTP/1.1" 200 6474
172.22.2.4 - - [28/Sep/2022:12:34:05 -0500] "GET /BLA/boletinlegal/js/popup.js HTTP/1.1" 200 1270
172.22.2.4 - - [28/Sep/2022:12:34:05 -0500] "GET /BLA/boletinlegal/js/jquery1.js HTTP/1.1" 200 29846
172.22.2.4 - - [28/Sep/2022:12:34:05 -0500] "GET /BLA/boletinlegal/images/green-yellow-blue-pink-th.png HTTP/1.1" 200 7394
172.22.2.4 - - [28/Sep/2022:12:34:05 -0500] "GET /BLA/boletinlegal/images/tel.png HTTP/1.1" 200 14477
172.22.2.4 - - [28/Sep/2022:12:34:05 -0500] "GET /BLA/boletinlegal/images/abajo.png HTTP/1.1" 200 96676
172.22.2.4 - - [28/Sep/2022:12:34:05 -0500] "GET /BLA/boletinlegal/images/icono-email.png HTTP/1.1" 200 5544
172.22.2.4 - - [28/Sep/2022:12:34:05 -0500] "GET /BLA/boletinlegal/images/footer_bg_l.jpg HTTP/1.1" 200 776
201.245.192.253 - - [28/Sep/2022:12:34:05 -0500] "GET /sipse/faces/javax.faces.resource/theme.css?ln=primefaces-sipse HTTP/1.1" 304 -
201.245.192.253 - - [28/Sep/2022:12:34:05 -0500] "GET /sipse/faces/javax.faces.resource/primefaces.css?ln=primefaces&v=4.0 HTTP/1.1" 304 -
201.245.192.253 - - [28/Sep/2022:12:34:05 -0500] "GET /sipse/faces/javax.faces.resource/layout/layout.css?ln=primefaces&v=4.0 HTTP/1.1" 304 -
201.245.192.253 - - [28/Sep/2022:12:34:05 -0500] "GET /sipse/faces/javax.faces.resource/jquery/jquery-plugins.js?ln=primefaces&v=4.0 HTTP/1.1" 304 -
201.245.192.253 - - [28/Sep/2022:12:34:05 -0500] "GET /sipse/faces/javax.faces.resource/jquery/jquery.js?ln=primefaces&v=4.0 HTTP/1.1" 304 -
201.245.192.253 - - [28/Sep/2022:12:34:05 -0500] "GET /sipse/faces/javax.faces.resource/primefaces.js?ln=primefaces&v=4.0 HTTP/1.1" 304 -
201.245.192.253 - - [28/Sep/2022:12:34:05 -0500] "GET /sipse/faces/javax.faces.resource/layout/layout.js?ln=primefaces&v=4.0 HTTP/1.1" 304 -
201.245.192.253 - - [28/Sep/2022:12:34:05 -0500] "POST /sipse/faces/presentacion/financiero/solicitudProceso/consultarSolicitudProceso.xhtml HTTP/1.1" 200 184171
201.245.192.253 - - [28/Sep/2022:12:34:05 -0500] "GET /sipse/css/imagen/contrasena.png HTTP/1.1" 404 383
201.245.192.253 - - [28/Sep/2022:12:34:05 -0500] "GET /sipse/faces/javax.faces.resource/images/ui-icons_898989_256x240.png?ln=primefaces-aristo HTTP/1.1" 304 -
172.22.2.4 - - [28/Sep/2022:12:34:05 -0500] "GET /BLA/boletinlegal/img/select-left.png HTTP/1.1" 200 263
172.22.2.4 - - [28/Sep/2022:12:34:05 -0500] "GET /BLA/boletinlegal/img/button-left.png HTTP/1.1" 200 57071
172.22.2.4 - - [28/Sep/2022:12:34:05 -0500] "GET /BLA/boletinlegal/img/select-right.png HTTP/1.1" 200 44019
172.22.2.4 - - [28/Sep/2022:12:34:05 -0500] "GET /BLA/boletinlegal/img/button.png HTTP/1.1" 200 43241
172.22.2.4 - - [28/Sep/2022:12:34:05 -0500] "GET /BLA/boletinlegal/img/button-right.png HTTP/1.1" 200 57878
172.22.2.4 - - [28/Sep/2022:12:34:06 -0500] "GET /BLA/boletinlegal/favicon.ico HTTP/1.1" 404 1230
172.22.2.4 - - [28/Sep/2022:12:34:06 -0500] "GET /BLA/boletinlegal/img/0.png HTTP/1.1" 200 110
201.245.192.253 - - [28/Sep/2022:12:34:06 -0500] "GET /sipse/faces/javax.faces.resource/dynamiccontent.properties?ln=primefaces&pfdrid=XjOR5%2F%2FfPAZAuY9TpWQeCiM0BhlXxYRBGKi%2FQcXXfeA%3D&pfdrid_c=false HTTP/1.1" 500 383
186.155.209.11 - - [28/Sep/2022:12:34:07 -0500] "GET /BLA/resoluciones/ HTTP/1.1" 200 13093
186.155.209.11 - - [28/Sep/2022:12:34:07 -0500] "GET /BLA/resoluciones/dlf/styles.css HTTP/1.1" 200 3049
186.155.209.11 - - [28/Sep/2022:12:34:07 -0500] "GET /BLA/resoluciones/dlf/bg.gif HTTP/1.1" 200 54
186.155.209.11 - - [28/Sep/2022:12:34:07 -0500] "GET /favicon.ico HTTP/1.1" 200 7782
200.118.64.109 - - [28/Sep/2022:12:34:06 -0500] "POST /forms/lservlet;jsessionid=ac16012b30d6cea60823f9d74625980f953eace16ced.e3iSbxaKaheRe3ePbN4LaNqMai1ynknvrkLOlQzNp65In0 HTTP/1.1" 200 15
201.245.192.253 - - [28/Sep/2022:12:34:08 -0500] "POST /sipse/faces/presentacion/financiero/solicitudProceso/listarSolicitudProceso.xhtml HTTP/1.1" 200 110303
201.245.192.253 - - [28/Sep/2022:12:34:09 -0500] "GET /sipse/faces/javax.faces.resource/jquery/jquery.js?ln=primefaces&v=4.0 HTTP/1.1" 304 -
201.245.192.253 - - [28/Sep/2022:12:34:09 -0500] "GET /sipse/faces/javax.faces.resource/jquery/jquery-plugins.js?ln=primefaces&v=4.0 HTTP/1.1" 304 -
201.245.192.253 - - [28/Sep/2022:12:34:09 -0500] "GET /sipse/faces/javax.faces.resource/primefaces.js?ln=primefaces&v=4.0 HTTP/1.1" 304 -
201.245.192.253 - - [28/Sep/2022:12:34:09 -0500] "GET /sipse/faces/javax.faces.resource/layout/layout.js?ln=primefaces&v=4.0 HTTP/1.1" 304 -
201.245.192.253 - - [28/Sep/2022:12:34:09 -0500] "GET /sipse/faces/javax.faces.resource/dynamiccontent.properties?ln=primefaces&pfdrid=XjOR5%2F%2FfPAZAuY9TpWQeCiM0BhlXxYRBGKi%2FQcXXfeA%3D&pfdrid_c=false HTTP/1.1" 500 383
201.245.192.253 - - [28/Sep/2022:12:34:10 -0500] "GET /sipse/faces/javax.faces.resource/images/ui-bg_flat_0_2d5972_40x100.png?ln=primefaces-aristo HTTP/1.1" 304 -
201.245.192.253 - - [28/Sep/2022:12:34:10 -0500] "POST /sipse/faces/presentacion/financiero/solicitudProceso/consultarSolicitudProceso.xhtml HTTP/1.1" 200 46503
201.245.192.253 - - [28/Sep/2022:12:34:12 -0500] "GET /sipse/faces/javax.faces.resource/theme.css?ln=primefaces-sipse HTTP/1.1" 304 -
201.245.192.253 - - [28/Sep/2022:12:34:12 -0500] "GET /sipse/faces/javax.faces.resource/primefaces.css?ln=primefaces&v=4.0 HTTP/1.1" 304 -
201.245.192.253 - - [28/Sep/2022:12:34:12 -0500] "GET /sipse/faces/javax.faces.resource/layout/layout.css?ln=primefaces&v=4.0 HTTP/1.1" 304 -
201.245.192.253 - - [28/Sep/2022:12:34:12 -0500] "GET /sipse/faces/javax.faces.resource/jquery/jquery.js?ln=primefaces&v=4.0 HTTP/1.1" 304 -
201.245.192.253 - - [28/Sep/2022:12:34:12 -0500] "GET /sipse/faces/javax.faces.resource/jquery/jquery-plugins.js?ln=primefaces&v=4.0 HTTP/1.1" 304 -
201.245.192.253 - - [28/Sep/2022:12:34:12 -0500] "GET /sipse/faces/javax.faces.resource/primefaces.js?ln=primefaces&v=4.0 HTTP/1.1" 304 -
201.245.192.253 - - [28/Sep/2022:12:34:12 -0500] "GET /sipse/faces/javax.faces.resource/layout/layout.js?ln=primefaces&v=4.0 HTTP/1.1" 304 -
201.245.192.253 - - [28/Sep/2022:12:34:12 -0500] "GET /sipse/faces/javax.faces.resource/messages/messages.png?ln=primefaces&v=4.0 HTTP/1.1" 304 -
201.245.192.253 - - [28/Sep/2022:12:34:12 -0500] "POST /sipse/faces/presentacion/financiero/solicitudProceso/listarSolicitudProceso.xhtml HTTP/1.1" 200 1472
186.155.209.11 - - [28/Sep/2022:12:34:13 -0500] "GET /BLA/resoluciones/dlf/dirup.png HTTP/1.1" 200 644
186.155.209.11 - - [28/Sep/2022:12:34:13 -0500] "GET /BLA/resoluciones/dlf/pdf.gif HTTP/1.1" 200 272
201.245.192.253 - - [28/Sep/2022:12:34:12 -0500] "POST /sipse/faces/presentacion/financiero/solicitudProceso/consultarSolicitudProceso.xhtml HTTP/1.1" 200 65408
201.245.192.253 - - [28/Sep/2022:12:34:14 -0500] "GET /sipse/faces/javax.faces.resource/jquery/jquery.js?ln=primefaces&v=4.0 HTTP/1.1" 304 -
201.245.192.253 - - [28/Sep/2022:12:34:14 -0500] "GET /sipse/faces/javax.faces.resource/jquery/jquery-plugins.js?ln=primefaces&v=4.0 HTTP/1.1" 304 -
201.245.192.253 - - [28/Sep/2022:12:34:14 -0500] "GET /sipse/faces/javax.faces.resource/primefaces.js?ln=primefaces&v=4.0 HTTP/1.1" 304 -
201.245.192.253 - - [28/Sep/2022:12:34:14 -0500] "GET /sipse/faces/javax.faces.resource/layout/layout.js?ln=primefaces&v=4.0 HTTP/1.1" 304 -
201.245.192.253 - - [28/Sep/2022:12:34:14 -0500] "POST /sipse/faces/presentacion/financiero/solicitudProceso/listarSolicitudProceso.xhtml HTTP/1.1" 200 1544
186.155.209.11 - - [28/Sep/2022:12:34:13 -0500] "GET /BLA/resoluciones/index.php?dir=RESOLUCIONES+2011%2F HTTP/1.1" 200 746823
172.22.2.1 - - [28/Sep/2022:12:34:11 -0500] "GET /reportes_sipse/sdg/ServletFirma?solicitud=18416 HTTP/1.1" 200 -
200.118.64.109 - - [28/Sep/2022:12:34:16 -0500] "POST /forms/lservlet;jsessionid=ac16012b30d6cea60823f9d74625980f953eace16ced.e3iSbxaKaheRe3ePbN4LaNqMai1ynknvrkLOlQzNp65In0 HTTP/1.1" 200 15
201.245.192.253 - - [28/Sep/2022:12:34:18 -0500] "POST /sipse/faces/presentacion/financiero/solicitudProceso/listarSolicitudProceso.xhtml HTTP/1.1" 200 33934
172.22.2.4 - - [28/Sep/2022:12:32:40 -0500] "GET /BLA/boletinlegal/ HTTP/1.1" 200 60874
201.245.192.253 - - [28/Sep/2022:12:34:20 -0500] "POST /sipse/faces/presentacion/financiero/solicitudProceso/listarSolicitudProceso.xhtml HTTP/1.1" 200 110260
201.245.192.253 - - [28/Sep/2022:12:34:21 -0500] "GET /sipse/faces/javax.faces.resource/jquery/jquery.js?ln=primefaces&v=4.0 HTTP/1.1" 304 -
201.245.192.253 - - [28/Sep/2022:12:34:21 -0500] "GET /sipse/faces/javax.faces.resource/jquery/jquery-plugins.js?ln=primefaces&v=4.0 HTTP/1.1" 304 -
201.245.192.253 - - [28/Sep/2022:12:34:21 -0500] "GET /sipse/faces/javax.faces.resource/primefaces.js?ln=primefaces&v=4.0 HTTP/1.1" 304 -
201.245.192.253 - - [28/Sep/2022:12:34:21 -0500] "GET /sipse/faces/javax.faces.resource/layout/layout.js?ln=primefaces&v=4.0 HTTP/1.1" 304 -
201.245.192.253 - - [28/Sep/2022:12:34:21 -0500] "GET /sipse/faces/javax.faces.resource/dynamiccontent.properties?ln=primefaces&pfdrid=XjOR5%2F%2FfPAZAuY9TpWQeCiM0BhlXxYRBGKi%2FQcXXfeA%3D&pfdrid_c=false HTTP/1.1" 500 383
200.118.64.109 - - [28/Sep/2022:12:34:25 -0500] "POST /forms/lservlet;jsessionid=ac16012b30d6cea60823f9d74625980f953eace16ced.e3iSbxaKaheRe3ePbN4LaNqMai1ynknvrkLOlQzNp65In0 HTTP/1.1" 200 15
201.245.192.253 - - [28/Sep/2022:12:34:27 -0500] "POST /sipse/faces/presentacion/financiero/solicitudProceso/consultarSolicitudProceso.xhtml HTTP/1.1" 200 65402
201.245.192.253 - - [28/Sep/2022:12:34:29 -0500] "GET /sipse/faces/javax.faces.resource/jquery/jquery.js?ln=primefaces&v=4.0 HTTP/1.1" 304 -
201.245.192.253 - - [28/Sep/2022:12:34:29 -0500] "GET /sipse/faces/javax.faces.resource/jquery/jquery-plugins.js?ln=primefaces&v=4.0 HTTP/1.1" 304 -
201.245.192.253 - - [28/Sep/2022:12:34:29 -0500] "GET /sipse/faces/javax.faces.resource/primefaces.js?ln=primefaces&v=4.0 HTTP/1.1" 304 -
201.245.192.253 - - [28/Sep/2022:12:34:29 -0500] "GET /sipse/faces/javax.faces.resource/layout/layout.js?ln=primefaces&v=4.0 HTTP/1.1" 304 -
201.245.192.253 - - [28/Sep/2022:12:34:30 -0500] "POST /sipse/faces/presentacion/financiero/solicitudProceso/listarSolicitudProceso.xhtml HTTP/1.1" 200 1544
201.245.192.253 - - [28/Sep/2022:12:34:32 -0500] "POST /sipse/faces/presentacion/financiero/solicitudProceso/listarSolicitudProceso.xhtml HTTP/1.1" 200 33928
200.118.64.109 - - [28/Sep/2022:12:34:34 -0500] "POST /forms/lservlet;jsessionid=ac16012b30d6cea60823f9d74625980f953eace16ced.e3iSbxaKaheRe3ePbN4LaNqMai1ynknvrkLOlQzNp65In0 HTTP/1.1" 200 15
191.156.146.20 - - [28/Sep/2022:12:34:37 -0500] "GET /sipse/faces/javax.faces.resource/primefaces.css?ln=primefaces&v=4.0 HTTP/1.1" 304 -
191.156.148.119 - - [28/Sep/2022:12:34:37 -0500] "GET /sipse/faces/javax.faces.resource/theme.css?ln=primefaces-sipse HTTP/1.1" 304 -
191.156.147.73 - - [28/Sep/2022:12:34:37 -0500] "GET /sipse/faces/javax.faces.resource/jquery/jquery.js?ln=primefaces&v=4.0 HTTP/1.1" 304 -
191.156.159.213 - - [28/Sep/2022:12:34:37 -0500] "GET /sipse/faces/javax.faces.resource/primefaces.js?ln=primefaces&v=4.0 HTTP/1.1" 304 -
191.156.146.73 - - [28/Sep/2022:12:34:37 -0500] "GET /sipse/faces/javax.faces.resource/jquery/jquery-plugins.js?ln=primefaces&v=4.0 HTTP/1.1" 304 -
191.156.146.20 - - [28/Sep/2022:12:34:37 -0500] "GET /sipse/faces/javax.faces.resource/layout/layout.js?ln=primefaces&v=4.0 HTTP/1.1" 304 -
191.156.148.119 - - [28/Sep/2022:12:34:37 -0500] "GET /sipse/faces/javax.faces.resource/layout/layout.css?ln=primefaces&v=4.0 HTTP/1.1" 304 -
172.22.2.4 - - [28/Sep/2022:12:34:37 -0500] "GET /BLA/boletinlegal/jurisprudencia/analisis/CUADRO%20SENTENCIA%20C-245%20DE%202004.doc HTTP/1.1" 304 -
191.156.148.119 - - [28/Sep/2022:12:34:37 -0500] "GET /sipse/faces/javax.faces.resource/images/ui-icons_898989_256x240.png?ln=primefaces-aristo HTTP/1.1" 304 -
191.156.148.119 - - [28/Sep/2022:12:34:38 -0500] "GET /sipse/faces/faces/faces/faces/faces/faces/faces/index.xhtml HTTP/1.1" 200 677
191.156.148.119 - - [28/Sep/2022:12:34:38 -0500] "GET /sipse/faces/javax.faces.resource/theme.css?ln=primefaces-sipse HTTP/1.1" 304 -
191.156.148.119 - - [28/Sep/2022:12:34:38 -0500] "GET /sipse/faces/faces/faces/faces/faces/faces/faces/faces/autenticacion.xhtml HTTP/1.1" 200 12179
191.156.159.213 - - [28/Sep/2022:12:34:38 -0500] "GET /sipse/faces/javax.faces.resource/jquery/jquery.js?ln=primefaces&v=4.0 HTTP/1.1" 304 -
191.156.148.119 - - [28/Sep/2022:12:34:38 -0500] "GET /sipse/faces/javax.faces.resource/theme.css?ln=primefaces-sipse HTTP/1.1" 304 -
191.156.146.20 - - [28/Sep/2022:12:34:38 -0500] "GET /sipse/faces/javax.faces.resource/primefaces.css?ln=primefaces&v=4.0 HTTP/1.1" 304 -
191.156.146.73 - - [28/Sep/2022:12:34:38 -0500] "GET /sipse/faces/javax.faces.resource/layout/layout.css?ln=primefaces&v=4.0 HTTP/1.1" 304 -
191.156.148.119 - - [28/Sep/2022:12:34:38 -0500] "GET /sipse/faces/javax.faces.resource/primefaces.js?ln=primefaces&v=4.0 HTTP/1.1" 304 -
191.156.147.73 - - [28/Sep/2022:12:34:38 -0500] "GET /sipse/faces/javax.faces.resource/jquery/jquery-plugins.js?ln=primefaces&v=4.0 HTTP/1.1" 304 -
191.156.159.213 - - [28/Sep/2022:12:34:38 -0500] "GET /sipse/faces/javax.faces.resource/layout/layout.js?ln=primefaces&v=4.0 HTTP/1.1" 304 -
172.22.2.1 - - [28/Sep/2022:12:34:34 -0500] "GET /reportes_sipse/sdg/ServletFirma?solicitud=18497 HTTP/1.1" 200 -
200.118.64.109 - - [28/Sep/2022:12:34:43 -0500] "POST /forms/lservlet;jsessionid=ac16012b30d6cea60823f9d74625980f953eace16ced.e3iSbxaKaheRe3ePbN4LaNqMai1ynknvrkLOlQzNp65In0 HTTP/1.1" 200 15
200.118.64.109 - - [28/Sep/2022:12:34:52 -0500] "POST /forms/lservlet;jsessionid=ac16012b30d6cea60823f9d74625980f953eace16ced.e3iSbxaKaheRe3ePbN4LaNqMai1ynknvrkLOlQzNp65In0 HTTP/1.1" 200 15
200.118.64.109 - - [28/Sep/2022:12:35:01 -0500] "POST /forms/lservlet;jsessionid=ac16012b30d6cea60823f9d74625980f953eace16ced.e3iSbxaKaheRe3ePbN4LaNqMai1ynknvrkLOlQzNp65In0 HTTP/1.1" 200 15
201.245.192.253 - - [28/Sep/2022:12:35:04 -0500] "POST /sipse/faces/presentacion/financiero/solicitudProceso/consultarSolicitudProceso.xhtml HTTP/1.1" 200 229300
200.118.64.109 - - [28/Sep/2022:12:35:10 -0500] "POST /forms/lservlet;jsessionid=ac16012b30d6cea60823f9d74625980f953eace16ced.e3iSbxaKaheRe3ePbN4LaNqMai1ynknvrkLOlQzNp65In0 HTTP/1.1" 200 15
200.118.64.109 - - [28/Sep/2022:12:35:19 -0500] "POST /forms/lservlet;jsessionid=ac16012b30d6cea60823f9d74625980f953eace16ced.e3iSbxaKaheRe3ePbN4LaNqMai1ynknvrkLOlQzNp65In0 HTTP/1.1" 200 15
201.245.192.253 - - [28/Sep/2022:12:35:20 -0500] "POST /sipse/faces/presentacion/financiero/solicitudProceso/listarSolicitudProceso.xhtml HTTP/1.1" 200 137219
