172.22.2.4 - - [28/Sep/2022:11:55:32 -0500] "GET /BLA/boletinlegal/images/footer_bg.jpg HTTP/1.1" 200 586
172.22.2.4 - - [28/Sep/2022:11:55:32 -0500] "GET /BLA/boletinlegal/images/menu_bg.jpg HTTP/1.1" 200 620
172.22.2.4 - - [28/Sep/2022:11:55:32 -0500] "GET /BLA/boletinlegal/images/text.jpg HTTP/1.1" 200 568
172.22.2.4 - - [28/Sep/2022:11:55:32 -0500] "GET /BLA/boletinlegal/images/menu_rght.gif HTTP/1.1" 200 1627
172.22.2.4 - - [28/Sep/2022:11:55:32 -0500] "GET /BLA/boletinlegal/images/bg_top.jpg HTTP/1.1" 200 522
172.22.2.4 - - [28/Sep/2022:11:55:32 -0500] "GET /BLA/boletinlegal/images/hover.jpg HTTP/1.1" 200 640
172.22.2.4 - - [28/Sep/2022:11:55:32 -0500] "GET /BLA/boletinlegal/images/tel.png HTTP/1.1" 200 14477
172.22.2.4 - - [28/Sep/2022:11:55:32 -0500] "GET /BLA/boletinlegal/images/icono-email.png HTTP/1.1" 200 5544
172.22.2.4 - - [28/Sep/2022:11:55:32 -0500] "GET /BLA/boletinlegal/images/footer_bg_l.jpg HTTP/1.1" 200 776
172.22.2.4 - - [28/Sep/2022:11:55:33 -0500] "GET /BLA/boletinlegal/img/0.png HTTP/1.1" 200 110
172.22.2.4 - - [28/Sep/2022:11:55:33 -0500] "GET /BLA/boletinlegal/img/select-left.png HTTP/1.1" 200 263
172.22.2.4 - - [28/Sep/2022:11:55:33 -0500] "GET /BLA/boletinlegal/img/select-right.png HTTP/1.1" 200 44019
172.22.2.4 - - [28/Sep/2022:11:55:33 -0500] "GET /BLA/boletinlegal/img/button-left.png HTTP/1.1" 200 57071
172.22.2.4 - - [28/Sep/2022:11:55:33 -0500] "GET /BLA/boletinlegal/img/button.png HTTP/1.1" 200 43241
172.22.2.4 - - [28/Sep/2022:11:55:33 -0500] "GET /BLA/boletinlegal/img/button-right.png HTTP/1.1" 200 57878
172.22.2.4 - - [28/Sep/2022:11:55:33 -0500] "GET /BLA/boletinlegal/favicon.ico HTTP/1.1" 404 1334
201.245.192.253 - - [28/Sep/2022:11:55:34 -0500] "POST /sipse/faces/presentacion/financiero/solicitudProceso/consultarSolicitudProceso.xhtml HTTP/1.1" 200 5481
201.245.192.253 - - [28/Sep/2022:11:55:34 -0500] "GET /sipse/faces/javax.faces.resource/dynamiccontent.properties?ln=primefaces&pfdrid=XjOR5%2F%2FfPAZAuY9TpWQeCiM0BhlXxYRBGKi%2FQcXXfeA%3D&pfdrid_c=false HTTP/1.1" 200 165301
200.118.64.109 - - [28/Sep/2022:11:55:36 -0500] "POST /forms/lservlet;jsessionid=ac16012b30d6cea60823f9d74625980f953eace16ced.e3iSbxaKaheRe3ePbN4LaNqMai1ynknvrkLOlQzNp65In0 HTTP/1.1" 200 15
172.22.2.4 - - [28/Sep/2022:11:54:02 -0500] "GET /BLA/boletinlegal/ HTTP/1.1" 200 55630
200.118.64.109 - - [28/Sep/2022:11:55:45 -0500] "POST /forms/lservlet;jsessionid=ac16012b30d6cea60823f9d74625980f953eace16ced.e3iSbxaKaheRe3ePbN4LaNqMai1ynknvrkLOlQzNp65In0 HTTP/1.1" 200 15
200.118.64.109 - - [28/Sep/2022:11:55:54 -0500] "POST /forms/lservlet;jsessionid=ac16012b30d6cea60823f9d74625980f953eace16ced.e3iSbxaKaheRe3ePbN4LaNqMai1ynknvrkLOlQzNp65In0 HTTP/1.1" 200 15
186.102.65.190 - - [28/Sep/2022:11:55:56 -0500] "GET /kwssiamovil/sm/acme/a?s=U2FsdGVkX1/j/st+KA0r9m/7z8jf3MmDEfqpwKOZdeobJz1FDPA6MnkdSNfG/QgWYR2Ua3s2+ymA0+Hbt4mbxyd+o9OxmY/VPxTN7SeLpmqbI3K45PI1OFjGNnlRbvf5uWfkvo8J4geIg9GYmlDKDI951AngiDHwhglsCoa4Smvhk3kxzA4AtYS8jdFup/RQKQ7MhyFRlNMeOexW7rSAvXywGx9Wg0hS8L1nMp5knrPX9SDL4m904oukcKlydJBP32UipFEeyNKaSNYePj/DQQ==&u=U2FsdGVkX18gSAJIOVkPskuZGaWKQdcGP2bH5eOizqwuBXsQ+6n+3SlHOXNocVCp&y=U2FsdGVkX1/pSFy4X6hFOEk/89aLpEJ9X/AW3oKjXmvxM6iQMZ0xWlaDlKIAKGWZ HTTP/1.1" 200 25
186.102.65.190 - - [28/Sep/2022:11:55:56 -0500] "GET /kwssiamovil/sm/acme/a?s=U2FsdGVkX1+Ug5xJ7OSofymBc1OS4Se2d/7ZfK8s/ZgKJ4PrdHK56OgWnWE8kp3Sh78+ZaHI6pjfzbgroZRwfpshqcAPIVBbIumrC7V2fYtkx0B7iMFsvPn5k/zxyS8mteaaYvZ6F01CBRp9IptIDmKW9lhXk4hbz758Q2hrAc4G3qJsCAtPUASoZ9eAtotIEqGzDj4YOMujpLSJJ7VDHXUiEY4F+K7MOYcZUxqxRcE3hbAHEoTW4ZH5FyetaIYJPkaupFbRMFFMV+0nS9lowOx3LI+Rhsjvx/NtlU2AU5QwROGlXF3wCNqqYK+W0qTcHPrNJCFG7/3843Kf7fwq+xEmegxgKKca/eIrhOynofA5IIj5ZVUoO2+c9m3rcZP6V9jav+TJ3CmtE/sycCyQdFHZOELIAO0o+9QadH3ysiK9BQrS16BMvbr52SPBySSJ3e7QOdxypXZnPQVWk3c7CY+T86iSQJNN/tyNpHpExWLp3mdHzRLnRg20ttB5NqbAlBcwuUf8+k1Dhm+oBDfcP8eJc7GN3I2DHrbAHGukvwZNCdVKOiosg+WhutqvbBE/b+cYlA1jRMt+eH5my2u3t/vyJgZYwE7nyynluYV0cPSXqwxc1LEgrSa0mcy6Zjv0v6vMcVeRjF6Ox+TuF2dQmkXmixmMZ/jrIqxBJjVt/FnnWLiXzgX/HZwUWl58Dx2ZHHRGL1zdxL2u0jOAtwxacISjyacobQywsDtNcS/bhFDItsS5FnYsfftPPWJ07ckEYNPtaPX5Od9hRVoYndtW1z1Eq0wzwTrXuSTUDyBju2tdBdcC7zOnwqQkAZjt3UbNuOMfaDrvIpcejqa9p8EWRPfVxzHIz5SwVpdGHxSvhy+SxDC2wO/5uDulBdVvk9jni3c8EtFHxYCFdD+Hy+TCFjqrCFBrNTlxig8T92JYQmTt5CwYoilmC6UZXp36k3Ts+ctQjleg1XodlraWcoKgdWsn3MWaDhYtYPrNoXEdUAK0VIX6r/OUs2MonAZGVNVTT0POxaLG4SLDmjEI+8J8+64J9PTWlT7dHhx676T5CpHLpOovpSQhF5aV2Qg+gAY9GQ56Z1wdmjCQtWKix3AbLz4142eMXtI9fj2mtoO5gSwqLgDJJsfL5cY7K0iPKgiNe3px9DnNRWoIU8oghzIlCODMia7EWiYLkhJiLxjnvD9eRuLVFe8qKSU6GyI9kTYzmSEnWymvPoCJ0hZzVkEevDqU/enZVAYXABapiHJqYEGOxgryhblboE1tw1FsxOOWBsxQYQShli2pPx7O/Z94I4pImLwXgADMABbheuN+ItXgYQlutHi99rkR2nWuggK2ilYtGP6tzsFN8OU82jGm92THGw3pfv1ckt/9GiC0v4UvRxoXqFAUwwi7tilK5LbXQvRHj9Xj2jll4icv5rIzB7Ie/UYq1syqkkmkSXBwggI=&u=U2FsdGVkX18gSAJIOVkPskuZGaWKQdcGP2bH5eOizqwuBXsQ+6n+3SlHOXNocVCp&y=U2FsdGVkX1/pSFy4X6hFOEk/89aLpEJ9X/AW3oKjXmvxM6iQMZ0xWlaDlKIAKGWZ HTTP/1.1" 200 25
186.102.65.190 - - [28/Sep/2022:11:55:56 -0500] "GET /kwssiamovil/sm/acme/a?s=U2FsdGVkX1+Za9K0i/KhV0C10kGR2CjBZK7WvuK6GUtHFSTi6D+quVl9/tqr2GDHOD+eXa14icQk3EsHjTlf2JHcMMnbr6GrKv6aTMRbtT/1vuADI6cBzH2rj4r2pXr5k3HaJQlNs2Wm1hPZBr3H+fWB2L8wkWMmx4Ew+WdGonc=&u=U2FsdGVkX18gSAJIOVkPskuZGaWKQdcGP2bH5eOizqwuBXsQ+6n+3SlHOXNocVCp&y=U2FsdGVkX1/pSFy4X6hFOEk/89aLpEJ9X/AW3oKjXmvxM6iQMZ0xWlaDlKIAKGWZ HTTP/1.1" 200 25
186.102.65.190 - - [28/Sep/2022:11:55:56 -0500] "GET /kwssiamovil/sm/acme/a?s=U2FsdGVkX19bCQoiFFiicIx8L20JxxCJBJcReZJP5g/vxx1F1KnxYcErbPN8iHHGSzHcXklMONEx5YoKXe+QQImSB7yA3vDhGUUUjDTwEqemB98gosDVdN1/dTUm/Ay1MKrucXdvIu6NVXndHBiH0EyvIyzJoP64N0C+S+vdPW0=&u=U2FsdGVkX18gSAJIOVkPskuZGaWKQdcGP2bH5eOizqwuBXsQ+6n+3SlHOXNocVCp&y=U2FsdGVkX1/pSFy4X6hFOEk/89aLpEJ9X/AW3oKjXmvxM6iQMZ0xWlaDlKIAKGWZ HTTP/1.1" 200 25
186.102.65.190 - - [28/Sep/2022:11:55:57 -0500] "GET /kwssiamovil/sm/acme/a?s=U2FsdGVkX1+bYvg+71ok8f3IifVHb2asCnPSPGuuycT91SD6LS4DrpOdh0vWXADU86OO+qj6y296WfxaSno/COuuDRSKzzNNBs/zDqOm1X7SmCjCChofASzK1c6mFF8klFM4X7XzHIjLToLeYKAskdDOU9x0XtI1C2Hrl1Ph0D4=&u=U2FsdGVkX18gSAJIOVkPskuZGaWKQdcGP2bH5eOizqwuBXsQ+6n+3SlHOXNocVCp&y=U2FsdGVkX1/pSFy4X6hFOEk/89aLpEJ9X/AW3oKjXmvxM6iQMZ0xWlaDlKIAKGWZ HTTP/1.1" 200 25
186.102.65.190 - - [28/Sep/2022:11:55:57 -0500] "GET /kwssiamovil/sm/acme/a?s=U2FsdGVkX1+4GTck6EIcb8p5ejMx/Bk00W3LqQ9GWsNJb81AjEaI6H15qJvCeDtUW2x3KuZMG/YKdrRALojw0cDETOgB6OoDYOap7z/B/o6RAsB5m1gUCOIyjfL+ddaEbpai5HI/Rie/zvqsF+YLglmODnIakAOuIIRW1taBkQDhX36XSZhpD85b9RVNg/gN&u=U2FsdGVkX18gSAJIOVkPskuZGaWKQdcGP2bH5eOizqwuBXsQ+6n+3SlHOXNocVCp&y=U2FsdGVkX1/pSFy4X6hFOEk/89aLpEJ9X/AW3oKjXmvxM6iQMZ0xWlaDlKIAKGWZ HTTP/1.1" 200 25
201.245.192.253 - - [28/Sep/2022:11:55:59 -0500] "POST /sipse/faces/presentacion/financiero/solicitudProceso/consultarSolicitudProceso.xhtml HTTP/1.1" 200 31901
201.245.192.253 - - [28/Sep/2022:11:55:59 -0500] "GET /sipse/faces/javax.faces.resource/theme.css?ln=primefaces-sipse HTTP/1.1" 304 -
201.245.192.253 - - [28/Sep/2022:11:55:59 -0500] "GET /sipse/faces/javax.faces.resource/layout/layout.css?ln=primefaces&v=4.0 HTTP/1.1" 304 -
201.245.192.253 - - [28/Sep/2022:11:55:59 -0500] "GET /sipse/faces/javax.faces.resource/primefaces.css?ln=primefaces&v=4.0 HTTP/1.1" 304 -
201.245.192.253 - - [28/Sep/2022:11:55:59 -0500] "GET /sipse/faces/javax.faces.resource/layout/layout.js?ln=primefaces&v=4.0 HTTP/1.1" 304 -
201.245.192.253 - - [28/Sep/2022:11:55:59 -0500] "GET /sipse/faces/javax.faces.resource/jquery/jquery.js?ln=primefaces&v=4.0 HTTP/1.1" 304 -
201.245.192.253 - - [28/Sep/2022:11:55:59 -0500] "GET /sipse/faces/javax.faces.resource/primefaces.js?ln=primefaces&v=4.0 HTTP/1.1" 304 -
201.245.192.253 - - [28/Sep/2022:11:55:59 -0500] "GET /sipse/faces/javax.faces.resource/jquery/jquery-plugins.js?ln=primefaces&v=4.0 HTTP/1.1" 304 -
201.245.192.253 - - [28/Sep/2022:11:55:59 -0500] "GET /sipse/faces/javax.faces.resource/images/ui-icons_898989_256x240.png?ln=primefaces-aristo HTTP/1.1" 304 -
200.118.64.109 - - [28/Sep/2022:11:56:03 -0500] "POST /forms/lservlet;jsessionid=ac16012b30d6cea60823f9d74625980f953eace16ced.e3iSbxaKaheRe3ePbN4LaNqMai1ynknvrkLOlQzNp65In0 HTTP/1.1" 200 15
201.245.192.253 - - [28/Sep/2022:11:56:08 -0500] "GET /sipse/faces/javax.faces.resource/images/ui-bg_flat_0_2d5972_40x100.png?ln=primefaces-aristo HTTP/1.1" 304 -
201.245.192.253 - - [28/Sep/2022:11:56:08 -0500] "POST /sipse/faces/presentacion/financiero/solicitudProceso/registrarAnotacion.xhtml HTTP/1.1" 200 116659
201.245.192.253 - - [28/Sep/2022:11:56:09 -0500] "GET /sipse/faces/javax.faces.resource/jquery/jquery.js?ln=primefaces&v=4.0 HTTP/1.1" 304 -
201.245.192.253 - - [28/Sep/2022:11:56:09 -0500] "GET /sipse/faces/javax.faces.resource/jquery/jquery-plugins.js?ln=primefaces&v=4.0 HTTP/1.1" 304 -
201.245.192.253 - - [28/Sep/2022:11:56:09 -0500] "GET /sipse/faces/javax.faces.resource/primefaces.js?ln=primefaces&v=4.0 HTTP/1.1" 304 -
201.245.192.253 - - [28/Sep/2022:11:56:09 -0500] "GET /sipse/faces/javax.faces.resource/layout/layout.js?ln=primefaces&v=4.0 HTTP/1.1" 304 -
201.245.192.253 - - [28/Sep/2022:11:56:09 -0500] "GET /sipse/faces/javax.faces.resource/dynamiccontent.properties?ln=primefaces&pfdrid=XjOR5%2F%2FfPAZAuY9TpWQeCiM0BhlXxYRBGKi%2FQcXXfeA%3D&pfdrid_c=false HTTP/1.1" 500 383
207.46.13.190 - - [28/Sep/2022:11:56:10 -0500] "GET /BLA/resoluciones/AUTOS%202022/1874.pdf HTTP/1.1" 200 393348
200.118.64.109 - - [28/Sep/2022:11:56:12 -0500] "POST /forms/lservlet;jsessionid=ac16012b30d6cea60823f9d74625980f953eace16ced.e3iSbxaKaheRe3ePbN4LaNqMai1ynknvrkLOlQzNp65In0 HTTP/1.1" 200 15
201.245.192.253 - - [28/Sep/2022:11:56:14 -0500] "POST /sipse/faces/presentacion/financiero/solicitudProceso/consultarSolicitudProceso.xhtml HTTP/1.1" 200 70748
201.245.192.253 - - [28/Sep/2022:11:56:16 -0500] "GET /sipse/faces/javax.faces.resource/jquery/jquery.js?ln=primefaces&v=4.0 HTTP/1.1" 304 -
201.245.192.253 - - [28/Sep/2022:11:56:16 -0500] "GET /sipse/faces/javax.faces.resource/jquery/jquery-plugins.js?ln=primefaces&v=4.0 HTTP/1.1" 304 -
201.245.192.253 - - [28/Sep/2022:11:56:16 -0500] "GET /sipse/faces/javax.faces.resource/primefaces.js?ln=primefaces&v=4.0 HTTP/1.1" 304 -
201.245.192.253 - - [28/Sep/2022:11:56:17 -0500] "GET /sipse/faces/javax.faces.resource/layout/layout.js?ln=primefaces&v=4.0 HTTP/1.1" 304 -
201.245.192.253 - - [28/Sep/2022:11:56:17 -0500] "GET /sipse/faces/javax.faces.resource/messages/messages.png?ln=primefaces&v=4.0 HTTP/1.1" 304 -
201.245.192.253 - - [28/Sep/2022:11:56:17 -0500] "POST /sipse/faces/presentacion/financiero/solicitudProceso/listarSolicitudProceso.xhtml HTTP/1.1" 200 1544
200.118.64.109 - - [28/Sep/2022:11:56:21 -0500] "POST /forms/lservlet;jsessionid=ac16012b30d6cea60823f9d74625980f953eace16ced.e3iSbxaKaheRe3ePbN4LaNqMai1ynknvrkLOlQzNp65In0 HTTP/1.1" 200 15
172.22.2.4 - - [28/Sep/2022:11:56:25 -0500] "GET /BLA/boletinlegal/consulta_normativa.php?tipo=Resolucion&sector=publicidad&ano=2009&resuelve=9382 HTTP/1.1" 200 454
200.118.64.109 - - [28/Sep/2022:11:56:30 -0500] "POST /forms/lservlet;jsessionid=ac16012b30d6cea60823f9d74625980f953eace16ced.e3iSbxaKaheRe3ePbN4LaNqMai1ynknvrkLOlQzNp65In0 HTTP/1.1" 200 15
172.22.2.4 - - [28/Sep/2022:11:54:53 -0500] "GET /BLA/boletinlegal/ HTTP/1.1" 200 58163
172.22.2.4 - - [28/Sep/2022:11:56:36 -0500] "GET /BLA/boletinlegal/consulta_normativa.php?tipo=Resolucion&sector=publicidad&ano=2009&resuelve=9382 HTTP/1.1" 200 454
172.22.2.4 - - [28/Sep/2022:11:56:36 -0500] "GET /BLA/boletinlegal/consulta_normativa.php?tipo=Resolucion&sector=publicidad&ano=2009&resuelve=9382 HTTP/1.1" 200 454
172.22.2.4 - - [28/Sep/2022:11:56:38 -0500] "GET /BLA/boletinlegal/consulta_normativa.php?tipo=Resolucion&sector=publicidad&ano=2009&resuelve=9382 HTTP/1.1" 200 454
172.22.2.4 - - [28/Sep/2022:11:56:38 -0500] "GET /BLA/boletinlegal/consulta_normativa.php?tipo=Resolucion&sector=publicidad&ano=2009&resuelve=9382 HTTP/1.1" 200 454
172.22.2.4 - - [28/Sep/2022:11:56:39 -0500] "GET /BLA/boletinlegal/consulta_normativa.php?tipo=Resolucion&sector=publicidad&ano=2009&resuelve=9382 HTTP/1.1" 200 454
200.118.64.109 - - [28/Sep/2022:11:56:39 -0500] "POST /forms/lservlet;jsessionid=ac16012b30d6cea60823f9d74625980f953eace16ced.e3iSbxaKaheRe3ePbN4LaNqMai1ynknvrkLOlQzNp65In0 HTTP/1.1" 200 15
201.245.192.253 - - [28/Sep/2022:11:56:42 -0500] "POST /sipse/faces/presentacion/financiero/solicitudProceso/listarSolicitudProceso.xhtml HTTP/1.1" 200 22814
201.245.192.253 - - [28/Sep/2022:11:56:43 -0500] "POST /sipse/faces/presentacion/financiero/solicitudProceso/listarSolicitudProceso.xhtml HTTP/1.1" 200 31543
200.118.64.109 - - [28/Sep/2022:11:56:49 -0500] "POST /forms/lservlet;jsessionid=ac16012b30d6cea60823f9d74625980f953eace16ced.e3iSbxaKaheRe3ePbN4LaNqMai1ynknvrkLOlQzNp65In0 HTTP/1.1" 200 15
201.245.192.253 - - [28/Sep/2022:11:56:57 -0500] "GET /sipse/faces/javax.faces.resource/images/ui-bg_flat_0_2d5972_40x100.png?ln=primefaces-aristo HTTP/1.1" 304 -
201.245.192.253 - - [28/Sep/2022:11:56:57 -0500] "POST /sipse/faces/presentacion/sistema/reporte/ventanaVerReporteParametros.xhtml HTTP/1.1" 200 32070
201.245.192.253 - - [28/Sep/2022:11:56:58 -0500] "GET /sipse/faces/javax.faces.resource/jquery/jquery.js?ln=primefaces&v=4.0 HTTP/1.1" 304 -
201.245.192.253 - - [28/Sep/2022:11:56:58 -0500] "GET /sipse/faces/javax.faces.resource/jquery/jquery-plugins.js?ln=primefaces&v=4.0 HTTP/1.1" 304 -
201.245.192.253 - - [28/Sep/2022:11:56:58 -0500] "GET /sipse/faces/javax.faces.resource/primefaces.js?ln=primefaces&v=4.0 HTTP/1.1" 304 -
201.245.192.253 - - [28/Sep/2022:11:56:58 -0500] "GET /sipse/faces/javax.faces.resource/layout/layout.js?ln=primefaces&v=4.0 HTTP/1.1" 304 -
200.118.64.109 - - [28/Sep/2022:11:56:58 -0500] "POST /forms/lservlet;jsessionid=ac16012b30d6cea60823f9d74625980f953eace16ced.e3iSbxaKaheRe3ePbN4LaNqMai1ynknvrkLOlQzNp65In0 HTTP/1.1" 200 15
172.22.2.4 - - [28/Sep/2022:11:57:04 -0500] "GET /BLA/boletinlegal/consulta_conceptos.php?no=&solicitante=&radicado_entrada=&fecha_concepto=2016&objeto=ley%201437 HTTP/1.1" 200 570
201.245.192.253 - - [28/Sep/2022:11:57:05 -0500] "POST /sipse/faces/presentacion/sistema/reporte/listarReportes.xhtml HTTP/1.1" 200 22326
201.245.192.253 - - [28/Sep/2022:11:57:05 -0500] "GET /sipse/faces/javax.faces.resource/theme.css?ln=primefaces-sipse HTTP/1.1" 304 -
201.245.192.253 - - [28/Sep/2022:11:57:05 -0500] "GET /sipse/faces/javax.faces.resource/primefaces.css?ln=primefaces&v=4.0 HTTP/1.1" 304 -
201.245.192.253 - - [28/Sep/2022:11:57:05 -0500] "GET /sipse/faces/javax.faces.resource/jquery/jquery-plugins.js?ln=primefaces&v=4.0 HTTP/1.1" 304 -
201.245.192.253 - - [28/Sep/2022:11:57:05 -0500] "GET /sipse/faces/javax.faces.resource/jquery/jquery.js?ln=primefaces&v=4.0 HTTP/1.1" 304 -
201.245.192.253 - - [28/Sep/2022:11:57:05 -0500] "GET /sipse/faces/javax.faces.resource/layout/layout.css?ln=primefaces&v=4.0 HTTP/1.1" 304 -
201.245.192.253 - - [28/Sep/2022:11:57:05 -0500] "GET /sipse/faces/javax.faces.resource/primefaces.js?ln=primefaces&v=4.0 HTTP/1.1" 304 -
201.245.192.253 - - [28/Sep/2022:11:57:05 -0500] "GET /sipse/faces/javax.faces.resource/layout/layout.js?ln=primefaces&v=4.0 HTTP/1.1" 304 -
201.245.192.253 - - [28/Sep/2022:11:57:05 -0500] "GET /sipse/faces/javax.faces.resource/images/ui-icons_898989_256x240.png?ln=primefaces-aristo HTTP/1.1" 304 -
200.118.64.109 - - [28/Sep/2022:11:57:07 -0500] "POST /forms/lservlet;jsessionid=ac16012b30d6cea60823f9d74625980f953eace16ced.e3iSbxaKaheRe3ePbN4LaNqMai1ynknvrkLOlQzNp65In0 HTTP/1.1" 200 15
172.22.2.4 - - [28/Sep/2022:11:57:08 -0500] "GET /BLA/boletinlegal/consulta_conceptos.php?no=&solicitante=&radicado_entrada=&fecha_concepto=2017&objeto=ley%201437 HTTP/1.1" 200 570
172.22.2.4 - - [28/Sep/2022:11:57:09 -0500] "GET /BLA/boletinlegal/consulta_conceptos.php?no=&solicitante=&radicado_entrada=&fecha_concepto=2017&objeto=ley%201437 HTTP/1.1" 200 570
172.22.2.4 - - [28/Sep/2022:11:57:10 -0500] "GET /BLA/boletinlegal/consulta_conceptos.php?no=&solicitante=&radicado_entrada=&fecha_concepto=2017&objeto=ley%201437 HTTP/1.1" 200 570
172.22.2.4 - - [28/Sep/2022:11:57:14 -0500] "GET /BLA/boletinlegal/consulta_conceptos.php?no=&solicitante=&radicado_entrada=&fecha_concepto=2018&objeto=ley%201437 HTTP/1.1" 200 570
172.22.2.4 - - [28/Sep/2022:11:57:16 -0500] "GET /BLA/boletinlegal/consulta_conceptos.php?no=&solicitante=&radicado_entrada=&fecha_concepto=2018&objeto=ley%201437 HTTP/1.1" 200 570
172.22.2.4 - - [28/Sep/2022:11:57:16 -0500] "GET /BLA/boletinlegal/consulta_conceptos.php?no=&solicitante=&radicado_entrada=&fecha_concepto=2018&objeto=ley%201437 HTTP/1.1" 200 570
200.118.64.109 - - [28/Sep/2022:11:57:16 -0500] "POST /forms/lservlet;jsessionid=ac16012b30d6cea60823f9d74625980f953eace16ced.e3iSbxaKaheRe3ePbN4LaNqMai1ynknvrkLOlQzNp65In0 HTTP/1.1" 200 15
201.245.192.253 - - [28/Sep/2022:11:57:17 -0500] "POST /sipse/faces/presentacion/financiero/solicitudProceso/crearModificarSolicitudProceso.xhtml HTTP/1.1" 200 71813
201.245.192.253 - - [28/Sep/2022:11:57:17 -0500] "GET /sipse/faces/javax.faces.resource/primefaces.css?ln=primefaces&v=4.0 HTTP/1.1" 304 -
201.245.192.253 - - [28/Sep/2022:11:57:17 -0500] "GET /sipse/faces/javax.faces.resource/theme.css?ln=primefaces-sipse HTTP/1.1" 304 -
201.245.192.253 - - [28/Sep/2022:11:57:17 -0500] "GET /sipse/faces/javax.faces.resource/layout/layout.css?ln=primefaces&v=4.0 HTTP/1.1" 304 -
201.245.192.253 - - [28/Sep/2022:11:57:17 -0500] "GET /sipse/faces/javax.faces.resource/layout/layout.js?ln=primefaces&v=4.0 HTTP/1.1" 304 -
201.245.192.253 - - [28/Sep/2022:11:57:17 -0500] "GET /sipse/faces/javax.faces.resource/jquery/jquery.js?ln=primefaces&v=4.0 HTTP/1.1" 304 -
201.245.192.253 - - [28/Sep/2022:11:57:17 -0500] "GET /sipse/faces/javax.faces.resource/primefaces.js?ln=primefaces&v=4.0 HTTP/1.1" 304 -
201.245.192.253 - - [28/Sep/2022:11:57:17 -0500] "GET /sipse/faces/javax.faces.resource/jquery/jquery-plugins.js?ln=primefaces&v=4.0 HTTP/1.1" 304 -
201.245.192.253 - - [28/Sep/2022:11:57:17 -0500] "GET /sipse/faces/javax.faces.resource/images/ui-icons_898989_256x240.png?ln=primefaces-aristo HTTP/1.1" 304 -
201.245.192.253 - - [28/Sep/2022:11:57:17 -0500] "GET /sipse/faces/javax.faces.resource/messages/messages.png?ln=primefaces&v=4.0 HTTP/1.1" 304 -
201.245.192.253 - - [28/Sep/2022:11:57:20 -0500] "GET /sipse/faces/javax.faces.resource/images/ui-bg_flat_0_2d5972_40x100.png?ln=primefaces-aristo HTTP/1.1" 304 -
201.245.192.253 - - [28/Sep/2022:11:57:20 -0500] "POST /sipse/faces/presentacion/sistema/reporte/ventanaVerReporteParametros.xhtml HTTP/1.1" 200 32070
201.245.192.253 - - [28/Sep/2022:11:57:20 -0500] "GET /sipse/faces/javax.faces.resource/jquery/jquery.js?ln=primefaces&v=4.0 HTTP/1.1" 304 -
201.245.192.253 - - [28/Sep/2022:11:57:20 -0500] "GET /sipse/faces/javax.faces.resource/jquery/jquery-plugins.js?ln=primefaces&v=4.0 HTTP/1.1" 304 -
201.245.192.253 - - [28/Sep/2022:11:57:20 -0500] "GET /sipse/faces/javax.faces.resource/primefaces.js?ln=primefaces&v=4.0 HTTP/1.1" 304 -
201.245.192.253 - - [28/Sep/2022:11:57:20 -0500] "GET /sipse/faces/javax.faces.resource/layout/layout.js?ln=primefaces&v=4.0 HTTP/1.1" 304 -
172.22.2.4 - - [28/Sep/2022:11:57:20 -0500] "GET /BLA/boletinlegal/consulta_conceptos.php?no=&solicitante=&radicado_entrada=&fecha_concepto=2019&objeto=ley%201437 HTTP/1.1" 200 570
172.22.2.4 - - [28/Sep/2022:11:57:21 -0500] "GET /BLA/boletinlegal/consulta_conceptos.php?no=&solicitante=&radicado_entrada=&fecha_concepto=2019&objeto=ley%201437 HTTP/1.1" 200 570
172.22.2.4 - - [28/Sep/2022:11:57:21 -0500] "GET /BLA/boletinlegal/consulta_conceptos.php?no=&solicitante=&radicado_entrada=&fecha_concepto=2019&objeto=ley%201437 HTTP/1.1" 200 570
172.22.2.4 - - [28/Sep/2022:11:57:21 -0500] "GET /BLA/boletinlegal/consulta_conceptos.php?no=&solicitante=&radicado_entrada=&fecha_concepto=2019&objeto=ley%201437 HTTP/1.1" 200 570
216.245.221.92 - - [28/Sep/2022:11:57:23 -0500] "HEAD / HTTP/1.1" 200 -
201.245.192.253 - - [28/Sep/2022:11:57:24 -0500] "POST /sipse/faces/presentacion/financiero/solicitudProceso/listarSolicitudProceso.xhtml HTTP/1.1" 200 50363
201.245.192.253 - - [28/Sep/2022:11:57:24 -0500] "GET /sipse/faces/javax.faces.resource/jquery/jquery.js?ln=primefaces&v=4.0 HTTP/1.1" 304 -
201.245.192.253 - - [28/Sep/2022:11:57:24 -0500] "GET /sipse/faces/javax.faces.resource/jquery/jquery-plugins.js?ln=primefaces&v=4.0 HTTP/1.1" 304 -
201.245.192.253 - - [28/Sep/2022:11:57:24 -0500] "GET /sipse/faces/javax.faces.resource/primefaces.js?ln=primefaces&v=4.0 HTTP/1.1" 304 -
201.245.192.253 - - [28/Sep/2022:11:57:24 -0500] "GET /sipse/faces/javax.faces.resource/layout/layout.js?ln=primefaces&v=4.0 HTTP/1.1" 304 -
201.245.192.253 - - [28/Sep/2022:11:57:24 -0500] "POST /sipse/faces/presentacion/financiero/solicitudProceso/consultar.xhtml HTTP/1.1" 200 43781
201.245.192.253 - - [28/Sep/2022:11:57:25 -0500] "POST /sipse/faces/presentacion/financiero/solicitudProceso/consultar.xhtml HTTP/1.1" 200 43781
200.118.64.109 - - [28/Sep/2022:11:57:25 -0500] "POST /forms/lservlet;jsessionid=ac16012b30d6cea60823f9d74625980f953eace16ced.e3iSbxaKaheRe3ePbN4LaNqMai1ynknvrkLOlQzNp65In0 HTTP/1.1" 200 15
201.245.192.253 - - [28/Sep/2022:11:57:26 -0500] "POST /sipse/faces/presentacion/sistema/reporte/listarReportes.xhtml HTTP/1.1" 200 22340
201.245.192.253 - - [28/Sep/2022:11:57:26 -0500] "GET /sipse/faces/javax.faces.resource/primefaces.css?ln=primefaces&v=4.0 HTTP/1.1" 304 -
201.245.192.253 - - [28/Sep/2022:11:57:26 -0500] "GET /sipse/faces/javax.faces.resource/theme.css?ln=primefaces-sipse HTTP/1.1" 304 -
201.245.192.253 - - [28/Sep/2022:11:57:26 -0500] "GET /sipse/faces/javax.faces.resource/layout/layout.css?ln=primefaces&v=4.0 HTTP/1.1" 304 -
201.245.192.253 - - [28/Sep/2022:11:57:26 -0500] "GET /sipse/faces/javax.faces.resource/jquery/jquery.js?ln=primefaces&v=4.0 HTTP/1.1" 304 -
201.245.192.253 - - [28/Sep/2022:11:57:26 -0500] "GET /sipse/faces/javax.faces.resource/jquery/jquery-plugins.js?ln=primefaces&v=4.0 HTTP/1.1" 304 -
201.245.192.253 - - [28/Sep/2022:11:57:26 -0500] "GET /sipse/faces/javax.faces.resource/primefaces.js?ln=primefaces&v=4.0 HTTP/1.1" 304 -
201.245.192.253 - - [28/Sep/2022:11:57:26 -0500] "GET /sipse/faces/javax.faces.resource/layout/layout.js?ln=primefaces&v=4.0 HTTP/1.1" 304 -
201.245.192.253 - - [28/Sep/2022:11:57:26 -0500] "GET /sipse/faces/javax.faces.resource/images/ui-icons_898989_256x240.png?ln=primefaces-aristo HTTP/1.1" 304 -
199.16.157.180 - - [28/Sep/2022:11:57:28 -0500] "-" 408 -
172.22.2.4 - - [28/Sep/2022:11:57:28 -0500] "GET /BLA/boletinlegal/consulta_conceptos.php?no=&solicitante=&radicado_entrada=&fecha_concepto=2020&objeto=ley%201437 HTTP/1.1" 200 570
172.22.2.4 - - [28/Sep/2022:11:57:28 -0500] "GET /BLA/boletinlegal/consulta_conceptos.php?no=&solicitante=&radicado_entrada=&fecha_concepto=2020&objeto=ley%201437 HTTP/1.1" 200 570
172.22.2.4 - - [28/Sep/2022:11:57:29 -0500] "GET /BLA/boletinlegal/consulta_conceptos.php?no=&solicitante=&radicado_entrada=&fecha_concepto=2020&objeto=ley%201437 HTTP/1.1" 200 570
201.245.192.253 - - [28/Sep/2022:11:57:30 -0500] "POST /sipse/faces/presentacion/financiero/solicitudProceso/consultar.xhtml HTTP/1.1" 200 12748
201.245.192.253 - - [28/Sep/2022:11:57:31 -0500] "GET /sipse/faces/javax.faces.resource/images/ui-bg_flat_0_2d5972_40x100.png?ln=primefaces-aristo HTTP/1.1" 304 -
201.245.192.253 - - [28/Sep/2022:11:57:31 -0500] "POST /sipse/faces/presentacion/financiero/solicitudProceso/crearModificarSolicitudProceso.xhtml HTTP/1.1" 200 11138
200.118.64.109 - - [28/Sep/2022:11:57:34 -0500] "POST /forms/lservlet;jsessionid=ac16012b30d6cea60823f9d74625980f953eace16ced.e3iSbxaKaheRe3ePbN4LaNqMai1ynknvrkLOlQzNp65In0 HTTP/1.1" 200 15
172.22.2.4 - - [28/Sep/2022:11:57:35 -0500] "GET /BLA/boletinlegal/consulta_conceptos.php?no=&solicitante=&radicado_entrada=&fecha_concepto=2021&objeto=ley%201437 HTTP/1.1" 200 570
172.22.2.4 - - [28/Sep/2022:11:57:35 -0500] "GET /BLA/boletinlegal/consulta_conceptos.php?no=&solicitante=&radicado_entrada=&fecha_concepto=2021&objeto=ley%201437 HTTP/1.1" 200 570
172.22.2.4 - - [28/Sep/2022:11:57:35 -0500] "GET /BLA/boletinlegal/consulta_conceptos.php?no=&solicitante=&radicado_entrada=&fecha_concepto=2021&objeto=ley%201437 HTTP/1.1" 200 570
172.22.2.4 - - [28/Sep/2022:11:57:36 -0500] "GET /BLA/boletinlegal/consulta_conceptos.php?no=&solicitante=&radicado_entrada=&fecha_concepto=2021&objeto=ley%201437 HTTP/1.1" 200 570
172.22.2.4 - - [28/Sep/2022:11:57:36 -0500] "GET /BLA/boletinlegal/consulta_conceptos.php?no=&solicitante=&radicado_entrada=&fecha_concepto=2021&objeto=ley%201437 HTTP/1.1" 200 570
172.22.2.4 - - [28/Sep/2022:11:57:41 -0500] "GET /BLA/boletinlegal/consulta_conceptos.php?no=&solicitante=&radicado_entrada=&fecha_concepto=2022&objeto=ley%201437 HTTP/1.1" 200 570
172.22.2.4 - - [28/Sep/2022:11:57:41 -0500] "GET /BLA/boletinlegal/consulta_conceptos.php?no=&solicitante=&radicado_entrada=&fecha_concepto=2022&objeto=ley%201437 HTTP/1.1" 200 570
172.22.2.4 - - [28/Sep/2022:11:57:41 -0500] "GET /BLA/boletinlegal/consulta_conceptos.php?no=&solicitante=&radicado_entrada=&fecha_concepto=2022&objeto=ley%201437 HTTP/1.1" 200 570
172.22.2.4 - - [28/Sep/2022:11:57:42 -0500] "GET /BLA/boletinlegal/consulta_conceptos.php?no=&solicitante=&radicado_entrada=&fecha_concepto=2022&objeto=ley%201437 HTTP/1.1" 200 570
172.22.2.4 - - [28/Sep/2022:11:57:42 -0500] "GET /BLA/boletinlegal/consulta_conceptos.php?no=&solicitante=&radicado_entrada=&fecha_concepto=2022&objeto=ley%201437 HTTP/1.1" 200 570
172.22.2.4 - - [28/Sep/2022:11:57:43 -0500] "GET /BLA/boletinlegal/consulta_conceptos.php?no=&solicitante=&radicado_entrada=&fecha_concepto=2022&objeto=ley%201437 HTTP/1.1" 200 570
201.245.192.253 - - [28/Sep/2022:11:57:43 -0500] "POST /sipse/faces/presentacion/financiero/solicitudProceso/crearModificarSolicitudProceso.xhtml HTTP/1.1" 200 24597
201.245.192.253 - - [28/Sep/2022:11:57:43 -0500] "GET /sipse/faces/javax.faces.resource/primefaces.css?ln=primefaces&v=4.0 HTTP/1.1" 304 -
201.245.192.253 - - [28/Sep/2022:11:57:43 -0500] "GET /sipse/faces/javax.faces.resource/theme.css?ln=primefaces-sipse HTTP/1.1" 304 -
201.245.192.253 - - [28/Sep/2022:11:57:43 -0500] "GET /sipse/faces/javax.faces.resource/layout/layout.css?ln=primefaces&v=4.0 HTTP/1.1" 304 -
201.245.192.253 - - [28/Sep/2022:11:57:43 -0500] "GET /sipse/faces/javax.faces.resource/jquery/jquery.js?ln=primefaces&v=4.0 HTTP/1.1" 304 -
201.245.192.253 - - [28/Sep/2022:11:57:43 -0500] "GET /sipse/faces/javax.faces.resource/layout/layout.js?ln=primefaces&v=4.0 HTTP/1.1" 304 -
201.245.192.253 - - [28/Sep/2022:11:57:43 -0500] "GET /sipse/faces/javax.faces.resource/jquery/jquery-plugins.js?ln=primefaces&v=4.0 HTTP/1.1" 304 -
201.245.192.253 - - [28/Sep/2022:11:57:43 -0500] "GET /sipse/faces/javax.faces.resource/primefaces.js?ln=primefaces&v=4.0 HTTP/1.1" 304 -
201.245.192.253 - - [28/Sep/2022:11:57:43 -0500] "GET /sipse/faces/javax.faces.resource/images/ui-icons_898989_256x240.png?ln=primefaces-aristo HTTP/1.1" 304 -
172.22.2.4 - - [28/Sep/2022:11:57:43 -0500] "GET /BLA/boletinlegal/consulta_conceptos.php?no=&solicitante=&radicado_entrada=&fecha_concepto=2022&objeto=ley%201437 HTTP/1.1" 200 570
200.118.64.109 - - [28/Sep/2022:11:57:43 -0500] "POST /forms/lservlet;jsessionid=ac16012b30d6cea60823f9d74625980f953eace16ced.e3iSbxaKaheRe3ePbN4LaNqMai1ynknvrkLOlQzNp65In0 HTTP/1.1" 200 15
172.22.2.4 - - [28/Sep/2022:11:57:44 -0500] "GET /BLA/boletinlegal/style.css HTTP/1.1" 200 9406
172.22.2.4 - - [28/Sep/2022:11:57:44 -0500] "GET /BLA/boletinlegal/styles2.css HTTP/1.1" 200 1838
172.22.2.4 - - [28/Sep/2022:11:57:44 -0500] "GET /BLA/boletinlegal/js/jquery.js HTTP/1.1" 200 57254
172.22.2.4 - - [28/Sep/2022:11:57:44 -0500] "GET /BLA/boletinlegal/js/jquery.scrollTo-min.js HTTP/1.1" 200 1150
172.22.2.4 - - [28/Sep/2022:11:57:44 -0500] "GET /BLA/boletinlegal/js/jquery.scrollShow.js HTTP/1.1" 200 4586
172.22.2.4 - - [28/Sep/2022:11:57:44 -0500] "GET /BLA/boletinlegal/images/subscribe-icon-big.png HTTP/1.1" 200 47702
172.22.2.4 - - [28/Sep/2022:11:57:44 -0500] "GET /BLA/boletinlegal/images/historia.png HTTP/1.1" 200 52775
172.22.2.4 - - [28/Sep/2022:11:57:44 -0500] "GET /BLA/boletinlegal/images/cabezote%20BLEGAL.jpg HTTP/1.1" 200 118164
172.22.2.4 - - [28/Sep/2022:11:57:44 -0500] "GET /BLA/boletinlegal/images/registro-usuarios.png HTTP/1.1" 200 8106
172.22.2.4 - - [28/Sep/2022:11:57:44 -0500] "GET /BLA/boletinlegal/images/arr_l.jpg HTTP/1.1" 200 1979
172.22.2.4 - - [28/Sep/2022:11:57:44 -0500] "GET /BLA/boletinlegal/images/launch.jpg HTTP/1.1" 200 14577
172.22.2.4 - - [28/Sep/2022:11:57:44 -0500] "GET /BLA/boletinlegal/images/screen_1.png HTTP/1.1" 200 202547
172.22.2.4 - - [28/Sep/2022:11:57:45 -0500] "GET /BLA/boletinlegal/images/body_bg.jpg HTTP/1.1" 200 1601
172.22.2.4 - - [28/Sep/2022:11:57:45 -0500] "GET /BLA/boletinlegal/images/menu_lft.gif HTTP/1.1" 200 1713
172.22.2.4 - - [28/Sep/2022:11:57:45 -0500] "GET /BLA/boletinlegal/images/bg_top.jpg HTTP/1.1" 200 522
172.22.2.4 - - [28/Sep/2022:11:57:45 -0500] "GET /BLA/boletinlegal/images/menu_rght.gif HTTP/1.1" 200 1627
172.22.2.4 - - [28/Sep/2022:11:57:45 -0500] "GET /BLA/boletinlegal/images/menu_bg.jpg HTTP/1.1" 200 620
172.22.2.4 - - [28/Sep/2022:11:57:45 -0500] "GET /BLA/boletinlegal/images/hover.jpg HTTP/1.1" 200 640
172.22.2.4 - - [28/Sep/2022:11:57:45 -0500] "GET /BLA/boletinlegal/images/text.jpg HTTP/1.1" 200 568
172.22.2.4 - - [28/Sep/2022:11:57:47 -0500] "GET /BLA/boletinlegal/images/screen_3.png HTTP/1.1" 200 210620
172.22.2.4 - - [28/Sep/2022:11:57:47 -0500] "GET /BLA/boletinlegal/images/screen_5.png HTTP/1.1" 200 368876
172.22.2.4 - - [28/Sep/2022:11:57:47 -0500] "GET /BLA/boletinlegal/images/screen_2.png HTTP/1.1" 200 362502
172.22.2.4 - - [28/Sep/2022:11:57:47 -0500] "GET /BLA/boletinlegal/images/arr_r.jpg HTTP/1.1" 200 1998
172.22.2.4 - - [28/Sep/2022:11:57:47 -0500] "GET /BLA/boletinlegal/images/footer_bg.jpg HTTP/1.1" 200 586
172.22.2.4 - - [28/Sep/2022:11:57:48 -0500] "GET /BLA/boletinlegal/actos.php HTTP/1.1" 200 9559
172.22.2.4 - - [28/Sep/2022:11:57:48 -0500] "GET /BLA/boletinlegal/js/ajax_actos.js HTTP/1.1" 200 1322
172.22.2.4 - - [28/Sep/2022:11:57:48 -0500] "GET /BLA/boletinlegal/niceforms.js HTTP/1.1" 200 22876
172.22.2.4 - - [28/Sep/2022:11:57:48 -0500] "GET /BLA/boletinlegal/js/popup.js HTTP/1.1" 200 1270
172.22.2.4 - - [28/Sep/2022:11:57:48 -0500] "GET /BLA/boletinlegal/js/jquery1.js HTTP/1.1" 200 29846
172.22.2.4 - - [28/Sep/2022:11:57:48 -0500] "GET /BLA/boletinlegal/niceforms-default.css HTTP/1.1" 200 6694
172.22.2.4 - - [28/Sep/2022:11:57:48 -0500] "GET /BLA/boletinlegal/js/lib.js HTTP/1.1" 200 6474
172.22.2.4 - - [28/Sep/2022:11:57:48 -0500] "GET /BLA/boletinlegal/images/green-yellow-blue-pink-th.png HTTP/1.1" 200 7394
172.22.2.4 - - [28/Sep/2022:11:57:48 -0500] "GET /BLA/boletinlegal/images/abajo.png HTTP/1.1" 200 96676
172.22.2.4 - - [28/Sep/2022:11:57:48 -0500] "GET /BLA/boletinlegal/images/tel.png HTTP/1.1" 200 14477
172.22.2.4 - - [28/Sep/2022:11:57:48 -0500] "GET /BLA/boletinlegal/images/icono-email.png HTTP/1.1" 200 5544
172.22.2.4 - - [28/Sep/2022:11:57:48 -0500] "GET /BLA/boletinlegal/images/footer_bg_l.jpg HTTP/1.1" 200 776
172.22.2.4 - - [28/Sep/2022:11:57:48 -0500] "GET /BLA/boletinlegal/img/0.png HTTP/1.1" 200 110
172.22.2.4 - - [28/Sep/2022:11:57:48 -0500] "GET /BLA/boletinlegal/img/select-left.png HTTP/1.1" 200 263
172.22.2.4 - - [28/Sep/2022:11:57:48 -0500] "GET /BLA/boletinlegal/img/button-left.png HTTP/1.1" 200 57071
172.22.2.4 - - [28/Sep/2022:11:57:48 -0500] "GET /BLA/boletinlegal/img/button.png HTTP/1.1" 200 43241
172.22.2.4 - - [28/Sep/2022:11:57:48 -0500] "GET /BLA/boletinlegal/img/select-right.png HTTP/1.1" 200 44019
172.22.2.4 - - [28/Sep/2022:11:57:48 -0500] "GET /BLA/boletinlegal/img/button-right.png HTTP/1.1" 200 57878
172.22.2.4 - - [28/Sep/2022:11:57:48 -0500] "GET /BLA/boletinlegal/favicon.ico HTTP/1.1" 404 1326
200.118.64.109 - - [28/Sep/2022:11:57:52 -0500] "POST /forms/lservlet;jsessionid=ac16012b30d6cea60823f9d74625980f953eace16ced.e3iSbxaKaheRe3ePbN4LaNqMai1ynknvrkLOlQzNp65In0 HTTP/1.1" 200 15
201.245.192.253 - - [28/Sep/2022:11:57:56 -0500] "GET /sipse/faces/javax.faces.resource/images/ui-bg_flat_0_2d5972_40x100.png?ln=primefaces-aristo HTTP/1.1" 304 -
201.245.192.253 - - [28/Sep/2022:11:57:56 -0500] "POST /sipse/faces/presentacion/financiero/solicitudProyectoActividad/asociarProyectoSolicitud.xhtml HTTP/1.1" 200 6539
201.245.192.253 - - [28/Sep/2022:11:57:56 -0500] "GET /BLA/resoluciones/ HTTP/1.1" 200 13093
201.245.192.253 - - [28/Sep/2022:11:57:57 -0500] "GET /BLA/resoluciones/dlf/styles.css HTTP/1.1" 200 3049
201.245.192.253 - - [28/Sep/2022:11:57:57 -0500] "GET /BLA/resoluciones/dlf/folder.png HTTP/1.1" 200 410
201.245.192.253 - - [28/Sep/2022:11:57:57 -0500] "GET /BLA/resoluciones/dlf/bg.gif HTTP/1.1" 200 54
201.245.192.253 - - [28/Sep/2022:11:57:57 -0500] "POST /sipse/faces/presentacion/financiero/solicitudProceso/consultar.xhtml HTTP/1.1" 200 12807
172.22.2.4 - - [28/Sep/2022:11:57:57 -0500] "GET /BLA/boletinlegal/consulta_conceptos.php?no=&solicitante=&radicado_entrada=&fecha_concepto=2012&objeto=ley%201437 HTTP/1.1" 200 570
201.245.192.253 - - [28/Sep/2022:11:57:58 -0500] "POST /sipse/faces/presentacion/financiero/solicitudProyectoActividad/asociarProyectoSolicitud.xhtml HTTP/1.1" 200 1700
172.22.2.4 - - [28/Sep/2022:11:57:58 -0500] "GET /BLA/boletinlegal/consulta_conceptos.php?no=&solicitante=&radicado_entrada=&fecha_concepto=2012&objeto=ley%201437 HTTP/1.1" 200 570
172.22.2.4 - - [28/Sep/2022:11:57:58 -0500] "GET /BLA/boletinlegal/consulta_conceptos.php?no=&solicitante=&radicado_entrada=&fecha_concepto=2012&objeto=ley%201437 HTTP/1.1" 200 570
201.245.192.253 - - [28/Sep/2022:11:57:58 -0500] "POST /sipse/faces/presentacion/financiero/solicitudProyectoActividad/asociarProyectoSolicitud.xhtml HTTP/1.1" 200 37073
201.245.192.253 - - [28/Sep/2022:11:57:59 -0500] "GET /sipse/faces/javax.faces.resource/jquery/jquery.js?ln=primefaces&v=4.0 HTTP/1.1" 304 -
201.245.192.253 - - [28/Sep/2022:11:57:59 -0500] "GET /sipse/faces/javax.faces.resource/jquery/jquery-plugins.js?ln=primefaces&v=4.0 HTTP/1.1" 304 -
201.245.192.253 - - [28/Sep/2022:11:57:59 -0500] "GET /sipse/faces/javax.faces.resource/primefaces.js?ln=primefaces&v=4.0 HTTP/1.1" 304 -
201.245.192.253 - - [28/Sep/2022:11:57:59 -0500] "GET /sipse/faces/javax.faces.resource/layout/layout.js?ln=primefaces&v=4.0 HTTP/1.1" 304 -
201.245.192.253 - - [28/Sep/2022:11:58:01 -0500] "GET /BLA/resoluciones/dlf/dirup.png HTTP/1.1" 200 644
201.245.192.253 - - [28/Sep/2022:11:58:01 -0500] "GET /BLA/resoluciones/dlf/pdf.gif HTTP/1.1" 200 272
201.245.192.253 - - [28/Sep/2022:11:58:00 -0500] "GET /BLA/resoluciones/index.php?dir=AUTOS+2011%2F HTTP/1.1" 200 636098
200.118.64.109 - - [28/Sep/2022:11:58:01 -0500] "POST /forms/lservlet;jsessionid=ac16012b30d6cea60823f9d74625980f953eace16ced.e3iSbxaKaheRe3ePbN4LaNqMai1ynknvrkLOlQzNp65In0 HTTP/1.1" 200 15
172.22.2.4 - - [28/Sep/2022:11:58:02 -0500] "GET /BLA/boletinlegal/consulta_conceptos.php?no=&solicitante=&radicado_entrada=&fecha_concepto=2013&objeto=ley%201437 HTTP/1.1" 200 570
172.22.2.4 - - [28/Sep/2022:11:58:03 -0500] "GET /BLA/boletinlegal/consulta_conceptos.php?no=&solicitante=&radicado_entrada=&fecha_concepto=2013&objeto=ley%201437 HTTP/1.1" 200 570
172.22.2.4 - - [28/Sep/2022:11:58:03 -0500] "GET /BLA/boletinlegal/consulta_conceptos.php?no=&solicitante=&radicado_entrada=&fecha_concepto=2013&objeto=ley%201437 HTTP/1.1" 200 570
172.22.2.4 - - [28/Sep/2022:11:58:03 -0500] "GET /BLA/boletinlegal/consulta_conceptos.php?no=&solicitante=&radicado_entrada=&fecha_concepto=2013&objeto=ley%201437 HTTP/1.1" 200 570
172.22.2.4 - - [28/Sep/2022:11:58:11 -0500] "GET /BLA/boletinlegal/consulta_conceptos.php?no=&solicitante=&radicado_entrada=&fecha_concepto=2013&objeto=decreto%2001 HTTP/1.1" 200 570
200.118.64.109 - - [28/Sep/2022:11:58:10 -0500] "POST /forms/lservlet;jsessionid=ac16012b30d6cea60823f9d74625980f953eace16ced.e3iSbxaKaheRe3ePbN4LaNqMai1ynknvrkLOlQzNp65In0 HTTP/1.1" 200 15
172.22.2.4 - - [28/Sep/2022:11:58:11 -0500] "GET /BLA/boletinlegal/consulta_conceptos.php?no=&solicitante=&radicado_entrada=&fecha_concepto=2013&objeto=decreto%2001 HTTP/1.1" 200 570
172.22.2.4 - - [28/Sep/2022:11:58:11 -0500] "GET /BLA/boletinlegal/consulta_conceptos.php?no=&solicitante=&radicado_entrada=&fecha_concepto=2013&objeto=decreto%2001 HTTP/1.1" 200 570
201.245.192.253 - - [28/Sep/2022:11:58:14 -0500] "POST /sipse/faces/presentacion/financiero/solicitudProceso/consultar.xhtml HTTP/1.1" 200 12904
172.22.2.4 - - [28/Sep/2022:11:58:16 -0500] "GET /BLA/boletinlegal/consulta_conceptos.php?no=&solicitante=&radicado_entrada=&fecha_concepto=2010&objeto=decreto%2001 HTTP/1.1" 200 570
172.22.2.4 - - [28/Sep/2022:11:58:19 -0500] "GET /BLA/boletinlegal/consulta_conceptos.php?no=&solicitante=&radicado_entrada=&fecha_concepto=2011&objeto=decreto%2001 HTTP/1.1" 200 570
172.22.2.4 - - [28/Sep/2022:11:58:19 -0500] "GET /BLA/boletinlegal/consulta_conceptos.php?no=&solicitante=&radicado_entrada=&fecha_concepto=2011&objeto=decreto%2001 HTTP/1.1" 200 570
200.118.64.109 - - [28/Sep/2022:11:58:19 -0500] "POST /forms/lservlet;jsessionid=ac16012b30d6cea60823f9d74625980f953eace16ced.e3iSbxaKaheRe3ePbN4LaNqMai1ynknvrkLOlQzNp65In0 HTTP/1.1" 200 15
172.22.2.4 - - [28/Sep/2022:11:57:40 -0500] "GET /BLA/boletinlegal/ HTTP/1.1" 200 32715
172.22.2.4 - - [28/Sep/2022:11:58:22 -0500] "GET /BLA/boletinlegal/consulta_conceptos.php?no=&solicitante=&radicado_entrada=&fecha_concepto=2012&objeto=decreto%2001 HTTP/1.1" 200 570
172.22.2.4 - - [28/Sep/2022:11:58:27 -0500] "GET /BLA/boletinlegal/consulta_conceptos.php?no=&solicitante=&radicado_entrada=&fecha_concepto=2013&objeto=decreto%2001 HTTP/1.1" 200 570
172.22.2.4 - - [28/Sep/2022:11:58:27 -0500] "GET /BLA/boletinlegal/consulta_conceptos.php?no=&solicitante=&radicado_entrada=&fecha_concepto=2013&objeto=decreto%2001 HTTP/1.1" 200 570
172.22.2.4 - - [28/Sep/2022:11:58:28 -0500] "GET /BLA/boletinlegal/consulta_conceptos.php?no=&solicitante=&radicado_entrada=&fecha_concepto=2013&objeto=decreto%2001 HTTP/1.1" 200 570
200.118.64.109 - - [28/Sep/2022:11:58:28 -0500] "POST /forms/lservlet;jsessionid=ac16012b30d6cea60823f9d74625980f953eace16ced.e3iSbxaKaheRe3ePbN4LaNqMai1ynknvrkLOlQzNp65In0 HTTP/1.1" 200 15
201.245.192.253 - - [28/Sep/2022:11:58:30 -0500] "POST /sipse/faces/presentacion/financiero/solicitudProyectoActividad/asociarActividadSolicitud.xhtml HTTP/1.1" 200 20035
201.245.192.253 - - [28/Sep/2022:11:58:30 -0500] "GET /sipse/faces/javax.faces.resource/jquery/jquery.js?ln=primefaces&v=4.0 HTTP/1.1" 304 -
201.245.192.253 - - [28/Sep/2022:11:58:30 -0500] "GET /sipse/faces/javax.faces.resource/jquery/jquery-plugins.js?ln=primefaces&v=4.0 HTTP/1.1" 304 -
201.245.192.253 - - [28/Sep/2022:11:58:30 -0500] "GET /sipse/faces/javax.faces.resource/primefaces.js?ln=primefaces&v=4.0 HTTP/1.1" 304 -
201.245.192.253 - - [28/Sep/2022:11:58:30 -0500] "GET /sipse/faces/javax.faces.resource/layout/layout.js?ln=primefaces&v=4.0 HTTP/1.1" 304 -
172.22.2.4 - - [28/Sep/2022:11:58:31 -0500] "GET /BLA/boletinlegal/consulta_conceptos.php?no=&solicitante=&radicado_entrada=&fecha_concepto=2014&objeto=decreto%2001 HTTP/1.1" 200 570
172.22.2.4 - - [28/Sep/2022:11:58:31 -0500] "GET /BLA/boletinlegal/consulta_conceptos.php?no=&solicitante=&radicado_entrada=&fecha_concepto=2014&objeto=decreto%2001 HTTP/1.1" 200 570
172.22.2.4 - - [28/Sep/2022:11:58:32 -0500] "GET /BLA/boletinlegal/consulta_conceptos.php?no=&solicitante=&radicado_entrada=&fecha_concepto=2014&objeto=decreto%2001 HTTP/1.1" 200 570
201.245.192.253 - - [28/Sep/2022:11:58:32 -0500] "POST /sipse/faces/presentacion/financiero/solicitudProceso/consultar.xhtml HTTP/1.1" 200 13054
172.22.2.4 - - [28/Sep/2022:11:58:36 -0500] "GET /BLA/boletinlegal/consulta_conceptos.php?no=&solicitante=&radicado_entrada=&fecha_concepto=2015&objeto=decreto%2001 HTTP/1.1" 200 570
172.22.2.4 - - [28/Sep/2022:11:58:37 -0500] "GET /BLA/boletinlegal/consulta_conceptos.php?no=&solicitante=&radicado_entrada=&fecha_concepto=2015&objeto=decreto%2001 HTTP/1.1" 200 570
200.118.64.109 - - [28/Sep/2022:11:58:37 -0500] "POST /forms/lservlet;jsessionid=ac16012b30d6cea60823f9d74625980f953eace16ced.e3iSbxaKaheRe3ePbN4LaNqMai1ynknvrkLOlQzNp65In0 HTTP/1.1" 200 15
172.22.2.4 - - [28/Sep/2022:11:58:41 -0500] "GET /BLA/boletinlegal/consulta_conceptos.php?no=&solicitante=&radicado_entrada=&fecha_concepto=2016&objeto=decreto%2001 HTTP/1.1" 200 570
172.22.2.4 - - [28/Sep/2022:11:58:41 -0500] "GET /BLA/boletinlegal/consulta_conceptos.php?no=&solicitante=&radicado_entrada=&fecha_concepto=2016&objeto=decreto%2001 HTTP/1.1" 200 570
172.22.2.4 - - [28/Sep/2022:11:58:42 -0500] "GET /BLA/boletinlegal/consulta_conceptos.php?no=&solicitante=&radicado_entrada=&fecha_concepto=2016&objeto=decreto%2001 HTTP/1.1" 200 570
201.245.192.253 - - [28/Sep/2022:11:58:43 -0500] "GET /sipse/faces/javax.faces.resource/theme.css?ln=primefaces-sipse HTTP/1.1" 304 -
201.245.192.253 - - [28/Sep/2022:11:58:43 -0500] "GET /sipse/faces/javax.faces.resource/layout/layout.css?ln=primefaces&v=4.0 HTTP/1.1" 304 -
201.245.192.253 - - [28/Sep/2022:11:58:43 -0500] "GET /sipse/faces/javax.faces.resource/primefaces.css?ln=primefaces&v=4.0 HTTP/1.1" 304 -
201.245.192.253 - - [28/Sep/2022:11:58:43 -0500] "GET /sipse/faces/javax.faces.resource/jquery/jquery.js?ln=primefaces&v=4.0 HTTP/1.1" 304 -
201.245.192.253 - - [28/Sep/2022:11:58:43 -0500] "POST /sipse/faces/presentacion/financiero/solicitudProyectoActividad/asociarFuentesSolicitud.xhtml HTTP/1.1" 200 68912
201.245.192.253 - - [28/Sep/2022:11:58:43 -0500] "GET /sipse/faces/javax.faces.resource/jquery/jquery-plugins.js?ln=primefaces&v=4.0 HTTP/1.1" 304 -
201.245.192.253 - - [28/Sep/2022:11:58:43 -0500] "GET /sipse/faces/javax.faces.resource/primefaces.js?ln=primefaces&v=4.0 HTTP/1.1" 304 -
201.245.192.253 - - [28/Sep/2022:11:58:43 -0500] "GET /sipse/faces/javax.faces.resource/layout/layout.js?ln=primefaces&v=4.0 HTTP/1.1" 304 -
201.245.192.253 - - [28/Sep/2022:11:58:40 -0500] "POST /kwsrmcab/Wsrmcab  HTTP/1.1" 200 43876
201.245.192.253 - - [28/Sep/2022:11:58:43 -0500] "GET /sipse/faces/javax.faces.resource/images/ui-icons_898989_256x240.png?ln=primefaces-aristo HTTP/1.1" 304 -
172.22.2.4 - - [28/Sep/2022:11:58:46 -0500] "GET /BLA/boletinlegal/consulta_conceptos.php?no=&solicitante=&radicado_entrada=&fecha_concepto=2017&objeto=decreto%2001 HTTP/1.1" 200 570
172.22.2.4 - - [28/Sep/2022:11:58:46 -0500] "GET /BLA/boletinlegal/consulta_conceptos.php?no=&solicitante=&radicado_entrada=&fecha_concepto=2017&objeto=decreto%2001 HTTP/1.1" 200 570
172.22.2.4 - - [28/Sep/2022:11:58:46 -0500] "GET /BLA/boletinlegal/consulta_conceptos.php?no=&solicitante=&radicado_entrada=&fecha_concepto=2017&objeto=decreto%2001 HTTP/1.1" 200 570
172.22.2.4 - - [28/Sep/2022:11:58:47 -0500] "GET /BLA/boletinlegal/consulta_conceptos.php?no=&solicitante=&radicado_entrada=&fecha_concepto=2017&objeto=decreto%2001 HTTP/1.1" 200 570
200.118.64.109 - - [28/Sep/2022:11:58:46 -0500] "POST /forms/lservlet;jsessionid=ac16012b30d6cea60823f9d74625980f953eace16ced.e3iSbxaKaheRe3ePbN4LaNqMai1ynknvrkLOlQzNp65In0 HTTP/1.1" 200 15
201.245.192.253 - - [28/Sep/2022:11:58:48 -0500] "POST /sipse/faces/presentacion/financiero/solicitudProceso/consultar.xhtml HTTP/1.1" 200 12944
172.22.2.4 - - [28/Sep/2022:11:58:51 -0500] "GET /BLA/boletinlegal/consulta_conceptos.php?no=&solicitante=&radicado_entrada=&fecha_concepto=2018&objeto=decreto%2001 HTTP/1.1" 200 570
172.22.2.4 - - [28/Sep/2022:11:58:51 -0500] "GET /BLA/boletinlegal/consulta_conceptos.php?no=&solicitante=&radicado_entrada=&fecha_concepto=2018&objeto=decreto%2001 HTTP/1.1" 200 570
172.22.2.4 - - [28/Sep/2022:11:58:51 -0500] "GET /BLA/boletinlegal/consulta_conceptos.php?no=&solicitante=&radicado_entrada=&fecha_concepto=2018&objeto=decreto%2001 HTTP/1.1" 200 570
172.22.2.4 - - [28/Sep/2022:11:58:52 -0500] "GET /BLA/boletinlegal/consulta_conceptos.php?no=&solicitante=&radicado_entrada=&fecha_concepto=2018&objeto=decreto%2001 HTTP/1.1" 200 570
200.118.64.109 - - [28/Sep/2022:11:58:55 -0500] "POST /forms/lservlet;jsessionid=ac16012b30d6cea60823f9d74625980f953eace16ced.e3iSbxaKaheRe3ePbN4LaNqMai1ynknvrkLOlQzNp65In0 HTTP/1.1" 200 15
191.95.164.222 - - [28/Sep/2022:11:58:59 -0500] "GET /kwssiamovil/sm/acme/a?s=U2FsdGVkX187NNvRkjlUM6dFH620fFGmGItVqJvcHq+tdLI0tbftzvz4AI9f3W/rNK14pdK7nYui2BHLJlxrs4mjp31p86Ng38uey7A57FxBRRaut8s6xVq9+NcTLAhmWvOR1jBlb0106zCirmXDdhik3NoXfLOAsneWwjycQjkEnuSvtV+X/bWC56hqs0zBXzEqGQaCMxIa9elvVGV5xsoKXqoz4mcQovfnvLeKDjj1ipkYve1lwtnsev0KuIUhyZhAA/sWFma+qe2YIYyCPA==&u=U2FsdGVkX182SFGxNrnTbPovA2GDgGZzZWZ2Xj2rT6c=&y=U2FsdGVkX19RitfiSB8URNtuLZGQRb1k06kal1zg2GXMqzzfyB1b0n6kjqoSoldZ HTTP/1.1" 200 25
191.95.164.222 - - [28/Sep/2022:11:58:59 -0500] "GET /kwssiamovil/sm/acme/a?s=U2FsdGVkX19qOUBQNLAcQYtzl2ucIJBQowY72AC2di2x6N0IF8d+bbCTa/ykJ3eG6Zd8thBoHnG9WV0OH6CtTzL5JXVCFWur0LXkQ9d1dCK9lDMc7F2DB0OBH/akDvvb5YaZlII20XCgGRV7I/HQQ2p59p/+nIfT7kMejXjjIpWj3xdr7f85ZLcaQxP5T+ggM9cBCnNgqYN6taco4ON6Rf1wp8+3SLp/7HwbJlhKhj/37KRQhnHZMMpLgnovhn72ByZh/F0pfKMUV7OLzcLyvNO7nbn1pTHEXCeFQbDt9AdXrafztRPXXGdd2NhtdAEAmQcED/9v/ieVZbaiytSfZd3njv8sctBjhAzW+Yblz1d/QB5LxMkIwWrF4LxAWjfM0ccQN9jqHQmYeIXvHhCHWbMZUMOtGQ7f6FpPs3Klo80n+ZLp0J456sYPMtNZpb0RQKMyt8IYYQlaIrNo7M42WAwZDB2HoYdhrAAa/36ZCZ1GhjOy/RtMibAO9DDEQRuRy70vpZ4EZRLz4l+rtkg0Pmi02yObbGCKn80KaVmWw6Wj81YGmprhNVw/BC0jU+VMTDwXKtcwVSiOyYwiWJj74DwxPPhjES1q9kJqNuyuXWfVZFwI6FUDcI55Z2zlqmYUMKZwL0cDnWdB/m/7y81Md6KcS+73hCrh1h//1+b1A5AVKRFsAXRjOIEw3RPWb1g5JTh3xF6+ZZEgOQMOQQacpf7tCfRBvYwN0v2HgnXJ/wbdPN38n80qIAXIWyS10Xj7zwY8Lpys373roOZRRul3xqYQoMwRW157SK8j1IVabQPdIyYOo/ZVi1zh3LFJLlgNI4jbw/C8tM31Dz0T5VWg5WtoSqL2RAZqYV+YQEcTpssv407J6NsH7KDoxSn9fTeL6y7R3TWU60U5StqFD9jcjJiymTQQqsNIIegKsft/ofL3bLsUN6QIiB1MN9on7cG+YRs8KFMWfjxKDCiSEfPAhhb9aU2tuvNnJBXd5qbHwkWmL4C7syb6NXPXR1ojpNCa9FEf4475QFcK/ntqHKsF8idyl3ggvm2l2sPQCxL7Twr1tuWk9+xc0tKQWk80NZofDdJmszT35QhVRmDU3EDBKoCo/IPGRNLBoiKiWLYU64Os1da99gZMEdwbDNWXMxI8aNKJMF+Oc+3MrOW0Rfzp6cXxVwt17HXSGlGyhkAIe5Ltu5fQ5+mKOwoGA4UwTLNqhlNsN3/M7s0lhK8Jr1H0QTRH+RmWZa5S1jWrboELhF0560JrfpWrivsCffJRwpM9iFO8N8TjEUHChSFLuzUSdA==&u=U2FsdGVkX182SFGxNrnTbPovA2GDgGZzZWZ2Xj2rT6c=&y=U2FsdGVkX19RitfiSB8URNtuLZGQRb1k06kal1zg2GXMqzzfyB1b0n6kjqoSoldZ HTTP/1.1" 200 25
191.95.164.222 - - [28/Sep/2022:11:59:00 -0500] "GET /kwssiamovil/sm/acme/a?s=U2FsdGVkX1/jNMFfP1f/xOVi4+0ngadk/7HH1m1cR/fFaGgvjYHhyKddA0Vd3AJK3irJiDwtBsenEMrxAkbn77z8F8HfF9N3QsovsZDHQvdMPhVmM/PG94UO+9qjOx1yJmFFA1y/5E5TkhhWNOMaOTqNk56kSojVPOcbvpI3S9U=&u=U2FsdGVkX182SFGxNrnTbPovA2GDgGZzZWZ2Xj2rT6c=&y=U2FsdGVkX19RitfiSB8URNtuLZGQRb1k06kal1zg2GXMqzzfyB1b0n6kjqoSoldZ HTTP/1.1" 200 25
191.95.164.222 - - [28/Sep/2022:11:59:00 -0500] "GET /kwssiamovil/sm/acme/a?s=U2FsdGVkX18RAFXbLRSp6ZZANk6KZWPwpThB45aBigJQ9hSDLksilFrfNEcXOW/c6jMtmhIK+ZdI9TfoT347QNfGowlKYBsOB7FI0tmfFz2OlzMIlCSgGLZVEQ5VK//gdgCRWmYsvKP1HcCDzg9GqyMDT2dsRwdeTWwrpG0fuDY=&u=U2FsdGVkX182SFGxNrnTbPovA2GDgGZzZWZ2Xj2rT6c=&y=U2FsdGVkX19RitfiSB8URNtuLZGQRb1k06kal1zg2GXMqzzfyB1b0n6kjqoSoldZ HTTP/1.1" 200 25
191.95.164.222 - - [28/Sep/2022:11:59:00 -0500] "GET /kwssiamovil/sm/acme/a?s=U2FsdGVkX19vB78Pa5rJ9LS83Tp4elDNAniW1mTFMVYi406tlp+UIOEfSBD11Ck0h+WpgQxt3MLgZ/VawmBMDiCx3kS66pgblKCOcRTIIaMVVk94fmu4VT7LekvIUEu5LbkHHMPu1z7rr63Oz/bejKWAgFfjBnUHRgkXOfRS3wE=&u=U2FsdGVkX182SFGxNrnTbPovA2GDgGZzZWZ2Xj2rT6c=&y=U2FsdGVkX19RitfiSB8URNtuLZGQRb1k06kal1zg2GXMqzzfyB1b0n6kjqoSoldZ HTTP/1.1" 200 25
191.95.164.222 - - [28/Sep/2022:11:59:00 -0500] "GET /kwssiamovil/sm/acme/a?s=U2FsdGVkX1+OpVz3whem1YZaQFcZrNnNNmVGkn7v8cDRxJ5FrTT029uHDW8yPiZdQeIecF5hl5OCRGN1pYFVqN+13HzU8w/iIBwQcVI4nOysH9ScCpNzsN2/+weekCqmR/zHLo5o9nz3TnH9SE96wi4bPtTBQuUNacXEAXV8MboaQzMxNNTmAiIIExsIONOl&u=U2FsdGVkX182SFGxNrnTbPovA2GDgGZzZWZ2Xj2rT6c=&y=U2FsdGVkX19RitfiSB8URNtuLZGQRb1k06kal1zg2GXMqzzfyB1b0n6kjqoSoldZ HTTP/1.1" 200 25
172.22.2.4 - - [28/Sep/2022:11:59:02 -0500] "GET /BLA/boletinlegal/consulta_conceptos.php?no=&solicitante=&radicado_entrada=&fecha_concepto=2019&objeto=decreto%2001 HTTP/1.1" 200 570
172.22.2.4 - - [28/Sep/2022:11:59:02 -0500] "GET /BLA/boletinlegal/consulta_conceptos.php?no=&solicitante=&radicado_entrada=&fecha_concepto=2019&objeto=decreto%2001 HTTP/1.1" 200 570
201.245.192.253 - - [28/Sep/2022:11:59:02 -0500] "POST /sipse/faces/presentacion/financiero/solicitudProceso/consultar.xhtml HTTP/1.1" 200 12880
172.22.2.4 - - [28/Sep/2022:11:59:02 -0500] "GET /BLA/boletinlegal/consulta_conceptos.php?no=&solicitante=&radicado_entrada=&fecha_concepto=2019&objeto=decreto%2001 HTTP/1.1" 200 570
200.118.64.109 - - [28/Sep/2022:11:59:04 -0500] "POST /forms/lservlet;jsessionid=ac16012b30d6cea60823f9d74625980f953eace16ced.e3iSbxaKaheRe3ePbN4LaNqMai1ynknvrkLOlQzNp65In0 HTTP/1.1" 200 15
200.118.64.109 - - [28/Sep/2022:11:59:13 -0500] "POST /forms/lservlet;jsessionid=ac16012b30d6cea60823f9d74625980f953eace16ced.e3iSbxaKaheRe3ePbN4LaNqMai1ynknvrkLOlQzNp65In0 HTTP/1.1" 200 15
201.245.192.253 - - [28/Sep/2022:11:59:17 -0500] "POST /sipse/faces/presentacion/financiero/solicitudProceso/consultar.xhtml HTTP/1.1" 200 12871
172.22.2.4 - - [28/Sep/2022:11:59:20 -0500] "GET /BLA/boletinlegal/consulta_actos.php?tipo=autos&no=0085&usuario=&sector=&fecha=2011&resuelve= HTTP/1.1" 200 626
172.22.2.4 - - [28/Sep/2022:11:59:23 -0500] "GET /BLA/boletinlegal/consulta_actos.php?tipo=autos&no=0086&usuario=&sector=&fecha=2011&resuelve= HTTP/1.1" 200 626
200.118.64.109 - - [28/Sep/2022:11:59:23 -0500] "POST /forms/lservlet;jsessionid=ac16012b30d6cea60823f9d74625980f953eace16ced.e3iSbxaKaheRe3ePbN4LaNqMai1ynknvrkLOlQzNp65In0 HTTP/1.1" 200 15
201.245.192.253 - - [28/Sep/2022:11:59:24 -0500] "POST /sipse/faces/presentacion/financiero/solicitudProceso/crearModificarSolicitudProceso.xhtml HTTP/1.1" 200 44531
201.245.192.253 - - [28/Sep/2022:11:59:27 -0500] "GET /sipse/faces/javax.faces.resource/primefaces.css?ln=primefaces&v=4.0 HTTP/1.1" 304 -
201.245.192.253 - - [28/Sep/2022:11:59:27 -0500] "GET /sipse/faces/javax.faces.resource/theme.css?ln=primefaces-sipse HTTP/1.1" 304 -
201.245.192.253 - - [28/Sep/2022:11:59:27 -0500] "GET /sipse/faces/javax.faces.resource/layout/layout.css?ln=primefaces&v=4.0 HTTP/1.1" 304 -
