201.245.192.253 - - [28/Sep/2022:12:35:21 -0500] "GET /sipse/faces/javax.faces.resource/theme.css?ln=primefaces-sipse HTTP/1.1" 304 -
201.245.192.253 - - [28/Sep/2022:12:35:21 -0500] "GET /sipse/faces/javax.faces.resource/primefaces.css?ln=primefaces&v=4.0 HTTP/1.1" 304 -
201.245.192.253 - - [28/Sep/2022:12:35:21 -0500] "GET /sipse/faces/javax.faces.resource/layout/layout.css?ln=primefaces&v=4.0 HTTP/1.1" 304 -
201.245.192.253 - - [28/Sep/2022:12:35:21 -0500] "GET /sipse/faces/javax.faces.resource/jquery/jquery.js?ln=primefaces&v=4.0 HTTP/1.1" 304 -
201.245.192.253 - - [28/Sep/2022:12:35:21 -0500] "GET /sipse/faces/javax.faces.resource/jquery/jquery-plugins.js?ln=primefaces&v=4.0 HTTP/1.1" 304 -
201.245.192.253 - - [28/Sep/2022:12:35:21 -0500] "GET /sipse/faces/javax.faces.resource/primefaces.js?ln=primefaces&v=4.0 HTTP/1.1" 304 -
201.245.192.253 - - [28/Sep/2022:12:35:21 -0500] "GET /sipse/faces/javax.faces.resource/layout/layout.js?ln=primefaces&v=4.0 HTTP/1.1" 304 -
201.245.192.253 - - [28/Sep/2022:12:35:21 -0500] "GET /sipse/faces/javax.faces.resource/dynamiccontent.properties?ln=primefaces&pfdrid=XjOR5%2F%2FfPAZAuY9TpWQeCiM0BhlXxYRBGKi%2FQcXXfeA%3D&pfdrid_c=false HTTP/1.1" 500 383
172.22.2.4 - - [28/Sep/2022:12:35:23 -0500] "GET /BLA/boletinlegal/robots.txt HTTP/1.1" 404 1038
201.245.192.253 - - [28/Sep/2022:12:35:26 -0500] "POST /sipse/faces/presentacion/financiero/solicitudProceso/listarSolicitudProceso.xhtml HTTP/1.1" 200 112408
201.245.192.253 - - [28/Sep/2022:12:35:27 -0500] "GET /sipse/faces/javax.faces.resource/jquery/jquery.js?ln=primefaces&v=4.0 HTTP/1.1" 304 -
172.22.2.4 - - [28/Sep/2022:12:35:27 -0500] "GET /BLA/boletinlegal/Circulares/2011/Circular%20No.%203%20del%2016%20de%20Junio%20de%202011.pdf HTTP/1.1" 200 346378
201.245.192.253 - - [28/Sep/2022:12:35:27 -0500] "GET /sipse/faces/javax.faces.resource/jquery/jquery-plugins.js?ln=primefaces&v=4.0 HTTP/1.1" 304 -
201.245.192.253 - - [28/Sep/2022:12:35:27 -0500] "GET /sipse/faces/javax.faces.resource/primefaces.js?ln=primefaces&v=4.0 HTTP/1.1" 304 -
201.245.192.253 - - [28/Sep/2022:12:35:27 -0500] "GET /sipse/faces/javax.faces.resource/layout/layout.js?ln=primefaces&v=4.0 HTTP/1.1" 304 -
201.245.192.253 - - [28/Sep/2022:12:35:27 -0500] "GET /sipse/faces/javax.faces.resource/dynamiccontent.properties?ln=primefaces&pfdrid=XjOR5%2F%2FfPAZAuY9TpWQeCiM0BhlXxYRBGKi%2FQcXXfeA%3D&pfdrid_c=false HTTP/1.1" 500 383
201.245.192.253 - - [28/Sep/2022:12:35:29 -0500] "POST /sipse/faces/presentacion/financiero/solicitudProceso/consultarSolicitudProceso.xhtml HTTP/1.1" 200 64836
201.245.192.253 - - [28/Sep/2022:12:35:29 -0500] "GET /sipse/faces/javax.faces.resource/jquery/jquery.js?ln=primefaces&v=4.0 HTTP/1.1" 304 -
201.245.192.253 - - [28/Sep/2022:12:35:29 -0500] "GET /sipse/faces/javax.faces.resource/jquery/jquery-plugins.js?ln=primefaces&v=4.0 HTTP/1.1" 304 -
201.245.192.253 - - [28/Sep/2022:12:35:29 -0500] "GET /sipse/faces/javax.faces.resource/primefaces.js?ln=primefaces&v=4.0 HTTP/1.1" 304 -
200.118.64.109 - - [28/Sep/2022:12:35:28 -0500] "POST /forms/lservlet;jsessionid=ac16012b30d6cea60823f9d74625980f953eace16ced.e3iSbxaKaheRe3ePbN4LaNqMai1ynknvrkLOlQzNp65In0 HTTP/1.1" 200 15
201.245.192.253 - - [28/Sep/2022:12:35:29 -0500] "GET /sipse/faces/javax.faces.resource/layout/layout.js?ln=primefaces&v=4.0 HTTP/1.1" 304 -
201.245.192.253 - - [28/Sep/2022:12:35:29 -0500] "POST /sipse/faces/presentacion/financiero/solicitudProceso/listarSolicitudProceso.xhtml HTTP/1.1" 200 58226
201.245.192.253 - - [28/Sep/2022:12:35:29 -0500] "POST /sipse/faces/presentacion/financiero/solicitudProceso/listarSolicitudProceso.xhtml HTTP/1.1" 200 58226
201.245.192.253 - - [28/Sep/2022:12:35:30 -0500] "POST /sipse/faces/presentacion/financiero/solicitudProceso/listarSolicitudProceso.xhtml HTTP/1.1" 200 58226
201.245.192.253 - - [28/Sep/2022:12:35:30 -0500] "POST /sipse/faces/presentacion/financiero/solicitudProceso/listarSolicitudProceso.xhtml HTTP/1.1" 200 58226
201.245.192.253 - - [28/Sep/2022:12:35:30 -0500] "POST /sipse/faces/presentacion/financiero/solicitudProceso/listarSolicitudProceso.xhtml HTTP/1.1" 200 58226
201.245.192.253 - - [28/Sep/2022:12:35:30 -0500] "POST /sipse/faces/presentacion/financiero/solicitudProceso/listarSolicitudProceso.xhtml HTTP/1.1" 200 1544
201.245.192.253 - - [28/Sep/2022:12:35:30 -0500] "POST /sipse/faces/presentacion/financiero/solicitudProceso/listarSolicitudProceso.xhtml HTTP/1.1" 200 1548
201.245.192.253 - - [28/Sep/2022:12:35:30 -0500] "POST /sipse/faces/presentacion/financiero/solicitudProceso/listarSolicitudProceso.xhtml HTTP/1.1" 200 1552
201.245.192.253 - - [28/Sep/2022:12:35:31 -0500] "POST /sipse/faces/presentacion/financiero/solicitudProceso/listarSolicitudProceso.xhtml HTTP/1.1" 200 1548
201.245.192.253 - - [28/Sep/2022:12:35:31 -0500] "POST /sipse/faces/presentacion/financiero/solicitudProceso/listarSolicitudProceso.xhtml HTTP/1.1" 200 1552
201.245.192.253 - - [28/Sep/2022:12:35:31 -0500] "POST /sipse/faces/presentacion/financiero/solicitudProceso/listarSolicitudProceso.xhtml HTTP/1.1" 200 1548
201.245.192.253 - - [28/Sep/2022:12:35:33 -0500] "POST /sipse/faces/presentacion/financiero/solicitudProceso/listarSolicitudProceso.xhtml HTTP/1.1" 200 911
200.118.64.109 - - [28/Sep/2022:12:35:37 -0500] "POST /forms/lservlet;jsessionid=ac16012b30d6cea60823f9d74625980f953eace16ced.e3iSbxaKaheRe3ePbN4LaNqMai1ynknvrkLOlQzNp65In0 HTTP/1.1" 200 15
172.22.2.4 - - [28/Sep/2022:12:34:01 -0500] "HEAD /BLA/boletinlegal/ HTTP/1.1" 200 -
201.245.192.253 - - [28/Sep/2022:12:35:42 -0500] "GET /sipse/faces/faces/autenticacion.xhtml HTTP/1.1" 200 12179
201.245.192.253 - - [28/Sep/2022:12:35:42 -0500] "GET /sipse/faces/javax.faces.resource/theme.css?ln=primefaces-sipse HTTP/1.1" 304 -
201.245.192.253 - - [28/Sep/2022:12:35:42 -0500] "GET /sipse/faces/javax.faces.resource/primefaces.css?ln=primefaces&v=4.0 HTTP/1.1" 304 -
201.245.192.253 - - [28/Sep/2022:12:35:42 -0500] "GET /sipse/faces/javax.faces.resource/jquery/jquery.js?ln=primefaces&v=4.0 HTTP/1.1" 304 -
201.245.192.253 - - [28/Sep/2022:12:35:42 -0500] "GET /sipse/faces/javax.faces.resource/layout/layout.css?ln=primefaces&v=4.0 HTTP/1.1" 304 -
201.245.192.253 - - [28/Sep/2022:12:35:42 -0500] "GET /sipse/faces/javax.faces.resource/jquery/jquery-plugins.js?ln=primefaces&v=4.0 HTTP/1.1" 304 -
201.245.192.253 - - [28/Sep/2022:12:35:42 -0500] "GET /sipse/faces/javax.faces.resource/primefaces.js?ln=primefaces&v=4.0 HTTP/1.1" 304 -
201.245.192.253 - - [28/Sep/2022:12:35:42 -0500] "GET /sipse/faces/javax.faces.resource/layout/layout.js?ln=primefaces&v=4.0 HTTP/1.1" 304 -
201.245.192.253 - - [28/Sep/2022:12:35:42 -0500] "GET /sipse/faces/javax.faces.resource/images/ui-icons_898989_256x240.png?ln=primefaces-aristo HTTP/1.1" 304 -
201.245.192.253 - - [28/Sep/2022:12:35:42 -0500] "GET /sipse/faces/faces/index.xhtml HTTP/1.1" 200 677
201.245.192.253 - - [28/Sep/2022:12:35:42 -0500] "GET /sipse/faces/javax.faces.resource/theme.css?ln=primefaces-sipse HTTP/1.1" 304 -
201.245.192.253 - - [28/Sep/2022:12:35:42 -0500] "GET /sipse/faces/faces/faces/autenticacion.xhtml HTTP/1.1" 200 12179
201.245.192.253 - - [28/Sep/2022:12:35:43 -0500] "GET /sipse/faces/javax.faces.resource/theme.css?ln=primefaces-sipse HTTP/1.1" 304 -
201.245.192.253 - - [28/Sep/2022:12:35:43 -0500] "GET /sipse/faces/javax.faces.resource/primefaces.css?ln=primefaces&v=4.0 HTTP/1.1" 304 -
201.245.192.253 - - [28/Sep/2022:12:35:43 -0500] "GET /sipse/faces/javax.faces.resource/layout/layout.css?ln=primefaces&v=4.0 HTTP/1.1" 304 -
201.245.192.253 - - [28/Sep/2022:12:35:43 -0500] "GET /sipse/faces/javax.faces.resource/jquery/jquery.js?ln=primefaces&v=4.0 HTTP/1.1" 304 -
201.245.192.253 - - [28/Sep/2022:12:35:43 -0500] "GET /sipse/faces/javax.faces.resource/jquery/jquery-plugins.js?ln=primefaces&v=4.0 HTTP/1.1" 304 -
201.245.192.253 - - [28/Sep/2022:12:35:43 -0500] "GET /sipse/faces/javax.faces.resource/primefaces.js?ln=primefaces&v=4.0 HTTP/1.1" 304 -
201.245.192.253 - - [28/Sep/2022:12:35:43 -0500] "GET /sipse/faces/javax.faces.resource/layout/layout.js?ln=primefaces&v=4.0 HTTP/1.1" 304 -
201.245.192.253 - - [28/Sep/2022:12:35:43 -0500] "GET /sipse/faces/javax.faces.resource/images/ui-icons_898989_256x240.png?ln=primefaces-aristo HTTP/1.1" 304 -
200.118.64.109 - - [28/Sep/2022:12:35:46 -0500] "POST /forms/lservlet;jsessionid=ac16012b30d6cea60823f9d74625980f953eace16ced.e3iSbxaKaheRe3ePbN4LaNqMai1ynknvrkLOlQzNp65In0 HTTP/1.1" 200 15
201.245.192.253 - - [28/Sep/2022:12:35:53 -0500] "POST /sipse/faces/autenticacion.xhtml HTTP/1.1" 200 2216
201.245.192.253 - - [28/Sep/2022:12:35:53 -0500] "GET /sipse/faces/javax.faces.resource/messages/messages.png?ln=primefaces&v=4.0 HTTP/1.1" 304 -
201.245.192.253 - - [28/Sep/2022:12:35:55 -0500] "POST /sipse/faces/autenticacion.xhtml HTTP/1.1" 200 16238
201.245.192.253 - - [28/Sep/2022:12:35:55 -0500] "GET /sipse/faces/javax.faces.resource/jquery/jquery.js?ln=primefaces&v=4.0 HTTP/1.1" 304 -
201.245.192.253 - - [28/Sep/2022:12:35:55 -0500] "GET /sipse/faces/javax.faces.resource/jquery/jquery-plugins.js?ln=primefaces&v=4.0 HTTP/1.1" 304 -
201.245.192.253 - - [28/Sep/2022:12:35:55 -0500] "GET /sipse/faces/javax.faces.resource/primefaces.js?ln=primefaces&v=4.0 HTTP/1.1" 304 -
201.245.192.253 - - [28/Sep/2022:12:35:55 -0500] "GET /sipse/faces/javax.faces.resource/layout/layout.js?ln=primefaces&v=4.0 HTTP/1.1" 304 -
201.245.192.253 - - [28/Sep/2022:12:35:55 -0500] "GET /sipse/css/imagen/contrasena.png HTTP/1.1" 404 383
200.118.64.109 - - [28/Sep/2022:12:35:55 -0500] "POST /forms/lservlet;jsessionid=ac16012b30d6cea60823f9d74625980f953eace16ced.e3iSbxaKaheRe3ePbN4LaNqMai1ynknvrkLOlQzNp65In0 HTTP/1.1" 200 15
201.245.192.253 - - [28/Sep/2022:12:35:56 -0500] "GET /sipse/faces/javax.faces.resource/images/ui-bg_flat_0_2d5972_40x100.png?ln=primefaces-aristo HTTP/1.1" 304 -
201.245.192.253 - - [28/Sep/2022:12:35:56 -0500] "POST /sipse/faces/bienvenido.xhtml HTTP/1.1" 200 2658
201.245.192.253 - - [28/Sep/2022:12:35:58 -0500] "POST /sipse/faces/bienvenido.xhtml HTTP/1.1" 200 64867
201.245.192.253 - - [28/Sep/2022:12:36:00 -0500] "GET /sipse/faces/javax.faces.resource/jquery/jquery.js?ln=primefaces&v=4.0 HTTP/1.1" 304 -
201.245.192.253 - - [28/Sep/2022:12:36:00 -0500] "GET /sipse/faces/javax.faces.resource/jquery/jquery-plugins.js?ln=primefaces&v=4.0 HTTP/1.1" 304 -
201.245.192.253 - - [28/Sep/2022:12:36:00 -0500] "GET /sipse/faces/javax.faces.resource/primefaces.js?ln=primefaces&v=4.0 HTTP/1.1" 304 -
201.245.192.253 - - [28/Sep/2022:12:36:00 -0500] "GET /sipse/faces/javax.faces.resource/layout/layout.js?ln=primefaces&v=4.0 HTTP/1.1" 304 -
201.245.192.253 - - [28/Sep/2022:12:36:00 -0500] "POST /sipse/faces/presentacion/financiero/solicitudProceso/listarSolicitudProceso.xhtml HTTP/1.1" 200 1544
186.28.45.249 - - [28/Sep/2022:12:36:02 -0500] "GET /BLA/resoluciones/ HTTP/1.1" 200 13093
186.28.45.249 - - [28/Sep/2022:12:36:02 -0500] "GET /BLA/resoluciones/dlf/styles.css HTTP/1.1" 200 3049
186.28.45.249 - - [28/Sep/2022:12:36:02 -0500] "GET /BLA/resoluciones/dlf/folder.png HTTP/1.1" 200 410
186.28.45.249 - - [28/Sep/2022:12:36:02 -0500] "GET /BLA/resoluciones/dlf/bg.gif HTTP/1.1" 200 54
186.28.45.249 - - [28/Sep/2022:12:36:02 -0500] "GET /favicon.ico HTTP/1.1" 200 7782
200.118.64.109 - - [28/Sep/2022:12:36:04 -0500] "POST /forms/lservlet;jsessionid=ac16012b30d6cea60823f9d74625980f953eace16ced.e3iSbxaKaheRe3ePbN4LaNqMai1ynknvrkLOlQzNp65In0 HTTP/1.1" 200 15
186.28.45.249 - - [28/Sep/2022:12:36:07 -0500] "GET /BLA/resoluciones/index.php?dir=RESOLUCIONES+2019%2F HTTP/1.1" 200 12235
186.28.45.249 - - [28/Sep/2022:12:36:07 -0500] "GET /BLA/resoluciones/dlf/dirup.png HTTP/1.1" 200 644
186.28.45.249 - - [28/Sep/2022:12:36:07 -0500] "GET /BLA/resoluciones/dlf/pdf.gif HTTP/1.1" 200 272
186.28.45.249 - - [28/Sep/2022:12:36:07 -0500] "GET /BLA/resoluciones/index.php?dir=RESOLUCIONES+2019%2F HTTP/1.1" 200 246430
191.156.146.20 - - [28/Sep/2022:12:36:08 -0500] "GET /sipse/faces/javax.faces.resource/theme.css?ln=primefaces-sipse HTTP/1.1" 304 -
191.156.146.20 - - [28/Sep/2022:12:36:08 -0500] "GET /sipse/faces/faces/faces/faces/faces/faces/faces/autenticacion.xhtml HTTP/1.1" 200 12179
191.156.146.20 - - [28/Sep/2022:12:36:08 -0500] "GET /sipse/faces/javax.faces.resource/theme.css?ln=primefaces-sipse HTTP/1.1" 304 -
191.156.150.158 - - [28/Sep/2022:12:36:08 -0500] "GET /sipse/faces/javax.faces.resource/layout/layout.css?ln=primefaces&v=4.0 HTTP/1.1" 304 -
191.156.146.20 - - [28/Sep/2022:12:36:08 -0500] "GET /sipse/faces/javax.faces.resource/primefaces.css?ln=primefaces&v=4.0 HTTP/1.1" 304 -
191.156.158.247 - - [28/Sep/2022:12:36:08 -0500] "GET /sipse/faces/javax.faces.resource/jquery/jquery.js?ln=primefaces&v=4.0 HTTP/1.1" 304 -
191.156.146.182 - - [28/Sep/2022:12:36:08 -0500] "GET /sipse/faces/javax.faces.resource/jquery/jquery-plugins.js?ln=primefaces&v=4.0 HTTP/1.1" 304 -
191.156.146.73 - - [28/Sep/2022:12:36:08 -0500] "GET /sipse/faces/javax.faces.resource/primefaces.js?ln=primefaces&v=4.0 HTTP/1.1" 304 -
191.156.146.20 - - [28/Sep/2022:12:36:10 -0500] "GET /sipse/faces/javax.faces.resource/layout/layout.js?ln=primefaces&v=4.0 HTTP/1.1" 304 -
191.156.146.20 - - [28/Sep/2022:12:36:10 -0500] "GET /sipse/faces/javax.faces.resource/images/ui-icons_898989_256x240.png?ln=primefaces-aristo HTTP/1.1" 304 -
186.28.45.249 - - [28/Sep/2022:12:36:12 -0500] "GET /BLA/resoluciones/RESOLUCIONES%202019/1315.pdf HTTP/1.1" 200 313106
200.118.64.109 - - [28/Sep/2022:12:36:13 -0500] "POST /forms/lservlet;jsessionid=ac16012b30d6cea60823f9d74625980f953eace16ced.e3iSbxaKaheRe3ePbN4LaNqMai1ynknvrkLOlQzNp65In0 HTTP/1.1" 200 15
201.245.192.253 - - [28/Sep/2022:12:36:16 -0500] "POST /sipse/faces/presentacion/financiero/solicitudProceso/consultarSolicitudProceso.xhtml HTTP/1.1" 200 101793
64.124.8.38 - - [28/Sep/2022:12:36:17 -0500] "GET /portaldeninos/wp-includes/wlwmanifest.xml HTTP/1.1" 304 -
200.118.64.109 - - [28/Sep/2022:12:36:22 -0500] "POST /forms/lservlet;jsessionid=ac16012b30d6cea60823f9d74625980f953eace16ced.e3iSbxaKaheRe3ePbN4LaNqMai1ynknvrkLOlQzNp65In0 HTTP/1.1" 200 15
172.22.2.4 - - [28/Sep/2022:12:36:27 -0500] "GET /BLA/boletinlegal/jurisprudencia/analisis/G__Jurisp.%20Junio%202014_ANALISIS%20JURISPRUDENCIA%20C-634-12%20DECOMISO.docx HTTP/1.1" 304 -
172.22.2.4 - - [28/Sep/2022:12:34:52 -0500] "GET /BLA/boletinlegal/ HTTP/1.1" 200 55630
200.118.64.109 - - [28/Sep/2022:12:36:31 -0500] "POST /forms/lservlet;jsessionid=ac16012b30d6cea60823f9d74625980f953eace16ced.e3iSbxaKaheRe3ePbN4LaNqMai1ynknvrkLOlQzNp65In0 HTTP/1.1" 200 15
200.118.64.109 - - [28/Sep/2022:12:36:40 -0500] "POST /forms/lservlet;jsessionid=ac16012b30d6cea60823f9d74625980f953eace16ced.e3iSbxaKaheRe3ePbN4LaNqMai1ynknvrkLOlQzNp65In0 HTTP/1.1" 200 15
200.118.64.109 - - [28/Sep/2022:12:36:50 -0500] "POST /forms/lservlet;jsessionid=ac16012b30d6cea60823f9d74625980f953eace16ced.e3iSbxaKaheRe3ePbN4LaNqMai1ynknvrkLOlQzNp65In0 HTTP/1.1" 200 15
201.245.192.253 - - [28/Sep/2022:12:36:51 -0500] "POST /sipse/faces/presentacion/financiero/solicitudProceso/consultarSolicitudProceso.xhtml HTTP/1.1" 200 293074
201.245.192.253 - - [28/Sep/2022:12:36:54 -0500] "POST /sipse/faces/presentacion/financiero/solicitudProceso/consultarSolicitudProceso.xhtml HTTP/1.1" 200 157971
201.245.192.253 - - [28/Sep/2022:12:36:56 -0500] "POST /sipse/faces/presentacion/financiero/solicitudProceso/consultarSolicitudProceso.xhtml HTTP/1.1" 200 53361
200.118.64.109 - - [28/Sep/2022:12:36:59 -0500] "POST /forms/lservlet;jsessionid=ac16012b30d6cea60823f9d74625980f953eace16ced.e3iSbxaKaheRe3ePbN4LaNqMai1ynknvrkLOlQzNp65In0 HTTP/1.1" 200 15
201.245.192.253 - - [28/Sep/2022:12:36:58 -0500] "POST /sipse/faces/presentacion/financiero/solicitudProceso/consultarSolicitudProceso.xhtml HTTP/1.1" 200 5857322
201.245.192.253 - - [28/Sep/2022:12:37:06 -0500] "POST /sipse/faces/presentacion/financiero/solicitudProceso/consultarSolicitudProceso.xhtml HTTP/1.1" 200 5561
201.245.192.253 - - [28/Sep/2022:12:37:06 -0500] "GET /sipse/faces/javax.faces.resource/dynamiccontent.properties?ln=primefaces&pfdrid=XjOR5%2F%2FfPAZAuY9TpWQeCiM0BhlXxYRBGKi%2FQcXXfeA%3D&pfdrid_c=false HTTP/1.1" 200 165323
200.118.64.109 - - [28/Sep/2022:12:37:08 -0500] "POST /forms/lservlet;jsessionid=ac16012b30d6cea60823f9d74625980f953eace16ced.e3iSbxaKaheRe3ePbN4LaNqMai1ynknvrkLOlQzNp65In0 HTTP/1.1" 200 15
200.118.64.109 - - [28/Sep/2022:12:37:17 -0500] "POST /forms/lservlet;jsessionid=ac16012b30d6cea60823f9d74625980f953eace16ced.e3iSbxaKaheRe3ePbN4LaNqMai1ynknvrkLOlQzNp65In0 HTTP/1.1" 200 15
201.245.192.253 - - [28/Sep/2022:12:37:21 -0500] "POST /sipse/faces/presentacion/financiero/solicitudProceso/consultarSolicitudProceso.xhtml HTTP/1.1" 200 5546
216.245.221.92 - - [28/Sep/2022:12:37:23 -0500] "HEAD / HTTP/1.1" 200 -
200.118.64.109 - - [28/Sep/2022:12:37:26 -0500] "POST /forms/lservlet;jsessionid=ac16012b30d6cea60823f9d74625980f953eace16ced.e3iSbxaKaheRe3ePbN4LaNqMai1ynknvrkLOlQzNp65In0 HTTP/1.1" 200 15
201.245.192.253 - - [28/Sep/2022:12:37:28 -0500] "POST /sipse/faces/presentacion/financiero/solicitudProceso/consultarSolicitudProceso.xhtml HTTP/1.1" 200 36118
201.245.192.253 - - [28/Sep/2022:12:37:28 -0500] "GET /sipse/faces/javax.faces.resource/theme.css?ln=primefaces-sipse HTTP/1.1" 304 -
201.245.192.253 - - [28/Sep/2022:12:37:28 -0500] "GET /sipse/faces/javax.faces.resource/jquery/jquery.js?ln=primefaces&v=4.0 HTTP/1.1" 304 -
201.245.192.253 - - [28/Sep/2022:12:37:28 -0500] "GET /sipse/faces/javax.faces.resource/layout/layout.css?ln=primefaces&v=4.0 HTTP/1.1" 304 -
201.245.192.253 - - [28/Sep/2022:12:37:28 -0500] "GET /sipse/faces/javax.faces.resource/primefaces.css?ln=primefaces&v=4.0 HTTP/1.1" 304 -
201.245.192.253 - - [28/Sep/2022:12:37:28 -0500] "GET /sipse/faces/javax.faces.resource/primefaces.js?ln=primefaces&v=4.0 HTTP/1.1" 304 -
201.245.192.253 - - [28/Sep/2022:12:37:28 -0500] "GET /sipse/faces/javax.faces.resource/layout/layout.js?ln=primefaces&v=4.0 HTTP/1.1" 304 -
201.245.192.253 - - [28/Sep/2022:12:37:28 -0500] "GET /sipse/faces/javax.faces.resource/jquery/jquery-plugins.js?ln=primefaces&v=4.0 HTTP/1.1" 304 -
201.245.192.253 - - [28/Sep/2022:12:37:28 -0500] "GET /sipse/faces/javax.faces.resource/images/ui-icons_898989_256x240.png?ln=primefaces-aristo HTTP/1.1" 304 -
201.245.192.253 - - [28/Sep/2022:12:37:30 -0500] "POST /sipse/faces/presentacion/financiero/solicitudProceso/consultarHistorialSolProceso.xhtml HTTP/1.1" 200 162278
201.245.192.253 - - [28/Sep/2022:12:37:31 -0500] "GET /sipse/faces/javax.faces.resource/primefaces.css?ln=primefaces&v=4.0 HTTP/1.1" 304 -
201.245.192.253 - - [28/Sep/2022:12:37:31 -0500] "GET /sipse/faces/javax.faces.resource/theme.css?ln=primefaces-sipse HTTP/1.1" 304 -
201.245.192.253 - - [28/Sep/2022:12:37:31 -0500] "GET /sipse/faces/javax.faces.resource/layout/layout.css?ln=primefaces&v=4.0 HTTP/1.1" 304 -
201.245.192.253 - - [28/Sep/2022:12:37:31 -0500] "GET /sipse/faces/javax.faces.resource/jquery/jquery-plugins.js?ln=primefaces&v=4.0 HTTP/1.1" 304 -
201.245.192.253 - - [28/Sep/2022:12:37:31 -0500] "GET /sipse/faces/javax.faces.resource/jquery/jquery.js?ln=primefaces&v=4.0 HTTP/1.1" 304 -
201.245.192.253 - - [28/Sep/2022:12:37:31 -0500] "GET /sipse/faces/javax.faces.resource/primefaces.js?ln=primefaces&v=4.0 HTTP/1.1" 304 -
201.245.192.253 - - [28/Sep/2022:12:37:31 -0500] "GET /sipse/faces/javax.faces.resource/layout/layout.js?ln=primefaces&v=4.0 HTTP/1.1" 304 -
201.245.192.253 - - [28/Sep/2022:12:37:31 -0500] "GET /sipse/faces/javax.faces.resource/images/ui-icons_898989_256x240.png?ln=primefaces-aristo HTTP/1.1" 304 -
200.118.64.109 - - [28/Sep/2022:12:37:35 -0500] "POST /forms/lservlet;jsessionid=ac16012b30d6cea60823f9d74625980f953eace16ced.e3iSbxaKaheRe3ePbN4LaNqMai1ynknvrkLOlQzNp65In0 HTTP/1.1" 200 15
201.245.192.253 - - [28/Sep/2022:12:37:37 -0500] "GET /sipse/faces/javax.faces.resource/images/ui-bg_flat_0_2d5972_40x100.png?ln=primefaces-aristo HTTP/1.1" 304 -
201.245.192.253 - - [28/Sep/2022:12:37:37 -0500] "POST /sipse/faces/presentacion/financiero/solicitudProceso/consultarSolicitudProceso.xhtml HTTP/1.1" 200 5463
191.156.148.119 - - [28/Sep/2022:12:37:38 -0500] "POST /sipse/faces/autenticacion.xhtml HTTP/1.1" 200 16691
191.156.148.119 - - [28/Sep/2022:12:37:39 -0500] "GET /sipse/faces/javax.faces.resource/theme.css?ln=primefaces-sipse HTTP/1.1" 304 -
191.156.145.207 - - [28/Sep/2022:12:37:39 -0500] "GET /sipse/faces/javax.faces.resource/primefaces.css?ln=primefaces&v=4.0 HTTP/1.1" 304 -
191.156.150.158 - - [28/Sep/2022:12:37:39 -0500] "GET /sipse/faces/javax.faces.resource/layout/layout.css?ln=primefaces&v=4.0 HTTP/1.1" 304 -
191.156.150.158 - - [28/Sep/2022:12:37:39 -0500] "GET /sipse/faces/javax.faces.resource/jquery/jquery.js?ln=primefaces&v=4.0 HTTP/1.1" 304 -
191.156.150.158 - - [28/Sep/2022:12:37:39 -0500] "GET /sipse/faces/javax.faces.resource/jquery/jquery-plugins.js?ln=primefaces&v=4.0 HTTP/1.1" 304 -
191.156.150.158 - - [28/Sep/2022:12:37:40 -0500] "GET /sipse/faces/javax.faces.resource/primefaces.js?ln=primefaces&v=4.0 HTTP/1.1" 304 -
191.156.150.158 - - [28/Sep/2022:12:37:40 -0500] "GET /sipse/faces/javax.faces.resource/layout/layout.js?ln=primefaces&v=4.0 HTTP/1.1" 304 -
191.156.150.158 - - [28/Sep/2022:12:37:40 -0500] "GET /sipse/css/imagen/contrasena.png HTTP/1.1" 404 383
191.156.150.158 - - [28/Sep/2022:12:37:40 -0500] "GET /sipse/faces/javax.faces.resource/messages/messages.png?ln=primefaces&v=4.0 HTTP/1.1" 304 -
200.118.64.109 - - [28/Sep/2022:12:37:44 -0500] "POST /forms/lservlet;jsessionid=ac16012b30d6cea60823f9d74625980f953eace16ced.e3iSbxaKaheRe3ePbN4LaNqMai1ynknvrkLOlQzNp65In0 HTTP/1.1" 200 15
191.156.150.158 - - [28/Sep/2022:12:37:45 -0500] "GET /sipse/faces/javax.faces.resource/images/ui-bg_flat_0_2d5972_40x100.png?ln=primefaces-aristo HTTP/1.1" 304 -
191.156.145.207 - - [28/Sep/2022:12:37:45 -0500] "POST /sipse/faces/bienvenido.xhtml HTTP/1.1" 200 3255
191.156.145.207 - - [28/Sep/2022:12:37:46 -0500] "POST /sipse/faces/bienvenido.xhtml HTTP/1.1" 200 43080
191.156.145.207 - - [28/Sep/2022:12:37:47 -0500] "GET /sipse/faces/javax.faces.resource/theme.css?ln=primefaces-sipse HTTP/1.1" 304 -
191.156.148.119 - - [28/Sep/2022:12:37:47 -0500] "GET /sipse/faces/javax.faces.resource/layout/layout.css?ln=primefaces&v=4.0 HTTP/1.1" 304 -
191.156.150.158 - - [28/Sep/2022:12:37:47 -0500] "GET /sipse/faces/javax.faces.resource/primefaces.css?ln=primefaces&v=4.0 HTTP/1.1" 304 -
191.156.150.158 - - [28/Sep/2022:12:37:47 -0500] "GET /sipse/faces/javax.faces.resource/jquery/jquery.js?ln=primefaces&v=4.0 HTTP/1.1" 304 -
191.156.150.158 - - [28/Sep/2022:12:37:47 -0500] "GET /sipse/faces/javax.faces.resource/jquery/jquery-plugins.js?ln=primefaces&v=4.0 HTTP/1.1" 304 -
191.156.150.158 - - [28/Sep/2022:12:37:47 -0500] "GET /sipse/faces/javax.faces.resource/primefaces.js?ln=primefaces&v=4.0 HTTP/1.1" 304 -
191.156.150.158 - - [28/Sep/2022:12:37:47 -0500] "GET /sipse/faces/javax.faces.resource/layout/layout.js?ln=primefaces&v=4.0 HTTP/1.1" 304 -
172.22.2.4 - - [28/Sep/2022:12:37:48 -0500] "GET /BLA/boletinlegal/jurisprudencia/analisis/ANALISIST-672-14.docx HTTP/1.1" 304 -
191.156.150.158 - - [28/Sep/2022:12:37:48 -0500] "POST /sipse/faces/presentacion/financiero/solicitudProceso/listarSolicitudProceso.xhtml HTTP/1.1" 200 1428
191.156.150.158 - - [28/Sep/2022:12:37:52 -0500] "POST /sipse/faces/presentacion/financiero/solicitudProceso/listarSolicitudProceso.xhtml HTTP/1.1" 200 110252
191.156.145.207 - - [28/Sep/2022:12:37:53 -0500] "GET /sipse/faces/javax.faces.resource/layout/layout.css?ln=primefaces&v=4.0 HTTP/1.1" 304 -
191.156.150.158 - - [28/Sep/2022:12:37:53 -0500] "GET /sipse/faces/javax.faces.resource/theme.css?ln=primefaces-sipse HTTP/1.1" 304 -
191.156.148.119 - - [28/Sep/2022:12:37:53 -0500] "GET /sipse/faces/javax.faces.resource/primefaces.css?ln=primefaces&v=4.0 HTTP/1.1" 304 -
191.156.145.207 - - [28/Sep/2022:12:37:53 -0500] "GET /sipse/faces/javax.faces.resource/jquery/jquery.js?ln=primefaces&v=4.0 HTTP/1.1" 304 -
191.156.145.207 - - [28/Sep/2022:12:37:53 -0500] "GET /sipse/faces/javax.faces.resource/jquery/jquery-plugins.js?ln=primefaces&v=4.0 HTTP/1.1" 304 -
191.156.145.207 - - [28/Sep/2022:12:37:53 -0500] "GET /sipse/faces/javax.faces.resource/primefaces.js?ln=primefaces&v=4.0 HTTP/1.1" 304 -
191.156.145.207 - - [28/Sep/2022:12:37:53 -0500] "GET /sipse/faces/javax.faces.resource/layout/layout.js?ln=primefaces&v=4.0 HTTP/1.1" 304 -
200.118.64.109 - - [28/Sep/2022:12:37:53 -0500] "POST /forms/lservlet;jsessionid=ac16012b30d6cea60823f9d74625980f953eace16ced.e3iSbxaKaheRe3ePbN4LaNqMai1ynknvrkLOlQzNp65In0 HTTP/1.1" 200 15
191.156.145.207 - - [28/Sep/2022:12:37:56 -0500] "POST /sipse/faces/presentacion/financiero/solicitudProceso/consultarSolicitudProceso.xhtml HTTP/1.1" 200 40533
191.156.150.158 - - [28/Sep/2022:12:37:59 -0500] "GET /sipse/faces/javax.faces.resource/layout/layout.css?ln=primefaces&v=4.0 HTTP/1.1" 304 -
191.156.148.119 - - [28/Sep/2022:12:37:59 -0500] "GET /sipse/faces/javax.faces.resource/primefaces.css?ln=primefaces&v=4.0 HTTP/1.1" 304 -
191.156.145.207 - - [28/Sep/2022:12:37:59 -0500] "GET /sipse/faces/javax.faces.resource/theme.css?ln=primefaces-sipse HTTP/1.1" 304 -
191.156.145.207 - - [28/Sep/2022:12:37:59 -0500] "GET /sipse/faces/javax.faces.resource/jquery/jquery.js?ln=primefaces&v=4.0 HTTP/1.1" 304 -
191.156.145.207 - - [28/Sep/2022:12:37:59 -0500] "GET /sipse/faces/javax.faces.resource/jquery/jquery-plugins.js?ln=primefaces&v=4.0 HTTP/1.1" 304 -
191.156.145.207 - - [28/Sep/2022:12:37:59 -0500] "GET /sipse/faces/javax.faces.resource/primefaces.js?ln=primefaces&v=4.0 HTTP/1.1" 304 -
191.156.145.207 - - [28/Sep/2022:12:37:59 -0500] "GET /sipse/faces/javax.faces.resource/layout/layout.js?ln=primefaces&v=4.0 HTTP/1.1" 304 -
191.156.145.207 - - [28/Sep/2022:12:38:00 -0500] "POST /sipse/faces/presentacion/financiero/solicitudProceso/listarSolicitudProceso.xhtml HTTP/1.1" 200 1412
191.156.145.207 - - [28/Sep/2022:12:38:01 -0500] "POST /sipse/faces/presentacion/financiero/solicitudProceso/listarSolicitudProceso.xhtml HTTP/1.1" 200 110316
191.156.148.119 - - [28/Sep/2022:12:38:02 -0500] "GET /sipse/faces/javax.faces.resource/primefaces.css?ln=primefaces&v=4.0 HTTP/1.1" 304 -
191.156.145.207 - - [28/Sep/2022:12:38:02 -0500] "GET /sipse/faces/javax.faces.resource/theme.css?ln=primefaces-sipse HTTP/1.1" 304 -
191.156.150.158 - - [28/Sep/2022:12:38:02 -0500] "GET /sipse/faces/javax.faces.resource/layout/layout.css?ln=primefaces&v=4.0 HTTP/1.1" 304 -
191.156.150.158 - - [28/Sep/2022:12:38:03 -0500] "GET /sipse/faces/javax.faces.resource/jquery/jquery.js?ln=primefaces&v=4.0 HTTP/1.1" 304 -
191.156.150.158 - - [28/Sep/2022:12:38:03 -0500] "GET /sipse/faces/javax.faces.resource/jquery/jquery-plugins.js?ln=primefaces&v=4.0 HTTP/1.1" 304 -
191.156.150.158 - - [28/Sep/2022:12:38:03 -0500] "GET /sipse/faces/javax.faces.resource/primefaces.js?ln=primefaces&v=4.0 HTTP/1.1" 304 -
191.156.150.158 - - [28/Sep/2022:12:38:03 -0500] "GET /sipse/faces/javax.faces.resource/layout/layout.js?ln=primefaces&v=4.0 HTTP/1.1" 304 -
200.118.64.109 - - [28/Sep/2022:12:38:02 -0500] "POST /forms/lservlet;jsessionid=ac16012b30d6cea60823f9d74625980f953eace16ced.e3iSbxaKaheRe3ePbN4LaNqMai1ynknvrkLOlQzNp65In0 HTTP/1.1" 200 15
172.22.2.4 - - [28/Sep/2022:12:38:11 -0500] "GET /BLA/boletinlegal/jurisprudencia/analisis/Analisis%20Jurisprudencia%20Sent%202000-00005-01.doc HTTP/1.1" 304 -
191.156.150.158 - - [28/Sep/2022:12:38:07 -0500] "POST /sipse/faces/presentacion/financiero/solicitudProceso/consultarSolicitudProceso.xhtml HTTP/1.1" 200 37405
191.156.145.207 - - [28/Sep/2022:12:38:11 -0500] "GET /sipse/faces/javax.faces.resource/primefaces.css?ln=primefaces&v=4.0 HTTP/1.1" 304 -
191.156.148.119 - - [28/Sep/2022:12:38:11 -0500] "GET /sipse/faces/javax.faces.resource/layout/layout.css?ln=primefaces&v=4.0 HTTP/1.1" 304 -
191.156.150.158 - - [28/Sep/2022:12:38:11 -0500] "GET /sipse/faces/javax.faces.resource/theme.css?ln=primefaces-sipse HTTP/1.1" 304 -
191.156.150.158 - - [28/Sep/2022:12:38:11 -0500] "GET /sipse/faces/javax.faces.resource/jquery/jquery.js?ln=primefaces&v=4.0 HTTP/1.1" 304 -
200.118.64.109 - - [28/Sep/2022:12:38:11 -0500] "POST /forms/lservlet;jsessionid=ac16012b30d6cea60823f9d74625980f953eace16ced.e3iSbxaKaheRe3ePbN4LaNqMai1ynknvrkLOlQzNp65In0 HTTP/1.1" 200 15
191.156.150.158 - - [28/Sep/2022:12:38:13 -0500] "GET /sipse/faces/javax.faces.resource/jquery/jquery-plugins.js?ln=primefaces&v=4.0 HTTP/1.1" 304 -
191.156.150.158 - - [28/Sep/2022:12:38:13 -0500] "GET /sipse/faces/javax.faces.resource/primefaces.js?ln=primefaces&v=4.0 HTTP/1.1" 304 -
191.156.150.158 - - [28/Sep/2022:12:38:13 -0500] "GET /sipse/faces/javax.faces.resource/layout/layout.js?ln=primefaces&v=4.0 HTTP/1.1" 304 -
191.156.150.158 - - [28/Sep/2022:12:38:14 -0500] "POST /sipse/faces/presentacion/financiero/solicitudProceso/listarSolicitudProceso.xhtml HTTP/1.1" 200 1392
191.156.150.158 - - [28/Sep/2022:12:38:16 -0500] "POST /sipse/faces/presentacion/financiero/solicitudProceso/listarSolicitudProceso.xhtml HTTP/1.1" 200 117389
191.156.145.207 - - [28/Sep/2022:12:38:17 -0500] "GET /sipse/faces/javax.faces.resource/layout/layout.css?ln=primefaces&v=4.0 HTTP/1.1" 304 -
191.156.148.119 - - [28/Sep/2022:12:38:17 -0500] "GET /sipse/faces/javax.faces.resource/primefaces.css?ln=primefaces&v=4.0 HTTP/1.1" 304 -
191.156.150.158 - - [28/Sep/2022:12:38:17 -0500] "GET /sipse/faces/javax.faces.resource/theme.css?ln=primefaces-sipse HTTP/1.1" 304 -
191.156.150.158 - - [28/Sep/2022:12:38:17 -0500] "GET /sipse/faces/javax.faces.resource/jquery/jquery.js?ln=primefaces&v=4.0 HTTP/1.1" 304 -
191.156.150.158 - - [28/Sep/2022:12:38:17 -0500] "GET /sipse/faces/javax.faces.resource/jquery/jquery-plugins.js?ln=primefaces&v=4.0 HTTP/1.1" 304 -
191.156.150.158 - - [28/Sep/2022:12:38:17 -0500] "GET /sipse/faces/javax.faces.resource/primefaces.js?ln=primefaces&v=4.0 HTTP/1.1" 304 -
191.156.150.158 - - [28/Sep/2022:12:38:18 -0500] "GET /sipse/faces/javax.faces.resource/layout/layout.js?ln=primefaces&v=4.0 HTTP/1.1" 304 -
201.245.192.253 - - [28/Sep/2022:12:38:21 -0500] "GET /sipse/faces/javax.faces.resource/primefaces.css?ln=primefaces&v=4.0 HTTP/1.1" 304 -
201.245.192.253 - - [28/Sep/2022:12:38:21 -0500] "GET /sipse/faces/javax.faces.resource/theme.css?ln=primefaces-sipse HTTP/1.1" 304 -
201.245.192.253 - - [28/Sep/2022:12:38:21 -0500] "GET /sipse/faces/javax.faces.resource/layout/layout.css?ln=primefaces&v=4.0 HTTP/1.1" 304 -
201.245.192.253 - - [28/Sep/2022:12:38:21 -0500] "GET /sipse/faces/javax.faces.resource/jquery/jquery.js?ln=primefaces&v=4.0 HTTP/1.1" 304 -
201.245.192.253 - - [28/Sep/2022:12:38:21 -0500] "GET /sipse/faces/javax.faces.resource/jquery/jquery-plugins.js?ln=primefaces&v=4.0 HTTP/1.1" 304 -
201.245.192.253 - - [28/Sep/2022:12:38:21 -0500] "GET /sipse/faces/javax.faces.resource/layout/layout.js?ln=primefaces&v=4.0 HTTP/1.1" 304 -
201.245.192.253 - - [28/Sep/2022:12:38:21 -0500] "GET /sipse/faces/javax.faces.resource/primefaces.js?ln=primefaces&v=4.0 HTTP/1.1" 304 -
201.245.192.253 - - [28/Sep/2022:12:38:21 -0500] "POST /sipse/faces/presentacion/financiero/solicitudProceso/consultarSolicitudProceso.xhtml HTTP/1.1" 200 31901
201.245.192.253 - - [28/Sep/2022:12:38:21 -0500] "GET /sipse/faces/javax.faces.resource/images/ui-icons_898989_256x240.png?ln=primefaces-aristo HTTP/1.1" 304 -
200.118.64.109 - - [28/Sep/2022:12:38:20 -0500] "POST /forms/lservlet;jsessionid=ac16012b30d6cea60823f9d74625980f953eace16ced.e3iSbxaKaheRe3ePbN4LaNqMai1ynknvrkLOlQzNp65In0 HTTP/1.1" 200 15
191.156.150.158 - - [28/Sep/2022:12:38:24 -0500] "POST /sipse/faces/presentacion/financiero/solicitudProceso/consultarSolicitudProceso.xhtml HTTP/1.1" 200 34140
191.156.145.207 - - [28/Sep/2022:12:38:26 -0500] "GET /sipse/faces/javax.faces.resource/primefaces.css?ln=primefaces&v=4.0 HTTP/1.1" 304 -
191.156.148.119 - - [28/Sep/2022:12:38:26 -0500] "GET /sipse/faces/javax.faces.resource/layout/layout.css?ln=primefaces&v=4.0 HTTP/1.1" 304 -
191.156.150.158 - - [28/Sep/2022:12:38:26 -0500] "GET /sipse/faces/javax.faces.resource/theme.css?ln=primefaces-sipse HTTP/1.1" 304 -
191.156.150.158 - - [28/Sep/2022:12:38:26 -0500] "GET /sipse/faces/javax.faces.resource/jquery/jquery.js?ln=primefaces&v=4.0 HTTP/1.1" 304 -
191.156.150.158 - - [28/Sep/2022:12:38:27 -0500] "GET /sipse/faces/javax.faces.resource/jquery/jquery-plugins.js?ln=primefaces&v=4.0 HTTP/1.1" 304 -
191.156.150.158 - - [28/Sep/2022:12:38:27 -0500] "GET /sipse/faces/javax.faces.resource/primefaces.js?ln=primefaces&v=4.0 HTTP/1.1" 304 -
191.156.150.158 - - [28/Sep/2022:12:38:27 -0500] "GET /sipse/faces/javax.faces.resource/layout/layout.js?ln=primefaces&v=4.0 HTTP/1.1" 304 -
191.156.150.158 - - [28/Sep/2022:12:38:27 -0500] "POST /sipse/faces/presentacion/financiero/solicitudProceso/listarSolicitudProceso.xhtml HTTP/1.1" 200 1368
201.245.192.253 - - [28/Sep/2022:12:38:28 -0500] "GET /sipse/faces/javax.faces.resource/images/ui-bg_flat_0_2d5972_40x100.png?ln=primefaces-aristo HTTP/1.1" 304 -
201.245.192.253 - - [28/Sep/2022:12:38:28 -0500] "POST /sipse/faces/presentacion/financiero/solicitudProceso/registrarAnotacion.xhtml HTTP/1.1" 200 117005
201.245.192.253 - - [28/Sep/2022:12:38:28 -0500] "GET /sipse/faces/javax.faces.resource/jquery/jquery.js?ln=primefaces&v=4.0 HTTP/1.1" 304 -
201.245.192.253 - - [28/Sep/2022:12:38:28 -0500] "GET /sipse/faces/javax.faces.resource/jquery/jquery-plugins.js?ln=primefaces&v=4.0 HTTP/1.1" 304 -
201.245.192.253 - - [28/Sep/2022:12:38:28 -0500] "GET /sipse/faces/javax.faces.resource/primefaces.js?ln=primefaces&v=4.0 HTTP/1.1" 304 -
201.245.192.253 - - [28/Sep/2022:12:38:28 -0500] "GET /sipse/faces/javax.faces.resource/layout/layout.js?ln=primefaces&v=4.0 HTTP/1.1" 304 -
200.118.64.109 - - [28/Sep/2022:12:38:29 -0500] "POST /forms/lservlet;jsessionid=ac16012b30d6cea60823f9d74625980f953eace16ced.e3iSbxaKaheRe3ePbN4LaNqMai1ynknvrkLOlQzNp65In0 HTTP/1.1" 200 15
201.245.192.253 - - [28/Sep/2022:12:38:29 -0500] "POST /kwsrmcab/Wsrmcab  HTTP/1.1" 200 43876
201.245.192.253 - - [28/Sep/2022:12:38:33 -0500] "POST /sipse/faces/presentacion/financiero/solicitudProceso/consultarSolicitudProceso.xhtml HTTP/1.1" 200 32379
201.245.192.253 - - [28/Sep/2022:12:38:33 -0500] "GET /sipse/faces/javax.faces.resource/theme.css?ln=primefaces-sipse HTTP/1.1" 304 -
201.245.192.253 - - [28/Sep/2022:12:38:33 -0500] "GET /sipse/faces/javax.faces.resource/primefaces.css?ln=primefaces&v=4.0 HTTP/1.1" 304 -
201.245.192.253 - - [28/Sep/2022:12:38:33 -0500] "GET /sipse/faces/javax.faces.resource/layout/layout.css?ln=primefaces&v=4.0 HTTP/1.1" 304 -
201.245.192.253 - - [28/Sep/2022:12:38:33 -0500] "GET /sipse/faces/javax.faces.resource/jquery/jquery-plugins.js?ln=primefaces&v=4.0 HTTP/1.1" 304 -
201.245.192.253 - - [28/Sep/2022:12:38:33 -0500] "GET /sipse/faces/javax.faces.resource/jquery/jquery.js?ln=primefaces&v=4.0 HTTP/1.1" 304 -
201.245.192.253 - - [28/Sep/2022:12:38:33 -0500] "GET /sipse/faces/javax.faces.resource/primefaces.js?ln=primefaces&v=4.0 HTTP/1.1" 304 -
201.245.192.253 - - [28/Sep/2022:12:38:33 -0500] "GET /sipse/faces/javax.faces.resource/layout/layout.js?ln=primefaces&v=4.0 HTTP/1.1" 304 -
201.245.192.253 - - [28/Sep/2022:12:38:33 -0500] "GET /sipse/faces/javax.faces.resource/images/ui-icons_898989_256x240.png?ln=primefaces-aristo HTTP/1.1" 304 -
200.118.64.109 - - [28/Sep/2022:12:38:38 -0500] "POST /forms/lservlet;jsessionid=ac16012b30d6cea60823f9d74625980f953eace16ced.e3iSbxaKaheRe3ePbN4LaNqMai1ynknvrkLOlQzNp65In0 HTTP/1.1" 200 15
201.245.192.253 - - [28/Sep/2022:12:38:42 -0500] "GET /sipse/faces/javax.faces.resource/images/ui-bg_flat_0_2d5972_40x100.png?ln=primefaces-aristo HTTP/1.1" 304 -
201.245.192.253 - - [28/Sep/2022:12:38:42 -0500] "POST /sipse/faces/presentacion/financiero/solicitudProceso/registrarAnotacion.xhtml HTTP/1.1" 200 117005
201.245.192.253 - - [28/Sep/2022:12:38:43 -0500] "GET /sipse/faces/javax.faces.resource/jquery/jquery.js?ln=primefaces&v=4.0 HTTP/1.1" 304 -
201.245.192.253 - - [28/Sep/2022:12:38:43 -0500] "GET /sipse/faces/javax.faces.resource/jquery/jquery-plugins.js?ln=primefaces&v=4.0 HTTP/1.1" 304 -
201.245.192.253 - - [28/Sep/2022:12:38:43 -0500] "GET /sipse/faces/javax.faces.resource/primefaces.js?ln=primefaces&v=4.0 HTTP/1.1" 304 -
201.245.192.253 - - [28/Sep/2022:12:38:43 -0500] "GET /sipse/faces/javax.faces.resource/layout/layout.js?ln=primefaces&v=4.0 HTTP/1.1" 304 -
200.118.64.109 - - [28/Sep/2022:12:38:47 -0500] "POST /forms/lservlet;jsessionid=ac16012b30d6cea60823f9d74625980f953eace16ced.e3iSbxaKaheRe3ePbN4LaNqMai1ynknvrkLOlQzNp65In0 HTTP/1.1" 200 15
201.245.192.253 - - [28/Sep/2022:12:38:52 -0500] "POST /sipse/faces/presentacion/financiero/solicitudProceso/consultarSolicitudProceso.xhtml HTTP/1.1" 200 5485
201.245.192.253 - - [28/Sep/2022:12:38:52 -0500] "GET /sipse/faces/javax.faces.resource/dynamiccontent.properties?ln=primefaces&pfdrid=XjOR5%2F%2FfPAZAuY9TpWQeCiM0BhlXxYRBGKi%2FQcXXfeA%3D&pfdrid_c=false HTTP/1.1" 200 165441
201.245.192.253 - - [28/Sep/2022:12:38:50 -0500] "POST /kwsrmcab/Wsrmcab HTTP/1.1" 200 44968
201.245.192.253 - - [28/Sep/2022:12:38:54 -0500] "POST /kwsrmcab/Wsrmcab HTTP/1.1" 200 41885
200.118.64.109 - - [28/Sep/2022:12:38:56 -0500] "POST /forms/lservlet;jsessionid=ac16012b30d6cea60823f9d74625980f953eace16ced.e3iSbxaKaheRe3ePbN4LaNqMai1ynknvrkLOlQzNp65In0 HTTP/1.1" 200 15
200.118.64.109 - - [28/Sep/2022:12:39:06 -0500] "POST /forms/lservlet;jsessionid=ac16012b30d6cea60823f9d74625980f953eace16ced.e3iSbxaKaheRe3ePbN4LaNqMai1ynknvrkLOlQzNp65In0 HTTP/1.1" 200 15
200.118.64.109 - - [28/Sep/2022:12:39:15 -0500] "POST /forms/lservlet;jsessionid=ac16012b30d6cea60823f9d74625980f953eace16ced.e3iSbxaKaheRe3ePbN4LaNqMai1ynknvrkLOlQzNp65In0 HTTP/1.1" 200 15
200.118.64.109 - - [28/Sep/2022:12:39:24 -0500] "POST /forms/lservlet;jsessionid=ac16012b30d6cea60823f9d74625980f953eace16ced.e3iSbxaKaheRe3ePbN4LaNqMai1ynknvrkLOlQzNp65In0 HTTP/1.1" 200 15
201.245.192.253 - - [28/Sep/2022:12:39:23 -0500] "POST /sipse/faces/presentacion/financiero/solicitudProceso/consultarSolicitudProceso.xhtml HTTP/1.1" 200 70748
201.245.192.253 - - [28/Sep/2022:12:39:25 -0500] "GET /sipse/faces/javax.faces.resource/jquery/jquery.js?ln=primefaces&v=4.0 HTTP/1.1" 304 -
201.245.192.253 - - [28/Sep/2022:12:39:25 -0500] "GET /sipse/faces/javax.faces.resource/jquery/jquery-plugins.js?ln=primefaces&v=4.0 HTTP/1.1" 304 -
201.245.192.253 - - [28/Sep/2022:12:39:25 -0500] "GET /sipse/faces/javax.faces.resource/primefaces.js?ln=primefaces&v=4.0 HTTP/1.1" 304 -
201.245.192.253 - - [28/Sep/2022:12:39:25 -0500] "GET /sipse/faces/javax.faces.resource/layout/layout.js?ln=primefaces&v=4.0 HTTP/1.1" 304 -
201.245.192.253 - - [28/Sep/2022:12:39:25 -0500] "GET /sipse/faces/javax.faces.resource/messages/messages.png?ln=primefaces&v=4.0 HTTP/1.1" 304 -
201.245.192.253 - - [28/Sep/2022:12:39:25 -0500] "POST /sipse/faces/presentacion/financiero/solicitudProceso/listarSolicitudProceso.xhtml HTTP/1.1" 200 1544
172.22.2.4 - - [28/Sep/2022:12:39:26 -0500] "GET /BLA/boletinlegal/jurisprudencia/analisis/AnalisisC-746-12.docx HTTP/1.1" 304 -
201.245.192.253 - - [28/Sep/2022:12:39:29 -0500] "POST /sipse/faces/presentacion/financiero/solicitudProceso/listarSolicitudProceso.xhtml HTTP/1.1" 200 7638
64.124.8.38 - - [28/Sep/2022:12:39:26 -0500] "GET /portaldeninos/aula-ambiental-artistica-itinerante-auambari/ HTTP/1.1" 200 89306
200.118.64.109 - - [28/Sep/2022:12:39:33 -0500] "POST /forms/lservlet;jsessionid=ac16012b30d6cea60823f9d74625980f953eace16ced.e3iSbxaKaheRe3ePbN4LaNqMai1ynknvrkLOlQzNp65In0 HTTP/1.1" 200 15
200.118.64.109 - - [28/Sep/2022:12:39:42 -0500] "POST /forms/lservlet;jsessionid=ac16012b30d6cea60823f9d74625980f953eace16ced.e3iSbxaKaheRe3ePbN4LaNqMai1ynknvrkLOlQzNp65In0 HTTP/1.1" 200 15
64.124.8.38 - - [28/Sep/2022:12:39:43 -0500] "GET /portaldeninos/humedal-la-vaca-2/ HTTP/1.1" 200 87837
200.118.64.109 - - [28/Sep/2022:12:39:51 -0500] "POST /forms/lservlet;jsessionid=ac16012b30d6cea60823f9d74625980f953eace16ced.e3iSbxaKaheRe3ePbN4LaNqMai1ynknvrkLOlQzNp65In0 HTTP/1.1" 200 15
200.118.64.109 - - [28/Sep/2022:12:40:00 -0500] "POST /forms/lservlet;jsessionid=ac16012b30d6cea60823f9d74625980f953eace16ced.e3iSbxaKaheRe3ePbN4LaNqMai1ynknvrkLOlQzNp65In0 HTTP/1.1" 200 15
201.245.192.253 - - [28/Sep/2022:12:40:00 -0500] "POST /sipse/faces/presentacion/financiero/solicitudProceso/listarSolicitudProceso.xhtml HTTP/1.1" 200 115300
201.245.192.253 - - [28/Sep/2022:12:40:01 -0500] "GET /sipse/faces/javax.faces.resource/jquery/jquery.js?ln=primefaces&v=4.0 HTTP/1.1" 304 -
201.245.192.253 - - [28/Sep/2022:12:40:01 -0500] "GET /sipse/faces/javax.faces.resource/jquery/jquery-plugins.js?ln=primefaces&v=4.0 HTTP/1.1" 304 -
201.245.192.253 - - [28/Sep/2022:12:40:01 -0500] "GET /sipse/faces/javax.faces.resource/primefaces.js?ln=primefaces&v=4.0 HTTP/1.1" 304 -
201.245.192.253 - - [28/Sep/2022:12:40:01 -0500] "GET /sipse/faces/javax.faces.resource/layout/layout.js?ln=primefaces&v=4.0 HTTP/1.1" 304 -
201.245.192.253 - - [28/Sep/2022:12:40:01 -0500] "GET /sipse/faces/javax.faces.resource/dynamiccontent.properties?ln=primefaces&pfdrid=XjOR5%2F%2FfPAZAuY9TpWQeCiM0BhlXxYRBGKi%2FQcXXfeA%3D&pfdrid_c=false HTTP/1.1" 500 383
157.230.58.74 - - [28/Sep/2022:12:40:02 -0500] "\x16\x03\x01" 400 226
157.230.58.74 - - [28/Sep/2022:12:40:02 -0500] "\x16\x03\x01" 400 226
157.230.58.74 - - [28/Sep/2022:12:40:02 -0500] "GET / HTTP/1.1" 200 319
200.118.64.109 - - [28/Sep/2022:12:40:09 -0500] "POST /forms/lservlet;jsessionid=ac16012b30d6cea60823f9d74625980f953eace16ced.e3iSbxaKaheRe3ePbN4LaNqMai1ynknvrkLOlQzNp65In0 HTTP/1.1" 200 15
173.252.95.18 - - [28/Sep/2022:12:40:11 -0500] "GET /alcaldia-de-bogota-y-gobernacion-de-cundinamarca-suscriben-convenio-para-implementar-pagos-por-servicios-ambientales-en-la-bogota-region.html?fbclid=IwAR24PijSnISS2j6H-xASpTxAIbfRt30LU6uMIKCC8MYk0cQka2EyQiKubDQ HTTP/1.1" 200 1133
64.124.8.38 - - [28/Sep/2022:12:40:17 -0500] "GET /portaldeninos/humedal-torca-y-guaymaral-2/ HTTP/1.1" 200 88086
200.118.64.109 - - [28/Sep/2022:12:40:18 -0500] "POST /forms/lservlet;jsessionid=ac16012b30d6cea60823f9d74625980f953eace16ced.e3iSbxaKaheRe3ePbN4LaNqMai1ynknvrkLOlQzNp65In0 HTTP/1.1" 200 15
172.22.2.4 - - [28/Sep/2022:12:40:21 -0500] "GET /BLA/boletinlegal/jurisprudencia/analisis/AnalisisT-146-16.docx HTTP/1.1" 304 -
200.118.64.109 - - [28/Sep/2022:12:40:27 -0500] "POST /forms/lservlet;jsessionid=ac16012b30d6cea60823f9d74625980f953eace16ced.e3iSbxaKaheRe3ePbN4LaNqMai1ynknvrkLOlQzNp65In0 HTTP/1.1" 200 15
200.118.64.109 - - [28/Sep/2022:12:40:36 -0500] "POST /forms/lservlet;jsessionid=ac16012b30d6cea60823f9d74625980f953eace16ced.e3iSbxaKaheRe3ePbN4LaNqMai1ynknvrkLOlQzNp65In0 HTTP/1.1" 200 15
172.22.2.4 - - [28/Sep/2022:12:39:44 -0500] "GET /BLA/boletinlegal/ HTTP/1.1" 200 36811
200.118.64.109 - - [28/Sep/2022:12:40:45 -0500] "POST /forms/lservlet;jsessionid=ac16012b30d6cea60823f9d74625980f953eace16ced.e3iSbxaKaheRe3ePbN4LaNqMai1ynknvrkLOlQzNp65In0 HTTP/1.1" 200 15
173.252.87.6 - - [28/Sep/2022:12:40:53 -0500] "GET /alcaldia-de-bogota-y-gobernacion-de-cundinamarca-suscriben-convenio-para-implementar-pagos-por-servicios-ambientales-en-la-bogota-region.html?fbclid=IwAR3vq-5mNN_e230oi67PGUQ-IQ6LQEfpYHLGhgUj0hCDzUsnM2t1xP5A-sw HTTP/1.1" 200 1133
200.118.64.109 - - [28/Sep/2022:12:40:54 -0500] "POST /forms/lservlet;jsessionid=ac16012b30d6cea60823f9d74625980f953eace16ced.e3iSbxaKaheRe3ePbN4LaNqMai1ynknvrkLOlQzNp65In0 HTTP/1.1" 200 15
172.22.2.4 - - [28/Sep/2022:12:41:01 -0500] "GET /BLA/boletinlegal/jurisprudencia/analisis/CUADRO%20ANALISIS%20SENTENCIA%20C-554%20DE%202007.doc HTTP/1.1" 304 -
200.118.64.109 - - [28/Sep/2022:12:41:03 -0500] "POST /forms/lservlet;jsessionid=ac16012b30d6cea60823f9d74625980f953eace16ced.e3iSbxaKaheRe3ePbN4LaNqMai1ynknvrkLOlQzNp65In0 HTTP/1.1" 200 15
201.245.192.253 - - [28/Sep/2022:12:41:12 -0500] "POST /sipse/faces/presentacion/financiero/solicitudProceso/consultarSolicitudProceso.xhtml HTTP/1.1" 200 122470
200.118.64.109 - - [28/Sep/2022:12:41:12 -0500] "POST /forms/lservlet;jsessionid=ac16012b30d6cea60823f9d74625980f953eace16ced.e3iSbxaKaheRe3ePbN4LaNqMai1ynknvrkLOlQzNp65In0 HTTP/1.1" 200 15
200.118.64.109 - - [28/Sep/2022:12:41:21 -0500] "POST /forms/lservlet;jsessionid=ac16012b30d6cea60823f9d74625980f953eace16ced.e3iSbxaKaheRe3ePbN4LaNqMai1ynknvrkLOlQzNp65In0 HTTP/1.1" 200 15
172.22.2.4 - - [28/Sep/2022:12:39:51 -0500] "HEAD /BLA/boletinlegal/ HTTP/1.1" 200 -
200.118.64.109 - - [28/Sep/2022:12:41:31 -0500] "POST /forms/lservlet;jsessionid=ac16012b30d6cea60823f9d74625980f953eace16ced.e3iSbxaKaheRe3ePbN4LaNqMai1ynknvrkLOlQzNp65In0 HTTP/1.1" 200 15
200.118.64.109 - - [28/Sep/2022:12:41:40 -0500] "POST /forms/lservlet;jsessionid=ac16012b30d6cea60823f9d74625980f953eace16ced.e3iSbxaKaheRe3ePbN4LaNqMai1ynknvrkLOlQzNp65In0 HTTP/1.1" 200 15
200.118.64.109 - - [28/Sep/2022:12:41:49 -0500] "POST /forms/lservlet;jsessionid=ac16012b30d6cea60823f9d74625980f953eace16ced.e3iSbxaKaheRe3ePbN4LaNqMai1ynknvrkLOlQzNp65In0 HTTP/1.1" 200 15
207.46.13.40 - - [28/Sep/2022:12:41:55 -0500] "GET /bla/resoluciones/resoluciones%202020/1743.pdf HTTP/1.1" 200 3682717
65.154.226.109 - - [28/Sep/2022:12:41:57 -0500] "GET /portaldeninos/wp-content/uploads/useanyfont/uaf.css?ver=1589905315 HTTP/1.1" 200 408
65.154.226.109 - - [28/Sep/2022:12:41:57 -0500] "GET /portaldeninos/wp-content/themes/betheme/style.css?ver=20.9.6 HTTP/1.1" 200 287
65.154.226.109 - - [28/Sep/2022:12:41:57 -0500] "GET /portaldeninos/wp-content/themes/betheme/css/base.css?ver=20.9.6 HTTP/1.1" 200 57283
65.154.226.109 - - [28/Sep/2022:12:41:57 -0500] "GET /portaldeninos/wp-content/plugins/gallery-videos/CSS/Total-Soft-Gallery-Video-Widget.css?ver=4.9.8 HTTP/1.1" 200 51554
65.154.226.109 - - [28/Sep/2022:12:41:57 -0500] "GET /portaldeninos/wp-content/plugins/gallery-videos/CSS/totalsoft.css?ver=4.9.8 HTTP/1.1" 200 40622
65.154.226.109 - - [28/Sep/2022:12:41:57 -0500] "GET /portaldeninos/wp-content/themes/betheme/assets/animations/animations.min.css?ver=20.9.6 HTTP/1.1" 200 58508
65.154.226.109 - - [28/Sep/2022:12:41:58 -0500] "GET /portaldeninos/wp-content/themes/betheme/assets/jplayer/css/jplayer.blue.monday.css?ver=20.9.6 HTTP/1.1" 200 9834
65.154.226.109 - - [28/Sep/2022:12:41:57 -0500] "GET /portaldeninos/wp-content/themes/betheme/assets/ui/jquery.ui.all.css?ver=20.9.6 HTTP/1.1" 200 18765
65.154.226.109 - - [28/Sep/2022:12:41:57 -0500] "GET /portaldeninos/wp-content/themes/betheme/css/layout.css?ver=20.9.6 HTTP/1.1" 200 116639
65.154.226.109 - - [28/Sep/2022:12:41:58 -0500] "GET /portaldeninos/wp-content/plugins/google-analytics-for-wordpress/assets/js/frontend-gtag.min.js?ver=8.5.0 HTTP/1.1" 200 11801
65.154.226.109 - - [28/Sep/2022:12:41:57 -0500] "GET /portaldeninos/wp-content/themes/betheme/css/shortcodes.css?ver=20.9.6 HTTP/1.1" 200 138889
65.154.226.109 - - [28/Sep/2022:12:41:58 -0500] "GET /portaldeninos/wp-includes/js/jquery/jquery-migrate.min.js?ver=1.4.1 HTTP/1.1" 200 10056
65.154.226.109 - - [28/Sep/2022:12:41:58 -0500] "GET /portaldeninos/wp-includes/js/jquery/ui/core.min.js?ver=1.11.4 HTTP/1.1" 200 4000
65.154.226.109 - - [28/Sep/2022:12:41:58 -0500] "GET /portaldeninos/wp-content/themes/betheme/css/responsive.css?ver=20.9.6 HTTP/1.1" 200 55740
65.154.226.109 - - [28/Sep/2022:12:41:58 -0500] "GET /portaldeninos/wp-content/plugins/gallery-videos/JS/modernizr.custom.js?ver=4.9.8 HTTP/1.1" 200 9019
65.154.226.109 - - [28/Sep/2022:12:41:58 -0500] "GET /portaldeninos/wp-includes/js/jquery/ui/widget.min.js?ver=1.11.4 HTTP/1.1" 200 6908
65.154.226.109 - - [28/Sep/2022:12:41:58 -0500] "GET /portaldeninos/wp-includes/js/jquery/ui/mouse.min.js?ver=1.11.4 HTTP/1.1" 200 3148
65.154.226.109 - - [28/Sep/2022:12:41:58 -0500] "GET /portaldeninos/wp-includes/js/jquery/ui/accordion.min.js?ver=1.11.4 HTTP/1.1" 200 8584
65.154.226.109 - - [28/Sep/2022:12:41:58 -0500] "GET /portaldeninos/wp-includes/js/jquery/jquery.js?ver=1.12.4 HTTP/1.1" 200 97184
65.154.226.109 - - [28/Sep/2022:12:41:58 -0500] "GET /portaldeninos/wp-content/plugins/gallery-videos/JS/Total-Soft-Gallery-Video-Widget.js?ver=4.9.8 HTTP/1.1" 200 80264
65.154.226.109 - - [28/Sep/2022:12:41:58 -0500] "GET /portaldeninos/wp-includes/js/jquery/ui/tabs.min.js?ver=1.11.4 HTTP/1.1" 200 12110
65.154.226.109 - - [28/Sep/2022:12:41:58 -0500] "GET /portaldeninos/wp-content/themes/betheme/js/menu.js?ver=20.9.6 HTTP/1.1" 200 2449
65.154.226.109 - - [28/Sep/2022:12:41:58 -0500] "GET /portaldeninos/wp-includes/js/jquery/ui/sortable.min.js?ver=1.11.4 HTTP/1.1" 200 24899
65.154.226.109 - - [28/Sep/2022:12:41:58 -0500] "GET /portaldeninos/wp-content/themes/betheme/assets/animations/animations.min.js?ver=20.9.6 HTTP/1.1" 200 1896
65.154.226.109 - - [28/Sep/2022:12:41:58 -0500] "GET /portaldeninos/wp-includes/js/wp-embed.min.js?ver=4.9.8 HTTP/1.1" 200 1398
65.154.226.109 - - [28/Sep/2022:12:41:58 -0500] "GET /portaldeninos/wp-content/themes/betheme/images/box_shadow.png HTTP/1.1" 200 108
65.154.226.109 - - [28/Sep/2022:12:41:58 -0500] "GET /portaldeninos/wp-content/themes/betheme/assets/jplayer/jplayer.min.js?ver=20.9.6 HTTP/1.1" 200 52702
65.154.226.109 - - [28/Sep/2022:12:41:58 -0500] "GET /portaldeninos/wp-includes/js/wp-emoji-release.min.js?ver=4.9.8 HTTP/1.1" 200 12026
65.154.226.109 - - [28/Sep/2022:12:41:58 -0500] "GET /portaldeninos/wp-content/themes/betheme/js/scripts.js?ver=20.9.6 HTTP/1.1" 200 77162
65.154.226.109 - - [28/Sep/2022:12:41:58 -0500] "GET /portaldeninos/wp-content/themes/betheme/js/plugins.js?ver=20.9.6 HTTP/1.1" 200 197151
200.118.64.109 - - [28/Sep/2022:12:41:58 -0500] "POST /forms/lservlet;jsessionid=ac16012b30d6cea60823f9d74625980f953eace16ced.e3iSbxaKaheRe3ePbN4LaNqMai1ynknvrkLOlQzNp65In0 HTTP/1.1" 200 15
65.154.226.109 - - [28/Sep/2022:12:41:58 -0500] "GET /portaldeninos/wp-content/themes/betheme/fonts/mfn-icons.woff?93978679 HTTP/1.1" 200 80932
65.154.226.109 - - [28/Sep/2022:12:41:59 -0500] "GET /portaldeninos/wp-content/themes/betheme/fonts/mfn-icons.ttf?93978679 HTTP/1.1" 200 18097
