!C99Shell v. 1.0 pre-release build #13!

Software: Apache. PHP/5.5.15 

uname -a: Windows NT SVR-DMZ 6.1 build 7600 (Windows Server 2008 R2 Enterprise Edition) i586 

SYSTEM 

Safe-mode: OFF (not secure)

E:\nuevo\apache\logs\   drwxrwxrwx
Free 7.33 GB of 239.26 GB (3.07%)
Detected drives: [ a ] [ c ] [ d ] [ e ] [ f ]
Home    Back    Forward    UPDIR    Refresh    Search    Buffer    Encoder    Tools    Proc.    FTP brute    Sec.    SQL    PHP-code    Update    Feedback    Self remove    Logout    


Viewing file:     access.2022.10.24.log (2.55 MB)      -rw-rw-rw-
Select action/file-type:
(+) | (+) | (+) | Code (+) | Session (+) | (+) | SDB (+) | (+) | (+) | (+) | (+) | (+) |
216.245.221.92 - - [24/Oct/2022:00:00:15 -0500] "HEAD / HTTP/1.1" 200 -
172.22.2.4 - - [23/Oct/2022:23:59:02 -0500] "HEAD /BLA/boletinlegal/ HTTP/1.1" 200 -
186.102.51.216 - - [24/Oct/2022:00:00:52 -0500] "OPTIONS /kwssiamovil/sm/setfile/f? HTTP/1.1" 200 13
186.102.51.216 - - [24/Oct/2022:00:00:52 -0500] "POST /kwssiamovil/sm/setfile/f? HTTP/1.1" 200 381
201.245.192.253 - - [24/Oct/2022:00:01:06 -0500] "POST /kwsrmcab/Wsrmcab  HTTP/1.1" 200 43148
172.22.2.4 - - [23/Oct/2022:23:59:52 -0500] "GET /BLA/boletinlegal/ HTTP/1.1" 200 56376
186.155.13.18 - - [24/Oct/2022:00:03:23 -0500] "GET /kwssiamovil/sm/acme/u?s=U2FsdGVkX18xnrv3vVQth4NBa8CDimPVB4PDFWB8d63d+y8TPoxpvVwIrsihUvfQ9T/iSCwqPqxrweSo0w16w3gnNbe1w5zEHT97Im7ONfgTMlc+uxQn6a0kQ46oaosC11OGxtBkn8AlT7c0gRJpdQ==&u=U2FsdGVkX18JbifJGEIeZIxQIoECnf2mGi3eZulDSLJ+hHD/PiI+K9mMoR/TXHmL&y=U2FsdGVkX1/KRoeBIEqOk4qC7D+LjOMBmXZ5C71SQSZcxYigZrh01ttU95YtfKp3 HTTP/1.1" 200 60
186.155.13.18 - - [24/Oct/2022:00:04:21 -0500] "GET /kwssiamovil/sm/ldap/au?x=U2FsdGVkX19XNXwIJEZEIwFhqSliQh92UlQ0uldoJh5DAVc5XbTfiajyEfjBQCD4&y=U2FsdGVkX19FYL2udxXUEQu6+RAfZjAupnq1dkTWWXSx+ZO3YGGXjZGbKKuhYMh1 HTTP/1.1" 200 30
186.155.13.18 - - [24/Oct/2022:00:04:22 -0500] "GET /kwssiamovil/sm/acme/s?s=U2FsdGVkX18VNPoqqf24Y3VOSSJFrijSvKGIq2eRGyTiMZTmzvAPblFEXdzJjsIbdKXV4TODEhB8FLnXnwRwymkCBnSoW6g8IuRsgKdk7cs=&u=U2FsdGVkX1/+DhAJwTdkS/TGZV+lFi3WB6iqrDVMBIlYvwafZvRFxnaYaYViJYov&y=U2FsdGVkX19FYL2udxXUEQu6+RAfZjAupnq1dkTWWXSx+ZO3YGGXjZGbKKuhYMh1 HTTP/1.1" 200 97
186.155.13.18 - - [24/Oct/2022:00:04:22 -0500] "GET /kwssiamovil/sm/acme/s?s=U2FsdGVkX1/Wuo1TLd02DlSCkIPgFt8TBEZw3Pw8wrLN0lyy8V5SLkOp9b6OK7WBL0M6WYufGHC5xdENL0ifRr4iyQMTZKcaxuqG8YE4oVnk1UhI6Mekcxe93Xv9kjeDOn2mb1iG5UdtI5p34ZpvMF35fA2NYD/2kz7H3/TGTKQ4crzyeAJfifMkxWySKtFbAj1NN8i5wu0abqQrtyqQMPu+BKS4xnqWL8A6fUHSOYSDW54o0AKvq/z5rVLOZaKyetROeBqcZM5aUgMIwnhLUXGHGD4uI8FRIfhOI/fXEKbjplXZ2BBYgUMX2AHyI1NDjPeIRvMy2kKJHHZmpV3n7Vl5qNOLq8Te1b93j07kntcN8GdrT8LRq9Yyu0VFbajOWeRx9cHaQoqfFygs2QddoTsdYMxXFwB/4YiMiS+l3yCR+eIgH+cz7wmwTMF6OtS1H7Z07aSApDD+8beo2BN/8rPI66g9pouSc5N+DlysYXtVcWianrf8LCsX6SZJckrK74rhOccflSA0j26XwDeBeYPqA+SouWievCGn0Jm/TkLaEMC35HM6PcLQZIJ38dS1ANgZh/LIoIAZOyQ8DwJ7nH+bcPTpt/wZF34wUOJKQgYKOnqKAhzbNtQQ0BYUx6dIPLwPtODkFhlVJ2xagCFOp87xatDOJUW+QChzC/6NdcevG+/pPyW3Hx9YOozIpTYVol3et+s9thnT88XgfcIg0pCqT6I9IpoeB0+DOEMwfX42vaJ2JeGHcxrcaWI4AXGuzkaVbgLqjsGftYqloRBLhGNAnQPm14i7iGH2D1pB1eFyjNpl1S+qgxzCfVxAScoS/jRTvAMFGu93O5aDmODC6lfD3Pt35h3GD4dkAKK99Gcih8LN3IQnmplNLILdRH1aeauJ/PPtw+mtLqC0e0X0BCrZofpYGVfTumpJyyGG6fj140n6Oc/CuT+i5cloDxWES0buyIQ4SVGybW0IvgK2YprR70JZZ+X8b8BdTgLI0htXidjAyGI91ECQIfVgr45DwEKOH7/8zLehfAHoRB5XHcPRhc17gKO5UFhBNSlZeARMojYSTwZDwHLE6eymnhx56dWbMVqgNlxUay09YNiG/hBwAnpsjYVUriZ0DTay7qWu54VAYjrPXk2R8OqTW/vfEPXLTv3A0x+J5RM+qXOH0sJg0u0nrXjA0z08m5o87P2ob4nb02ynG47XYZXSVTWDTF23GcZMIVWZqHEuFJKudFQJk1d1KqSAlmBQVEKOMvwbaICvBB8J02kkY2kt+6AFUXnr5q90bjql2vrA1Ko9d/b+Eez0M61JGEJYU4syyFl3deBUGbyLsdC8oTKI0nK9fpPaLQYZRS6o1DOm+cJKxw75CnVpI++CJJXv2C6K/FgupY3S17NnVhaEukoiPHrsRcl/zTzWA1j3OBl+d/R/QJTzA7sdRHw4G/wkSZHm5WQ=&u=U2FsdGVkX1/+DhAJwTdkS/TGZV+lFi3WB6iqrDVMBIlYvwafZvRFxnaYaYViJYov&y=U2FsdGVkX19FYL2udxXUEQu6+RAfZjAupnq1dkTWWXSx+ZO3YGGXjZGbKKuhYMh1 HTTP/1.1" 200 1147
186.155.13.18 - - [24/Oct/2022:00:04:22 -0500] "GET /kwssiamovil/sm/acme/s?s=U2FsdGVkX18rzSwwFGgq9zLCJJGIbdP+263qaFHsrGlk1WQGyqTTp3n9/dfvhHfERogp5jFkdt3WDxM0FUDAuhyvcLq4qRRkgCwW2LrsmZr52gf6SBdSTP45LiV+q5sQ+e3nibNQUVH+q8rOS1EaReZGT93uhXsEgeuZR4rPmP6RIZSp6QqbEr6VzgyOdqGQcCxZMi0z72ilfHX8IKlpFD9ejH2skHCM8G0T/ow8tB09yvXMtlCAyL+NaFtmEseEldKbQrHnCDiQB+eZeHgqLaq0iq4lSlu3lEYUEORh/BlV9SSd+M5asz/fDmpeqNgIAsgNOwW5esmpfbPFylSz3JQzKnLMK2zWgS15udXfGAw=&u=U2FsdGVkX1/+DhAJwTdkS/TGZV+lFi3WB6iqrDVMBIlYvwafZvRFxnaYaYViJYov&y=U2FsdGVkX19FYL2udxXUEQu6+RAfZjAupnq1dkTWWXSx+ZO3YGGXjZGbKKuhYMh1 HTTP/1.1" 200 196
186.155.13.18 - - [24/Oct/2022:00:04:22 -0500] "GET /kwssiamovil/sm/cjson/pre?f=1&x=U2FsdGVkX19XNXwIJEZEIwFhqSliQh92UlQ0uldoJh5DAVc5XbTfiajyEfjBQCD4 HTTP/1.1" 200 30992
186.102.51.216 - - [24/Oct/2022:00:04:54 -0500] "GET /kwssiamovil/sm/acme/a?s=U2FsdGVkX18WR7q/l0bNQNCNsuMN83op2SdPWR6GnXXAOlqRXCQAEaSmVLUd8tF0WDCqBGURu9VfTtuv7FjN7V0tmCEbBo1o5lVShvN1T3dcfMmp93nbOG0U4az5BocLLT1g80lLtNAoma5irW6BjbqJ6rZAEvS9CZ5em1p9NvONhzx8X9kan5T/XDK6tG9WyfLV7XlAE5h+ATutaxTEiAo2M66+L6Txm8tx6zqJ8z/SK8N0ZpPF9DaJ0FFdIDTeurL7IpCSbisz0IdPAYz8/w==&u=U2FsdGVkX19BFgcHhgMzh2zRr1HHpGNn2SX+jHnJG68N9MVBKxEknCEPf/F9AqAo&y=U2FsdGVkX19gIu1ATJpMjmiCroA5ELcUGX7WUb7CpS7iZD1+Ova74ylwAC/YarJe HTTP/1.1" 200 26
186.102.51.216 - - [24/Oct/2022:00:04:58 -0500] "GET /kwssiamovil/sm/acme/a?s=U2FsdGVkX1/a6ezAIk73yDxX/VD1Ap4Dc2ntbNvdt9md1EpJs1wrs3B79MwmeRGmd9ZcGGx2BUtZDBDvRKos+tImZctKmk2hO5mxKiTtzQrdoCTb7n0WknWMBougOf6qglLFDgRJR1owdLI9rDVyeAGqIr6FD1cHnjaVW8qUwrGp3rFox6uR/AMIYcDYynxDR+18wNt7mQVY1KdU4aJiDnBFRTP7gjFm+Lxt4dlfAnH4z6hcJSffogSFmV8dGVGSGQjDwWMkDApXiV6JvBxW3ELIezz9pK9sSxw1oyfPQ7zNsIfX89FIgXwSnCLsaxhAVFJ6Dy6IgoZ7TzYCp7UvYu5FZzNI1B9voG1I+ksWduDEOuvYbl6nLCrga+pBcVB7tqSgaawrBJgoKeT86t4F6p9Xkthd+OT009q+42rgVQVV6xPI1oeu4ceX4UyGIDOpkvJlN1IojgF7JptC8SquGOtV5A26IexRUNdPHBMEt1hsx8rHSwLtTBRHMdGjPDKIeJdNLGrXHqpf92QSo8wwUb2hAGsggoYFbfddzyo4A2KPahhDUkj31fSK9/tJLWDi1A5nTtBQMgSqvyZm9zDntIBAvEjbVvy2Nw94s/WWSBwXQamsg+a8rAnB5om1VUft289NL4qUR8Bw9PdKvvNWtN4XeaJThd664e7sFjnXHuGJbL9oISioOoLUuEcdSJH/bU+jPfKE/TpLBdHiozqtMxopeB+lJWRh5NzBRCofOV4pGMBNHXHwL+3CaNvZ2CxHkUNPgMVS8cS4Hae1YvcvjGOAKcGDCg6jlsalBvHpLtHjN+6swGRxftu1zT+I6gXas8M+LQEhP2AaJrWZck2fk/1FiYCSjmM54yzsRej+A6SYgDJB9n0UnAvAXqHpjzyHm/NTa42l/o3mKvLC7RbtkoXZtttZ4F7HcHGgT4aT1Fx1nUZY0pCYNlYOr4UGWrwAC7ddfGjDGrMfhm2vfAXk10KokTGgNNpGcefMsFZvWvwy2N8gzEcYgA/FLNdUIissJ9Xy7uxeQq/JQul5uscINod37bmPat6NbEyq3Ot2xJ5VEkaw+8fdMwssFlW+MZ2bKXOLIBIEtose7RCxRa+s8Y80+/cRa4Rl+sMbFlAt7JN8aovNOoi/bNnqu7SDkvi143zb6rnyRp4MFguQCknJSTVJRqfk1xtrxDWhHims5iEjiXwl2GuTnBQ20Pf+YZ3bIfWSE8dOqKE3z6xzZZzqblDPdhP0xmaKxHqb8QOGqBwXs12G8fHsQhHy5kfy4NVCk+Ie/aKfN3M8RzXu3gxP8KLw8uOWVPt/ts4AiN1L8cChZBMMtbmFGRylAEH/vDp3MqY18d8hvp24pquQN2PVO3qi6wb05p3rxBFvaZFCGN1Hsdew0f1gQwSnNpb91ZHJBeNhaLc0LGIB0acp2ec3SQ==&u=U2FsdGVkX19BFgcHhgMzh2zRr1HHpGNn2SX+jHnJG68N9MVBKxEknCEPf/F9AqAo&y=U2FsdGVkX19gIu1ATJpMjmiCroA5ELcUGX7WUb7CpS7iZD1+Ova74ylwAC/YarJe HTTP/1.1" 200 25
186.102.51.216 - - [24/Oct/2022:00:05:01 -0500] "GET /kwssiamovil/sm/acme/a?s=U2FsdGVkX190uOOloQy6VZ3wpe5bIC9fDnsc06XGZzLFVJc/zhITT8L6piF+jw4Xx+rQmgUZwvFipfWTmsyKyAcrMV6nEGjxNRM8NcbUolVa+OBkRidYGdkgl4pMqjeC2ovYsAdAbf3DEo5PpGgPdHsB/KmRC1ivzO5p/4oeIRw=&u=U2FsdGVkX19BFgcHhgMzh2zRr1HHpGNn2SX+jHnJG68N9MVBKxEknCEPf/F9AqAo&y=U2FsdGVkX19gIu1ATJpMjmiCroA5ELcUGX7WUb7CpS7iZD1+Ova74ylwAC/YarJe HTTP/1.1" 200 26
186.102.51.216 - - [24/Oct/2022:00:05:04 -0500] "GET /kwssiamovil/sm/acme/a?s=U2FsdGVkX1+RvcukcCdraa9zy36aQBTUKa+2QIz89hG6FxIOC+rh7ERfBDOSIqAow06G9SmhOHVFJPl5PuslpoMeb9s0c2V5eK5JjqU3ObbZu+M57TPvOg894wbZvcK4O/EuCyrKzcES7vmCJKKWKtWjSvtWdKamPnUcL1C9ayk=&u=U2FsdGVkX19BFgcHhgMzh2zRr1HHpGNn2SX+jHnJG68N9MVBKxEknCEPf/F9AqAo&y=U2FsdGVkX19gIu1ATJpMjmiCroA5ELcUGX7WUb7CpS7iZD1+Ova74ylwAC/YarJe HTTP/1.1" 200 25
186.102.51.216 - - [24/Oct/2022:00:05:07 -0500] "GET /kwssiamovil/sm/acme/a?s=U2FsdGVkX19mVc7SCHK3Rm9I95Gt1bvQHLqYPb7ZxWUYuJnXeEQ+aKnyurptQytmiGAwHRidWCzxmtdosvFjYqtsu+2/0udjLjqCsoImi29CTUV57l7cvl2SFSb6fqbUE5Tc6Pri2knQ/2qjlIkfJbvJuPiXA0Xed/aqxsZIJOU=&u=U2FsdGVkX19BFgcHhgMzh2zRr1HHpGNn2SX+jHnJG68N9MVBKxEknCEPf/F9AqAo&y=U2FsdGVkX19gIu1ATJpMjmiCroA5ELcUGX7WUb7CpS7iZD1+Ova74ylwAC/YarJe HTTP/1.1" 200 25
186.102.51.216 - - [24/Oct/2022:00:05:10 -0500] "GET /kwssiamovil/sm/acme/a?s=U2FsdGVkX18B1TbQLn2O35FufuLfhAshydDOthjt16nv+aE5tblARpdy1r//L5TrHKK6qEXc9Z5tGVV7b6qRs1mQkRG1q53ju9BwLcL/laojTp8aE3/fGPkGhnnmM+noRvw8OIfdOxYrhtOBry0WisOCPTrbA/Ge2JwZJCtmmj19Q/JErOYZoz79qEr4KvMOGd6fmUm4EZvdk+oM7RT5Hw==&u=U2FsdGVkX19BFgcHhgMzh2zRr1HHpGNn2SX+jHnJG68N9MVBKxEknCEPf/F9AqAo&y=U2FsdGVkX19gIu1ATJpMjmiCroA5ELcUGX7WUb7CpS7iZD1+Ova74ylwAC/YarJe HTTP/1.1" 200 25
216.245.221.92 - - [24/Oct/2022:00:05:15 -0500] "HEAD / HTTP/1.1" 200 -
186.102.51.216 - - [24/Oct/2022:00:05:13 -0500] "GET /kwssiamovil/sm/acme/a?s=U2FsdGVkX182Nkl7HhcRjSxgqd7EIBearFjBCJYTnrnSXN2XD6dSwHneDPOmY/G6q9NQPppfLeLfYzZqSka7hpAtvkaMnrFUpW+NPIcKr91YFNzrLUv7HqWoXCaQngN0v6sMCAbvuyBPKXPBWvgpVzOrUpF+yYhRmw/KegTw5ury40dG+sHZMeuYpJOZDDcalY4Ym5ZIW+kdmYMVmxGRwQ==&u=U2FsdGVkX19BFgcHhgMzh2zRr1HHpGNn2SX+jHnJG68N9MVBKxEknCEPf/F9AqAo&y=U2FsdGVkX19gIu1ATJpMjmiCroA5ELcUGX7WUb7CpS7iZD1+Ova74ylwAC/YarJe HTTP/1.1" 200 25
186.102.51.216 - - [24/Oct/2022:00:05:17 -0500] "GET /kwssiamovil/sm/acme/a?s=U2FsdGVkX19zTmTe9rbcV+Seo7MQIRvDEKAsRpidIK4KXiKJNnAAK1ojWjw9aQrUydoBQ01UgZwTfVTIpZPI28JZiHs7d0RajvRUS9kd/G1o+QXZ8ygtWNCpKNIc+YO2ItwmDuL2Uk9zT5XBXEwG2RbPSQo4lqSx7VDUvRdAw2ckoCvNIHucujMVIG3kVznWAirHIcoW1/7DYYLU0wRiMg==&u=U2FsdGVkX19BFgcHhgMzh2zRr1HHpGNn2SX+jHnJG68N9MVBKxEknCEPf/F9AqAo&y=U2FsdGVkX19gIu1ATJpMjmiCroA5ELcUGX7WUb7CpS7iZD1+Ova74ylwAC/YarJe HTTP/1.1" 200 25
201.245.192.253 - - [24/Oct/2022:00:06:05 -0500] "POST /kwsrmcab/Wsrmcab  HTTP/1.1" 200 43148
172.22.2.4 - - [24/Oct/2022:00:04:52 -0500] "HEAD /BLA/boletinlegal/ HTTP/1.1" 200 -
172.22.2.4 - - [24/Oct/2022:00:05:42 -0500] "GET /BLA/boletinlegal/ HTTP/1.1" 200 59319
185.119.81.98 - - [24/Oct/2022:00:08:14 -0500] "GET /portaldeninos/wp-login.php HTTP/1.1" 200 2592
185.119.81.98 - - [24/Oct/2022:00:08:15 -0500] "POST /portaldeninos/wp-login.php HTTP/1.1" 200 3605
40.77.167.69 - - [24/Oct/2022:00:09:05 -0500] "GET /cerrados-los-caminos-de-los-cerros-orientales-por-jornada-electoral.html HTTP/1.1" 200 809
216.245.221.92 - - [24/Oct/2022:00:10:15 -0500] "HEAD / HTTP/1.1" 200 -
64.124.8.45 - - [24/Oct/2022:00:10:30 -0500] "GET /Residuos/lavanderias/lavanderias.html HTTP/1.1" 200 1965
201.245.192.253 - - [24/Oct/2022:00:11:04 -0500] "POST /kwsrmcab/Wsrmcab  HTTP/1.1" 200 43148
186.102.51.216 - - [24/Oct/2022:00:12:15 -0500] "GET /kwssiamovil/sm/acme/a?s=U2FsdGVkX1+LAXWaU6qJ1sGhZMV1d5ryglFWFfvgKHTcjnu3dKsnFNya/O+Zqa+Nou3ziX4pV5tNaKCZRJEL0gJCiKVvp2LfGLWIryKc83JPo1FPZ8RJnCIhvcQbRsdZ88OqGedB3h1wJcNNUCQwZqIJBXgb4K0CbwEhg8e+Y+gx6MpKOtm/Sh3Ik7g7pAYPdCUm+oDo7ZvDwiW8isn70KC0/xHSW4DrH+V0d4Uki6dERCXBiSTHd8F1axSI64h6lX/h6y6QmrGF6QcONR1miQ==&u=U2FsdGVkX19BFgcHhgMzh2zRr1HHpGNn2SX+jHnJG68N9MVBKxEknCEPf/F9AqAo&y=U2FsdGVkX19gIu1ATJpMjmiCroA5ELcUGX7WUb7CpS7iZD1+Ova74ylwAC/YarJe HTTP/1.1" 200 26
186.102.51.216 - - [24/Oct/2022:00:12:18 -0500] "GET /kwssiamovil/sm/acme/a?s=U2FsdGVkX1+6Wif2bh26JTTIOVdSoJAm0ama+W7/CsrOJRnySrA64BsxOmxv/LbVWbuI6ICiOTJEeodGv4P5cAYgLqZ3MWi1ObZdi39ttulMcLC8Q+/KhUX7H91OnYUkR2OgViRMTPv2Ya1R9jzLw709aRBXh01+Jovlnh1p61s2j87zGq+PJ1EtTAW18EQgJRzgoi9srxVt+E0DMJHvj6YRPpfiVOEurv0x1a16V+gicfvkuwPHr8AvAA+EHRjOhFzPgaD4Mp6fO1heTWBd311K+RL5aiEmsDq4qXQw5DKuFN0bTjUHJJtk5g2G0jMJRelbVlM+9xKJ1cfezYr9tROcqCorJqtRrfaMA5n44LLbbNmMBAMDsdGQSKIJo9g71guHYF7WNk3RFs0QmPjv4ZGnH7xL9JOcaJzMOjVuiI4J4djzbeyKpCMI0k4emCIXX2om+92mbd9ySPzW/qIFb9sswKLJLar2hUNodZUARp4Mv37H57W0f39U6zHxW3xLgISGtEzdfX6J58yl7w8T685f/Fi6SQNbvh6kvUvIAB7ekqEqLiSrASZLq8OmUQUTft9bxgk1Pkct9Wqen29BRL/Tm+KCHjp4fOSBPUDNA31gWAXznZv/hAbHv6nzDPF0C0MJaYu+Wk1iWoMLZ/Dwy/enxBdDjw4VexbcqBw6MtPxk6VVeC3bAAbaBXW/UMt2TmMfzi4X45Gdes+oMIO/BsHYD/6O2hctfRs6rXEmukANGIZ7H2VuxobH588bNPj3yKEfelkDi0uKE+qT9RyEqihY9zvhyIISS1k9OsF23P0/JCcbmjmdy4NCQT7vjqM0PKGnj0cJyviJw58/tx+5axle95mBYvVvoLp8O26Wk6y+7QiVHSSfiNAwQNC40avxGto/J+aGwYLmIIjiTdL+Zz+TS50r3gLNblm8gSlkXE12o/Q/LYAsYGJ8YxWbdHqIaXYZXzU/h8Auft7HDURYwEMh+xzpI3krpeGAg5Dc27RIitJZC+uhq9P4ajPirejn0DJUhw8tVNzVtbiaCwEt/0a9s8/xYZtouZqnAhAjpK03Agy9E6lNfcuVFYYZ0ISfIjipOzf0S6Z/Zfh7WMJCDehd+UFhyIvZFsz6qmDGg1fljtVple6DVhswpXOv8I2yU1VMGVe80/iyq8eFnhlQqbPw6Y3r2yOc8EajsSJJrEP+IrjXtTTToIpMlW6CBI/A5w6ZaiUocMP7b2nnvjODVyXKSGECyTdEreDQ7qBzjHPq1+4tzsbx/I7+cUqM0zFy//WFG6MWtO7OUANEqf3zJg==&u=U2FsdGVkX19BFgcHhgMzh2zRr1HHpGNn2SX+jHnJG68N9MVBKxEknCEPf/F9AqAo&y=U2FsdGVkX19gIu1ATJpMjmiCroA5ELcUGX7WUb7CpS7iZD1+Ova74ylwAC/YarJe HTTP/1.1" 200 25
186.102.51.216 - - [24/Oct/2022:00:12:21 -0500] "GET /kwssiamovil/sm/acme/a?s=U2FsdGVkX1/CX2lqRZbJ4Z2L8GZzKblOTmZw/M3kBBrXxbuanWYdzfSxjul3ppxcyc+xmn8N+fuZEYMGJ8CRhzxxMvjGGU54U9ON1W48f9Z+ThjVAO//8r+AStY0Hlopk5pIYqNfnuEuXmX5y1f1Agh+flNp37fR62RPQ6zs71w=&u=U2FsdGVkX19BFgcHhgMzh2zRr1HHpGNn2SX+jHnJG68N9MVBKxEknCEPf/F9AqAo&y=U2FsdGVkX19gIu1ATJpMjmiCroA5ELcUGX7WUb7CpS7iZD1+Ova74ylwAC/YarJe HTTP/1.1" 200 26
172.22.2.4 - - [24/Oct/2022:00:10:42 -0500] "HEAD /BLA/boletinlegal/ HTTP/1.1" 200 -
186.102.51.216 - - [24/Oct/2022:00:12:24 -0500] "GET /kwssiamovil/sm/acme/a?s=U2FsdGVkX1/IUur1Ytw8SX9UmWjG5xrvxFFUq0XP7RXWICG2XVm3/IwRvyJRMiocek2GH2KmEoRMGf3S/JBDXW8pEL5om1yP9xFv1PAbnpfB0eSAo42SyqeOGfskL82ubz52/2QDQoO+2q/TpCqrsS5vpWFcC9NAywZnny2sFEY=&u=U2FsdGVkX19BFgcHhgMzh2zRr1HHpGNn2SX+jHnJG68N9MVBKxEknCEPf/F9AqAo&y=U2FsdGVkX19gIu1ATJpMjmiCroA5ELcUGX7WUb7CpS7iZD1+Ova74ylwAC/YarJe HTTP/1.1" 200 25
186.102.51.216 - - [24/Oct/2022:00:12:27 -0500] "GET /kwssiamovil/sm/acme/a?s=U2FsdGVkX195e/5Tpma1xJngmQwjSJ1pXi341fySbR5hkZG65xl6CatbYU3hQos3PDGvw5s9QpBnO5HOZgqZAfGQs+0K1z/Htnp++MIt+aUrxgJ1+l/LnYebAuy8t07IuR+aOmsEuRWbQWPKnHK91KWDYJGx98FsAC427hdidNs=&u=U2FsdGVkX19BFgcHhgMzh2zRr1HHpGNn2SX+jHnJG68N9MVBKxEknCEPf/F9AqAo&y=U2FsdGVkX19gIu1ATJpMjmiCroA5ELcUGX7WUb7CpS7iZD1+Ova74ylwAC/YarJe HTTP/1.1" 200 25
186.102.51.216 - - [24/Oct/2022:00:12:31 -0500] "GET /kwssiamovil/sm/acme/a?s=U2FsdGVkX19rd/keQQVpwqoTeJVHVZKek/8ybgsYXtsm5cEnHGRA/dMmYUFdoVh0IxrxQRXopAgQD5L03Tgy9JSpXrfbS4G8YSRl+OgvRkOyit5ESEL/HRC3GQMW6FTRQK9Kpnk3jiut1GIu6corAU4XmYXSZe+e539prCsgCzYUaXpqJOOBRgSkFTFnCRX2x/Us/Bk+dUB/g38H17/jHw==&u=U2FsdGVkX19BFgcHhgMzh2zRr1HHpGNn2SX+jHnJG68N9MVBKxEknCEPf/F9AqAo&y=U2FsdGVkX19gIu1ATJpMjmiCroA5ELcUGX7WUb7CpS7iZD1+Ova74ylwAC/YarJe HTTP/1.1" 200 25
186.102.51.216 - - [24/Oct/2022:00:12:52 -0500] "GET /kwssiamovil/sm/acme/u?s=U2FsdGVkX19F+0rtKpJ0oJ6sVFl1L6D0vd+JypPtzvHbzeSObu8Ji3t8rsdQA4x8kxd7e6GhelQO/qZJqqHmWMgdzxZmEUk1j+fcHsoFpHe7JjRnVkgwjIKFUWCZc3UmgJFQoPkRqsASh3unX71Stw==&u=U2FsdGVkX19BFgcHhgMzh2zRr1HHpGNn2SX+jHnJG68N9MVBKxEknCEPf/F9AqAo&y=U2FsdGVkX19gIu1ATJpMjmiCroA5ELcUGX7WUb7CpS7iZD1+Ova74ylwAC/YarJe HTTP/1.1" 200 60
172.22.2.4 - - [24/Oct/2022:00:11:32 -0500] "GET /BLA/boletinlegal/ HTTP/1.1" 200 59828
64.124.8.49 - - [24/Oct/2022:00:14:07 -0500] "GET /www.bogota.gov.co/sdqs HTTP/1.1" 404 1049
152.61.192.232 - - [24/Oct/2022:00:14:41 -0500] "GET / HTTP/1.1" 200 319
216.245.221.92 - - [24/Oct/2022:00:15:15 -0500] "HEAD / HTTP/1.1" 200 -
201.245.192.253 - - [24/Oct/2022:00:16:03 -0500] "POST /kwsrmcab/Wsrmcab  HTTP/1.1" 200 43148
69.171.249.15 - - [24/Oct/2022:00:16:27 -0500] "GET /secretaria-de-ambiente-realizara-jornada-de-reciclaton-y-educacion-ambiental-este-jueves-en-engativa.html HTTP/1.1" 206 994
64.124.8.45 - - [24/Oct/2022:00:17:42 -0500] "GET /galeria/nivo-slider/demo/inicio88.html HTTP/1.1" 200 4096
64.233.172.4 - - [24/Oct/2022:00:17:57 -0500] "GET /BLA/boletinlegal/js/jquery.scrollShow.js HTTP/1.1" 200 4586
64.233.172.31 - - [24/Oct/2022:00:17:57 -0500] "GET /galeria/galeria/jquery.fancybox.js?v=2.1.5 HTTP/1.1" 200 48706
64.233.172.1 - - [24/Oct/2022:00:17:57 -0500] "GET /galeria/galeria/jquery.fancybox.css?v=2.1.5 HTTP/1.1" 200 4895
66.102.8.236 - - [24/Oct/2022:00:18:01 -0500] "GET /BLA/boletinlegal/js/jquery.scrollShow.js HTTP/1.1" 200 4586
66.102.8.236 - - [24/Oct/2022:00:18:02 -0500] "GET /galeria/galeria/jquery.fancybox.css?v=2.1.5 HTTP/1.1" 200 4895
66.102.8.240 - - [24/Oct/2022:00:18:02 -0500] "GET /galeria/galeria/jquery.fancybox.js?v=2.1.5 HTTP/1.1" 200 48706
64.233.172.4 - - [24/Oct/2022:00:18:02 -0500] "GET /galeria/carrusel/Carrusel/jquery.thumbnailScroller.css HTTP/1.1" 200 2066
64.233.172.31 - - [24/Oct/2022:00:18:02 -0500] "GET /galeria/carrusel/Carrusel/jquery.thumbnailScroller.js HTTP/1.1" 200 8157
64.233.172.31 - - [24/Oct/2022:00:18:02 -0500] "GET /galeria/carrusel/Carrusel/jquery-ui-1.8.13.custom.min.js HTTP/1.1" 200 10800
66.102.8.238 - - [24/Oct/2022:00:18:03 -0500] "GET /galeria/carrusel/Carrusel/jquery.thumbnailScroller.css HTTP/1.1" 200 2066
66.102.8.240 - - [24/Oct/2022:00:18:03 -0500] "GET /galeria/carrusel/Carrusel/jquery-ui-1.8.13.custom.min.js HTTP/1.1" 200 10800
64.233.172.31 - - [24/Oct/2022:00:18:03 -0500] "GET /galeria/nivo-slider/demo/banner.html HTTP/1.1" 200 5446
66.102.8.236 - - [24/Oct/2022:00:18:03 -0500] "GET /galeria/carrusel/Carrusel/jquery.thumbnailScroller.js HTTP/1.1" 200 8157
64.233.172.4 - - [24/Oct/2022:00:18:04 -0500] "GET /galeria/nivo-slider/themes/default/default.css HTTP/1.1" 200 1569
64.233.172.4 - - [24/Oct/2022:00:18:04 -0500] "GET /galeria/nivo-slider/themes/orman/orman.css HTTP/1.1" 200 2152
64.233.172.31 - - [24/Oct/2022:00:18:04 -0500] "GET /galeria/nivo-slider/demo/images/bannercapacitacionesbogota.jpg HTTP/1.1" 200 42416
64.233.172.1 - - [24/Oct/2022:00:18:04 -0500] "GET /galeria/nivo-slider/themes/pascal/pascal.css HTTP/1.1" 200 2258
64.233.172.4 - - [24/Oct/2022:00:18:04 -0500] "GET /galeria/nivo-slider/nivo-slider.css HTTP/1.1" 200 1507
64.233.172.4 - - [24/Oct/2022:00:18:04 -0500] "GET /galeria/nivo-slider/demo/style.css HTTP/1.1" 200 2222
64.233.172.31 - - [24/Oct/2022:00:18:04 -0500] "GET /galeria/nivo-slider/demo/scripts/jquery-1.7.1.min.js HTTP/1.1" 200 93868
64.233.172.4 - - [24/Oct/2022:00:18:04 -0500] "GET /galeria/nivo-slider/demo/images/banneraccionpopular.jpeg HTTP/1.1" 200 41707
64.233.172.4 - - [24/Oct/2022:00:18:04 -0500] "GET /galeria/nivo-slider/demo/images/bannerclases2021.jpg HTTP/1.1" 200 68230
64.233.172.1 - - [24/Oct/2022:00:18:04 -0500] "GET /galeria/nivo-slider/demo/images/bannerrutaesperanza.jpg HTTP/1.1" 200 55560
64.233.172.31 - - [24/Oct/2022:00:18:04 -0500] "GET /galeria/nivo-slider/demo/images/Bannersedeelectronica.jpg HTTP/1.1" 200 40383
64.233.172.4 - - [24/Oct/2022:00:18:04 -0500] "GET /galeria/nivo-slider/demo/images/bannerresiduoshospitalariosagosto.jpg HTTP/1.1" 200 36499
64.233.172.4 - - [24/Oct/2022:00:18:05 -0500] "GET /galeria/nivo-slider/demo/images/bannertortuga_optimized.jpg HTTP/1.1" 200 39066
64.233.172.31 - - [24/Oct/2022:00:18:05 -0500] "GET /galeria/nivo-slider/demo/images/Bannerenvases.jpg HTTP/1.1" 200 37316
64.233.172.1 - - [24/Oct/2022:00:18:05 -0500] "GET /galeria/nivo-slider/demo/images/banneraccionpopularcrr68.jpg HTTP/1.1" 200 51887
64.233.172.31 - - [24/Oct/2022:00:18:05 -0500] "GET /galeria/nivo-slider/demo/images/Bannervirtualescanales.jpg HTTP/1.1" 200 174544
64.233.172.4 - - [24/Oct/2022:00:18:05 -0500] "GET /galeria/nivo-slider/demo/images/Bannerplasticosseptiembre.jpg HTTP/1.1" 200 45633
64.233.172.1 - - [24/Oct/2022:00:18:05 -0500] "GET /galeria/nivo-slider/demo/images/bannertrafico_optimized.jpg HTTP/1.1" 200 42578
64.233.172.31 - - [24/Oct/2022:00:18:05 -0500] "GET /galeria/nivo-slider/demo/images/banneraire2021.jpg HTTP/1.1" 200 265101
64.233.172.4 - - [24/Oct/2022:00:18:05 -0500] "GET /galeria/nivo-slider/demo/images/Bannermujeresquereverdecen.jpg HTTP/1.1" 200 46558
64.233.172.1 - - [24/Oct/2022:00:18:06 -0500] "GET /galeria/nivo-slider/jquery.nivo.slider.pack.js HTTP/1.1" 200 11561
64.233.172.1 - - [24/Oct/2022:00:18:06 -0500] "GET /galeria/nivo-slider/demo/images/4Simple_Slider.png HTTP/1.1" 200 11722
64.233.172.1 - - [24/Oct/2022:00:18:06 -0500] "GET /galeria/nivo-slider/themes/default/loading.gif HTTP/1.1" 200 1737
64.233.172.4 - - [24/Oct/2022:00:18:07 -0500] "GET /galeria/nivo-slider/themes/default/arrows.png HTTP/1.1" 200 824
64.233.172.31 - - [24/Oct/2022:00:18:07 -0500] "GET /galeria/nivo-slider/themes/default/bullets.png HTTP/1.1" 200 1281
172.22.2.4 - - [24/Oct/2022:00:16:32 -0500] "HEAD /BLA/boletinlegal/ HTTP/1.1" 200 -
66.102.8.236 - - [24/Oct/2022:00:18:13 -0500] "GET /galeria/nivo-slider/demo/banner.html HTTP/1.1" 200 5446
66.102.8.236 - - [24/Oct/2022:00:18:17 -0500] "GET /galeria/nivo-slider/nivo-slider.css HTTP/1.1" 200 1507
66.102.8.240 - - [24/Oct/2022:00:18:17 -0500] "GET /galeria/nivo-slider/themes/default/default.css HTTP/1.1" 200 1569
66.102.8.238 - - [24/Oct/2022:00:18:17 -0500] "GET /galeria/nivo-slider/themes/orman/orman.css HTTP/1.1" 200 2152
66.102.8.240 - - [24/Oct/2022:00:18:17 -0500] "GET /galeria/nivo-slider/themes/pascal/pascal.css HTTP/1.1" 200 2258
66.102.8.238 - - [24/Oct/2022:00:18:17 -0500] "GET /galeria/nivo-slider/demo/style.css HTTP/1.1" 200 2222
66.102.8.236 - - [24/Oct/2022:00:18:17 -0500] "GET /galeria/nivo-slider/demo/scripts/jquery-1.7.1.min.js HTTP/1.1" 200 93868
66.102.8.238 - - [24/Oct/2022:00:18:17 -0500] "GET /galeria/nivo-slider/demo/images/Bannermujeresquereverdecen.jpg HTTP/1.1" 200 46558
66.102.8.240 - - [24/Oct/2022:00:18:17 -0500] "GET /galeria/nivo-slider/jquery.nivo.slider.pack.js HTTP/1.1" 200 11561
66.102.8.236 - - [24/Oct/2022:00:18:17 -0500] "GET /galeria/nivo-slider/demo/images/bannertortuga_optimized.jpg HTTP/1.1" 200 39066
66.102.8.238 - - [24/Oct/2022:00:18:17 -0500] "GET /galeria/nivo-slider/demo/images/Bannersedeelectronica.jpg HTTP/1.1" 200 40383
66.102.8.236 - - [24/Oct/2022:00:18:17 -0500] "GET /galeria/nivo-slider/demo/images/bannertrafico_optimized.jpg HTTP/1.1" 200 42578
66.102.8.238 - - [24/Oct/2022:00:18:17 -0500] "GET /galeria/nivo-slider/demo/images/bannerrutaesperanza.jpg HTTP/1.1" 200 55560
66.102.8.240 - - [24/Oct/2022:00:18:17 -0500] "GET /galeria/nivo-slider/demo/images/banneraire2021.jpg HTTP/1.1" 200 265101
66.102.8.240 - - [24/Oct/2022:00:18:17 -0500] "GET /galeria/nivo-slider/demo/images/Bannerplasticosseptiembre.jpg HTTP/1.1" 200 45633
66.102.8.236 - - [24/Oct/2022:00:18:17 -0500] "GET /galeria/nivo-slider/demo/images/bannerresiduoshospitalariosagosto.jpg HTTP/1.1" 200 36499
66.102.8.240 - - [24/Oct/2022:00:18:17 -0500] "GET /galeria/nivo-slider/demo/images/banneraccionpopularcrr68.jpg HTTP/1.1" 200 51887
66.102.8.236 - - [24/Oct/2022:00:18:18 -0500] "GET /galeria/nivo-slider/demo/images/banneraccionpopular.jpeg HTTP/1.1" 200 41707
66.102.8.236 - - [24/Oct/2022:00:18:18 -0500] "GET /galeria/nivo-slider/demo/images/bannerclases2021.jpg HTTP/1.1" 200 68230
66.102.8.238 - - [24/Oct/2022:00:18:18 -0500] "GET /galeria/nivo-slider/demo/images/bannercapacitacionesbogota.jpg HTTP/1.1" 200 42416
66.102.8.240 - - [24/Oct/2022:00:18:18 -0500] "GET /galeria/nivo-slider/demo/images/Bannerenvases.jpg HTTP/1.1" 200 37316
66.102.8.238 - - [24/Oct/2022:00:18:18 -0500] "GET /galeria/nivo-slider/demo/images/Bannervirtualescanales.jpg HTTP/1.1" 200 174544
66.102.8.240 - - [24/Oct/2022:00:18:18 -0500] "GET /galeria/nivo-slider/demo/images/4Simple_Slider.png HTTP/1.1" 200 11722
66.102.8.240 - - [24/Oct/2022:00:18:18 -0500] "GET /galeria/nivo-slider/themes/default/loading.gif HTTP/1.1" 200 1737
66.102.8.236 - - [24/Oct/2022:00:18:23 -0500] "GET /galeria/nivo-slider/themes/default/bullets.png HTTP/1.1" 200 1281
66.102.8.238 - - [24/Oct/2022:00:18:23 -0500] "GET /galeria/nivo-slider/themes/default/arrows.png HTTP/1.1" 200 824
207.46.13.79 - - [24/Oct/2022:00:18:35 -0500] "GET /BLA/resoluciones/RESOLUCIONES%202021/1847.pdf HTTP/1.1" 304 -
172.22.2.4 - - [24/Oct/2022:00:17:22 -0500] "GET /BLA/boletinlegal/ HTTP/1.1" 200 59319
216.245.221.92 - - [24/Oct/2022:00:20:15 -0500] "HEAD / HTTP/1.1" 200 -
152.61.128.50 - - [24/Oct/2022:00:20:34 -0500] "GET / HTTP/1.1" 200 319
201.245.192.253 - - [24/Oct/2022:00:21:02 -0500] "POST /kwsrmcab/Wsrmcab  HTTP/1.1" 200 43148
201.245.192.253 - - [24/Oct/2022:00:22:13 -0500] "POST /kwsrmcab/Wsrmcab HTTP/1.1" 200 43726
201.245.192.253 - - [24/Oct/2022:00:22:15 -0500] "POST /kwsrmcab/Wsrmcab HTTP/1.1" 200 41786
172.22.2.4 - - [24/Oct/2022:00:22:22 -0500] "HEAD /BLA/boletinlegal/ HTTP/1.1" 200 -
172.22.2.4 - - [24/Oct/2022:00:23:13 -0500] "GET /BLA/boletinlegal/ HTTP/1.1" 200 57725
216.245.221.92 - - [24/Oct/2022:00:25:15 -0500] "HEAD / HTTP/1.1" 200 -
201.245.192.253 - - [24/Oct/2022:00:26:00 -0500] "POST /kwsrmcab/Wsrmcab  HTTP/1.1" 200 43148
152.203.177.20 - - [24/Oct/2022:00:26:35 -0500] "GET /galeria/galeria/jquery.fancybox.css?v=2.1.5 HTTP/1.1" 200 4895
152.203.177.20 - - [24/Oct/2022:00:26:35 -0500] "GET /BLA/boletinlegal/js/jquery.scrollShow.js HTTP/1.1" 200 4586
152.203.177.20 - - [24/Oct/2022:00:26:35 -0500] "GET /galeria/galeria/jquery.fancybox.js?v=2.1.5 HTTP/1.1" 200 48706
207.46.13.89 - - [24/Oct/2022:00:29:28 -0500] "GET /BLA/resoluciones/RESOLUCIONES%202002/RES%202002%20301-350/00000333.tif HTTP/1.1" 200 41530
172.22.2.4 - - [24/Oct/2022:00:28:12 -0500] "HEAD /BLA/boletinlegal/ HTTP/1.1" 200 -
207.46.13.217 - - [24/Oct/2022:00:29:57 -0500] "GET / HTTP/1.1" 200 4720
216.245.221.92 - - [24/Oct/2022:00:30:15 -0500] "HEAD / HTTP/1.1" 200 -
172.22.2.4 - - [24/Oct/2022:00:29:02 -0500] "GET /BLA/boletinlegal/ HTTP/1.1" 200 59828
201.245.192.253 - - [24/Oct/2022:00:30:59 -0500] "POST /kwsrmcab/Wsrmcab  HTTP/1.1" 200 43148
201.245.192.253 - - [24/Oct/2022:00:32:13 -0500] "POST /kwsrmcab/Wsrmcab HTTP/1.1" 200 43726
201.245.192.253 - - [24/Oct/2022:00:32:16 -0500] "POST /kwsrmcab/Wsrmcab HTTP/1.1" 200 41786
216.245.221.92 - - [24/Oct/2022:00:35:15 -0500] "HEAD / HTTP/1.1" 200 -
92.118.39.78 - - [24/Oct/2022:00:35:39 -0500] "GET / HTTP/1.1" 200 319
172.22.2.4 - - [24/Oct/2022:00:34:02 -0500] "HEAD /BLA/boletinlegal/ HTTP/1.1" 200 -
201.245.192.253 - - [24/Oct/2022:00:35:57 -0500] "POST /kwsrmcab/Wsrmcab  HTTP/1.1" 200 43148
172.22.2.4 - - [24/Oct/2022:00:34:52 -0500] "GET /BLA/boletinlegal/ HTTP/1.1" 200 56014
66.249.73.100 - - [24/Oct/2022:00:37:59 -0500] "-" 408 -
209.222.252.91 - - [24/Oct/2022:00:38:04 -0500] "GET /portaldeninos/ HTTP/1.1" 200 110197
64.124.8.42 - - [24/Oct/2022:00:39:46 -0500] "-" 408 -
216.245.221.92 - - [24/Oct/2022:00:40:15 -0500] "HEAD / HTTP/1.1" 200 -
201.245.192.253 - - [24/Oct/2022:00:40:57 -0500] "POST /kwsrmcab/Wsrmcab  HTTP/1.1" 200 43148
172.22.2.4 - - [24/Oct/2022:00:39:52 -0500] "HEAD /BLA/boletinlegal/ HTTP/1.1" 200 -
201.245.192.253 - - [24/Oct/2022:00:42:13 -0500] "POST /kwsrmcab/Wsrmcab HTTP/1.1" 200 43726
201.245.192.253 - - [24/Oct/2022:00:42:15 -0500] "POST /kwsrmcab/Wsrmcab HTTP/1.1" 200 41786
172.22.2.4 - - [24/Oct/2022:00:40:42 -0500] "GET /BLA/boletinlegal/ HTTP/1.1" 200 56014
172.22.2.4 - - [24/Oct/2022:00:42:05 -0500] "GET /BLA/boletinlegal/ HTTP/1.1" 200 20427
185.119.81.98 - - [24/Oct/2022:00:44:34 -0500] "GET /portaldeninos/wp-login.php HTTP/1.1" 200 2592
185.119.81.98 - - [24/Oct/2022:00:44:35 -0500] "POST /portaldeninos/wp-login.php HTTP/1.1" 200 3605
216.245.221.92 - - [24/Oct/2022:00:45:15 -0500] "HEAD / HTTP/1.1" 200 -
201.245.192.253 - - [24/Oct/2022:00:45:55 -0500] "POST /kwsrmcab/Wsrmcab  HTTP/1.1" 200 43148
207.46.13.40 - - [24/Oct/2022:00:47:02 -0500] "GET /BLA/resoluciones/RESOLUCIONES%202020/1503.pdf HTTP/1.1" 200 401163
172.22.2.4 - - [24/Oct/2022:00:45:42 -0500] "HEAD /BLA/boletinlegal/ HTTP/1.1" 200 -
172.22.2.4 - - [24/Oct/2022:00:46:32 -0500] "GET /BLA/boletinlegal/ HTTP/1.1" 200 59319
216.245.221.92 - - [24/Oct/2022:00:50:15 -0500] "HEAD / HTTP/1.1" 200 -
201.245.192.253 - - [24/Oct/2022:00:50:54 -0500] "POST /kwsrmcab/Wsrmcab  HTTP/1.1" 200 43148
64.124.8.42 - - [24/Oct/2022:00:51:26 -0500] "-" 408 -
172.22.2.4 - - [24/Oct/2022:00:51:32 -0500] "HEAD /BLA/boletinlegal/ HTTP/1.1" 200 -
172.22.2.4 - - [24/Oct/2022:00:52:22 -0500] "GET /BLA/boletinlegal/ HTTP/1.1" 200 59319
66.249.73.100 - - [24/Oct/2022:00:54:19 -0500] "-" 408 -
216.245.221.92 - - [24/Oct/2022:00:55:15 -0500] "HEAD / HTTP/1.1" 200 -
201.245.192.253 - - [24/Oct/2022:00:55:54 -0500] "POST /kwsrmcab/Wsrmcab  HTTP/1.1" 200 43148
172.22.2.4 - - [24/Oct/2022:00:57:22 -0500] "HEAD /BLA/boletinlegal/ HTTP/1.1" 200 -
172.22.2.4 - - [24/Oct/2022:00:58:12 -0500] "GET /BLA/boletinlegal/ HTTP/1.1" 200 59319
216.245.221.92 - - [24/Oct/2022:01:00:15 -0500] "HEAD / HTTP/1.1" 200 -
201.245.192.253 - - [24/Oct/2022:01:00:53 -0500] "POST /kwsrmcab/Wsrmcab  HTTP/1.1" 200 43148
152.61.192.232 - - [24/Oct/2022:01:02:05 -0500] "GET /arcgis/services/Calidad_del_Agua_WQI/MapServer/WMSServer?request=GetCapabilities&service=WMS HTTP/1.1" 503 1020
152.61.192.232 - - [24/Oct/2022:01:02:07 -0500] "GET /arcgis/services/Calidad_del_Agua_WQI/MapServer/WMSServer?SERVICE=WMS&REQUEST=GetCapabilities HTTP/1.1" 503 1020
152.61.192.232 - - [24/Oct/2022:01:02:07 -0500] "GET /arcgis/services/Calidad_del_Agua_WQI/MapServer/WMSServer?WMTVER=1.0.0&REQUEST=capabilities HTTP/1.1" 503 1020
173.252.79.15 - - [24/Oct/2022:01:02:15 -0500] "GET /images/reunion-planta-termovalorizacion-11-mayo.jpg HTTP/1.1" 200 34782
152.61.128.50 - - [24/Oct/2022:01:02:32 -0500] "GET /arcgis/services/Calidad_del_Agua_WQI/MapServer/WMSServer?request=GetCapabilities&service=WMS HTTP/1.1" 503 1020
152.61.128.50 - - [24/Oct/2022:01:02:32 -0500] "GET /arcgis/services/Calidad_del_Agua_WQI/MapServer/WMSServer?SERVICE=WMS&REQUEST=GetCapabilities HTTP/1.1" 503 1020
152.61.128.50 - - [24/Oct/2022:01:02:33 -0500] "GET /arcgis/services/Calidad_del_Agua_WQI/MapServer/WMSServer?WMTVER=1.0.0&REQUEST=capabilities HTTP/1.1" 503 1020
172.22.2.4 - - [24/Oct/2022:01:03:12 -0500] "HEAD /BLA/boletinlegal/ HTTP/1.1" 200 -
216.245.221.92 - - [24/Oct/2022:01:05:15 -0500] "HEAD / HTTP/1.1" 200 -
172.22.2.4 - - [24/Oct/2022:01:04:02 -0500] "GET /BLA/boletinlegal/ HTTP/1.1" 200 59828
201.245.192.253 - - [24/Oct/2022:01:05:53 -0500] "POST /kwsrmcab/Wsrmcab  HTTP/1.1" 200 43148
185.119.81.109 - - [24/Oct/2022:01:08:05 -0500] "GET /portaldeninos/wp-login.php HTTP/1.1" 200 2592
185.119.81.109 - - [24/Oct/2022:01:08:06 -0500] "POST /portaldeninos/wp-login.php HTTP/1.1" 200 3605
157.55.39.202 - - [24/Oct/2022:01:08:49 -0500] "GET /BLA/resoluciones/RESOLUCIONES%202002/RES%202002%20301-350/00000307.tif HTTP/1.1" 200 164648
185.119.81.109 - - [24/Oct/2022:01:09:26 -0500] "GET /portaldeninos/wp-login.php HTTP/1.1" 200 2592
185.119.81.109 - - [24/Oct/2022:01:09:27 -0500] "POST /portaldeninos/wp-login.php HTTP/1.1" 200 3605
185.180.143.75 - - [24/Oct/2022:01:09:28 -0500] "GET / HTTP/1.1" 200 319
216.245.221.92 - - [24/Oct/2022:01:10:15 -0500] "HEAD / HTTP/1.1" 200 -
172.22.2.4 - - [24/Oct/2022:01:09:02 -0500] "HEAD /BLA/boletinlegal/ HTTP/1.1" 200 -
201.245.192.253 - - [24/Oct/2022:01:10:52 -0500] "POST /kwsrmcab/Wsrmcab  HTTP/1.1" 200 43148
172.22.2.4 - - [24/Oct/2022:01:09:52 -0500] "GET /BLA/boletinlegal/ HTTP/1.1" 200 59319
216.245.221.92 - - [24/Oct/2022:01:15:15 -0500] "HEAD / HTTP/1.1" 200 -
201.245.192.253 - - [24/Oct/2022:01:15:51 -0500] "POST /kwsrmcab/Wsrmcab  HTTP/1.1" 200 43148
207.46.13.89 - - [24/Oct/2022:01:16:32 -0500] "GET /BLA/resoluciones/RESOLUCIONES%202000/2000%20950-999.tif HTTP/1.1" 200 4451157
172.22.2.4 - - [24/Oct/2022:01:14:52 -0500] "HEAD /BLA/boletinlegal/ HTTP/1.1" 200 -
172.22.2.4 - - [24/Oct/2022:01:15:42 -0500] "GET /BLA/boletinlegal/ HTTP/1.1" 200 59319
216.245.221.92 - - [24/Oct/2022:01:20:15 -0500] "HEAD / HTTP/1.1" 200 -
201.245.192.253 - - [24/Oct/2022:01:20:49 -0500] "POST /kwsrmcab/Wsrmcab  HTTP/1.1" 200 43148
193.142.146.35 - - [24/Oct/2022:01:20:57 -0500] "GET / HTTP/1.1" 200 319
193.142.146.35 - - [24/Oct/2022:01:20:58 -0500] "POST /HNAP1/ HTTP/1.1" 404 1018
172.22.2.4 - - [24/Oct/2022:01:21:59 -0500] "GET /BLA/boletinlegal/robots.txt HTTP/1.1" 404 1037
172.22.2.4 - - [24/Oct/2022:01:21:59 -0500] "GET /BLA/boletinlegal/robots.txt HTTP/1.1" 404 1037
201.245.192.253 - - [24/Oct/2022:01:22:13 -0500] "POST /kwsrmcab/Wsrmcab HTTP/1.1" 200 43277
201.245.192.253 - - [24/Oct/2022:01:22:16 -0500] "POST /kwsrmcab/Wsrmcab HTTP/1.1" 200 42097
172.22.2.4 - - [24/Oct/2022:01:20:42 -0500] "HEAD /BLA/boletinlegal/ HTTP/1.1" 200 -
172.22.2.4 - - [24/Oct/2022:01:21:32 -0500] "GET /BLA/boletinlegal/ HTTP/1.1" 200 53290
207.46.13.40 - - [24/Oct/2022:01:23:16 -0500] "GET /BLA/resoluciones/AUTOS%202022/1300.pdf HTTP/1.1" 200 364845
172.22.2.4 - - [24/Oct/2022:01:22:03 -0500] "GET /BLA/boletinlegal/ HTTP/1.1" 200 54356
172.22.2.4 - - [24/Oct/2022:01:24:55 -0500] "GET /BLA/boletinlegal/jurisprudencia/analisis/AnalisisT-095-16.docx HTTP/1.1" 200 20284
216.245.221.92 - - [24/Oct/2022:01:25:15 -0500] "HEAD / HTTP/1.1" 200 -
201.245.192.253 - - [24/Oct/2022:01:25:48 -0500] "POST /kwsrmcab/Wsrmcab  HTTP/1.1" 200 43148
207.46.13.10 - - [24/Oct/2022:01:26:24 -0500] "GET /BLA/resoluciones/RESOLUCIONES%202013/1546.pdf HTTP/1.1" 304 -
207.46.13.40 - - [24/Oct/2022:01:26:37 -0500] "GET /BLA/resoluciones/00000016.tif HTTP/1.1" 404 1018
172.22.2.4 - - [24/Oct/2022:01:26:32 -0500] "HEAD /BLA/boletinlegal/ HTTP/1.1" 200 -
40.77.167.70 - - [24/Oct/2022:01:28:58 -0500] "GET /portaldeninos/wp-content/uploads/2020/11/Capellan%C3%ADa-B-133x75.jpg HTTP/1.1" 200 3452
172.22.2.4 - - [24/Oct/2022:01:27:22 -0500] "GET /BLA/boletinlegal/ HTTP/1.1" 200 59828
216.245.221.92 - - [24/Oct/2022:01:30:15 -0500] "HEAD / HTTP/1.1" 200 -
201.245.192.253 - - [24/Oct/2022:01:30:47 -0500] "POST /kwsrmcab/Wsrmcab  HTTP/1.1" 200 43148
201.245.192.253 - - [24/Oct/2022:01:32:13 -0500] "POST /kwsrmcab/Wsrmcab HTTP/1.1" 200 43277
201.245.192.253 - - [24/Oct/2022:01:32:15 -0500] "POST /kwsrmcab/Wsrmcab HTTP/1.1" 200 42097
172.22.2.4 - - [24/Oct/2022:01:32:22 -0500] "HEAD /BLA/boletinlegal/ HTTP/1.1" 200 -
172.22.2.4 - - [24/Oct/2022:01:33:12 -0500] "GET /BLA/boletinlegal/ HTTP/1.1" 200 54823
216.245.221.92 - - [24/Oct/2022:01:35:15 -0500] "HEAD / HTTP/1.1" 200 -
201.245.192.253 - - [24/Oct/2022:01:35:46 -0500] "POST /kwsrmcab/Wsrmcab  HTTP/1.1" 200 43148
64.62.243.165 - - [24/Oct/2022:01:35:55 -0500] "GET / HTTP/1.1" 200 319
176.58.124.134 - - [24/Oct/2022:01:39:13 -0500] "GET / HTTP/1.1" 400 946
172.22.2.4 - - [24/Oct/2022:01:38:12 -0500] "HEAD /BLA/boletinlegal/ HTTP/1.1" 200 -
216.245.221.92 - - [24/Oct/2022:01:40:15 -0500] "HEAD / HTTP/1.1" 200 -
172.22.2.4 - - [24/Oct/2022:01:39:02 -0500] "GET /BLA/boletinlegal/ HTTP/1.1" 200 57725
201.245.192.253 - - [24/Oct/2022:01:40:45 -0500] "POST /kwsrmcab/Wsrmcab  HTTP/1.1" 200 43148
64.124.8.57 - - [24/Oct/2022:01:41:56 -0500] "GET /galeria/nivo-slider/demo/inicio800.html HTTP/1.1" 200 5889
201.245.192.253 - - [24/Oct/2022:01:42:13 -0500] "POST /kwsrmcab/Wsrmcab HTTP/1.1" 200 43277
201.245.192.253 - - [24/Oct/2022:01:42:16 -0500] "POST /kwsrmcab/Wsrmcab HTTP/1.1" 200 42097
207.46.13.40 - - [24/Oct/2022:01:43:08 -0500] "GET /BLA/resoluciones/RESOLUCIONES%202000/2000%201500-1549.tif HTTP/1.1" 200 4831289
185.119.81.98 - - [24/Oct/2022:01:44:04 -0500] "GET /portaldeninos/wp-login.php HTTP/1.1" 200 2592
185.119.81.98 - - [24/Oct/2022:01:44:05 -0500] "POST /portaldeninos/wp-login.php HTTP/1.1" 200 3605
207.46.13.10 - - [24/Oct/2022:01:44:24 -0500] "GET /BLA/resoluciones/RESOLUCIONES%202013/0180.pdf HTTP/1.1" 304 -
216.245.221.92 - - [24/Oct/2022:01:45:15 -0500] "HEAD / HTTP/1.1" 200 -
31.220.1.83 - - [24/Oct/2022:01:45:23 -0500] "GET / HTTP/1.1" 200 319
172.22.2.4 - - [24/Oct/2022:01:44:02 -0500] "HEAD /BLA/boletinlegal/ HTTP/1.1" 200 -
201.245.192.253 - - [24/Oct/2022:01:45:44 -0500] "POST /kwsrmcab/Wsrmcab  HTTP/1.1" 200 43148
172.22.2.4 - - [24/Oct/2022:01:44:52 -0500] "GET /BLA/boletinlegal/ HTTP/1.1" 200 57725
172.22.2.4 - - [24/Oct/2022:01:48:38 -0500] "GET /BLA/boletinlegal/robots.txt HTTP/1.1" 404 1038
172.22.2.4 - - [24/Oct/2022:01:48:38 -0500] "GET /BLA/boletinlegal/robots.txt HTTP/1.1" 404 1038
190.158.0.90 - - [24/Oct/2022:01:50:10 -0500] "GET /BLA/resoluciones/AUTOS%202016/0026.pdf HTTP/1.1" 200 468806
190.158.0.90 - - [24/Oct/2022:01:50:10 -0500] "GET /BLA/resoluciones/AUTOS%202016/0026.pdf HTTP/1.1" 200 468806
190.158.0.90 - - [24/Oct/2022:01:50:11 -0500] "GET /BLA/resoluciones/AUTOS%202016/0026.pdf HTTP/1.1" 206 1025
216.245.221.92 - - [24/Oct/2022:01:50:15 -0500] "HEAD / HTTP/1.1" 200 -
64.124.8.45 - - [24/Oct/2022:01:50:20 -0500] "-" 408 -
201.245.192.253 - - [24/Oct/2022:01:50:43 -0500] "POST /kwsrmcab/Wsrmcab  HTTP/1.1" 200 43148
207.46.13.40 - - [24/Oct/2022:01:50:59 -0500] "GET /BLA/resoluciones/RESOLUCIONES%202000/2000%202550-2599.tif HTTP/1.1" 200 3979120
172.22.2.4 - - [24/Oct/2022:01:49:52 -0500] "HEAD /BLA/boletinlegal/ HTTP/1.1" 200 -
190.158.0.90 - - [24/Oct/2022:01:51:59 -0500] "GET /BLA/resoluciones/AUTOS%202015/6093.pdf HTTP/1.1" 200 585059
190.158.0.90 - - [24/Oct/2022:01:52:00 -0500] "GET /BLA/resoluciones/AUTOS%202015/6093.pdf HTTP/1.1" 200 585059
190.158.0.90 - - [24/Oct/2022:01:52:00 -0500] "GET /BLA/resoluciones/AUTOS%202015/6093.pdf HTTP/1.1" 206 1025
207.46.13.89 - - [24/Oct/2022:01:52:15 -0500] "GET /BLA/resoluciones/00000854.tif HTTP/1.1" 404 1018
172.22.2.4 - - [24/Oct/2022:01:52:16 -0500] "GET /BLA/boletinlegal/showLogin.cc HTTP/1.1" 404 1018
207.46.13.89 - - [24/Oct/2022:01:52:16 -0500] "GET /sipse/faces/javax.faces.resource/jquery/jquery-plugins.js;jsessionid=i2ijpoexxqgyt-qssi-79d6p.undefined?ln=primefaces&v=4.0 HTTP/1.1" 200 220526
172.22.2.4 - - [24/Oct/2022:01:50:42 -0500] "GET /BLA/boletinlegal/ HTTP/1.1" 200 54003
172.22.2.4 - - [24/Oct/2022:01:52:01 -0500] "GET /BLA/boletinlegal/ HTTP/1.1" 200 24523
64.124.8.49 - - [24/Oct/2022:01:53:57 -0500] "-" 408 -
64.124.8.57 - - [24/Oct/2022:01:54:21 -0500] "GET /Residuos/maderas/maderas.html HTTP/1.1" 200 1957
64.124.8.57 - - [24/Oct/2022:01:54:34 -0500] "GET /Residuos/quimicos/quimicos.html HTTP/1.1" 200 1959
216.245.221.92 - - [24/Oct/2022:01:55:15 -0500] "HEAD / HTTP/1.1" 200 -
201.245.192.253 - - [24/Oct/2022:01:55:42 -0500] "POST /kwsrmcab/Wsrmcab  HTTP/1.1" 200 43148
207.46.13.79 - - [24/Oct/2022:01:56:54 -0500] "GET /BLA/boletinlegal/Circulares/2011/Circular%20No.%204%20del%2012%20de%20Agosto%20de%202011.pdf HTTP/1.1" 304 -
172.22.2.4 - - [24/Oct/2022:01:55:42 -0500] "HEAD /BLA/boletinlegal/ HTTP/1.1" 200 -
64.124.8.45 - - [24/Oct/2022:01:57:32 -0500] "-" 408 -
172.22.2.4 - - [24/Oct/2022:01:56:32 -0500] "GET /BLA/boletinlegal/ HTTP/1.1" 200 57375
207.46.13.40 - - [24/Oct/2022:02:00:13 -0500] "GET /BLA/resoluciones/Notificaciones/AUTOS%202017/01802.pdf HTTP/1.1" 304 -
216.245.221.92 - - [24/Oct/2022:02:00:15 -0500] "HEAD / HTTP/1.1" 200 -
201.245.192.253 - - [24/Oct/2022:02:00:41 -0500] "POST /kwsrmcab/Wsrmcab  HTTP/1.1" 200 43148
154.209.125.73 - - [24/Oct/2022:02:02:28 -0500] "GET / HTTP/1.1" 200 319
172.22.2.4 - - [24/Oct/2022:02:01:32 -0500] "HEAD /BLA/boletinlegal/ HTTP/1.1" 200 -
172.22.2.4 - - [24/Oct/2022:02:02:22 -0500] "GET /BLA/boletinlegal/ HTTP/1.1" 200 59319
40.77.167.69 - - [24/Oct/2022:02:04:46 -0500] "GET /portaldeninos/ HTTP/1.1" 200 110197
216.245.221.92 - - [24/Oct/2022:02:05:15 -0500] "HEAD / HTTP/1.1" 200 -
201.245.192.253 - - [24/Oct/2022:02:05:40 -0500] "POST /kwsrmcab/Wsrmcab  HTTP/1.1" 200 43148
66.249.73.97 - - [24/Oct/2022:02:07:58 -0500] "-" 408 -
172.22.2.4 - - [24/Oct/2022:02:07:22 -0500] "HEAD /BLA/boletinlegal/ HTTP/1.1" 200 -
172.22.2.4 - - [24/Oct/2022:02:08:12 -0500] "GET /BLA/boletinlegal/ HTTP/1.1" 200 58955
216.245.221.92 - - [24/Oct/2022:02:10:15 -0500] "HEAD / HTTP/1.1" 200 -
173.252.107.12 - - [24/Oct/2022:02:10:15 -0500] "GET /distrito-declara-alerta-ambiental-por-calidad-del-aire-y-apoyara-extincion-de-incendios-en-la-amazonia.html HTTP/1.1" 206 928
201.245.192.253 - - [24/Oct/2022:02:10:39 -0500] "POST /kwsrmcab/Wsrmcab  HTTP/1.1" 200 43148
172.22.2.4 - - [24/Oct/2022:02:13:12 -0500] "HEAD /BLA/boletinlegal/ HTTP/1.1" 200 -
216.245.221.92 - - [24/Oct/2022:02:15:15 -0500] "HEAD / HTTP/1.1" 200 -
201.245.192.253 - - [24/Oct/2022:02:15:39 -0500] "POST /kwsrmcab/Wsrmcab  HTTP/1.1" 200 43148
172.22.2.4 - - [24/Oct/2022:02:14:02 -0500] "GET /BLA/boletinlegal/ HTTP/1.1" 200 59319
66.249.73.97 - - [24/Oct/2022:02:17:10 -0500] "-" 408 -
172.22.2.4 - - [24/Oct/2022:02:17:13 -0500] "GET /BLA/boletinlegal/remote/fgt_lang?lang=/../../../..//////////dev/ HTTP/1.1" 404 1018
172.22.2.4 - - [24/Oct/2022:02:18:35 -0500] "GET /BLA/boletinlegal/ HTTP/1.1" 200 36811
212.102.41.43 - - [24/Oct/2022:02:20:08 -0500] "GET / HTTP/1.1" 200 319
216.245.221.92 - - [24/Oct/2022:02:20:15 -0500] "HEAD / HTTP/1.1" 200 -
201.245.192.253 - - [24/Oct/2022:02:20:37 -0500] "POST /kwsrmcab/Wsrmcab  HTTP/1.1" 200 43148
172.22.2.4 - - [24/Oct/2022:02:19:02 -0500] "HEAD /BLA/boletinlegal/ HTTP/1.1" 200 -
172.22.2.4 - - [24/Oct/2022:02:19:52 -0500] "GET /BLA/boletinlegal/ HTTP/1.1" 200 57725
201.245.192.253 - - [24/Oct/2022:02:22:12 -0500] "POST /kwsrmcab/Wsrmcab HTTP/1.1" 200 44040
207.46.13.10 - - [24/Oct/2022:02:22:17 -0500] "GET /BLA/resoluciones/2002RES108.tif HTTP/1.1" 404 1018
201.245.192.253 - - [24/Oct/2022:02:22:15 -0500] "POST /kwsrmcab/Wsrmcab HTTP/1.1" 200 42101
216.245.221.92 - - [24/Oct/2022:02:25:15 -0500] "HEAD / HTTP/1.1" 200 -
201.245.192.253 - - [24/Oct/2022:02:25:36 -0500] "POST /kwsrmcab/Wsrmcab  HTTP/1.1" 200 43148
172.22.2.4 - - [24/Oct/2022:02:24:52 -0500] "HEAD /BLA/boletinlegal/ HTTP/1.1" 200 -
172.22.2.4 - - [24/Oct/2022:02:25:42 -0500] "GET /BLA/boletinlegal/ HTTP/1.1" 200 57725
216.245.221.92 - - [24/Oct/2022:02:30:15 -0500] "HEAD / HTTP/1.1" 200 -
201.245.192.253 - - [24/Oct/2022:02:30:35 -0500] "POST /kwsrmcab/Wsrmcab  HTTP/1.1" 200 43148
201.245.192.253 - - [24/Oct/2022:02:32:13 -0500] "POST /kwsrmcab/Wsrmcab HTTP/1.1" 200 44040
201.245.192.253 - - [24/Oct/2022:02:32:16 -0500] "POST /kwsrmcab/Wsrmcab HTTP/1.1" 200 42101
172.22.2.4 - - [24/Oct/2022:02:30:42 -0500] "HEAD /BLA/boletinlegal/ HTTP/1.1" 200 -
172.22.2.4 - - [24/Oct/2022:02:31:32 -0500] "GET /BLA/boletinlegal/ HTTP/1.1" 200 57725
216.245.221.92 - - [24/Oct/2022:02:35:15 -0500] "HEAD / HTTP/1.1" 200 -
201.245.192.253 - - [24/Oct/2022:02:35:34 -0500] "POST /kwsrmcab/Wsrmcab  HTTP/1.1" 200 43148
172.22.2.4 - - [24/Oct/2022:02:36:32 -0500] "HEAD /BLA/boletinlegal/ HTTP/1.1" 200 -
172.22.2.4 - - [24/Oct/2022:02:37:22 -0500] "GET /BLA/boletinlegal/ HTTP/1.1" 200 59828
216.245.221.92 - - [24/Oct/2022:02:40:15 -0500] "HEAD / HTTP/1.1" 200 -
201.245.192.253 - - [24/Oct/2022:02:40:33 -0500] "POST /kwsrmcab/Wsrmcab  HTTP/1.1" 200 43148
201.245.192.253 - - [24/Oct/2022:02:42:13 -0500] "POST /kwsrmcab/Wsrmcab HTTP/1.1" 200 44040
201.245.192.253 - - [24/Oct/2022:02:42:15 -0500] "POST /kwsrmcab/Wsrmcab HTTP/1.1" 200 42101
172.22.2.4 - - [24/Oct/2022:02:42:09 -0500] "GET /BLA/boletinlegal/ HTTP/1.1" 200 36811
185.119.81.97 - - [24/Oct/2022:02:43:26 -0500] "GET /portaldeninos/wp-login.php HTTP/1.1" 200 2592
185.119.81.97 - - [24/Oct/2022:02:43:27 -0500] "POST /portaldeninos/wp-login.php HTTP/1.1" 200 3605
172.22.2.4 - - [24/Oct/2022:02:42:22 -0500] "HEAD /BLA/boletinlegal/ HTTP/1.1" 200 -
185.119.81.97 - - [24/Oct/2022:02:44:09 -0500] "GET /portaldeninos/wp-login.php HTTP/1.1" 200 2592
185.119.81.97 - - [24/Oct/2022:02:44:09 -0500] "POST /portaldeninos/wp-login.php HTTP/1.1" 200 3670
172.22.2.4 - - [24/Oct/2022:02:43:12 -0500] "GET /BLA/boletinlegal/ HTTP/1.1" 200 57725
216.245.221.92 - - [24/Oct/2022:02:45:15 -0500] "HEAD / HTTP/1.1" 200 -
201.245.192.253 - - [24/Oct/2022:02:45:32 -0500] "POST /kwsrmcab/Wsrmcab  HTTP/1.1" 200 43148
207.46.13.79 - - [24/Oct/2022:02:45:38 -0500] "GET /BLA/resoluciones/00001066.tif HTTP/1.1" 404 1018
207.46.13.79 - - [24/Oct/2022:02:48:49 -0500] "GET /Publicaciones/2022EE242737.pdf HTTP/1.1" 404 228
172.22.2.4 - - [24/Oct/2022:02:48:12 -0500] "HEAD /BLA/boletinlegal/ HTTP/1.1" 200 -
71.6.232.20 - - [24/Oct/2022:02:50:08 -0500] "GET / HTTP/1.1" 200 319
216.245.221.92 - - [24/Oct/2022:02:50:15 -0500] "HEAD / HTTP/1.1" 200 -
201.245.192.253 - - [24/Oct/2022:02:50:30 -0500] "POST /kwsrmcab/Wsrmcab  HTTP/1.1" 200 43148
172.22.2.4 - - [24/Oct/2022:02:49:02 -0500] "GET /BLA/boletinlegal/ HTTP/1.1" 200 54356
216.245.221.92 - - [24/Oct/2022:02:55:15 -0500] "HEAD / HTTP/1.1" 200 -
201.245.192.253 - - [24/Oct/2022:02:55:29 -0500] "POST /kwsrmcab/Wsrmcab  HTTP/1.1" 200 43148
172.22.2.4 - - [24/Oct/2022:02:54:02 -0500] "HEAD /BLA/boletinlegal/ HTTP/1.1" 200 -
185.119.81.106 - - [24/Oct/2022:02:56:28 -0500] "GET /portaldeninos/wp-login.php HTTP/1.1" 200 2592
185.119.81.106 - - [24/Oct/2022:02:56:29 -0500] "POST /portaldeninos/wp-login.php HTTP/1.1" 200 3605
172.22.2.4 - - [24/Oct/2022:02:54:52 -0500] "GET /BLA/boletinlegal/ HTTP/1.1" 200 57375
185.119.81.98 - - [24/Oct/2022:02:57:15 -0500] "GET /portaldeninos/wp-login.php HTTP/1.1" 200 2592
185.119.81.98 - - [24/Oct/2022:02:57:15 -0500] "POST /portaldeninos/wp-login.php HTTP/1.1" 200 3605
114.119.141.73 - - [24/Oct/2022:02:59:38 -0500] "GET /BLA/resoluciones/RESOLUCIONES%202010/4466.pdf HTTP/1.1" 200 462953
216.245.221.92 - - [24/Oct/2022:03:00:15 -0500] "HEAD / HTTP/1.1" 200 -
201.245.192.253 - - [24/Oct/2022:03:00:28 -0500] "POST /kwsrmcab/Wsrmcab  HTTP/1.1" 200 43148
114.119.141.71 - - [24/Oct/2022:03:01:10 -0500] "GET /BLA/resoluciones/RESOLUCIONES%202010/3101.pdf HTTP/1.1" 200 344894
172.22.2.4 - - [24/Oct/2022:02:59:52 -0500] "HEAD /BLA/boletinlegal/ HTTP/1.1" 200 -
172.22.2.4 - - [24/Oct/2022:03:00:42 -0500] "GET /BLA/boletinlegal/ HTTP/1.1" 200 55220
207.46.13.84 - - [24/Oct/2022:03:04:24 -0500] "GET /BLA/resoluciones/Notificaciones/AUTOS%202017/04176.pdf HTTP/1.1" 304 -
185.119.81.97 - - [24/Oct/2022:03:05:11 -0500] "GET /portaldeninos/wp-login.php HTTP/1.1" 200 2592
185.119.81.97 - - [24/Oct/2022:03:05:12 -0500] "POST /portaldeninos/wp-login.php HTTP/1.1" 200 3650
216.245.221.92 - - [24/Oct/2022:03:05:15 -0500] "HEAD / HTTP/1.1" 200 -
201.245.192.253 - - [24/Oct/2022:03:05:26 -0500] "POST /kwsrmcab/Wsrmcab  HTTP/1.1" 200 43148
172.22.2.4 - - [24/Oct/2022:03:05:42 -0500] "HEAD /BLA/boletinlegal/ HTTP/1.1" 200 -
172.22.2.4 - - [24/Oct/2022:03:06:32 -0500] "GET /BLA/boletinlegal/ HTTP/1.1" 200 57725
207.46.13.40 - - [24/Oct/2022:03:09:37 -0500] "GET /BLA/resoluciones/RESOLUCIONES%202000/2000%202750-2799.tif HTTP/1.1" 200 3331582
216.245.221.92 - - [24/Oct/2022:03:10:15 -0500] "HEAD / HTTP/1.1" 200 -
201.245.192.253 - - [24/Oct/2022:03:10:25 -0500] "POST /kwsrmcab/Wsrmcab  HTTP/1.1" 200 43148
207.46.13.40 - - [24/Oct/2022:03:12:36 -0500] "GET /BLA/resoluciones/RESOLUCIONES%202000/2000%201750-1799.tif HTTP/1.1" 200 5276949
172.22.2.4 - - [24/Oct/2022:03:11:32 -0500] "HEAD /BLA/boletinlegal/ HTTP/1.1" 200 -
172.22.2.4 - - [24/Oct/2022:03:12:22 -0500] "GET /BLA/boletinlegal/ HTTP/1.1" 200 55220
207.46.13.10 - - [24/Oct/2022:03:15:03 -0500] "GET /catalogoisis/ HTTP/1.1" 200 8575
216.245.221.92 - - [24/Oct/2022:03:15:15 -0500] "HEAD / HTTP/1.1" 200 -
201.245.192.253 - - [24/Oct/2022:03:15:24 -0500] "POST /kwsrmcab/Wsrmcab  HTTP/1.1" 200 43148
193.35.91.105 - - [24/Oct/2022:03:17:30 -0500] "GET /portaldeninos/wp-includes/js/jquery/jquery-migrate.min.js?ver=1.4.1 HTTP/1.1" 200 10056
193.35.91.105 - - [24/Oct/2022:03:17:30 -0500] "GET /portaldeninos/wp-includes/js/jquery/ui/core.min.js?ver=1.11.4 HTTP/1.1" 200 4000
193.35.91.105 - - [24/Oct/2022:03:17:28 -0500] "GET /portaldeninos/ HTTP/1.1" 200 110197
193.35.91.105 - - [24/Oct/2022:03:17:30 -0500] "GET /portaldeninos/wp-includes/js/wp-emoji-release.min.js?ver=4.9.8 HTTP/1.1" 200 12026
193.35.91.105 - - [24/Oct/2022:03:17:30 -0500] "GET /portaldeninos/wp-content/plugins/gallery-videos/JS/modernizr.custom.js?ver=4.9.8 HTTP/1.1" 200 9019
193.35.91.105 - - [24/Oct/2022:03:17:30 -0500] "GET /portaldeninos/wp-content/plugins/google-analytics-for-wordpress/assets/js/frontend-gtag.min.js?ver=8.5.0 HTTP/1.1" 200 11801
193.35.91.105 - - [24/Oct/2022:03:17:30 -0500] "GET /portaldeninos/wp-content/plugins/gallery-videos/JS/Total-Soft-Gallery-Video-Widget.js?ver=4.9.8 HTTP/1.1" 200 80264
193.35.91.105 - - [24/Oct/2022:03:17:30 -0500] "GET /portaldeninos/wp-includes/js/jquery/jquery.js?ver=1.12.4 HTTP/1.1" 200 97184
193.35.91.105 - - [24/Oct/2022:03:17:31 -0500] "GET /portaldeninos/wp-includes/js/jquery/ui/widget.min.js?ver=1.11.4 HTTP/1.1" 200 6908
193.35.91.105 - - [24/Oct/2022:03:17:31 -0500] "GET /portaldeninos/wp-includes/js/jquery/ui/mouse.min.js?ver=1.11.4 HTTP/1.1" 200 3148
193.35.91.105 - - [24/Oct/2022:03:17:31 -0500] "GET /portaldeninos/wp-includes/js/jquery/ui/accordion.min.js?ver=1.11.4 HTTP/1.1" 200 8584
193.35.91.105 - - [24/Oct/2022:03:17:31 -0500] "GET /portaldeninos/wp-content/themes/betheme/js/menu.js?ver=20.9.6 HTTP/1.1" 200 2449
193.35.91.105 - - [24/Oct/2022:03:17:31 -0500] "GET /portaldeninos/wp-includes/js/jquery/ui/tabs.min.js?ver=1.11.4 HTTP/1.1" 200 12110
193.35.91.105 - - [24/Oct/2022:03:17:31 -0500] "GET /portaldeninos/wp-content/themes/betheme/assets/animations/animations.min.js?ver=20.9.6 HTTP/1.1" 200 1896
193.35.91.105 - - [24/Oct/2022:03:17:31 -0500] "GET /portaldeninos/wp-includes/js/jquery/ui/sortable.min.js?ver=1.11.4 HTTP/1.1" 200 24899
193.35.91.105 - - [24/Oct/2022:03:17:32 -0500] "GET /portaldeninos/wp-includes/js/jquery/ui/position.min.js?ver=1.11.4 HTTP/1.1" 200 6527
193.35.91.105 - - [24/Oct/2022:03:17:31 -0500] "GET /portaldeninos/wp-content/themes/betheme/assets/jplayer/jplayer.min.js?ver=20.9.6 HTTP/1.1" 200 52702
193.35.91.105 - - [24/Oct/2022:03:17:32 -0500] "GET /portaldeninos/wp-includes/js/wp-embed.min.js?ver=4.9.8 HTTP/1.1" 200 1398
193.35.91.105 - - [24/Oct/2022:03:17:31 -0500] "GET /portaldeninos/wp-content/themes/betheme/js/scripts.js?ver=20.9.6 HTTP/1.1" 200 77162
193.35.91.105 - - [24/Oct/2022:03:17:32 -0500] "GET /portaldeninos/wp-content/plugins/popup-maker/assets/js/site.min.js?defer&ver=1.8.14 HTTP/1.1" 200 48457
193.35.91.105 - - [24/Oct/2022:03:17:31 -0500] "GET /portaldeninos/wp-content/themes/betheme/js/plugins.js?ver=20.9.6 HTTP/1.1" 200 197151
193.35.91.105 - - [24/Oct/2022:03:17:33 -0500] "GET /portaldeninos/contactanos/ HTTP/1.1" 200 88135
172.22.2.4 - - [24/Oct/2022:03:17:22 -0500] "HEAD /BLA/boletinlegal/ HTTP/1.1" 200 -
172.22.2.4 - - [24/Oct/2022:03:18:12 -0500] "GET /BLA/boletinlegal/ HTTP/1.1" 200 57375
216.245.221.92 - - [24/Oct/2022:03:20:15 -0500] "HEAD / HTTP/1.1" 200 -
201.245.192.253 - - [24/Oct/2022:03:20:23 -0500] "POST /kwsrmcab/Wsrmcab  HTTP/1.1" 200 43148
64.124.8.57 - - [24/Oct/2022:03:21:46 -0500] "-" 408 -
207.46.13.89 - - [24/Oct/2022:03:21:55 -0500] "GET /bla/resoluciones/autos%202018/5036.pdf HTTP/1.1" 200 264978
201.245.192.253 - - [24/Oct/2022:03:22:13 -0500] "POST /kwsrmcab/Wsrmcab HTTP/1.1" 200 43290
